Mar 30 18:22:01.952762 np0000161489 nova-scheduler[108642]: DEBUG cotyledon.oslo_config_glue [-] workarounds.disable_fallback_pcpu_query = False {{(pid=108642) log_opt_values /opt/stack/data/venv/lib/python3.12/site-packages/oslo_config/cfg.py:3006}}
Mar 30 18:22:01.952762 np0000161489 nova-scheduler[108642]: DEBUG cotyledon.oslo_config_glue [-] workarounds.disable_group_policy_check_upcall = False {{(pid=108642) log_opt_values /opt/stack/data/venv/lib/python3.12/site-packages/oslo_config/cfg.py:3006}}
Mar 30 18:22:01.952945 np0000161489 nova-scheduler[108625]: DEBUG dbcounter [-] [108625] Writer thread running {{(pid=108625) stat_writer /opt/stack/data/venv/lib/python3.12/site-packages/dbcounter.py:102}}
Mar 30 18:22:01.952987 np0000161489 nova-scheduler[108642]: DEBUG cotyledon.oslo_config_glue [-] workarounds.disable_libvirt_livesnapshot = False {{(pid=108642) log_opt_values /opt/stack/data/venv/lib/python3.12/site-packages/oslo_config/cfg.py:3006}}
Mar 30 18:22:01.952987 np0000161489 nova-scheduler[108642]: DEBUG cotyledon.oslo_config_glue [-] workarounds.disable_rootwrap = False {{(pid=108642) log_opt_values /opt/stack/data/venv/lib/python3.12/site-packages/oslo_config/cfg.py:3006}}
Mar 30 18:22:01.952987 np0000161489 nova-scheduler[108642]: DEBUG cotyledon.oslo_config_glue [-] workarounds.enable_numa_live_migration = False {{(pid=108642) log_opt_values /opt/stack/data/venv/lib/python3.12/site-packages/oslo_config/cfg.py:3006}}
Mar 30 18:22:01.952987 np0000161489 nova-scheduler[108642]: DEBUG cotyledon.oslo_config_glue [-] workarounds.enable_qemu_monitor_announce_self = False {{(pid=108642) log_opt_values /opt/stack/data/venv/lib/python3.12/site-packages/oslo_config/cfg.py:3006}}
Mar 30 18:22:01.952987 np0000161489 nova-scheduler[108642]: DEBUG cotyledon.oslo_config_glue [-] workarounds.ensure_libvirt_rbd_instance_dir_cleanup = False {{(pid=108642) log_opt_values /opt/stack/data/venv/lib/python3.12/site-packages/oslo_config/cfg.py:3006}}
Mar 30 18:22:01.952987 np0000161489 nova-scheduler[108642]: DEBUG cotyledon.oslo_config_glue [-] workarounds.handle_virt_lifecycle_events = True {{(pid=108642) log_opt_values /opt/stack/data/venv/lib/python3.12/site-packages/oslo_config/cfg.py:3006}}
Mar 30 18:22:01.952987 np0000161489 nova-scheduler[108642]: DEBUG cotyledon.oslo_config_glue [-] workarounds.libvirt_disable_apic = False {{(pid=108642) log_opt_values /opt/stack/data/venv/lib/python3.12/site-packages/oslo_config/cfg.py:3006}}
Mar 30 18:22:01.952987 np0000161489 nova-scheduler[108642]: DEBUG cotyledon.oslo_config_glue [-] workarounds.never_download_image_if_on_rbd = False {{(pid=108642) log_opt_values /opt/stack/data/venv/lib/python3.12/site-packages/oslo_config/cfg.py:3006}}
Mar 30 18:22:01.952987 np0000161489 nova-scheduler[108642]: DEBUG cotyledon.oslo_config_glue [-] workarounds.qemu_monitor_announce_self_count = 3 {{(pid=108642) log_opt_values /opt/stack/data/venv/lib/python3.12/site-packages/oslo_config/cfg.py:3006}}
Mar 30 18:22:01.953206 np0000161489 nova-scheduler[108642]: DEBUG cotyledon.oslo_config_glue [-] workarounds.qemu_monitor_announce_self_interval = 1 {{(pid=108642) log_opt_values /opt/stack/data/venv/lib/python3.12/site-packages/oslo_config/cfg.py:3006}}
Mar 30 18:22:01.953206 np0000161489 nova-scheduler[108642]: DEBUG cotyledon.oslo_config_glue [-] workarounds.reserve_disk_resource_for_image_cache = False {{(pid=108642) log_opt_values /opt/stack/data/venv/lib/python3.12/site-packages/oslo_config/cfg.py:3006}}
Mar 30 18:22:01.953206 np0000161489 nova-scheduler[108642]: DEBUG cotyledon.oslo_config_glue [-] workarounds.skip_cpu_compare_at_startup = False {{(pid=108642) log_opt_values /opt/stack/data/venv/lib/python3.12/site-packages/oslo_config/cfg.py:3006}}
Mar 30 18:22:01.953206 np0000161489 nova-scheduler[108642]: DEBUG cotyledon.oslo_config_glue [-] workarounds.skip_cpu_compare_on_dest = False {{(pid=108642) log_opt_values /opt/stack/data/venv/lib/python3.12/site-packages/oslo_config/cfg.py:3006}}
Mar 30 18:22:01.953206 np0000161489 nova-scheduler[108642]: DEBUG cotyledon.oslo_config_glue [-] workarounds.skip_hypervisor_version_check_on_lm = False {{(pid=108642) log_opt_values /opt/stack/data/venv/lib/python3.12/site-packages/oslo_config/cfg.py:3006}}
Mar 30 18:22:01.953206 np0000161489 nova-scheduler[108642]: DEBUG cotyledon.oslo_config_glue [-] workarounds.skip_reserve_in_use_ironic_nodes = False {{(pid=108642) log_opt_values /opt/stack/data/venv/lib/python3.12/site-packages/oslo_config/cfg.py:3006}}
Mar 30 18:22:01.953206 np0000161489 nova-scheduler[108642]: DEBUG cotyledon.oslo_config_glue [-] workarounds.unified_limits_count_pcpu_as_vcpu = False {{(pid=108642) log_opt_values /opt/stack/data/venv/lib/python3.12/site-packages/oslo_config/cfg.py:3006}}
Mar 30 18:22:01.953206 np0000161489 nova-scheduler[108642]: DEBUG cotyledon.oslo_config_glue [-] workarounds.wait_for_vif_plugged_event_during_hard_reboot = [] {{(pid=108642) log_opt_values /opt/stack/data/venv/lib/python3.12/site-packages/oslo_config/cfg.py:3006}}
Mar 30 18:22:01.953472 np0000161489 nova-scheduler[108642]: DEBUG cotyledon.oslo_config_glue [-] wsgi.api_paste_config = /etc/nova/api-paste.ini {{(pid=108642) log_opt_values /opt/stack/data/venv/lib/python3.12/site-packages/oslo_config/cfg.py:3006}}
Mar 30 18:22:01.953472 np0000161489 nova-scheduler[108642]: DEBUG cotyledon.oslo_config_glue [-] wsgi.secure_proxy_ssl_header = None {{(pid=108642) log_opt_values /opt/stack/data/venv/lib/python3.12/site-packages/oslo_config/cfg.py:3006}}
Mar 30 18:22:01.953472 np0000161489 nova-scheduler[108642]: DEBUG cotyledon.oslo_config_glue [-] zvm.ca_file = None {{(pid=108642) log_opt_values /opt/stack/data/venv/lib/python3.12/site-packages/oslo_config/cfg.py:3006}}
Mar 30 18:22:01.953472 np0000161489 nova-scheduler[108642]: DEBUG cotyledon.oslo_config_glue [-] zvm.cloud_connector_url = None {{(pid=108642) log_opt_values /opt/stack/data/venv/lib/python3.12/site-packages/oslo_config/cfg.py:3006}}
Mar 30 18:22:01.953472 np0000161489 nova-scheduler[108642]: DEBUG cotyledon.oslo_config_glue [-] zvm.image_tmp_path = /opt/stack/data/nova/images {{(pid=108642) log_opt_values /opt/stack/data/venv/lib/python3.12/site-packages/oslo_config/cfg.py:3006}}
Mar 30 18:22:01.953472 np0000161489 nova-scheduler[108642]: DEBUG cotyledon.oslo_config_glue [-] zvm.reachable_timeout = 300 {{(pid=108642) log_opt_values /opt/stack/data/venv/lib/python3.12/site-packages/oslo_config/cfg.py:3006}}
Mar 30 18:22:01.953472 np0000161489 nova-scheduler[108642]: DEBUG cotyledon.oslo_config_glue [-] oslo_versionedobjects.fatal_exception_format_errors = False {{(pid=108642) log_opt_values /opt/stack/data/venv/lib/python3.12/site-packages/oslo_config/cfg.py:3006}}
Mar 30 18:22:01.953472 np0000161489 nova-scheduler[108642]: DEBUG cotyledon.oslo_config_glue [-] oslo_middleware.http_basic_auth_user_file = /etc/htpasswd {{(pid=108642) log_opt_values /opt/stack/data/venv/lib/python3.12/site-packages/oslo_config/cfg.py:3006}}
Mar 30 18:22:01.953472 np0000161489 nova-scheduler[108642]: DEBUG cotyledon.oslo_config_glue [-] oslo_messaging_metrics.metrics_buffer_size = 1000 {{(pid=108642) log_opt_values /opt/stack/data/venv/lib/python3.12/site-packages/oslo_config/cfg.py:3006}}
Mar 30 18:22:01.953687 np0000161489 nova-scheduler[108642]: DEBUG cotyledon.oslo_config_glue [-] oslo_messaging_metrics.metrics_enabled = False {{(pid=108642) log_opt_values /opt/stack/data/venv/lib/python3.12/site-packages/oslo_config/cfg.py:3006}}
Mar 30 18:22:01.953687 np0000161489 nova-scheduler[108642]: DEBUG cotyledon.oslo_config_glue [-] oslo_messaging_metrics.metrics_process_name = {{(pid=108642) log_opt_values /opt/stack/data/venv/lib/python3.12/site-packages/oslo_config/cfg.py:3006}}
Mar 30 18:22:01.953740 np0000161489 nova-scheduler[108636]: INFO nova.service [-] Starting scheduler node (version 33.1.0)
Mar 30 18:22:01.953767 np0000161489 nova-scheduler[108642]: DEBUG cotyledon.oslo_config_glue [-] oslo_messaging_metrics.metrics_socket_file = /var/tmp/metrics_collector.sock {{(pid=108642) log_opt_values /opt/stack/data/venv/lib/python3.12/site-packages/oslo_config/cfg.py:3006}}
Mar 30 18:22:01.953767 np0000161489 nova-scheduler[108642]: DEBUG cotyledon.oslo_config_glue [-] oslo_messaging_metrics.metrics_thread_stop_timeout = 10 {{(pid=108642) log_opt_values /opt/stack/data/venv/lib/python3.12/site-packages/oslo_config/cfg.py:3006}}
Mar 30 18:22:01.953767 np0000161489 nova-scheduler[108642]: DEBUG cotyledon.oslo_config_glue [-] profiler.connection_string = messaging:// {{(pid=108642) log_opt_values /opt/stack/data/venv/lib/python3.12/site-packages/oslo_config/cfg.py:3006}}
Mar 30 18:22:01.953767 np0000161489 nova-scheduler[108642]: DEBUG cotyledon.oslo_config_glue [-] profiler.enabled = False {{(pid=108642) log_opt_values /opt/stack/data/venv/lib/python3.12/site-packages/oslo_config/cfg.py:3006}}
Mar 30 18:22:01.953767 np0000161489 nova-scheduler[108642]: DEBUG cotyledon.oslo_config_glue [-] profiler.es_doc_type = notification {{(pid=108642) log_opt_values /opt/stack/data/venv/lib/python3.12/site-packages/oslo_config/cfg.py:3006}}
Mar 30 18:22:01.953767 np0000161489 nova-scheduler[108642]: DEBUG cotyledon.oslo_config_glue [-] profiler.es_scroll_size = 10000 {{(pid=108642) log_opt_values /opt/stack/data/venv/lib/python3.12/site-packages/oslo_config/cfg.py:3006}}
Mar 30 18:22:01.953767 np0000161489 nova-scheduler[108642]: DEBUG cotyledon.oslo_config_glue [-] profiler.es_scroll_time = 2m {{(pid=108642) log_opt_values /opt/stack/data/venv/lib/python3.12/site-packages/oslo_config/cfg.py:3006}}
Mar 30 18:22:01.953767 np0000161489 nova-scheduler[108642]: DEBUG cotyledon.oslo_config_glue [-] profiler.filter_error_trace = False {{(pid=108642) log_opt_values /opt/stack/data/venv/lib/python3.12/site-packages/oslo_config/cfg.py:3006}}
Mar 30 18:22:01.953767 np0000161489 nova-scheduler[108642]: DEBUG cotyledon.oslo_config_glue [-] profiler.hmac_keys = **** {{(pid=108642) log_opt_values /opt/stack/data/venv/lib/python3.12/site-packages/oslo_config/cfg.py:3006}}
Mar 30 18:22:01.954054 np0000161489 nova-scheduler[108642]: DEBUG cotyledon.oslo_config_glue [-] profiler.sentinel_service_name = mymaster {{(pid=108642) log_opt_values /opt/stack/data/venv/lib/python3.12/site-packages/oslo_config/cfg.py:3006}}
Mar 30 18:22:01.954054 np0000161489 nova-scheduler[108642]: DEBUG cotyledon.oslo_config_glue [-] profiler.socket_timeout = 0.1 {{(pid=108642) log_opt_values /opt/stack/data/venv/lib/python3.12/site-packages/oslo_config/cfg.py:3006}}
Mar 30 18:22:01.954054 np0000161489 nova-scheduler[108642]: DEBUG cotyledon.oslo_config_glue [-] profiler.trace_requests = False {{(pid=108642) log_opt_values /opt/stack/data/venv/lib/python3.12/site-packages/oslo_config/cfg.py:3006}}
Mar 30 18:22:01.954054 np0000161489 nova-scheduler[108642]: DEBUG cotyledon.oslo_config_glue [-] profiler.trace_sqlalchemy = False {{(pid=108642) log_opt_values /opt/stack/data/venv/lib/python3.12/site-packages/oslo_config/cfg.py:3006}}
Mar 30 18:22:01.954054 np0000161489 nova-scheduler[108642]: DEBUG cotyledon.oslo_config_glue [-] profiler_jaeger.process_tags = {} {{(pid=108642) log_opt_values /opt/stack/data/venv/lib/python3.12/site-packages/oslo_config/cfg.py:3006}}
Mar 30 18:22:01.954054 np0000161489 nova-scheduler[108642]: DEBUG cotyledon.oslo_config_glue [-] profiler_jaeger.service_name_prefix = None {{(pid=108642) log_opt_values /opt/stack/data/venv/lib/python3.12/site-packages/oslo_config/cfg.py:3006}}
Mar 30 18:22:01.954054 np0000161489 nova-scheduler[108642]: DEBUG cotyledon.oslo_config_glue [-] profiler_otlp.service_name_prefix = None {{(pid=108642) log_opt_values /opt/stack/data/venv/lib/python3.12/site-packages/oslo_config/cfg.py:3006}}
Mar 30 18:22:01.954054 np0000161489 nova-scheduler[108642]: DEBUG cotyledon.oslo_config_glue [-] oslo_messaging_rabbit.amqp_auto_delete = False {{(pid=108642) log_opt_values /opt/stack/data/venv/lib/python3.12/site-packages/oslo_config/cfg.py:3006}}
Mar 30 18:22:01.954054 np0000161489 nova-scheduler[108642]: DEBUG cotyledon.oslo_config_glue [-] oslo_messaging_rabbit.amqp_durable_queues = False {{(pid=108642) log_opt_values /opt/stack/data/venv/lib/python3.12/site-packages/oslo_config/cfg.py:3006}}
Mar 30 18:22:01.954280 np0000161489 nova-scheduler[108642]: DEBUG cotyledon.oslo_config_glue [-] oslo_messaging_rabbit.conn_pool_min_size = 2 {{(pid=108642) log_opt_values /opt/stack/data/venv/lib/python3.12/site-packages/oslo_config/cfg.py:3006}}
Mar 30 18:22:01.954280 np0000161489 nova-scheduler[108642]: DEBUG cotyledon.oslo_config_glue [-] oslo_messaging_rabbit.conn_pool_ttl = 1200 {{(pid=108642) log_opt_values /opt/stack/data/venv/lib/python3.12/site-packages/oslo_config/cfg.py:3006}}
Mar 30 18:22:01.954280 np0000161489 nova-scheduler[108642]: DEBUG cotyledon.oslo_config_glue [-] oslo_messaging_rabbit.direct_mandatory_flag = True {{(pid=108642) log_opt_values /opt/stack/data/venv/lib/python3.12/site-packages/oslo_config/cfg.py:3006}}
Mar 30 18:22:01.954280 np0000161489 nova-scheduler[108642]: DEBUG cotyledon.oslo_config_glue [-] oslo_messaging_rabbit.enable_cancel_on_failover = False {{(pid=108642) log_opt_values /opt/stack/data/venv/lib/python3.12/site-packages/oslo_config/cfg.py:3006}}
Mar 30 18:22:01.954280 np0000161489 nova-scheduler[108642]: DEBUG cotyledon.oslo_config_glue [-] oslo_messaging_rabbit.heartbeat_in_pthread = False {{(pid=108642) log_opt_values /opt/stack/data/venv/lib/python3.12/site-packages/oslo_config/cfg.py:3006}}
Mar 30 18:22:01.954280 np0000161489 nova-scheduler[108642]: DEBUG cotyledon.oslo_config_glue [-] oslo_messaging_rabbit.heartbeat_rate = 3 {{(pid=108642) log_opt_values /opt/stack/data/venv/lib/python3.12/site-packages/oslo_config/cfg.py:3006}}
Mar 30 18:22:01.954280 np0000161489 nova-scheduler[108642]: DEBUG cotyledon.oslo_config_glue [-] oslo_messaging_rabbit.heartbeat_timeout_threshold = 60 {{(pid=108642) log_opt_values /opt/stack/data/venv/lib/python3.12/site-packages/oslo_config/cfg.py:3006}}
Mar 30 18:22:01.954280 np0000161489 nova-scheduler[108642]: DEBUG cotyledon.oslo_config_glue [-] oslo_messaging_rabbit.hostname = np0000161489 {{(pid=108642) log_opt_values /opt/stack/data/venv/lib/python3.12/site-packages/oslo_config/cfg.py:3006}}
Mar 30 18:22:01.954280 np0000161489 nova-scheduler[108642]: DEBUG cotyledon.oslo_config_glue [-] oslo_messaging_rabbit.kombu_compression = None {{(pid=108642) log_opt_values /opt/stack/data/venv/lib/python3.12/site-packages/oslo_config/cfg.py:3006}}
Mar 30 18:22:01.954513 np0000161489 nova-scheduler[108642]: DEBUG cotyledon.oslo_config_glue [-] oslo_messaging_rabbit.kombu_failover_strategy = round-robin {{(pid=108642) log_opt_values /opt/stack/data/venv/lib/python3.12/site-packages/oslo_config/cfg.py:3006}}
Mar 30 18:22:01.954513 np0000161489 nova-scheduler[108642]: DEBUG cotyledon.oslo_config_glue [-] oslo_messaging_rabbit.kombu_missing_consumer_retry_timeout = 60 {{(pid=108642) log_opt_values /opt/stack/data/venv/lib/python3.12/site-packages/oslo_config/cfg.py:3006}}
Mar 30 18:22:01.954513 np0000161489 nova-scheduler[108642]: DEBUG cotyledon.oslo_config_glue [-] oslo_messaging_rabbit.kombu_reconnect_delay = 1.0 {{(pid=108642) log_opt_values /opt/stack/data/venv/lib/python3.12/site-packages/oslo_config/cfg.py:3006}}
Mar 30 18:22:01.954513 np0000161489 nova-scheduler[108642]: DEBUG cotyledon.oslo_config_glue [-] oslo_messaging_rabbit.kombu_reconnect_splay = 0.0 {{(pid=108642) log_opt_values /opt/stack/data/venv/lib/python3.12/site-packages/oslo_config/cfg.py:3006}}
Mar 30 18:22:01.954513 np0000161489 nova-scheduler[108642]: DEBUG cotyledon.oslo_config_glue [-] oslo_messaging_rabbit.processname = nova-scheduler {{(pid=108642) log_opt_values /opt/stack/data/venv/lib/python3.12/site-packages/oslo_config/cfg.py:3006}}
Mar 30 18:22:01.954513 np0000161489 nova-scheduler[108642]: DEBUG cotyledon.oslo_config_glue [-] oslo_messaging_rabbit.rabbit_ha_queues = False {{(pid=108642) log_opt_values /opt/stack/data/venv/lib/python3.12/site-packages/oslo_config/cfg.py:3006}}
Mar 30 18:22:01.954513 np0000161489 nova-scheduler[108642]: DEBUG cotyledon.oslo_config_glue [-] oslo_messaging_rabbit.rabbit_interval_max = 30 {{(pid=108642) log_opt_values /opt/stack/data/venv/lib/python3.12/site-packages/oslo_config/cfg.py:3006}}
Mar 30 18:22:01.954513 np0000161489 nova-scheduler[108642]: DEBUG cotyledon.oslo_config_glue [-] oslo_messaging_rabbit.rabbit_login_method = AMQPLAIN {{(pid=108642) log_opt_values /opt/stack/data/venv/lib/python3.12/site-packages/oslo_config/cfg.py:3006}}
Mar 30 18:22:01.954704 np0000161489 nova-scheduler[108642]: DEBUG cotyledon.oslo_config_glue [-] oslo_messaging_rabbit.rabbit_qos_prefetch_count = 0 {{(pid=108642) log_opt_values /opt/stack/data/venv/lib/python3.12/site-packages/oslo_config/cfg.py:3006}}
Mar 30 18:22:01.954704 np0000161489 nova-scheduler[108642]: DEBUG cotyledon.oslo_config_glue [-] oslo_messaging_rabbit.rabbit_quorum_delivery_limit = 0 {{(pid=108642) log_opt_values /opt/stack/data/venv/lib/python3.12/site-packages/oslo_config/cfg.py:3006}}
Mar 30 18:22:01.954704 np0000161489 nova-scheduler[108642]: DEBUG cotyledon.oslo_config_glue [-] oslo_messaging_rabbit.rabbit_quorum_max_memory_bytes = 0 {{(pid=108642) log_opt_values /opt/stack/data/venv/lib/python3.12/site-packages/oslo_config/cfg.py:3006}}
Mar 30 18:22:01.954704 np0000161489 nova-scheduler[108642]: DEBUG cotyledon.oslo_config_glue [-] oslo_messaging_rabbit.rabbit_quorum_max_memory_length = 0 {{(pid=108642) log_opt_values /opt/stack/data/venv/lib/python3.12/site-packages/oslo_config/cfg.py:3006}}
Mar 30 18:22:01.954704 np0000161489 nova-scheduler[108642]: DEBUG cotyledon.oslo_config_glue [-] oslo_messaging_rabbit.rabbit_quorum_queue = False {{(pid=108642) log_opt_values /opt/stack/data/venv/lib/python3.12/site-packages/oslo_config/cfg.py:3006}}
Mar 30 18:22:01.954704 np0000161489 nova-scheduler[108642]: DEBUG cotyledon.oslo_config_glue [-] oslo_messaging_rabbit.rabbit_retry_backoff = 2 {{(pid=108642) log_opt_values /opt/stack/data/venv/lib/python3.12/site-packages/oslo_config/cfg.py:3006}}
Mar 30 18:22:01.954704 np0000161489 nova-scheduler[108642]: DEBUG cotyledon.oslo_config_glue [-] oslo_messaging_rabbit.rabbit_retry_interval = 1 {{(pid=108642) log_opt_values /opt/stack/data/venv/lib/python3.12/site-packages/oslo_config/cfg.py:3006}}
Mar 30 18:22:01.954704 np0000161489 nova-scheduler[108642]: DEBUG cotyledon.oslo_config_glue [-] oslo_messaging_rabbit.rabbit_stream_fanout = False {{(pid=108642) log_opt_values /opt/stack/data/venv/lib/python3.12/site-packages/oslo_config/cfg.py:3006}}
Mar 30 18:22:01.954915 np0000161489 nova-scheduler[108642]: DEBUG cotyledon.oslo_config_glue [-] oslo_messaging_rabbit.rabbit_transient_queues_ttl = 1800 {{(pid=108642) log_opt_values /opt/stack/data/venv/lib/python3.12/site-packages/oslo_config/cfg.py:3006}}
Mar 30 18:22:01.954915 np0000161489 nova-scheduler[108642]: DEBUG cotyledon.oslo_config_glue [-] oslo_messaging_rabbit.rabbit_transient_quorum_queue = False {{(pid=108642) log_opt_values /opt/stack/data/venv/lib/python3.12/site-packages/oslo_config/cfg.py:3006}}
Mar 30 18:22:01.954915 np0000161489 nova-scheduler[108642]: DEBUG cotyledon.oslo_config_glue [-] oslo_messaging_rabbit.rpc_conn_pool_size = 30 {{(pid=108642) log_opt_values /opt/stack/data/venv/lib/python3.12/site-packages/oslo_config/cfg.py:3006}}
Mar 30 18:22:01.954915 np0000161489 nova-scheduler[108642]: DEBUG cotyledon.oslo_config_glue [-] oslo_messaging_rabbit.ssl = False {{(pid=108642) log_opt_values /opt/stack/data/venv/lib/python3.12/site-packages/oslo_config/cfg.py:3006}}
Mar 30 18:22:01.954915 np0000161489 nova-scheduler[108642]: DEBUG cotyledon.oslo_config_glue [-] oslo_messaging_rabbit.ssl_ca_file = {{(pid=108642) log_opt_values /opt/stack/data/venv/lib/python3.12/site-packages/oslo_config/cfg.py:3006}}
Mar 30 18:22:01.954915 np0000161489 nova-scheduler[108642]: DEBUG cotyledon.oslo_config_glue [-] oslo_messaging_rabbit.ssl_cert_file = {{(pid=108642) log_opt_values /opt/stack/data/venv/lib/python3.12/site-packages/oslo_config/cfg.py:3006}}
Mar 30 18:22:01.954915 np0000161489 nova-scheduler[108642]: DEBUG cotyledon.oslo_config_glue [-] oslo_messaging_rabbit.ssl_enforce_fips_mode = False {{(pid=108642) log_opt_values /opt/stack/data/venv/lib/python3.12/site-packages/oslo_config/cfg.py:3006}}
Mar 30 18:22:01.954915 np0000161489 nova-scheduler[108642]: DEBUG cotyledon.oslo_config_glue [-] oslo_messaging_rabbit.ssl_key_file = {{(pid=108642) log_opt_values /opt/stack/data/venv/lib/python3.12/site-packages/oslo_config/cfg.py:3006}}
Mar 30 18:22:01.954915 np0000161489 nova-scheduler[108642]: DEBUG cotyledon.oslo_config_glue [-] oslo_messaging_rabbit.ssl_version = {{(pid=108642) log_opt_values /opt/stack/data/venv/lib/python3.12/site-packages/oslo_config/cfg.py:3006}}
Mar 30 18:22:01.955143 np0000161489 nova-scheduler[108642]: DEBUG cotyledon.oslo_config_glue [-] oslo_messaging_rabbit.use_queue_manager = False {{(pid=108642) log_opt_values /opt/stack/data/venv/lib/python3.12/site-packages/oslo_config/cfg.py:3006}}
Mar 30 18:22:01.955143 np0000161489 nova-scheduler[108642]: DEBUG cotyledon.oslo_config_glue [-] oslo_messaging_notifications.driver = ['messagingv2'] {{(pid=108642) log_opt_values /opt/stack/data/venv/lib/python3.12/site-packages/oslo_config/cfg.py:3006}}
Mar 30 18:22:01.955143 np0000161489 nova-scheduler[108642]: DEBUG cotyledon.oslo_config_glue [-] oslo_messaging_notifications.retry = -1 {{(pid=108642) log_opt_values /opt/stack/data/venv/lib/python3.12/site-packages/oslo_config/cfg.py:3006}}
Mar 30 18:22:01.955143 np0000161489 nova-scheduler[108642]: DEBUG cotyledon.oslo_config_glue [-] oslo_messaging_notifications.topics = ['notifications'] {{(pid=108642) log_opt_values /opt/stack/data/venv/lib/python3.12/site-packages/oslo_config/cfg.py:3006}}
Mar 30 18:22:01.955143 np0000161489 nova-scheduler[108642]: DEBUG cotyledon.oslo_config_glue [-] oslo_messaging_notifications.transport_url = **** {{(pid=108642) log_opt_values /opt/stack/data/venv/lib/python3.12/site-packages/oslo_config/cfg.py:3006}}
Mar 30 18:22:01.955143 np0000161489 nova-scheduler[108642]: DEBUG cotyledon.oslo_config_glue [-] oslo_limit.auth_section = None {{(pid=108642) log_opt_values /opt/stack/data/venv/lib/python3.12/site-packages/oslo_config/cfg.py:3006}}
Mar 30 18:22:01.955143 np0000161489 nova-scheduler[108642]: DEBUG cotyledon.oslo_config_glue [-] oslo_limit.auth_type = None {{(pid=108642) log_opt_values /opt/stack/data/venv/lib/python3.12/site-packages/oslo_config/cfg.py:3006}}
Mar 30 18:22:01.955143 np0000161489 nova-scheduler[108642]: DEBUG cotyledon.oslo_config_glue [-] oslo_limit.cafile = None {{(pid=108642) log_opt_values /opt/stack/data/venv/lib/python3.12/site-packages/oslo_config/cfg.py:3006}}
Mar 30 18:22:01.955143 np0000161489 nova-scheduler[108642]: DEBUG cotyledon.oslo_config_glue [-] oslo_limit.certfile = None {{(pid=108642) log_opt_values /opt/stack/data/venv/lib/python3.12/site-packages/oslo_config/cfg.py:3006}}
Mar 30 18:22:01.955372 np0000161489 nova-scheduler[108642]: DEBUG cotyledon.oslo_config_glue [-] oslo_limit.collect_timing = False {{(pid=108642) log_opt_values /opt/stack/data/venv/lib/python3.12/site-packages/oslo_config/cfg.py:3006}}
Mar 30 18:22:01.955372 np0000161489 nova-scheduler[108642]: DEBUG cotyledon.oslo_config_glue [-] oslo_limit.connect_retries = None {{(pid=108642) log_opt_values /opt/stack/data/venv/lib/python3.12/site-packages/oslo_config/cfg.py:3006}}
Mar 30 18:22:01.955372 np0000161489 nova-scheduler[108642]: DEBUG cotyledon.oslo_config_glue [-] oslo_limit.connect_retry_delay = None {{(pid=108642) log_opt_values /opt/stack/data/venv/lib/python3.12/site-packages/oslo_config/cfg.py:3006}}
Mar 30 18:22:01.955372 np0000161489 nova-scheduler[108642]: DEBUG cotyledon.oslo_config_glue [-] oslo_limit.endpoint_id = None {{(pid=108642) log_opt_values /opt/stack/data/venv/lib/python3.12/site-packages/oslo_config/cfg.py:3006}}
Mar 30 18:22:01.955372 np0000161489 nova-scheduler[108642]: DEBUG cotyledon.oslo_config_glue [-] oslo_limit.endpoint_interface = public {{(pid=108642) log_opt_values /opt/stack/data/venv/lib/python3.12/site-packages/oslo_config/cfg.py:3006}}
Mar 30 18:22:01.955372 np0000161489 nova-scheduler[108642]: DEBUG cotyledon.oslo_config_glue [-] oslo_limit.endpoint_override = None {{(pid=108642) log_opt_values /opt/stack/data/venv/lib/python3.12/site-packages/oslo_config/cfg.py:3006}}
Mar 30 18:22:01.955372 np0000161489 nova-scheduler[108642]: DEBUG cotyledon.oslo_config_glue [-] oslo_limit.endpoint_region_name = None {{(pid=108642) log_opt_values /opt/stack/data/venv/lib/python3.12/site-packages/oslo_config/cfg.py:3006}}
Mar 30 18:22:01.955372 np0000161489 nova-scheduler[108642]: DEBUG cotyledon.oslo_config_glue [-] oslo_limit.endpoint_service_name = None {{(pid=108642) log_opt_values /opt/stack/data/venv/lib/python3.12/site-packages/oslo_config/cfg.py:3006}}
Mar 30 18:22:01.955372 np0000161489 nova-scheduler[108642]: DEBUG cotyledon.oslo_config_glue [-] oslo_limit.endpoint_service_type = None {{(pid=108642) log_opt_values /opt/stack/data/venv/lib/python3.12/site-packages/oslo_config/cfg.py:3006}}
Mar 30 18:22:01.955606 np0000161489 nova-scheduler[108642]: DEBUG cotyledon.oslo_config_glue [-] oslo_limit.insecure = False {{(pid=108642) log_opt_values /opt/stack/data/venv/lib/python3.12/site-packages/oslo_config/cfg.py:3006}}
Mar 30 18:22:01.955606 np0000161489 nova-scheduler[108642]: DEBUG cotyledon.oslo_config_glue [-] oslo_limit.keyfile = None {{(pid=108642) log_opt_values /opt/stack/data/venv/lib/python3.12/site-packages/oslo_config/cfg.py:3006}}
Mar 30 18:22:01.955606 np0000161489 nova-scheduler[108642]: DEBUG cotyledon.oslo_config_glue [-] oslo_limit.max_version = None {{(pid=108642) log_opt_values /opt/stack/data/venv/lib/python3.12/site-packages/oslo_config/cfg.py:3006}}
Mar 30 18:22:01.955606 np0000161489 nova-scheduler[108642]: DEBUG cotyledon.oslo_config_glue [-] oslo_limit.min_version = None {{(pid=108642) log_opt_values /opt/stack/data/venv/lib/python3.12/site-packages/oslo_config/cfg.py:3006}}
Mar 30 18:22:01.955606 np0000161489 nova-scheduler[108642]: DEBUG cotyledon.oslo_config_glue [-] oslo_limit.region_name = None {{(pid=108642) log_opt_values /opt/stack/data/venv/lib/python3.12/site-packages/oslo_config/cfg.py:3006}}
Mar 30 18:22:01.955606 np0000161489 nova-scheduler[108642]: DEBUG cotyledon.oslo_config_glue [-] oslo_limit.retriable_status_codes = None {{(pid=108642) log_opt_values /opt/stack/data/venv/lib/python3.12/site-packages/oslo_config/cfg.py:3006}}
Mar 30 18:22:01.955606 np0000161489 nova-scheduler[108642]: DEBUG cotyledon.oslo_config_glue [-] oslo_limit.service_name = None {{(pid=108642) log_opt_values /opt/stack/data/venv/lib/python3.12/site-packages/oslo_config/cfg.py:3006}}
Mar 30 18:22:01.955606 np0000161489 nova-scheduler[108642]: DEBUG cotyledon.oslo_config_glue [-] oslo_limit.service_type = None {{(pid=108642) log_opt_values /opt/stack/data/venv/lib/python3.12/site-packages/oslo_config/cfg.py:3006}}
Mar 30 18:22:01.955606 np0000161489 nova-scheduler[108642]: DEBUG cotyledon.oslo_config_glue [-] oslo_limit.split_loggers = False {{(pid=108642) log_opt_values /opt/stack/data/venv/lib/python3.12/site-packages/oslo_config/cfg.py:3006}}
Mar 30 18:22:01.955826 np0000161489 nova-scheduler[108642]: DEBUG cotyledon.oslo_config_glue [-] oslo_limit.status_code_retries = None {{(pid=108642) log_opt_values /opt/stack/data/venv/lib/python3.12/site-packages/oslo_config/cfg.py:3006}}
Mar 30 18:22:01.955826 np0000161489 nova-scheduler[108642]: DEBUG cotyledon.oslo_config_glue [-] oslo_limit.status_code_retry_delay = None {{(pid=108642) log_opt_values /opt/stack/data/venv/lib/python3.12/site-packages/oslo_config/cfg.py:3006}}
Mar 30 18:22:01.955826 np0000161489 nova-scheduler[108642]: DEBUG cotyledon.oslo_config_glue [-] oslo_limit.timeout = None {{(pid=108642) log_opt_values /opt/stack/data/venv/lib/python3.12/site-packages/oslo_config/cfg.py:3006}}
Mar 30 18:22:01.955826 np0000161489 nova-scheduler[108642]: DEBUG cotyledon.oslo_config_glue [-] oslo_limit.valid_interfaces = None {{(pid=108642) log_opt_values /opt/stack/data/venv/lib/python3.12/site-packages/oslo_config/cfg.py:3006}}
Mar 30 18:22:01.955826 np0000161489 nova-scheduler[108642]: DEBUG cotyledon.oslo_config_glue [-] oslo_limit.version = None {{(pid=108642) log_opt_values /opt/stack/data/venv/lib/python3.12/site-packages/oslo_config/cfg.py:3006}}
Mar 30 18:22:01.955826 np0000161489 nova-scheduler[108642]: DEBUG cotyledon.oslo_config_glue [-] oslo_reports.file_event_handler = None {{(pid=108642) log_opt_values /opt/stack/data/venv/lib/python3.12/site-packages/oslo_config/cfg.py:3006}}
Mar 30 18:22:01.955826 np0000161489 nova-scheduler[108642]: DEBUG cotyledon.oslo_config_glue [-] oslo_reports.file_event_handler_interval = 1 {{(pid=108642) log_opt_values /opt/stack/data/venv/lib/python3.12/site-packages/oslo_config/cfg.py:3006}}
Mar 30 18:22:01.955826 np0000161489 nova-scheduler[108642]: DEBUG cotyledon.oslo_config_glue [-] oslo_reports.log_dir = None {{(pid=108642) log_opt_values /opt/stack/data/venv/lib/python3.12/site-packages/oslo_config/cfg.py:3006}}
Mar 30 18:22:01.955826 np0000161489 nova-scheduler[108642]: DEBUG cotyledon.oslo_config_glue [-] ******************************************************************************** {{(pid=108642) log_opt_values /opt/stack/data/venv/lib/python3.12/site-packages/oslo_config/cfg.py:3013}}
Mar 30 18:22:01.956075 np0000161489 nova-scheduler[108642]: DEBUG cotyledon._service_worker [-] Run service ServiceWrapper(3) [108642] {{(pid=108642) wait_forever /opt/stack/data/venv/lib/python3.12/site-packages/cotyledon/_service_worker.py:218}}
Mar 30 18:22:01.956075 np0000161489 nova-scheduler[108642]: INFO nova.service [-] Starting scheduler node (version 33.1.0)
Mar 30 18:22:01.956127 np0000161489 nova-scheduler[108617]: DEBUG nova.service [None req-128c4e1b-152b-452c-9f8f-2fed4af49079 None None] Creating RPC server for service: nova-scheduler on topic: scheduler {{(pid=108617) start /opt/stack/nova/nova/service.py:195}}
Mar 30 18:22:01.956228 np0000161489 nova-scheduler[108636]: INFO dbcounter [None req-f16bd10e-bfbc-48e8-9b7f-41a55b13e09d None None] Registered counter for database nova_cell0
Mar 30 18:22:01.956258 np0000161489 nova-scheduler[108642]: INFO dbcounter [None req-40b9f5c4-80ed-4463-864e-9579c454e7d2 None None] Registered counter for database nova_cell0
Mar 30 18:22:01.956289 np0000161489 nova-scheduler[108625]: DEBUG nova.service [None req-2f11ec28-32a8-4c80-b933-fd9231d2fa2e None None] Creating RPC server for service: nova-scheduler on topic: scheduler {{(pid=108625) start /opt/stack/nova/nova/service.py:195}}
Mar 30 18:22:01.956318 np0000161489 nova-scheduler[108636]: DEBUG oslo_db.sqlalchemy.engines [None req-f16bd10e-bfbc-48e8-9b7f-41a55b13e09d None None] MySQL server mode set to STRICT_TRANS_TABLES,STRICT_ALL_TABLES,NO_ZERO_IN_DATE,NO_ZERO_DATE,ERROR_FOR_DIVISION_BY_ZERO,TRADITIONAL,NO_ENGINE_SUBSTITUTION {{(pid=108636) _check_effective_sql_mode /opt/stack/data/venv/lib/python3.12/site-packages/oslo_db/sqlalchemy/engines.py:325}}
Mar 30 18:22:01.956345 np0000161489 nova-scheduler[108642]: DEBUG oslo_db.sqlalchemy.engines [None req-40b9f5c4-80ed-4463-864e-9579c454e7d2 None None] MySQL server mode set to STRICT_TRANS_TABLES,STRICT_ALL_TABLES,NO_ZERO_IN_DATE,NO_ZERO_DATE,ERROR_FOR_DIVISION_BY_ZERO,TRADITIONAL,NO_ENGINE_SUBSTITUTION {{(pid=108642) _check_effective_sql_mode /opt/stack/data/venv/lib/python3.12/site-packages/oslo_db/sqlalchemy/engines.py:325}}
Mar 30 18:22:01.956374 np0000161489 nova-scheduler[108636]: DEBUG dbcounter [-] [108636] Writer thread running {{(pid=108636) stat_writer /opt/stack/data/venv/lib/python3.12/site-packages/dbcounter.py:102}}
Mar 30 18:22:01.956597 np0000161489 nova-scheduler[108636]: DEBUG nova.service [None req-f16bd10e-bfbc-48e8-9b7f-41a55b13e09d None None] Creating RPC server for service: nova-scheduler on topic: scheduler {{(pid=108636) start /opt/stack/nova/nova/service.py:195}}
Mar 30 18:22:01.964521 np0000161489 nova-scheduler[108642]: DEBUG dbcounter [-] [108642] Writer thread running {{(pid=108642) stat_writer /opt/stack/data/venv/lib/python3.12/site-packages/dbcounter.py:102}}
Mar 30 18:22:01.971033 np0000161489 nova-scheduler[108625]: DEBUG nova.service [None req-2f11ec28-32a8-4c80-b933-fd9231d2fa2e None None] Join ServiceGroup membership for this service scheduler {{(pid=108625) start /opt/stack/nova/nova/service.py:221}}
Mar 30 18:22:01.971255 np0000161489 nova-scheduler[108625]: DEBUG nova.servicegroup.drivers.db [None req-2f11ec28-32a8-4c80-b933-fd9231d2fa2e None None] DB_Driver: join new ServiceGroup member np0000161489 to the scheduler group, service = {{(pid=108625) join /opt/stack/nova/nova/servicegroup/drivers/db.py:44}}
Mar 30 18:22:01.974870 np0000161489 nova-scheduler[108642]: DEBUG nova.service [None req-40b9f5c4-80ed-4463-864e-9579c454e7d2 None None] Creating RPC server for service: nova-scheduler on topic: scheduler {{(pid=108642) start /opt/stack/nova/nova/service.py:195}}
Mar 30 18:22:01.975243 np0000161489 nova-scheduler[108617]: DEBUG nova.service [None req-128c4e1b-152b-452c-9f8f-2fed4af49079 None None] Join ServiceGroup membership for this service scheduler {{(pid=108617) start /opt/stack/nova/nova/service.py:221}}
Mar 30 18:22:01.975586 np0000161489 nova-scheduler[108617]: DEBUG nova.servicegroup.drivers.db [None req-128c4e1b-152b-452c-9f8f-2fed4af49079 None None] DB_Driver: join new ServiceGroup member np0000161489 to the scheduler group, service = {{(pid=108617) join /opt/stack/nova/nova/servicegroup/drivers/db.py:44}}
Mar 30 18:22:01.979335 np0000161489 nova-scheduler[108636]: DEBUG nova.service [None req-f16bd10e-bfbc-48e8-9b7f-41a55b13e09d None None] Join ServiceGroup membership for this service scheduler {{(pid=108636) start /opt/stack/nova/nova/service.py:221}}
Mar 30 18:22:01.979711 np0000161489 nova-scheduler[108636]: DEBUG nova.servicegroup.drivers.db [None req-f16bd10e-bfbc-48e8-9b7f-41a55b13e09d None None] DB_Driver: join new ServiceGroup member np0000161489 to the scheduler group, service = {{(pid=108636) join /opt/stack/nova/nova/servicegroup/drivers/db.py:44}}
Mar 30 18:22:01.995607 np0000161489 nova-scheduler[108642]: DEBUG nova.service [None req-40b9f5c4-80ed-4463-864e-9579c454e7d2 None None] Join ServiceGroup membership for this service scheduler {{(pid=108642) start /opt/stack/nova/nova/service.py:221}}
Mar 30 18:22:01.996052 np0000161489 nova-scheduler[108642]: DEBUG nova.servicegroup.drivers.db [None req-40b9f5c4-80ed-4463-864e-9579c454e7d2 None None] DB_Driver: join new ServiceGroup member np0000161489 to the scheduler group, service = {{(pid=108642) join /opt/stack/nova/nova/servicegroup/drivers/db.py:44}}
Mar 30 18:22:06.989046 np0000161489 nova-scheduler[108625]: DEBUG oslo.service.backend._threading.loopingcall [-] Fixed interval looping call 'nova.servicegroup.drivers.db.DbDriver._report_state' sleeping for 119.99 seconds {{(pid=108625) _run_loop /opt/stack/data/venv/lib/python3.12/site-packages/oslo_service/backend/_threading/loopingcall.py:125}}
Mar 30 18:22:06.992291 np0000161489 nova-scheduler[108617]: DEBUG oslo.service.backend._threading.loopingcall [-] Fixed interval looping call 'nova.servicegroup.drivers.db.DbDriver._report_state' sleeping for 119.99 seconds {{(pid=108617) _run_loop /opt/stack/data/venv/lib/python3.12/site-packages/oslo_service/backend/_threading/loopingcall.py:125}}
Mar 30 18:22:06.995402 np0000161489 nova-scheduler[108636]: DEBUG oslo.service.backend._threading.loopingcall [-] Fixed interval looping call 'nova.servicegroup.drivers.db.DbDriver._report_state' sleeping for 119.99 seconds {{(pid=108636) _run_loop /opt/stack/data/venv/lib/python3.12/site-packages/oslo_service/backend/_threading/loopingcall.py:125}}
Mar 30 18:22:07.009959 np0000161489 nova-scheduler[108642]: DEBUG oslo.service.backend._threading.loopingcall [-] Fixed interval looping call 'nova.servicegroup.drivers.db.DbDriver._report_state' sleeping for 119.99 seconds {{(pid=108642) _run_loop /opt/stack/data/venv/lib/python3.12/site-packages/oslo_service/backend/_threading/loopingcall.py:125}}
Mar 30 18:22:10.584464 np0000161489 nova-scheduler[107882]: DEBUG dbcounter [-] [107882] Writing DB stats nova_api:SELECT=3 {{(pid=107882) stat_writer /opt/stack/data/venv/lib/python3.12/site-packages/dbcounter.py:115}}
Mar 30 18:22:10.681885 np0000161489 nova-scheduler[107882]: DEBUG dbcounter [-] [107882] Writing DB stats nova_cell0:SELECT=1 {{(pid=107882) stat_writer /opt/stack/data/venv/lib/python3.12/site-packages/dbcounter.py:115}}
Mar 30 18:22:10.688209 np0000161489 nova-scheduler[107882]: DEBUG dbcounter [-] [107882] Writing DB stats nova_cell1:SELECT=1 {{(pid=107882) stat_writer /opt/stack/data/venv/lib/python3.12/site-packages/dbcounter.py:115}}
Mar 30 18:22:16.983819 np0000161489 nova-scheduler[108625]: DEBUG dbcounter [-] [108625] Writing DB stats nova_cell0:SELECT=4,nova_cell0:INSERT=1,nova_cell0:UPDATE=1 {{(pid=108625) stat_writer /opt/stack/data/venv/lib/python3.12/site-packages/dbcounter.py:115}}
Mar 30 18:22:16.990116 np0000161489 nova-scheduler[108617]: DEBUG dbcounter [-] [108617] Writing DB stats nova_cell0:SELECT=4,nova_cell0:INSERT=1,nova_cell0:UPDATE=1 {{(pid=108617) stat_writer /opt/stack/data/venv/lib/python3.12/site-packages/dbcounter.py:115}}
Mar 30 18:22:16.992938 np0000161489 nova-scheduler[108636]: DEBUG dbcounter [-] [108636] Writing DB stats nova_cell0:SELECT=3 {{(pid=108636) stat_writer /opt/stack/data/venv/lib/python3.12/site-packages/dbcounter.py:115}}
Mar 30 18:22:17.006657 np0000161489 nova-scheduler[108642]: DEBUG dbcounter [-] [108642] Writing DB stats nova_cell0:SELECT=3 {{(pid=108642) stat_writer /opt/stack/data/venv/lib/python3.12/site-packages/dbcounter.py:115}}
Mar 30 18:22:18.975040 np0000161489 nova-scheduler[108625]: DEBUG oslo.service.backend._threading.loopingcall [None req-c6589bd3-fdad-4da9-86c0-55d21fc16825 None None] Dynamic interval looping call 'nova.service.Service.periodic_tasks' sleeping for 60.00 seconds {{(pid=108625) _run_loop /opt/stack/data/venv/lib/python3.12/site-packages/oslo_service/backend/_threading/loopingcall.py:125}}
Mar 30 18:22:29.999196 np0000161489 nova-scheduler[108642]: DEBUG oslo.service.backend._threading.loopingcall [None req-4249266e-be1f-4dd3-bfdd-eaf18770b993 None None] Dynamic interval looping call 'nova.service.Service.periodic_tasks' sleeping for 60.00 seconds {{(pid=108642) _run_loop /opt/stack/data/venv/lib/python3.12/site-packages/oslo_service/backend/_threading/loopingcall.py:125}}
Mar 30 18:22:51.978423 np0000161489 nova-scheduler[108617]: DEBUG oslo.service.backend._threading.loopingcall [None req-8285ae5c-465f-47d1-83fa-7d3834acf1d1 None None] Dynamic interval looping call 'nova.service.Service.periodic_tasks' sleeping for 60.00 seconds {{(pid=108617) _run_loop /opt/stack/data/venv/lib/python3.12/site-packages/oslo_service/backend/_threading/loopingcall.py:125}}
Mar 30 18:22:58.982830 np0000161489 nova-scheduler[108636]: DEBUG oslo.service.backend._threading.loopingcall [None req-1683c1d7-fb19-4b95-9737-faa407f88827 None None] Dynamic interval looping call 'nova.service.Service.periodic_tasks' sleeping for 60.00 seconds {{(pid=108636) _run_loop /opt/stack/data/venv/lib/python3.12/site-packages/oslo_service/backend/_threading/loopingcall.py:125}}
Mar 30 18:23:18.975784 np0000161489 nova-scheduler[108625]: DEBUG oslo.service.backend._threading.loopingcall [None req-c6589bd3-fdad-4da9-86c0-55d21fc16825 None None] Dynamic interval looping call 'nova.service.Service.periodic_tasks' sleeping for 60.00 seconds {{(pid=108625) _run_loop /opt/stack/data/venv/lib/python3.12/site-packages/oslo_service/backend/_threading/loopingcall.py:125}}
Mar 30 18:23:30.000264 np0000161489 nova-scheduler[108642]: DEBUG oslo.service.backend._threading.loopingcall [None req-4249266e-be1f-4dd3-bfdd-eaf18770b993 None None] Dynamic interval looping call 'nova.service.Service.periodic_tasks' sleeping for 60.00 seconds {{(pid=108642) _run_loop /opt/stack/data/venv/lib/python3.12/site-packages/oslo_service/backend/_threading/loopingcall.py:125}}
Mar 30 18:23:51.979290 np0000161489 nova-scheduler[108617]: DEBUG oslo.service.backend._threading.loopingcall [None req-8285ae5c-465f-47d1-83fa-7d3834acf1d1 None None] Dynamic interval looping call 'nova.service.Service.periodic_tasks' sleeping for 60.00 seconds {{(pid=108617) _run_loop /opt/stack/data/venv/lib/python3.12/site-packages/oslo_service/backend/_threading/loopingcall.py:125}}
Mar 30 18:23:58.983440 np0000161489 nova-scheduler[108636]: DEBUG oslo.service.backend._threading.loopingcall [None req-1683c1d7-fb19-4b95-9737-faa407f88827 None None] Dynamic interval looping call 'nova.service.Service.periodic_tasks' sleeping for 60.00 seconds {{(pid=108636) _run_loop /opt/stack/data/venv/lib/python3.12/site-packages/oslo_service/backend/_threading/loopingcall.py:125}}
Mar 30 18:24:06.989792 np0000161489 nova-scheduler[108625]: DEBUG oslo.service.backend._threading.loopingcall [-] Fixed interval looping call 'nova.servicegroup.drivers.db.DbDriver._report_state' sleeping for 119.99 seconds {{(pid=108625) _run_loop /opt/stack/data/venv/lib/python3.12/site-packages/oslo_service/backend/_threading/loopingcall.py:125}}
Mar 30 18:24:06.990486 np0000161489 nova-scheduler[108617]: DEBUG oslo.service.backend._threading.loopingcall [-] Fixed interval looping call 'nova.servicegroup.drivers.db.DbDriver._report_state' sleeping for 119.99 seconds {{(pid=108617) _run_loop /opt/stack/data/venv/lib/python3.12/site-packages/oslo_service/backend/_threading/loopingcall.py:125}}
Mar 30 18:24:06.992598 np0000161489 nova-scheduler[108636]: DEBUG oslo.service.backend._threading.loopingcall [-] Fixed interval looping call 'nova.servicegroup.drivers.db.DbDriver._report_state' sleeping for 119.99 seconds {{(pid=108636) _run_loop /opt/stack/data/venv/lib/python3.12/site-packages/oslo_service/backend/_threading/loopingcall.py:125}}
Mar 30 18:24:07.005671 np0000161489 nova-scheduler[108642]: DEBUG oslo.service.backend._threading.loopingcall [-] Fixed interval looping call 'nova.servicegroup.drivers.db.DbDriver._report_state' sleeping for 119.99 seconds {{(pid=108642) _run_loop /opt/stack/data/venv/lib/python3.12/site-packages/oslo_service/backend/_threading/loopingcall.py:125}}
Mar 30 18:24:16.983631 np0000161489 nova-scheduler[108625]: DEBUG dbcounter [-] [108625] Writing DB stats nova_cell0:SELECT=1,nova_cell0:UPDATE=1 {{(pid=108625) stat_writer /opt/stack/data/venv/lib/python3.12/site-packages/dbcounter.py:115}}
Mar 30 18:24:16.986289 np0000161489 nova-scheduler[108617]: DEBUG dbcounter [-] [108617] Writing DB stats nova_cell0:SELECT=1,nova_cell0:UPDATE=1 {{(pid=108617) stat_writer /opt/stack/data/venv/lib/python3.12/site-packages/dbcounter.py:115}}
Mar 30 18:24:16.989398 np0000161489 nova-scheduler[108636]: DEBUG dbcounter [-] [108636] Writing DB stats nova_cell0:SELECT=1 {{(pid=108636) stat_writer /opt/stack/data/venv/lib/python3.12/site-packages/dbcounter.py:115}}
Mar 30 18:24:17.003254 np0000161489 nova-scheduler[108642]: DEBUG dbcounter [-] [108642] Writing DB stats nova_cell0:SELECT=1 {{(pid=108642) stat_writer /opt/stack/data/venv/lib/python3.12/site-packages/dbcounter.py:115}}
Mar 30 18:24:18.976563 np0000161489 nova-scheduler[108625]: DEBUG oslo.service.backend._threading.loopingcall [None req-c6589bd3-fdad-4da9-86c0-55d21fc16825 None None] Dynamic interval looping call 'nova.service.Service.periodic_tasks' sleeping for 60.00 seconds {{(pid=108625) _run_loop /opt/stack/data/venv/lib/python3.12/site-packages/oslo_service/backend/_threading/loopingcall.py:125}}
Mar 30 18:24:30.000887 np0000161489 nova-scheduler[108642]: DEBUG oslo.service.backend._threading.loopingcall [None req-4249266e-be1f-4dd3-bfdd-eaf18770b993 None None] Dynamic interval looping call 'nova.service.Service.periodic_tasks' sleeping for 60.00 seconds {{(pid=108642) _run_loop /opt/stack/data/venv/lib/python3.12/site-packages/oslo_service/backend/_threading/loopingcall.py:125}}
Mar 30 18:24:51.981007 np0000161489 nova-scheduler[108617]: DEBUG oslo.service.backend._threading.loopingcall [None req-8285ae5c-465f-47d1-83fa-7d3834acf1d1 None None] Dynamic interval looping call 'nova.service.Service.periodic_tasks' sleeping for 60.00 seconds {{(pid=108617) _run_loop /opt/stack/data/venv/lib/python3.12/site-packages/oslo_service/backend/_threading/loopingcall.py:125}}
Mar 30 18:24:58.984343 np0000161489 nova-scheduler[108636]: DEBUG oslo.service.backend._threading.loopingcall [None req-1683c1d7-fb19-4b95-9737-faa407f88827 None None] Dynamic interval looping call 'nova.service.Service.periodic_tasks' sleeping for 60.00 seconds {{(pid=108636) _run_loop /opt/stack/data/venv/lib/python3.12/site-packages/oslo_service/backend/_threading/loopingcall.py:125}}
Mar 30 18:25:18.977345 np0000161489 nova-scheduler[108625]: DEBUG oslo.service.backend._threading.loopingcall [None req-c6589bd3-fdad-4da9-86c0-55d21fc16825 None None] Dynamic interval looping call 'nova.service.Service.periodic_tasks' sleeping for 60.00 seconds {{(pid=108625) _run_loop /opt/stack/data/venv/lib/python3.12/site-packages/oslo_service/backend/_threading/loopingcall.py:125}}
Mar 30 18:25:30.001589 np0000161489 nova-scheduler[108642]: DEBUG oslo.service.backend._threading.loopingcall [None req-4249266e-be1f-4dd3-bfdd-eaf18770b993 None None] Dynamic interval looping call 'nova.service.Service.periodic_tasks' sleeping for 60.00 seconds {{(pid=108642) _run_loop /opt/stack/data/venv/lib/python3.12/site-packages/oslo_service/backend/_threading/loopingcall.py:125}}
Mar 30 18:25:51.981727 np0000161489 nova-scheduler[108617]: DEBUG oslo.service.backend._threading.loopingcall [None req-8285ae5c-465f-47d1-83fa-7d3834acf1d1 None None] Dynamic interval looping call 'nova.service.Service.periodic_tasks' sleeping for 60.00 seconds {{(pid=108617) _run_loop /opt/stack/data/venv/lib/python3.12/site-packages/oslo_service/backend/_threading/loopingcall.py:125}}
Mar 30 18:25:58.985435 np0000161489 nova-scheduler[108636]: DEBUG oslo.service.backend._threading.loopingcall [None req-1683c1d7-fb19-4b95-9737-faa407f88827 None None] Dynamic interval looping call 'nova.service.Service.periodic_tasks' sleeping for 60.00 seconds {{(pid=108636) _run_loop /opt/stack/data/venv/lib/python3.12/site-packages/oslo_service/backend/_threading/loopingcall.py:125}}
Mar 30 18:26:06.992036 np0000161489 nova-scheduler[108617]: DEBUG oslo.service.backend._threading.loopingcall [-] Fixed interval looping call 'nova.servicegroup.drivers.db.DbDriver._report_state' sleeping for 119.99 seconds {{(pid=108617) _run_loop /opt/stack/data/venv/lib/python3.12/site-packages/oslo_service/backend/_threading/loopingcall.py:125}}
Mar 30 18:26:06.992589 np0000161489 nova-scheduler[108625]: DEBUG oslo.service.backend._threading.loopingcall [-] Fixed interval looping call 'nova.servicegroup.drivers.db.DbDriver._report_state' sleeping for 119.99 seconds {{(pid=108625) _run_loop /opt/stack/data/venv/lib/python3.12/site-packages/oslo_service/backend/_threading/loopingcall.py:125}}
Mar 30 18:26:06.993286 np0000161489 nova-scheduler[108636]: DEBUG oslo.service.backend._threading.loopingcall [-] Fixed interval looping call 'nova.servicegroup.drivers.db.DbDriver._report_state' sleeping for 119.99 seconds {{(pid=108636) _run_loop /opt/stack/data/venv/lib/python3.12/site-packages/oslo_service/backend/_threading/loopingcall.py:125}}
Mar 30 18:26:07.001473 np0000161489 nova-scheduler[108642]: DEBUG oslo.service.backend._threading.loopingcall [-] Fixed interval looping call 'nova.servicegroup.drivers.db.DbDriver._report_state' sleeping for 119.99 seconds {{(pid=108642) _run_loop /opt/stack/data/venv/lib/python3.12/site-packages/oslo_service/backend/_threading/loopingcall.py:125}}
Mar 30 18:26:16.985546 np0000161489 nova-scheduler[108617]: DEBUG dbcounter [-] [108617] Writing DB stats nova_cell0:SELECT=1,nova_cell0:UPDATE=1 {{(pid=108617) stat_writer /opt/stack/data/venv/lib/python3.12/site-packages/dbcounter.py:115}}
Mar 30 18:26:16.986030 np0000161489 nova-scheduler[108625]: DEBUG dbcounter [-] [108625] Writing DB stats nova_cell0:SELECT=1,nova_cell0:UPDATE=1 {{(pid=108625) stat_writer /opt/stack/data/venv/lib/python3.12/site-packages/dbcounter.py:115}}
Mar 30 18:26:16.991336 np0000161489 nova-scheduler[108636]: DEBUG dbcounter [-] [108636] Writing DB stats nova_cell0:SELECT=1,nova_cell0:UPDATE=1 {{(pid=108636) stat_writer /opt/stack/data/venv/lib/python3.12/site-packages/dbcounter.py:115}}
Mar 30 18:26:16.998503 np0000161489 nova-scheduler[108642]: DEBUG dbcounter [-] [108642] Writing DB stats nova_cell0:SELECT=1 {{(pid=108642) stat_writer /opt/stack/data/venv/lib/python3.12/site-packages/dbcounter.py:115}}
Mar 30 18:26:18.978121 np0000161489 nova-scheduler[108625]: DEBUG oslo.service.backend._threading.loopingcall [None req-c6589bd3-fdad-4da9-86c0-55d21fc16825 None None] Dynamic interval looping call 'nova.service.Service.periodic_tasks' sleeping for 60.00 seconds {{(pid=108625) _run_loop /opt/stack/data/venv/lib/python3.12/site-packages/oslo_service/backend/_threading/loopingcall.py:125}}
Mar 30 18:26:30.002206 np0000161489 nova-scheduler[108642]: DEBUG oslo.service.backend._threading.loopingcall [None req-4249266e-be1f-4dd3-bfdd-eaf18770b993 None None] Dynamic interval looping call 'nova.service.Service.periodic_tasks' sleeping for 60.00 seconds {{(pid=108642) _run_loop /opt/stack/data/venv/lib/python3.12/site-packages/oslo_service/backend/_threading/loopingcall.py:125}}
Mar 30 18:26:45.295061 np0000161489 nova-scheduler[108625]: DEBUG nova.scheduler.manager [None req-e4da55fc-f203-4317-b93f-267629fa3bb8 demo demo] Starting to schedule for instances: ['6b0d47b9-50b1-45af-bfbb-f346c9e09b88'] {{(pid=108625) select_destinations /opt/stack/nova/nova/scheduler/manager.py:210}}
