+ COMMAND=start + start + for KEYSTONE_WSGI_SCRIPT in keystone-wsgi-public ++ type -p keystone-wsgi-public + cp -a /var/lib/openstack/bin/keystone-wsgi-public /var/www/cgi-bin/keystone/ + '[' -f /etc/apache2/envvars ']' + source /etc/apache2/envvars ++ unset HOME ++ '[' '' '!=' '' ']' ++ SUFFIX= ++ export APACHE_RUN_USER=www-data ++ APACHE_RUN_USER=www-data ++ export APACHE_RUN_GROUP=www-data ++ APACHE_RUN_GROUP=www-data ++ export APACHE_PID_FILE=/var/run/apache2/apache2.pid ++ APACHE_PID_FILE=/var/run/apache2/apache2.pid ++ export APACHE_RUN_DIR=/var/run/apache2 ++ APACHE_RUN_DIR=/var/run/apache2 ++ export APACHE_LOCK_DIR=/var/lock/apache2 ++ APACHE_LOCK_DIR=/var/lock/apache2 ++ export APACHE_LOG_DIR=/var/log/apache2 ++ APACHE_LOG_DIR=/var/log/apache2 ++ export LANG=C ++ LANG=C ++ export LANG + '[' -f /var/run/apache2/apache2.pid ']' + exec apache2 -DFOREGROUND AH00558: apache2: Could not reliably determine the server's fully qualified domain name, using 10.0.0.74. Set the 'ServerName' directive globally to suppress this message AH00558: apache2: Could not reliably determine the server's fully qualified domain name, using 10.0.0.74. Set the 'ServerName' directive globally to suppress this message
[Fri Jul 24 17:35:50.099770 2026] [mpm_event:notice] [pid 1:tid 140245601613696] AH00489: Apache/2.4.58 (Ubuntu) mod_wsgi/5.0.0 Python/3.12 configured -- resuming normal operations
[Fri Jul 24 17:35:50.099968 2026] [core:notice] [pid 1:tid 140245601613696] AH00094: Command line: 'apache2 -D FOREGROUND'
[Fri Jul 24 17:36:47.060210 2026] [wsgi:error] [pid 9:tid 140244964841152] /var/lib/openstack/lib/python3.12/site-packages/oslo_utils/importutils.py:77: EventletDeprecationWarning:
[Fri Jul 24 17:36:47.060255 2026] [wsgi:error] [pid 9:tid 140244964841152] Eventlet is deprecated. It is currently being maintained in bugfix mode, and
[Fri Jul 24 17:36:47.060257 2026] [wsgi:error] [pid 9:tid 140244964841152] we strongly recommend against using it for new projects.
[Fri Jul 24 17:36:47.060258 2026] [wsgi:error] [pid 9:tid 140244964841152]
[Fri Jul 24 17:36:47.060259 2026] [wsgi:error] [pid 9:tid 140244964841152] If you are already using Eventlet, we recommend migrating to a different
[Fri Jul 24 17:36:47.060260 2026] [wsgi:error] [pid 9:tid 140244964841152] framework. For more detail see
[Fri Jul 24 17:36:47.060261 2026] [wsgi:error] [pid 9:tid 140244964841152] https://eventlet.readthedocs.io/en/latest/asyncio/migration.html
[Fri Jul 24 17:36:47.060263 2026] [wsgi:error] [pid 9:tid 140244964841152]
[Fri Jul 24 17:36:47.060264 2026] [wsgi:error] [pid 9:tid 140244964841152] __import__(import_str)
[Fri Jul 24 17:36:47.088648 2026] [wsgi:error] [pid 10:tid 140244964841152] /var/lib/openstack/lib/python3.12/site-packages/oslo_utils/importutils.py:77: EventletDeprecationWarning:
[Fri Jul 24 17:36:47.088704 2026] [wsgi:error] [pid 10:tid 140244964841152] Eventlet is deprecated. It is currently being maintained in bugfix mode, and
[Fri Jul 24 17:36:47.088706 2026] [wsgi:error] [pid 10:tid 140244964841152] we strongly recommend against using it for new projects.
[Fri Jul 24 17:36:47.088707 2026] [wsgi:error] [pid 10:tid 140244964841152]
[Fri Jul 24 17:36:47.088709 2026] [wsgi:error] [pid 10:tid 140244964841152] If you are already using Eventlet, we recommend migrating to a different
[Fri Jul 24 17:36:47.088710 2026] [wsgi:error] [pid 10:tid 140244964841152] framework. For more detail see
[Fri Jul 24 17:36:47.088711 2026] [wsgi:error] [pid 10:tid 140244964841152] https://eventlet.readthedocs.io/en/latest/asyncio/migration.html
[Fri Jul 24 17:36:47.088712 2026] [wsgi:error] [pid 10:tid 140244964841152]
[Fri Jul 24 17:36:47.088713 2026] [wsgi:error] [pid 10:tid 140244964841152] __import__(import_str) 10.0.0.172 - - [24/Jul/2026:17:36:46 +0000] "GET /v3/ HTTP/1.1" 200 249 10.0.0.172 - - [24/Jul/2026:17:36:46 +0000] "GET /v3/ HTTP/1.1" 200 249
[Fri Jul 24 17:37:00.272296 2026] [wsgi:error] [pid 11:tid 140244964841152] /var/lib/openstack/lib/python3.12/site-packages/oslo_utils/importutils.py:77: EventletDeprecationWarning:
[Fri Jul 24 17:37:00.272435 2026] [wsgi:error] [pid 11:tid 140244964841152] Eventlet is deprecated. It is currently being maintained in bugfix mode, and
[Fri Jul 24 17:37:00.272451 2026] [wsgi:error] [pid 11:tid 140244964841152] we strongly recommend against using it for new projects.
[Fri Jul 24 17:37:00.272463 2026] [wsgi:error] [pid 11:tid 140244964841152]
[Fri Jul 24 17:37:00.272478 2026] [wsgi:error] [pid 11:tid 140244964841152] If you are already using Eventlet, we recommend migrating to a different
[Fri Jul 24 17:37:00.272490 2026] [wsgi:error] [pid 11:tid 140244964841152] framework. For more detail see
[Fri Jul 24 17:37:00.272502 2026] [wsgi:error] [pid 11:tid 140244964841152] https://eventlet.readthedocs.io/en/latest/asyncio/migration.html
[Fri Jul 24 17:37:00.272512 2026] [wsgi:error] [pid 11:tid 140244964841152]
[Fri Jul 24 17:37:00.272522 2026] [wsgi:error] [pid 11:tid 140244964841152] __import__(import_str) 10.0.0.195 - - [24/Jul/2026:17:36:59 +0000] "GET / HTTP/1.1" 300 295
[Fri Jul 24 17:37:05.931084 2026] [wsgi:error] [pid 12:tid 140244964841152] /var/lib/openstack/lib/python3.12/site-packages/oslo_utils/importutils.py:77: EventletDeprecationWarning:
[Fri Jul 24 17:37:05.931125 2026] [wsgi:error] [pid 12:tid 140244964841152] Eventlet is deprecated. It is currently being maintained in bugfix mode, and
[Fri Jul 24 17:37:05.931127 2026] [wsgi:error] [pid 12:tid 140244964841152] we strongly recommend against using it for new projects.
[Fri Jul 24 17:37:05.931128 2026] [wsgi:error] [pid 12:tid 140244964841152]
[Fri Jul 24 17:37:05.931129 2026] [wsgi:error] [pid 12:tid 140244964841152] If you are already using Eventlet, we recommend migrating to a different
[Fri Jul 24 17:37:05.931130 2026] [wsgi:error] [pid 12:tid 140244964841152] framework. For more detail see
[Fri Jul 24 17:37:05.931131 2026] [wsgi:error] [pid 12:tid 140244964841152] https://eventlet.readthedocs.io/en/latest/asyncio/migration.html
[Fri Jul 24 17:37:05.931133 2026] [wsgi:error] [pid 12:tid 140244964841152]
[Fri Jul 24 17:37:05.931134 2026] [wsgi:error] [pid 12:tid 140244964841152] __import__(import_str)
[Fri Jul 24 17:37:10.775024 2026] [wsgi:error] [pid 12:tid 140244964841152] [remote 10.0.0.195:43642] 2026-07-24 17:37:10.771 12 WARNING keystone.identity.core [None req-a9321282-f122-468b-96b1-4628d4d248b7 - - - - - -] Invalid domain name (atmosphere) found in config file name: keystone.exception.DomainNotFound: Could not find domain: atmosphere.
[Fri Jul 24 17:37:10.836598 2026] [wsgi:error] [pid 12:tid 140244964841152] [remote 10.0.0.195:43642] 2026-07-24 17:37:10.835 12 WARNING keystone.common.password_hashing [None req-a9321282-f122-468b-96b1-4628d4d248b7 - - - - - -] Truncating password to algorithm specific maximum length 72 characters.
[Fri Jul 24 17:37:11.122009 2026] [wsgi:error] [pid 12:tid 140244964841152] [remote 10.0.0.195:43642] 2026-07-24 17:37:11.121 12 WARNING keystone.common.fernet_utils [None req-a9321282-f122-468b-96b1-4628d4d248b7 - - - - - -] key_repository is world readable: /etc/keystone/fernet-keys/ 10.0.0.195 - - [24/Jul/2026:17:37:05 +0000] "POST /v3/auth/tokens HTTP/1.1" 201 1360
[Fri Jul 24 17:37:11.525701 2026] [wsgi:error] [pid 10:tid 140244964841152] [remote 10.0.0.195:43642] 2026-07-24 17:37:11.522 10 WARNING keystone.identity.core [None req-5b04a4f0-e6f1-4f50-9940-794ad1030138 - - - - - -] Invalid domain name (atmosphere) found in config file name: keystone.exception.DomainNotFound: Could not find domain: atmosphere. 10.0.0.195 - - [24/Jul/2026:17:37:11 +0000] "POST /v3/domains HTTP/1.1" 201 261 10.0.0.120 - - [24/Jul/2026:17:37:23 +0000] "GET / HTTP/1.1" 300 295
[Fri Jul 24 17:37:24.141954 2026] [wsgi:error] [pid 11:tid 140244964841152] [remote 10.0.0.120:42326] 2026-07-24 17:37:24.141 11 WARNING keystone.common.password_hashing [None req-f08e288d-f135-4f21-ba3b-6bc3c9cff111 - - - - - -] Truncating password to algorithm specific maximum length 72 characters.
[Fri Jul 24 17:37:24.428396 2026] [wsgi:error] [pid 11:tid 140244964841152] [remote 10.0.0.120:42326] 2026-07-24 17:37:24.427 11 WARNING keystone.common.fernet_utils [None req-f08e288d-f135-4f21-ba3b-6bc3c9cff111 - - - - - -] key_repository is world readable: /etc/keystone/fernet-keys/ 10.0.0.120 - - [24/Jul/2026:17:37:23 +0000] "POST /v3/auth/tokens HTTP/1.1" 201 1360 10.0.0.120 - - [24/Jul/2026:17:37:24 +0000] "GET /v3/roles/admin HTTP/1.1" 404 83
[Fri Jul 24 17:37:24.704278 2026] [wsgi:error] [pid 10:tid 140244964841152] [remote 10.0.0.120:42326] 2026-07-24 17:37:24.703 10 WARNING keystone.common.rbac_enforcer.enforcer [None req-b757d403-1d9c-4c6b-8556-88ad147fabf1 6b6d1a477e324f0bb0fb1c407663249d 2155d7880dad4298b5b46ede0eee6954 - - default default] Deprecated policy rules found. Use oslopolicy-policy-generator and oslopolicy-policy-upgrade to detect and resolve deprecated policies in your configuration. 10.0.0.120 - - [24/Jul/2026:17:37:24 +0000] "GET /v3/roles?name=admin HTTP/1.1" 200 389
[Fri Jul 24 17:37:25.267646 2026] [wsgi:error] [pid 9:tid 140244964841152] [remote 10.0.0.120:42326] 2026-07-24 17:37:25.267 9 WARNING keystone.common.rbac_enforcer.enforcer [None req-be39f915-f09f-408b-a54e-5c16f0012a3b 6b6d1a477e324f0bb0fb1c407663249d 2155d7880dad4298b5b46ede0eee6954 - - default default] Deprecated policy rules found. Use oslopolicy-policy-generator and oslopolicy-policy-upgrade to detect and resolve deprecated policies in your configuration. 10.0.0.120 - - [24/Jul/2026:17:37:24 +0000] "GET /v3/users/admin-RegionOne HTTP/1.1" 404 93
[Fri Jul 24 17:37:25.507002 2026] [wsgi:error] [pid 11:tid 140244964841152] [remote 10.0.0.120:42326] 2026-07-24 17:37:25.506 11 WARNING keystone.common.rbac_enforcer.enforcer [None req-089e00fa-8edb-4a78-bce7-2816e4b3d1d7 6b6d1a477e324f0bb0fb1c407663249d 2155d7880dad4298b5b46ede0eee6954 - - default default] Deprecated policy rules found. Use oslopolicy-policy-generator and oslopolicy-policy-upgrade to detect and resolve deprecated policies in your configuration. 10.0.0.120 - - [24/Jul/2026:17:37:25 +0000] "GET /v3/users?name=admin-RegionOne HTTP/1.1" 200 422
[Fri Jul 24 17:37:25.785053 2026] [wsgi:error] [pid 12:tid 140244964841152] [remote 10.0.0.120:42326] 2026-07-24 17:37:25.784 12 WARNING keystone.common.rbac_enforcer.enforcer [None req-1e89402c-3fab-4043-903e-1946abc3754d 6b6d1a477e324f0bb0fb1c407663249d 2155d7880dad4298b5b46ede0eee6954 - - default default] Deprecated policy rules found. Use oslopolicy-policy-generator and oslopolicy-policy-upgrade to detect and resolve deprecated policies in your configuration. 10.0.0.120 - - [24/Jul/2026:17:37:25 +0000] "GET /v3/domains/default HTTP/1.1" 200 224 10.0.0.120 - - [24/Jul/2026:17:37:25 +0000] "PUT /v3/domains/default/users/6b6d1a477e324f0bb0fb1c407663249d/roles/b040367ac1d54943af8eacfdbb1048ba HTTP/1.1" 204 - 10.0.0.172 - - [24/Jul/2026:17:37:34 +0000] "GET / HTTP/1.1" 300 281 10.0.0.172 - - [24/Jul/2026:17:37:36 +0000] "GET /v3 HTTP/1.1" 200 266
[Fri Jul 24 17:37:36.276243 2026] [wsgi:error] [pid 12:tid 140244964841152] [remote 10.0.0.172:60190] 2026-07-24 17:37:36.276 12 WARNING keystone.common.password_hashing [None req-1d9383e6-79fb-4a8c-9a26-53ec70f9d75c - - - - - -] Truncating password to algorithm specific maximum length 72 characters.
[Fri Jul 24 17:37:36.567032 2026] [wsgi:error] [pid 12:tid 140244964841152] [remote 10.0.0.172:60190] 2026-07-24 17:37:36.566 12 WARNING keystone.common.fernet_utils [None req-1d9383e6-79fb-4a8c-9a26-53ec70f9d75c - - - - - -] key_repository is world readable: /etc/keystone/fernet-keys/ 10.0.0.172 - - [24/Jul/2026:17:37:36 +0000] "POST /v3/auth/tokens HTTP/1.1" 201 1360 10.0.0.172 - - [24/Jul/2026:17:37:36 +0000] "GET / HTTP/1.1" 300 281 10.0.0.172 - - [24/Jul/2026:17:37:36 +0000] "GET /v3/domains/atmosphere HTTP/1.1" 404 90 10.0.0.172 - - [24/Jul/2026:17:37:36 +0000] "GET /v3/domains?name=atmosphere HTTP/1.1" 200 370 10.0.0.172 - - [24/Jul/2026:17:37:36 +0000] "GET /v3/domains/618d07f23fbf47f39a738bdd13cfedae HTTP/1.1" 200 247 10.0.0.172 - - [24/Jul/2026:17:37:37 +0000] "GET /v3 HTTP/1.1" 200 266
[Fri Jul 24 17:37:37.764333 2026] [wsgi:error] [pid 9:tid 140244964841152] [remote 10.0.0.172:60178] 2026-07-24 17:37:37.763 9 WARNING keystone.common.password_hashing [None req-37a00c37-7d0a-4660-b469-1b5c7d225ede - - - - - -] Truncating password to algorithm specific maximum length 72 characters.
[Fri Jul 24 17:37:38.044933 2026] [wsgi:error] [pid 9:tid 140244964841152] [remote 10.0.0.172:60178] 2026-07-24 17:37:38.044 9 WARNING keystone.common.fernet_utils [None req-37a00c37-7d0a-4660-b469-1b5c7d225ede - - - - - -] key_repository is world readable: /etc/keystone/fernet-keys/ 10.0.0.172 - - [24/Jul/2026:17:37:37 +0000] "POST /v3/auth/tokens HTTP/1.1" 201 1360 10.0.0.172 - - [24/Jul/2026:17:37:38 +0000] "GET / HTTP/1.1" 300 281 10.0.0.172 - - [24/Jul/2026:17:37:38 +0000] "GET /v3/OS-FEDERATION/identity_providers/atmosphere HTTP/1.1" 404 101 10.0.0.172 - - [24/Jul/2026:17:37:38 +0000] "GET /v3/OS-FEDERATION/identity_providers HTTP/1.1" 200 156 10.0.0.172 - - [24/Jul/2026:17:37:38 +0000] "PUT /v3/OS-FEDERATION/identity_providers/atmosphere HTTP/1.1" 201 342 10.0.0.172 - - [24/Jul/2026:17:37:38 +0000] "GET /v3 HTTP/1.1" 200 266
[Fri Jul 24 17:37:38.963354 2026] [wsgi:error] [pid 12:tid 140244964841152] [remote 10.0.0.172:60178] 2026-07-24 17:37:38.963 12 WARNING keystone.common.password_hashing [None req-0238cbfb-5357-4aa4-8204-6eab1e87f4a9 - - - - - -] Truncating password to algorithm specific maximum length 72 characters.
[Fri Jul 24 17:37:39.242243 2026] [wsgi:error] [pid 12:tid 140244964841152] [remote 10.0.0.172:60178] 2026-07-24 17:37:39.242 12 WARNING keystone.common.fernet_utils [None req-0238cbfb-5357-4aa4-8204-6eab1e87f4a9 - - - - - -] key_repository is world readable: /etc/keystone/fernet-keys/ 10.0.0.172 - - [24/Jul/2026:17:37:38 +0000] "POST /v3/auth/tokens HTTP/1.1" 201 1360 10.0.0.172 - - [24/Jul/2026:17:37:39 +0000] "GET / HTTP/1.1" 300 281 10.0.0.172 - - [24/Jul/2026:17:37:39 +0000] "GET /v3/OS-FEDERATION/mappings/atmosphere-openid HTTP/1.1" 404 98 10.0.0.172 - - [24/Jul/2026:17:37:39 +0000] "GET /v3/OS-FEDERATION/mappings HTTP/1.1" 200 136 10.0.0.172 - - [24/Jul/2026:17:37:39 +0000] "PUT /v3/OS-FEDERATION/mappings/atmosphere-openid HTTP/1.1" 201 357 10.0.0.172 - - [24/Jul/2026:17:37:40 +0000] "GET /v3 HTTP/1.1" 200 266
[Fri Jul 24 17:37:40.188563 2026] [wsgi:error] [pid 9:tid 140244964841152] [remote 10.0.0.172:60178] 2026-07-24 17:37:40.188 9 WARNING keystone.common.password_hashing [None req-19aff0c7-b098-4302-87be-2d1198acac40 - - - - - -] Truncating password to algorithm specific maximum length 72 characters.
[Fri Jul 24 17:37:40.470632 2026] [wsgi:error] [pid 9:tid 140244964841152] [remote 10.0.0.172:60178] 2026-07-24 17:37:40.470 9 WARNING keystone.common.fernet_utils [None req-19aff0c7-b098-4302-87be-2d1198acac40 - - - - - -] key_repository is world readable: /etc/keystone/fernet-keys/ 10.0.0.172 - - [24/Jul/2026:17:37:40 +0000] "POST /v3/auth/tokens HTTP/1.1" 201 1360 10.0.0.172 - - [24/Jul/2026:17:37:40 +0000] "GET / HTTP/1.1" 300 281 10.0.0.172 - - [24/Jul/2026:17:37:40 +0000] "GET /v3/OS-FEDERATION/identity_providers/atmosphere/protocols/openid?idp_id=atmosphere HTTP/1.1" 404 131 10.0.0.172 - - [24/Jul/2026:17:37:40 +0000] "GET /v3/OS-FEDERATION/identity_providers/atmosphere/protocols HTTP/1.1" 200 168 10.0.0.172 - - [24/Jul/2026:17:37:40 +0000] "PUT /v3/OS-FEDERATION/identity_providers/atmosphere/protocols/openid HTTP/1.1" 201 224 10.0.0.172 - - [24/Jul/2026:17:37:46 +0000] "GET /v3/ HTTP/1.1" 200 249 10.0.0.172 - - [24/Jul/2026:17:37:46 +0000] "GET /v3/ HTTP/1.1" 200 249 10.0.0.172 - - [24/Jul/2026:17:38:46 +0000] "GET /v3/ HTTP/1.1" 200 249 10.0.0.172 - - [24/Jul/2026:17:38:46 +0000] "GET /v3/ HTTP/1.1" 200 249 10.0.0.85 - - [24/Jul/2026:17:39:04 +0000] "GET / HTTP/1.1" 300 295
[Fri Jul 24 17:39:04.570379 2026] [wsgi:error] [pid 12:tid 140244964841152] [remote 10.0.0.85:51786] 2026-07-24 17:39:04.570 12 WARNING keystone.common.password_hashing [None req-d92fb850-8ba3-4c91-bbaa-16ab4f5f7fdc - - - - - -] Truncating password to algorithm specific maximum length 72 characters.
[Fri Jul 24 17:39:04.860928 2026] [wsgi:error] [pid 12:tid 140244964841152] [remote 10.0.0.85:51786] 2026-07-24 17:39:04.860 12 WARNING keystone.common.fernet_utils [None req-d92fb850-8ba3-4c91-bbaa-16ab4f5f7fdc - - - - - -] key_repository is world readable: /etc/keystone/fernet-keys/ 10.0.0.85 - - [24/Jul/2026:17:39:04 +0000] "POST /v3/auth/tokens HTTP/1.1" 201 1360 10.0.0.85 - - [24/Jul/2026:17:39:04 +0000] "GET /v3/services HTTP/1.1" 200 355 10.0.0.85 - - [24/Jul/2026:17:39:08 +0000] "GET / HTTP/1.1" 300 295
[Fri Jul 24 17:39:08.764786 2026] [wsgi:error] [pid 11:tid 140244964841152] [remote 10.0.0.85:51796] 2026-07-24 17:39:08.764 11 WARNING keystone.common.password_hashing [None req-1164b2fb-954a-4277-9f1c-49cdc0749003 - - - - - -] Truncating password to algorithm specific maximum length 72 characters.
[Fri Jul 24 17:39:09.052687 2026] [wsgi:error] [pid 11:tid 140244964841152] [remote 10.0.0.85:51796] 2026-07-24 17:39:09.052 11 WARNING keystone.common.fernet_utils [None req-1164b2fb-954a-4277-9f1c-49cdc0749003 - - - - - -] key_repository is world readable: /etc/keystone/fernet-keys/ 10.0.0.85 - - [24/Jul/2026:17:39:08 +0000] "POST /v3/auth/tokens HTTP/1.1" 201 1360 10.0.0.85 - - [24/Jul/2026:17:39:09 +0000] "GET /v3/services HTTP/1.1" 200 355 10.0.0.85 - - [24/Jul/2026:17:39:12 +0000] "GET / HTTP/1.1" 300 295
[Fri Jul 24 17:39:12.718090 2026] [wsgi:error] [pid 10:tid 140244964841152] [remote 10.0.0.85:51808] 2026-07-24 17:39:12.717 10 WARNING keystone.common.password_hashing [None req-1a4616c1-2f98-4335-a46d-3836bbc04ede - - - - - -] Truncating password to algorithm specific maximum length 72 characters.
[Fri Jul 24 17:39:12.991817 2026] [wsgi:error] [pid 10:tid 140244964841152] [remote 10.0.0.85:51808] 2026-07-24 17:39:12.991 10 WARNING keystone.common.fernet_utils [None req-1a4616c1-2f98-4335-a46d-3836bbc04ede - - - - - -] key_repository is world readable: /etc/keystone/fernet-keys/ 10.0.0.85 - - [24/Jul/2026:17:39:12 +0000] "POST /v3/auth/tokens HTTP/1.1" 201 1360 10.0.0.85 - - [24/Jul/2026:17:39:13 +0000] "GET /v3/services HTTP/1.1" 200 355 10.0.0.85 - - [24/Jul/2026:17:39:16 +0000] "GET / HTTP/1.1" 300 295
[Fri Jul 24 17:39:16.714958 2026] [wsgi:error] [pid 9:tid 140244964841152] [remote 10.0.0.85:40872] 2026-07-24 17:39:16.714 9 WARNING keystone.common.password_hashing [None req-eae9d360-6ef9-485c-b043-19e0b377557e - - - - - -] Truncating password to algorithm specific maximum length 72 characters.
[Fri Jul 24 17:39:16.994627 2026] [wsgi:error] [pid 9:tid 140244964841152] [remote 10.0.0.85:40872] 2026-07-24 17:39:16.994 9 WARNING keystone.common.fernet_utils [None req-eae9d360-6ef9-485c-b043-19e0b377557e - - - - - -] key_repository is world readable: /etc/keystone/fernet-keys/ 10.0.0.85 - - [24/Jul/2026:17:39:16 +0000] "POST /v3/auth/tokens HTTP/1.1" 201 1360 10.0.0.85 - - [24/Jul/2026:17:39:17 +0000] "POST /v3/services HTTP/1.1" 201 296 10.0.0.148 - - [24/Jul/2026:17:39:28 +0000] "GET / HTTP/1.1" 300 295
[Fri Jul 24 17:39:28.784684 2026] [wsgi:error] [pid 12:tid 140244964841152] [remote 10.0.0.148:51304] 2026-07-24 17:39:28.784 12 WARNING keystone.common.password_hashing [None req-9bd590a6-6a6e-416c-9a0e-6dba5dd2ab9e - - - - - -] Truncating password to algorithm specific maximum length 72 characters. 10.0.0.148 - - [24/Jul/2026:17:39:29 +0000] "GET / HTTP/1.1" 300 295
[Fri Jul 24 17:39:29.065928 2026] [wsgi:error] [pid 12:tid 140244964841152] [remote 10.0.0.148:51304] 2026-07-24 17:39:29.065 12 WARNING keystone.common.fernet_utils [None req-9bd590a6-6a6e-416c-9a0e-6dba5dd2ab9e - - - - - -] key_repository is world readable: /etc/keystone/fernet-keys/
[Fri Jul 24 17:39:29.076049 2026] [wsgi:error] [pid 10:tid 140244964841152] [remote 10.0.0.148:51320] 2026-07-24 17:39:29.075 10 WARNING keystone.common.password_hashing [None req-0b500c99-6c57-4045-b685-37371b2ecfef - - - - - -] Truncating password to algorithm specific maximum length 72 characters. 10.0.0.148 - - [24/Jul/2026:17:39:28 +0000] "POST /v3/auth/tokens HTTP/1.1" 201 1464 10.0.0.148 - - [24/Jul/2026:17:39:29 +0000] "GET / HTTP/1.1" 300 295
[Fri Jul 24 17:39:29.120874 2026] [wsgi:error] [pid 9:tid 140244964841152] [remote 10.0.0.148:51326] 2026-07-24 17:39:29.120 9 WARNING keystone.common.password_hashing [None req-ed78bc13-2a11-458a-a7d2-8e2f4d0c06ef - - - - - -] Truncating password to algorithm specific maximum length 72 characters. 10.0.0.148 - - [24/Jul/2026:17:39:29 +0000] "GET /v3/services HTTP/1.1" 200 639
[Fri Jul 24 17:39:29.354731 2026] [wsgi:error] [pid 10:tid 140244964841152] [remote 10.0.0.148:51320] 2026-07-24 17:39:29.354 10 WARNING keystone.common.fernet_utils [None req-0b500c99-6c57-4045-b685-37371b2ecfef - - - - - -] key_repository is world readable: /etc/keystone/fernet-keys/ 10.0.0.148 - - [24/Jul/2026:17:39:29 +0000] "POST /v3/auth/tokens HTTP/1.1" 201 1464
[Fri Jul 24 17:39:29.405402 2026] [wsgi:error] [pid 9:tid 140244964841152] [remote 10.0.0.148:51326] 2026-07-24 17:39:29.405 9 WARNING keystone.common.fernet_utils [None req-ed78bc13-2a11-458a-a7d2-8e2f4d0c06ef - - - - - -] key_repository is world readable: /etc/keystone/fernet-keys/ 10.0.0.148 - - [24/Jul/2026:17:39:29 +0000] "POST /v3/auth/tokens HTTP/1.1" 201 1464 10.0.0.148 - - [24/Jul/2026:17:39:29 +0000] "GET /v3/services HTTP/1.1" 200 639 10.0.0.148 - - [24/Jul/2026:17:39:29 +0000] "GET /v3/services HTTP/1.1" 200 639 10.0.0.148 - - [24/Jul/2026:17:39:30 +0000] "GET / HTTP/1.1" 300 295
[Fri Jul 24 17:39:30.883138 2026] [wsgi:error] [pid 9:tid 140244964841152] [remote 10.0.0.148:51340] 2026-07-24 17:39:30.882 9 WARNING keystone.common.password_hashing [None req-2ea0d709-708d-4597-acaf-ac5cb5d83345 - - - - - -] Truncating password to algorithm specific maximum length 72 characters. 10.0.0.148 - - [24/Jul/2026:17:39:31 +0000] "GET / HTTP/1.1" 300 295
[Fri Jul 24 17:39:31.091125 2026] [wsgi:error] [pid 12:tid 140244964841152] [remote 10.0.0.148:51352] 2026-07-24 17:39:31.090 12 WARNING keystone.common.password_hashing [None req-6f0ca8fa-8af0-437e-b692-02722a1717c5 - - - - - -] Truncating password to algorithm specific maximum length 72 characters.
[Fri Jul 24 17:39:31.170654 2026] [wsgi:error] [pid 9:tid 140244964841152] [remote 10.0.0.148:51340] 2026-07-24 17:39:31.170 9 WARNING keystone.common.fernet_utils [None req-2ea0d709-708d-4597-acaf-ac5cb5d83345 - - - - - -] key_repository is world readable: /etc/keystone/fernet-keys/ 10.0.0.148 - - [24/Jul/2026:17:39:30 +0000] "POST /v3/auth/tokens HTTP/1.1" 201 1464 10.0.0.148 - - [24/Jul/2026:17:39:31 +0000] "GET / HTTP/1.1" 300 295
[Fri Jul 24 17:39:31.292993 2026] [wsgi:error] [pid 9:tid 140244964841152] [remote 10.0.0.148:51366] 2026-07-24 17:39:31.292 9 WARNING keystone.common.password_hashing [None req-4726811c-cfb7-4f52-ae70-6c281872cb33 - - - - - -] Truncating password to algorithm specific maximum length 72 characters. 10.0.0.148 - - [24/Jul/2026:17:39:31 +0000] "GET /v3/endpoints HTTP/1.1" 200 1227 10.0.0.148 - - [24/Jul/2026:17:39:31 +0000] "GET /v3/services/8f4d092d2d1441008e1bafd589218c95 HTTP/1.1" 200 233 10.0.0.148 - - [24/Jul/2026:17:39:31 +0000] "GET /v3/services/8f4d092d2d1441008e1bafd589218c95 HTTP/1.1" 200 233 10.0.0.148 - - [24/Jul/2026:17:39:31 +0000] "GET /v3/services/8f4d092d2d1441008e1bafd589218c95 HTTP/1.1" 200 233
[Fri Jul 24 17:39:31.365051 2026] [wsgi:error] [pid 12:tid 140244964841152] [remote 10.0.0.148:51352] 2026-07-24 17:39:31.364 12 WARNING keystone.common.fernet_utils [None req-6f0ca8fa-8af0-437e-b692-02722a1717c5 - - - - - -] key_repository is world readable: /etc/keystone/fernet-keys/ 10.0.0.148 - - [24/Jul/2026:17:39:31 +0000] "POST /v3/auth/tokens HTTP/1.1" 201 1464 10.0.0.148 - - [24/Jul/2026:17:39:31 +0000] "GET /v3/endpoints HTTP/1.1" 200 1227 10.0.0.148 - - [24/Jul/2026:17:39:31 +0000] "GET /v3/services/8f4d092d2d1441008e1bafd589218c95 HTTP/1.1" 200 233 10.0.0.148 - - [24/Jul/2026:17:39:31 +0000] "GET /v3/services/8f4d092d2d1441008e1bafd589218c95 HTTP/1.1" 200 233 10.0.0.148 - - [24/Jul/2026:17:39:31 +0000] "GET /v3/services/8f4d092d2d1441008e1bafd589218c95 HTTP/1.1" 200 233
[Fri Jul 24 17:39:31.599090 2026] [wsgi:error] [pid 9:tid 140244964841152] [remote 10.0.0.148:51366] 2026-07-24 17:39:31.598 9 WARNING keystone.common.fernet_utils [None req-4726811c-cfb7-4f52-ae70-6c281872cb33 - - - - - -] key_repository is world readable: /etc/keystone/fernet-keys/ 10.0.0.148 - - [24/Jul/2026:17:39:31 +0000] "POST /v3/auth/tokens HTTP/1.1" 201 1464 10.0.0.148 - - [24/Jul/2026:17:39:31 +0000] "GET /v3/endpoints HTTP/1.1" 200 1227 10.0.0.148 - - [24/Jul/2026:17:39:31 +0000] "GET /v3/services/8f4d092d2d1441008e1bafd589218c95 HTTP/1.1" 200 233 10.0.0.148 - - [24/Jul/2026:17:39:31 +0000] "GET /v3/services/8f4d092d2d1441008e1bafd589218c95 HTTP/1.1" 200 233 10.0.0.148 - - [24/Jul/2026:17:39:31 +0000] "GET /v3/services/8f4d092d2d1441008e1bafd589218c95 HTTP/1.1" 200 233 10.0.0.148 - - [24/Jul/2026:17:39:32 +0000] "GET / HTTP/1.1" 300 295
[Fri Jul 24 17:39:32.988581 2026] [wsgi:error] [pid 12:tid 140244964841152] [remote 10.0.0.148:51382] 2026-07-24 17:39:32.988 12 WARNING keystone.common.password_hashing [None req-f0c90e8d-245c-4d96-b81b-4f7f676ed180 - - - - - -] Truncating password to algorithm specific maximum length 72 characters. 10.0.0.148 - - [24/Jul/2026:17:39:33 +0000] "GET / HTTP/1.1" 300 295
[Fri Jul 24 17:39:33.124814 2026] [wsgi:error] [pid 9:tid 140244964841152] [remote 10.0.0.148:51386] 2026-07-24 17:39:33.124 9 WARNING keystone.common.password_hashing [None req-5848b723-8f7d-4df9-80de-209b6469c83d - - - - - -] Truncating password to algorithm specific maximum length 72 characters.
[Fri Jul 24 17:39:33.261738 2026] [wsgi:error] [pid 12:tid 140244964841152] [remote 10.0.0.148:51382] 2026-07-24 17:39:33.261 12 WARNING keystone.common.fernet_utils [None req-f0c90e8d-245c-4d96-b81b-4f7f676ed180 - - - - - -] key_repository is world readable: /etc/keystone/fernet-keys/ 10.0.0.148 - - [24/Jul/2026:17:39:32 +0000] "POST /v3/auth/tokens HTTP/1.1" 201 1464 10.0.0.148 - - [24/Jul/2026:17:39:33 +0000] "GET / HTTP/1.1" 300 295
[Fri Jul 24 17:39:33.295842 2026] [wsgi:error] [pid 11:tid 140244964841152] [remote 10.0.0.148:51390] 2026-07-24 17:39:33.295 11 WARNING keystone.common.password_hashing [None req-7ae1b091-5af4-4930-8c64-5a5990f112f5 - - - - - -] Truncating password to algorithm specific maximum length 72 characters.
[Fri Jul 24 17:39:33.403075 2026] [wsgi:error] [pid 9:tid 140244964841152] [remote 10.0.0.148:51386] 2026-07-24 17:39:33.402 9 WARNING keystone.common.fernet_utils [None req-5848b723-8f7d-4df9-80de-209b6469c83d - - - - - -] key_repository is world readable: /etc/keystone/fernet-keys/ 10.0.0.148 - - [24/Jul/2026:17:39:33 +0000] "POST /v3/auth/tokens HTTP/1.1" 201 1464 10.0.0.148 - - [24/Jul/2026:17:39:33 +0000] "GET /v3/services/8653f3455ba142eead82688c10b808d2 HTTP/1.1" 200 296 10.0.0.148 - - [24/Jul/2026:17:39:33 +0000] "GET /v3/regions/RegionOne HTTP/1.1" 200 173 10.0.0.148 - - [24/Jul/2026:17:39:33 +0000] "GET /v3/services/8653f3455ba142eead82688c10b808d2 HTTP/1.1" 200 296 10.0.0.148 - - [24/Jul/2026:17:39:33 +0000] "GET /v3/regions/RegionOne HTTP/1.1" 200 173
[Fri Jul 24 17:39:33.576184 2026] [wsgi:error] [pid 11:tid 140244964841152] [remote 10.0.0.148:51390] 2026-07-24 17:39:33.576 11 WARNING keystone.common.fernet_utils [None req-7ae1b091-5af4-4930-8c64-5a5990f112f5 - - - - - -] key_repository is world readable: /etc/keystone/fernet-keys/ 10.0.0.148 - - [24/Jul/2026:17:39:33 +0000] "POST /v3/endpoints HTTP/1.1" 201 383 10.0.0.148 - - [24/Jul/2026:17:39:33 +0000] "POST /v3/auth/tokens HTTP/1.1" 201 1823 10.0.0.148 - - [24/Jul/2026:17:39:33 +0000] "POST /v3/endpoints HTTP/1.1" 201 380 10.0.0.148 - - [24/Jul/2026:17:39:33 +0000] "GET /v3/services/8653f3455ba142eead82688c10b808d2 HTTP/1.1" 200 296 10.0.0.148 - - [24/Jul/2026:17:39:33 +0000] "GET /v3/regions/RegionOne HTTP/1.1" 200 173 10.0.0.148 - - [24/Jul/2026:17:39:33 +0000] "POST /v3/endpoints HTTP/1.1" 201 370 10.0.0.148 - - [24/Jul/2026:17:39:35 +0000] "GET / HTTP/1.1" 300 295 10.0.0.148 - - [24/Jul/2026:17:39:35 +0000] "GET / HTTP/1.1" 300 295
[Fri Jul 24 17:39:35.181304 2026] [wsgi:error] [pid 12:tid 140244964841152] [remote 10.0.0.148:50134] 2026-07-24 17:39:35.181 12 WARNING keystone.common.password_hashing [None req-ae7f9f8b-ee16-4576-b026-350334ea07b0 - - - - - -] Truncating password to algorithm specific maximum length 72 characters.
[Fri Jul 24 17:39:35.183660 2026] [wsgi:error] [pid 11:tid 140244964841152] [remote 10.0.0.148:50146] 2026-07-24 17:39:35.183 11 WARNING keystone.common.password_hashing [None req-26f67601-bbd0-43d2-b1fa-2818ed731d9b - - - - - -] Truncating password to algorithm specific maximum length 72 characters. 10.0.0.148 - - [24/Jul/2026:17:39:35 +0000] "GET / HTTP/1.1" 300 295
[Fri Jul 24 17:39:35.467003 2026] [wsgi:error] [pid 10:tid 140244964841152] [remote 10.0.0.148:50160] 2026-07-24 17:39:35.466 10 WARNING keystone.common.password_hashing [None req-6b984157-83a8-4a1c-a311-168506221256 - - - - - -] Truncating password to algorithm specific maximum length 72 characters.
[Fri Jul 24 17:39:35.487740 2026] [wsgi:error] [pid 11:tid 140244964841152] [remote 10.0.0.148:50146] 2026-07-24 17:39:35.487 11 WARNING keystone.common.fernet_utils [None req-26f67601-bbd0-43d2-b1fa-2818ed731d9b - - - - - -] key_repository is world readable: /etc/keystone/fernet-keys/
[Fri Jul 24 17:39:35.492575 2026] [wsgi:error] [pid 12:tid 140244964841152] [remote 10.0.0.148:50134] 2026-07-24 17:39:35.492 12 WARNING keystone.common.fernet_utils [None req-ae7f9f8b-ee16-4576-b026-350334ea07b0 - - - - - -] key_repository is world readable: /etc/keystone/fernet-keys/ 10.0.0.148 - - [24/Jul/2026:17:39:35 +0000] "POST /v3/auth/tokens HTTP/1.1" 201 1992 10.0.0.148 - - [24/Jul/2026:17:39:35 +0000] "POST /v3/auth/tokens HTTP/1.1" 201 1992 10.0.0.148 - - [24/Jul/2026:17:39:35 +0000] "GET /v3/endpoints/1bee5b059fc24f4cbf640f6b8168caef HTTP/1.1" 200 383 10.0.0.148 - - [24/Jul/2026:17:39:35 +0000] "GET /v3/endpoints/c018a2828cb54c7f95394177f6a8022f HTTP/1.1" 200 380 10.0.0.148 - - [24/Jul/2026:17:39:35 +0000] "GET /v3/services/8653f3455ba142eead82688c10b808d2 HTTP/1.1" 200 296 10.0.0.148 - - [24/Jul/2026:17:39:35 +0000] "GET /v3/services/8653f3455ba142eead82688c10b808d2 HTTP/1.1" 200 296
[Fri Jul 24 17:39:35.785908 2026] [wsgi:error] [pid 10:tid 140244964841152] [remote 10.0.0.148:50160] 2026-07-24 17:39:35.785 10 WARNING keystone.common.fernet_utils [None req-6b984157-83a8-4a1c-a311-168506221256 - - - - - -] key_repository is world readable: /etc/keystone/fernet-keys/ 10.0.0.148 - - [24/Jul/2026:17:39:35 +0000] "POST /v3/auth/tokens HTTP/1.1" 201 1992 10.0.0.148 - - [24/Jul/2026:17:39:35 +0000] "GET /v3/endpoints/29df0d3f01b54eae9f446aa42dc860c8 HTTP/1.1" 200 370 10.0.0.148 - - [24/Jul/2026:17:39:35 +0000] "GET /v3/services/8653f3455ba142eead82688c10b808d2 HTTP/1.1" 200 296 10.0.0.172 - - [24/Jul/2026:17:39:46 +0000] "GET /v3/ HTTP/1.1" 200 249 10.0.0.172 - - [24/Jul/2026:17:39:46 +0000] "GET /v3/ HTTP/1.1" 200 249 10.0.0.153 - - [24/Jul/2026:17:39:46 +0000] "GET / HTTP/1.1" 300 295
[Fri Jul 24 17:39:47.014270 2026] [wsgi:error] [pid 11:tid 140244964841152] [remote 10.0.0.153:35034] 2026-07-24 17:39:47.014 11 WARNING keystone.common.password_hashing [None req-d55901b2-6a85-41f2-857c-ae4a01ea8740 - - - - - -] Truncating password to algorithm specific maximum length 72 characters.
[Fri Jul 24 17:39:47.286199 2026] [wsgi:error] [pid 11:tid 140244964841152] [remote 10.0.0.153:35034] 2026-07-24 17:39:47.286 11 WARNING keystone.common.fernet_utils [None req-d55901b2-6a85-41f2-857c-ae4a01ea8740 - - - - - -] key_repository is world readable: /etc/keystone/fernet-keys/ 10.0.0.153 - - [24/Jul/2026:17:39:46 +0000] "POST /v3/auth/tokens HTTP/1.1" 201 1992 10.0.0.153 - - [24/Jul/2026:17:39:47 +0000] "POST /v3/domains HTTP/1.1" 201 284 10.0.0.153 - - [24/Jul/2026:17:39:49 +0000] "GET / HTTP/1.1" 300 295
[Fri Jul 24 17:39:49.271568 2026] [wsgi:error] [pid 9:tid 140244964841152] [remote 10.0.0.153:35036] 2026-07-24 17:39:49.271 9 WARNING keystone.common.password_hashing [None req-04b03782-ce9b-4c82-a7ed-e825a38aa307 - - - - - -] Truncating password to algorithm specific maximum length 72 characters.
[Fri Jul 24 17:39:49.557587 2026] [wsgi:error] [pid 9:tid 140244964841152] [remote 10.0.0.153:35036] 2026-07-24 17:39:49.557 9 WARNING keystone.common.fernet_utils [None req-04b03782-ce9b-4c82-a7ed-e825a38aa307 - - - - - -] key_repository is world readable: /etc/keystone/fernet-keys/ 10.0.0.153 - - [24/Jul/2026:17:39:49 +0000] "POST /v3/auth/tokens HTTP/1.1" 201 1992
[Fri Jul 24 17:39:49.762527 2026] [wsgi:error] [pid 11:tid 140244964841152] [remote 10.0.0.153:35036] 2026-07-24 17:39:49.748 11 ERROR keystone.server.flask.application [None req-509ccf18-83c3-48f6-a579-d4586f96cd6c 6b6d1a477e324f0bb0fb1c407663249d 2155d7880dad4298b5b46ede0eee6954 - - default default] Conflict occurred attempting to store project - it is not permitted to have two projects acting as domains with the same name: service.: keystone.exception.Conflict: Conflict occurred attempting to store project - it is not permitted to have two projects acting as domains with the same name: service.
[Fri Jul 24 17:39:49.762553 2026] [wsgi:error] [pid 11:tid 140244964841152] [remote 10.0.0.153:35036] 2026-07-24 17:39:49.748 11 ERROR keystone.server.flask.application
Traceback (most recent call last):
[Fri Jul 24 17:39:49.762555 2026] [wsgi:error] [pid 11:tid 140244964841152] [remote 10.0.0.153:35036] 2026-07-24 17:39:49.748 11 ERROR keystone.server.flask.application
File "/var/lib/openstack/lib/python3.12/site-packages/sqlalchemy/engine/base.py", line 1969, in _exec_single_context
[Fri Jul 24 17:39:49.762557 2026] [wsgi:error] [pid 11:tid 140244964841152] [remote 10.0.0.153:35036] 2026-07-24 17:39:49.748 11 ERROR keystone.server.flask.application self.dialect.do_execute(
[Fri Jul 24 17:39:49.762558 2026] [wsgi:error] [pid 11:tid 140244964841152] [remote 10.0.0.153:35036] 2026-07-24 17:39:49.748 11 ERROR keystone.server.flask.application
File "/var/lib/openstack/lib/python3.12/site-packages/sqlalchemy/engine/default.py", line 952, in do_execute
[Fri Jul 24 17:39:49.762560 2026] [wsgi:error] [pid 11:tid 140244964841152] [remote 10.0.0.153:35036] 2026-07-24 17:39:49.748 11 ERROR keystone.server.flask.application cursor.execute(statement, parameters)
[Fri Jul 24 17:39:49.762562 2026] [wsgi:error] [pid 11:tid 140244964841152] [remote 10.0.0.153:35036] 2026-07-24 17:39:49.748 11 ERROR keystone.server.flask.application
File "/var/lib/openstack/lib/python3.12/site-packages/pymysql/cursors.py", line 159, in execute
[Fri Jul 24 17:39:49.762564 2026] [wsgi:error] [pid 11:tid 140244964841152] [remote 10.0.0.153:35036] 2026-07-24 17:39:49.748 11 ERROR keystone.server.flask.application result = self._query(query)
[Fri Jul 24 17:39:49.762565 2026] [wsgi:error] [pid 11:tid 140244964841152] [remote 10.0.0.153:35036] 2026-07-24 17:39:49.748 11 ERROR keystone.server.flask.application ^^^^^^^^^^^^^^^^^^
[Fri Jul 24 17:39:49.762567 2026] [wsgi:error] [pid 11:tid 140244964841152] [remote 10.0.0.153:35036] 2026-07-24 17:39:49.748 11 ERROR keystone.server.flask.application
File "/var/lib/openstack/lib/python3.12/site-packages/pymysql/cursors.py", line 330, in _query
[Fri Jul 24 17:39:49.762568 2026] [wsgi:error] [pid 11:tid 140244964841152] [remote 10.0.0.153:35036] 2026-07-24 17:39:49.748 11 ERROR keystone.server.flask.application conn.query(q)
[Fri Jul 24 17:39:49.762570 2026] [wsgi:error] [pid 11:tid 140244964841152] [remote 10.0.0.153:35036] 2026-07-24 17:39:49.748 11 ERROR keystone.server.flask.application
File "/var/lib/openstack/lib/python3.12/site-packages/pymysql/connections.py", line 582, in query
[Fri Jul 24 17:39:49.762572 2026] [wsgi:error] [pid 11:tid 140244964841152] [remote 10.0.0.153:35036] 2026-07-24 17:39:49.748 11 ERROR keystone.server.flask.application self._affected_rows = self._read_query_result(unbuffered=unbuffered)
[Fri Jul 24 17:39:49.762573 2026] [wsgi:error] [pid 11:tid 140244964841152] [remote 10.0.0.153:35036] 2026-07-24 17:39:49.748 11 ERROR keystone.server.flask.application ^^^^^^^^^^^^^^^^^^^^^^^^^^^^^^^^^^^^^^^^^^^^^^
[Fri Jul 24 17:39:49.762575 2026] [wsgi:error] [pid 11:tid 140244964841152] [remote 10.0.0.153:35036] 2026-07-24 17:39:49.748 11 ERROR keystone.server.flask.application
File "/var/lib/openstack/lib/python3.12/site-packages/pymysql/connections.py", line 847, in _read_query_result
[Fri Jul 24 17:39:49.762576 2026] [wsgi:error] [pid 11:tid 140244964841152] [remote 10.0.0.153:35036] 2026-07-24 17:39:49.748 11 ERROR keystone.server.flask.application result.read()
[Fri Jul 24 17:39:49.762580 2026] [wsgi:error] [pid 11:tid 140244964841152] [remote 10.0.0.153:35036] 2026-07-24 17:39:49.748 11 ERROR keystone.server.flask.application
File "/var/lib/openstack/lib/python3.12/site-packages/pymysql/connections.py", line 1245, in read
[Fri Jul 24 17:39:49.762581 2026] [wsgi:error] [pid 11:tid 140244964841152] [remote 10.0.0.153:35036] 2026-07-24 17:39:49.748 11 ERROR keystone.server.flask.application first_packet = self.connection._read_packet()
[Fri Jul 24 17:39:49.762583 2026] [wsgi:error] [pid 11:tid 140244964841152] [remote 10.0.0.153:35036] 2026-07-24 17:39:49.748 11 ERROR keystone.server.flask.application ^^^^^^^^^^^^^^^^^^^^^^^^^^^^^^
[Fri Jul 24 17:39:49.762592 2026] [wsgi:error] [pid 11:tid 140244964841152] [remote 10.0.0.153:35036] 2026-07-24 17:39:49.748 11 ERROR keystone.server.flask.application
File "/var/lib/openstack/lib/python3.12/site-packages/pymysql/connections.py", line 803, in _read_packet
[Fri Jul 24 17:39:49.762594 2026] [wsgi:error] [pid 11:tid 140244964841152] [remote 10.0.0.153:35036] 2026-07-24 17:39:49.748 11 ERROR keystone.server.flask.application packet.raise_for_error()
[Fri Jul 24 17:39:49.762595 2026] [wsgi:error] [pid 11:tid 140244964841152] [remote 10.0.0.153:35036] 2026-07-24 17:39:49.748 11 ERROR keystone.server.flask.application
File "/var/lib/openstack/lib/python3.12/site-packages/pymysql/protocol.py", line 219, in raise_for_error
[Fri Jul 24 17:39:49.762597 2026] [wsgi:error] [pid 11:tid 140244964841152] [remote 10.0.0.153:35036] 2026-07-24 17:39:49.748 11 ERROR keystone.server.flask.application err.raise_mysql_exception(self._data)
[Fri Jul 24 17:39:49.762598 2026] [wsgi:error] [pid 11:tid 140244964841152] [remote 10.0.0.153:35036] 2026-07-24 17:39:49.748 11 ERROR keystone.server.flask.application
File "/var/lib/openstack/lib/python3.12/site-packages/pymysql/err.py", line 154, in raise_mysql_exception
[Fri Jul 24 17:39:49.762600 2026] [wsgi:error] [pid 11:tid 140244964841152] [remote 10.0.0.153:35036] 2026-07-24 17:39:49.748 11 ERROR keystone.server.flask.application raise errorclass(errno, errval, sqlstate=sqlstate)
[Fri Jul 24 17:39:49.762602 2026] [wsgi:error] [pid 11:tid 140244964841152] [remote 10.0.0.153:35036] 2026-07-24 17:39:49.748 11 ERROR keystone.server.flask.application pymysql.err.IntegrityError: (1062, "Duplicate entry '<>-service' for key 'project.ixu_project_name_domain_id'")
[Fri Jul 24 17:39:49.762604 2026] [wsgi:error] [pid 11:tid 140244964841152] [remote 10.0.0.153:35036] 2026-07-24 17:39:49.748 11 ERROR keystone.server.flask.application
[Fri Jul 24 17:39:49.762605 2026] [wsgi:error] [pid 11:tid 140244964841152] [remote 10.0.0.153:35036] 2026-07-24 17:39:49.748 11 ERROR keystone.server.flask.application The above exception was the direct cause of the following exception:
[Fri Jul 24 17:39:49.762608 2026] [wsgi:error] [pid 11:tid 140244964841152] [remote 10.0.0.153:35036] 2026-07-24 17:39:49.748 11 ERROR keystone.server.flask.application
[Fri Jul 24 17:39:49.762610 2026] [wsgi:error] [pid 11:tid 140244964841152] [remote 10.0.0.153:35036] 2026-07-24 17:39:49.748 11 ERROR keystone.server.flask.application
Traceback (most recent call last):
[Fri Jul 24 17:39:49.762612 2026] [wsgi:error] [pid 11:tid 140244964841152] [remote 10.0.0.153:35036] 2026-07-24 17:39:49.748 11 ERROR keystone.server.flask.application
File "/var/lib/openstack/lib/python3.12/site-packages/keystone/common/sql/core.py", line 575, in wrapper
[Fri Jul 24 17:39:49.762614 2026] [wsgi:error] [pid 11:tid 140244964841152] [remote 10.0.0.153:35036] 2026-07-24 17:39:49.748 11 ERROR keystone.server.flask.application return method(*args, **kwargs)
[Fri Jul 24 17:39:49.762616 2026] [wsgi:error] [pid 11:tid 140244964841152] [remote 10.0.0.153:35036] 2026-07-24 17:39:49.748 11 ERROR keystone.server.flask.application ^^^^^^^^^^^^^^^^^^^^^^^
[Fri Jul 24 17:39:49.762618 2026] [wsgi:error] [pid 11:tid 140244964841152] [remote 10.0.0.153:35036] 2026-07-24 17:39:49.748 11 ERROR keystone.server.flask.application
File "/var/lib/openstack/lib/python3.12/site-packages/keystone/resource/backends/sql.py", line 278, in create_project
[Fri Jul 24 17:39:49.762620 2026] [wsgi:error] [pid 11:tid 140244964841152] [remote 10.0.0.153:35036] 2026-07-24 17:39:49.748 11 ERROR keystone.server.flask.application with sql.session_for_write() as session:
[Fri Jul 24 17:39:49.762623 2026] [wsgi:error] [pid 11:tid 140244964841152] [remote 10.0.0.153:35036] 2026-07-24 17:39:49.748 11 ERROR keystone.server.flask.application
File "/usr/lib/python3.12/contextlib.py", line 144, in __exit__
[Fri Jul 24 17:39:49.762625 2026] [wsgi:error] [pid 11:tid 140244964841152] [remote 10.0.0.153:35036] 2026-07-24 17:39:49.748 11 ERROR keystone.server.flask.application next(self.gen)
[Fri Jul 24 17:39:49.762626 2026] [wsgi:error] [pid 11:tid 140244964841152] [remote 10.0.0.153:35036] 2026-07-24 17:39:49.748 11 ERROR keystone.server.flask.application
File "/var/lib/openstack/lib/python3.12/site-packages/oslo_db/sqlalchemy/enginefacade.py", line 1175, in _transaction_scope
[Fri Jul 24 17:39:49.762628 2026] [wsgi:error] [pid 11:tid 140244964841152] [remote 10.0.0.153:35036] 2026-07-24 17:39:49.748 11 ERROR keystone.server.flask.application with current._produce_block(
[Fri Jul 24 17:39:49.762630 2026] [wsgi:error] [pid 11:tid 140244964841152] [remote 10.0.0.153:35036] 2026-07-24 17:39:49.748 11 ERROR keystone.server.flask.application
File "/usr/lib/python3.12/contextlib.py", line 144, in __exit__
[Fri Jul 24 17:39:49.762631 2026] [wsgi:error] [pid 11:tid 140244964841152] [remote 10.0.0.153:35036] 2026-07-24 17:39:49.748 11 ERROR keystone.server.flask.application next(self.gen)
[Fri Jul 24 17:39:49.762633 2026] [wsgi:error] [pid 11:tid 140244964841152] [remote 10.0.0.153:35036] 2026-07-24 17:39:49.748 11 ERROR keystone.server.flask.application
File "/var/lib/openstack/lib/python3.12/site-packages/oslo_db/sqlalchemy/enginefacade.py", line 837, in _session
[Fri Jul 24 17:39:49.762634 2026] [wsgi:error] [pid 11:tid 140244964841152] [remote 10.0.0.153:35036] 2026-07-24 17:39:49.748 11 ERROR keystone.server.flask.application with excutils.save_and_reraise_exception():
[Fri Jul 24 17:39:49.762636 2026] [wsgi:error] [pid 11:tid 140244964841152] [remote 10.0.0.153:35036] 2026-07-24 17:39:49.748 11 ERROR keystone.server.flask.application
File "/var/lib/openstack/lib/python3.12/site-packages/oslo_utils/excutils.py", line 266, in __exit__
[Fri Jul 24 17:39:49.762637 2026] [wsgi:error] [pid 11:tid 140244964841152] [remote 10.0.0.153:35036] 2026-07-24 17:39:49.748 11 ERROR keystone.server.flask.application self.force_reraise()
[Fri Jul 24 17:39:49.762640 2026] [wsgi:error] [pid 11:tid 140244964841152] [remote 10.0.0.153:35036] 2026-07-24 17:39:49.748 11 ERROR keystone.server.flask.application
File "/var/lib/openstack/lib/python3.12/site-packages/oslo_utils/excutils.py", line 232, in force_reraise
[Fri Jul 24 17:39:49.762642 2026] [wsgi:error] [pid 11:tid 140244964841152] [remote 10.0.0.153:35036] 2026-07-24 17:39:49.748 11 ERROR keystone.server.flask.application raise self.value
[Fri Jul 24 17:39:49.762644 2026] [wsgi:error] [pid 11:tid 140244964841152] [remote 10.0.0.153:35036] 2026-07-24 17:39:49.748 11 ERROR keystone.server.flask.application
File "/var/lib/openstack/lib/python3.12/site-packages/oslo_db/sqlalchemy/enginefacade.py", line 835, in _session
[Fri Jul 24 17:39:49.762647 2026] [wsgi:error] [pid 11:tid 140244964841152] [remote 10.0.0.153:35036] 2026-07-24 17:39:49.748 11 ERROR keystone.server.flask.application self._end_session_transaction(self.session)
[Fri Jul 24 17:39:49.762649 2026] [wsgi:error] [pid 11:tid 140244964841152] [remote 10.0.0.153:35036] 2026-07-24 17:39:49.748 11 ERROR keystone.server.flask.application
File "/var/lib/openstack/lib/python3.12/site-packages/oslo_db/sqlalchemy/enginefacade.py", line 748, in _end_session_transaction
[Fri Jul 24 17:39:49.762652 2026] [wsgi:error] [pid 11:tid 140244964841152] [remote 10.0.0.153:35036] 2026-07-24 17:39:49.748 11 ERROR keystone.server.flask.application session.commit()
[Fri Jul 24 17:39:49.762654 2026] [wsgi:error] [pid 11:tid 140244964841152] [remote 10.0.0.153:35036] 2026-07-24 17:39:49.748 11 ERROR keystone.server.flask.application
File "/var/lib/openstack/lib/python3.12/site-packages/sqlalchemy/orm/session.py", line 2034, in commit
[Fri Jul 24 17:39:49.762656 2026] [wsgi:error] [pid 11:tid 140244964841152] [remote 10.0.0.153:35036] 2026-07-24 17:39:49.748 11 ERROR keystone.server.flask.application trans.commit(_to_root=True)
[Fri Jul 24 17:39:49.762659 2026] [wsgi:error] [pid 11:tid 140244964841152] [remote 10.0.0.153:35036] 2026-07-24 17:39:49.748 11 ERROR keystone.server.flask.application File "", line 2, in commit
[Fri Jul 24 17:39:49.762661 2026] [wsgi:error] [pid 11:tid 140244964841152] [remote 10.0.0.153:35036] 2026-07-24 17:39:49.748 11 ERROR keystone.server.flask.application
File "/var/lib/openstack/lib/python3.12/site-packages/sqlalchemy/orm/state_changes.py", line 137, in _go
[Fri Jul 24 17:39:49.762664 2026] [wsgi:error] [pid 11:tid 140244964841152] [remote 10.0.0.153:35036] 2026-07-24 17:39:49.748 11 ERROR keystone.server.flask.application ret_value = fn(self, *arg, **kw)
[Fri Jul 24 17:39:49.762666 2026] [wsgi:error] [pid 11:tid 140244964841152] [remote 10.0.0.153:35036] 2026-07-24 17:39:49.748 11 ERROR keystone.server.flask.application ^^^^^^^^^^^^^^^^^^^^
[Fri Jul 24 17:39:49.762668 2026] [wsgi:error] [pid 11:tid 140244964841152] [remote 10.0.0.153:35036] 2026-07-24 17:39:49.748 11 ERROR keystone.server.flask.application
File "/var/lib/openstack/lib/python3.12/site-packages/sqlalchemy/orm/session.py", line 1315, in commit
[Fri Jul 24 17:39:49.762670 2026] [wsgi:error] [pid 11:tid 140244964841152] [remote 10.0.0.153:35036] 2026-07-24 17:39:49.748 11 ERROR keystone.server.flask.application self._prepare_impl()
[Fri Jul 24 17:39:49.762671 2026] [wsgi:error] [pid 11:tid 140244964841152] [remote 10.0.0.153:35036] 2026-07-24 17:39:49.748 11 ERROR keystone.server.flask.application File "", line 2, in _prepare_impl
[Fri Jul 24 17:39:49.762673 2026] [wsgi:error] [pid 11:tid 140244964841152] [remote 10.0.0.153:35036] 2026-07-24 17:39:49.748 11 ERROR keystone.server.flask.application
File "/var/lib/openstack/lib/python3.12/site-packages/sqlalchemy/orm/state_changes.py", line 137, in _go
[Fri Jul 24 17:39:49.762675 2026] [wsgi:error] [pid 11:tid 140244964841152] [remote 10.0.0.153:35036] 2026-07-24 17:39:49.748 11 ERROR keystone.server.flask.application ret_value = fn(self, *arg, **kw)
[Fri Jul 24 17:39:49.762677 2026] [wsgi:error] [pid 11:tid 140244964841152] [remote 10.0.0.153:35036] 2026-07-24 17:39:49.748 11 ERROR keystone.server.flask.application ^^^^^^^^^^^^^^^^^^^^
[Fri Jul 24 17:39:49.762679 2026] [wsgi:error] [pid 11:tid 140244964841152] [remote 10.0.0.153:35036] 2026-07-24 17:39:49.748 11 ERROR keystone.server.flask.application
File "/var/lib/openstack/lib/python3.12/site-packages/sqlalchemy/orm/session.py", line 1290, in _prepare_impl
[Fri Jul 24 17:39:49.762681 2026] [wsgi:error] [pid 11:tid 140244964841152] [remote 10.0.0.153:35036] 2026-07-24 17:39:49.748 11 ERROR keystone.server.flask.application self.session.flush()
[Fri Jul 24 17:39:49.762684 2026] [wsgi:error] [pid 11:tid 140244964841152] [remote 10.0.0.153:35036] 2026-07-24 17:39:49.748 11 ERROR keystone.server.flask.application
File "/var/lib/openstack/lib/python3.12/site-packages/sqlalchemy/orm/session.py", line 4352, in flush
[Fri Jul 24 17:39:49.762686 2026] [wsgi:error] [pid 11:tid 140244964841152] [remote 10.0.0.153:35036] 2026-07-24 17:39:49.748 11 ERROR keystone.server.flask.application self._flush(objects)
[Fri Jul 24 17:39:49.762689 2026] [wsgi:error] [pid 11:tid 140244964841152] [remote 10.0.0.153:35036] 2026-07-24 17:39:49.748 11 ERROR keystone.server.flask.application
File "/var/lib/openstack/lib/python3.12/site-packages/sqlalchemy/orm/session.py", line 4487, in _flush
[Fri Jul 24 17:39:49.762692 2026] [wsgi:error] [pid 11:tid 140244964841152] [remote 10.0.0.153:35036] 2026-07-24 17:39:49.748 11 ERROR keystone.server.flask.application with util.safe_reraise():
[Fri Jul 24 17:39:49.762694 2026] [wsgi:error] [pid 11:tid 140244964841152] [remote 10.0.0.153:35036] 2026-07-24 17:39:49.748 11 ERROR keystone.server.flask.application
File "/var/lib/openstack/lib/python3.12/site-packages/sqlalchemy/util/langhelpers.py", line 122, in __exit__
[Fri Jul 24 17:39:49.762697 2026] [wsgi:error] [pid 11:tid 140244964841152] [remote 10.0.0.153:35036] 2026-07-24 17:39:49.748 11 ERROR keystone.server.flask.application raise exc_value.with_traceback(exc_tb)
[Fri Jul 24 17:39:49.762700 2026] [wsgi:error] [pid 11:tid 140244964841152] [remote 10.0.0.153:35036] 2026-07-24 17:39:49.748 11 ERROR keystone.server.flask.application
File "/var/lib/openstack/lib/python3.12/site-packages/sqlalchemy/orm/session.py", line 4448, in _flush
[Fri Jul 24 17:39:49.762701 2026] [wsgi:error] [pid 11:tid 140244964841152] [remote 10.0.0.153:35036] 2026-07-24 17:39:49.748 11 ERROR keystone.server.flask.application flush_context.execute()
