2026-07-14 19:02:43.212 8 INFO cinder.api.openstack.wsgi [None req-923bd996-d44b-47f9-bb87-e31b6068b0a0 12aa669d7c504fa7a8859f569c524b26 6820463cf05142f7ada503384dbf21d0 - - default default] http://10.0.0.231:8776/ returned with HTTP 300
2026-07-14 19:02:53.206 8 INFO cinder.api.openstack.wsgi [None req-923bd996-d44b-47f9-bb87-e31b6068b0a0 12aa669d7c504fa7a8859f569c524b26 6820463cf05142f7ada503384dbf21d0 - - default default] GET http://10.0.0.231:8776/
2026-07-14 19:02:53.207 8 INFO cinder.api.openstack.wsgi [None req-923bd996-d44b-47f9-bb87-e31b6068b0a0 12aa669d7c504fa7a8859f569c524b26 6820463cf05142f7ada503384dbf21d0 - - default default] http://10.0.0.231:8776/ returned with HTTP 300
2026-07-14 19:02:53.210 7 INFO cinder.api.openstack.wsgi [None req-a4029990-e8be-446e-99f7-7fc440b4dcae 12aa669d7c504fa7a8859f569c524b26 6820463cf05142f7ada503384dbf21d0 - - default default] GET http://10.0.0.231:8776/
2026-07-14 19:02:53.211 7 INFO cinder.api.openstack.wsgi [None req-a4029990-e8be-446e-99f7-7fc440b4dcae 12aa669d7c504fa7a8859f569c524b26 6820463cf05142f7ada503384dbf21d0 - - default default] http://10.0.0.231:8776/ returned with HTTP 300
2026-07-14 19:03:03.206 7 INFO cinder.api.openstack.wsgi [None req-a4029990-e8be-446e-99f7-7fc440b4dcae 12aa669d7c504fa7a8859f569c524b26 6820463cf05142f7ada503384dbf21d0 - - default default] GET http://10.0.0.231:8776/
2026-07-14 19:03:03.206 8 INFO cinder.api.openstack.wsgi [None req-923bd996-d44b-47f9-bb87-e31b6068b0a0 12aa669d7c504fa7a8859f569c524b26 6820463cf05142f7ada503384dbf21d0 - - default default] GET http://10.0.0.231:8776/
2026-07-14 19:03:03.207 7 INFO cinder.api.openstack.wsgi [None req-a4029990-e8be-446e-99f7-7fc440b4dcae 12aa669d7c504fa7a8859f569c524b26 6820463cf05142f7ada503384dbf21d0 - - default default] http://10.0.0.231:8776/ returned with HTTP 300
2026-07-14 19:03:03.207 8 INFO cinder.api.openstack.wsgi [None req-923bd996-d44b-47f9-bb87-e31b6068b0a0 12aa669d7c504fa7a8859f569c524b26 6820463cf05142f7ada503384dbf21d0 - - default default] http://10.0.0.231:8776/ returned with HTTP 300
2026-07-14 19:03:13.206 8 INFO cinder.api.openstack.wsgi [None req-923bd996-d44b-47f9-bb87-e31b6068b0a0 12aa669d7c504fa7a8859f569c524b26 6820463cf05142f7ada503384dbf21d0 - - default default] GET http://10.0.0.231:8776/
2026-07-14 19:03:13.206 7 INFO cinder.api.openstack.wsgi [None req-a4029990-e8be-446e-99f7-7fc440b4dcae 12aa669d7c504fa7a8859f569c524b26 6820463cf05142f7ada503384dbf21d0 - - default default] GET http://10.0.0.231:8776/
2026-07-14 19:03:13.207 8 INFO cinder.api.openstack.wsgi [None req-923bd996-d44b-47f9-bb87-e31b6068b0a0 12aa669d7c504fa7a8859f569c524b26 6820463cf05142f7ada503384dbf21d0 - - default default] http://10.0.0.231:8776/ returned with HTTP 300
2026-07-14 19:03:13.207 7 INFO cinder.api.openstack.wsgi [None req-a4029990-e8be-446e-99f7-7fc440b4dcae 12aa669d7c504fa7a8859f569c524b26 6820463cf05142f7ada503384dbf21d0 - - default default] http://10.0.0.231:8776/ returned with HTTP 300
2026-07-14 19:03:23.205 8 INFO cinder.api.openstack.wsgi [None req-923bd996-d44b-47f9-bb87-e31b6068b0a0 12aa669d7c504fa7a8859f569c524b26 6820463cf05142f7ada503384dbf21d0 - - default default] GET http://10.0.0.231:8776/
2026-07-14 19:03:23.206 7 INFO cinder.api.openstack.wsgi [None req-a4029990-e8be-446e-99f7-7fc440b4dcae 12aa669d7c504fa7a8859f569c524b26 6820463cf05142f7ada503384dbf21d0 - - default default] GET http://10.0.0.231:8776/
2026-07-14 19:03:23.206 8 INFO cinder.api.openstack.wsgi [None req-923bd996-d44b-47f9-bb87-e31b6068b0a0 12aa669d7c504fa7a8859f569c524b26 6820463cf05142f7ada503384dbf21d0 - - default default] http://10.0.0.231:8776/ returned with HTTP 300
2026-07-14 19:03:23.207 7 INFO cinder.api.openstack.wsgi [None req-a4029990-e8be-446e-99f7-7fc440b4dcae 12aa669d7c504fa7a8859f569c524b26 6820463cf05142f7ada503384dbf21d0 - - default default] http://10.0.0.231:8776/ returned with HTTP 300
2026-07-14 19:03:24.078 8 INFO cinder.api.openstack.wsgi [None req-2c88d171-ca80-4b58-a285-d55588bc1d67 12aa669d7c504fa7a8859f569c524b26 6820463cf05142f7ada503384dbf21d0 - - default default] GET http://cinder-api.openstack.svc.cluster.local:8776/v3/6820463cf05142f7ada503384dbf21d0/volumes/detail?all_tenants=true
2026-07-14 19:03:24.085 8 INFO cinder.volume.api [None req-2c88d171-ca80-4b58-a285-d55588bc1d67 12aa669d7c504fa7a8859f569c524b26 6820463cf05142f7ada503384dbf21d0 - - default default] Get all volumes completed successfully.
2026-07-14 19:03:24.087 8 INFO cinder.api.openstack.wsgi [None req-2c88d171-ca80-4b58-a285-d55588bc1d67 12aa669d7c504fa7a8859f569c524b26 6820463cf05142f7ada503384dbf21d0 - - default default] http://cinder-api.openstack.svc.cluster.local:8776/v3/6820463cf05142f7ada503384dbf21d0/volumes/detail?all_tenants=true returned with HTTP 200 [pid: 8|app: 0|req: 460/914] 10.0.0.212 () {28 vars in 683 bytes} [Tue Jul 14 19:03:23 2026] GET /v3/6820463cf05142f7ada503384dbf21d0/volumes/detail?all_tenants=true => generated 15 bytes in 163 msecs (HTTP/1.1 200) 7 headers in 284 bytes (1 switches on core 0)
2026-07-14 19:03:24.096 7 INFO cinder.api.openstack.wsgi [None req-44cb95dc-5e6f-4734-9b83-aaec30c0d7d7 12aa669d7c504fa7a8859f569c524b26 6820463cf05142f7ada503384dbf21d0 - - default default] GET http://cinder-api.openstack.svc.cluster.local:8776/v3/6820463cf05142f7ada503384dbf21d0/volumes/detail?all_tenants=true
2026-07-14 19:03:24.107 7 INFO cinder.volume.api [None req-44cb95dc-5e6f-4734-9b83-aaec30c0d7d7 12aa669d7c504fa7a8859f569c524b26 6820463cf05142f7ada503384dbf21d0 - - default default] Get all volumes completed successfully.
2026-07-14 19:03:24.108 7 INFO cinder.api.openstack.wsgi [None req-44cb95dc-5e6f-4734-9b83-aaec30c0d7d7 12aa669d7c504fa7a8859f569c524b26 6820463cf05142f7ada503384dbf21d0 - - default default] http://cinder-api.openstack.svc.cluster.local:8776/v3/6820463cf05142f7ada503384dbf21d0/volumes/detail?all_tenants=true returned with HTTP 200 [pid: 7|app: 0|req: 455/915] 10.0.0.212 () {28 vars in 683 bytes} [Tue Jul 14 19:03:24 2026] GET /v3/6820463cf05142f7ada503384dbf21d0/volumes/detail?all_tenants=true => generated 15 bytes in 18 msecs (HTTP/1.1 200) 7 headers in 284 bytes (1 switches on core 0)
2026-07-14 19:03:24.117 8 INFO cinder.api.openstack.wsgi [None req-1f5a6001-1fae-4756-9c70-30e951a1a190 12aa669d7c504fa7a8859f569c524b26 6820463cf05142f7ada503384dbf21d0 - - default default] GET http://cinder-api.openstack.svc.cluster.local:8776/v3/6820463cf05142f7ada503384dbf21d0/snapshots?all_tenants=true
2026-07-14 19:03:24.126 8 INFO cinder.volume.api [None req-1f5a6001-1fae-4756-9c70-30e951a1a190 12aa669d7c504fa7a8859f569c524b26 6820463cf05142f7ada503384dbf21d0 - - default default] Get all snapshots completed successfully.
2026-07-14 19:03:24.126 8 INFO cinder.api.openstack.wsgi [None req-1f5a6001-1fae-4756-9c70-30e951a1a190 12aa669d7c504fa7a8859f569c524b26 6820463cf05142f7ada503384dbf21d0 - - default default] http://cinder-api.openstack.svc.cluster.local:8776/v3/6820463cf05142f7ada503384dbf21d0/snapshots?all_tenants=true returned with HTTP 200 [pid: 8|app: 0|req: 461/916] 10.0.0.212 () {28 vars in 673 bytes} [Tue Jul 14 19:03:24 2026] GET /v3/6820463cf05142f7ada503384dbf21d0/snapshots?all_tenants=true => generated 17 bytes in 15 msecs (HTTP/1.1 200) 7 headers in 284 bytes (1 switches on core 0)
2026-07-14 19:03:24.138 7 INFO cinder.api.openstack.wsgi [None req-1151eeb4-ebfd-4081-a9bd-9dc28eb892c2 12aa669d7c504fa7a8859f569c524b26 6820463cf05142f7ada503384dbf21d0 - - default default] GET http://cinder-api.openstack.svc.cluster.local:8776/v3/6820463cf05142f7ada503384dbf21d0/os-services
2026-07-14 19:03:24.143 7 INFO cinder.api.openstack.wsgi [None req-1151eeb4-ebfd-4081-a9bd-9dc28eb892c2 12aa669d7c504fa7a8859f569c524b26 6820463cf05142f7ada503384dbf21d0 - - default default] http://cinder-api.openstack.svc.cluster.local:8776/v3/6820463cf05142f7ada503384dbf21d0/os-services returned with HTTP 200 [pid: 7|app: 0|req: 456/917] 10.0.0.212 () {28 vars in 644 bytes} [Tue Jul 14 19:03:24 2026] GET /v3/6820463cf05142f7ada503384dbf21d0/os-services => generated 646 bytes in 11 msecs (HTTP/1.1 200) 7 headers in 285 bytes (1 switches on core 0)
2026-07-14 19:03:24.155 8 INFO cinder.api.openstack.wsgi [None req-0fbdc41b-a0da-4018-8595-d0f4076d039c 12aa669d7c504fa7a8859f569c524b26 6820463cf05142f7ada503384dbf21d0 - - default default] GET http://cinder-api.openstack.svc.cluster.local:8776/v3/6820463cf05142f7ada503384dbf21d0/scheduler-stats/get_pools?detail=true
2026-07-14 19:03:24.659 8 INFO cinder.api.openstack.wsgi [None req-0fbdc41b-a0da-4018-8595-d0f4076d039c 12aa669d7c504fa7a8859f569c524b26 6820463cf05142f7ada503384dbf21d0 - - default default] http://cinder-api.openstack.svc.cluster.local:8776/v3/6820463cf05142f7ada503384dbf21d0/scheduler-stats/get_pools?detail=true returned with HTTP 200 [pid: 8|app: 0|req: 462/918] 10.0.0.212 () {28 vars in 695 bytes} [Tue Jul 14 19:03:24 2026] GET /v3/6820463cf05142f7ada503384dbf21d0/scheduler-stats/get_pools?detail=true => generated 670 bytes in 512 msecs (HTTP/1.1 200) 7 headers in 285 bytes (1 switches on core 0)
2026-07-14 19:03:24.759 7 INFO cinder.api.openstack.wsgi [None req-85a09943-5d38-436f-9ff2-e72e0db88e99 12aa669d7c504fa7a8859f569c524b26 6820463cf05142f7ada503384dbf21d0 - - default default] GET http://cinder-api.openstack.svc.cluster.local:8776/v3/6820463cf05142f7ada503384dbf21d0/os-quota-sets/0420c97819e04b03b489e9446c70e81b?usage=true
2026-07-14 19:03:24.782 7 INFO cinder.api.openstack.wsgi [None req-85a09943-5d38-436f-9ff2-e72e0db88e99 12aa669d7c504fa7a8859f569c524b26 6820463cf05142f7ada503384dbf21d0 - - default default] http://cinder-api.openstack.svc.cluster.local:8776/v3/6820463cf05142f7ada503384dbf21d0/os-quota-sets/0420c97819e04b03b489e9446c70e81b?usage=true returned with HTTP 200 [pid: 7|app: 0|req: 457/919] 10.0.0.212 () {28 vars in 735 bytes} [Tue Jul 14 19:03:24 2026] GET /v3/6820463cf05142f7ada503384dbf21d0/os-quota-sets/0420c97819e04b03b489e9446c70e81b?usage=true => generated 847 bytes in 28 msecs (HTTP/1.1 200) 7 headers in 285 bytes (1 switches on core 0)
2026-07-14 19:03:24.792 8 INFO cinder.api.openstack.wsgi [None req-011f1ccd-0179-4a23-b9a2-69f8a0ec713e 12aa669d7c504fa7a8859f569c524b26 6820463cf05142f7ada503384dbf21d0 - - default default] GET http://cinder-api.openstack.svc.cluster.local:8776/v3/6820463cf05142f7ada503384dbf21d0/os-quota-sets/1fc0380e21c64242beea89f0a7542032?usage=true
2026-07-14 19:03:24.814 8 INFO cinder.api.openstack.wsgi [None req-011f1ccd-0179-4a23-b9a2-69f8a0ec713e 12aa669d7c504fa7a8859f569c524b26 6820463cf05142f7ada503384dbf21d0 - - default default] http://cinder-api.openstack.svc.cluster.local:8776/v3/6820463cf05142f7ada503384dbf21d0/os-quota-sets/1fc0380e21c64242beea89f0a7542032?usage=true returned with HTTP 200 [pid: 8|app: 0|req: 463/920] 10.0.0.212 () {28 vars in 735 bytes} [Tue Jul 14 19:03:24 2026] GET /v3/6820463cf05142f7ada503384dbf21d0/os-quota-sets/1fc0380e21c64242beea89f0a7542032?usage=true => generated 847 bytes in 30 msecs (HTTP/1.1 200) 7 headers in 285 bytes (1 switches on core 0)
2026-07-14 19:03:24.826 7 INFO cinder.api.openstack.wsgi [None req-e7f9294e-7fcc-4767-9bd2-4b9dde576465 12aa669d7c504fa7a8859f569c524b26 6820463cf05142f7ada503384dbf21d0 - - default default] GET http://cinder-api.openstack.svc.cluster.local:8776/v3/6820463cf05142f7ada503384dbf21d0/os-quota-sets/318482c4e77c456181a00aa03df765ae?usage=true
2026-07-14 19:03:24.847 7 INFO cinder.api.openstack.wsgi [None req-e7f9294e-7fcc-4767-9bd2-4b9dde576465 12aa669d7c504fa7a8859f569c524b26 6820463cf05142f7ada503384dbf21d0 - - default default] http://cinder-api.openstack.svc.cluster.local:8776/v3/6820463cf05142f7ada503384dbf21d0/os-quota-sets/318482c4e77c456181a00aa03df765ae?usage=true returned with HTTP 200 [pid: 7|app: 0|req: 458/921] 10.0.0.212 () {28 vars in 735 bytes} [Tue Jul 14 19:03:24 2026] GET /v3/6820463cf05142f7ada503384dbf21d0/os-quota-sets/318482c4e77c456181a00aa03df765ae?usage=true => generated 847 bytes in 29 msecs (HTTP/1.1 200) 7 headers in 285 bytes (1 switches on core 0)
2026-07-14 19:03:24.859 8 INFO cinder.api.openstack.wsgi [None req-4c20ab5e-45cd-4567-a688-f02c5652bb2e 12aa669d7c504fa7a8859f569c524b26 6820463cf05142f7ada503384dbf21d0 - - default default] GET http://cinder-api.openstack.svc.cluster.local:8776/v3/6820463cf05142f7ada503384dbf21d0/os-quota-sets/415a28feea3c4d0dbe8e3a17726d6752?usage=true
2026-07-14 19:03:24.881 8 INFO cinder.api.openstack.wsgi [None req-4c20ab5e-45cd-4567-a688-f02c5652bb2e 12aa669d7c504fa7a8859f569c524b26 6820463cf05142f7ada503384dbf21d0 - - default default] http://cinder-api.openstack.svc.cluster.local:8776/v3/6820463cf05142f7ada503384dbf21d0/os-quota-sets/415a28feea3c4d0dbe8e3a17726d6752?usage=true returned with HTTP 200 [pid: 8|app: 0|req: 464/922] 10.0.0.212 () {28 vars in 735 bytes} [Tue Jul 14 19:03:24 2026] GET /v3/6820463cf05142f7ada503384dbf21d0/os-quota-sets/415a28feea3c4d0dbe8e3a17726d6752?usage=true => generated 847 bytes in 30 msecs (HTTP/1.1 200) 7 headers in 285 bytes (1 switches on core 0)
2026-07-14 19:03:24.895 7 INFO cinder.api.openstack.wsgi [None req-98af908b-5374-4987-8705-497b9da93ae9 12aa669d7c504fa7a8859f569c524b26 6820463cf05142f7ada503384dbf21d0 - - default default] GET http://cinder-api.openstack.svc.cluster.local:8776/v3/6820463cf05142f7ada503384dbf21d0/os-quota-sets/5a9547716b054dfa9063c42cbac77c06?usage=true
2026-07-14 19:03:24.916 7 INFO cinder.api.openstack.wsgi [None req-98af908b-5374-4987-8705-497b9da93ae9 12aa669d7c504fa7a8859f569c524b26 6820463cf05142f7ada503384dbf21d0 - - default default] http://cinder-api.openstack.svc.cluster.local:8776/v3/6820463cf05142f7ada503384dbf21d0/os-quota-sets/5a9547716b054dfa9063c42cbac77c06?usage=true returned with HTTP 200 [pid: 7|app: 0|req: 459/923] 10.0.0.212 () {28 vars in 735 bytes} [Tue Jul 14 19:03:24 2026] GET /v3/6820463cf05142f7ada503384dbf21d0/os-quota-sets/5a9547716b054dfa9063c42cbac77c06?usage=true => generated 847 bytes in 31 msecs (HTTP/1.1 200) 7 headers in 285 bytes (1 switches on core 0)
2026-07-14 19:03:24.931 8 INFO cinder.api.openstack.wsgi [None req-eee3d6d0-50f0-49f8-9b3a-e8cf73d50d6d 12aa669d7c504fa7a8859f569c524b26 6820463cf05142f7ada503384dbf21d0 - - default default] GET http://cinder-api.openstack.svc.cluster.local:8776/v3/6820463cf05142f7ada503384dbf21d0/os-quota-sets/5b96b9c51aff42138692f37b0ab39a9e?usage=true
2026-07-14 19:03:24.949 8 INFO cinder.api.openstack.wsgi [None req-eee3d6d0-50f0-49f8-9b3a-e8cf73d50d6d 12aa669d7c504fa7a8859f569c524b26 6820463cf05142f7ada503384dbf21d0 - - default default] http://cinder-api.openstack.svc.cluster.local:8776/v3/6820463cf05142f7ada503384dbf21d0/os-quota-sets/5b96b9c51aff42138692f37b0ab39a9e?usage=true returned with HTTP 200 [pid: 8|app: 0|req: 465/924] 10.0.0.212 () {28 vars in 735 bytes} [Tue Jul 14 19:03:24 2026] GET /v3/6820463cf05142f7ada503384dbf21d0/os-quota-sets/5b96b9c51aff42138692f37b0ab39a9e?usage=true => generated 847 bytes in 27 msecs (HTTP/1.1 200) 7 headers in 285 bytes (1 switches on core 0)
2026-07-14 19:03:24.962 7 INFO cinder.api.openstack.wsgi [None req-a466fa51-edc0-497e-a80f-16fafcb87f72 12aa669d7c504fa7a8859f569c524b26 6820463cf05142f7ada503384dbf21d0 - - default default] GET http://cinder-api.openstack.svc.cluster.local:8776/v3/6820463cf05142f7ada503384dbf21d0/os-quota-sets/6251d739360b475498f1d3b28a4ae7fc?usage=true
2026-07-14 19:03:24.982 7 INFO cinder.api.openstack.wsgi [None req-a466fa51-edc0-497e-a80f-16fafcb87f72 12aa669d7c504fa7a8859f569c524b26 6820463cf05142f7ada503384dbf21d0 - - default default] http://cinder-api.openstack.svc.cluster.local:8776/v3/6820463cf05142f7ada503384dbf21d0/os-quota-sets/6251d739360b475498f1d3b28a4ae7fc?usage=true returned with HTTP 200 [pid: 7|app: 0|req: 460/925] 10.0.0.212 () {28 vars in 735 bytes} [Tue Jul 14 19:03:24 2026] GET /v3/6820463cf05142f7ada503384dbf21d0/os-quota-sets/6251d739360b475498f1d3b28a4ae7fc?usage=true => generated 847 bytes in 29 msecs (HTTP/1.1 200) 7 headers in 285 bytes (1 switches on core 0)
2026-07-14 19:03:24.993 8 INFO cinder.api.openstack.wsgi [None req-996c88b0-39bf-43e0-85ad-093bba4a2831 12aa669d7c504fa7a8859f569c524b26 6820463cf05142f7ada503384dbf21d0 - - default default] GET http://cinder-api.openstack.svc.cluster.local:8776/v3/6820463cf05142f7ada503384dbf21d0/os-quota-sets/64401ab8a8c84ee39b47c72e8bdd8367?usage=true
2026-07-14 19:03:25.012 8 INFO cinder.api.openstack.wsgi [None req-996c88b0-39bf-43e0-85ad-093bba4a2831 12aa669d7c504fa7a8859f569c524b26 6820463cf05142f7ada503384dbf21d0 - - default default] http://cinder-api.openstack.svc.cluster.local:8776/v3/6820463cf05142f7ada503384dbf21d0/os-quota-sets/64401ab8a8c84ee39b47c72e8bdd8367?usage=true returned with HTTP 200 [pid: 8|app: 0|req: 466/926] 10.0.0.212 () {28 vars in 735 bytes} [Tue Jul 14 19:03:24 2026] GET /v3/6820463cf05142f7ada503384dbf21d0/os-quota-sets/64401ab8a8c84ee39b47c72e8bdd8367?usage=true => generated 847 bytes in 26 msecs (HTTP/1.1 200) 7 headers in 285 bytes (1 switches on core 0)
2026-07-14 19:03:25.023 7 INFO cinder.api.openstack.wsgi [None req-f7e3100d-92fe-4930-b698-cc806e886822 12aa669d7c504fa7a8859f569c524b26 6820463cf05142f7ada503384dbf21d0 - - default default] GET http://cinder-api.openstack.svc.cluster.local:8776/v3/6820463cf05142f7ada503384dbf21d0/os-quota-sets/6820463cf05142f7ada503384dbf21d0?usage=true
2026-07-14 19:03:25.045 7 INFO cinder.api.openstack.wsgi [None req-f7e3100d-92fe-4930-b698-cc806e886822 12aa669d7c504fa7a8859f569c524b26 6820463cf05142f7ada503384dbf21d0 - - default default] http://cinder-api.openstack.svc.cluster.local:8776/v3/6820463cf05142f7ada503384dbf21d0/os-quota-sets/6820463cf05142f7ada503384dbf21d0?usage=true returned with HTTP 200 [pid: 7|app: 0|req: 461/927] 10.0.0.212 () {28 vars in 735 bytes} [Tue Jul 14 19:03:25 2026] GET /v3/6820463cf05142f7ada503384dbf21d0/os-quota-sets/6820463cf05142f7ada503384dbf21d0?usage=true => generated 845 bytes in 30 msecs (HTTP/1.1 200) 7 headers in 285 bytes (1 switches on core 0)
2026-07-14 19:03:25.058 8 INFO cinder.api.openstack.wsgi [None req-8bebb59f-6674-46dd-9483-fd888e465c89 12aa669d7c504fa7a8859f569c524b26 6820463cf05142f7ada503384dbf21d0 - - default default] GET http://cinder-api.openstack.svc.cluster.local:8776/v3/6820463cf05142f7ada503384dbf21d0/os-quota-sets/99079a5c0a8a4630a92dde12e902f4fe?usage=true
2026-07-14 19:03:25.088 8 INFO cinder.api.openstack.wsgi [None req-8bebb59f-6674-46dd-9483-fd888e465c89 12aa669d7c504fa7a8859f569c524b26 6820463cf05142f7ada503384dbf21d0 - - default default] http://cinder-api.openstack.svc.cluster.local:8776/v3/6820463cf05142f7ada503384dbf21d0/os-quota-sets/99079a5c0a8a4630a92dde12e902f4fe?usage=true returned with HTTP 200 [pid: 8|app: 0|req: 467/928] 10.0.0.212 () {28 vars in 735 bytes} [Tue Jul 14 19:03:25 2026] GET /v3/6820463cf05142f7ada503384dbf21d0/os-quota-sets/99079a5c0a8a4630a92dde12e902f4fe?usage=true => generated 847 bytes in 39 msecs (HTTP/1.1 200) 7 headers in 285 bytes (1 switches on core 0)
2026-07-14 19:03:25.103 7 INFO cinder.api.openstack.wsgi [None req-da674594-5b45-42ac-a793-f50868f6f44a 12aa669d7c504fa7a8859f569c524b26 6820463cf05142f7ada503384dbf21d0 - - default default] GET http://cinder-api.openstack.svc.cluster.local:8776/v3/6820463cf05142f7ada503384dbf21d0/os-quota-sets/a2b024bbba5b415faf13e4e6e32ede16?usage=true
2026-07-14 19:03:25.127 7 INFO cinder.api.openstack.wsgi [None req-da674594-5b45-42ac-a793-f50868f6f44a 12aa669d7c504fa7a8859f569c524b26 6820463cf05142f7ada503384dbf21d0 - - default default] http://cinder-api.openstack.svc.cluster.local:8776/v3/6820463cf05142f7ada503384dbf21d0/os-quota-sets/a2b024bbba5b415faf13e4e6e32ede16?usage=true returned with HTTP 200 [pid: 7|app: 0|req: 462/929] 10.0.0.212 () {28 vars in 735 bytes} [Tue Jul 14 19:03:25 2026] GET /v3/6820463cf05142f7ada503384dbf21d0/os-quota-sets/a2b024bbba5b415faf13e4e6e32ede16?usage=true => generated 845 bytes in 34 msecs (HTTP/1.1 200) 7 headers in 285 bytes (1 switches on core 0)
2026-07-14 19:03:25.142 8 INFO cinder.api.openstack.wsgi [None req-599dd736-ff03-499f-8ae3-22f0ecd97dd1 12aa669d7c504fa7a8859f569c524b26 6820463cf05142f7ada503384dbf21d0 - - default default] GET http://cinder-api.openstack.svc.cluster.local:8776/v3/6820463cf05142f7ada503384dbf21d0/os-quota-sets/bcb336e133ba4d1f96d6df7b1165fca5?usage=true
2026-07-14 19:03:25.168 8 INFO cinder.api.openstack.wsgi [None req-599dd736-ff03-499f-8ae3-22f0ecd97dd1 12aa669d7c504fa7a8859f569c524b26 6820463cf05142f7ada503384dbf21d0 - - default default] http://cinder-api.openstack.svc.cluster.local:8776/v3/6820463cf05142f7ada503384dbf21d0/os-quota-sets/bcb336e133ba4d1f96d6df7b1165fca5?usage=true returned with HTTP 200 [pid: 8|app: 0|req: 468/930] 10.0.0.212 () {28 vars in 735 bytes} [Tue Jul 14 19:03:25 2026] GET /v3/6820463cf05142f7ada503384dbf21d0/os-quota-sets/bcb336e133ba4d1f96d6df7b1165fca5?usage=true => generated 847 bytes in 36 msecs (HTTP/1.1 200) 7 headers in 285 bytes (1 switches on core 0)
2026-07-14 19:03:25.185 7 INFO cinder.api.openstack.wsgi [None req-4cb64206-1557-4201-a053-91a5c401a802 12aa669d7c504fa7a8859f569c524b26 6820463cf05142f7ada503384dbf21d0 - - default default] GET http://cinder-api.openstack.svc.cluster.local:8776/v3/6820463cf05142f7ada503384dbf21d0/os-quota-sets/f1cb01b0cb754160bad34af9a1fb85cf?usage=true
2026-07-14 19:03:25.213 7 INFO cinder.api.openstack.wsgi [None req-4cb64206-1557-4201-a053-91a5c401a802 12aa669d7c504fa7a8859f569c524b26 6820463cf05142f7ada503384dbf21d0 - - default default] http://cinder-api.openstack.svc.cluster.local:8776/v3/6820463cf05142f7ada503384dbf21d0/os-quota-sets/f1cb01b0cb754160bad34af9a1fb85cf?usage=true returned with HTTP 200 [pid: 7|app: 0|req: 463/931] 10.0.0.212 () {28 vars in 735 bytes} [Tue Jul 14 19:03:25 2026] GET /v3/6820463cf05142f7ada503384dbf21d0/os-quota-sets/f1cb01b0cb754160bad34af9a1fb85cf?usage=true => generated 847 bytes in 35 msecs (HTTP/1.1 200) 7 headers in 285 bytes (1 switches on core 0)
2026-07-14 19:03:33.207 8 INFO cinder.api.openstack.wsgi [None req-599dd736-ff03-499f-8ae3-22f0ecd97dd1 12aa669d7c504fa7a8859f569c524b26 6820463cf05142f7ada503384dbf21d0 - - default default] GET http://10.0.0.231:8776/
2026-07-14 19:03:33.207 8 INFO cinder.api.openstack.wsgi [None req-599dd736-ff03-499f-8ae3-22f0ecd97dd1 12aa669d7c504fa7a8859f569c524b26 6820463cf05142f7ada503384dbf21d0 - - default default] http://10.0.0.231:8776/ returned with HTTP 300
2026-07-14 19:03:33.210 7 INFO cinder.api.openstack.wsgi [None req-4cb64206-1557-4201-a053-91a5c401a802 12aa669d7c504fa7a8859f569c524b26 6820463cf05142f7ada503384dbf21d0 - - default default] GET http://10.0.0.231:8776/
2026-07-14 19:03:33.211 7 INFO cinder.api.openstack.wsgi [None req-4cb64206-1557-4201-a053-91a5c401a802 12aa669d7c504fa7a8859f569c524b26 6820463cf05142f7ada503384dbf21d0 - - default default] http://10.0.0.231:8776/ returned with HTTP 300
2026-07-14 19:03:39.378 8 INFO cinder.api.openstack.wsgi [None req-1d5df5c0-7559-42b8-beeb-64487e05756b 12aa669d7c504fa7a8859f569c524b26 6820463cf05142f7ada503384dbf21d0 - - default default] POST http://cinder-api.openstack.svc.cluster.local:8776/v3/6820463cf05142f7ada503384dbf21d0/volumes
2026-07-14 19:03:39.505 8 INFO cinder.api.v3.volumes [None req-1d5df5c0-7559-42b8-beeb-64487e05756b 12aa669d7c504fa7a8859f569c524b26 6820463cf05142f7ada503384dbf21d0 - - default default] Create volume of 16 GB
2026-07-14 19:03:39.511 8 INFO cinder.volume.api [None req-1d5df5c0-7559-42b8-beeb-64487e05756b 12aa669d7c504fa7a8859f569c524b26 6820463cf05142f7ada503384dbf21d0 - - default default] Availability Zones retrieved successfully.
2026-07-14 19:03:39.738 8 INFO cinder.volume.api [None req-1d5df5c0-7559-42b8-beeb-64487e05756b 12aa669d7c504fa7a8859f569c524b26 6820463cf05142f7ada503384dbf21d0 - - default default] Create volume request issued successfully.
2026-07-14 19:03:39.739 8 INFO cinder.api.openstack.wsgi [None req-1d5df5c0-7559-42b8-beeb-64487e05756b 12aa669d7c504fa7a8859f569c524b26 6820463cf05142f7ada503384dbf21d0 - - default default] http://cinder-api.openstack.svc.cluster.local:8776/v3/6820463cf05142f7ada503384dbf21d0/volumes returned with HTTP 202 [pid: 8|app: 0|req: 470/934] 199.19.213.157 () {34 vars in 733 bytes} [Tue Jul 14 19:03:39 2026] POST /v3/6820463cf05142f7ada503384dbf21d0/volumes => generated 846 bytes in 463 msecs (HTTP/1.1 202) 7 headers in 291 bytes (1 switches on core 0)
2026-07-14 19:03:39.757 7 INFO cinder.api.openstack.wsgi [req-1d5df5c0-7559-42b8-beeb-64487e05756b req-806c0965-71fc-4de7-92a8-5688470cb5b0 12aa669d7c504fa7a8859f569c524b26 6820463cf05142f7ada503384dbf21d0 - - default default] GET http://cinder-api.openstack.svc.cluster.local:8776/v3/6820463cf05142f7ada503384dbf21d0/volumes/675784e3-96dd-4aa3-a000-88bab85f351e /var/lib/openstack/lib/python3.12/site-packages/oslo_context/context.py:100: DeprecationWarning: Policy enforcement is depending on the value of is_admin. This key is deprecated. Please update your policy file to use the standard policy values. warnings.warn('Policy enforcement is depending on the value of '
2026-07-14 19:03:39.787 7 INFO cinder.volume.api [req-1d5df5c0-7559-42b8-beeb-64487e05756b req-806c0965-71fc-4de7-92a8-5688470cb5b0 12aa669d7c504fa7a8859f569c524b26 6820463cf05142f7ada503384dbf21d0 - - default default] Volume info retrieved successfully.
2026-07-14 19:03:39.791 7 INFO cinder.api.openstack.wsgi [req-1d5df5c0-7559-42b8-beeb-64487e05756b req-806c0965-71fc-4de7-92a8-5688470cb5b0 12aa669d7c504fa7a8859f569c524b26 6820463cf05142f7ada503384dbf21d0 - - default default] http://cinder-api.openstack.svc.cluster.local:8776/v3/6820463cf05142f7ada503384dbf21d0/volumes/675784e3-96dd-4aa3-a000-88bab85f351e returned with HTTP 200 [pid: 7|app: 0|req: 465/935] 199.19.213.157 () {32 vars in 824 bytes} [Tue Jul 14 19:03:39 2026] GET /v3/6820463cf05142f7ada503384dbf21d0/volumes/675784e3-96dd-4aa3-a000-88bab85f351e => generated 1025 bytes in 41 msecs (HTTP/1.1 200) 7 headers in 286 bytes (1 switches on core 0)
2026-07-14 19:03:43.207 8 INFO cinder.api.openstack.wsgi [None req-1d5df5c0-7559-42b8-beeb-64487e05756b 12aa669d7c504fa7a8859f569c524b26 6820463cf05142f7ada503384dbf21d0 - - default default] GET http://10.0.0.231:8776/
2026-07-14 19:03:43.208 8 INFO cinder.api.openstack.wsgi [None req-1d5df5c0-7559-42b8-beeb-64487e05756b 12aa669d7c504fa7a8859f569c524b26 6820463cf05142f7ada503384dbf21d0 - - default default] http://10.0.0.231:8776/ returned with HTTP 300
2026-07-14 19:03:43.209 7 INFO cinder.api.openstack.wsgi [req-1d5df5c0-7559-42b8-beeb-64487e05756b req-806c0965-71fc-4de7-92a8-5688470cb5b0 12aa669d7c504fa7a8859f569c524b26 6820463cf05142f7ada503384dbf21d0 - - default default] GET http://10.0.0.231:8776/
2026-07-14 19:03:43.210 7 INFO cinder.api.openstack.wsgi [req-1d5df5c0-7559-42b8-beeb-64487e05756b req-806c0965-71fc-4de7-92a8-5688470cb5b0 12aa669d7c504fa7a8859f569c524b26 6820463cf05142f7ada503384dbf21d0 - - default default] http://10.0.0.231:8776/ returned with HTTP 300 /var/lib/openstack/lib/python3.12/site-packages/pycadf/identifier.py:70: UserWarning: Invalid uuid: cinderv3. To ensure interoperability, identifiers should be a valid uuid. warnings.warn(('Invalid uuid: %s. To ensure interoperability, '
2026-07-14 19:03:44.808 8 INFO cinder.api.openstack.wsgi [req-1d5df5c0-7559-42b8-beeb-64487e05756b req-f1bcb01d-e489-4cfd-8c8f-cc6dbe8684f9 12aa669d7c504fa7a8859f569c524b26 6820463cf05142f7ada503384dbf21d0 - - default default] GET http://cinder-api.openstack.svc.cluster.local:8776/v3/6820463cf05142f7ada503384dbf21d0/volumes/675784e3-96dd-4aa3-a000-88bab85f351e /var/lib/openstack/lib/python3.12/site-packages/oslo_context/context.py:100: DeprecationWarning: Policy enforcement is depending on the value of is_admin. This key is deprecated. Please update your policy file to use the standard policy values. warnings.warn('Policy enforcement is depending on the value of '
2026-07-14 19:03:44.822 8 INFO cinder.volume.api [req-1d5df5c0-7559-42b8-beeb-64487e05756b req-f1bcb01d-e489-4cfd-8c8f-cc6dbe8684f9 12aa669d7c504fa7a8859f569c524b26 6820463cf05142f7ada503384dbf21d0 - - default default] Volume info retrieved successfully.
2026-07-14 19:03:44.828 8 INFO cinder.api.openstack.wsgi [req-1d5df5c0-7559-42b8-beeb-64487e05756b req-f1bcb01d-e489-4cfd-8c8f-cc6dbe8684f9 12aa669d7c504fa7a8859f569c524b26 6820463cf05142f7ada503384dbf21d0 - - default default] http://cinder-api.openstack.svc.cluster.local:8776/v3/6820463cf05142f7ada503384dbf21d0/volumes/675784e3-96dd-4aa3-a000-88bab85f351e returned with HTTP 200 [pid: 8|app: 0|req: 472/938] 199.19.213.157 () {32 vars in 824 bytes} [Tue Jul 14 19:03:44 2026] GET /v3/6820463cf05142f7ada503384dbf21d0/volumes/675784e3-96dd-4aa3-a000-88bab85f351e => generated 1675 bytes in 28 msecs (HTTP/1.1 200) 7 headers in 286 bytes (1 switches on core 0) /var/lib/openstack/lib/python3.12/site-packages/pycadf/identifier.py:70: UserWarning: Invalid uuid: cinderv3. To ensure interoperability, identifiers should be a valid uuid. warnings.warn(('Invalid uuid: %s. To ensure interoperability, '
2026-07-14 19:03:45.350 7 INFO cinder.api.openstack.wsgi [req-c183cd17-5489-4dfb-acbd-14f88dd34fb9 req-6c11f0b3-4e1e-455f-96e2-3a49c2d7d207 12aa669d7c504fa7a8859f569c524b26 6820463cf05142f7ada503384dbf21d0 - - default default] GET http://cinder-api.openstack.svc.cluster.local:8776/v3/6820463cf05142f7ada503384dbf21d0/volumes/675784e3-96dd-4aa3-a000-88bab85f351e /var/lib/openstack/lib/python3.12/site-packages/oslo_context/context.py:100: DeprecationWarning: Policy enforcement is depending on the value of is_admin. This key is deprecated. Please update your policy file to use the standard policy values. warnings.warn('Policy enforcement is depending on the value of '
2026-07-14 19:03:45.365 7 INFO cinder.volume.api [req-c183cd17-5489-4dfb-acbd-14f88dd34fb9 req-6c11f0b3-4e1e-455f-96e2-3a49c2d7d207 12aa669d7c504fa7a8859f569c524b26 6820463cf05142f7ada503384dbf21d0 - - default default] Volume info retrieved successfully.
2026-07-14 19:03:45.370 7 INFO cinder.api.openstack.wsgi [req-c183cd17-5489-4dfb-acbd-14f88dd34fb9 req-6c11f0b3-4e1e-455f-96e2-3a49c2d7d207 12aa669d7c504fa7a8859f569c524b26 6820463cf05142f7ada503384dbf21d0 - - default default] http://cinder-api.openstack.svc.cluster.local:8776/v3/6820463cf05142f7ada503384dbf21d0/volumes/675784e3-96dd-4aa3-a000-88bab85f351e returned with HTTP 200 [pid: 7|app: 0|req: 467/939] 10.0.0.68 () {34 vars in 1026 bytes} [Tue Jul 14 19:03:45 2026] GET /v3/6820463cf05142f7ada503384dbf21d0/volumes/675784e3-96dd-4aa3-a000-88bab85f351e => generated 1675 bytes in 26 msecs (HTTP/1.1 200) 7 headers in 286 bytes (1 switches on core 0) /var/lib/openstack/lib/python3.12/site-packages/pycadf/identifier.py:70: UserWarning: Invalid uuid: cinderv3. To ensure interoperability, identifiers should be a valid uuid. warnings.warn(('Invalid uuid: %s. To ensure interoperability, '
2026-07-14 19:03:45.747 8 INFO cinder.api.openstack.wsgi [req-c183cd17-5489-4dfb-acbd-14f88dd34fb9 req-40be4317-224c-435e-8de8-a97b565a3abd 12aa669d7c504fa7a8859f569c524b26 6820463cf05142f7ada503384dbf21d0 - - default default] GET http://cinder-api.openstack.svc.cluster.local:8776/v3/6820463cf05142f7ada503384dbf21d0/volumes/675784e3-96dd-4aa3-a000-88bab85f351e /var/lib/openstack/lib/python3.12/site-packages/oslo_context/context.py:100: DeprecationWarning: Policy enforcement is depending on the value of is_admin. This key is deprecated. Please update your policy file to use the standard policy values. warnings.warn('Policy enforcement is depending on the value of '
2026-07-14 19:03:45.768 8 INFO cinder.volume.api [req-c183cd17-5489-4dfb-acbd-14f88dd34fb9 req-40be4317-224c-435e-8de8-a97b565a3abd 12aa669d7c504fa7a8859f569c524b26 6820463cf05142f7ada503384dbf21d0 - - default default] Volume info retrieved successfully.
2026-07-14 19:03:45.773 8 INFO cinder.api.openstack.wsgi [req-c183cd17-5489-4dfb-acbd-14f88dd34fb9 req-40be4317-224c-435e-8de8-a97b565a3abd 12aa669d7c504fa7a8859f569c524b26 6820463cf05142f7ada503384dbf21d0 - - default default] http://cinder-api.openstack.svc.cluster.local:8776/v3/6820463cf05142f7ada503384dbf21d0/volumes/675784e3-96dd-4aa3-a000-88bab85f351e returned with HTTP 200 [pid: 8|app: 0|req: 473/940] 10.0.0.68 () {34 vars in 1026 bytes} [Tue Jul 14 19:03:45 2026] GET /v3/6820463cf05142f7ada503384dbf21d0/volumes/675784e3-96dd-4aa3-a000-88bab85f351e => generated 1675 bytes in 34 msecs (HTTP/1.1 200) 7 headers in 286 bytes (1 switches on core 0)
2026-07-14 19:03:45.786 7 INFO cinder.api.openstack.wsgi [req-c183cd17-5489-4dfb-acbd-14f88dd34fb9 req-6c11f0b3-4e1e-455f-96e2-3a49c2d7d207 12aa669d7c504fa7a8859f569c524b26 6820463cf05142f7ada503384dbf21d0 - - default default] GET http://cinder-api.openstack.svc.cluster.local:8776/
2026-07-14 19:03:45.788 7 INFO cinder.api.openstack.wsgi [req-c183cd17-5489-4dfb-acbd-14f88dd34fb9 req-6c11f0b3-4e1e-455f-96e2-3a49c2d7d207 12aa669d7c504fa7a8859f569c524b26 6820463cf05142f7ada503384dbf21d0 - - default default] http://cinder-api.openstack.svc.cluster.local:8776/ returned with HTTP 300 [pid: 7|app: 0|req: 468/941] 10.0.0.68 () {32 vars in 827 bytes} [Tue Jul 14 19:03:45 2026] GET / => generated 411 bytes in 3 msecs (HTTP/1.1 300) 5 headers in 169 bytes (1 switches on core 0) /var/lib/openstack/lib/python3.12/site-packages/pycadf/identifier.py:70: UserWarning: Invalid uuid: cinderv3. To ensure interoperability, identifiers should be a valid uuid. warnings.warn(('Invalid uuid: %s. To ensure interoperability, '
2026-07-14 19:03:45.802 8 INFO cinder.api.openstack.wsgi [req-c183cd17-5489-4dfb-acbd-14f88dd34fb9 req-0d1cd5fc-fce4-451b-bc72-fafeba392080 12aa669d7c504fa7a8859f569c524b26 6820463cf05142f7ada503384dbf21d0 - - default default] POST http://cinder-api.openstack.svc.cluster.local:8776/v3/6820463cf05142f7ada503384dbf21d0/attachments /var/lib/openstack/lib/python3.12/site-packages/oslo_context/context.py:100: DeprecationWarning: Policy enforcement is depending on the value of is_admin. This key is deprecated. Please update your policy file to use the standard policy values. warnings.warn('Policy enforcement is depending on the value of '
2026-07-14 19:03:45.850 8 INFO cinder.api.openstack.wsgi [req-c183cd17-5489-4dfb-acbd-14f88dd34fb9 req-0d1cd5fc-fce4-451b-bc72-fafeba392080 12aa669d7c504fa7a8859f569c524b26 6820463cf05142f7ada503384dbf21d0 - - default default] http://cinder-api.openstack.svc.cluster.local:8776/v3/6820463cf05142f7ada503384dbf21d0/attachments returned with HTTP 200 [pid: 8|app: 0|req: 474/942] 10.0.0.68 () {40 vars in 1055 bytes} [Tue Jul 14 19:03:45 2026] POST /v3/6820463cf05142f7ada503384dbf21d0/attachments => generated 273 bytes in 58 msecs (HTTP/1.1 200) 7 headers in 286 bytes (1 switches on core 0) /var/lib/openstack/lib/python3.12/site-packages/pycadf/identifier.py:70: UserWarning: Invalid uuid: cinderv3. To ensure interoperability, identifiers should be a valid uuid. warnings.warn(('Invalid uuid: %s. To ensure interoperability, '
2026-07-14 19:03:49.217 7 INFO cinder.api.openstack.wsgi [req-1d5df5c0-7559-42b8-beeb-64487e05756b req-70dac79f-7585-4df7-ad15-c15577afb96e 12aa669d7c504fa7a8859f569c524b26 6820463cf05142f7ada503384dbf21d0 - - default default] GET http://cinder-api.openstack.svc.cluster.local:8776/v3/6820463cf05142f7ada503384dbf21d0/volumes/675784e3-96dd-4aa3-a000-88bab85f351e /var/lib/openstack/lib/python3.12/site-packages/oslo_context/context.py:100: DeprecationWarning: Policy enforcement is depending on the value of is_admin. This key is deprecated. Please update your policy file to use the standard policy values. warnings.warn('Policy enforcement is depending on the value of '
2026-07-14 19:03:49.232 7 INFO cinder.volume.api [req-1d5df5c0-7559-42b8-beeb-64487e05756b req-70dac79f-7585-4df7-ad15-c15577afb96e 12aa669d7c504fa7a8859f569c524b26 6820463cf05142f7ada503384dbf21d0 - - default default] Volume info retrieved successfully.
2026-07-14 19:03:49.235 7 INFO cinder.api.openstack.wsgi [req-1d5df5c0-7559-42b8-beeb-64487e05756b req-70dac79f-7585-4df7-ad15-c15577afb96e 12aa669d7c504fa7a8859f569c524b26 6820463cf05142f7ada503384dbf21d0 - - default default] http://cinder-api.openstack.svc.cluster.local:8776/v3/6820463cf05142f7ada503384dbf21d0/volumes/675784e3-96dd-4aa3-a000-88bab85f351e returned with HTTP 200 [pid: 7|app: 0|req: 469/943] 199.19.213.157 () {32 vars in 824 bytes} [Tue Jul 14 19:03:49 2026] GET /v3/6820463cf05142f7ada503384dbf21d0/volumes/675784e3-96dd-4aa3-a000-88bab85f351e => generated 1674 bytes in 24 msecs (HTTP/1.1 200) 7 headers in 286 bytes (1 switches on core 0)
2026-07-14 19:03:51.245 8 INFO cinder.api.openstack.wsgi [req-c183cd17-5489-4dfb-acbd-14f88dd34fb9 req-0d1cd5fc-fce4-451b-bc72-fafeba392080 12aa669d7c504fa7a8859f569c524b26 6820463cf05142f7ada503384dbf21d0 - - default default] GET http://cinder-api.openstack.svc.cluster.local:8776/
2026-07-14 19:03:51.246 8 INFO cinder.api.openstack.wsgi [req-c183cd17-5489-4dfb-acbd-14f88dd34fb9 req-0d1cd5fc-fce4-451b-bc72-fafeba392080 12aa669d7c504fa7a8859f569c524b26 6820463cf05142f7ada503384dbf21d0 - - default default] http://cinder-api.openstack.svc.cluster.local:8776/ returned with HTTP 300 [pid: 8|app: 0|req: 475/944] 199.19.213.157 () {32 vars in 839 bytes} [Tue Jul 14 19:03:51 2026] GET / => generated 411 bytes in 2 msecs (HTTP/1.1 300) 5 headers in 169 bytes (1 switches on core 0) /var/lib/openstack/lib/python3.12/site-packages/pycadf/identifier.py:70: UserWarning: Invalid uuid: cinderv3. To ensure interoperability, identifiers should be a valid uuid. warnings.warn(('Invalid uuid: %s. To ensure interoperability, '
2026-07-14 19:03:51.257 7 INFO cinder.api.openstack.wsgi [req-c183cd17-5489-4dfb-acbd-14f88dd34fb9 req-0e58bc18-4399-4877-b32b-b62aad62bc81 12aa669d7c504fa7a8859f569c524b26 6820463cf05142f7ada503384dbf21d0 - - default default] GET http://cinder-api.openstack.svc.cluster.local:8776/v3/6820463cf05142f7ada503384dbf21d0/volumes/675784e3-96dd-4aa3-a000-88bab85f351e /var/lib/openstack/lib/python3.12/site-packages/oslo_context/context.py:100: DeprecationWarning: Policy enforcement is depending on the value of is_admin. This key is deprecated. Please update your policy file to use the standard policy values. warnings.warn('Policy enforcement is depending on the value of '
2026-07-14 19:03:51.272 7 INFO cinder.volume.api [req-c183cd17-5489-4dfb-acbd-14f88dd34fb9 req-0e58bc18-4399-4877-b32b-b62aad62bc81 12aa669d7c504fa7a8859f569c524b26 6820463cf05142f7ada503384dbf21d0 - - default default] Volume info retrieved successfully.
2026-07-14 19:03:51.278 7 INFO cinder.api.openstack.wsgi [req-c183cd17-5489-4dfb-acbd-14f88dd34fb9 req-0e58bc18-4399-4877-b32b-b62aad62bc81 12aa669d7c504fa7a8859f569c524b26 6820463cf05142f7ada503384dbf21d0 - - default default] http://cinder-api.openstack.svc.cluster.local:8776/v3/6820463cf05142f7ada503384dbf21d0/volumes/675784e3-96dd-4aa3-a000-88bab85f351e returned with HTTP 200 [pid: 7|app: 0|req: 470/945] 199.19.213.157 () {36 vars in 1072 bytes} [Tue Jul 14 19:03:51 2026] GET /v3/6820463cf05142f7ada503384dbf21d0/volumes/675784e3-96dd-4aa3-a000-88bab85f351e => generated 1898 bytes in 29 msecs (HTTP/1.1 200) 7 headers in 287 bytes (1 switches on core 0) /var/lib/openstack/lib/python3.12/site-packages/pycadf/identifier.py:70: UserWarning: Invalid uuid: cinderv3. To ensure interoperability, identifiers should be a valid uuid. warnings.warn(('Invalid uuid: %s. To ensure interoperability, '
2026-07-14 19:03:51.348 8 INFO cinder.api.openstack.wsgi [req-c183cd17-5489-4dfb-acbd-14f88dd34fb9 req-b29f0425-87af-47b9-894e-3ffbc2c563a8 12aa669d7c504fa7a8859f569c524b26 6820463cf05142f7ada503384dbf21d0 - - default default] PUT http://cinder-api.openstack.svc.cluster.local:8776/v3/6820463cf05142f7ada503384dbf21d0/attachments/c37b04a2-d600-44f0-a7e3-4dc054ef0c0a /var/lib/openstack/lib/python3.12/site-packages/oslo_context/context.py:100: DeprecationWarning: Policy enforcement is depending on the value of is_admin. This key is deprecated. Please update your policy file to use the standard policy values. warnings.warn('Policy enforcement is depending on the value of ' /var/lib/openstack/lib/python3.12/site-packages/pycadf/identifier.py:70: UserWarning: Invalid uuid: cinderv3. To ensure interoperability, identifiers should be a valid uuid. warnings.warn(('Invalid uuid: %s. To ensure interoperability, '
2026-07-14 19:03:52.158 7 INFO cinder.api.openstack.wsgi [req-1d5df5c0-7559-42b8-beeb-64487e05756b req-747036ad-74e3-4436-9f3b-2eed08ed4977 12aa669d7c504fa7a8859f569c524b26 6820463cf05142f7ada503384dbf21d0 - - default default] GET http://cinder-api.openstack.svc.cluster.local:8776/v3/6820463cf05142f7ada503384dbf21d0/volumes/675784e3-96dd-4aa3-a000-88bab85f351e /var/lib/openstack/lib/python3.12/site-packages/oslo_context/context.py:100: DeprecationWarning: Policy enforcement is depending on the value of is_admin. This key is deprecated. Please update your policy file to use the standard policy values. warnings.warn('Policy enforcement is depending on the value of '
2026-07-14 19:03:52.172 7 INFO cinder.volume.api [req-1d5df5c0-7559-42b8-beeb-64487e05756b req-747036ad-74e3-4436-9f3b-2eed08ed4977 12aa669d7c504fa7a8859f569c524b26 6820463cf05142f7ada503384dbf21d0 - - default default] Volume info retrieved successfully.
2026-07-14 19:03:52.176 7 INFO cinder.api.openstack.wsgi [req-1d5df5c0-7559-42b8-beeb-64487e05756b req-747036ad-74e3-4436-9f3b-2eed08ed4977 12aa669d7c504fa7a8859f569c524b26 6820463cf05142f7ada503384dbf21d0 - - default default] http://cinder-api.openstack.svc.cluster.local:8776/v3/6820463cf05142f7ada503384dbf21d0/volumes/675784e3-96dd-4aa3-a000-88bab85f351e returned with HTTP 200 [pid: 7|app: 0|req: 471/946] 199.19.213.157 () {32 vars in 824 bytes} [Tue Jul 14 19:03:52 2026] GET /v3/6820463cf05142f7ada503384dbf21d0/volumes/675784e3-96dd-4aa3-a000-88bab85f351e => generated 1675 bytes in 23 msecs (HTTP/1.1 200) 7 headers in 286 bytes (1 switches on core 0)
2026-07-14 19:03:52.385 8 INFO cinder.api.openstack.wsgi [req-c183cd17-5489-4dfb-acbd-14f88dd34fb9 req-b29f0425-87af-47b9-894e-3ffbc2c563a8 12aa669d7c504fa7a8859f569c524b26 6820463cf05142f7ada503384dbf21d0 - - default default] http://cinder-api.openstack.svc.cluster.local:8776/v3/6820463cf05142f7ada503384dbf21d0/attachments/c37b04a2-d600-44f0-a7e3-4dc054ef0c0a returned with HTTP 200 [pid: 8|app: 0|req: 476/947] 199.19.213.157 () {40 vars in 1134 bytes} [Tue Jul 14 19:03:51 2026] PUT /v3/6820463cf05142f7ada503384dbf21d0/attachments/c37b04a2-d600-44f0-a7e3-4dc054ef0c0a => generated 802 bytes in 1044 msecs (HTTP/1.1 200) 7 headers in 286 bytes (1 switches on core 0) /var/lib/openstack/lib/python3.12/site-packages/pycadf/identifier.py:70: UserWarning: Invalid uuid: cinderv3. To ensure interoperability, identifiers should be a valid uuid. warnings.warn(('Invalid uuid: %s. To ensure interoperability, '
2026-07-14 19:03:52.902 7 INFO cinder.api.openstack.wsgi [req-c183cd17-5489-4dfb-acbd-14f88dd34fb9 req-554b9a80-8e47-4251-a18c-18264f337c1c 12aa669d7c504fa7a8859f569c524b26 6820463cf05142f7ada503384dbf21d0 - - default default] POST http://cinder-api.openstack.svc.cluster.local:8776/v3/6820463cf05142f7ada503384dbf21d0/attachments/c37b04a2-d600-44f0-a7e3-4dc054ef0c0a/action /var/lib/openstack/lib/python3.12/site-packages/oslo_context/context.py:100: DeprecationWarning: Policy enforcement is depending on the value of is_admin. This key is deprecated. Please update your policy file to use the standard policy values. warnings.warn('Policy enforcement is depending on the value of '
2026-07-14 19:03:52.929 7 INFO cinder.api.openstack.wsgi [req-c183cd17-5489-4dfb-acbd-14f88dd34fb9 req-554b9a80-8e47-4251-a18c-18264f337c1c 12aa669d7c504fa7a8859f569c524b26 6820463cf05142f7ada503384dbf21d0 - - default default] http://cinder-api.openstack.svc.cluster.local:8776/v3/6820463cf05142f7ada503384dbf21d0/attachments/c37b04a2-d600-44f0-a7e3-4dc054ef0c0a/action returned with HTTP 204 [pid: 7|app: 0|req: 472/948] 199.19.213.157 () {40 vars in 1147 bytes} [Tue Jul 14 19:03:52 2026] POST /v3/6820463cf05142f7ada503384dbf21d0/attachments/c37b04a2-d600-44f0-a7e3-4dc054ef0c0a/action => generated 0 bytes in 34 msecs (HTTP/1.1 204) 7 headers in 292 bytes (1 switches on core 0)
2026-07-14 19:03:53.206 7 INFO cinder.api.openstack.wsgi [req-c183cd17-5489-4dfb-acbd-14f88dd34fb9 req-554b9a80-8e47-4251-a18c-18264f337c1c 12aa669d7c504fa7a8859f569c524b26 6820463cf05142f7ada503384dbf21d0 - - default default] GET http://10.0.0.231:8776/
2026-07-14 19:03:53.207 8 INFO cinder.api.openstack.wsgi [req-c183cd17-5489-4dfb-acbd-14f88dd34fb9 req-b29f0425-87af-47b9-894e-3ffbc2c563a8 12aa669d7c504fa7a8859f569c524b26 6820463cf05142f7ada503384dbf21d0 - - default default] GET http://10.0.0.231:8776/
2026-07-14 19:03:53.207 7 INFO cinder.api.openstack.wsgi [req-c183cd17-5489-4dfb-acbd-14f88dd34fb9 req-554b9a80-8e47-4251-a18c-18264f337c1c 12aa669d7c504fa7a8859f569c524b26 6820463cf05142f7ada503384dbf21d0 - - default default] http://10.0.0.231:8776/ returned with HTTP 300
2026-07-14 19:03:53.208 8 INFO cinder.api.openstack.wsgi [req-c183cd17-5489-4dfb-acbd-14f88dd34fb9 req-b29f0425-87af-47b9-894e-3ffbc2c563a8 12aa669d7c504fa7a8859f569c524b26 6820463cf05142f7ada503384dbf21d0 - - default default] http://10.0.0.231:8776/ returned with HTTP 300 /var/lib/openstack/lib/python3.12/site-packages/pycadf/identifier.py:70: UserWarning: Invalid uuid: cinderv3. To ensure interoperability, identifiers should be a valid uuid. warnings.warn(('Invalid uuid: %s. To ensure interoperability, '
2026-07-14 19:03:54.953 7 INFO cinder.api.openstack.wsgi [req-1d5df5c0-7559-42b8-beeb-64487e05756b req-aa8198ff-dbc0-40fe-b0a1-7897921e6711 12aa669d7c504fa7a8859f569c524b26 6820463cf05142f7ada503384dbf21d0 - - default default] GET http://cinder-api.openstack.svc.cluster.local:8776/v3/6820463cf05142f7ada503384dbf21d0/volumes/675784e3-96dd-4aa3-a000-88bab85f351e /var/lib/openstack/lib/python3.12/site-packages/oslo_context/context.py:100: DeprecationWarning: Policy enforcement is depending on the value of is_admin. This key is deprecated. Please update your policy file to use the standard policy values. warnings.warn('Policy enforcement is depending on the value of '
2026-07-14 19:03:54.969 7 INFO cinder.volume.api [req-1d5df5c0-7559-42b8-beeb-64487e05756b req-aa8198ff-dbc0-40fe-b0a1-7897921e6711 12aa669d7c504fa7a8859f569c524b26 6820463cf05142f7ada503384dbf21d0 - - default default] Volume info retrieved successfully.
2026-07-14 19:03:54.973 7 INFO cinder.api.openstack.wsgi [req-1d5df5c0-7559-42b8-beeb-64487e05756b req-aa8198ff-dbc0-40fe-b0a1-7897921e6711 12aa669d7c504fa7a8859f569c524b26 6820463cf05142f7ada503384dbf21d0 - - default default] http://cinder-api.openstack.svc.cluster.local:8776/v3/6820463cf05142f7ada503384dbf21d0/volumes/675784e3-96dd-4aa3-a000-88bab85f351e returned with HTTP 200 [pid: 7|app: 0|req: 474/951] 199.19.213.157 () {32 vars in 824 bytes} [Tue Jul 14 19:03:54 2026] GET /v3/6820463cf05142f7ada503384dbf21d0/volumes/675784e3-96dd-4aa3-a000-88bab85f351e => generated 1973 bytes in 24 msecs (HTTP/1.1 200) 7 headers in 286 bytes (1 switches on core 0) /var/lib/openstack/lib/python3.12/site-packages/pycadf/identifier.py:70: UserWarning: Invalid uuid: cinderv3. To ensure interoperability, identifiers should be a valid uuid. warnings.warn(('Invalid uuid: %s. To ensure interoperability, '
2026-07-14 19:03:58.112 8 INFO cinder.api.openstack.wsgi [req-1d5df5c0-7559-42b8-beeb-64487e05756b req-e2bc39fb-9190-4c9c-9019-d13d4a30e2cb 12aa669d7c504fa7a8859f569c524b26 6820463cf05142f7ada503384dbf21d0 - - default default] GET http://cinder-api.openstack.svc.cluster.local:8776/v3/6820463cf05142f7ada503384dbf21d0/volumes/675784e3-96dd-4aa3-a000-88bab85f351e /var/lib/openstack/lib/python3.12/site-packages/oslo_context/context.py:100: DeprecationWarning: Policy enforcement is depending on the value of is_admin. This key is deprecated. Please update your policy file to use the standard policy values. warnings.warn('Policy enforcement is depending on the value of '
2026-07-14 19:03:58.280 8 INFO cinder.volume.api [req-1d5df5c0-7559-42b8-beeb-64487e05756b req-e2bc39fb-9190-4c9c-9019-d13d4a30e2cb 12aa669d7c504fa7a8859f569c524b26 6820463cf05142f7ada503384dbf21d0 - - default default] Volume info retrieved successfully.
2026-07-14 19:03:58.285 8 INFO cinder.api.openstack.wsgi [req-1d5df5c0-7559-42b8-beeb-64487e05756b req-e2bc39fb-9190-4c9c-9019-d13d4a30e2cb 12aa669d7c504fa7a8859f569c524b26 6820463cf05142f7ada503384dbf21d0 - - default default] http://cinder-api.openstack.svc.cluster.local:8776/v3/6820463cf05142f7ada503384dbf21d0/volumes/675784e3-96dd-4aa3-a000-88bab85f351e returned with HTTP 200 [pid: 8|app: 0|req: 478/952] 199.19.213.157 () {32 vars in 824 bytes} [Tue Jul 14 19:03:58 2026] GET /v3/6820463cf05142f7ada503384dbf21d0/volumes/675784e3-96dd-4aa3-a000-88bab85f351e => generated 1973 bytes in 181 msecs (HTTP/1.1 200) 7 headers in 286 bytes (1 switches on core 0) /var/lib/openstack/lib/python3.12/site-packages/pycadf/identifier.py:70: UserWarning: Invalid uuid: cinderv3. To ensure interoperability, identifiers should be a valid uuid. warnings.warn(('Invalid uuid: %s. To ensure interoperability, '
2026-07-14 19:04:01.154 7 INFO cinder.api.openstack.wsgi [req-1d5df5c0-7559-42b8-beeb-64487e05756b req-79da35bc-4a95-448f-ab45-9c5f569830be 12aa669d7c504fa7a8859f569c524b26 6820463cf05142f7ada503384dbf21d0 - - default default] GET http://cinder-api.openstack.svc.cluster.local:8776/v3/6820463cf05142f7ada503384dbf21d0/volumes/675784e3-96dd-4aa3-a000-88bab85f351e /var/lib/openstack/lib/python3.12/site-packages/oslo_context/context.py:100: DeprecationWarning: Policy enforcement is depending on the value of is_admin. This key is deprecated. Please update your policy file to use the standard policy values. warnings.warn('Policy enforcement is depending on the value of '
2026-07-14 19:04:01.170 7 INFO cinder.volume.api [req-1d5df5c0-7559-42b8-beeb-64487e05756b req-79da35bc-4a95-448f-ab45-9c5f569830be 12aa669d7c504fa7a8859f569c524b26 6820463cf05142f7ada503384dbf21d0 - - default default] Volume info retrieved successfully.
