2026-07-15 15:54:59.459 7 INFO placement.requestlog [req-f30f2412-aeea-4342-870d-dda7c10d36af req-6cb453bb-da95-4e29-bbfa-428874f7a83a a7a471f59ecb4f529a1d491bdc2c36c1 9887293de2594b73ab3d0157e46744b7 - - b785ce7edf584fd09279ecdf801a79bd b785ce7edf584fd09279ecdf801a79bd] 199.19.213.225 "GET /allocations/fba0acad-0455-41e2-8d27-6bc8f9bceea1" status: 200 len: 258 microversion: 1.28 [pid: 7|app: 0|req: 611/1211] 199.19.213.225 () {34 vars in 862 bytes} [Wed Jul 15 15:54:59 2026] GET /allocations/fba0acad-0455-41e2-8d27-6bc8f9bceea1 => generated 258 bytes in 12 msecs (HTTP/1.1 200) 8 headers in 296 bytes (1 switches on core 0)
2026-07-15 15:54:59.484 8 INFO placement.requestlog [req-f30f2412-aeea-4342-870d-dda7c10d36af req-08fb7a12-cb9f-4320-95b8-cf2ebb3b424a a7a471f59ecb4f529a1d491bdc2c36c1 9887293de2594b73ab3d0157e46744b7 - - b785ce7edf584fd09279ecdf801a79bd b785ce7edf584fd09279ecdf801a79bd] 199.19.213.225 "GET /allocations/99af6f36-ab79-4689-b003-a2b324f5a4a1" status: 200 len: 258 microversion: 1.28 [pid: 8|app: 0|req: 601/1212] 199.19.213.225 () {34 vars in 862 bytes} [Wed Jul 15 15:54:59 2026] GET /allocations/99af6f36-ab79-4689-b003-a2b324f5a4a1 => generated 258 bytes in 16 msecs (HTTP/1.1 200) 8 headers in 296 bytes (1 switches on core 0)
2026-07-15 15:54:59.544 7 INFO placement.requestlog [None req-6ecfd38c-dd11-413e-8f4c-ef63c64fc994 e4f04b3217644c66b8ed988f6cb13dcf 9887293de2594b73ab3d0157e46744b7 - - b785ce7edf584fd09279ecdf801a79bd b785ce7edf584fd09279ecdf801a79bd] 10.0.0.120 "GET /resource_providers/c457808e-2a9b-44d6-9f90-46c8963c5838/aggregates" status: 404 len: 235 microversion: 1.1 [pid: 7|app: 0|req: 612/1213] 10.0.0.120 () {32 vars in 815 bytes} [Wed Jul 15 15:54:59 2026] GET /resource_providers/c457808e-2a9b-44d6-9f90-46c8963c5838/aggregates => generated 235 bytes in 14 msecs (HTTP/1.1 404) 5 headers in 202 bytes (1 switches on core 0)
2026-07-15 15:54:59.545 8 INFO placement.requestlog [None req-ea961a90-0d2a-45d0-8f0c-34410551628a e4f04b3217644c66b8ed988f6cb13dcf 9887293de2594b73ab3d0157e46744b7 - - b785ce7edf584fd09279ecdf801a79bd b785ce7edf584fd09279ecdf801a79bd] 10.0.0.120 "GET /resource_providers/c457808e-2a9b-44d6-9f90-46c8963c5838/aggregates" status: 404 len: 235 microversion: 1.1 [pid: 8|app: 0|req: 602/1214] 10.0.0.120 () {32 vars in 815 bytes} [Wed Jul 15 15:54:59 2026] GET /resource_providers/c457808e-2a9b-44d6-9f90-46c8963c5838/aggregates => generated 235 bytes in 10 msecs (HTTP/1.1 404) 5 headers in 202 bytes (1 switches on core 0)
2026-07-15 15:54:59.563 8 INFO placement.requestlog [None req-ae2b24ab-e021-4e95-927b-78457b430ea1 e4f04b3217644c66b8ed988f6cb13dcf 9887293de2594b73ab3d0157e46744b7 - - b785ce7edf584fd09279ecdf801a79bd b785ce7edf584fd09279ecdf801a79bd] 10.0.0.120 "DELETE /resource_providers/c457808e-2a9b-44d6-9f90-46c8963c5838" status: 404 len: 246 microversion: 1.1 [pid: 8|app: 0|req: 603/1215] 10.0.0.120 () {34 vars in 815 bytes} [Wed Jul 15 15:54:59 2026] DELETE /resource_providers/c457808e-2a9b-44d6-9f90-46c8963c5838 => generated 246 bytes in 8 msecs (HTTP/1.1 404) 6 headers in 231 bytes (1 switches on core 0)
2026-07-15 15:54:59.564 7 INFO placement.requestlog [None req-8ec337c8-bdef-4b8c-925d-a5debc397c13 e4f04b3217644c66b8ed988f6cb13dcf 9887293de2594b73ab3d0157e46744b7 - - b785ce7edf584fd09279ecdf801a79bd b785ce7edf584fd09279ecdf801a79bd] 10.0.0.120 "DELETE /resource_providers/c457808e-2a9b-44d6-9f90-46c8963c5838" status: 404 len: 246 microversion: 1.1 [pid: 7|app: 0|req: 613/1216] 10.0.0.120 () {34 vars in 815 bytes} [Wed Jul 15 15:54:59 2026] DELETE /resource_providers/c457808e-2a9b-44d6-9f90-46c8963c5838 => generated 246 bytes in 10 msecs (HTTP/1.1 404) 6 headers in 231 bytes (1 switches on core 0)
2026-07-15 15:55:07.297 8 INFO placement.requestlog [None req-228dc7c3-1016-4825-9056-807935c9e100 - - - - - -] 10.0.0.3 "GET /" status: 200 len: 136 microversion: 1.0
2026-07-15 15:55:07.297 7 INFO placement.requestlog [None req-3483238e-82c1-418f-aa52-2ef23e292d7e - - - - - -] 10.0.0.3 "GET /" status: 200 len: 136 microversion: 1.0
2026-07-15 15:55:12.078 8 INFO placement.requestlog [None req-3dece74f-cadf-4537-8eb0-9f38652749ea e4f04b3217644c66b8ed988f6cb13dcf 9887293de2594b73ab3d0157e46744b7 - - b785ce7edf584fd09279ecdf801a79bd b785ce7edf584fd09279ecdf801a79bd] 10.0.0.120 "GET /resource_providers/93b9c7cb-49a6-45cd-99e4-fd728ff7e974/aggregates" status: 404 len: 235 microversion: 1.1 [pid: 8|app: 0|req: 605/1219] 10.0.0.120 () {32 vars in 815 bytes} [Wed Jul 15 15:55:12 2026] GET /resource_providers/93b9c7cb-49a6-45cd-99e4-fd728ff7e974/aggregates => generated 235 bytes in 8 msecs (HTTP/1.1 404) 5 headers in 202 bytes (1 switches on core 0)
2026-07-15 15:55:12.084 7 INFO placement.requestlog [None req-080b6569-5a47-4058-823e-95614c8a5716 e4f04b3217644c66b8ed988f6cb13dcf 9887293de2594b73ab3d0157e46744b7 - - b785ce7edf584fd09279ecdf801a79bd b785ce7edf584fd09279ecdf801a79bd] 10.0.0.120 "GET /resource_providers/93b9c7cb-49a6-45cd-99e4-fd728ff7e974/aggregates" status: 404 len: 235 microversion: 1.1 [pid: 7|app: 0|req: 615/1220] 10.0.0.120 () {32 vars in 815 bytes} [Wed Jul 15 15:55:12 2026] GET /resource_providers/93b9c7cb-49a6-45cd-99e4-fd728ff7e974/aggregates => generated 235 bytes in 10 msecs (HTTP/1.1 404) 5 headers in 202 bytes (1 switches on core 0)
2026-07-15 15:55:12.099 7 INFO placement.requestlog [None req-ceffe313-84da-4537-ba12-4aa375d2ddfa e4f04b3217644c66b8ed988f6cb13dcf 9887293de2594b73ab3d0157e46744b7 - - b785ce7edf584fd09279ecdf801a79bd b785ce7edf584fd09279ecdf801a79bd] 10.0.0.120 "DELETE /resource_providers/93b9c7cb-49a6-45cd-99e4-fd728ff7e974" status: 404 len: 246 microversion: 1.1 [pid: 7|app: 0|req: 616/1221] 10.0.0.120 () {34 vars in 815 bytes} [Wed Jul 15 15:55:12 2026] DELETE /resource_providers/93b9c7cb-49a6-45cd-99e4-fd728ff7e974 => generated 246 bytes in 7 msecs (HTTP/1.1 404) 6 headers in 231 bytes (1 switches on core 0)
2026-07-15 15:55:12.101 8 INFO placement.requestlog [None req-5595b107-d9e4-4242-8e99-b832db738380 e4f04b3217644c66b8ed988f6cb13dcf 9887293de2594b73ab3d0157e46744b7 - - b785ce7edf584fd09279ecdf801a79bd b785ce7edf584fd09279ecdf801a79bd] 10.0.0.120 "DELETE /resource_providers/93b9c7cb-49a6-45cd-99e4-fd728ff7e974" status: 404 len: 246 microversion: 1.1 [pid: 8|app: 0|req: 606/1222] 10.0.0.120 () {34 vars in 815 bytes} [Wed Jul 15 15:55:12 2026] DELETE /resource_providers/93b9c7cb-49a6-45cd-99e4-fd728ff7e974 => generated 246 bytes in 11 msecs (HTTP/1.1 404) 6 headers in 231 bytes (1 switches on core 0)
2026-07-15 15:55:17.296 8 INFO placement.requestlog [None req-434ed1e2-f170-4e49-ab71-b9ecb78ee03b - - - - - -] 10.0.0.3 "GET /" status: 200 len: 136 microversion: 1.0
2026-07-15 15:55:17.297 7 INFO placement.requestlog [None req-e5805a84-7d96-466f-ad3f-eab9223aa7dd - - - - - -] 10.0.0.3 "GET /" status: 200 len: 136 microversion: 1.0
2026-07-15 15:55:19.350 8 INFO placement.requestlog [None req-52da1b58-49bf-4a1c-8dfe-3221283f9f4e e4f04b3217644c66b8ed988f6cb13dcf 9887293de2594b73ab3d0157e46744b7 - - b785ce7edf584fd09279ecdf801a79bd b785ce7edf584fd09279ecdf801a79bd] 10.0.0.120 "GET /resource_providers/e984c187-f6c6-41a8-af56-8db5d471c966/aggregates" status: 404 len: 235 microversion: 1.1 [pid: 8|app: 0|req: 608/1225] 10.0.0.120 () {32 vars in 815 bytes} [Wed Jul 15 15:55:19 2026] GET /resource_providers/e984c187-f6c6-41a8-af56-8db5d471c966/aggregates => generated 235 bytes in 8 msecs (HTTP/1.1 404) 5 headers in 202 bytes (1 switches on core 0)
2026-07-15 15:55:19.351 7 INFO placement.requestlog [None req-d905b409-3f94-429b-9afe-6cd8706039b1 e4f04b3217644c66b8ed988f6cb13dcf 9887293de2594b73ab3d0157e46744b7 - - b785ce7edf584fd09279ecdf801a79bd b785ce7edf584fd09279ecdf801a79bd] 10.0.0.120 "GET /resource_providers/e984c187-f6c6-41a8-af56-8db5d471c966/aggregates" status: 404 len: 235 microversion: 1.1 [pid: 7|app: 0|req: 618/1226] 10.0.0.120 () {32 vars in 815 bytes} [Wed Jul 15 15:55:19 2026] GET /resource_providers/e984c187-f6c6-41a8-af56-8db5d471c966/aggregates => generated 235 bytes in 7 msecs (HTTP/1.1 404) 5 headers in 202 bytes (1 switches on core 0)
2026-07-15 15:55:19.371 8 INFO placement.requestlog [None req-13eb7a13-7bd0-4f4e-9780-a9d8db9b45b0 e4f04b3217644c66b8ed988f6cb13dcf 9887293de2594b73ab3d0157e46744b7 - - b785ce7edf584fd09279ecdf801a79bd b785ce7edf584fd09279ecdf801a79bd] 10.0.0.120 "DELETE /resource_providers/e984c187-f6c6-41a8-af56-8db5d471c966" status: 404 len: 246 microversion: 1.1 [pid: 8|app: 0|req: 609/1227] 10.0.0.120 () {34 vars in 815 bytes} [Wed Jul 15 15:55:19 2026] DELETE /resource_providers/e984c187-f6c6-41a8-af56-8db5d471c966 => generated 246 bytes in 9 msecs (HTTP/1.1 404) 6 headers in 231 bytes (1 switches on core 0)
2026-07-15 15:55:19.374 7 INFO placement.requestlog [None req-3c7f4208-9b10-4d14-bf2e-59114dd7c17b e4f04b3217644c66b8ed988f6cb13dcf 9887293de2594b73ab3d0157e46744b7 - - b785ce7edf584fd09279ecdf801a79bd b785ce7edf584fd09279ecdf801a79bd] 10.0.0.120 "DELETE /resource_providers/e984c187-f6c6-41a8-af56-8db5d471c966" status: 404 len: 246 microversion: 1.1 [pid: 7|app: 0|req: 619/1228] 10.0.0.120 () {34 vars in 815 bytes} [Wed Jul 15 15:55:19 2026] DELETE /resource_providers/e984c187-f6c6-41a8-af56-8db5d471c966 => generated 246 bytes in 10 msecs (HTTP/1.1 404) 6 headers in 231 bytes (1 switches on core 0)
2026-07-15 15:55:21.512 8 INFO placement.requestlog [req-ba64f5fe-1dba-43ac-abe8-f20254667cc6 req-4dd483c7-e05b-42fc-8df6-06135027243f a7a471f59ecb4f529a1d491bdc2c36c1 9887293de2594b73ab3d0157e46744b7 - - b785ce7edf584fd09279ecdf801a79bd b785ce7edf584fd09279ecdf801a79bd] 10.0.0.27 "GET /allocation_candidates?limit=1000&resources=MEMORY_MB%3A2048%2CVCPU%3A2&root_required=%21COMPUTE_STATUS_DISABLED" status: 200 len: 2630 microversion: 1.36 [pid: 8|app: 0|req: 610/1229] 10.0.0.27 () {34 vars in 984 bytes} [Wed Jul 15 15:55:21 2026] GET /allocation_candidates?limit=1000&resources=MEMORY_MB%3A2048%2CVCPU%3A2&root_required=%21COMPUTE_STATUS_DISABLED => generated 2630 bytes in 43 msecs (HTTP/1.1 200) 8 headers in 297 bytes (1 switches on core 0)
2026-07-15 15:55:21.535 7 INFO placement.requestlog [req-ba64f5fe-1dba-43ac-abe8-f20254667cc6 req-50eebcff-aa25-4b6c-bd61-69e83a6ebbd6 a7a471f59ecb4f529a1d491bdc2c36c1 9887293de2594b73ab3d0157e46744b7 - - b785ce7edf584fd09279ecdf801a79bd b785ce7edf584fd09279ecdf801a79bd] 10.0.0.27 "GET /allocations/5f59951c-4bb2-4cd0-bd64-4cc4057685ba" status: 200 len: 19 microversion: 1.28 [pid: 7|app: 0|req: 620/1230] 10.0.0.27 () {34 vars in 859 bytes} [Wed Jul 15 15:55:21 2026] GET /allocations/5f59951c-4bb2-4cd0-bd64-4cc4057685ba => generated 19 bytes in 7 msecs (HTTP/1.1 200) 8 headers in 295 bytes (1 switches on core 0)
2026-07-15 15:55:21.604 8 INFO placement.requestlog [req-ba64f5fe-1dba-43ac-abe8-f20254667cc6 req-a9252af1-6de0-47b5-baba-0c7cf865ef46 a7a471f59ecb4f529a1d491bdc2c36c1 9887293de2594b73ab3d0157e46744b7 - - b785ce7edf584fd09279ecdf801a79bd b785ce7edf584fd09279ecdf801a79bd] 10.0.0.27 "PUT /allocations/5f59951c-4bb2-4cd0-bd64-4cc4057685ba" status: 204 len: 0 microversion: 1.36 [pid: 8|app: 0|req: 611/1231] 10.0.0.27 () {38 vars in 912 bytes} [Wed Jul 15 15:55:21 2026] PUT /allocations/5f59951c-4bb2-4cd0-bd64-4cc4057685ba => generated 0 bytes in 65 msecs (HTTP/1.1 204) 5 headers in 199 bytes (1 switches on core 0)
2026-07-15 15:55:23.119 7 INFO placement.requestlog [req-ba64f5fe-1dba-43ac-abe8-f20254667cc6 req-bddda660-ed8a-4366-a2ce-6290c51a12cd a7a471f59ecb4f529a1d491bdc2c36c1 9887293de2594b73ab3d0157e46744b7 - - b785ce7edf584fd09279ecdf801a79bd b785ce7edf584fd09279ecdf801a79bd] 199.19.213.225 "GET /allocations/5f59951c-4bb2-4cd0-bd64-4cc4057685ba" status: 200 len: 245 microversion: 1.28 [pid: 7|app: 0|req: 621/1232] 199.19.213.225 () {34 vars in 862 bytes} [Wed Jul 15 15:55:23 2026] GET /allocations/5f59951c-4bb2-4cd0-bd64-4cc4057685ba => generated 245 bytes in 14 msecs (HTTP/1.1 200) 8 headers in 296 bytes (1 switches on core 0)
2026-07-15 15:55:24.171 8 INFO placement.requestlog [req-ba64f5fe-1dba-43ac-abe8-f20254667cc6 req-571155b0-2ccb-42ed-bf9c-ac753f24d81a a7a471f59ecb4f529a1d491bdc2c36c1 9887293de2594b73ab3d0157e46744b7 - - b785ce7edf584fd09279ecdf801a79bd b785ce7edf584fd09279ecdf801a79bd] 199.19.213.225 "GET /resource_providers/65f4cf3d-3f3f-48a0-aa10-3b625e9ec8e2/allocations" status: 200 len: 340 microversion: 1.0 [pid: 8|app: 0|req: 612/1233] 199.19.213.225 () {32 vars in 856 bytes} [Wed Jul 15 15:55:24 2026] GET /resource_providers/65f4cf3d-3f3f-48a0-aa10-3b625e9ec8e2/allocations => generated 340 bytes in 19 msecs (HTTP/1.1 200) 6 headers in 224 bytes (1 switches on core 0)
2026-07-15 15:55:24.197 7 INFO placement.requestlog [req-ba64f5fe-1dba-43ac-abe8-f20254667cc6 req-3e54e697-3ae2-414e-b974-196fe0e40172 a7a471f59ecb4f529a1d491bdc2c36c1 9887293de2594b73ab3d0157e46744b7 - - b785ce7edf584fd09279ecdf801a79bd b785ce7edf584fd09279ecdf801a79bd] 199.19.213.225 "GET /allocations/5f59951c-4bb2-4cd0-bd64-4cc4057685ba" status: 200 len: 245 microversion: 1.28 [pid: 7|app: 0|req: 622/1234] 199.19.213.225 () {34 vars in 862 bytes} [Wed Jul 15 15:55:24 2026] GET /allocations/5f59951c-4bb2-4cd0-bd64-4cc4057685ba => generated 245 bytes in 19 msecs (HTTP/1.1 200) 8 headers in 296 bytes (1 switches on core 0)
2026-07-15 15:55:24.222 8 INFO placement.requestlog [req-ba64f5fe-1dba-43ac-abe8-f20254667cc6 req-b6fb3960-9d54-4e85-b473-1b8ff354d541 a7a471f59ecb4f529a1d491bdc2c36c1 9887293de2594b73ab3d0157e46744b7 - - b785ce7edf584fd09279ecdf801a79bd b785ce7edf584fd09279ecdf801a79bd] 199.19.213.225 "GET /allocations/fba0acad-0455-41e2-8d27-6bc8f9bceea1" status: 200 len: 258 microversion: 1.28 [pid: 8|app: 0|req: 613/1235] 199.19.213.225 () {34 vars in 862 bytes} [Wed Jul 15 15:55:24 2026] GET /allocations/fba0acad-0455-41e2-8d27-6bc8f9bceea1 => generated 258 bytes in 14 msecs (HTTP/1.1 200) 8 headers in 296 bytes (1 switches on core 0)
2026-07-15 15:55:24.248 7 INFO placement.requestlog [req-ba64f5fe-1dba-43ac-abe8-f20254667cc6 req-40f9f89b-dbd7-4efb-96d1-5135bcaee28d a7a471f59ecb4f529a1d491bdc2c36c1 9887293de2594b73ab3d0157e46744b7 - - b785ce7edf584fd09279ecdf801a79bd b785ce7edf584fd09279ecdf801a79bd] 199.19.213.225 "GET /allocations/99af6f36-ab79-4689-b003-a2b324f5a4a1" status: 200 len: 258 microversion: 1.28 [pid: 7|app: 0|req: 623/1236] 199.19.213.225 () {34 vars in 862 bytes} [Wed Jul 15 15:55:24 2026] GET /allocations/99af6f36-ab79-4689-b003-a2b324f5a4a1 => generated 258 bytes in 21 msecs (HTTP/1.1 200) 8 headers in 296 bytes (1 switches on core 0)
2026-07-15 15:55:27.296 8 INFO placement.requestlog [None req-a24c44e2-3308-4505-badb-32b3e369618b - - - - - -] 10.0.0.3 "GET /" status: 200 len: 136 microversion: 1.0
2026-07-15 15:55:27.297 7 INFO placement.requestlog [None req-64836e2b-8518-471d-b5ed-51d0ec69555c - - - - - -] 10.0.0.3 "GET /" status: 200 len: 136 microversion: 1.0
2026-07-15 15:55:37.297 8 INFO placement.requestlog [None req-7a8e7884-a879-421b-bc7c-ac20bf279904 - - - - - -] 10.0.0.3 "GET /" status: 200 len: 136 microversion: 1.0
2026-07-15 15:55:37.297 7 INFO placement.requestlog [None req-0504cfcc-d63f-4346-85cc-54ec038b85b6 - - - - - -] 10.0.0.3 "GET /" status: 200 len: 136 microversion: 1.0
2026-07-15 15:55:47.297 8 INFO placement.requestlog [None req-9e5c7ae2-e706-4095-95aa-f0b05447d2db - - - - - -] 10.0.0.3 "GET /" status: 200 len: 136 microversion: 1.0
2026-07-15 15:55:47.298 7 INFO placement.requestlog [None req-c93bcd66-fcc0-4a8c-a1bb-1f2ebef40040 - - - - - -] 10.0.0.3 "GET /" status: 200 len: 136 microversion: 1.0
2026-07-15 15:55:57.296 8 INFO placement.requestlog [None req-5e947137-0472-47c6-aad8-db6f99e3a082 - - - - - -] 10.0.0.3 "GET /" status: 200 len: 136 microversion: 1.0
2026-07-15 15:55:57.296 7 INFO placement.requestlog [None req-f2a924a8-aa0b-4326-a50d-f44f4ab60f88 - - - - - -] 10.0.0.3 "GET /" status: 200 len: 136 microversion: 1.0
2026-07-15 15:56:00.619 8 INFO placement.requestlog [req-62f996c6-c4e4-4d02-8098-fd99bd7b58c0 req-756f374a-19c7-4b19-b594-6b7cc08c7f59 a7a471f59ecb4f529a1d491bdc2c36c1 9887293de2594b73ab3d0157e46744b7 - - b785ce7edf584fd09279ecdf801a79bd b785ce7edf584fd09279ecdf801a79bd] 199.19.213.225 "GET /resource_providers/65f4cf3d-3f3f-48a0-aa10-3b625e9ec8e2/allocations" status: 200 len: 340 microversion: 1.0 [pid: 8|app: 0|req: 618/1245] 199.19.213.225 () {32 vars in 856 bytes} [Wed Jul 15 15:56:00 2026] GET /resource_providers/65f4cf3d-3f3f-48a0-aa10-3b625e9ec8e2/allocations => generated 340 bytes in 15 msecs (HTTP/1.1 200) 6 headers in 224 bytes (1 switches on core 0)
2026-07-15 15:56:00.643 7 INFO placement.requestlog [req-62f996c6-c4e4-4d02-8098-fd99bd7b58c0 req-b879064b-d768-4163-a180-42101c2dcc1a a7a471f59ecb4f529a1d491bdc2c36c1 9887293de2594b73ab3d0157e46744b7 - - b785ce7edf584fd09279ecdf801a79bd b785ce7edf584fd09279ecdf801a79bd] 199.19.213.225 "GET /resource_providers/65f4cf3d-3f3f-48a0-aa10-3b625e9ec8e2/allocations" status: 200 len: 340 microversion: 1.0 [pid: 7|app: 0|req: 628/1246] 199.19.213.225 () {32 vars in 856 bytes} [Wed Jul 15 15:56:00 2026] GET /resource_providers/65f4cf3d-3f3f-48a0-aa10-3b625e9ec8e2/allocations => generated 340 bytes in 16 msecs (HTTP/1.1 200) 6 headers in 224 bytes (1 switches on core 0)
2026-07-15 15:56:00.662 8 INFO placement.requestlog [req-62f996c6-c4e4-4d02-8098-fd99bd7b58c0 req-4fc169c5-ad43-4b91-9db7-0c236401b275 a7a471f59ecb4f529a1d491bdc2c36c1 9887293de2594b73ab3d0157e46744b7 - - b785ce7edf584fd09279ecdf801a79bd b785ce7edf584fd09279ecdf801a79bd] 199.19.213.225 "GET /allocations/5f59951c-4bb2-4cd0-bd64-4cc4057685ba" status: 200 len: 245 microversion: 1.28 [pid: 8|app: 0|req: 619/1247] 199.19.213.225 () {34 vars in 862 bytes} [Wed Jul 15 15:56:00 2026] GET /allocations/5f59951c-4bb2-4cd0-bd64-4cc4057685ba => generated 245 bytes in 13 msecs (HTTP/1.1 200) 8 headers in 296 bytes (1 switches on core 0)
2026-07-15 15:56:00.687 7 INFO placement.requestlog [req-62f996c6-c4e4-4d02-8098-fd99bd7b58c0 req-7687cec2-3a2d-4bab-b039-190ef25711d3 a7a471f59ecb4f529a1d491bdc2c36c1 9887293de2594b73ab3d0157e46744b7 - - b785ce7edf584fd09279ecdf801a79bd b785ce7edf584fd09279ecdf801a79bd] 199.19.213.225 "GET /allocations/fba0acad-0455-41e2-8d27-6bc8f9bceea1" status: 200 len: 258 microversion: 1.28 [pid: 7|app: 0|req: 629/1248] 199.19.213.225 () {34 vars in 862 bytes} [Wed Jul 15 15:56:00 2026] GET /allocations/fba0acad-0455-41e2-8d27-6bc8f9bceea1 => generated 258 bytes in 15 msecs (HTTP/1.1 200) 8 headers in 296 bytes (1 switches on core 0)
2026-07-15 15:56:00.717 8 INFO placement.requestlog [req-62f996c6-c4e4-4d02-8098-fd99bd7b58c0 req-453da59d-e53a-4d01-9045-a39f695d42ef a7a471f59ecb4f529a1d491bdc2c36c1 9887293de2594b73ab3d0157e46744b7 - - b785ce7edf584fd09279ecdf801a79bd b785ce7edf584fd09279ecdf801a79bd] 199.19.213.225 "GET /allocations/99af6f36-ab79-4689-b003-a2b324f5a4a1" status: 200 len: 258 microversion: 1.28 [pid: 8|app: 0|req: 620/1249] 199.19.213.225 () {34 vars in 862 bytes} [Wed Jul 15 15:56:00 2026] GET /allocations/99af6f36-ab79-4689-b003-a2b324f5a4a1 => generated 258 bytes in 24 msecs (HTTP/1.1 200) 8 headers in 296 bytes (1 switches on core 0)
2026-07-15 15:56:07.296 8 INFO placement.requestlog [None req-63d9ccd7-e186-4804-95cf-95ece949c2ae - - - - - -] 10.0.0.3 "GET /" status: 200 len: 136 microversion: 1.0
2026-07-15 15:56:07.297 7 INFO placement.requestlog [None req-cf0ea337-7973-40aa-bb9d-8019e4ab20af - - - - - -] 10.0.0.3 "GET /" status: 200 len: 136 microversion: 1.0
2026-07-15 15:56:17.296 8 INFO placement.requestlog [None req-70c68b84-1974-4ff3-a463-c0f8b07728cd - - - - - -] 10.0.0.3 "GET /" status: 200 len: 136 microversion: 1.0
2026-07-15 15:56:17.296 7 INFO placement.requestlog [None req-f57229f1-7c4d-48f7-b48c-b1e63cf6225c - - - - - -] 10.0.0.3 "GET /" status: 200 len: 136 microversion: 1.0
2026-07-15 15:56:27.295 8 INFO placement.requestlog [None req-4968e49b-055d-4dad-8b12-4145ff7d897d - - - - - -] 10.0.0.3 "GET /" status: 200 len: 136 microversion: 1.0
2026-07-15 15:56:27.296 7 INFO placement.requestlog [None req-d7978d81-863f-4d60-8e96-6019ccabf301 - - - - - -] 10.0.0.3 "GET /" status: 200 len: 136 microversion: 1.0
2026-07-15 15:56:37.297 7 INFO placement.requestlog [None req-269cfaa5-8fd9-4ac4-8180-44ebb197b701 - - - - - -] 10.0.0.3 "GET /" status: 200 len: 136 microversion: 1.0
2026-07-15 15:56:37.297 8 INFO placement.requestlog [None req-f1cf2fb2-d83f-465e-b10c-5f611e182316 - - - - - -] 10.0.0.3 "GET /" status: 200 len: 136 microversion: 1.0
2026-07-15 15:56:47.296 7 INFO placement.requestlog [None req-b64cb257-eabb-481c-a44f-8c7bc8fde0ca - - - - - -] 10.0.0.3 "GET /" status: 200 len: 136 microversion: 1.0
2026-07-15 15:56:47.296 8 INFO placement.requestlog [None req-39c322ed-3d0d-422c-a985-7f71eed44b5e - - - - - -] 10.0.0.3 "GET /" status: 200 len: 136 microversion: 1.0
2026-07-15 15:56:57.297 7 INFO placement.requestlog [None req-171f3d45-bed9-4bb5-8081-6a8a0b944dc0 - - - - - -] 10.0.0.3 "GET /" status: 200 len: 136 microversion: 1.0
2026-07-15 15:56:57.297 8 INFO placement.requestlog [None req-b751cf12-384b-426f-b827-370be7f4c8d4 - - - - - -] 10.0.0.3 "GET /" status: 200 len: 136 microversion: 1.0
2026-07-15 15:57:00.504 7 INFO placement.requestlog [req-4085e029-28de-460c-b787-48812f9f4e3d req-7753b465-b377-4b7c-989a-8ac80c972bb4 a7a471f59ecb4f529a1d491bdc2c36c1 9887293de2594b73ab3d0157e46744b7 - - b785ce7edf584fd09279ecdf801a79bd b785ce7edf584fd09279ecdf801a79bd] 199.19.213.225 "GET /resource_providers/65f4cf3d-3f3f-48a0-aa10-3b625e9ec8e2/allocations" status: 200 len: 340 microversion: 1.0 [pid: 7|app: 0|req: 636/1262] 199.19.213.225 () {32 vars in 856 bytes} [Wed Jul 15 15:57:00 2026] GET /resource_providers/65f4cf3d-3f3f-48a0-aa10-3b625e9ec8e2/allocations => generated 340 bytes in 15 msecs (HTTP/1.1 200) 6 headers in 224 bytes (1 switches on core 0)
2026-07-15 15:57:00.524 8 INFO placement.requestlog [req-4085e029-28de-460c-b787-48812f9f4e3d req-83b09f21-7f43-4412-a7e0-68db4c6886b6 a7a471f59ecb4f529a1d491bdc2c36c1 9887293de2594b73ab3d0157e46744b7 - - b785ce7edf584fd09279ecdf801a79bd b785ce7edf584fd09279ecdf801a79bd] 199.19.213.225 "GET /resource_providers/65f4cf3d-3f3f-48a0-aa10-3b625e9ec8e2/allocations" status: 200 len: 340 microversion: 1.0 [pid: 8|app: 0|req: 627/1263] 199.19.213.225 () {32 vars in 856 bytes} [Wed Jul 15 15:57:00 2026] GET /resource_providers/65f4cf3d-3f3f-48a0-aa10-3b625e9ec8e2/allocations => generated 340 bytes in 15 msecs (HTTP/1.1 200) 6 headers in 224 bytes (1 switches on core 0)
2026-07-15 15:57:00.540 7 INFO placement.requestlog [req-4085e029-28de-460c-b787-48812f9f4e3d req-7a6f8038-b2c1-4096-bbd0-9cdff70bb209 a7a471f59ecb4f529a1d491bdc2c36c1 9887293de2594b73ab3d0157e46744b7 - - b785ce7edf584fd09279ecdf801a79bd b785ce7edf584fd09279ecdf801a79bd] 199.19.213.225 "GET /allocations/5f59951c-4bb2-4cd0-bd64-4cc4057685ba" status: 200 len: 245 microversion: 1.28 [pid: 7|app: 0|req: 637/1264] 199.19.213.225 () {34 vars in 862 bytes} [Wed Jul 15 15:57:00 2026] GET /allocations/5f59951c-4bb2-4cd0-bd64-4cc4057685ba => generated 245 bytes in 12 msecs (HTTP/1.1 200) 8 headers in 296 bytes (1 switches on core 0)
2026-07-15 15:57:00.561 8 INFO placement.requestlog [req-4085e029-28de-460c-b787-48812f9f4e3d req-7d29cb59-72c1-4934-93b9-7926b86420ce a7a471f59ecb4f529a1d491bdc2c36c1 9887293de2594b73ab3d0157e46744b7 - - b785ce7edf584fd09279ecdf801a79bd b785ce7edf584fd09279ecdf801a79bd] 199.19.213.225 "GET /allocations/fba0acad-0455-41e2-8d27-6bc8f9bceea1" status: 200 len: 258 microversion: 1.28 [pid: 8|app: 0|req: 628/1265] 199.19.213.225 () {34 vars in 862 bytes} [Wed Jul 15 15:57:00 2026] GET /allocations/fba0acad-0455-41e2-8d27-6bc8f9bceea1 => generated 258 bytes in 12 msecs (HTTP/1.1 200) 8 headers in 296 bytes (1 switches on core 0)
2026-07-15 15:57:00.578 7 INFO placement.requestlog [req-4085e029-28de-460c-b787-48812f9f4e3d req-5ffa3d14-4cac-45a7-8c0a-a2990373e39c a7a471f59ecb4f529a1d491bdc2c36c1 9887293de2594b73ab3d0157e46744b7 - - b785ce7edf584fd09279ecdf801a79bd b785ce7edf584fd09279ecdf801a79bd] 199.19.213.225 "GET /allocations/99af6f36-ab79-4689-b003-a2b324f5a4a1" status: 200 len: 258 microversion: 1.28 [pid: 7|app: 0|req: 638/1266] 199.19.213.225 () {34 vars in 862 bytes} [Wed Jul 15 15:57:00 2026] GET /allocations/99af6f36-ab79-4689-b003-a2b324f5a4a1 => generated 258 bytes in 14 msecs (HTTP/1.1 200) 8 headers in 296 bytes (1 switches on core 0)
2026-07-15 15:57:07.298 7 INFO placement.requestlog [None req-dcb233c0-c7a8-4507-89a1-4ede94303fd9 - - - - - -] 10.0.0.3 "GET /" status: 200 len: 136 microversion: 1.0
2026-07-15 15:57:07.302 8 INFO placement.requestlog [None req-e278f593-f34d-4fcd-9e8f-a3ec92b40f02 - - - - - -] 10.0.0.3 "GET /" status: 200 len: 136 microversion: 1.0
2026-07-15 15:57:17.296 7 INFO placement.requestlog [None req-9258c75b-38e3-46d2-b7db-928806530fc4 - - - - - -] 10.0.0.3 "GET /" status: 200 len: 136 microversion: 1.0
2026-07-15 15:57:17.296 8 INFO placement.requestlog [None req-ee7373bc-b358-40a2-8218-f4c5c3d77bf9 - - - - - -] 10.0.0.3 "GET /" status: 200 len: 136 microversion: 1.0
2026-07-15 15:57:27.296 8 INFO placement.requestlog [None req-8f550a03-5ce5-4c4d-b713-a47ed3f0b733 - - - - - -] 10.0.0.3 "GET /" status: 200 len: 136 microversion: 1.0
2026-07-15 15:57:27.296 7 INFO placement.requestlog [None req-40ccacf6-2464-4039-9f56-a87ecaaa9342 - - - - - -] 10.0.0.3 "GET /" status: 200 len: 136 microversion: 1.0
2026-07-15 15:57:37.296 8 INFO placement.requestlog [None req-afecf7e3-b3ef-49b8-9133-f1d40ab45b14 - - - - - -] 10.0.0.3 "GET /" status: 200 len: 136 microversion: 1.0
2026-07-15 15:57:37.296 7 INFO placement.requestlog [None req-5f421cd7-0680-43d5-a7fc-583a3e61330c - - - - - -] 10.0.0.3 "GET /" status: 200 len: 136 microversion: 1.0
2026-07-15 15:57:47.297 8 INFO placement.requestlog [None req-22791a14-7442-464d-bfce-3288c8ad58f2 - - - - - -] 10.0.0.3 "GET /" status: 200 len: 136 microversion: 1.0
2026-07-15 15:57:47.297 7 INFO placement.requestlog [None req-99be5956-a72c-4e2c-ad32-8fce04e047de - - - - - -] 10.0.0.3 "GET /" status: 200 len: 136 microversion: 1.0
2026-07-15 15:57:57.296 7 INFO placement.requestlog [None req-502bedbb-275b-4f15-a390-f3ebefaaa63c - - - - - -] 10.0.0.3 "GET /" status: 200 len: 136 microversion: 1.0
2026-07-15 15:57:57.297 8 INFO placement.requestlog [None req-5f134aef-e379-4ac7-9776-88adb1974fc6 - - - - - -] 10.0.0.3 "GET /" status: 200 len: 136 microversion: 1.0
2026-07-15 15:58:02.701 7 INFO placement.requestlog [req-58ae0f80-38f6-4bcc-bb86-7fb2e5875edc req-2cd89411-0dec-419b-b20b-6abfc83f4c0d a7a471f59ecb4f529a1d491bdc2c36c1 9887293de2594b73ab3d0157e46744b7 - - b785ce7edf584fd09279ecdf801a79bd b785ce7edf584fd09279ecdf801a79bd] 199.19.213.225 "GET /resource_providers/65f4cf3d-3f3f-48a0-aa10-3b625e9ec8e2/allocations" status: 200 len: 340 microversion: 1.0 [pid: 7|app: 0|req: 645/1279] 199.19.213.225 () {32 vars in 856 bytes} [Wed Jul 15 15:58:02 2026] GET /resource_providers/65f4cf3d-3f3f-48a0-aa10-3b625e9ec8e2/allocations => generated 340 bytes in 145 msecs (HTTP/1.1 200) 6 headers in 224 bytes (1 switches on core 0)
2026-07-15 15:58:02.727 8 INFO placement.requestlog [req-58ae0f80-38f6-4bcc-bb86-7fb2e5875edc req-87e0155a-568e-40ae-b315-1f4bdded0bb1 a7a471f59ecb4f529a1d491bdc2c36c1 9887293de2594b73ab3d0157e46744b7 - - b785ce7edf584fd09279ecdf801a79bd b785ce7edf584fd09279ecdf801a79bd] 199.19.213.225 "GET /resource_providers?in_tree=65f4cf3d-3f3f-48a0-aa10-3b625e9ec8e2" status: 200 len: 798 microversion: 1.14 [pid: 8|app: 0|req: 635/1280] 199.19.213.225 () {34 vars in 891 bytes} [Wed Jul 15 15:58:02 2026] GET /resource_providers?in_tree=65f4cf3d-3f3f-48a0-aa10-3b625e9ec8e2 => generated 798 bytes in 17 msecs (HTTP/1.1 200) 6 headers in 225 bytes (1 switches on core 0)
2026-07-15 15:58:02.753 7 INFO placement.requestlog [req-58ae0f80-38f6-4bcc-bb86-7fb2e5875edc req-197fa293-b16f-45ed-9b66-3a3a492a4e48 a7a471f59ecb4f529a1d491bdc2c36c1 9887293de2594b73ab3d0157e46744b7 - - b785ce7edf584fd09279ecdf801a79bd b785ce7edf584fd09279ecdf801a79bd] 199.19.213.225 "GET /resource_providers/65f4cf3d-3f3f-48a0-aa10-3b625e9ec8e2/inventories" status: 200 len: 401 microversion: 1.0 [pid: 7|app: 0|req: 646/1281] 199.19.213.225 () {32 vars in 856 bytes} [Wed Jul 15 15:58:02 2026] GET /resource_providers/65f4cf3d-3f3f-48a0-aa10-3b625e9ec8e2/inventories => generated 401 bytes in 20 msecs (HTTP/1.1 200) 6 headers in 224 bytes (1 switches on core 0)
2026-07-15 15:58:02.777 8 INFO placement.requestlog [req-58ae0f80-38f6-4bcc-bb86-7fb2e5875edc req-9c9c823a-93d4-470f-9613-e62d4f433bcb a7a471f59ecb4f529a1d491bdc2c36c1 9887293de2594b73ab3d0157e46744b7 - - b785ce7edf584fd09279ecdf801a79bd b785ce7edf584fd09279ecdf801a79bd] 199.19.213.225 "GET /resource_providers/65f4cf3d-3f3f-48a0-aa10-3b625e9ec8e2/aggregates" status: 200 len: 54 microversion: 1.19 [pid: 8|app: 0|req: 636/1282] 199.19.213.225 () {34 vars in 898 bytes} [Wed Jul 15 15:58:02 2026] GET /resource_providers/65f4cf3d-3f3f-48a0-aa10-3b625e9ec8e2/aggregates => generated 54 bytes in 14 msecs (HTTP/1.1 200) 8 headers in 295 bytes (1 switches on core 0)
2026-07-15 15:58:02.806 7 INFO placement.requestlog [req-58ae0f80-38f6-4bcc-bb86-7fb2e5875edc req-8e39eb6d-831d-465a-b54c-0147e3fc2ee0 a7a471f59ecb4f529a1d491bdc2c36c1 9887293de2594b73ab3d0157e46744b7 - - b785ce7edf584fd09279ecdf801a79bd b785ce7edf584fd09279ecdf801a79bd] 199.19.213.225 "GET /resource_providers/65f4cf3d-3f3f-48a0-aa10-3b625e9ec8e2/traits" status: 200 len: 2176 microversion: 1.6 [pid: 7|app: 0|req: 647/1283] 199.19.213.225 () {34 vars in 889 bytes} [Wed Jul 15 15:58:02 2026] GET /resource_providers/65f4cf3d-3f3f-48a0-aa10-3b625e9ec8e2/traits => generated 2176 bytes in 22 msecs (HTTP/1.1 200) 6 headers in 225 bytes (1 switches on core 0)
2026-07-15 15:58:02.838 8 INFO placement.requestlog [req-58ae0f80-38f6-4bcc-bb86-7fb2e5875edc req-1937c499-1a54-4bb2-88d9-b57381373135 a7a471f59ecb4f529a1d491bdc2c36c1 9887293de2594b73ab3d0157e46744b7 - - b785ce7edf584fd09279ecdf801a79bd b785ce7edf584fd09279ecdf801a79bd] 199.19.213.225 "GET /resource_providers/65f4cf3d-3f3f-48a0-aa10-3b625e9ec8e2/allocations" status: 200 len: 340 microversion: 1.0 [pid: 8|app: 0|req: 637/1284] 199.19.213.225 () {32 vars in 856 bytes} [Wed Jul 15 15:58:02 2026] GET /resource_providers/65f4cf3d-3f3f-48a0-aa10-3b625e9ec8e2/allocations => generated 340 bytes in 25 msecs (HTTP/1.1 200) 6 headers in 224 bytes (1 switches on core 0)
2026-07-15 15:58:02.869 7 INFO placement.requestlog [req-58ae0f80-38f6-4bcc-bb86-7fb2e5875edc req-f825c1f6-c1bd-4261-8bb8-7fd7a4c59a7b a7a471f59ecb4f529a1d491bdc2c36c1 9887293de2594b73ab3d0157e46744b7 - - b785ce7edf584fd09279ecdf801a79bd b785ce7edf584fd09279ecdf801a79bd] 199.19.213.225 "GET /allocations/5f59951c-4bb2-4cd0-bd64-4cc4057685ba" status: 200 len: 245 microversion: 1.28 [pid: 7|app: 0|req: 648/1285] 199.19.213.225 () {34 vars in 862 bytes} [Wed Jul 15 15:58:02 2026] GET /allocations/5f59951c-4bb2-4cd0-bd64-4cc4057685ba => generated 245 bytes in 23 msecs (HTTP/1.1 200) 8 headers in 296 bytes (1 switches on core 0)
2026-07-15 15:58:02.895 8 INFO placement.requestlog [req-58ae0f80-38f6-4bcc-bb86-7fb2e5875edc req-5fdb6092-6f1f-44b6-a014-376c797aa8f0 a7a471f59ecb4f529a1d491bdc2c36c1 9887293de2594b73ab3d0157e46744b7 - - b785ce7edf584fd09279ecdf801a79bd b785ce7edf584fd09279ecdf801a79bd] 199.19.213.225 "GET /allocations/fba0acad-0455-41e2-8d27-6bc8f9bceea1" status: 200 len: 258 microversion: 1.28 [pid: 8|app: 0|req: 638/1286] 199.19.213.225 () {34 vars in 862 bytes} [Wed Jul 15 15:58:02 2026] GET /allocations/fba0acad-0455-41e2-8d27-6bc8f9bceea1 => generated 258 bytes in 19 msecs (HTTP/1.1 200) 8 headers in 296 bytes (1 switches on core 0)
2026-07-15 15:58:02.916 7 INFO placement.requestlog [req-58ae0f80-38f6-4bcc-bb86-7fb2e5875edc req-747551e7-53c0-44d4-8d0e-acf7d23541e9 a7a471f59ecb4f529a1d491bdc2c36c1 9887293de2594b73ab3d0157e46744b7 - - b785ce7edf584fd09279ecdf801a79bd b785ce7edf584fd09279ecdf801a79bd] 199.19.213.225 "GET /allocations/99af6f36-ab79-4689-b003-a2b324f5a4a1" status: 200 len: 258 microversion: 1.28 [pid: 7|app: 0|req: 649/1287] 199.19.213.225 () {34 vars in 862 bytes} [Wed Jul 15 15:58:02 2026] GET /allocations/99af6f36-ab79-4689-b003-a2b324f5a4a1 => generated 258 bytes in 13 msecs (HTTP/1.1 200) 8 headers in 296 bytes (1 switches on core 0)
2026-07-15 15:58:07.296 7 INFO placement.requestlog [None req-cc4561e7-e335-472f-b245-23fe817c48c8 - - - - - -] 10.0.0.3 "GET /" status: 200 len: 136 microversion: 1.0
2026-07-15 15:58:07.296 8 INFO placement.requestlog [None req-c1c4c4c2-b10c-464a-a1c4-8715cd07710e - - - - - -] 10.0.0.3 "GET /" status: 200 len: 136 microversion: 1.0
2026-07-15 15:58:10.784 7 INFO placement.requestlog [req-b23d935f-d9f1-4585-b94d-4179af612ea4 req-2e6ef0bc-71b6-4f48-bea8-06051e23f95f a7a471f59ecb4f529a1d491bdc2c36c1 9887293de2594b73ab3d0157e46744b7 - - b785ce7edf584fd09279ecdf801a79bd b785ce7edf584fd09279ecdf801a79bd] 199.19.213.225 "GET /resource_providers/65f4cf3d-3f3f-48a0-aa10-3b625e9ec8e2/allocations" status: 200 len: 340 microversion: 1.0 [pid: 7|app: 0|req: 651/1290] 199.19.213.225 () {32 vars in 856 bytes} [Wed Jul 15 15:58:10 2026] GET /resource_providers/65f4cf3d-3f3f-48a0-aa10-3b625e9ec8e2/allocations => generated 340 bytes in 37 msecs (HTTP/1.1 200) 6 headers in 224 bytes (1 switches on core 0)
2026-07-15 15:58:10.813 8 INFO placement.requestlog [req-b23d935f-d9f1-4585-b94d-4179af612ea4 req-316ef677-1627-4935-828c-5f3cf84f160a a7a471f59ecb4f529a1d491bdc2c36c1 9887293de2594b73ab3d0157e46744b7 - - b785ce7edf584fd09279ecdf801a79bd b785ce7edf584fd09279ecdf801a79bd] 199.19.213.225 "GET /allocations/5f59951c-4bb2-4cd0-bd64-4cc4057685ba" status: 200 len: 245 microversion: 1.28 [pid: 8|app: 0|req: 640/1291] 199.19.213.225 () {34 vars in 862 bytes} [Wed Jul 15 15:58:10 2026] GET /allocations/5f59951c-4bb2-4cd0-bd64-4cc4057685ba => generated 245 bytes in 22 msecs (HTTP/1.1 200) 8 headers in 296 bytes (1 switches on core 0)
2026-07-15 15:58:10.833 7 INFO placement.requestlog [req-b23d935f-d9f1-4585-b94d-4179af612ea4 req-aae2d177-567b-43c4-a6ae-33322e493a5d a7a471f59ecb4f529a1d491bdc2c36c1 9887293de2594b73ab3d0157e46744b7 - - b785ce7edf584fd09279ecdf801a79bd b785ce7edf584fd09279ecdf801a79bd] 199.19.213.225 "GET /allocations/fba0acad-0455-41e2-8d27-6bc8f9bceea1" status: 200 len: 258 microversion: 1.28 [pid: 7|app: 0|req: 652/1292] 199.19.213.225 () {34 vars in 862 bytes} [Wed Jul 15 15:58:10 2026] GET /allocations/fba0acad-0455-41e2-8d27-6bc8f9bceea1 => generated 258 bytes in 12 msecs (HTTP/1.1 200) 8 headers in 296 bytes (1 switches on core 0)
2026-07-15 15:58:10.851 8 INFO placement.requestlog [req-b23d935f-d9f1-4585-b94d-4179af612ea4 req-cbbdb82d-e10d-4978-8aaf-f66e341cfc0a a7a471f59ecb4f529a1d491bdc2c36c1 9887293de2594b73ab3d0157e46744b7 - - b785ce7edf584fd09279ecdf801a79bd b785ce7edf584fd09279ecdf801a79bd] 199.19.213.225 "GET /allocations/99af6f36-ab79-4689-b003-a2b324f5a4a1" status: 200 len: 258 microversion: 1.28 [pid: 8|app: 0|req: 641/1293] 199.19.213.225 () {34 vars in 862 bytes} [Wed Jul 15 15:58:10 2026] GET /allocations/99af6f36-ab79-4689-b003-a2b324f5a4a1 => generated 258 bytes in 11 msecs (HTTP/1.1 200) 8 headers in 296 bytes (1 switches on core 0)
2026-07-15 15:58:11.895 7 INFO placement.requestlog [req-b23d935f-d9f1-4585-b94d-4179af612ea4 req-5e74b445-1313-4322-b953-7d2f1f706fc9 a7a471f59ecb4f529a1d491bdc2c36c1 9887293de2594b73ab3d0157e46744b7 - - b785ce7edf584fd09279ecdf801a79bd b785ce7edf584fd09279ecdf801a79bd] 199.19.213.225 "DELETE /allocations/5f59951c-4bb2-4cd0-bd64-4cc4057685ba" status: 204 len: 0 microversion: 1.0 [pid: 7|app: 0|req: 653/1294] 199.19.213.225 () {34 vars in 840 bytes} [Wed Jul 15 15:58:11 2026] DELETE /allocations/5f59951c-4bb2-4cd0-bd64-4cc4057685ba => generated 0 bytes in 22 msecs (HTTP/1.1 204) 5 headers in 198 bytes (1 switches on core 0)
2026-07-15 15:58:15.055 8 INFO placement.requestlog [req-ef5a9422-8782-4f84-99ec-1eeccaac491b req-6b6a028c-ff5f-4d76-add9-0172fb7d1959 a7a471f59ecb4f529a1d491bdc2c36c1 9887293de2594b73ab3d0157e46744b7 - - b785ce7edf584fd09279ecdf801a79bd b785ce7edf584fd09279ecdf801a79bd] 199.19.213.225 "GET /resource_providers/65f4cf3d-3f3f-48a0-aa10-3b625e9ec8e2/allocations" status: 200 len: 253 microversion: 1.0 [pid: 8|app: 0|req: 642/1295] 199.19.213.225 () {32 vars in 856 bytes} [Wed Jul 15 15:58:15 2026] GET /resource_providers/65f4cf3d-3f3f-48a0-aa10-3b625e9ec8e2/allocations => generated 253 bytes in 16 msecs (HTTP/1.1 200) 6 headers in 224 bytes (1 switches on core 0)
2026-07-15 15:58:15.076 7 INFO placement.requestlog [req-ef5a9422-8782-4f84-99ec-1eeccaac491b req-07bcf4c7-26b8-45d4-a0e8-2422cb2b205e a7a471f59ecb4f529a1d491bdc2c36c1 9887293de2594b73ab3d0157e46744b7 - - b785ce7edf584fd09279ecdf801a79bd b785ce7edf584fd09279ecdf801a79bd] 199.19.213.225 "GET /allocations/fba0acad-0455-41e2-8d27-6bc8f9bceea1" status: 200 len: 258 microversion: 1.28 [pid: 7|app: 0|req: 654/1296] 199.19.213.225 () {34 vars in 862 bytes} [Wed Jul 15 15:58:15 2026] GET /allocations/fba0acad-0455-41e2-8d27-6bc8f9bceea1 => generated 258 bytes in 14 msecs (HTTP/1.1 200) 8 headers in 296 bytes (1 switches on core 0)
2026-07-15 15:58:15.096 8 INFO placement.requestlog [req-ef5a9422-8782-4f84-99ec-1eeccaac491b req-420cc016-8ae2-4f52-b113-0c180d7bd12d a7a471f59ecb4f529a1d491bdc2c36c1 9887293de2594b73ab3d0157e46744b7 - - b785ce7edf584fd09279ecdf801a79bd b785ce7edf584fd09279ecdf801a79bd] 199.19.213.225 "GET /allocations/99af6f36-ab79-4689-b003-a2b324f5a4a1" status: 200 len: 258 microversion: 1.28 [pid: 8|app: 0|req: 643/1297] 199.19.213.225 () {34 vars in 862 bytes} [Wed Jul 15 15:58:15 2026] GET /allocations/99af6f36-ab79-4689-b003-a2b324f5a4a1 => generated 258 bytes in 13 msecs (HTTP/1.1 200) 8 headers in 296 bytes (1 switches on core 0)
2026-07-15 15:58:16.143 7 INFO placement.requestlog [req-ef5a9422-8782-4f84-99ec-1eeccaac491b req-f6b81c92-ee8a-447d-b93d-da164ed42498 a7a471f59ecb4f529a1d491bdc2c36c1 9887293de2594b73ab3d0157e46744b7 - - b785ce7edf584fd09279ecdf801a79bd b785ce7edf584fd09279ecdf801a79bd] 199.19.213.225 "DELETE /allocations/99af6f36-ab79-4689-b003-a2b324f5a4a1" status: 204 len: 0 microversion: 1.0 [pid: 7|app: 0|req: 655/1298] 199.19.213.225 () {34 vars in 840 bytes} [Wed Jul 15 15:58:16 2026] DELETE /allocations/99af6f36-ab79-4689-b003-a2b324f5a4a1 => generated 0 bytes in 26 msecs (HTTP/1.1 204) 5 headers in 198 bytes (1 switches on core 0)
2026-07-15 15:58:17.297 7 INFO placement.requestlog [None req-7df57584-4a29-49a3-9df1-6d68ad455d5f - - - - - -] 10.0.0.3 "GET /" status: 200 len: 136 microversion: 1.0
2026-07-15 15:58:17.297 8 INFO placement.requestlog [None req-5ce109e5-926e-4b05-9dd5-436f4178b444 - - - - - -] 10.0.0.3 "GET /" status: 200 len: 136 microversion: 1.0
2026-07-15 15:58:26.139 7 INFO placement.requestlog [req-5df0de92-b293-46b1-8cb6-17f63f7cdbe4 req-26befb8c-15d0-42a5-87ed-79de187aabd2 a7a471f59ecb4f529a1d491bdc2c36c1 9887293de2594b73ab3d0157e46744b7 - - b785ce7edf584fd09279ecdf801a79bd b785ce7edf584fd09279ecdf801a79bd] 199.19.213.225 "GET /resource_providers/65f4cf3d-3f3f-48a0-aa10-3b625e9ec8e2/allocations" status: 200 len: 153 microversion: 1.0 [pid: 7|app: 0|req: 657/1301] 199.19.213.225 () {32 vars in 856 bytes} [Wed Jul 15 15:58:26 2026] GET /resource_providers/65f4cf3d-3f3f-48a0-aa10-3b625e9ec8e2/allocations => generated 153 bytes in 16 msecs (HTTP/1.1 200) 6 headers in 224 bytes (1 switches on core 0)
2026-07-15 15:58:26.168 8 INFO placement.requestlog [req-5df0de92-b293-46b1-8cb6-17f63f7cdbe4 req-1597cbfc-89f5-4730-961f-7ac1f14df560 a7a471f59ecb4f529a1d491bdc2c36c1 9887293de2594b73ab3d0157e46744b7 - - b785ce7edf584fd09279ecdf801a79bd b785ce7edf584fd09279ecdf801a79bd] 199.19.213.225 "GET /allocations/fba0acad-0455-41e2-8d27-6bc8f9bceea1" status: 200 len: 258 microversion: 1.28 [pid: 8|app: 0|req: 645/1302] 199.19.213.225 () {34 vars in 862 bytes} [Wed Jul 15 15:58:26 2026] GET /allocations/fba0acad-0455-41e2-8d27-6bc8f9bceea1 => generated 258 bytes in 22 msecs (HTTP/1.1 200) 8 headers in 296 bytes (1 switches on core 0)
2026-07-15 15:58:27.222 7 INFO placement.requestlog [req-5df0de92-b293-46b1-8cb6-17f63f7cdbe4 req-d399270b-2938-48d1-9a56-bf3bbf78a922 a7a471f59ecb4f529a1d491bdc2c36c1 9887293de2594b73ab3d0157e46744b7 - - b785ce7edf584fd09279ecdf801a79bd b785ce7edf584fd09279ecdf801a79bd] 199.19.213.225 "DELETE /allocations/fba0acad-0455-41e2-8d27-6bc8f9bceea1" status: 204 len: 0 microversion: 1.0 [pid: 7|app: 0|req: 658/1303] 199.19.213.225 () {34 vars in 840 bytes} [Wed Jul 15 15:58:27 2026] DELETE /allocations/fba0acad-0455-41e2-8d27-6bc8f9bceea1 => generated 0 bytes in 25 msecs (HTTP/1.1 204) 5 headers in 198 bytes (1 switches on core 0)
2026-07-15 15:58:27.296 8 INFO placement.requestlog [None req-eb014820-91e1-4a36-ade5-8624884c61ee - - - - - -] 10.0.0.3 "GET /" status: 200 len: 136 microversion: 1.0
2026-07-15 15:58:27.299 7 INFO placement.requestlog [None req-434d67cf-e7b7-4e0d-a714-d693892eb8d2 - - - - - -] 10.0.0.3 "GET /" status: 200 len: 136 microversion: 1.0
2026-07-15 15:58:37.200 8 INFO placement.requestlog [None req-36d24981-fcf9-4e6f-b970-a164b2bd8b5f e4f04b3217644c66b8ed988f6cb13dcf 9887293de2594b73ab3d0157e46744b7 - - b785ce7edf584fd09279ecdf801a79bd b785ce7edf584fd09279ecdf801a79bd] 10.0.0.120 "GET /resource_providers/c106859a-e92a-4c7d-8ace-ddcd4b12830d/aggregates" status: 404 len: 235 microversion: 1.1 [pid: 8|app: 0|req: 647/1306] 10.0.0.120 () {32 vars in 815 bytes} [Wed Jul 15 15:58:37 2026] GET /resource_providers/c106859a-e92a-4c7d-8ace-ddcd4b12830d/aggregates => generated 235 bytes in 8 msecs (HTTP/1.1 404) 5 headers in 202 bytes (1 switches on core 0)
2026-07-15 15:58:37.211 7 INFO placement.requestlog [None req-d6cc28a2-ce94-4d50-a7c1-c14f7bb1b036 e4f04b3217644c66b8ed988f6cb13dcf 9887293de2594b73ab3d0157e46744b7 - - b785ce7edf584fd09279ecdf801a79bd b785ce7edf584fd09279ecdf801a79bd] 10.0.0.120 "GET /resource_providers/c106859a-e92a-4c7d-8ace-ddcd4b12830d/aggregates" status: 404 len: 235 microversion: 1.1 [pid: 7|app: 0|req: 660/1307] 10.0.0.120 () {32 vars in 815 bytes} [Wed Jul 15 15:58:37 2026] GET /resource_providers/c106859a-e92a-4c7d-8ace-ddcd4b12830d/aggregates => generated 235 bytes in 13 msecs (HTTP/1.1 404) 5 headers in 202 bytes (1 switches on core 0)
2026-07-15 15:58:37.228 8 INFO placement.requestlog [None req-cb0a3728-9621-4d15-8db3-2cdf886bbb93 e4f04b3217644c66b8ed988f6cb13dcf 9887293de2594b73ab3d0157e46744b7 - - b785ce7edf584fd09279ecdf801a79bd b785ce7edf584fd09279ecdf801a79bd] 10.0.0.120 "DELETE /resource_providers/c106859a-e92a-4c7d-8ace-ddcd4b12830d" status: 404 len: 246 microversion: 1.1
2026-07-15 15:58:37.228 7 INFO placement.requestlog [None req-87333964-56c7-4e63-947c-3b09712c91ca e4f04b3217644c66b8ed988f6cb13dcf 9887293de2594b73ab3d0157e46744b7 - - b785ce7edf584fd09279ecdf801a79bd b785ce7edf584fd09279ecdf801a79bd] 10.0.0.120 "DELETE /resource_providers/c106859a-e92a-4c7d-8ace-ddcd4b12830d" status: 404 len: 246 microversion: 1.1 [pid: 8|app: 0|req: 648/1308] 10.0.0.120 () {34 vars in 815 bytes} [Wed Jul 15 15:58:37 2026] DELETE /resource_providers/c106859a-e92a-4c7d-8ace-ddcd4b12830d => generated 246 bytes in 12 msecs (HTTP/1.1 404) 6 headers in 231 bytes (1 switches on core 0) [pid: 7|app: 0|req: 661/1309] 10.0.0.120 () {34 vars in 815 bytes} [Wed Jul 15 15:58:37 2026] DELETE /resource_providers/c106859a-e92a-4c7d-8ace-ddcd4b12830d => generated 246 bytes in 8 msecs (HTTP/1.1 404) 6 headers in 231 bytes (1 switches on core 0)
2026-07-15 15:58:37.296 8 INFO placement.requestlog [None req-82341e64-c5d1-487f-b3ab-e8405c00dc9f - - - - - -] 10.0.0.3 "GET /" status: 200 len: 136 microversion: 1.0
2026-07-15 15:58:37.297 7 INFO placement.requestlog [None req-a164bd80-3923-4af8-8382-c3a9ce1d9d3c - - - - - -] 10.0.0.3 "GET /" status: 200 len: 136 microversion: 1.0
2026-07-15 15:58:39.260 8 INFO placement.requestlog [None req-87d9c787-0923-4b10-8db0-df9fe383bf78 e4f04b3217644c66b8ed988f6cb13dcf 9887293de2594b73ab3d0157e46744b7 - - b785ce7edf584fd09279ecdf801a79bd b785ce7edf584fd09279ecdf801a79bd] 10.0.0.120 "GET /resource_providers/4273c8be-60cb-471f-9703-9b98150b2e7c/aggregates" status: 404 len: 235 microversion: 1.1 [pid: 8|app: 0|req: 650/1312] 10.0.0.120 () {32 vars in 815 bytes} [Wed Jul 15 15:58:39 2026] GET /resource_providers/4273c8be-60cb-471f-9703-9b98150b2e7c/aggregates => generated 235 bytes in 13 msecs (HTTP/1.1 404) 5 headers in 202 bytes (1 switches on core 0)
2026-07-15 15:58:39.263 7 INFO placement.requestlog [None req-a8759208-3171-4efe-a24e-f08be07de5ad e4f04b3217644c66b8ed988f6cb13dcf 9887293de2594b73ab3d0157e46744b7 - - b785ce7edf584fd09279ecdf801a79bd b785ce7edf584fd09279ecdf801a79bd] 10.0.0.120 "GET /resource_providers/4273c8be-60cb-471f-9703-9b98150b2e7c/aggregates" status: 404 len: 235 microversion: 1.1 [pid: 7|app: 0|req: 663/1313] 10.0.0.120 () {32 vars in 815 bytes} [Wed Jul 15 15:58:39 2026] GET /resource_providers/4273c8be-60cb-471f-9703-9b98150b2e7c/aggregates => generated 235 bytes in 12 msecs (HTTP/1.1 404) 5 headers in 202 bytes (1 switches on core 0)
2026-07-15 15:58:39.288 8 INFO placement.requestlog [None req-03d5f4bc-01ca-4066-baf9-840554826e37 e4f04b3217644c66b8ed988f6cb13dcf 9887293de2594b73ab3d0157e46744b7 - - b785ce7edf584fd09279ecdf801a79bd b785ce7edf584fd09279ecdf801a79bd] 10.0.0.120 "DELETE /resource_providers/4273c8be-60cb-471f-9703-9b98150b2e7c" status: 404 len: 246 microversion: 1.1 [pid: 8|app: 0|req: 651/1314] 10.0.0.120 () {34 vars in 815 bytes} [Wed Jul 15 15:58:39 2026] DELETE /resource_providers/4273c8be-60cb-471f-9703-9b98150b2e7c => generated 246 bytes in 10 msecs (HTTP/1.1 404) 6 headers in 231 bytes (1 switches on core 0)
2026-07-15 15:58:39.301 7 INFO placement.requestlog [None req-6d8ab31b-17fc-4728-9945-e604d314c4f1 e4f04b3217644c66b8ed988f6cb13dcf 9887293de2594b73ab3d0157e46744b7 - - b785ce7edf584fd09279ecdf801a79bd b785ce7edf584fd09279ecdf801a79bd] 10.0.0.120 "DELETE /resource_providers/4273c8be-60cb-471f-9703-9b98150b2e7c" status: 404 len: 246 microversion: 1.1 [pid: 7|app: 0|req: 664/1315] 10.0.0.120 () {34 vars in 815 bytes} [Wed Jul 15 15:58:39 2026] DELETE /resource_providers/4273c8be-60cb-471f-9703-9b98150b2e7c => generated 246 bytes in 18 msecs (HTTP/1.1 404) 6 headers in 231 bytes (1 switches on core 0)
2026-07-15 15:58:39.310 8 INFO placement.requestlog [None req-839dcbf8-3ff9-4084-8a87-a591edd35c1a e4f04b3217644c66b8ed988f6cb13dcf 9887293de2594b73ab3d0157e46744b7 - - b785ce7edf584fd09279ecdf801a79bd b785ce7edf584fd09279ecdf801a79bd] 10.0.0.120 "GET /resource_providers/5a0282bd-dd91-4ca9-aecf-694427f880b3/aggregates" status: 404 len: 235 microversion: 1.1 [pid: 8|app: 0|req: 652/1316] 10.0.0.120 () {32 vars in 815 bytes} [Wed Jul 15 15:58:39 2026] GET /resource_providers/5a0282bd-dd91-4ca9-aecf-694427f880b3/aggregates => generated 235 bytes in 8 msecs (HTTP/1.1 404) 5 headers in 202 bytes (1 switches on core 0)
2026-07-15 15:58:39.334 7 INFO placement.requestlog [None req-b4ab3479-7037-4c2f-a842-96520fd10c19 e4f04b3217644c66b8ed988f6cb13dcf 9887293de2594b73ab3d0157e46744b7 - - b785ce7edf584fd09279ecdf801a79bd b785ce7edf584fd09279ecdf801a79bd] 10.0.0.120 "GET /resource_providers/5a0282bd-dd91-4ca9-aecf-694427f880b3/aggregates" status: 404 len: 235 microversion: 1.1 [pid: 7|app: 0|req: 665/1317] 10.0.0.120 () {32 vars in 815 bytes} [Wed Jul 15 15:58:39 2026] GET /resource_providers/5a0282bd-dd91-4ca9-aecf-694427f880b3/aggregates => generated 235 bytes in 20 msecs (HTTP/1.1 404) 5 headers in 202 bytes (1 switches on core 0)
2026-07-15 15:58:39.337 8 INFO placement.requestlog [None req-13454794-5f28-46cd-b034-83bbe6d00af3 e4f04b3217644c66b8ed988f6cb13dcf 9887293de2594b73ab3d0157e46744b7 - - b785ce7edf584fd09279ecdf801a79bd b785ce7edf584fd09279ecdf801a79bd] 10.0.0.120 "DELETE /resource_providers/5a0282bd-dd91-4ca9-aecf-694427f880b3" status: 404 len: 246 microversion: 1.1 [pid: 8|app: 0|req: 653/1318] 10.0.0.120 () {34 vars in 815 bytes} [Wed Jul 15 15:58:39 2026] DELETE /resource_providers/5a0282bd-dd91-4ca9-aecf-694427f880b3 => generated 246 bytes in 10 msecs (HTTP/1.1 404) 6 headers in 231 bytes (1 switches on core 0)
2026-07-15 15:58:39.365 7 INFO placement.requestlog [None req-e815ce78-c297-4701-bf87-f37c95a30b6d e4f04b3217644c66b8ed988f6cb13dcf 9887293de2594b73ab3d0157e46744b7 - - b785ce7edf584fd09279ecdf801a79bd b785ce7edf584fd09279ecdf801a79bd] 10.0.0.120 "DELETE /resource_providers/5a0282bd-dd91-4ca9-aecf-694427f880b3" status: 404 len: 246 microversion: 1.1 [pid: 7|app: 0|req: 666/1319] 10.0.0.120 () {34 vars in 815 bytes} [Wed Jul 15 15:58:39 2026] DELETE /resource_providers/5a0282bd-dd91-4ca9-aecf-694427f880b3 => generated 246 bytes in 10 msecs (HTTP/1.1 404) 6 headers in 231 bytes (1 switches on core 0)
2026-07-15 15:58:41.367 8 INFO placement.requestlog [None req-cebe69ca-35d0-44c9-b93c-670723a5df73 e4f04b3217644c66b8ed988f6cb13dcf 9887293de2594b73ab3d0157e46744b7 - - b785ce7edf584fd09279ecdf801a79bd b785ce7edf584fd09279ecdf801a79bd] 10.0.0.120 "GET /resource_providers/81684d6f-64c7-4496-85fd-08a7fe1a4de1/aggregates" status: 404 len: 235 microversion: 1.1 [pid: 8|app: 0|req: 654/1320] 10.0.0.120 () {32 vars in 815 bytes} [Wed Jul 15 15:58:41 2026] GET /resource_providers/81684d6f-64c7-4496-85fd-08a7fe1a4de1/aggregates => generated 235 bytes in 15 msecs (HTTP/1.1 404) 5 headers in 202 bytes (1 switches on core 0)
2026-07-15 15:58:41.388 7 INFO placement.requestlog [None req-436de211-a1c7-4384-b7a1-1917af355500 e4f04b3217644c66b8ed988f6cb13dcf 9887293de2594b73ab3d0157e46744b7 - - b785ce7edf584fd09279ecdf801a79bd b785ce7edf584fd09279ecdf801a79bd] 10.0.0.120 "GET /resource_providers/81684d6f-64c7-4496-85fd-08a7fe1a4de1/aggregates" status: 404 len: 235 microversion: 1.1 [pid: 7|app: 0|req: 667/1321] 10.0.0.120 () {32 vars in 815 bytes} [Wed Jul 15 15:58:41 2026] GET /resource_providers/81684d6f-64c7-4496-85fd-08a7fe1a4de1/aggregates => generated 235 bytes in 12 msecs (HTTP/1.1 404) 5 headers in 202 bytes (1 switches on core 0)
