+ COMMAND=start + start + for KEYSTONE_WSGI_SCRIPT in keystone-wsgi-public ++ type -p keystone-wsgi-public + cp -a /var/lib/openstack/bin/keystone-wsgi-public /var/www/cgi-bin/keystone/ + '[' -f /etc/apache2/envvars ']' + source /etc/apache2/envvars ++ unset HOME ++ '[' '' '!=' '' ']' ++ SUFFIX= ++ export APACHE_RUN_USER=www-data ++ APACHE_RUN_USER=www-data ++ export APACHE_RUN_GROUP=www-data ++ APACHE_RUN_GROUP=www-data ++ export APACHE_PID_FILE=/var/run/apache2/apache2.pid ++ APACHE_PID_FILE=/var/run/apache2/apache2.pid ++ export APACHE_RUN_DIR=/var/run/apache2 ++ APACHE_RUN_DIR=/var/run/apache2 ++ export APACHE_LOCK_DIR=/var/lock/apache2 ++ APACHE_LOCK_DIR=/var/lock/apache2 ++ export APACHE_LOG_DIR=/var/log/apache2 ++ APACHE_LOG_DIR=/var/log/apache2 ++ export LANG=C ++ LANG=C ++ export LANG + '[' -f /var/run/apache2/apache2.pid ']' + exec apache2 -DFOREGROUND AH00558: apache2: Could not reliably determine the server's fully qualified domain name, using 10.0.0.69. Set the 'ServerName' directive globally to suppress this message AH00558: apache2: Could not reliably determine the server's fully qualified domain name, using 10.0.0.69. Set the 'ServerName' directive globally to suppress this message
[Thu Jul 16 10:05:58.540855 2026] [mpm_event:notice] [pid 1:tid 140235331684224] AH00489: Apache/2.4.58 (Ubuntu) mod_wsgi/5.0.0 Python/3.12 configured -- resuming normal operations
[Thu Jul 16 10:05:58.541040 2026] [core:notice] [pid 1:tid 140235331684224] AH00094: Command line: 'apache2 -D FOREGROUND'
[Thu Jul 16 10:06:55.450235 2026] [wsgi:error] [pid 12:tid 140234693863104] /var/lib/openstack/lib/python3.12/site-packages/oslo_utils/importutils.py:77: EventletDeprecationWarning:
[Thu Jul 16 10:06:55.450286 2026] [wsgi:error] [pid 12:tid 140234693863104] Eventlet is deprecated. It is currently being maintained in bugfix mode, and
[Thu Jul 16 10:06:55.450288 2026] [wsgi:error] [pid 12:tid 140234693863104] we strongly recommend against using it for new projects.
[Thu Jul 16 10:06:55.450289 2026] [wsgi:error] [pid 12:tid 140234693863104]
[Thu Jul 16 10:06:55.450290 2026] [wsgi:error] [pid 12:tid 140234693863104] If you are already using Eventlet, we recommend migrating to a different
[Thu Jul 16 10:06:55.450291 2026] [wsgi:error] [pid 12:tid 140234693863104] framework. For more detail see
[Thu Jul 16 10:06:55.450293 2026] [wsgi:error] [pid 12:tid 140234693863104] https://eventlet.readthedocs.io/en/latest/asyncio/migration.html
[Thu Jul 16 10:06:55.450294 2026] [wsgi:error] [pid 12:tid 140234693863104]
[Thu Jul 16 10:06:55.450295 2026] [wsgi:error] [pid 12:tid 140234693863104] __import__(import_str)
[Thu Jul 16 10:06:55.466470 2026] [wsgi:error] [pid 10:tid 140234693863104] /var/lib/openstack/lib/python3.12/site-packages/oslo_utils/importutils.py:77: EventletDeprecationWarning:
[Thu Jul 16 10:06:55.466518 2026] [wsgi:error] [pid 10:tid 140234693863104] Eventlet is deprecated. It is currently being maintained in bugfix mode, and
[Thu Jul 16 10:06:55.466520 2026] [wsgi:error] [pid 10:tid 140234693863104] we strongly recommend against using it for new projects.
[Thu Jul 16 10:06:55.466521 2026] [wsgi:error] [pid 10:tid 140234693863104]
[Thu Jul 16 10:06:55.466522 2026] [wsgi:error] [pid 10:tid 140234693863104] If you are already using Eventlet, we recommend migrating to a different
[Thu Jul 16 10:06:55.466524 2026] [wsgi:error] [pid 10:tid 140234693863104] framework. For more detail see
[Thu Jul 16 10:06:55.466525 2026] [wsgi:error] [pid 10:tid 140234693863104] https://eventlet.readthedocs.io/en/latest/asyncio/migration.html
[Thu Jul 16 10:06:55.466527 2026] [wsgi:error] [pid 10:tid 140234693863104]
[Thu Jul 16 10:06:55.466528 2026] [wsgi:error] [pid 10:tid 140234693863104] __import__(import_str) 10.0.0.25 - - [16/Jul/2026:10:06:54 +0000] "GET /v3/ HTTP/1.1" 200 249 10.0.0.25 - - [16/Jul/2026:10:06:54 +0000] "GET /v3/ HTTP/1.1" 200 249
[Thu Jul 16 10:07:07.483214 2026] [wsgi:error] [pid 9:tid 140234693863104] /var/lib/openstack/lib/python3.12/site-packages/oslo_utils/importutils.py:77: EventletDeprecationWarning:
[Thu Jul 16 10:07:07.483273 2026] [wsgi:error] [pid 9:tid 140234693863104] Eventlet is deprecated. It is currently being maintained in bugfix mode, and
[Thu Jul 16 10:07:07.483276 2026] [wsgi:error] [pid 9:tid 140234693863104] we strongly recommend against using it for new projects.
[Thu Jul 16 10:07:07.483277 2026] [wsgi:error] [pid 9:tid 140234693863104]
[Thu Jul 16 10:07:07.483279 2026] [wsgi:error] [pid 9:tid 140234693863104] If you are already using Eventlet, we recommend migrating to a different
[Thu Jul 16 10:07:07.483280 2026] [wsgi:error] [pid 9:tid 140234693863104] framework. For more detail see
[Thu Jul 16 10:07:07.483281 2026] [wsgi:error] [pid 9:tid 140234693863104] https://eventlet.readthedocs.io/en/latest/asyncio/migration.html
[Thu Jul 16 10:07:07.483283 2026] [wsgi:error] [pid 9:tid 140234693863104]
[Thu Jul 16 10:07:07.483284 2026] [wsgi:error] [pid 9:tid 140234693863104] __import__(import_str) 10.0.0.204 - - [16/Jul/2026:10:07:06 +0000] "GET / HTTP/1.1" 300 295
[Thu Jul 16 10:07:12.917772 2026] [wsgi:error] [pid 11:tid 140234693863104] /var/lib/openstack/lib/python3.12/site-packages/oslo_utils/importutils.py:77: EventletDeprecationWarning:
[Thu Jul 16 10:07:12.917821 2026] [wsgi:error] [pid 11:tid 140234693863104] Eventlet is deprecated. It is currently being maintained in bugfix mode, and
[Thu Jul 16 10:07:12.917823 2026] [wsgi:error] [pid 11:tid 140234693863104] we strongly recommend against using it for new projects.
[Thu Jul 16 10:07:12.917824 2026] [wsgi:error] [pid 11:tid 140234693863104]
[Thu Jul 16 10:07:12.917825 2026] [wsgi:error] [pid 11:tid 140234693863104] If you are already using Eventlet, we recommend migrating to a different
[Thu Jul 16 10:07:12.917826 2026] [wsgi:error] [pid 11:tid 140234693863104] framework. For more detail see
[Thu Jul 16 10:07:12.917827 2026] [wsgi:error] [pid 11:tid 140234693863104] https://eventlet.readthedocs.io/en/latest/asyncio/migration.html
[Thu Jul 16 10:07:12.917829 2026] [wsgi:error] [pid 11:tid 140234693863104]
[Thu Jul 16 10:07:12.917830 2026] [wsgi:error] [pid 11:tid 140234693863104] __import__(import_str)
[Thu Jul 16 10:07:17.866739 2026] [wsgi:error] [pid 11:tid 140234693863104] [remote 10.0.0.204:44726] 2026-07-16 10:07:17.863 11 WARNING keystone.identity.core [None req-3876d360-1b8c-42e9-b41b-3ef1e68a058d - - - - - -] Invalid domain name (atmosphere) found in config file name: keystone.exception.DomainNotFound: Could not find domain: atmosphere.
[Thu Jul 16 10:07:17.921799 2026] [wsgi:error] [pid 11:tid 140234693863104] [remote 10.0.0.204:44726] 2026-07-16 10:07:17.921 11 WARNING keystone.common.password_hashing [None req-3876d360-1b8c-42e9-b41b-3ef1e68a058d - - - - - -] Truncating password to algorithm specific maximum length 72 characters.
[Thu Jul 16 10:07:18.208448 2026] [wsgi:error] [pid 11:tid 140234693863104] [remote 10.0.0.204:44726] 2026-07-16 10:07:18.208 11 WARNING keystone.common.fernet_utils [None req-3876d360-1b8c-42e9-b41b-3ef1e68a058d - - - - - -] key_repository is world readable: /etc/keystone/fernet-keys/ 10.0.0.204 - - [16/Jul/2026:10:07:12 +0000] "POST /v3/auth/tokens HTTP/1.1" 201 1360
[Thu Jul 16 10:07:18.602430 2026] [wsgi:error] [pid 10:tid 140234693863104] [remote 10.0.0.204:44726] 2026-07-16 10:07:18.599 10 WARNING keystone.identity.core [None req-fc71d90a-c82f-4bc9-b49f-71e184bc4a14 - - - - - -] Invalid domain name (atmosphere) found in config file name: keystone.exception.DomainNotFound: Could not find domain: atmosphere. 10.0.0.204 - - [16/Jul/2026:10:07:18 +0000] "POST /v3/domains HTTP/1.1" 201 261 10.0.0.32 - - [16/Jul/2026:10:07:30 +0000] "GET / HTTP/1.1" 300 295
[Thu Jul 16 10:07:30.693740 2026] [wsgi:error] [pid 9:tid 140234693863104] [remote 10.0.0.32:56980] 2026-07-16 10:07:30.693 9 WARNING keystone.common.password_hashing [None req-41338cd4-85fe-48fa-99ca-30b8ac1c9c5e - - - - - -] Truncating password to algorithm specific maximum length 72 characters.
[Thu Jul 16 10:07:30.971778 2026] [wsgi:error] [pid 9:tid 140234693863104] [remote 10.0.0.32:56980] 2026-07-16 10:07:30.971 9 WARNING keystone.common.fernet_utils [None req-41338cd4-85fe-48fa-99ca-30b8ac1c9c5e - - - - - -] key_repository is world readable: /etc/keystone/fernet-keys/ 10.0.0.32 - - [16/Jul/2026:10:07:30 +0000] "POST /v3/auth/tokens HTTP/1.1" 201 1360 10.0.0.32 - - [16/Jul/2026:10:07:31 +0000] "GET /v3/roles/admin HTTP/1.1" 404 83
[Thu Jul 16 10:07:31.262782 2026] [wsgi:error] [pid 10:tid 140234693863104] [remote 10.0.0.32:56980] 2026-07-16 10:07:31.262 10 WARNING keystone.common.rbac_enforcer.enforcer [None req-53595c99-9e0d-4937-a9ff-aaa9081c3e84 6bbb0080d3c044a79a7289c33a55c10a c3d5f08a203e43689a24d17fcbdcab34 - - default default] Deprecated policy rules found. Use oslopolicy-policy-generator and oslopolicy-policy-upgrade to detect and resolve deprecated policies in your configuration. 10.0.0.32 - - [16/Jul/2026:10:07:31 +0000] "GET /v3/roles?name=admin HTTP/1.1" 200 389
[Thu Jul 16 10:07:31.823906 2026] [wsgi:error] [pid 12:tid 140234693863104] [remote 10.0.0.32:56980] 2026-07-16 10:07:31.823 12 WARNING keystone.common.rbac_enforcer.enforcer [None req-b3c5b592-fc4d-4c74-86c0-60c2546b5aa4 6bbb0080d3c044a79a7289c33a55c10a c3d5f08a203e43689a24d17fcbdcab34 - - default default] Deprecated policy rules found. Use oslopolicy-policy-generator and oslopolicy-policy-upgrade to detect and resolve deprecated policies in your configuration. 10.0.0.32 - - [16/Jul/2026:10:07:31 +0000] "GET /v3/users/admin-RegionOne HTTP/1.1" 404 93
[Thu Jul 16 10:07:32.005088 2026] [wsgi:error] [pid 9:tid 140234693863104] [remote 10.0.0.32:56980] 2026-07-16 10:07:32.004 9 WARNING keystone.common.rbac_enforcer.enforcer [None req-6a631c0f-bc8a-4e24-88c7-0254a962e6d6 6bbb0080d3c044a79a7289c33a55c10a c3d5f08a203e43689a24d17fcbdcab34 - - default default] Deprecated policy rules found. Use oslopolicy-policy-generator and oslopolicy-policy-upgrade to detect and resolve deprecated policies in your configuration. 10.0.0.32 - - [16/Jul/2026:10:07:31 +0000] "GET /v3/users?name=admin-RegionOne HTTP/1.1" 200 422
[Thu Jul 16 10:07:32.267250 2026] [wsgi:error] [pid 11:tid 140234693863104] [remote 10.0.0.32:56980] 2026-07-16 10:07:32.266 11 WARNING keystone.common.rbac_enforcer.enforcer [None req-da3ff38d-1714-4c8b-bfa5-bbcae9e1a487 6bbb0080d3c044a79a7289c33a55c10a c3d5f08a203e43689a24d17fcbdcab34 - - default default] Deprecated policy rules found. Use oslopolicy-policy-generator and oslopolicy-policy-upgrade to detect and resolve deprecated policies in your configuration. 10.0.0.32 - - [16/Jul/2026:10:07:32 +0000] "GET /v3/domains/default HTTP/1.1" 200 224 10.0.0.32 - - [16/Jul/2026:10:07:32 +0000] "PUT /v3/domains/default/users/6bbb0080d3c044a79a7289c33a55c10a/roles/f9517a9d057a4154a0e5bf623083ddd8 HTTP/1.1" 204 - 10.0.0.25 - - [16/Jul/2026:10:07:42 +0000] "GET / HTTP/1.1" 300 281 10.0.0.25 - - [16/Jul/2026:10:07:43 +0000] "GET /v3 HTTP/1.1" 200 266
[Thu Jul 16 10:07:43.930236 2026] [wsgi:error] [pid 11:tid 140234693863104] [remote 10.0.0.25:33716] 2026-07-16 10:07:43.929 11 WARNING keystone.common.password_hashing [None req-3531ac13-c524-4180-b6b0-276aa6cfe451 - - - - - -] Truncating password to algorithm specific maximum length 72 characters.
[Thu Jul 16 10:07:44.225785 2026] [wsgi:error] [pid 11:tid 140234693863104] [remote 10.0.0.25:33716] 2026-07-16 10:07:44.225 11 WARNING keystone.common.fernet_utils [None req-3531ac13-c524-4180-b6b0-276aa6cfe451 - - - - - -] key_repository is world readable: /etc/keystone/fernet-keys/ 10.0.0.25 - - [16/Jul/2026:10:07:43 +0000] "POST /v3/auth/tokens HTTP/1.1" 201 1360 10.0.0.25 - - [16/Jul/2026:10:07:44 +0000] "GET / HTTP/1.1" 300 281 10.0.0.25 - - [16/Jul/2026:10:07:44 +0000] "GET /v3/domains/atmosphere HTTP/1.1" 404 90 10.0.0.25 - - [16/Jul/2026:10:07:44 +0000] "GET /v3/domains?name=atmosphere HTTP/1.1" 200 370 10.0.0.25 - - [16/Jul/2026:10:07:44 +0000] "GET /v3/domains/ddfe129dd50647c0bd63a6a2d238e914 HTTP/1.1" 200 247 10.0.0.25 - - [16/Jul/2026:10:07:45 +0000] "GET /v3 HTTP/1.1" 200 266
[Thu Jul 16 10:07:45.445243 2026] [wsgi:error] [pid 12:tid 140234693863104] [remote 10.0.0.25:33716] 2026-07-16 10:07:45.444 12 WARNING keystone.common.password_hashing [None req-061860de-d80b-4b5f-8e32-999a2d8b9e41 - - - - - -] Truncating password to algorithm specific maximum length 72 characters.
[Thu Jul 16 10:07:45.748131 2026] [wsgi:error] [pid 12:tid 140234693863104] [remote 10.0.0.25:33716] 2026-07-16 10:07:45.747 12 WARNING keystone.common.fernet_utils [None req-061860de-d80b-4b5f-8e32-999a2d8b9e41 - - - - - -] key_repository is world readable: /etc/keystone/fernet-keys/ 10.0.0.25 - - [16/Jul/2026:10:07:45 +0000] "POST /v3/auth/tokens HTTP/1.1" 201 1360 10.0.0.25 - - [16/Jul/2026:10:07:45 +0000] "GET / HTTP/1.1" 300 281 10.0.0.25 - - [16/Jul/2026:10:07:45 +0000] "GET /v3/OS-FEDERATION/identity_providers/atmosphere HTTP/1.1" 404 101 10.0.0.25 - - [16/Jul/2026:10:07:45 +0000] "GET /v3/OS-FEDERATION/identity_providers HTTP/1.1" 200 156 10.0.0.25 - - [16/Jul/2026:10:07:45 +0000] "PUT /v3/OS-FEDERATION/identity_providers/atmosphere HTTP/1.1" 201 342 10.0.0.25 - - [16/Jul/2026:10:07:46 +0000] "GET /v3 HTTP/1.1" 200 266
[Thu Jul 16 10:07:46.555439 2026] [wsgi:error] [pid 11:tid 140234693863104] [remote 10.0.0.25:33716] 2026-07-16 10:07:46.555 11 WARNING keystone.common.password_hashing [None req-6c969700-5ead-4979-ba67-edf00c81be14 - - - - - -] Truncating password to algorithm specific maximum length 72 characters.
[Thu Jul 16 10:07:46.830056 2026] [wsgi:error] [pid 11:tid 140234693863104] [remote 10.0.0.25:33716] 2026-07-16 10:07:46.829 11 WARNING keystone.common.fernet_utils [None req-6c969700-5ead-4979-ba67-edf00c81be14 - - - - - -] key_repository is world readable: /etc/keystone/fernet-keys/ 10.0.0.25 - - [16/Jul/2026:10:07:46 +0000] "POST /v3/auth/tokens HTTP/1.1" 201 1360 10.0.0.25 - - [16/Jul/2026:10:07:46 +0000] "GET / HTTP/1.1" 300 281 10.0.0.25 - - [16/Jul/2026:10:07:46 +0000] "GET /v3/OS-FEDERATION/mappings/atmosphere-openid HTTP/1.1" 404 98 10.0.0.25 - - [16/Jul/2026:10:07:46 +0000] "GET /v3/OS-FEDERATION/mappings HTTP/1.1" 200 136 10.0.0.25 - - [16/Jul/2026:10:07:46 +0000] "PUT /v3/OS-FEDERATION/mappings/atmosphere-openid HTTP/1.1" 201 357 10.0.0.25 - - [16/Jul/2026:10:07:47 +0000] "GET /v3 HTTP/1.1" 200 266
[Thu Jul 16 10:07:47.618550 2026] [wsgi:error] [pid 12:tid 140234693863104] [remote 10.0.0.25:33716] 2026-07-16 10:07:47.618 12 WARNING keystone.common.password_hashing [None req-4ef99b6f-8b35-4182-8025-faf9cf31efe5 - - - - - -] Truncating password to algorithm specific maximum length 72 characters.
[Thu Jul 16 10:07:47.890517 2026] [wsgi:error] [pid 12:tid 140234693863104] [remote 10.0.0.25:33716] 2026-07-16 10:07:47.890 12 WARNING keystone.common.fernet_utils [None req-4ef99b6f-8b35-4182-8025-faf9cf31efe5 - - - - - -] key_repository is world readable: /etc/keystone/fernet-keys/ 10.0.0.25 - - [16/Jul/2026:10:07:47 +0000] "POST /v3/auth/tokens HTTP/1.1" 201 1360 10.0.0.25 - - [16/Jul/2026:10:07:47 +0000] "GET / HTTP/1.1" 300 281 10.0.0.25 - - [16/Jul/2026:10:07:47 +0000] "GET /v3/OS-FEDERATION/identity_providers/atmosphere/protocols/openid?idp_id=atmosphere HTTP/1.1" 404 131 10.0.0.25 - - [16/Jul/2026:10:07:47 +0000] "GET /v3/OS-FEDERATION/identity_providers/atmosphere/protocols HTTP/1.1" 200 168 10.0.0.25 - - [16/Jul/2026:10:07:47 +0000] "PUT /v3/OS-FEDERATION/identity_providers/atmosphere/protocols/openid HTTP/1.1" 201 224 10.0.0.25 - - [16/Jul/2026:10:07:54 +0000] "GET /v3/ HTTP/1.1" 200 249 10.0.0.25 - - [16/Jul/2026:10:07:54 +0000] "GET /v3/ HTTP/1.1" 200 249 10.0.0.25 - - [16/Jul/2026:10:08:54 +0000] "GET /v3/ HTTP/1.1" 200 249 10.0.0.25 - - [16/Jul/2026:10:08:54 +0000] "GET /v3/ HTTP/1.1" 200 249 10.0.0.147 - - [16/Jul/2026:10:09:12 +0000] "GET / HTTP/1.1" 300 295
[Thu Jul 16 10:09:12.053425 2026] [wsgi:error] [pid 11:tid 140234693863104] [remote 10.0.0.147:41298] 2026-07-16 10:09:12.053 11 WARNING keystone.common.password_hashing [None req-e5b6b9a6-1892-47c6-836c-be656445905d - - - - - -] Truncating password to algorithm specific maximum length 72 characters.
[Thu Jul 16 10:09:12.322149 2026] [wsgi:error] [pid 11:tid 140234693863104] [remote 10.0.0.147:41298] 2026-07-16 10:09:12.322 11 WARNING keystone.common.fernet_utils [None req-e5b6b9a6-1892-47c6-836c-be656445905d - - - - - -] key_repository is world readable: /etc/keystone/fernet-keys/ 10.0.0.147 - - [16/Jul/2026:10:09:12 +0000] "POST /v3/auth/tokens HTTP/1.1" 201 1360 10.0.0.147 - - [16/Jul/2026:10:09:12 +0000] "GET /v3/services HTTP/1.1" 200 355 10.0.0.147 - - [16/Jul/2026:10:09:15 +0000] "GET / HTTP/1.1" 300 295
[Thu Jul 16 10:09:15.987451 2026] [wsgi:error] [pid 9:tid 140234693863104] [remote 10.0.0.147:41312] 2026-07-16 10:09:15.987 9 WARNING keystone.common.password_hashing [None req-64790df3-e513-4737-b653-540ac4f45abc - - - - - -] Truncating password to algorithm specific maximum length 72 characters.
[Thu Jul 16 10:09:16.276549 2026] [wsgi:error] [pid 9:tid 140234693863104] [remote 10.0.0.147:41312] 2026-07-16 10:09:16.276 9 WARNING keystone.common.fernet_utils [None req-64790df3-e513-4737-b653-540ac4f45abc - - - - - -] key_repository is world readable: /etc/keystone/fernet-keys/ 10.0.0.147 - - [16/Jul/2026:10:09:15 +0000] "POST /v3/auth/tokens HTTP/1.1" 201 1360 10.0.0.147 - - [16/Jul/2026:10:09:16 +0000] "GET /v3/services HTTP/1.1" 200 355 10.0.0.147 - - [16/Jul/2026:10:09:19 +0000] "GET / HTTP/1.1" 300 295
[Thu Jul 16 10:09:19.913640 2026] [wsgi:error] [pid 12:tid 140234693863104] [remote 10.0.0.147:41324] 2026-07-16 10:09:19.913 12 WARNING keystone.common.password_hashing [None req-0d1c607d-0300-4d9b-bc61-c18239c79f5b - - - - - -] Truncating password to algorithm specific maximum length 72 characters.
[Thu Jul 16 10:09:20.208595 2026] [wsgi:error] [pid 12:tid 140234693863104] [remote 10.0.0.147:41324] 2026-07-16 10:09:20.208 12 WARNING keystone.common.fernet_utils [None req-0d1c607d-0300-4d9b-bc61-c18239c79f5b - - - - - -] key_repository is world readable: /etc/keystone/fernet-keys/ 10.0.0.147 - - [16/Jul/2026:10:09:19 +0000] "POST /v3/auth/tokens HTTP/1.1" 201 1360 10.0.0.147 - - [16/Jul/2026:10:09:20 +0000] "GET /v3/services HTTP/1.1" 200 355 10.0.0.147 - - [16/Jul/2026:10:09:23 +0000] "GET / HTTP/1.1" 300 295
[Thu Jul 16 10:09:23.891476 2026] [wsgi:error] [pid 10:tid 140234693863104] [remote 10.0.0.147:43142] 2026-07-16 10:09:23.890 10 WARNING keystone.common.password_hashing [None req-f078d275-6fb1-4aeb-8d7c-38e54d186ba9 - - - - - -] Truncating password to algorithm specific maximum length 72 characters.
[Thu Jul 16 10:09:24.182938 2026] [wsgi:error] [pid 10:tid 140234693863104] [remote 10.0.0.147:43142] 2026-07-16 10:09:24.182 10 WARNING keystone.common.fernet_utils [None req-f078d275-6fb1-4aeb-8d7c-38e54d186ba9 - - - - - -] key_repository is world readable: /etc/keystone/fernet-keys/ 10.0.0.147 - - [16/Jul/2026:10:09:23 +0000] "POST /v3/auth/tokens HTTP/1.1" 201 1360 10.0.0.147 - - [16/Jul/2026:10:09:24 +0000] "POST /v3/services HTTP/1.1" 201 296 10.0.0.70 - - [16/Jul/2026:10:09:35 +0000] "GET / HTTP/1.1" 300 295
[Thu Jul 16 10:09:35.400697 2026] [wsgi:error] [pid 11:tid 140234693863104] [remote 10.0.0.70:57972] 2026-07-16 10:09:35.400 11 WARNING keystone.common.password_hashing [None req-9d11e316-b1d8-48c6-9064-5df3a1912980 - - - - - -] Truncating password to algorithm specific maximum length 72 characters. 10.0.0.70 - - [16/Jul/2026:10:09:35 +0000] "GET / HTTP/1.1" 300 295
[Thu Jul 16 10:09:35.425690 2026] [wsgi:error] [pid 12:tid 140234693863104] [remote 10.0.0.70:57986] 2026-07-16 10:09:35.425 12 WARNING keystone.common.password_hashing [None req-84fcb8e4-0b81-45e4-9c9e-dc127fca897b - - - - - -] Truncating password to algorithm specific maximum length 72 characters. 10.0.0.70 - - [16/Jul/2026:10:09:35 +0000] "GET / HTTP/1.1" 300 295
[Thu Jul 16 10:09:35.460406 2026] [wsgi:error] [pid 10:tid 140234693863104] [remote 10.0.0.70:58000] 2026-07-16 10:09:35.460 10 WARNING keystone.common.password_hashing [None req-71866685-508a-42e6-ab36-ddb48637482e - - - - - -] Truncating password to algorithm specific maximum length 72 characters.
[Thu Jul 16 10:09:35.670110 2026] [wsgi:error] [pid 11:tid 140234693863104] [remote 10.0.0.70:57972] 2026-07-16 10:09:35.669 11 WARNING keystone.common.fernet_utils [None req-9d11e316-b1d8-48c6-9064-5df3a1912980 - - - - - -] key_repository is world readable: /etc/keystone/fernet-keys/ 10.0.0.70 - - [16/Jul/2026:10:09:35 +0000] "POST /v3/auth/tokens HTTP/1.1" 201 1464
[Thu Jul 16 10:09:35.712279 2026] [wsgi:error] [pid 12:tid 140234693863104] [remote 10.0.0.70:57986] 2026-07-16 10:09:35.712 12 WARNING keystone.common.fernet_utils [None req-84fcb8e4-0b81-45e4-9c9e-dc127fca897b - - - - - -] key_repository is world readable: /etc/keystone/fernet-keys/ 10.0.0.70 - - [16/Jul/2026:10:09:35 +0000] "POST /v3/auth/tokens HTTP/1.1" 201 1464
[Thu Jul 16 10:09:35.729718 2026] [wsgi:error] [pid 10:tid 140234693863104] [remote 10.0.0.70:58000] 2026-07-16 10:09:35.729 10 WARNING keystone.common.fernet_utils [None req-71866685-508a-42e6-ab36-ddb48637482e - - - - - -] key_repository is world readable: /etc/keystone/fernet-keys/ 10.0.0.70 - - [16/Jul/2026:10:09:35 +0000] "POST /v3/auth/tokens HTTP/1.1" 201 1464 10.0.0.70 - - [16/Jul/2026:10:09:35 +0000] "GET /v3/services HTTP/1.1" 200 639 10.0.0.70 - - [16/Jul/2026:10:09:35 +0000] "GET /v3/services HTTP/1.1" 200 639 10.0.0.70 - - [16/Jul/2026:10:09:35 +0000] "GET /v3/services HTTP/1.1" 200 639 10.0.0.70 - - [16/Jul/2026:10:09:37 +0000] "GET / HTTP/1.1" 300 295
[Thu Jul 16 10:09:37.500784 2026] [wsgi:error] [pid 9:tid 140234693863104] [remote 10.0.0.70:58012] 2026-07-16 10:09:37.500 9 WARNING keystone.common.password_hashing [None req-bec2b3e2-6e85-4d3a-877d-0475b2ac5c61 - - - - - -] Truncating password to algorithm specific maximum length 72 characters. 10.0.0.70 - - [16/Jul/2026:10:09:37 +0000] "GET / HTTP/1.1" 300 295
[Thu Jul 16 10:09:37.525122 2026] [wsgi:error] [pid 12:tid 140234693863104] [remote 10.0.0.70:58018] 2026-07-16 10:09:37.524 12 WARNING keystone.common.password_hashing [None req-091a097d-d0e7-4302-af6e-ddf052b397ea - - - - - -] Truncating password to algorithm specific maximum length 72 characters. 10.0.0.70 - - [16/Jul/2026:10:09:37 +0000] "GET / HTTP/1.1" 300 295
[Thu Jul 16 10:09:37.546550 2026] [wsgi:error] [pid 11:tid 140234693863104] [remote 10.0.0.70:58022] 2026-07-16 10:09:37.546 11 WARNING keystone.common.password_hashing [None req-8889a941-8bc7-4ec8-b4a6-b00bd3363fad - - - - - -] Truncating password to algorithm specific maximum length 72 characters.
[Thu Jul 16 10:09:37.780243 2026] [wsgi:error] [pid 9:tid 140234693863104] [remote 10.0.0.70:58012] 2026-07-16 10:09:37.780 9 WARNING keystone.common.fernet_utils [None req-bec2b3e2-6e85-4d3a-877d-0475b2ac5c61 - - - - - -] key_repository is world readable: /etc/keystone/fernet-keys/ 10.0.0.70 - - [16/Jul/2026:10:09:37 +0000] "POST /v3/auth/tokens HTTP/1.1" 201 1464
[Thu Jul 16 10:09:37.794176 2026] [wsgi:error] [pid 12:tid 140234693863104] [remote 10.0.0.70:58018] 2026-07-16 10:09:37.793 12 WARNING keystone.common.fernet_utils [None req-091a097d-d0e7-4302-af6e-ddf052b397ea - - - - - -] key_repository is world readable: /etc/keystone/fernet-keys/ 10.0.0.70 - - [16/Jul/2026:10:09:37 +0000] "POST /v3/auth/tokens HTTP/1.1" 201 1464
[Thu Jul 16 10:09:37.821202 2026] [wsgi:error] [pid 11:tid 140234693863104] [remote 10.0.0.70:58022] 2026-07-16 10:09:37.821 11 WARNING keystone.common.fernet_utils [None req-8889a941-8bc7-4ec8-b4a6-b00bd3363fad - - - - - -] key_repository is world readable: /etc/keystone/fernet-keys/ 10.0.0.70 - - [16/Jul/2026:10:09:37 +0000] "POST /v3/auth/tokens HTTP/1.1" 201 1464 10.0.0.70 - - [16/Jul/2026:10:09:37 +0000] "GET /v3/endpoints HTTP/1.1" 200 1227 10.0.0.70 - - [16/Jul/2026:10:09:37 +0000] "GET /v3/endpoints HTTP/1.1" 200 1227 10.0.0.70 - - [16/Jul/2026:10:09:37 +0000] "GET /v3/services/9e5af5687560465cb8298860ac37a8ed HTTP/1.1" 200 233 10.0.0.70 - - [16/Jul/2026:10:09:37 +0000] "GET /v3/services/9e5af5687560465cb8298860ac37a8ed HTTP/1.1" 200 233 10.0.0.70 - - [16/Jul/2026:10:09:37 +0000] "GET /v3/endpoints HTTP/1.1" 200 1227 10.0.0.70 - - [16/Jul/2026:10:09:37 +0000] "GET /v3/services/9e5af5687560465cb8298860ac37a8ed HTTP/1.1" 200 233 10.0.0.70 - - [16/Jul/2026:10:09:37 +0000] "GET /v3/services/9e5af5687560465cb8298860ac37a8ed HTTP/1.1" 200 233 10.0.0.70 - - [16/Jul/2026:10:09:37 +0000] "GET /v3/services/9e5af5687560465cb8298860ac37a8ed HTTP/1.1" 200 233 10.0.0.70 - - [16/Jul/2026:10:09:37 +0000] "GET /v3/services/9e5af5687560465cb8298860ac37a8ed HTTP/1.1" 200 233 10.0.0.70 - - [16/Jul/2026:10:09:37 +0000] "GET /v3/services/9e5af5687560465cb8298860ac37a8ed HTTP/1.1" 200 233 10.0.0.70 - - [16/Jul/2026:10:09:37 +0000] "GET /v3/services/9e5af5687560465cb8298860ac37a8ed HTTP/1.1" 200 233 10.0.0.70 - - [16/Jul/2026:10:09:38 +0000] "GET /v3/services/9e5af5687560465cb8298860ac37a8ed HTTP/1.1" 200 233 10.0.0.70 - - [16/Jul/2026:10:09:39 +0000] "GET / HTTP/1.1" 300 295
[Thu Jul 16 10:09:39.510052 2026] [wsgi:error] [pid 11:tid 140234693863104] [remote 10.0.0.70:58028] 2026-07-16 10:09:39.509 11 WARNING keystone.common.password_hashing [None req-a4206302-5e7b-45a9-89be-d08039045249 - - - - - -] Truncating password to algorithm specific maximum length 72 characters. 10.0.0.70 - - [16/Jul/2026:10:09:39 +0000] "GET / HTTP/1.1" 300 295
[Thu Jul 16 10:09:39.608946 2026] [wsgi:error] [pid 10:tid 140234693863104] [remote 10.0.0.70:58036] 2026-07-16 10:09:39.608 10 WARNING keystone.common.password_hashing [None req-ce0ebbec-db5c-40b5-a610-239222577633 - - - - - -] Truncating password to algorithm specific maximum length 72 characters. 10.0.0.70 - - [16/Jul/2026:10:09:39 +0000] "GET / HTTP/1.1" 300 295
[Thu Jul 16 10:09:39.769651 2026] [wsgi:error] [pid 12:tid 140234693863104] [remote 10.0.0.70:58044] 2026-07-16 10:09:39.769 12 WARNING keystone.common.password_hashing [None req-fab793e5-a46f-4ff1-87fd-50d9cae2516d - - - - - -] Truncating password to algorithm specific maximum length 72 characters.
[Thu Jul 16 10:09:39.798022 2026] [wsgi:error] [pid 11:tid 140234693863104] [remote 10.0.0.70:58028] 2026-07-16 10:09:39.797 11 WARNING keystone.common.fernet_utils [None req-a4206302-5e7b-45a9-89be-d08039045249 - - - - - -] key_repository is world readable: /etc/keystone/fernet-keys/ 10.0.0.70 - - [16/Jul/2026:10:09:39 +0000] "POST /v3/auth/tokens HTTP/1.1" 201 1464
[Thu Jul 16 10:09:39.879684 2026] [wsgi:error] [pid 10:tid 140234693863104] [remote 10.0.0.70:58036] 2026-07-16 10:09:39.879 10 WARNING keystone.common.fernet_utils [None req-ce0ebbec-db5c-40b5-a610-239222577633 - - - - - -] key_repository is world readable: /etc/keystone/fernet-keys/ 10.0.0.70 - - [16/Jul/2026:10:09:39 +0000] "POST /v3/auth/tokens HTTP/1.1" 201 1464 10.0.0.70 - - [16/Jul/2026:10:09:39 +0000] "GET /v3/services/faa88869097447ce991d6748b4adbcba HTTP/1.1" 200 296 10.0.0.70 - - [16/Jul/2026:10:09:39 +0000] "GET /v3/regions/RegionOne HTTP/1.1" 200 173 10.0.0.70 - - [16/Jul/2026:10:09:39 +0000] "POST /v3/endpoints HTTP/1.1" 201 383 10.0.0.70 - - [16/Jul/2026:10:09:39 +0000] "GET /v3/services/faa88869097447ce991d6748b4adbcba HTTP/1.1" 200 296 10.0.0.70 - - [16/Jul/2026:10:09:40 +0000] "GET /v3/regions/RegionOne HTTP/1.1" 200 173
[Thu Jul 16 10:09:40.069364 2026] [wsgi:error] [pid 12:tid 140234693863104] [remote 10.0.0.70:58044] 2026-07-16 10:09:40.067 12 WARNING keystone.common.fernet_utils [None req-fab793e5-a46f-4ff1-87fd-50d9cae2516d - - - - - -] key_repository is world readable: /etc/keystone/fernet-keys/ 10.0.0.70 - - [16/Jul/2026:10:09:39 +0000] "POST /v3/auth/tokens HTTP/1.1" 201 1644 10.0.0.70 - - [16/Jul/2026:10:09:40 +0000] "POST /v3/endpoints HTTP/1.1" 201 380 10.0.0.70 - - [16/Jul/2026:10:09:40 +0000] "GET /v3/services/faa88869097447ce991d6748b4adbcba HTTP/1.1" 200 296 10.0.0.70 - - [16/Jul/2026:10:09:40 +0000] "GET /v3/regions/RegionOne HTTP/1.1" 200 173 10.0.0.70 - - [16/Jul/2026:10:09:40 +0000] "POST /v3/endpoints HTTP/1.1" 201 370 10.0.0.70 - - [16/Jul/2026:10:09:41 +0000] "GET / HTTP/1.1" 300 295
[Thu Jul 16 10:09:41.678129 2026] [wsgi:error] [pid 9:tid 140234693863104] [remote 10.0.0.70:53266] 2026-07-16 10:09:41.677 9 WARNING keystone.common.password_hashing [None req-32f264df-c0b6-4761-acbb-42490819b70b - - - - - -] Truncating password to algorithm specific maximum length 72 characters. 10.0.0.70 - - [16/Jul/2026:10:09:41 +0000] "GET / HTTP/1.1" 300 295
[Thu Jul 16 10:09:41.756190 2026] [wsgi:error] [pid 12:tid 140234693863104] [remote 10.0.0.70:53274] 2026-07-16 10:09:41.755 12 WARNING keystone.common.password_hashing [None req-6f956bf0-1065-4a74-8f08-f4409cc81253 - - - - - -] Truncating password to algorithm specific maximum length 72 characters. 10.0.0.70 - - [16/Jul/2026:10:09:41 +0000] "GET / HTTP/1.1" 300 295
[Thu Jul 16 10:09:41.895725 2026] [wsgi:error] [pid 11:tid 140234693863104] [remote 10.0.0.70:53286] 2026-07-16 10:09:41.895 11 WARNING keystone.common.password_hashing [None req-80dc8d50-109b-4569-a134-f3adc3d2d62d - - - - - -] Truncating password to algorithm specific maximum length 72 characters.
[Thu Jul 16 10:09:41.951060 2026] [wsgi:error] [pid 9:tid 140234693863104] [remote 10.0.0.70:53266] 2026-07-16 10:09:41.950 9 WARNING keystone.common.fernet_utils [None req-32f264df-c0b6-4761-acbb-42490819b70b - - - - - -] key_repository is world readable: /etc/keystone/fernet-keys/ 10.0.0.70 - - [16/Jul/2026:10:09:41 +0000] "POST /v3/auth/tokens HTTP/1.1" 201 1992
[Thu Jul 16 10:09:42.041876 2026] [wsgi:error] [pid 12:tid 140234693863104] [remote 10.0.0.70:53274] 2026-07-16 10:09:42.041 12 WARNING keystone.common.fernet_utils [None req-6f956bf0-1065-4a74-8f08-f4409cc81253 - - - - - -] key_repository is world readable: /etc/keystone/fernet-keys/ 10.0.0.70 - - [16/Jul/2026:10:09:41 +0000] "POST /v3/auth/tokens HTTP/1.1" 201 1992 10.0.0.70 - - [16/Jul/2026:10:09:42 +0000] "GET /v3/endpoints/fca04d5666e64f5394f5b12906306340 HTTP/1.1" 200 383 10.0.0.70 - - [16/Jul/2026:10:09:42 +0000] "GET /v3/services/faa88869097447ce991d6748b4adbcba HTTP/1.1" 200 296
[Thu Jul 16 10:09:42.176305 2026] [wsgi:error] [pid 11:tid 140234693863104] [remote 10.0.0.70:53286] 2026-07-16 10:09:42.176 11 WARNING keystone.common.fernet_utils [None req-80dc8d50-109b-4569-a134-f3adc3d2d62d - - - - - -] key_repository is world readable: /etc/keystone/fernet-keys/ 10.0.0.70 - - [16/Jul/2026:10:09:42 +0000] "GET /v3/endpoints/4c7bafbc5434489ead73ed388a61d351 HTTP/1.1" 200 380 10.0.0.70 - - [16/Jul/2026:10:09:41 +0000] "POST /v3/auth/tokens HTTP/1.1" 201 1992 10.0.0.70 - - [16/Jul/2026:10:09:42 +0000] "GET /v3/services/faa88869097447ce991d6748b4adbcba HTTP/1.1" 200 296 10.0.0.70 - - [16/Jul/2026:10:09:42 +0000] "GET /v3/endpoints/60d655f2e5dc420ea7e576cb351cce79 HTTP/1.1" 200 370 10.0.0.70 - - [16/Jul/2026:10:09:42 +0000] "GET /v3/services/faa88869097447ce991d6748b4adbcba HTTP/1.1" 200 296 10.0.0.117 - - [16/Jul/2026:10:09:54 +0000] "GET / HTTP/1.1" 300 295
[Thu Jul 16 10:09:54.387674 2026] [wsgi:error] [pid 10:tid 140234693863104] [remote 10.0.0.117:55214] 2026-07-16 10:09:54.387 10 WARNING keystone.common.password_hashing [None req-4ee63536-3e0c-4626-bfd2-0e006c192c67 - - - - - -] Truncating password to algorithm specific maximum length 72 characters. 10.0.0.25 - - [16/Jul/2026:10:09:54 +0000] "GET /v3/ HTTP/1.1" 200 249 10.0.0.25 - - [16/Jul/2026:10:09:54 +0000] "GET /v3/ HTTP/1.1" 200 249
[Thu Jul 16 10:09:54.660626 2026] [wsgi:error] [pid 10:tid 140234693863104] [remote 10.0.0.117:55214] 2026-07-16 10:09:54.660 10 WARNING keystone.common.fernet_utils [None req-4ee63536-3e0c-4626-bfd2-0e006c192c67 - - - - - -] key_repository is world readable: /etc/keystone/fernet-keys/ 10.0.0.117 - - [16/Jul/2026:10:09:54 +0000] "POST /v3/auth/tokens HTTP/1.1" 201 1992 10.0.0.117 - - [16/Jul/2026:10:09:54 +0000] "POST /v3/domains HTTP/1.1" 201 284 10.0.0.117 - - [16/Jul/2026:10:09:56 +0000] "GET / HTTP/1.1" 300 295
[Thu Jul 16 10:09:56.538320 2026] [wsgi:error] [pid 12:tid 140234693863104] [remote 10.0.0.117:55222] 2026-07-16 10:09:56.538 12 WARNING keystone.common.password_hashing [None req-98db5a32-1bbb-46d6-b978-30b68ac62811 - - - - - -] Truncating password to algorithm specific maximum length 72 characters.
[Thu Jul 16 10:09:56.808015 2026] [wsgi:error] [pid 12:tid 140234693863104] [remote 10.0.0.117:55222] 2026-07-16 10:09:56.807 12 WARNING keystone.common.fernet_utils [None req-98db5a32-1bbb-46d6-b978-30b68ac62811 - - - - - -] key_repository is world readable: /etc/keystone/fernet-keys/ 10.0.0.117 - - [16/Jul/2026:10:09:56 +0000] "POST /v3/auth/tokens HTTP/1.1" 201 1992
[Thu Jul 16 10:09:56.986773 2026] [wsgi:error] [pid 10:tid 140234693863104] [remote 10.0.0.117:55222] 2026-07-16 10:09:56.973 10 ERROR keystone.server.flask.application [None req-b61219e7-fb48-49b7-abb4-fb0c2dd50d76 6bbb0080d3c044a79a7289c33a55c10a c3d5f08a203e43689a24d17fcbdcab34 - - default default] Conflict occurred attempting to store project - it is not permitted to have two projects acting as domains with the same name: service.: keystone.exception.Conflict: Conflict occurred attempting to store project - it is not permitted to have two projects acting as domains with the same name: service.
[Thu Jul 16 10:09:56.986802 2026] [wsgi:error] [pid 10:tid 140234693863104] [remote 10.0.0.117:55222] 2026-07-16 10:09:56.973 10 ERROR keystone.server.flask.application
Traceback (most recent call last):
[Thu Jul 16 10:09:56.986805 2026] [wsgi:error] [pid 10:tid 140234693863104] [remote 10.0.0.117:55222] 2026-07-16 10:09:56.973 10 ERROR keystone.server.flask.application
File "/var/lib/openstack/lib/python3.12/site-packages/sqlalchemy/engine/base.py", line 1969, in _exec_single_context
[Thu Jul 16 10:09:56.986806 2026] [wsgi:error] [pid 10:tid 140234693863104] [remote 10.0.0.117:55222] 2026-07-16 10:09:56.973 10 ERROR keystone.server.flask.application self.dialect.do_execute(
[Thu Jul 16 10:09:56.986808 2026] [wsgi:error] [pid 10:tid 140234693863104] [remote 10.0.0.117:55222] 2026-07-16 10:09:56.973 10 ERROR keystone.server.flask.application
File "/var/lib/openstack/lib/python3.12/site-packages/sqlalchemy/engine/default.py", line 952, in do_execute
[Thu Jul 16 10:09:56.986810 2026] [wsgi:error] [pid 10:tid 140234693863104] [remote 10.0.0.117:55222] 2026-07-16 10:09:56.973 10 ERROR keystone.server.flask.application cursor.execute(statement, parameters)
[Thu Jul 16 10:09:56.986811 2026] [wsgi:error] [pid 10:tid 140234693863104] [remote 10.0.0.117:55222] 2026-07-16 10:09:56.973 10 ERROR keystone.server.flask.application
File "/var/lib/openstack/lib/python3.12/site-packages/pymysql/cursors.py", line 159, in execute
[Thu Jul 16 10:09:56.986813 2026] [wsgi:error] [pid 10:tid 140234693863104] [remote 10.0.0.117:55222] 2026-07-16 10:09:56.973 10 ERROR keystone.server.flask.application result = self._query(query)
[Thu Jul 16 10:09:56.986814 2026] [wsgi:error] [pid 10:tid 140234693863104] [remote 10.0.0.117:55222] 2026-07-16 10:09:56.973 10 ERROR keystone.server.flask.application ^^^^^^^^^^^^^^^^^^
[Thu Jul 16 10:09:56.986815 2026] [wsgi:error] [pid 10:tid 140234693863104] [remote 10.0.0.117:55222] 2026-07-16 10:09:56.973 10 ERROR keystone.server.flask.application
File "/var/lib/openstack/lib/python3.12/site-packages/pymysql/cursors.py", line 330, in _query
[Thu Jul 16 10:09:56.986817 2026] [wsgi:error] [pid 10:tid 140234693863104] [remote 10.0.0.117:55222] 2026-07-16 10:09:56.973 10 ERROR keystone.server.flask.application conn.query(q)
[Thu Jul 16 10:09:56.986819 2026] [wsgi:error] [pid 10:tid 140234693863104] [remote 10.0.0.117:55222] 2026-07-16 10:09:56.973 10 ERROR keystone.server.flask.application
File "/var/lib/openstack/lib/python3.12/site-packages/pymysql/connections.py", line 582, in query
[Thu Jul 16 10:09:56.986821 2026] [wsgi:error] [pid 10:tid 140234693863104] [remote 10.0.0.117:55222] 2026-07-16 10:09:56.973 10 ERROR keystone.server.flask.application self._affected_rows = self._read_query_result(unbuffered=unbuffered)
[Thu Jul 16 10:09:56.986823 2026] [wsgi:error] [pid 10:tid 140234693863104] [remote 10.0.0.117:55222] 2026-07-16 10:09:56.973 10 ERROR keystone.server.flask.application ^^^^^^^^^^^^^^^^^^^^^^^^^^^^^^^^^^^^^^^^^^^^^^
[Thu Jul 16 10:09:56.986824 2026] [wsgi:error] [pid 10:tid 140234693863104] [remote 10.0.0.117:55222] 2026-07-16 10:09:56.973 10 ERROR keystone.server.flask.application
File "/var/lib/openstack/lib/python3.12/site-packages/pymysql/connections.py", line 847, in _read_query_result
[Thu Jul 16 10:09:56.986825 2026] [wsgi:error] [pid 10:tid 140234693863104] [remote 10.0.0.117:55222] 2026-07-16 10:09:56.973 10 ERROR keystone.server.flask.application result.read()
[Thu Jul 16 10:09:56.986828 2026] [wsgi:error] [pid 10:tid 140234693863104] [remote 10.0.0.117:55222] 2026-07-16 10:09:56.973 10 ERROR keystone.server.flask.application
File "/var/lib/openstack/lib/python3.12/site-packages/pymysql/connections.py", line 1245, in read
[Thu Jul 16 10:09:56.986830 2026] [wsgi:error] [pid 10:tid 140234693863104] [remote 10.0.0.117:55222] 2026-07-16 10:09:56.973 10 ERROR keystone.server.flask.application first_packet = self.connection._read_packet()
[Thu Jul 16 10:09:56.986831 2026] [wsgi:error] [pid 10:tid 140234693863104] [remote 10.0.0.117:55222] 2026-07-16 10:09:56.973 10 ERROR keystone.server.flask.application ^^^^^^^^^^^^^^^^^^^^^^^^^^^^^^
[Thu Jul 16 10:09:56.986833 2026] [wsgi:error] [pid 10:tid 140234693863104] [remote 10.0.0.117:55222] 2026-07-16 10:09:56.973 10 ERROR keystone.server.flask.application
File "/var/lib/openstack/lib/python3.12/site-packages/pymysql/connections.py", line 803, in _read_packet
[Thu Jul 16 10:09:56.986834 2026] [wsgi:error] [pid 10:tid 140234693863104] [remote 10.0.0.117:55222] 2026-07-16 10:09:56.973 10 ERROR keystone.server.flask.application packet.raise_for_error()
[Thu Jul 16 10:09:56.986835 2026] [wsgi:error] [pid 10:tid 140234693863104] [remote 10.0.0.117:55222] 2026-07-16 10:09:56.973 10 ERROR keystone.server.flask.application
File "/var/lib/openstack/lib/python3.12/site-packages/pymysql/protocol.py", line 219, in raise_for_error
[Thu Jul 16 10:09:56.986837 2026] [wsgi:error] [pid 10:tid 140234693863104] [remote 10.0.0.117:55222] 2026-07-16 10:09:56.973 10 ERROR keystone.server.flask.application err.raise_mysql_exception(self._data)
[Thu Jul 16 10:09:56.986846 2026] [wsgi:error] [pid 10:tid 140234693863104] [remote 10.0.0.117:55222] 2026-07-16 10:09:56.973 10 ERROR keystone.server.flask.application
File "/var/lib/openstack/lib/python3.12/site-packages/pymysql/err.py", line 154, in raise_mysql_exception
[Thu Jul 16 10:09:56.986847 2026] [wsgi:error] [pid 10:tid 140234693863104] [remote 10.0.0.117:55222] 2026-07-16 10:09:56.973 10 ERROR keystone.server.flask.application raise errorclass(errno, errval, sqlstate=sqlstate)
[Thu Jul 16 10:09:56.986849 2026] [wsgi:error] [pid 10:tid 140234693863104] [remote 10.0.0.117:55222] 2026-07-16 10:09:56.973 10 ERROR keystone.server.flask.application pymysql.err.IntegrityError: (1062, "Duplicate entry '<>-service' for key 'project.ixu_project_name_domain_id'")
[Thu Jul 16 10:09:56.986851 2026] [wsgi:error] [pid 10:tid 140234693863104] [remote 10.0.0.117:55222] 2026-07-16 10:09:56.973 10 ERROR keystone.server.flask.application
[Thu Jul 16 10:09:56.986852 2026] [wsgi:error] [pid 10:tid 140234693863104] [remote 10.0.0.117:55222] 2026-07-16 10:09:56.973 10 ERROR keystone.server.flask.application The above exception was the direct cause of the following exception:
[Thu Jul 16 10:09:56.986854 2026] [wsgi:error] [pid 10:tid 140234693863104] [remote 10.0.0.117:55222] 2026-07-16 10:09:56.973 10 ERROR keystone.server.flask.application
[Thu Jul 16 10:09:56.986855 2026] [wsgi:error] [pid 10:tid 140234693863104] [remote 10.0.0.117:55222] 2026-07-16 10:09:56.973 10 ERROR keystone.server.flask.application
Traceback (most recent call last):
[Thu Jul 16 10:09:56.986857 2026] [wsgi:error] [pid 10:tid 140234693863104] [remote 10.0.0.117:55222] 2026-07-16 10:09:56.973 10 ERROR keystone.server.flask.application
File "/var/lib/openstack/lib/python3.12/site-packages/keystone/common/sql/core.py", line 575, in wrapper
[Thu Jul 16 10:09:56.986858 2026] [wsgi:error] [pid 10:tid 140234693863104] [remote 10.0.0.117:55222] 2026-07-16 10:09:56.973 10 ERROR keystone.server.flask.application return method(*args, **kwargs)
[Thu Jul 16 10:09:56.986860 2026] [wsgi:error] [pid 10:tid 140234693863104] [remote 10.0.0.117:55222] 2026-07-16 10:09:56.973 10 ERROR keystone.server.flask.application ^^^^^^^^^^^^^^^^^^^^^^^
[Thu Jul 16 10:09:56.986861 2026] [wsgi:error] [pid 10:tid 140234693863104] [remote 10.0.0.117:55222] 2026-07-16 10:09:56.973 10 ERROR keystone.server.flask.application
File "/var/lib/openstack/lib/python3.12/site-packages/keystone/resource/backends/sql.py", line 278, in create_project
[Thu Jul 16 10:09:56.986863 2026] [wsgi:error] [pid 10:tid 140234693863104] [remote 10.0.0.117:55222] 2026-07-16 10:09:56.973 10 ERROR keystone.server.flask.application with sql.session_for_write() as session:
[Thu Jul 16 10:09:56.986865 2026] [wsgi:error] [pid 10:tid 140234693863104] [remote 10.0.0.117:55222] 2026-07-16 10:09:56.973 10 ERROR keystone.server.flask.application
File "/usr/lib/python3.12/contextlib.py", line 144, in __exit__
[Thu Jul 16 10:09:56.986866 2026] [wsgi:error] [pid 10:tid 140234693863104] [remote 10.0.0.117:55222] 2026-07-16 10:09:56.973 10 ERROR keystone.server.flask.application next(self.gen)
[Thu Jul 16 10:09:56.986868 2026] [wsgi:error] [pid 10:tid 140234693863104] [remote 10.0.0.117:55222] 2026-07-16 10:09:56.973 10 ERROR keystone.server.flask.application
File "/var/lib/openstack/lib/python3.12/site-packages/oslo_db/sqlalchemy/enginefacade.py", line 1175, in _transaction_scope
[Thu Jul 16 10:09:56.986870 2026] [wsgi:error] [pid 10:tid 140234693863104] [remote 10.0.0.117:55222] 2026-07-16 10:09:56.973 10 ERROR keystone.server.flask.application with current._produce_block(
[Thu Jul 16 10:09:56.986871 2026] [wsgi:error] [pid 10:tid 140234693863104] [remote 10.0.0.117:55222] 2026-07-16 10:09:56.973 10 ERROR keystone.server.flask.application
File "/usr/lib/python3.12/contextlib.py", line 144, in __exit__
[Thu Jul 16 10:09:56.986874 2026] [wsgi:error] [pid 10:tid 140234693863104] [remote 10.0.0.117:55222] 2026-07-16 10:09:56.973 10 ERROR keystone.server.flask.application next(self.gen)
[Thu Jul 16 10:09:56.986877 2026] [wsgi:error] [pid 10:tid 140234693863104] [remote 10.0.0.117:55222] 2026-07-16 10:09:56.973 10 ERROR keystone.server.flask.application
File "/var/lib/openstack/lib/python3.12/site-packages/oslo_db/sqlalchemy/enginefacade.py", line 837, in _session
[Thu Jul 16 10:09:56.986879 2026] [wsgi:error] [pid 10:tid 140234693863104] [remote 10.0.0.117:55222] 2026-07-16 10:09:56.973 10 ERROR keystone.server.flask.application with excutils.save_and_reraise_exception():
[Thu Jul 16 10:09:56.986881 2026] [wsgi:error] [pid 10:tid 140234693863104] [remote 10.0.0.117:55222] 2026-07-16 10:09:56.973 10 ERROR keystone.server.flask.application
File "/var/lib/openstack/lib/python3.12/site-packages/oslo_utils/excutils.py", line 266, in __exit__
[Thu Jul 16 10:09:56.986883 2026] [wsgi:error] [pid 10:tid 140234693863104] [remote 10.0.0.117:55222] 2026-07-16 10:09:56.973 10 ERROR keystone.server.flask.application self.force_reraise()
[Thu Jul 16 10:09:56.986886 2026] [wsgi:error] [pid 10:tid 140234693863104] [remote 10.0.0.117:55222] 2026-07-16 10:09:56.973 10 ERROR keystone.server.flask.application
File "/var/lib/openstack/lib/python3.12/site-packages/oslo_utils/excutils.py", line 232, in force_reraise
[Thu Jul 16 10:09:56.986888 2026] [wsgi:error] [pid 10:tid 140234693863104] [remote 10.0.0.117:55222] 2026-07-16 10:09:56.973 10 ERROR keystone.server.flask.application raise self.value
[Thu Jul 16 10:09:56.986889 2026] [wsgi:error] [pid 10:tid 140234693863104] [remote 10.0.0.117:55222] 2026-07-16 10:09:56.973 10 ERROR keystone.server.flask.application
File "/var/lib/openstack/lib/python3.12/site-packages/oslo_db/sqlalchemy/enginefacade.py", line 835, in _session
[Thu Jul 16 10:09:56.986891 2026] [wsgi:error] [pid 10:tid 140234693863104] [remote 10.0.0.117:55222] 2026-07-16 10:09:56.973 10 ERROR keystone.server.flask.application self._end_session_transaction(self.session)
[Thu Jul 16 10:09:56.986892 2026] [wsgi:error] [pid 10:tid 140234693863104] [remote 10.0.0.117:55222] 2026-07-16 10:09:56.973 10 ERROR keystone.server.flask.application
File "/var/lib/openstack/lib/python3.12/site-packages/oslo_db/sqlalchemy/enginefacade.py", line 748, in _end_session_transaction
[Thu Jul 16 10:09:56.986894 2026] [wsgi:error] [pid 10:tid 140234693863104] [remote 10.0.0.117:55222] 2026-07-16 10:09:56.973 10 ERROR keystone.server.flask.application session.commit()
[Thu Jul 16 10:09:56.986895 2026] [wsgi:error] [pid 10:tid 140234693863104] [remote 10.0.0.117:55222] 2026-07-16 10:09:56.973 10 ERROR keystone.server.flask.application
File "/var/lib/openstack/lib/python3.12/site-packages/sqlalchemy/orm/session.py", line 2034, in commit
[Thu Jul 16 10:09:56.986897 2026] [wsgi:error] [pid 10:tid 140234693863104] [remote 10.0.0.117:55222] 2026-07-16 10:09:56.973 10 ERROR keystone.server.flask.application trans.commit(_to_root=True)
[Thu Jul 16 10:09:56.986900 2026] [wsgi:error] [pid 10:tid 140234693863104] [remote 10.0.0.117:55222] 2026-07-16 10:09:56.973 10 ERROR keystone.server.flask.application File "", line 2, in commit
[Thu Jul 16 10:09:56.986903 2026] [wsgi:error] [pid 10:tid 140234693863104] [remote 10.0.0.117:55222] 2026-07-16 10:09:56.973 10 ERROR keystone.server.flask.application
File "/var/lib/openstack/lib/python3.12/site-packages/sqlalchemy/orm/state_changes.py", line 137, in _go
[Thu Jul 16 10:09:56.986905 2026] [wsgi:error] [pid 10:tid 140234693863104] [remote 10.0.0.117:55222] 2026-07-16 10:09:56.973 10 ERROR keystone.server.flask.application ret_value = fn(self, *arg, **kw)
[Thu Jul 16 10:09:56.986907 2026] [wsgi:error] [pid 10:tid 140234693863104] [remote 10.0.0.117:55222] 2026-07-16 10:09:56.973 10 ERROR keystone.server.flask.application ^^^^^^^^^^^^^^^^^^^^
[Thu Jul 16 10:09:56.986909 2026] [wsgi:error] [pid 10:tid 140234693863104] [remote 10.0.0.117:55222] 2026-07-16 10:09:56.973 10 ERROR keystone.server.flask.application
File "/var/lib/openstack/lib/python3.12/site-packages/sqlalchemy/orm/session.py", line 1315, in commit
[Thu Jul 16 10:09:56.986911 2026] [wsgi:error] [pid 10:tid 140234693863104] [remote 10.0.0.117:55222] 2026-07-16 10:09:56.973 10 ERROR keystone.server.flask.application self._prepare_impl()
[Thu Jul 16 10:09:56.986921 2026] [wsgi:error] [pid 10:tid 140234693863104] [remote 10.0.0.117:55222] 2026-07-16 10:09:56.973 10 ERROR keystone.server.flask.application File "", line 2, in _prepare_impl
[Thu Jul 16 10:09:56.986923 2026] [wsgi:error] [pid 10:tid 140234693863104] [remote 10.0.0.117:55222] 2026-07-16 10:09:56.973 10 ERROR keystone.server.flask.application
File "/var/lib/openstack/lib/python3.12/site-packages/sqlalchemy/orm/state_changes.py", line 137, in _go
[Thu Jul 16 10:09:56.986926 2026] [wsgi:error] [pid 10:tid 140234693863104] [remote 10.0.0.117:55222] 2026-07-16 10:09:56.973 10 ERROR keystone.server.flask.application ret_value = fn(self, *arg, **kw)
[Thu Jul 16 10:09:56.986928 2026] [wsgi:error] [pid 10:tid 140234693863104] [remote 10.0.0.117:55222] 2026-07-16 10:09:56.973 10 ERROR keystone.server.flask.application ^^^^^^^^^^^^^^^^^^^^
[Thu Jul 16 10:09:56.986930 2026] [wsgi:error] [pid 10:tid 140234693863104] [remote 10.0.0.117:55222] 2026-07-16 10:09:56.973 10 ERROR keystone.server.flask.application
File "/var/lib/openstack/lib/python3.12/site-packages/sqlalchemy/orm/session.py", line 1290, in _prepare_impl
[Thu Jul 16 10:09:56.986932 2026] [wsgi:error] [pid 10:tid 140234693863104] [remote 10.0.0.117:55222] 2026-07-16 10:09:56.973 10 ERROR keystone.server.flask.application self.session.flush()
[Thu Jul 16 10:09:56.986935 2026] [wsgi:error] [pid 10:tid 140234693863104] [remote 10.0.0.117:55222] 2026-07-16 10:09:56.973 10 ERROR keystone.server.flask.application
File "/var/lib/openstack/lib/python3.12/site-packages/sqlalchemy/orm/session.py", line 4352, in flush
[Thu Jul 16 10:09:56.986937 2026] [wsgi:error] [pid 10:tid 140234693863104] [remote 10.0.0.117:55222] 2026-07-16 10:09:56.973 10 ERROR keystone.server.flask.application self._flush(objects)
[Thu Jul 16 10:09:56.986938 2026] [wsgi:error] [pid 10:tid 140234693863104] [remote 10.0.0.117:55222] 2026-07-16 10:09:56.973 10 ERROR keystone.server.flask.application
File "/var/lib/openstack/lib/python3.12/site-packages/sqlalchemy/orm/session.py", line 4487, in _flush
[Thu Jul 16 10:09:56.986940 2026] [wsgi:error] [pid 10:tid 140234693863104] [remote 10.0.0.117:55222] 2026-07-16 10:09:56.973 10 ERROR keystone.server.flask.application with util.safe_reraise():
[Thu Jul 16 10:09:56.986943 2026] [wsgi:error] [pid 10:tid 140234693863104] [remote 10.0.0.117:55222] 2026-07-16 10:09:56.973 10 ERROR keystone.server.flask.application
File "/var/lib/openstack/lib/python3.12/site-packages/sqlalchemy/util/langhelpers.py", line 122, in __exit__
[Thu Jul 16 10:09:56.986945 2026] [wsgi:error] [pid 10:tid 140234693863104] [remote 10.0.0.117:55222] 2026-07-16 10:09:56.973 10 ERROR keystone.server.flask.application raise exc_value.with_traceback(exc_tb)
[Thu Jul 16 10:09:56.986947 2026] [wsgi:error] [pid 10:tid 140234693863104] [remote 10.0.0.117:55222] 2026-07-16 10:09:56.973 10 ERROR keystone.server.flask.application
File "/var/lib/openstack/lib/python3.12/site-packages/sqlalchemy/orm/session.py", line 4448, in _flush
[Thu Jul 16 10:09:56.986949 2026] [wsgi:error] [pid 10:tid 140234693863104] [remote 10.0.0.117:55222] 2026-07-16 10:09:56.973 10 ERROR keystone.server.flask.application flush_context.execute()
[Thu Jul 16 10:09:56.986951 2026] [wsgi:error] [pid 10:tid 140234693863104] [remote 10.0.0.117:55222] 2026-07-16 10:09:56.973 10 ERROR keystone.server.flask.application
