2026-07-16 08:13:48.541 8 INFO placement.requestlog [None req-847a0d9c-3289-4bcb-bbd0-c743c05b3828 a97c102740294164a2c0ba9aaf5a2a1c 9f936237f6c74b8482f4ab8fc57e45ec - - 997420945d9b4e42b0bfeef1a6c00f0c 997420945d9b4e42b0bfeef1a6c00f0c] 10.0.0.62 "GET /resource_providers/e8929d96-8487-49e6-bc1d-d28eec9fb485/aggregates" status: 404 len: 235 microversion: 1.1 [pid: 8|app: 0|req: 605/1211] 10.0.0.62 () {32 vars in 815 bytes} [Thu Jul 16 08:13:48 2026] GET /resource_providers/e8929d96-8487-49e6-bc1d-d28eec9fb485/aggregates => generated 235 bytes in 8 msecs (HTTP/1.1 404) 5 headers in 202 bytes (1 switches on core 0)
2026-07-16 08:13:48.547 7 INFO placement.requestlog [None req-d9e24e82-d0c5-46ed-97c9-a6fbd5f855f4 a97c102740294164a2c0ba9aaf5a2a1c 9f936237f6c74b8482f4ab8fc57e45ec - - 997420945d9b4e42b0bfeef1a6c00f0c 997420945d9b4e42b0bfeef1a6c00f0c] 10.0.0.62 "GET /resource_providers/e8929d96-8487-49e6-bc1d-d28eec9fb485/aggregates" status: 404 len: 235 microversion: 1.1 [pid: 7|app: 0|req: 607/1212] 10.0.0.62 () {32 vars in 815 bytes} [Thu Jul 16 08:13:48 2026] GET /resource_providers/e8929d96-8487-49e6-bc1d-d28eec9fb485/aggregates => generated 235 bytes in 12 msecs (HTTP/1.1 404) 5 headers in 202 bytes (1 switches on core 0)
2026-07-16 08:13:48.564 8 INFO placement.requestlog [None req-2345ae89-dd3c-419c-8148-996c8244ab23 a97c102740294164a2c0ba9aaf5a2a1c 9f936237f6c74b8482f4ab8fc57e45ec - - 997420945d9b4e42b0bfeef1a6c00f0c 997420945d9b4e42b0bfeef1a6c00f0c] 10.0.0.62 "DELETE /resource_providers/e8929d96-8487-49e6-bc1d-d28eec9fb485" status: 404 len: 246 microversion: 1.1 [pid: 8|app: 0|req: 606/1213] 10.0.0.62 () {34 vars in 815 bytes} [Thu Jul 16 08:13:48 2026] DELETE /resource_providers/e8929d96-8487-49e6-bc1d-d28eec9fb485 => generated 246 bytes in 5 msecs (HTTP/1.1 404) 6 headers in 231 bytes (1 switches on core 0)
2026-07-16 08:13:48.568 7 INFO placement.requestlog [None req-ae0eef12-5526-4f60-95a4-47f26cf4322c a97c102740294164a2c0ba9aaf5a2a1c 9f936237f6c74b8482f4ab8fc57e45ec - - 997420945d9b4e42b0bfeef1a6c00f0c 997420945d9b4e42b0bfeef1a6c00f0c] 10.0.0.62 "DELETE /resource_providers/e8929d96-8487-49e6-bc1d-d28eec9fb485" status: 404 len: 246 microversion: 1.1 [pid: 7|app: 0|req: 608/1214] 10.0.0.62 () {34 vars in 815 bytes} [Thu Jul 16 08:13:48 2026] DELETE /resource_providers/e8929d96-8487-49e6-bc1d-d28eec9fb485 => generated 246 bytes in 9 msecs (HTTP/1.1 404) 6 headers in 231 bytes (1 switches on core 0)
2026-07-16 08:13:55.236 7 INFO placement.requestlog [None req-08e206c5-bc78-43b6-8d77-5792c9440943 - - - - - -] 10.0.0.174 "GET /" status: 200 len: 136 microversion: 1.0
2026-07-16 08:13:55.236 8 INFO placement.requestlog [None req-7ccb45dd-7102-41b8-8ff0-703ec020c075 - - - - - -] 10.0.0.174 "GET /" status: 200 len: 136 microversion: 1.0
2026-07-16 08:13:57.464 8 INFO placement.requestlog [req-5979e333-1a49-4109-81b7-74a17b6791ac req-42c8f23c-b411-447e-8114-d0b6a522e57a 96c240315e2d410fb449e61e52598ed8 9f936237f6c74b8482f4ab8fc57e45ec - - 997420945d9b4e42b0bfeef1a6c00f0c 997420945d9b4e42b0bfeef1a6c00f0c] 10.0.0.250 "GET /allocation_candidates?limit=1000&resources=MEMORY_MB%3A2048%2CVCPU%3A2&root_required=%21COMPUTE_STATUS_DISABLED" status: 200 len: 2630 microversion: 1.36 [pid: 8|app: 0|req: 608/1217] 10.0.0.250 () {34 vars in 986 bytes} [Thu Jul 16 08:13:57 2026] GET /allocation_candidates?limit=1000&resources=MEMORY_MB%3A2048%2CVCPU%3A2&root_required=%21COMPUTE_STATUS_DISABLED => generated 2630 bytes in 199 msecs (HTTP/1.1 200) 8 headers in 297 bytes (1 switches on core 0)
2026-07-16 08:13:57.493 7 INFO placement.requestlog [req-5979e333-1a49-4109-81b7-74a17b6791ac req-6e3a3e3c-6e14-4a9e-bb15-c669a8f792d5 96c240315e2d410fb449e61e52598ed8 9f936237f6c74b8482f4ab8fc57e45ec - - 997420945d9b4e42b0bfeef1a6c00f0c 997420945d9b4e42b0bfeef1a6c00f0c] 10.0.0.250 "GET /allocations/9451c267-6b18-489b-94d5-516b42879999" status: 200 len: 19 microversion: 1.28 [pid: 7|app: 0|req: 610/1218] 10.0.0.250 () {34 vars in 861 bytes} [Thu Jul 16 08:13:57 2026] GET /allocations/9451c267-6b18-489b-94d5-516b42879999 => generated 19 bytes in 12 msecs (HTTP/1.1 200) 8 headers in 295 bytes (1 switches on core 0)
2026-07-16 08:13:57.553 8 INFO placement.requestlog [req-5979e333-1a49-4109-81b7-74a17b6791ac req-da24fb3e-7141-4076-a149-e98f93d25956 96c240315e2d410fb449e61e52598ed8 9f936237f6c74b8482f4ab8fc57e45ec - - 997420945d9b4e42b0bfeef1a6c00f0c 997420945d9b4e42b0bfeef1a6c00f0c] 10.0.0.250 "PUT /allocations/9451c267-6b18-489b-94d5-516b42879999" status: 204 len: 0 microversion: 1.36 [pid: 8|app: 0|req: 609/1219] 10.0.0.250 () {38 vars in 914 bytes} [Thu Jul 16 08:13:57 2026] PUT /allocations/9451c267-6b18-489b-94d5-516b42879999 => generated 0 bytes in 54 msecs (HTTP/1.1 204) 5 headers in 199 bytes (1 switches on core 0)
2026-07-16 08:13:58.914 7 INFO placement.requestlog [req-5979e333-1a49-4109-81b7-74a17b6791ac req-e416b5fb-4e68-4d3b-bbea-d30e2d4f36a4 96c240315e2d410fb449e61e52598ed8 9f936237f6c74b8482f4ab8fc57e45ec - - 997420945d9b4e42b0bfeef1a6c00f0c 997420945d9b4e42b0bfeef1a6c00f0c] 199.19.213.17 "GET /allocations/9451c267-6b18-489b-94d5-516b42879999" status: 200 len: 245 microversion: 1.28 [pid: 7|app: 0|req: 611/1220] 199.19.213.17 () {34 vars in 862 bytes} [Thu Jul 16 08:13:58 2026] GET /allocations/9451c267-6b18-489b-94d5-516b42879999 => generated 245 bytes in 13 msecs (HTTP/1.1 200) 8 headers in 296 bytes (1 switches on core 0)
2026-07-16 08:13:59.959 8 INFO placement.requestlog [req-5979e333-1a49-4109-81b7-74a17b6791ac req-bbad5889-fa98-4dbb-a73b-f84e54a18930 96c240315e2d410fb449e61e52598ed8 9f936237f6c74b8482f4ab8fc57e45ec - - 997420945d9b4e42b0bfeef1a6c00f0c 997420945d9b4e42b0bfeef1a6c00f0c] 199.19.213.17 "GET /resource_providers/4bb25e82-17ef-4d29-80ec-efd59c1c5c5f/allocations" status: 200 len: 340 microversion: 1.0 [pid: 8|app: 0|req: 610/1221] 199.19.213.17 () {32 vars in 856 bytes} [Thu Jul 16 08:13:59 2026] GET /resource_providers/4bb25e82-17ef-4d29-80ec-efd59c1c5c5f/allocations => generated 340 bytes in 20 msecs (HTTP/1.1 200) 6 headers in 224 bytes (1 switches on core 0)
2026-07-16 08:13:59.979 7 INFO placement.requestlog [req-5979e333-1a49-4109-81b7-74a17b6791ac req-d5d90632-ca28-468c-b5a3-1ee590df5cbf 96c240315e2d410fb449e61e52598ed8 9f936237f6c74b8482f4ab8fc57e45ec - - 997420945d9b4e42b0bfeef1a6c00f0c 997420945d9b4e42b0bfeef1a6c00f0c] 199.19.213.17 "GET /allocations/9451c267-6b18-489b-94d5-516b42879999" status: 200 len: 245 microversion: 1.28 [pid: 7|app: 0|req: 612/1222] 199.19.213.17 () {34 vars in 862 bytes} [Thu Jul 16 08:13:59 2026] GET /allocations/9451c267-6b18-489b-94d5-516b42879999 => generated 245 bytes in 13 msecs (HTTP/1.1 200) 8 headers in 296 bytes (1 switches on core 0)
2026-07-16 08:14:00.000 8 INFO placement.requestlog [req-5979e333-1a49-4109-81b7-74a17b6791ac req-4f394279-7279-4c34-a00a-5271c9ecd027 96c240315e2d410fb449e61e52598ed8 9f936237f6c74b8482f4ab8fc57e45ec - - 997420945d9b4e42b0bfeef1a6c00f0c 997420945d9b4e42b0bfeef1a6c00f0c] 199.19.213.17 "GET /allocations/7b683861-dad9-48ce-85a3-95b41c80b0a5" status: 200 len: 258 microversion: 1.28 [pid: 8|app: 0|req: 611/1223] 199.19.213.17 () {34 vars in 862 bytes} [Thu Jul 16 08:13:59 2026] GET /allocations/7b683861-dad9-48ce-85a3-95b41c80b0a5 => generated 258 bytes in 15 msecs (HTTP/1.1 200) 8 headers in 296 bytes (1 switches on core 0)
2026-07-16 08:14:00.016 7 INFO placement.requestlog [req-5979e333-1a49-4109-81b7-74a17b6791ac req-3b5a0363-5be6-4bba-bf55-7cb48f8086d9 96c240315e2d410fb449e61e52598ed8 9f936237f6c74b8482f4ab8fc57e45ec - - 997420945d9b4e42b0bfeef1a6c00f0c 997420945d9b4e42b0bfeef1a6c00f0c] 199.19.213.17 "GET /allocations/8ba6f478-11dd-49a1-86bb-9e7879790e60" status: 200 len: 258 microversion: 1.28 [pid: 7|app: 0|req: 613/1224] 199.19.213.17 () {34 vars in 862 bytes} [Thu Jul 16 08:14:00 2026] GET /allocations/8ba6f478-11dd-49a1-86bb-9e7879790e60 => generated 258 bytes in 10 msecs (HTTP/1.1 200) 8 headers in 296 bytes (1 switches on core 0)
2026-07-16 08:14:00.527 8 INFO placement.requestlog [None req-0427e1b1-710d-4fdd-b2db-b41dafa6449c a97c102740294164a2c0ba9aaf5a2a1c 9f936237f6c74b8482f4ab8fc57e45ec - - 997420945d9b4e42b0bfeef1a6c00f0c 997420945d9b4e42b0bfeef1a6c00f0c] 10.0.0.62 "GET /resource_providers/cfccac58-0369-4af7-baba-5f13f0454b8d/aggregates" status: 404 len: 235 microversion: 1.1 [pid: 8|app: 0|req: 612/1225] 10.0.0.62 () {32 vars in 815 bytes} [Thu Jul 16 08:14:00 2026] GET /resource_providers/cfccac58-0369-4af7-baba-5f13f0454b8d/aggregates => generated 235 bytes in 9 msecs (HTTP/1.1 404) 5 headers in 202 bytes (1 switches on core 0)
2026-07-16 08:14:00.540 7 INFO placement.requestlog [None req-050a39d4-98a8-4a2b-bf3b-0b273cca07f3 a97c102740294164a2c0ba9aaf5a2a1c 9f936237f6c74b8482f4ab8fc57e45ec - - 997420945d9b4e42b0bfeef1a6c00f0c 997420945d9b4e42b0bfeef1a6c00f0c] 10.0.0.62 "GET /resource_providers/cfccac58-0369-4af7-baba-5f13f0454b8d/aggregates" status: 404 len: 235 microversion: 1.1 [pid: 7|app: 0|req: 614/1226] 10.0.0.62 () {32 vars in 815 bytes} [Thu Jul 16 08:14:00 2026] GET /resource_providers/cfccac58-0369-4af7-baba-5f13f0454b8d/aggregates => generated 235 bytes in 16 msecs (HTTP/1.1 404) 5 headers in 202 bytes (1 switches on core 0)
2026-07-16 08:14:00.551 8 INFO placement.requestlog [None req-a8e07ea9-dde4-44c1-a1f5-6039c109e454 a97c102740294164a2c0ba9aaf5a2a1c 9f936237f6c74b8482f4ab8fc57e45ec - - 997420945d9b4e42b0bfeef1a6c00f0c 997420945d9b4e42b0bfeef1a6c00f0c] 10.0.0.62 "DELETE /resource_providers/cfccac58-0369-4af7-baba-5f13f0454b8d" status: 404 len: 246 microversion: 1.1 [pid: 8|app: 0|req: 613/1227] 10.0.0.62 () {34 vars in 815 bytes} [Thu Jul 16 08:14:00 2026] DELETE /resource_providers/cfccac58-0369-4af7-baba-5f13f0454b8d => generated 246 bytes in 11 msecs (HTTP/1.1 404) 6 headers in 231 bytes (1 switches on core 0)
2026-07-16 08:14:00.558 7 INFO placement.requestlog [None req-ec538bcb-367f-4c31-8049-ee7c007eeed2 a97c102740294164a2c0ba9aaf5a2a1c 9f936237f6c74b8482f4ab8fc57e45ec - - 997420945d9b4e42b0bfeef1a6c00f0c 997420945d9b4e42b0bfeef1a6c00f0c] 10.0.0.62 "DELETE /resource_providers/cfccac58-0369-4af7-baba-5f13f0454b8d" status: 404 len: 246 microversion: 1.1 [pid: 7|app: 0|req: 615/1228] 10.0.0.62 () {34 vars in 815 bytes} [Thu Jul 16 08:14:00 2026] DELETE /resource_providers/cfccac58-0369-4af7-baba-5f13f0454b8d => generated 246 bytes in 8 msecs (HTTP/1.1 404) 6 headers in 231 bytes (1 switches on core 0)
2026-07-16 08:14:05.235 8 INFO placement.requestlog [None req-4adc2e19-8071-435a-b53f-09ccd88d5cef - - - - - -] 10.0.0.174 "GET /" status: 200 len: 136 microversion: 1.0
2026-07-16 08:14:05.236 7 INFO placement.requestlog [None req-3c88c200-68d7-4d74-a0c5-b691c9cb4ae1 - - - - - -] 10.0.0.174 "GET /" status: 200 len: 136 microversion: 1.0
2026-07-16 08:14:15.236 7 INFO placement.requestlog [None req-772a24e5-39b8-4750-a485-4e129d812910 - - - - - -] 10.0.0.174 "GET /" status: 200 len: 136 microversion: 1.0
2026-07-16 08:14:15.236 8 INFO placement.requestlog [None req-184db7e2-6426-48d1-b257-34dda0de5d09 - - - - - -] 10.0.0.174 "GET /" status: 200 len: 136 microversion: 1.0
2026-07-16 08:14:25.236 8 INFO placement.requestlog [None req-9dc7e118-bb67-4620-be92-16a3e9a7836d - - - - - -] 10.0.0.174 "GET /" status: 200 len: 136 microversion: 1.0
2026-07-16 08:14:25.236 7 INFO placement.requestlog [None req-aba0b060-365b-4677-afef-d169e022aaed - - - - - -] 10.0.0.174 "GET /" status: 200 len: 136 microversion: 1.0
2026-07-16 08:14:35.237 8 INFO placement.requestlog [None req-afb9a020-a6dd-4653-9ace-f3be7ecdf318 - - - - - -] 10.0.0.174 "GET /" status: 200 len: 136 microversion: 1.0
2026-07-16 08:14:35.240 7 INFO placement.requestlog [None req-910c204e-6048-4145-93e1-461cad6808fc - - - - - -] 10.0.0.174 "GET /" status: 200 len: 136 microversion: 1.0
2026-07-16 08:14:45.235 7 INFO placement.requestlog [None req-153f9348-35b1-42e1-85b3-24b7602acdd5 - - - - - -] 10.0.0.174 "GET /" status: 200 len: 136 microversion: 1.0
2026-07-16 08:14:45.236 8 INFO placement.requestlog [None req-9ccb179c-ed33-4fe6-be95-d6ab9296e982 - - - - - -] 10.0.0.174 "GET /" status: 200 len: 136 microversion: 1.0
2026-07-16 08:14:47.067 7 INFO placement.requestlog [req-01fdcab3-389d-4c37-afaa-37eafb50fc14 req-13971ba0-d17a-487d-868c-1de7f51c93cd 96c240315e2d410fb449e61e52598ed8 9f936237f6c74b8482f4ab8fc57e45ec - - 997420945d9b4e42b0bfeef1a6c00f0c 997420945d9b4e42b0bfeef1a6c00f0c] 199.19.213.17 "GET /resource_providers/4bb25e82-17ef-4d29-80ec-efd59c1c5c5f/allocations" status: 200 len: 340 microversion: 1.0 [pid: 7|app: 0|req: 621/1239] 199.19.213.17 () {32 vars in 856 bytes} [Thu Jul 16 08:14:46 2026] GET /resource_providers/4bb25e82-17ef-4d29-80ec-efd59c1c5c5f/allocations => generated 340 bytes in 143 msecs (HTTP/1.1 200) 6 headers in 224 bytes (1 switches on core 0)
2026-07-16 08:14:47.088 8 INFO placement.requestlog [req-01fdcab3-389d-4c37-afaa-37eafb50fc14 req-913737c5-1a85-49a6-8266-8f91f993d45a 96c240315e2d410fb449e61e52598ed8 9f936237f6c74b8482f4ab8fc57e45ec - - 997420945d9b4e42b0bfeef1a6c00f0c 997420945d9b4e42b0bfeef1a6c00f0c] 199.19.213.17 "GET /resource_providers/4bb25e82-17ef-4d29-80ec-efd59c1c5c5f/allocations" status: 200 len: 340 microversion: 1.0 [pid: 8|app: 0|req: 619/1240] 199.19.213.17 () {32 vars in 856 bytes} [Thu Jul 16 08:14:47 2026] GET /resource_providers/4bb25e82-17ef-4d29-80ec-efd59c1c5c5f/allocations => generated 340 bytes in 13 msecs (HTTP/1.1 200) 6 headers in 224 bytes (1 switches on core 0)
2026-07-16 08:14:47.108 7 INFO placement.requestlog [req-01fdcab3-389d-4c37-afaa-37eafb50fc14 req-f0f21ed2-b2d5-4a5a-a45d-cb034a8e7bb6 96c240315e2d410fb449e61e52598ed8 9f936237f6c74b8482f4ab8fc57e45ec - - 997420945d9b4e42b0bfeef1a6c00f0c 997420945d9b4e42b0bfeef1a6c00f0c] 199.19.213.17 "GET /allocations/9451c267-6b18-489b-94d5-516b42879999" status: 200 len: 245 microversion: 1.28 [pid: 7|app: 0|req: 622/1241] 199.19.213.17 () {34 vars in 862 bytes} [Thu Jul 16 08:14:47 2026] GET /allocations/9451c267-6b18-489b-94d5-516b42879999 => generated 245 bytes in 13 msecs (HTTP/1.1 200) 8 headers in 296 bytes (1 switches on core 0)
2026-07-16 08:14:47.132 8 INFO placement.requestlog [req-01fdcab3-389d-4c37-afaa-37eafb50fc14 req-a19b31e7-eaaa-4366-919c-c4e7cc2456f8 96c240315e2d410fb449e61e52598ed8 9f936237f6c74b8482f4ab8fc57e45ec - - 997420945d9b4e42b0bfeef1a6c00f0c 997420945d9b4e42b0bfeef1a6c00f0c] 199.19.213.17 "GET /allocations/7b683861-dad9-48ce-85a3-95b41c80b0a5" status: 200 len: 258 microversion: 1.28 [pid: 8|app: 0|req: 620/1242] 199.19.213.17 () {34 vars in 862 bytes} [Thu Jul 16 08:14:47 2026] GET /allocations/7b683861-dad9-48ce-85a3-95b41c80b0a5 => generated 258 bytes in 17 msecs (HTTP/1.1 200) 8 headers in 296 bytes (1 switches on core 0)
2026-07-16 08:14:47.154 7 INFO placement.requestlog [req-01fdcab3-389d-4c37-afaa-37eafb50fc14 req-f86202bd-1ed4-464f-9241-a14c766e1870 96c240315e2d410fb449e61e52598ed8 9f936237f6c74b8482f4ab8fc57e45ec - - 997420945d9b4e42b0bfeef1a6c00f0c 997420945d9b4e42b0bfeef1a6c00f0c] 199.19.213.17 "GET /allocations/8ba6f478-11dd-49a1-86bb-9e7879790e60" status: 200 len: 258 microversion: 1.28 [pid: 7|app: 0|req: 623/1243] 199.19.213.17 () {34 vars in 862 bytes} [Thu Jul 16 08:14:47 2026] GET /allocations/8ba6f478-11dd-49a1-86bb-9e7879790e60 => generated 258 bytes in 14 msecs (HTTP/1.1 200) 8 headers in 296 bytes (1 switches on core 0)
2026-07-16 08:14:55.236 8 INFO placement.requestlog [None req-a12810b7-7b1f-46c9-952f-b76a1d23bf4b - - - - - -] 10.0.0.174 "GET /" status: 200 len: 136 microversion: 1.0
2026-07-16 08:14:55.236 7 INFO placement.requestlog [None req-8a5eb704-36cf-4234-aeec-212c0ec8dbee - - - - - -] 10.0.0.174 "GET /" status: 200 len: 136 microversion: 1.0
2026-07-16 08:15:05.236 7 INFO placement.requestlog [None req-021c1aff-bed6-4cfa-8895-f64756725467 - - - - - -] 10.0.0.174 "GET /" status: 200 len: 136 microversion: 1.0
2026-07-16 08:15:05.236 8 INFO placement.requestlog [None req-95e85fc5-9af7-490a-8739-d73407e5d8a4 - - - - - -] 10.0.0.174 "GET /" status: 200 len: 136 microversion: 1.0
2026-07-16 08:15:15.236 7 INFO placement.requestlog [None req-5dbe97c6-fb29-46b3-9192-d95a5c700bb7 - - - - - -] 10.0.0.174 "GET /" status: 200 len: 136 microversion: 1.0
2026-07-16 08:15:15.236 8 INFO placement.requestlog [None req-0d156517-d1a5-4fc5-b5a4-e30c482bb116 - - - - - -] 10.0.0.174 "GET /" status: 200 len: 136 microversion: 1.0
2026-07-16 08:15:25.235 7 INFO placement.requestlog [None req-aceb356a-10ba-4c33-bd69-4857a8d36864 - - - - - -] 10.0.0.174 "GET /" status: 200 len: 136 microversion: 1.0
2026-07-16 08:15:25.235 8 INFO placement.requestlog [None req-7b0e590d-723d-4d89-a078-5b83dc28fcec - - - - - -] 10.0.0.174 "GET /" status: 200 len: 136 microversion: 1.0
2026-07-16 08:15:35.236 8 INFO placement.requestlog [None req-3e1355a9-d2b4-463b-b474-43ebbbdf8e66 - - - - - -] 10.0.0.174 "GET /" status: 200 len: 136 microversion: 1.0
2026-07-16 08:15:35.236 7 INFO placement.requestlog [None req-9caef9c5-ca9e-4804-b5e8-4441d5d36bde - - - - - -] 10.0.0.174 "GET /" status: 200 len: 136 microversion: 1.0
2026-07-16 08:15:45.235 8 INFO placement.requestlog [None req-3abfe0c0-e0a8-40ac-9c2b-e63576d0aa60 - - - - - -] 10.0.0.174 "GET /" status: 200 len: 136 microversion: 1.0
2026-07-16 08:15:45.236 7 INFO placement.requestlog [None req-067c0af5-ea51-40af-94c2-873eae1c2eab - - - - - -] 10.0.0.174 "GET /" status: 200 len: 136 microversion: 1.0
2026-07-16 08:15:48.037 8 INFO placement.requestlog [req-7a9cf535-c100-48e4-aa28-d67fed4c61d0 req-6e11d1c2-a8ed-4815-a0d5-de72801532bf 96c240315e2d410fb449e61e52598ed8 9f936237f6c74b8482f4ab8fc57e45ec - - 997420945d9b4e42b0bfeef1a6c00f0c 997420945d9b4e42b0bfeef1a6c00f0c] 199.19.213.17 "GET /resource_providers/4bb25e82-17ef-4d29-80ec-efd59c1c5c5f/allocations" status: 200 len: 340 microversion: 1.0 [pid: 8|app: 0|req: 627/1256] 199.19.213.17 () {32 vars in 856 bytes} [Thu Jul 16 08:15:48 2026] GET /resource_providers/4bb25e82-17ef-4d29-80ec-efd59c1c5c5f/allocations => generated 340 bytes in 22 msecs (HTTP/1.1 200) 6 headers in 224 bytes (1 switches on core 0)
2026-07-16 08:15:48.063 7 INFO placement.requestlog [req-7a9cf535-c100-48e4-aa28-d67fed4c61d0 req-a2e260a4-0b6d-43a7-bc09-bf03b4a54bec 96c240315e2d410fb449e61e52598ed8 9f936237f6c74b8482f4ab8fc57e45ec - - 997420945d9b4e42b0bfeef1a6c00f0c 997420945d9b4e42b0bfeef1a6c00f0c] 199.19.213.17 "GET /resource_providers?in_tree=4bb25e82-17ef-4d29-80ec-efd59c1c5c5f" status: 200 len: 798 microversion: 1.14 [pid: 7|app: 0|req: 630/1257] 199.19.213.17 () {34 vars in 891 bytes} [Thu Jul 16 08:15:48 2026] GET /resource_providers?in_tree=4bb25e82-17ef-4d29-80ec-efd59c1c5c5f => generated 798 bytes in 18 msecs (HTTP/1.1 200) 6 headers in 225 bytes (1 switches on core 0)
2026-07-16 08:15:48.084 8 INFO placement.requestlog [req-7a9cf535-c100-48e4-aa28-d67fed4c61d0 req-981ec74a-26e0-4975-8187-d256f9fdf314 96c240315e2d410fb449e61e52598ed8 9f936237f6c74b8482f4ab8fc57e45ec - - 997420945d9b4e42b0bfeef1a6c00f0c 997420945d9b4e42b0bfeef1a6c00f0c] 199.19.213.17 "GET /resource_providers/4bb25e82-17ef-4d29-80ec-efd59c1c5c5f/inventories" status: 200 len: 401 microversion: 1.0 [pid: 8|app: 0|req: 628/1258] 199.19.213.17 () {32 vars in 856 bytes} [Thu Jul 16 08:15:48 2026] GET /resource_providers/4bb25e82-17ef-4d29-80ec-efd59c1c5c5f/inventories => generated 401 bytes in 15 msecs (HTTP/1.1 200) 6 headers in 224 bytes (1 switches on core 0)
2026-07-16 08:15:48.102 7 INFO placement.requestlog [req-7a9cf535-c100-48e4-aa28-d67fed4c61d0 req-95bda468-70a4-426e-951c-0845ea93feb4 96c240315e2d410fb449e61e52598ed8 9f936237f6c74b8482f4ab8fc57e45ec - - 997420945d9b4e42b0bfeef1a6c00f0c 997420945d9b4e42b0bfeef1a6c00f0c] 199.19.213.17 "GET /resource_providers/4bb25e82-17ef-4d29-80ec-efd59c1c5c5f/aggregates" status: 200 len: 54 microversion: 1.19 [pid: 7|app: 0|req: 631/1259] 199.19.213.17 () {34 vars in 898 bytes} [Thu Jul 16 08:15:48 2026] GET /resource_providers/4bb25e82-17ef-4d29-80ec-efd59c1c5c5f/aggregates => generated 54 bytes in 12 msecs (HTTP/1.1 200) 8 headers in 295 bytes (1 switches on core 0)
2026-07-16 08:15:48.130 8 INFO placement.requestlog [req-7a9cf535-c100-48e4-aa28-d67fed4c61d0 req-beb7e6b1-7e49-4354-bc60-b3b0ca414aab 96c240315e2d410fb449e61e52598ed8 9f936237f6c74b8482f4ab8fc57e45ec - - 997420945d9b4e42b0bfeef1a6c00f0c 997420945d9b4e42b0bfeef1a6c00f0c] 199.19.213.17 "GET /resource_providers/4bb25e82-17ef-4d29-80ec-efd59c1c5c5f/traits" status: 200 len: 2176 microversion: 1.6 [pid: 8|app: 0|req: 629/1260] 199.19.213.17 () {34 vars in 889 bytes} [Thu Jul 16 08:15:48 2026] GET /resource_providers/4bb25e82-17ef-4d29-80ec-efd59c1c5c5f/traits => generated 2176 bytes in 21 msecs (HTTP/1.1 200) 6 headers in 225 bytes (1 switches on core 0)
2026-07-16 08:15:48.152 7 INFO placement.requestlog [req-7a9cf535-c100-48e4-aa28-d67fed4c61d0 req-be4ed0e4-d0f6-4884-b81f-e4a4a52d5be5 96c240315e2d410fb449e61e52598ed8 9f936237f6c74b8482f4ab8fc57e45ec - - 997420945d9b4e42b0bfeef1a6c00f0c 997420945d9b4e42b0bfeef1a6c00f0c] 199.19.213.17 "GET /resource_providers/4bb25e82-17ef-4d29-80ec-efd59c1c5c5f/allocations" status: 200 len: 340 microversion: 1.0 [pid: 7|app: 0|req: 632/1261] 199.19.213.17 () {32 vars in 856 bytes} [Thu Jul 16 08:15:48 2026] GET /resource_providers/4bb25e82-17ef-4d29-80ec-efd59c1c5c5f/allocations => generated 340 bytes in 15 msecs (HTTP/1.1 200) 6 headers in 224 bytes (1 switches on core 0)
2026-07-16 08:15:48.170 8 INFO placement.requestlog [req-7a9cf535-c100-48e4-aa28-d67fed4c61d0 req-a38a66d2-7d59-42b9-8b12-33d8d21b165d 96c240315e2d410fb449e61e52598ed8 9f936237f6c74b8482f4ab8fc57e45ec - - 997420945d9b4e42b0bfeef1a6c00f0c 997420945d9b4e42b0bfeef1a6c00f0c] 199.19.213.17 "GET /allocations/9451c267-6b18-489b-94d5-516b42879999" status: 200 len: 245 microversion: 1.28 [pid: 8|app: 0|req: 630/1262] 199.19.213.17 () {34 vars in 862 bytes} [Thu Jul 16 08:15:48 2026] GET /allocations/9451c267-6b18-489b-94d5-516b42879999 => generated 245 bytes in 11 msecs (HTTP/1.1 200) 8 headers in 296 bytes (1 switches on core 0)
2026-07-16 08:15:48.189 7 INFO placement.requestlog [req-7a9cf535-c100-48e4-aa28-d67fed4c61d0 req-0ba704d4-352f-460a-8301-09d505262f8a 96c240315e2d410fb449e61e52598ed8 9f936237f6c74b8482f4ab8fc57e45ec - - 997420945d9b4e42b0bfeef1a6c00f0c 997420945d9b4e42b0bfeef1a6c00f0c] 199.19.213.17 "GET /allocations/7b683861-dad9-48ce-85a3-95b41c80b0a5" status: 200 len: 258 microversion: 1.28 [pid: 7|app: 0|req: 633/1263] 199.19.213.17 () {34 vars in 862 bytes} [Thu Jul 16 08:15:48 2026] GET /allocations/7b683861-dad9-48ce-85a3-95b41c80b0a5 => generated 258 bytes in 14 msecs (HTTP/1.1 200) 8 headers in 296 bytes (1 switches on core 0)
2026-07-16 08:15:48.207 8 INFO placement.requestlog [req-7a9cf535-c100-48e4-aa28-d67fed4c61d0 req-8ee627e3-4725-4d8e-9537-f8485d05f2de 96c240315e2d410fb449e61e52598ed8 9f936237f6c74b8482f4ab8fc57e45ec - - 997420945d9b4e42b0bfeef1a6c00f0c 997420945d9b4e42b0bfeef1a6c00f0c] 199.19.213.17 "GET /allocations/8ba6f478-11dd-49a1-86bb-9e7879790e60" status: 200 len: 258 microversion: 1.28 [pid: 8|app: 0|req: 631/1264] 199.19.213.17 () {34 vars in 862 bytes} [Thu Jul 16 08:15:48 2026] GET /allocations/8ba6f478-11dd-49a1-86bb-9e7879790e60 => generated 258 bytes in 13 msecs (HTTP/1.1 200) 8 headers in 296 bytes (1 switches on core 0)
2026-07-16 08:15:55.235 8 INFO placement.requestlog [None req-99e97ea4-79df-4b00-903a-6796242f7136 - - - - - -] 10.0.0.174 "GET /" status: 200 len: 136 microversion: 1.0
2026-07-16 08:15:55.236 7 INFO placement.requestlog [None req-5148b88c-9017-4296-85a3-0ce60b3c74d3 - - - - - -] 10.0.0.174 "GET /" status: 200 len: 136 microversion: 1.0
2026-07-16 08:16:05.236 7 INFO placement.requestlog [None req-ca68a6fe-164f-404f-9674-c50ee9114902 - - - - - -] 10.0.0.174 "GET /" status: 200 len: 136 microversion: 1.0
2026-07-16 08:16:05.237 8 INFO placement.requestlog [None req-aa1df0ee-4ee2-4df9-ab2c-c2c677a3c1c6 - - - - - -] 10.0.0.174 "GET /" status: 200 len: 136 microversion: 1.0
2026-07-16 08:16:15.235 7 INFO placement.requestlog [None req-6cb5601a-5488-4985-9898-a38e9dec74eb - - - - - -] 10.0.0.174 "GET /" status: 200 len: 136 microversion: 1.0
2026-07-16 08:16:15.236 8 INFO placement.requestlog [None req-0e14390d-cae2-41c2-a33a-0cc67d92b099 - - - - - -] 10.0.0.174 "GET /" status: 200 len: 136 microversion: 1.0
2026-07-16 08:16:25.236 8 INFO placement.requestlog [None req-6d30b1d0-c328-463f-84a9-5ab8d94a9db6 - - - - - -] 10.0.0.174 "GET /" status: 200 len: 136 microversion: 1.0
2026-07-16 08:16:25.236 7 INFO placement.requestlog [None req-0f2afe62-780c-41ce-9f37-a2b0be1a2ae1 - - - - - -] 10.0.0.174 "GET /" status: 200 len: 136 microversion: 1.0
2026-07-16 08:16:35.236 7 INFO placement.requestlog [None req-db48c2ae-9a3b-4a4c-bf64-03c0415ab08c - - - - - -] 10.0.0.174 "GET /" status: 200 len: 136 microversion: 1.0
2026-07-16 08:16:35.236 8 INFO placement.requestlog [None req-298d71c1-6bfc-4754-82b7-a0a3baa80e20 - - - - - -] 10.0.0.174 "GET /" status: 200 len: 136 microversion: 1.0
2026-07-16 08:16:42.015 8 INFO placement.requestlog [req-00b19b7a-2524-4d80-8a19-3a6a38085206 req-a340b220-e5cb-431c-92c9-bf6c8184eb5a 96c240315e2d410fb449e61e52598ed8 9f936237f6c74b8482f4ab8fc57e45ec - - 997420945d9b4e42b0bfeef1a6c00f0c 997420945d9b4e42b0bfeef1a6c00f0c] 199.19.213.17 "GET /resource_providers/4bb25e82-17ef-4d29-80ec-efd59c1c5c5f/allocations" status: 200 len: 340 microversion: 1.0 [pid: 8|app: 0|req: 637/1275] 199.19.213.17 () {32 vars in 856 bytes} [Thu Jul 16 08:16:41 2026] GET /resource_providers/4bb25e82-17ef-4d29-80ec-efd59c1c5c5f/allocations => generated 340 bytes in 25 msecs (HTTP/1.1 200) 6 headers in 224 bytes (1 switches on core 0)
2026-07-16 08:16:42.036 7 INFO placement.requestlog [req-00b19b7a-2524-4d80-8a19-3a6a38085206 req-f8914715-d83a-4393-ae15-b12d6b4964f6 96c240315e2d410fb449e61e52598ed8 9f936237f6c74b8482f4ab8fc57e45ec - - 997420945d9b4e42b0bfeef1a6c00f0c 997420945d9b4e42b0bfeef1a6c00f0c] 199.19.213.17 "GET /allocations/9451c267-6b18-489b-94d5-516b42879999" status: 200 len: 245 microversion: 1.28 [pid: 7|app: 0|req: 639/1276] 199.19.213.17 () {34 vars in 862 bytes} [Thu Jul 16 08:16:42 2026] GET /allocations/9451c267-6b18-489b-94d5-516b42879999 => generated 245 bytes in 15 msecs (HTTP/1.1 200) 8 headers in 296 bytes (1 switches on core 0)
2026-07-16 08:16:42.056 8 INFO placement.requestlog [req-00b19b7a-2524-4d80-8a19-3a6a38085206 req-aac571e0-0ea9-45f5-b666-00591ac6ddba 96c240315e2d410fb449e61e52598ed8 9f936237f6c74b8482f4ab8fc57e45ec - - 997420945d9b4e42b0bfeef1a6c00f0c 997420945d9b4e42b0bfeef1a6c00f0c] 199.19.213.17 "GET /allocations/7b683861-dad9-48ce-85a3-95b41c80b0a5" status: 200 len: 258 microversion: 1.28 [pid: 8|app: 0|req: 638/1277] 199.19.213.17 () {34 vars in 862 bytes} [Thu Jul 16 08:16:42 2026] GET /allocations/7b683861-dad9-48ce-85a3-95b41c80b0a5 => generated 258 bytes in 15 msecs (HTTP/1.1 200) 8 headers in 296 bytes (1 switches on core 0)
2026-07-16 08:16:42.075 7 INFO placement.requestlog [req-00b19b7a-2524-4d80-8a19-3a6a38085206 req-5f8eb590-df8b-4639-8bda-67e73e132a47 96c240315e2d410fb449e61e52598ed8 9f936237f6c74b8482f4ab8fc57e45ec - - 997420945d9b4e42b0bfeef1a6c00f0c 997420945d9b4e42b0bfeef1a6c00f0c] 199.19.213.17 "GET /allocations/8ba6f478-11dd-49a1-86bb-9e7879790e60" status: 200 len: 258 microversion: 1.28 [pid: 7|app: 0|req: 640/1278] 199.19.213.17 () {34 vars in 862 bytes} [Thu Jul 16 08:16:42 2026] GET /allocations/8ba6f478-11dd-49a1-86bb-9e7879790e60 => generated 258 bytes in 14 msecs (HTTP/1.1 200) 8 headers in 296 bytes (1 switches on core 0)
2026-07-16 08:16:43.128 8 INFO placement.requestlog [req-00b19b7a-2524-4d80-8a19-3a6a38085206 req-0fc9b117-597d-4f52-8247-945a37ed3dd3 96c240315e2d410fb449e61e52598ed8 9f936237f6c74b8482f4ab8fc57e45ec - - 997420945d9b4e42b0bfeef1a6c00f0c 997420945d9b4e42b0bfeef1a6c00f0c] 199.19.213.17 "DELETE /allocations/9451c267-6b18-489b-94d5-516b42879999" status: 204 len: 0 microversion: 1.0 [pid: 8|app: 0|req: 639/1279] 199.19.213.17 () {34 vars in 840 bytes} [Thu Jul 16 08:16:43 2026] DELETE /allocations/9451c267-6b18-489b-94d5-516b42879999 => generated 0 bytes in 28 msecs (HTTP/1.1 204) 5 headers in 198 bytes (1 switches on core 0)
2026-07-16 08:16:45.235 7 INFO placement.requestlog [None req-4c23139f-fa80-4938-a10d-2d649bdeed85 - - - - - -] 10.0.0.174 "GET /" status: 200 len: 136 microversion: 1.0
2026-07-16 08:16:45.235 8 INFO placement.requestlog [None req-8c9aed4f-e5ed-42ee-8ecf-dfbb116b5a3e - - - - - -] 10.0.0.174 "GET /" status: 200 len: 136 microversion: 1.0
2026-07-16 08:16:46.050 8 INFO placement.requestlog [req-67a9e04b-4bcd-4ea8-bb47-3f97474e56cc req-a6c52a67-5998-4c96-a403-4a1864a9ebf9 96c240315e2d410fb449e61e52598ed8 9f936237f6c74b8482f4ab8fc57e45ec - - 997420945d9b4e42b0bfeef1a6c00f0c 997420945d9b4e42b0bfeef1a6c00f0c] 199.19.213.17 "GET /resource_providers/4bb25e82-17ef-4d29-80ec-efd59c1c5c5f/allocations" status: 200 len: 253 microversion: 1.0 [pid: 8|app: 0|req: 641/1282] 199.19.213.17 () {32 vars in 856 bytes} [Thu Jul 16 08:16:46 2026] GET /resource_providers/4bb25e82-17ef-4d29-80ec-efd59c1c5c5f/allocations => generated 253 bytes in 16 msecs (HTTP/1.1 200) 6 headers in 224 bytes (1 switches on core 0)
2026-07-16 08:16:46.068 7 INFO placement.requestlog [req-67a9e04b-4bcd-4ea8-bb47-3f97474e56cc req-2e639178-85f6-409f-b64a-6736a5198e49 96c240315e2d410fb449e61e52598ed8 9f936237f6c74b8482f4ab8fc57e45ec - - 997420945d9b4e42b0bfeef1a6c00f0c 997420945d9b4e42b0bfeef1a6c00f0c] 199.19.213.17 "GET /allocations/7b683861-dad9-48ce-85a3-95b41c80b0a5" status: 200 len: 258 microversion: 1.28 [pid: 7|app: 0|req: 642/1283] 199.19.213.17 () {34 vars in 862 bytes} [Thu Jul 16 08:16:46 2026] GET /allocations/7b683861-dad9-48ce-85a3-95b41c80b0a5 => generated 258 bytes in 11 msecs (HTTP/1.1 200) 8 headers in 296 bytes (1 switches on core 0)
2026-07-16 08:16:46.086 8 INFO placement.requestlog [req-67a9e04b-4bcd-4ea8-bb47-3f97474e56cc req-02f30bed-d1d9-448b-9f6d-eff378528ee1 96c240315e2d410fb449e61e52598ed8 9f936237f6c74b8482f4ab8fc57e45ec - - 997420945d9b4e42b0bfeef1a6c00f0c 997420945d9b4e42b0bfeef1a6c00f0c] 199.19.213.17 "GET /allocations/8ba6f478-11dd-49a1-86bb-9e7879790e60" status: 200 len: 258 microversion: 1.28 [pid: 8|app: 0|req: 642/1284] 199.19.213.17 () {34 vars in 862 bytes} [Thu Jul 16 08:16:46 2026] GET /allocations/8ba6f478-11dd-49a1-86bb-9e7879790e60 => generated 258 bytes in 11 msecs (HTTP/1.1 200) 8 headers in 296 bytes (1 switches on core 0)
2026-07-16 08:16:47.139 7 INFO placement.requestlog [req-67a9e04b-4bcd-4ea8-bb47-3f97474e56cc req-17144e7a-31d6-4e1a-90ba-d9b378d86850 96c240315e2d410fb449e61e52598ed8 9f936237f6c74b8482f4ab8fc57e45ec - - 997420945d9b4e42b0bfeef1a6c00f0c 997420945d9b4e42b0bfeef1a6c00f0c] 199.19.213.17 "DELETE /allocations/7b683861-dad9-48ce-85a3-95b41c80b0a5" status: 204 len: 0 microversion: 1.0 [pid: 7|app: 0|req: 643/1285] 199.19.213.17 () {34 vars in 840 bytes} [Thu Jul 16 08:16:47 2026] DELETE /allocations/7b683861-dad9-48ce-85a3-95b41c80b0a5 => generated 0 bytes in 23 msecs (HTTP/1.1 204) 5 headers in 198 bytes (1 switches on core 0)
2026-07-16 08:16:48.778 8 INFO placement.requestlog [req-6ef1093f-25f4-4baf-b816-d060c85f8074 req-948d421b-6283-4a53-9b84-2d79a058a2bc 96c240315e2d410fb449e61e52598ed8 9f936237f6c74b8482f4ab8fc57e45ec - - 997420945d9b4e42b0bfeef1a6c00f0c 997420945d9b4e42b0bfeef1a6c00f0c] 199.19.213.17 "GET /resource_providers/4bb25e82-17ef-4d29-80ec-efd59c1c5c5f/allocations" status: 200 len: 153 microversion: 1.0 [pid: 8|app: 0|req: 643/1286] 199.19.213.17 () {32 vars in 856 bytes} [Thu Jul 16 08:16:48 2026] GET /resource_providers/4bb25e82-17ef-4d29-80ec-efd59c1c5c5f/allocations => generated 153 bytes in 15 msecs (HTTP/1.1 200) 6 headers in 224 bytes (1 switches on core 0)
2026-07-16 08:16:48.796 7 INFO placement.requestlog [req-6ef1093f-25f4-4baf-b816-d060c85f8074 req-ddec77c4-4064-462f-b0d2-c656fb8a5617 96c240315e2d410fb449e61e52598ed8 9f936237f6c74b8482f4ab8fc57e45ec - - 997420945d9b4e42b0bfeef1a6c00f0c 997420945d9b4e42b0bfeef1a6c00f0c] 199.19.213.17 "GET /resource_providers/4bb25e82-17ef-4d29-80ec-efd59c1c5c5f/allocations" status: 200 len: 153 microversion: 1.0 [pid: 7|app: 0|req: 644/1287] 199.19.213.17 () {32 vars in 856 bytes} [Thu Jul 16 08:16:48 2026] GET /resource_providers/4bb25e82-17ef-4d29-80ec-efd59c1c5c5f/allocations => generated 153 bytes in 12 msecs (HTTP/1.1 200) 6 headers in 224 bytes (1 switches on core 0)
2026-07-16 08:16:48.816 8 INFO placement.requestlog [req-6ef1093f-25f4-4baf-b816-d060c85f8074 req-943b5e40-b704-4842-ba9c-e359d0116539 96c240315e2d410fb449e61e52598ed8 9f936237f6c74b8482f4ab8fc57e45ec - - 997420945d9b4e42b0bfeef1a6c00f0c 997420945d9b4e42b0bfeef1a6c00f0c] 199.19.213.17 "GET /allocations/8ba6f478-11dd-49a1-86bb-9e7879790e60" status: 200 len: 258 microversion: 1.28 [pid: 8|app: 0|req: 644/1288] 199.19.213.17 () {34 vars in 862 bytes} [Thu Jul 16 08:16:48 2026] GET /allocations/8ba6f478-11dd-49a1-86bb-9e7879790e60 => generated 258 bytes in 13 msecs (HTTP/1.1 200) 8 headers in 296 bytes (1 switches on core 0)
2026-07-16 08:16:55.235 7 INFO placement.requestlog [None req-3b61b444-05bb-4240-8bd5-16c95fc393a8 - - - - - -] 10.0.0.174 "GET /" status: 200 len: 136 microversion: 1.0
2026-07-16 08:16:55.236 8 INFO placement.requestlog [None req-e220bf7f-0529-4639-b68e-22617000bf98 - - - - - -] 10.0.0.174 "GET /" status: 200 len: 136 microversion: 1.0
2026-07-16 08:16:57.105 7 INFO placement.requestlog [req-62dc0930-1d84-49cd-8fd7-d12c074bcb07 req-0e665958-71ca-4237-907e-8b98b4362903 96c240315e2d410fb449e61e52598ed8 9f936237f6c74b8482f4ab8fc57e45ec - - 997420945d9b4e42b0bfeef1a6c00f0c 997420945d9b4e42b0bfeef1a6c00f0c] 199.19.213.17 "GET /resource_providers/4bb25e82-17ef-4d29-80ec-efd59c1c5c5f/allocations" status: 200 len: 153 microversion: 1.0 [pid: 7|app: 0|req: 646/1291] 199.19.213.17 () {32 vars in 856 bytes} [Thu Jul 16 08:16:57 2026] GET /resource_providers/4bb25e82-17ef-4d29-80ec-efd59c1c5c5f/allocations => generated 153 bytes in 16 msecs (HTTP/1.1 200) 6 headers in 224 bytes (1 switches on core 0)
2026-07-16 08:16:57.128 8 INFO placement.requestlog [req-62dc0930-1d84-49cd-8fd7-d12c074bcb07 req-6da43a5e-01c6-43b9-8baa-1774ee2d101a 96c240315e2d410fb449e61e52598ed8 9f936237f6c74b8482f4ab8fc57e45ec - - 997420945d9b4e42b0bfeef1a6c00f0c 997420945d9b4e42b0bfeef1a6c00f0c] 199.19.213.17 "GET /allocations/8ba6f478-11dd-49a1-86bb-9e7879790e60" status: 200 len: 258 microversion: 1.28 [pid: 8|app: 0|req: 646/1292] 199.19.213.17 () {34 vars in 862 bytes} [Thu Jul 16 08:16:57 2026] GET /allocations/8ba6f478-11dd-49a1-86bb-9e7879790e60 => generated 258 bytes in 15 msecs (HTTP/1.1 200) 8 headers in 296 bytes (1 switches on core 0)
2026-07-16 08:16:58.177 7 INFO placement.requestlog [req-62dc0930-1d84-49cd-8fd7-d12c074bcb07 req-04c35675-dd8b-4586-9b30-0dd306839a30 96c240315e2d410fb449e61e52598ed8 9f936237f6c74b8482f4ab8fc57e45ec - - 997420945d9b4e42b0bfeef1a6c00f0c 997420945d9b4e42b0bfeef1a6c00f0c] 199.19.213.17 "DELETE /allocations/8ba6f478-11dd-49a1-86bb-9e7879790e60" status: 204 len: 0 microversion: 1.0 [pid: 7|app: 0|req: 647/1293] 199.19.213.17 () {34 vars in 840 bytes} [Thu Jul 16 08:16:58 2026] DELETE /allocations/8ba6f478-11dd-49a1-86bb-9e7879790e60 => generated 0 bytes in 27 msecs (HTTP/1.1 204) 5 headers in 198 bytes (1 switches on core 0)
2026-07-16 08:17:05.236 7 INFO placement.requestlog [None req-ec8bd4b6-c291-48bf-b090-c4f38f2a84b2 - - - - - -] 10.0.0.174 "GET /" status: 200 len: 136 microversion: 1.0
2026-07-16 08:17:05.236 8 INFO placement.requestlog [None req-db03ac3d-e937-415f-8abe-2bde2484c844 - - - - - -] 10.0.0.174 "GET /" status: 200 len: 136 microversion: 1.0
2026-07-16 08:17:08.568 7 INFO placement.requestlog [None req-e1abf307-d12f-4739-b049-b2a8fc56cc64 a97c102740294164a2c0ba9aaf5a2a1c 9f936237f6c74b8482f4ab8fc57e45ec - - 997420945d9b4e42b0bfeef1a6c00f0c 997420945d9b4e42b0bfeef1a6c00f0c] 10.0.0.62 "GET /resource_providers/6045056d-b755-404f-b889-c75a7ae05ddc/aggregates" status: 404 len: 235 microversion: 1.1 [pid: 7|app: 0|req: 649/1296] 10.0.0.62 () {32 vars in 815 bytes} [Thu Jul 16 08:17:08 2026] GET /resource_providers/6045056d-b755-404f-b889-c75a7ae05ddc/aggregates => generated 235 bytes in 12 msecs (HTTP/1.1 404) 5 headers in 202 bytes (1 switches on core 0)
2026-07-16 08:17:08.603 8 INFO placement.requestlog [None req-95ebd431-9fed-462d-93ea-33e2d29cf62c a97c102740294164a2c0ba9aaf5a2a1c 9f936237f6c74b8482f4ab8fc57e45ec - - 997420945d9b4e42b0bfeef1a6c00f0c 997420945d9b4e42b0bfeef1a6c00f0c] 10.0.0.62 "GET /resource_providers/6045056d-b755-404f-b889-c75a7ae05ddc/aggregates" status: 404 len: 235 microversion: 1.1 [pid: 8|app: 0|req: 648/1297] 10.0.0.62 () {32 vars in 815 bytes} [Thu Jul 16 08:17:08 2026] GET /resource_providers/6045056d-b755-404f-b889-c75a7ae05ddc/aggregates => generated 235 bytes in 21 msecs (HTTP/1.1 404) 5 headers in 202 bytes (1 switches on core 0)
2026-07-16 08:17:08.608 7 INFO placement.requestlog [None req-83328e29-154a-4f29-bf09-5a0c94561b37 a97c102740294164a2c0ba9aaf5a2a1c 9f936237f6c74b8482f4ab8fc57e45ec - - 997420945d9b4e42b0bfeef1a6c00f0c 997420945d9b4e42b0bfeef1a6c00f0c] 10.0.0.62 "DELETE /resource_providers/6045056d-b755-404f-b889-c75a7ae05ddc" status: 404 len: 246 microversion: 1.1 [pid: 7|app: 0|req: 650/1298] 10.0.0.62 () {34 vars in 815 bytes} [Thu Jul 16 08:17:08 2026] DELETE /resource_providers/6045056d-b755-404f-b889-c75a7ae05ddc => generated 246 bytes in 13 msecs (HTTP/1.1 404) 6 headers in 231 bytes (1 switches on core 0)
2026-07-16 08:17:08.625 8 INFO placement.requestlog [None req-c55587e6-a072-42f0-a51c-88b9518051dc a97c102740294164a2c0ba9aaf5a2a1c 9f936237f6c74b8482f4ab8fc57e45ec - - 997420945d9b4e42b0bfeef1a6c00f0c 997420945d9b4e42b0bfeef1a6c00f0c] 10.0.0.62 "DELETE /resource_providers/6045056d-b755-404f-b889-c75a7ae05ddc" status: 404 len: 246 microversion: 1.1 [pid: 8|app: 0|req: 649/1299] 10.0.0.62 () {34 vars in 815 bytes} [Thu Jul 16 08:17:08 2026] DELETE /resource_providers/6045056d-b755-404f-b889-c75a7ae05ddc => generated 246 bytes in 12 msecs (HTTP/1.1 404) 6 headers in 231 bytes (1 switches on core 0)
2026-07-16 08:17:10.631 7 INFO placement.requestlog [None req-55453a1c-da07-4dcc-9747-064166235a29 a97c102740294164a2c0ba9aaf5a2a1c 9f936237f6c74b8482f4ab8fc57e45ec - - 997420945d9b4e42b0bfeef1a6c00f0c 997420945d9b4e42b0bfeef1a6c00f0c] 10.0.0.62 "GET /resource_providers/ba9b78a6-9397-4ea4-a839-78200964f6c0/aggregates" status: 404 len: 235 microversion: 1.1 [pid: 7|app: 0|req: 651/1300] 10.0.0.62 () {32 vars in 815 bytes} [Thu Jul 16 08:17:10 2026] GET /resource_providers/ba9b78a6-9397-4ea4-a839-78200964f6c0/aggregates => generated 235 bytes in 15 msecs (HTTP/1.1 404) 5 headers in 202 bytes (1 switches on core 0)
2026-07-16 08:17:10.646 8 INFO placement.requestlog [None req-7758bca1-3838-4056-8077-1d026fc785a2 a97c102740294164a2c0ba9aaf5a2a1c 9f936237f6c74b8482f4ab8fc57e45ec - - 997420945d9b4e42b0bfeef1a6c00f0c 997420945d9b4e42b0bfeef1a6c00f0c] 10.0.0.62 "DELETE /resource_providers/ba9b78a6-9397-4ea4-a839-78200964f6c0" status: 404 len: 246 microversion: 1.1 [pid: 8|app: 0|req: 650/1301] 10.0.0.62 () {34 vars in 815 bytes} [Thu Jul 16 08:17:10 2026] DELETE /resource_providers/ba9b78a6-9397-4ea4-a839-78200964f6c0 => generated 246 bytes in 6 msecs (HTTP/1.1 404) 6 headers in 231 bytes (1 switches on core 0)
2026-07-16 08:17:10.657 7 INFO placement.requestlog [None req-3a9417ec-63d2-47c7-9b5c-6a446dbb6f47 a97c102740294164a2c0ba9aaf5a2a1c 9f936237f6c74b8482f4ab8fc57e45ec - - 997420945d9b4e42b0bfeef1a6c00f0c 997420945d9b4e42b0bfeef1a6c00f0c] 10.0.0.62 "GET /resource_providers/ba9b78a6-9397-4ea4-a839-78200964f6c0/aggregates" status: 404 len: 235 microversion: 1.1 [pid: 7|app: 0|req: 652/1302] 10.0.0.62 () {32 vars in 815 bytes} [Thu Jul 16 08:17:10 2026] GET /resource_providers/ba9b78a6-9397-4ea4-a839-78200964f6c0/aggregates => generated 235 bytes in 11 msecs (HTTP/1.1 404) 5 headers in 202 bytes (1 switches on core 0)
2026-07-16 08:17:10.671 8 INFO placement.requestlog [None req-09245180-f158-43d8-858f-0c403a459694 a97c102740294164a2c0ba9aaf5a2a1c 9f936237f6c74b8482f4ab8fc57e45ec - - 997420945d9b4e42b0bfeef1a6c00f0c 997420945d9b4e42b0bfeef1a6c00f0c] 10.0.0.62 "GET /resource_providers/0e95ac0e-3694-48b3-aad5-92f75a1a4ba4/aggregates" status: 404 len: 235 microversion: 1.1 [pid: 8|app: 0|req: 651/1303] 10.0.0.62 () {32 vars in 815 bytes} [Thu Jul 16 08:17:10 2026] GET /resource_providers/0e95ac0e-3694-48b3-aad5-92f75a1a4ba4/aggregates => generated 235 bytes in 15 msecs (HTTP/1.1 404) 5 headers in 202 bytes (1 switches on core 0)
2026-07-16 08:17:10.682 7 INFO placement.requestlog [None req-9717079a-7ffe-4a47-bc1c-0ca78c3d74e6 a97c102740294164a2c0ba9aaf5a2a1c 9f936237f6c74b8482f4ab8fc57e45ec - - 997420945d9b4e42b0bfeef1a6c00f0c 997420945d9b4e42b0bfeef1a6c00f0c] 10.0.0.62 "DELETE /resource_providers/ba9b78a6-9397-4ea4-a839-78200964f6c0" status: 404 len: 246 microversion: 1.1 [pid: 7|app: 0|req: 653/1304] 10.0.0.62 () {34 vars in 815 bytes} [Thu Jul 16 08:17:10 2026] DELETE /resource_providers/ba9b78a6-9397-4ea4-a839-78200964f6c0 => generated 246 bytes in 18 msecs (HTTP/1.1 404) 6 headers in 231 bytes (1 switches on core 0)
2026-07-16 08:17:10.706 7 INFO placement.requestlog [None req-a15f6a09-dd0d-43c5-8b20-4967c6785774 a97c102740294164a2c0ba9aaf5a2a1c 9f936237f6c74b8482f4ab8fc57e45ec - - 997420945d9b4e42b0bfeef1a6c00f0c 997420945d9b4e42b0bfeef1a6c00f0c] 10.0.0.62 "GET /resource_providers/0e95ac0e-3694-48b3-aad5-92f75a1a4ba4/aggregates" status: 404 len: 235 microversion: 1.1
2026-07-16 08:17:10.707 8 INFO placement.requestlog [None req-d4c1b0bb-61ba-4430-954e-f204bec5f056 a97c102740294164a2c0ba9aaf5a2a1c 9f936237f6c74b8482f4ab8fc57e45ec - - 997420945d9b4e42b0bfeef1a6c00f0c 997420945d9b4e42b0bfeef1a6c00f0c] 10.0.0.62 "DELETE /resource_providers/0e95ac0e-3694-48b3-aad5-92f75a1a4ba4" status: 404 len: 246 microversion: 1.1 [pid: 7|app: 0|req: 654/1305] 10.0.0.62 () {32 vars in 815 bytes} [Thu Jul 16 08:17:10 2026] GET /resource_providers/0e95ac0e-3694-48b3-aad5-92f75a1a4ba4/aggregates => generated 235 bytes in 11 msecs (HTTP/1.1 404) 5 headers in 202 bytes (1 switches on core 0) [pid: 8|app: 0|req: 652/1306] 10.0.0.62 () {34 vars in 815 bytes} [Thu Jul 16 08:17:10 2026] DELETE /resource_providers/0e95ac0e-3694-48b3-aad5-92f75a1a4ba4 => generated 246 bytes in 13 msecs (HTTP/1.1 404) 6 headers in 231 bytes (1 switches on core 0)
2026-07-16 08:17:10.730 7 INFO placement.requestlog [None req-3626f267-d844-47a3-a6b4-230d70635a75 a97c102740294164a2c0ba9aaf5a2a1c 9f936237f6c74b8482f4ab8fc57e45ec - - 997420945d9b4e42b0bfeef1a6c00f0c 997420945d9b4e42b0bfeef1a6c00f0c] 10.0.0.62 "DELETE /resource_providers/0e95ac0e-3694-48b3-aad5-92f75a1a4ba4" status: 404 len: 246 microversion: 1.1 [pid: 7|app: 0|req: 655/1307] 10.0.0.62 () {34 vars in 815 bytes} [Thu Jul 16 08:17:10 2026] DELETE /resource_providers/0e95ac0e-3694-48b3-aad5-92f75a1a4ba4 => generated 246 bytes in 10 msecs (HTTP/1.1 404) 6 headers in 231 bytes (1 switches on core 0)
2026-07-16 08:17:12.727 8 INFO placement.requestlog [None req-e999529e-2064-4795-819c-9db2acaa64a0 a97c102740294164a2c0ba9aaf5a2a1c 9f936237f6c74b8482f4ab8fc57e45ec - - 997420945d9b4e42b0bfeef1a6c00f0c 997420945d9b4e42b0bfeef1a6c00f0c] 10.0.0.62 "GET /resource_providers/41e4aaf5-a260-4d25-b841-64b5f9928b53/aggregates" status: 404 len: 235 microversion: 1.1 [pid: 8|app: 0|req: 653/1308] 10.0.0.62 () {32 vars in 815 bytes} [Thu Jul 16 08:17:12 2026] GET /resource_providers/41e4aaf5-a260-4d25-b841-64b5f9928b53/aggregates => generated 235 bytes in 8 msecs (HTTP/1.1 404) 5 headers in 202 bytes (1 switches on core 0)
2026-07-16 08:17:12.743 7 INFO placement.requestlog [None req-5da33705-c89d-4a83-9dba-07759f4256db a97c102740294164a2c0ba9aaf5a2a1c 9f936237f6c74b8482f4ab8fc57e45ec - - 997420945d9b4e42b0bfeef1a6c00f0c 997420945d9b4e42b0bfeef1a6c00f0c] 10.0.0.62 "DELETE /resource_providers/41e4aaf5-a260-4d25-b841-64b5f9928b53" status: 404 len: 246 microversion: 1.1 [pid: 7|app: 0|req: 656/1309] 10.0.0.62 () {34 vars in 815 bytes} [Thu Jul 16 08:17:12 2026] DELETE /resource_providers/41e4aaf5-a260-4d25-b841-64b5f9928b53 => generated 246 bytes in 8 msecs (HTTP/1.1 404) 6 headers in 231 bytes (1 switches on core 0)
2026-07-16 08:17:12.749 8 INFO placement.requestlog [None req-26fda2da-2011-4050-b2d4-23779447bd63 a97c102740294164a2c0ba9aaf5a2a1c 9f936237f6c74b8482f4ab8fc57e45ec - - 997420945d9b4e42b0bfeef1a6c00f0c 997420945d9b4e42b0bfeef1a6c00f0c] 10.0.0.62 "GET /resource_providers/41e4aaf5-a260-4d25-b841-64b5f9928b53/aggregates" status: 404 len: 235 microversion: 1.1 [pid: 8|app: 0|req: 654/1310] 10.0.0.62 () {32 vars in 815 bytes} [Thu Jul 16 08:17:12 2026] GET /resource_providers/41e4aaf5-a260-4d25-b841-64b5f9928b53/aggregates => generated 235 bytes in 8 msecs (HTTP/1.1 404) 5 headers in 202 bytes (1 switches on core 0)
2026-07-16 08:17:12.773 7 INFO placement.requestlog [None req-02d9403a-f58c-4315-a990-50ff6d5c89fc a97c102740294164a2c0ba9aaf5a2a1c 9f936237f6c74b8482f4ab8fc57e45ec - - 997420945d9b4e42b0bfeef1a6c00f0c 997420945d9b4e42b0bfeef1a6c00f0c] 10.0.0.62 "DELETE /resource_providers/41e4aaf5-a260-4d25-b841-64b5f9928b53" status: 404 len: 246 microversion: 1.1 [pid: 7|app: 0|req: 657/1311] 10.0.0.62 () {34 vars in 815 bytes} [Thu Jul 16 08:17:12 2026] DELETE /resource_providers/41e4aaf5-a260-4d25-b841-64b5f9928b53 => generated 246 bytes in 8 msecs (HTTP/1.1 404) 6 headers in 231 bytes (1 switches on core 0)
2026-07-16 08:17:15.236 8 INFO placement.requestlog [None req-f11b34c5-e9c2-4314-b923-0979deb10a0e - - - - - -] 10.0.0.174 "GET /" status: 200 len: 136 microversion: 1.0
2026-07-16 08:17:15.236 7 INFO placement.requestlog [None req-a5380e08-f6b3-4fb0-bc67-e804ae41b328 - - - - - -] 10.0.0.174 "GET /" status: 200 len: 136 microversion: 1.0
2026-07-16 08:17:25.235 8 INFO placement.requestlog [None req-6ce7b022-2094-44bf-9f93-a321ec3b9a4d - - - - - -] 10.0.0.174 "GET /" status: 200 len: 136 microversion: 1.0
2026-07-16 08:17:25.235 7 INFO placement.requestlog [None req-7fa99b82-225e-4203-b8c3-a98251a06d54 - - - - - -] 10.0.0.174 "GET /" status: 200 len: 136 microversion: 1.0
2026-07-16 08:17:35.235 8 INFO placement.requestlog [None req-896f6f5e-ae26-4ae2-921f-e2c9a3e1e0d7 - - - - - -] 10.0.0.174 "GET /" status: 200 len: 136 microversion: 1.0
2026-07-16 08:17:35.236 7 INFO placement.requestlog [None req-e8ad8e62-2791-4c4b-a2e0-efbdcdeffe61 - - - - - -] 10.0.0.174 "GET /" status: 200 len: 136 microversion: 1.0
2026-07-16 08:17:45.235 8 INFO placement.requestlog [None req-840c32cd-3d89-4018-acfd-64a3165a46fe - - - - - -] 10.0.0.174 "GET /" status: 200 len: 136 microversion: 1.0
2026-07-16 08:17:45.236 7 INFO placement.requestlog [None req-a778898a-719a-4d32-9f3e-c4015b6fee2e - - - - - -] 10.0.0.174 "GET /" status: 200 len: 136 microversion: 1.0
2026-07-16 08:17:47.782 8 INFO placement.requestlog [req-400a8685-6f8b-40c5-98c0-7b9cbb204f25 req-d474f2b2-a40d-4d31-8640-a535379ea47b 96c240315e2d410fb449e61e52598ed8 9f936237f6c74b8482f4ab8fc57e45ec - - 997420945d9b4e42b0bfeef1a6c00f0c 997420945d9b4e42b0bfeef1a6c00f0c] 199.19.213.17 "GET /resource_providers/4bb25e82-17ef-4d29-80ec-efd59c1c5c5f/allocations" status: 200 len: 55 microversion: 1.0 [pid: 8|app: 0|req: 659/1320] 199.19.213.17 () {32 vars in 856 bytes} [Thu Jul 16 08:17:47 2026] GET /resource_providers/4bb25e82-17ef-4d29-80ec-efd59c1c5c5f/allocations => generated 55 bytes in 12 msecs (HTTP/1.1 200) 6 headers in 223 bytes (1 switches on core 0)
2026-07-16 08:17:47.805 7 INFO placement.requestlog [req-400a8685-6f8b-40c5-98c0-7b9cbb204f25 req-df8b3e5c-31ef-4ef1-a51e-a446a103865f 96c240315e2d410fb449e61e52598ed8 9f936237f6c74b8482f4ab8fc57e45ec - - 997420945d9b4e42b0bfeef1a6c00f0c 997420945d9b4e42b0bfeef1a6c00f0c] 199.19.213.17 "GET /resource_providers/4bb25e82-17ef-4d29-80ec-efd59c1c5c5f/allocations" status: 200 len: 55 microversion: 1.0 [pid: 7|app: 0|req: 662/1321] 199.19.213.17 () {32 vars in 856 bytes} [Thu Jul 16 08:17:47 2026] GET /resource_providers/4bb25e82-17ef-4d29-80ec-efd59c1c5c5f/allocations => generated 55 bytes in 16 msecs (HTTP/1.1 200) 6 headers in 223 bytes (1 switches on core 0)
2026-07-16 08:17:55.235 7 INFO placement.requestlog [None req-a7ef1426-d214-4e98-b479-485772d88272 - - - - - -] 10.0.0.174 "GET /" status: 200 len: 136 microversion: 1.0
2026-07-16 08:17:55.235 8 INFO placement.requestlog [None req-c04b0632-8a91-4840-a78a-952d6d78410a - - - - - -] 10.0.0.174 "GET /" status: 200 len: 136 microversion: 1.0
2026-07-16 08:18:05.235 7 INFO placement.requestlog [None req-1f5ac77b-19c1-4010-87e3-bf87f3771f20 - - - - - -] 10.0.0.174 "GET /" status: 200 len: 136 microversion: 1.0
2026-07-16 08:18:05.237 8 INFO placement.requestlog [None req-7b0b4353-02d3-4147-a7b3-a2d62428d02e - - - - - -] 10.0.0.174 "GET /" status: 200 len: 136 microversion: 1.0
2026-07-16 08:18:15.235 7 INFO placement.requestlog [None req-a2873de0-5076-45f7-9727-e69673eeb7bb - - - - - -] 10.0.0.174 "GET /" status: 200 len: 136 microversion: 1.0
2026-07-16 08:18:15.237 8 INFO placement.requestlog [None req-5b1a6b12-e5b7-4249-8b24-bd4c508f8992 - - - - - -] 10.0.0.174 "GET /" status: 200 len: 136 microversion: 1.0
2026-07-16 08:18:25.235 7 INFO placement.requestlog [None req-2d9d706c-44b9-4a24-adcf-268bf7ea4bc4 - - - - - -] 10.0.0.174 "GET /" status: 200 len: 136 microversion: 1.0
2026-07-16 08:18:25.235 8 INFO placement.requestlog [None req-09eaffce-76ff-4e7c-a14d-17091a7210cc - - - - - -] 10.0.0.174 "GET /" status: 200 len: 136 microversion: 1.0
2026-07-16 08:18:35.235 7 INFO placement.requestlog [None req-13dcd2cd-7af3-4c50-9f9b-80905f1b49e5 - - - - - -] 10.0.0.174 "GET /" status: 200 len: 136 microversion: 1.0
2026-07-16 08:18:35.235 8 INFO placement.requestlog [None req-3e45d54f-6218-4a9d-8b89-c3a25b016536 - - - - - -] 10.0.0.174 "GET /" status: 200 len: 136 microversion: 1.0
2026-07-16 08:18:45.235 8 INFO placement.requestlog [None req-365dc182-d2a7-4aa2-9ed6-61dcf80e2690 - - - - - -] 10.0.0.174 "GET /" status: 200 len: 136 microversion: 1.0
