2026-07-16 08:12:50.932 7 INFO placement.requestlog [req-688770b6-c0e8-4cbc-b959-b92507d115cf req-f61f418a-f289-4ff8-9749-cd667152e072 96c240315e2d410fb449e61e52598ed8 9f936237f6c74b8482f4ab8fc57e45ec - - 997420945d9b4e42b0bfeef1a6c00f0c 997420945d9b4e42b0bfeef1a6c00f0c] 10.0.0.250 "GET /allocation_candidates?limit=1000&resources=DISK_GB%3A1%2CMEMORY_MB%3A512%2CVCPU%3A1&root_required=%21COMPUTE_STATUS_DISABLED" status: 200 len: 2642 microversion: 1.36 [pid: 7|app: 0|req: 562/1123] 10.0.0.250 () {34 vars in 1012 bytes} [Thu Jul 16 08:12:50 2026] GET /allocation_candidates?limit=1000&resources=DISK_GB%3A1%2CMEMORY_MB%3A512%2CVCPU%3A1&root_required=%21COMPUTE_STATUS_DISABLED => generated 2642 bytes in 56 msecs (HTTP/1.1 200) 8 headers in 297 bytes (1 switches on core 0)
2026-07-16 08:12:50.963 8 INFO placement.requestlog [req-688770b6-c0e8-4cbc-b959-b92507d115cf req-bec3478f-654d-4831-9f04-c400ba0f4d54 96c240315e2d410fb449e61e52598ed8 9f936237f6c74b8482f4ab8fc57e45ec - - 997420945d9b4e42b0bfeef1a6c00f0c 997420945d9b4e42b0bfeef1a6c00f0c] 10.0.0.250 "GET /allocations/8ba6f478-11dd-49a1-86bb-9e7879790e60" status: 200 len: 19 microversion: 1.28 [pid: 8|app: 0|req: 562/1124] 10.0.0.250 () {34 vars in 861 bytes} [Thu Jul 16 08:12:50 2026] GET /allocations/8ba6f478-11dd-49a1-86bb-9e7879790e60 => generated 19 bytes in 15 msecs (HTTP/1.1 200) 8 headers in 295 bytes (1 switches on core 0)
2026-07-16 08:12:51.024 7 INFO placement.requestlog [req-688770b6-c0e8-4cbc-b959-b92507d115cf req-ec1c1a85-279f-48d7-a501-4a1bb137d673 96c240315e2d410fb449e61e52598ed8 9f936237f6c74b8482f4ab8fc57e45ec - - 997420945d9b4e42b0bfeef1a6c00f0c 997420945d9b4e42b0bfeef1a6c00f0c] 10.0.0.250 "PUT /allocations/8ba6f478-11dd-49a1-86bb-9e7879790e60" status: 204 len: 0 microversion: 1.36 [pid: 7|app: 0|req: 563/1125] 10.0.0.250 () {38 vars in 914 bytes} [Thu Jul 16 08:12:50 2026] PUT /allocations/8ba6f478-11dd-49a1-86bb-9e7879790e60 => generated 0 bytes in 54 msecs (HTTP/1.1 204) 5 headers in 199 bytes (1 switches on core 0)
2026-07-16 08:12:52.534 8 INFO placement.requestlog [req-688770b6-c0e8-4cbc-b959-b92507d115cf req-1dff4821-2910-451a-b05c-10955974aa1d 96c240315e2d410fb449e61e52598ed8 9f936237f6c74b8482f4ab8fc57e45ec - - 997420945d9b4e42b0bfeef1a6c00f0c 997420945d9b4e42b0bfeef1a6c00f0c] 199.19.213.17 "GET /allocations/8ba6f478-11dd-49a1-86bb-9e7879790e60" status: 200 len: 258 microversion: 1.28 [pid: 8|app: 0|req: 563/1126] 199.19.213.17 () {34 vars in 862 bytes} [Thu Jul 16 08:12:52 2026] GET /allocations/8ba6f478-11dd-49a1-86bb-9e7879790e60 => generated 258 bytes in 20 msecs (HTTP/1.1 200) 8 headers in 296 bytes (1 switches on core 0)
2026-07-16 08:12:53.576 7 INFO placement.requestlog [req-688770b6-c0e8-4cbc-b959-b92507d115cf req-00362cfd-2db9-4f19-874e-48783d440b14 96c240315e2d410fb449e61e52598ed8 9f936237f6c74b8482f4ab8fc57e45ec - - 997420945d9b4e42b0bfeef1a6c00f0c 997420945d9b4e42b0bfeef1a6c00f0c] 199.19.213.17 "GET /resource_providers/4bb25e82-17ef-4d29-80ec-efd59c1c5c5f/allocations" status: 200 len: 253 microversion: 1.0 [pid: 7|app: 0|req: 564/1127] 199.19.213.17 () {32 vars in 856 bytes} [Thu Jul 16 08:12:53 2026] GET /resource_providers/4bb25e82-17ef-4d29-80ec-efd59c1c5c5f/allocations => generated 253 bytes in 18 msecs (HTTP/1.1 200) 6 headers in 224 bytes (1 switches on core 0)
2026-07-16 08:12:53.605 8 INFO placement.requestlog [req-688770b6-c0e8-4cbc-b959-b92507d115cf req-0ae2d6aa-986f-4855-91c6-4976d398675b 96c240315e2d410fb449e61e52598ed8 9f936237f6c74b8482f4ab8fc57e45ec - - 997420945d9b4e42b0bfeef1a6c00f0c 997420945d9b4e42b0bfeef1a6c00f0c] 199.19.213.17 "GET /allocations/829c0987-4508-4ed7-9e3e-13381d203dbd" status: 200 len: 258 microversion: 1.28 [pid: 8|app: 0|req: 564/1128] 199.19.213.17 () {34 vars in 862 bytes} [Thu Jul 16 08:12:53 2026] GET /allocations/829c0987-4508-4ed7-9e3e-13381d203dbd => generated 258 bytes in 21 msecs (HTTP/1.1 200) 8 headers in 296 bytes (1 switches on core 0)
2026-07-16 08:12:53.628 7 INFO placement.requestlog [req-688770b6-c0e8-4cbc-b959-b92507d115cf req-7baefc13-d4ee-4abc-9bca-71779652d8ad 96c240315e2d410fb449e61e52598ed8 9f936237f6c74b8482f4ab8fc57e45ec - - 997420945d9b4e42b0bfeef1a6c00f0c 997420945d9b4e42b0bfeef1a6c00f0c] 199.19.213.17 "GET /allocations/8ba6f478-11dd-49a1-86bb-9e7879790e60" status: 200 len: 258 microversion: 1.28 [pid: 7|app: 0|req: 565/1129] 199.19.213.17 () {34 vars in 862 bytes} [Thu Jul 16 08:12:53 2026] GET /allocations/8ba6f478-11dd-49a1-86bb-9e7879790e60 => generated 258 bytes in 16 msecs (HTTP/1.1 200) 8 headers in 296 bytes (1 switches on core 0)
2026-07-16 08:12:55.235 8 INFO placement.requestlog [None req-bd622458-7f33-4968-bf49-530595561f18 - - - - - -] 10.0.0.174 "GET /" status: 200 len: 136 microversion: 1.0
2026-07-16 08:12:55.236 7 INFO placement.requestlog [None req-da3dcc9d-3a30-44a9-a1d5-cfe0102f403d - - - - - -] 10.0.0.174 "GET /" status: 200 len: 136 microversion: 1.0
2026-07-16 08:13:05.235 8 INFO placement.requestlog [None req-e1995283-8cd0-4d57-b84a-e316f87837e6 - - - - - -] 10.0.0.174 "GET /" status: 200 len: 136 microversion: 1.0
2026-07-16 08:13:05.236 7 INFO placement.requestlog [None req-05cd41e8-b5c9-4740-b91a-06b183017644 - - - - - -] 10.0.0.174 "GET /" status: 200 len: 136 microversion: 1.0
2026-07-16 08:13:08.324 8 INFO placement.requestlog [req-dc1f9445-2a12-4670-973b-ca691f633e66 req-05efbbeb-49cc-4cc0-8025-486592ce03fc 96c240315e2d410fb449e61e52598ed8 9f936237f6c74b8482f4ab8fc57e45ec - - 997420945d9b4e42b0bfeef1a6c00f0c 997420945d9b4e42b0bfeef1a6c00f0c] 10.0.0.250 "GET /allocation_candidates?limit=1000&resources=DISK_GB%3A1%2CMEMORY_MB%3A512%2CVCPU%3A1&root_required=%21COMPUTE_STATUS_DISABLED" status: 200 len: 2643 microversion: 1.36 [pid: 8|app: 0|req: 567/1134] 10.0.0.250 () {34 vars in 1012 bytes} [Thu Jul 16 08:13:08 2026] GET /allocation_candidates?limit=1000&resources=DISK_GB%3A1%2CMEMORY_MB%3A512%2CVCPU%3A1&root_required=%21COMPUTE_STATUS_DISABLED => generated 2643 bytes in 42 msecs (HTTP/1.1 200) 8 headers in 297 bytes (1 switches on core 0)
2026-07-16 08:13:08.356 7 INFO placement.requestlog [req-dc1f9445-2a12-4670-973b-ca691f633e66 req-9a3e3cc8-ab75-49bf-a985-611b6d63dcf3 96c240315e2d410fb449e61e52598ed8 9f936237f6c74b8482f4ab8fc57e45ec - - 997420945d9b4e42b0bfeef1a6c00f0c 997420945d9b4e42b0bfeef1a6c00f0c] 10.0.0.250 "GET /allocations/7b683861-dad9-48ce-85a3-95b41c80b0a5" status: 200 len: 19 microversion: 1.28 [pid: 7|app: 0|req: 568/1135] 10.0.0.250 () {34 vars in 861 bytes} [Thu Jul 16 08:13:08 2026] GET /allocations/7b683861-dad9-48ce-85a3-95b41c80b0a5 => generated 19 bytes in 9 msecs (HTTP/1.1 200) 8 headers in 295 bytes (1 switches on core 0)
2026-07-16 08:13:08.422 8 INFO placement.requestlog [req-dc1f9445-2a12-4670-973b-ca691f633e66 req-cba449a4-490a-43cf-b567-2161586760bd 96c240315e2d410fb449e61e52598ed8 9f936237f6c74b8482f4ab8fc57e45ec - - 997420945d9b4e42b0bfeef1a6c00f0c 997420945d9b4e42b0bfeef1a6c00f0c] 10.0.0.250 "PUT /allocations/7b683861-dad9-48ce-85a3-95b41c80b0a5" status: 204 len: 0 microversion: 1.36 [pid: 8|app: 0|req: 568/1136] 10.0.0.250 () {38 vars in 914 bytes} [Thu Jul 16 08:13:08 2026] PUT /allocations/7b683861-dad9-48ce-85a3-95b41c80b0a5 => generated 0 bytes in 59 msecs (HTTP/1.1 204) 5 headers in 199 bytes (1 switches on core 0)
2026-07-16 08:13:09.937 7 INFO placement.requestlog [req-dc1f9445-2a12-4670-973b-ca691f633e66 req-0d6835fc-6538-4eab-b68d-6ac6c6ea1d7f 96c240315e2d410fb449e61e52598ed8 9f936237f6c74b8482f4ab8fc57e45ec - - 997420945d9b4e42b0bfeef1a6c00f0c 997420945d9b4e42b0bfeef1a6c00f0c] 199.19.213.17 "GET /allocations/7b683861-dad9-48ce-85a3-95b41c80b0a5" status: 200 len: 258 microversion: 1.28 [pid: 7|app: 0|req: 569/1137] 199.19.213.17 () {34 vars in 862 bytes} [Thu Jul 16 08:13:09 2026] GET /allocations/7b683861-dad9-48ce-85a3-95b41c80b0a5 => generated 258 bytes in 23 msecs (HTTP/1.1 200) 8 headers in 296 bytes (1 switches on core 0)
2026-07-16 08:13:10.976 8 INFO placement.requestlog [req-dc1f9445-2a12-4670-973b-ca691f633e66 req-40bf934f-1491-45e3-9ac0-ec2312b32751 96c240315e2d410fb449e61e52598ed8 9f936237f6c74b8482f4ab8fc57e45ec - - 997420945d9b4e42b0bfeef1a6c00f0c 997420945d9b4e42b0bfeef1a6c00f0c] 199.19.213.17 "GET /resource_providers/4bb25e82-17ef-4d29-80ec-efd59c1c5c5f/allocations" status: 200 len: 353 microversion: 1.0 [pid: 8|app: 0|req: 569/1138] 199.19.213.17 () {32 vars in 856 bytes} [Thu Jul 16 08:13:10 2026] GET /resource_providers/4bb25e82-17ef-4d29-80ec-efd59c1c5c5f/allocations => generated 353 bytes in 17 msecs (HTTP/1.1 200) 6 headers in 224 bytes (1 switches on core 0)
2026-07-16 08:13:10.998 7 INFO placement.requestlog [req-dc1f9445-2a12-4670-973b-ca691f633e66 req-26e43468-a673-436e-9eb1-4f40fe88ec2e 96c240315e2d410fb449e61e52598ed8 9f936237f6c74b8482f4ab8fc57e45ec - - 997420945d9b4e42b0bfeef1a6c00f0c 997420945d9b4e42b0bfeef1a6c00f0c] 199.19.213.17 "GET /allocations/829c0987-4508-4ed7-9e3e-13381d203dbd" status: 200 len: 258 microversion: 1.28 [pid: 7|app: 0|req: 570/1139] 199.19.213.17 () {34 vars in 862 bytes} [Thu Jul 16 08:13:10 2026] GET /allocations/829c0987-4508-4ed7-9e3e-13381d203dbd => generated 258 bytes in 16 msecs (HTTP/1.1 200) 8 headers in 296 bytes (1 switches on core 0)
2026-07-16 08:13:11.015 8 INFO placement.requestlog [req-dc1f9445-2a12-4670-973b-ca691f633e66 req-64abb027-abf4-47ea-9317-d19963bae1c4 96c240315e2d410fb449e61e52598ed8 9f936237f6c74b8482f4ab8fc57e45ec - - 997420945d9b4e42b0bfeef1a6c00f0c 997420945d9b4e42b0bfeef1a6c00f0c] 199.19.213.17 "GET /allocations/7b683861-dad9-48ce-85a3-95b41c80b0a5" status: 200 len: 258 microversion: 1.28 [pid: 8|app: 0|req: 570/1140] 199.19.213.17 () {34 vars in 862 bytes} [Thu Jul 16 08:13:11 2026] GET /allocations/7b683861-dad9-48ce-85a3-95b41c80b0a5 => generated 258 bytes in 13 msecs (HTTP/1.1 200) 8 headers in 296 bytes (1 switches on core 0)
2026-07-16 08:13:11.033 7 INFO placement.requestlog [req-dc1f9445-2a12-4670-973b-ca691f633e66 req-74693afa-e50d-47e4-b425-086c4ec6391a 96c240315e2d410fb449e61e52598ed8 9f936237f6c74b8482f4ab8fc57e45ec - - 997420945d9b4e42b0bfeef1a6c00f0c 997420945d9b4e42b0bfeef1a6c00f0c] 199.19.213.17 "GET /allocations/8ba6f478-11dd-49a1-86bb-9e7879790e60" status: 200 len: 258 microversion: 1.28 [pid: 7|app: 0|req: 571/1141] 199.19.213.17 () {34 vars in 862 bytes} [Thu Jul 16 08:13:11 2026] GET /allocations/8ba6f478-11dd-49a1-86bb-9e7879790e60 => generated 258 bytes in 12 msecs (HTTP/1.1 200) 8 headers in 296 bytes (1 switches on core 0)
2026-07-16 08:13:15.235 7 INFO placement.requestlog [None req-c868860e-fca2-4039-adac-d5924fab068c - - - - - -] 10.0.0.174 "GET /" status: 200 len: 136 microversion: 1.0
2026-07-16 08:13:15.236 8 INFO placement.requestlog [None req-c8c9b0fe-c4d0-4d7a-944c-4e534ff2893f - - - - - -] 10.0.0.174 "GET /" status: 200 len: 136 microversion: 1.0
2026-07-16 08:13:21.444 7 INFO placement.requestlog [req-0b22f518-2d4a-488d-9212-e527ab7fe7a6 req-88c36c12-cc25-4bed-a9ce-82b4f4ebe6b3 96c240315e2d410fb449e61e52598ed8 9f936237f6c74b8482f4ab8fc57e45ec - - 997420945d9b4e42b0bfeef1a6c00f0c 997420945d9b4e42b0bfeef1a6c00f0c] 199.19.213.17 "GET /resource_providers/4bb25e82-17ef-4d29-80ec-efd59c1c5c5f/allocations" status: 200 len: 353 microversion: 1.0 [pid: 7|app: 0|req: 573/1144] 199.19.213.17 () {32 vars in 856 bytes} [Thu Jul 16 08:13:21 2026] GET /resource_providers/4bb25e82-17ef-4d29-80ec-efd59c1c5c5f/allocations => generated 353 bytes in 26 msecs (HTTP/1.1 200) 6 headers in 224 bytes (1 switches on core 0)
2026-07-16 08:13:21.465 8 INFO placement.requestlog [req-0b22f518-2d4a-488d-9212-e527ab7fe7a6 req-ce58ab64-424d-416a-8dd5-76dca9702756 96c240315e2d410fb449e61e52598ed8 9f936237f6c74b8482f4ab8fc57e45ec - - 997420945d9b4e42b0bfeef1a6c00f0c 997420945d9b4e42b0bfeef1a6c00f0c] 199.19.213.17 "GET /allocations/829c0987-4508-4ed7-9e3e-13381d203dbd" status: 200 len: 258 microversion: 1.28 [pid: 8|app: 0|req: 572/1145] 199.19.213.17 () {34 vars in 862 bytes} [Thu Jul 16 08:13:21 2026] GET /allocations/829c0987-4508-4ed7-9e3e-13381d203dbd => generated 258 bytes in 15 msecs (HTTP/1.1 200) 8 headers in 296 bytes (1 switches on core 0)
2026-07-16 08:13:21.488 7 INFO placement.requestlog [req-0b22f518-2d4a-488d-9212-e527ab7fe7a6 req-363713cd-7755-40d6-936d-0c6db2fd918f 96c240315e2d410fb449e61e52598ed8 9f936237f6c74b8482f4ab8fc57e45ec - - 997420945d9b4e42b0bfeef1a6c00f0c 997420945d9b4e42b0bfeef1a6c00f0c] 199.19.213.17 "GET /allocations/7b683861-dad9-48ce-85a3-95b41c80b0a5" status: 200 len: 258 microversion: 1.28 [pid: 7|app: 0|req: 574/1146] 199.19.213.17 () {34 vars in 862 bytes} [Thu Jul 16 08:13:21 2026] GET /allocations/7b683861-dad9-48ce-85a3-95b41c80b0a5 => generated 258 bytes in 19 msecs (HTTP/1.1 200) 8 headers in 296 bytes (1 switches on core 0)
2026-07-16 08:13:21.516 8 INFO placement.requestlog [req-0b22f518-2d4a-488d-9212-e527ab7fe7a6 req-d8467f6b-d2fb-4200-af38-b8f8285ce867 96c240315e2d410fb449e61e52598ed8 9f936237f6c74b8482f4ab8fc57e45ec - - 997420945d9b4e42b0bfeef1a6c00f0c 997420945d9b4e42b0bfeef1a6c00f0c] 199.19.213.17 "GET /allocations/8ba6f478-11dd-49a1-86bb-9e7879790e60" status: 200 len: 258 microversion: 1.28 [pid: 8|app: 0|req: 573/1147] 199.19.213.17 () {34 vars in 862 bytes} [Thu Jul 16 08:13:21 2026] GET /allocations/8ba6f478-11dd-49a1-86bb-9e7879790e60 => generated 258 bytes in 22 msecs (HTTP/1.1 200) 8 headers in 296 bytes (1 switches on core 0)
2026-07-16 08:13:22.572 7 INFO placement.requestlog [req-0b22f518-2d4a-488d-9212-e527ab7fe7a6 req-a2e4db9f-16dd-4a63-bc64-eb2a85ef5135 96c240315e2d410fb449e61e52598ed8 9f936237f6c74b8482f4ab8fc57e45ec - - 997420945d9b4e42b0bfeef1a6c00f0c 997420945d9b4e42b0bfeef1a6c00f0c] 199.19.213.17 "DELETE /allocations/829c0987-4508-4ed7-9e3e-13381d203dbd" status: 204 len: 0 microversion: 1.0 [pid: 7|app: 0|req: 575/1148] 199.19.213.17 () {34 vars in 840 bytes} [Thu Jul 16 08:13:22 2026] DELETE /allocations/829c0987-4508-4ed7-9e3e-13381d203dbd => generated 0 bytes in 26 msecs (HTTP/1.1 204) 5 headers in 198 bytes (1 switches on core 0)
2026-07-16 08:13:25.235 8 INFO placement.requestlog [None req-dd39759d-62bc-4f2b-b356-ba60df30b0f7 - - - - - -] 10.0.0.174 "GET /" status: 200 len: 136 microversion: 1.0
2026-07-16 08:13:25.235 7 INFO placement.requestlog [None req-08fc3f40-0695-447d-97ea-11f80c2180b2 - - - - - -] 10.0.0.174 "GET /" status: 200 len: 136 microversion: 1.0
2026-07-16 08:13:26.127 7 INFO placement.requestlog [None req-7a89c4c5-7b0a-42f5-9bc8-2995ab592a4f a97c102740294164a2c0ba9aaf5a2a1c 9f936237f6c74b8482f4ab8fc57e45ec - - 997420945d9b4e42b0bfeef1a6c00f0c 997420945d9b4e42b0bfeef1a6c00f0c] 10.0.0.62 "GET /resource_providers/9d8ee18d-5c89-471a-aa75-18b449e1e422/aggregates" status: 404 len: 235 microversion: 1.1 [pid: 7|app: 0|req: 577/1151] 10.0.0.62 () {32 vars in 815 bytes} [Thu Jul 16 08:13:25 2026] GET /resource_providers/9d8ee18d-5c89-471a-aa75-18b449e1e422/aggregates => generated 235 bytes in 135 msecs (HTTP/1.1 404) 5 headers in 202 bytes (1 switches on core 0)
2026-07-16 08:13:26.142 8 INFO placement.requestlog [None req-733d138a-8da7-4aaa-b5d4-d002f1ae1275 a97c102740294164a2c0ba9aaf5a2a1c 9f936237f6c74b8482f4ab8fc57e45ec - - 997420945d9b4e42b0bfeef1a6c00f0c 997420945d9b4e42b0bfeef1a6c00f0c] 10.0.0.62 "GET /resource_providers/9d8ee18d-5c89-471a-aa75-18b449e1e422/aggregates" status: 404 len: 235 microversion: 1.1 [pid: 8|app: 0|req: 575/1152] 10.0.0.62 () {32 vars in 815 bytes} [Thu Jul 16 08:13:25 2026] GET /resource_providers/9d8ee18d-5c89-471a-aa75-18b449e1e422/aggregates => generated 235 bytes in 153 msecs (HTTP/1.1 404) 5 headers in 202 bytes (1 switches on core 0)
2026-07-16 08:13:26.150 7 INFO placement.requestlog [None req-0290ed23-fca3-4d87-8ba2-3219e1953f22 a97c102740294164a2c0ba9aaf5a2a1c 9f936237f6c74b8482f4ab8fc57e45ec - - 997420945d9b4e42b0bfeef1a6c00f0c 997420945d9b4e42b0bfeef1a6c00f0c] 10.0.0.62 "DELETE /resource_providers/9d8ee18d-5c89-471a-aa75-18b449e1e422" status: 404 len: 246 microversion: 1.1 [pid: 7|app: 0|req: 578/1153] 10.0.0.62 () {34 vars in 815 bytes} [Thu Jul 16 08:13:26 2026] DELETE /resource_providers/9d8ee18d-5c89-471a-aa75-18b449e1e422 => generated 246 bytes in 14 msecs (HTTP/1.1 404) 6 headers in 231 bytes (1 switches on core 0)
2026-07-16 08:13:26.160 8 INFO placement.requestlog [None req-fabae93d-455c-423a-8e82-d4db39979e3d a97c102740294164a2c0ba9aaf5a2a1c 9f936237f6c74b8482f4ab8fc57e45ec - - 997420945d9b4e42b0bfeef1a6c00f0c 997420945d9b4e42b0bfeef1a6c00f0c] 10.0.0.62 "DELETE /resource_providers/9d8ee18d-5c89-471a-aa75-18b449e1e422" status: 404 len: 246 microversion: 1.1 [pid: 8|app: 0|req: 576/1154] 10.0.0.62 () {34 vars in 815 bytes} [Thu Jul 16 08:13:26 2026] DELETE /resource_providers/9d8ee18d-5c89-471a-aa75-18b449e1e422 => generated 246 bytes in 8 msecs (HTTP/1.1 404) 6 headers in 231 bytes (1 switches on core 0)
2026-07-16 08:13:26.436 8 INFO placement.requestlog [None req-d5ba823c-3459-4741-af8b-ec6ff0124ecf a97c102740294164a2c0ba9aaf5a2a1c 9f936237f6c74b8482f4ab8fc57e45ec - - 997420945d9b4e42b0bfeef1a6c00f0c 997420945d9b4e42b0bfeef1a6c00f0c] 10.0.0.62 "GET /resource_providers/a530ba84-d4c6-41b7-aeb0-ac082d4f76c5/aggregates" status: 404 len: 235 microversion: 1.1 [pid: 8|app: 0|req: 577/1155] 10.0.0.62 () {32 vars in 815 bytes} [Thu Jul 16 08:13:26 2026] GET /resource_providers/a530ba84-d4c6-41b7-aeb0-ac082d4f76c5/aggregates => generated 235 bytes in 38 msecs (HTTP/1.1 404) 5 headers in 202 bytes (1 switches on core 0)
2026-07-16 08:13:26.441 7 INFO placement.requestlog [None req-07f665a4-4418-4464-b920-00266dca52c4 a97c102740294164a2c0ba9aaf5a2a1c 9f936237f6c74b8482f4ab8fc57e45ec - - 997420945d9b4e42b0bfeef1a6c00f0c 997420945d9b4e42b0bfeef1a6c00f0c] 10.0.0.62 "GET /resource_providers/a530ba84-d4c6-41b7-aeb0-ac082d4f76c5/aggregates" status: 404 len: 235 microversion: 1.1 [pid: 7|app: 0|req: 579/1156] 10.0.0.62 () {32 vars in 815 bytes} [Thu Jul 16 08:13:26 2026] GET /resource_providers/a530ba84-d4c6-41b7-aeb0-ac082d4f76c5/aggregates => generated 235 bytes in 47 msecs (HTTP/1.1 404) 5 headers in 202 bytes (1 switches on core 0)
2026-07-16 08:13:26.460 8 INFO placement.requestlog [None req-7aa02c30-2e73-4b97-b215-66c1cfcc1061 a97c102740294164a2c0ba9aaf5a2a1c 9f936237f6c74b8482f4ab8fc57e45ec - - 997420945d9b4e42b0bfeef1a6c00f0c 997420945d9b4e42b0bfeef1a6c00f0c] 10.0.0.62 "DELETE /resource_providers/a530ba84-d4c6-41b7-aeb0-ac082d4f76c5" status: 404 len: 246 microversion: 1.1 [pid: 8|app: 0|req: 578/1157] 10.0.0.62 () {34 vars in 815 bytes} [Thu Jul 16 08:13:26 2026] DELETE /resource_providers/a530ba84-d4c6-41b7-aeb0-ac082d4f76c5 => generated 246 bytes in 10 msecs (HTTP/1.1 404) 6 headers in 231 bytes (1 switches on core 0)
2026-07-16 08:13:26.467 7 INFO placement.requestlog [None req-7c86f1f8-03e3-41e1-8c5c-436991f9c429 a97c102740294164a2c0ba9aaf5a2a1c 9f936237f6c74b8482f4ab8fc57e45ec - - 997420945d9b4e42b0bfeef1a6c00f0c 997420945d9b4e42b0bfeef1a6c00f0c] 10.0.0.62 "DELETE /resource_providers/a530ba84-d4c6-41b7-aeb0-ac082d4f76c5" status: 404 len: 246 microversion: 1.1 [pid: 7|app: 0|req: 580/1158] 10.0.0.62 () {34 vars in 815 bytes} [Thu Jul 16 08:13:26 2026] DELETE /resource_providers/a530ba84-d4c6-41b7-aeb0-ac082d4f76c5 => generated 246 bytes in 10 msecs (HTTP/1.1 404) 6 headers in 231 bytes (1 switches on core 0)
2026-07-16 08:13:28.483 8 INFO placement.requestlog [None req-d0b13c73-2dbc-49cd-9477-df287cf851f3 a97c102740294164a2c0ba9aaf5a2a1c 9f936237f6c74b8482f4ab8fc57e45ec - - 997420945d9b4e42b0bfeef1a6c00f0c 997420945d9b4e42b0bfeef1a6c00f0c] 10.0.0.62 "GET /resource_providers/88118b06-721d-48cb-acd7-1b517552bc4e/aggregates" status: 404 len: 235 microversion: 1.1 [pid: 8|app: 0|req: 579/1159] 10.0.0.62 () {32 vars in 815 bytes} [Thu Jul 16 08:13:28 2026] GET /resource_providers/88118b06-721d-48cb-acd7-1b517552bc4e/aggregates => generated 235 bytes in 6 msecs (HTTP/1.1 404) 5 headers in 202 bytes (1 switches on core 0)
2026-07-16 08:13:28.489 7 INFO placement.requestlog [None req-196e5848-9379-4969-af7b-02631963b39e a97c102740294164a2c0ba9aaf5a2a1c 9f936237f6c74b8482f4ab8fc57e45ec - - 997420945d9b4e42b0bfeef1a6c00f0c 997420945d9b4e42b0bfeef1a6c00f0c] 10.0.0.62 "GET /resource_providers/88118b06-721d-48cb-acd7-1b517552bc4e/aggregates" status: 404 len: 235 microversion: 1.1 [pid: 7|app: 0|req: 581/1160] 10.0.0.62 () {32 vars in 815 bytes} [Thu Jul 16 08:13:28 2026] GET /resource_providers/88118b06-721d-48cb-acd7-1b517552bc4e/aggregates => generated 235 bytes in 11 msecs (HTTP/1.1 404) 5 headers in 202 bytes (1 switches on core 0)
2026-07-16 08:13:28.499 8 INFO placement.requestlog [None req-1fc9c7fd-2857-443d-b3f7-05342d5e720b a97c102740294164a2c0ba9aaf5a2a1c 9f936237f6c74b8482f4ab8fc57e45ec - - 997420945d9b4e42b0bfeef1a6c00f0c 997420945d9b4e42b0bfeef1a6c00f0c] 10.0.0.62 "DELETE /resource_providers/88118b06-721d-48cb-acd7-1b517552bc4e" status: 404 len: 246 microversion: 1.1 [pid: 8|app: 0|req: 580/1161] 10.0.0.62 () {34 vars in 815 bytes} [Thu Jul 16 08:13:28 2026] DELETE /resource_providers/88118b06-721d-48cb-acd7-1b517552bc4e => generated 246 bytes in 5 msecs (HTTP/1.1 404) 6 headers in 231 bytes (1 switches on core 0)
2026-07-16 08:13:28.502 7 INFO placement.requestlog [None req-fe4f72df-a0a3-4b10-ad32-300a6c2d6e4f a97c102740294164a2c0ba9aaf5a2a1c 9f936237f6c74b8482f4ab8fc57e45ec - - 997420945d9b4e42b0bfeef1a6c00f0c 997420945d9b4e42b0bfeef1a6c00f0c] 10.0.0.62 "DELETE /resource_providers/88118b06-721d-48cb-acd7-1b517552bc4e" status: 404 len: 246 microversion: 1.1 [pid: 7|app: 0|req: 582/1162] 10.0.0.62 () {34 vars in 815 bytes} [Thu Jul 16 08:13:28 2026] DELETE /resource_providers/88118b06-721d-48cb-acd7-1b517552bc4e => generated 246 bytes in 6 msecs (HTTP/1.1 404) 6 headers in 231 bytes (1 switches on core 0)
2026-07-16 08:13:30.518 8 INFO placement.requestlog [None req-70cada70-94af-4acf-8200-dcaf201f702b a97c102740294164a2c0ba9aaf5a2a1c 9f936237f6c74b8482f4ab8fc57e45ec - - 997420945d9b4e42b0bfeef1a6c00f0c 997420945d9b4e42b0bfeef1a6c00f0c] 10.0.0.62 "GET /resource_providers/deb4c1b7-01bd-4cbb-8a44-c1864f4a7eb6/aggregates" status: 404 len: 235 microversion: 1.1 [pid: 8|app: 0|req: 581/1163] 10.0.0.62 () {32 vars in 815 bytes} [Thu Jul 16 08:13:30 2026] GET /resource_providers/deb4c1b7-01bd-4cbb-8a44-c1864f4a7eb6/aggregates => generated 235 bytes in 9 msecs (HTTP/1.1 404) 5 headers in 202 bytes (1 switches on core 0)
2026-07-16 08:13:30.522 7 INFO placement.requestlog [None req-40609ad1-bb5f-4afd-badb-6b7fdcd3c789 a97c102740294164a2c0ba9aaf5a2a1c 9f936237f6c74b8482f4ab8fc57e45ec - - 997420945d9b4e42b0bfeef1a6c00f0c 997420945d9b4e42b0bfeef1a6c00f0c] 10.0.0.62 "GET /resource_providers/deb4c1b7-01bd-4cbb-8a44-c1864f4a7eb6/aggregates" status: 404 len: 235 microversion: 1.1 [pid: 7|app: 0|req: 583/1164] 10.0.0.62 () {32 vars in 815 bytes} [Thu Jul 16 08:13:30 2026] GET /resource_providers/deb4c1b7-01bd-4cbb-8a44-c1864f4a7eb6/aggregates => generated 235 bytes in 11 msecs (HTTP/1.1 404) 5 headers in 202 bytes (1 switches on core 0)
2026-07-16 08:13:30.531 8 INFO placement.requestlog [None req-acab486c-d3e3-459b-86b3-38319d1dbe4f a97c102740294164a2c0ba9aaf5a2a1c 9f936237f6c74b8482f4ab8fc57e45ec - - 997420945d9b4e42b0bfeef1a6c00f0c 997420945d9b4e42b0bfeef1a6c00f0c] 10.0.0.62 "DELETE /resource_providers/deb4c1b7-01bd-4cbb-8a44-c1864f4a7eb6" status: 404 len: 246 microversion: 1.1 [pid: 8|app: 0|req: 582/1165] 10.0.0.62 () {34 vars in 815 bytes} [Thu Jul 16 08:13:30 2026] DELETE /resource_providers/deb4c1b7-01bd-4cbb-8a44-c1864f4a7eb6 => generated 246 bytes in 7 msecs (HTTP/1.1 404) 6 headers in 231 bytes (1 switches on core 0)
2026-07-16 08:13:30.540 7 INFO placement.requestlog [None req-63b912ff-1f5d-415a-b03b-7c67cdf898db a97c102740294164a2c0ba9aaf5a2a1c 9f936237f6c74b8482f4ab8fc57e45ec - - 997420945d9b4e42b0bfeef1a6c00f0c 997420945d9b4e42b0bfeef1a6c00f0c] 10.0.0.62 "DELETE /resource_providers/deb4c1b7-01bd-4cbb-8a44-c1864f4a7eb6" status: 404 len: 246 microversion: 1.1 [pid: 7|app: 0|req: 584/1166] 10.0.0.62 () {34 vars in 815 bytes} [Thu Jul 16 08:13:30 2026] DELETE /resource_providers/deb4c1b7-01bd-4cbb-8a44-c1864f4a7eb6 => generated 246 bytes in 9 msecs (HTTP/1.1 404) 6 headers in 231 bytes (1 switches on core 0)
2026-07-16 08:13:35.237 7 INFO placement.requestlog [None req-e2f4aef2-0921-487a-a9a3-7ed0be3755b4 - - - - - -] 10.0.0.174 "GET /" status: 200 len: 136 microversion: 1.0
2026-07-16 08:13:35.241 8 INFO placement.requestlog [None req-4f93a5d3-998c-4ebb-b76f-cd293ad7ca97 - - - - - -] 10.0.0.174 "GET /" status: 200 len: 136 microversion: 1.0
2026-07-16 08:13:35.630 8 INFO placement.requestlog [None req-47674031-4661-4f0a-bea9-a6b02615a02a a97c102740294164a2c0ba9aaf5a2a1c 9f936237f6c74b8482f4ab8fc57e45ec - - 997420945d9b4e42b0bfeef1a6c00f0c 997420945d9b4e42b0bfeef1a6c00f0c] 10.0.0.62 "GET /resource_providers/9db7de01-0a56-460d-873e-8b159fffd5ce/aggregates" status: 404 len: 235 microversion: 1.1 [pid: 8|app: 0|req: 584/1169] 10.0.0.62 () {32 vars in 815 bytes} [Thu Jul 16 08:13:35 2026] GET /resource_providers/9db7de01-0a56-460d-873e-8b159fffd5ce/aggregates => generated 235 bytes in 9 msecs (HTTP/1.1 404) 5 headers in 202 bytes (1 switches on core 0)
2026-07-16 08:13:35.631 7 INFO placement.requestlog [None req-7aa8c023-3672-44ad-9335-2daf18359843 a97c102740294164a2c0ba9aaf5a2a1c 9f936237f6c74b8482f4ab8fc57e45ec - - 997420945d9b4e42b0bfeef1a6c00f0c 997420945d9b4e42b0bfeef1a6c00f0c] 10.0.0.62 "GET /resource_providers/9db7de01-0a56-460d-873e-8b159fffd5ce/aggregates" status: 404 len: 235 microversion: 1.1 [pid: 7|app: 0|req: 586/1170] 10.0.0.62 () {32 vars in 815 bytes} [Thu Jul 16 08:13:35 2026] GET /resource_providers/9db7de01-0a56-460d-873e-8b159fffd5ce/aggregates => generated 235 bytes in 11 msecs (HTTP/1.1 404) 5 headers in 202 bytes (1 switches on core 0)
2026-07-16 08:13:35.650 8 INFO placement.requestlog [None req-5b41aeed-c96e-4ef4-b323-62fb63672bab a97c102740294164a2c0ba9aaf5a2a1c 9f936237f6c74b8482f4ab8fc57e45ec - - 997420945d9b4e42b0bfeef1a6c00f0c 997420945d9b4e42b0bfeef1a6c00f0c] 10.0.0.62 "DELETE /resource_providers/9db7de01-0a56-460d-873e-8b159fffd5ce" status: 404 len: 246 microversion: 1.1 [pid: 8|app: 0|req: 585/1171] 10.0.0.62 () {34 vars in 815 bytes} [Thu Jul 16 08:13:35 2026] DELETE /resource_providers/9db7de01-0a56-460d-873e-8b159fffd5ce => generated 246 bytes in 10 msecs (HTTP/1.1 404) 6 headers in 231 bytes (1 switches on core 0)
2026-07-16 08:13:35.656 7 INFO placement.requestlog [None req-022b19dc-6741-4b60-9f4b-6e2a92253e82 a97c102740294164a2c0ba9aaf5a2a1c 9f936237f6c74b8482f4ab8fc57e45ec - - 997420945d9b4e42b0bfeef1a6c00f0c 997420945d9b4e42b0bfeef1a6c00f0c] 10.0.0.62 "DELETE /resource_providers/9db7de01-0a56-460d-873e-8b159fffd5ce" status: 404 len: 246 microversion: 1.1 [pid: 7|app: 0|req: 587/1172] 10.0.0.62 () {34 vars in 815 bytes} [Thu Jul 16 08:13:35 2026] DELETE /resource_providers/9db7de01-0a56-460d-873e-8b159fffd5ce => generated 246 bytes in 10 msecs (HTTP/1.1 404) 6 headers in 231 bytes (1 switches on core 0)
2026-07-16 08:13:35.787 8 INFO placement.requestlog [None req-643ef043-b297-4f8c-b566-b761906b3510 a97c102740294164a2c0ba9aaf5a2a1c 9f936237f6c74b8482f4ab8fc57e45ec - - 997420945d9b4e42b0bfeef1a6c00f0c 997420945d9b4e42b0bfeef1a6c00f0c] 10.0.0.62 "GET /resource_providers/844ac75e-e841-4883-b305-d76cb2afa54a/aggregates" status: 404 len: 235 microversion: 1.1 [pid: 8|app: 0|req: 586/1173] 10.0.0.62 () {32 vars in 815 bytes} [Thu Jul 16 08:13:35 2026] GET /resource_providers/844ac75e-e841-4883-b305-d76cb2afa54a/aggregates => generated 235 bytes in 7 msecs (HTTP/1.1 404) 5 headers in 202 bytes (1 switches on core 0)
2026-07-16 08:13:35.795 7 INFO placement.requestlog [None req-acfc18dc-7329-4e7b-a2ea-661c6cc409ac a97c102740294164a2c0ba9aaf5a2a1c 9f936237f6c74b8482f4ab8fc57e45ec - - 997420945d9b4e42b0bfeef1a6c00f0c 997420945d9b4e42b0bfeef1a6c00f0c] 10.0.0.62 "GET /resource_providers/844ac75e-e841-4883-b305-d76cb2afa54a/aggregates" status: 404 len: 235 microversion: 1.1 [pid: 7|app: 0|req: 588/1174] 10.0.0.62 () {32 vars in 815 bytes} [Thu Jul 16 08:13:35 2026] GET /resource_providers/844ac75e-e841-4883-b305-d76cb2afa54a/aggregates => generated 235 bytes in 11 msecs (HTTP/1.1 404) 5 headers in 202 bytes (1 switches on core 0)
2026-07-16 08:13:35.813 8 INFO placement.requestlog [None req-2700b133-1805-441d-9369-752337466e6d a97c102740294164a2c0ba9aaf5a2a1c 9f936237f6c74b8482f4ab8fc57e45ec - - 997420945d9b4e42b0bfeef1a6c00f0c 997420945d9b4e42b0bfeef1a6c00f0c] 10.0.0.62 "DELETE /resource_providers/844ac75e-e841-4883-b305-d76cb2afa54a" status: 404 len: 246 microversion: 1.1 [pid: 8|app: 0|req: 587/1175] 10.0.0.62 () {34 vars in 815 bytes} [Thu Jul 16 08:13:35 2026] DELETE /resource_providers/844ac75e-e841-4883-b305-d76cb2afa54a => generated 246 bytes in 10 msecs (HTTP/1.1 404) 6 headers in 231 bytes (1 switches on core 0)
2026-07-16 08:13:35.815 7 INFO placement.requestlog [None req-768bb65f-57a1-4f52-ad74-43695ae88b7f a97c102740294164a2c0ba9aaf5a2a1c 9f936237f6c74b8482f4ab8fc57e45ec - - 997420945d9b4e42b0bfeef1a6c00f0c 997420945d9b4e42b0bfeef1a6c00f0c] 10.0.0.62 "DELETE /resource_providers/844ac75e-e841-4883-b305-d76cb2afa54a" status: 404 len: 246 microversion: 1.1 [pid: 7|app: 0|req: 589/1176] 10.0.0.62 () {34 vars in 815 bytes} [Thu Jul 16 08:13:35 2026] DELETE /resource_providers/844ac75e-e841-4883-b305-d76cb2afa54a => generated 246 bytes in 10 msecs (HTTP/1.1 404) 6 headers in 231 bytes (1 switches on core 0)
2026-07-16 08:13:37.680 8 INFO placement.requestlog [None req-3986dc7b-f603-4d78-83e4-43f6e2e70468 a97c102740294164a2c0ba9aaf5a2a1c 9f936237f6c74b8482f4ab8fc57e45ec - - 997420945d9b4e42b0bfeef1a6c00f0c 997420945d9b4e42b0bfeef1a6c00f0c] 10.0.0.62 "GET /resource_providers/93821c28-2652-4fab-87c1-61090bd39671/aggregates" status: 404 len: 235 microversion: 1.1 [pid: 8|app: 0|req: 588/1177] 10.0.0.62 () {32 vars in 815 bytes} [Thu Jul 16 08:13:37 2026] GET /resource_providers/93821c28-2652-4fab-87c1-61090bd39671/aggregates => generated 235 bytes in 14 msecs (HTTP/1.1 404) 5 headers in 202 bytes (1 switches on core 0)
2026-07-16 08:13:37.684 7 INFO placement.requestlog [None req-55cbc308-598e-4c91-ae97-31f761fde6ab a97c102740294164a2c0ba9aaf5a2a1c 9f936237f6c74b8482f4ab8fc57e45ec - - 997420945d9b4e42b0bfeef1a6c00f0c 997420945d9b4e42b0bfeef1a6c00f0c] 10.0.0.62 "GET /resource_providers/93821c28-2652-4fab-87c1-61090bd39671/aggregates" status: 404 len: 235 microversion: 1.1 [pid: 7|app: 0|req: 590/1178] 10.0.0.62 () {32 vars in 815 bytes} [Thu Jul 16 08:13:37 2026] GET /resource_providers/93821c28-2652-4fab-87c1-61090bd39671/aggregates => generated 235 bytes in 13 msecs (HTTP/1.1 404) 5 headers in 202 bytes (1 switches on core 0)
2026-07-16 08:13:37.701 8 INFO placement.requestlog [None req-d0b19397-1879-4871-aeda-dd8ca8153991 a97c102740294164a2c0ba9aaf5a2a1c 9f936237f6c74b8482f4ab8fc57e45ec - - 997420945d9b4e42b0bfeef1a6c00f0c 997420945d9b4e42b0bfeef1a6c00f0c] 10.0.0.62 "DELETE /resource_providers/93821c28-2652-4fab-87c1-61090bd39671" status: 404 len: 246 microversion: 1.1 [pid: 8|app: 0|req: 589/1179] 10.0.0.62 () {34 vars in 815 bytes} [Thu Jul 16 08:13:37 2026] DELETE /resource_providers/93821c28-2652-4fab-87c1-61090bd39671 => generated 246 bytes in 6 msecs (HTTP/1.1 404) 6 headers in 231 bytes (1 switches on core 0)
2026-07-16 08:13:37.706 7 INFO placement.requestlog [None req-b1b072fb-9d36-4556-b9fa-91a81f011e37 a97c102740294164a2c0ba9aaf5a2a1c 9f936237f6c74b8482f4ab8fc57e45ec - - 997420945d9b4e42b0bfeef1a6c00f0c 997420945d9b4e42b0bfeef1a6c00f0c] 10.0.0.62 "DELETE /resource_providers/93821c28-2652-4fab-87c1-61090bd39671" status: 404 len: 246 microversion: 1.1 [pid: 7|app: 0|req: 591/1180] 10.0.0.62 () {34 vars in 815 bytes} [Thu Jul 16 08:13:37 2026] DELETE /resource_providers/93821c28-2652-4fab-87c1-61090bd39671 => generated 246 bytes in 8 msecs (HTTP/1.1 404) 6 headers in 231 bytes (1 switches on core 0)
2026-07-16 08:13:37.727 8 INFO placement.requestlog [None req-24a36933-b1e5-4939-90be-b78eeea591ea a97c102740294164a2c0ba9aaf5a2a1c 9f936237f6c74b8482f4ab8fc57e45ec - - 997420945d9b4e42b0bfeef1a6c00f0c 997420945d9b4e42b0bfeef1a6c00f0c] 10.0.0.62 "GET /resource_providers/8b2f81e8-8135-44e7-8437-3b07ed4fa875/aggregates" status: 404 len: 235 microversion: 1.1 [pid: 8|app: 0|req: 590/1181] 10.0.0.62 () {32 vars in 815 bytes} [Thu Jul 16 08:13:37 2026] GET /resource_providers/8b2f81e8-8135-44e7-8437-3b07ed4fa875/aggregates => generated 235 bytes in 9 msecs (HTTP/1.1 404) 5 headers in 202 bytes (1 switches on core 0)
2026-07-16 08:13:37.728 7 INFO placement.requestlog [None req-16fc78c6-9f6b-432e-994e-66b76f51b53c a97c102740294164a2c0ba9aaf5a2a1c 9f936237f6c74b8482f4ab8fc57e45ec - - 997420945d9b4e42b0bfeef1a6c00f0c 997420945d9b4e42b0bfeef1a6c00f0c] 10.0.0.62 "GET /resource_providers/8b2f81e8-8135-44e7-8437-3b07ed4fa875/aggregates" status: 404 len: 235 microversion: 1.1 [pid: 7|app: 0|req: 592/1182] 10.0.0.62 () {32 vars in 815 bytes} [Thu Jul 16 08:13:37 2026] GET /resource_providers/8b2f81e8-8135-44e7-8437-3b07ed4fa875/aggregates => generated 235 bytes in 10 msecs (HTTP/1.1 404) 5 headers in 202 bytes (1 switches on core 0)
2026-07-16 08:13:37.750 8 INFO placement.requestlog [None req-3c1fbdf5-89db-4db7-bf14-c34307fb7f4f a97c102740294164a2c0ba9aaf5a2a1c 9f936237f6c74b8482f4ab8fc57e45ec - - 997420945d9b4e42b0bfeef1a6c00f0c 997420945d9b4e42b0bfeef1a6c00f0c] 10.0.0.62 "DELETE /resource_providers/8b2f81e8-8135-44e7-8437-3b07ed4fa875" status: 404 len: 246 microversion: 1.1 [pid: 8|app: 0|req: 591/1183] 10.0.0.62 () {34 vars in 815 bytes} [Thu Jul 16 08:13:37 2026] DELETE /resource_providers/8b2f81e8-8135-44e7-8437-3b07ed4fa875 => generated 246 bytes in 10 msecs (HTTP/1.1 404) 6 headers in 231 bytes (1 switches on core 0)
2026-07-16 08:13:37.755 7 INFO placement.requestlog [None req-a663dec8-a1a2-4a86-86c2-390fe92fe90d a97c102740294164a2c0ba9aaf5a2a1c 9f936237f6c74b8482f4ab8fc57e45ec - - 997420945d9b4e42b0bfeef1a6c00f0c 997420945d9b4e42b0bfeef1a6c00f0c] 10.0.0.62 "DELETE /resource_providers/8b2f81e8-8135-44e7-8437-3b07ed4fa875" status: 404 len: 246 microversion: 1.1 [pid: 7|app: 0|req: 593/1184] 10.0.0.62 () {34 vars in 815 bytes} [Thu Jul 16 08:13:37 2026] DELETE /resource_providers/8b2f81e8-8135-44e7-8437-3b07ed4fa875 => generated 246 bytes in 15 msecs (HTTP/1.1 404) 6 headers in 231 bytes (1 switches on core 0)
2026-07-16 08:13:37.832 8 INFO placement.requestlog [None req-70499b43-ac0b-4792-922e-1111f3c9758e a97c102740294164a2c0ba9aaf5a2a1c 9f936237f6c74b8482f4ab8fc57e45ec - - 997420945d9b4e42b0bfeef1a6c00f0c 997420945d9b4e42b0bfeef1a6c00f0c] 10.0.0.62 "GET /resource_providers/154c0380-b7dd-4fbb-9749-1aaa5f1df22c/aggregates" status: 404 len: 235 microversion: 1.1 [pid: 8|app: 0|req: 592/1185] 10.0.0.62 () {32 vars in 815 bytes} [Thu Jul 16 08:13:37 2026] GET /resource_providers/154c0380-b7dd-4fbb-9749-1aaa5f1df22c/aggregates => generated 235 bytes in 9 msecs (HTTP/1.1 404) 5 headers in 202 bytes (1 switches on core 0)
2026-07-16 08:13:37.837 7 INFO placement.requestlog [None req-079a66d3-c45d-40e7-a5ff-68676d379851 a97c102740294164a2c0ba9aaf5a2a1c 9f936237f6c74b8482f4ab8fc57e45ec - - 997420945d9b4e42b0bfeef1a6c00f0c 997420945d9b4e42b0bfeef1a6c00f0c] 10.0.0.62 "GET /resource_providers/154c0380-b7dd-4fbb-9749-1aaa5f1df22c/aggregates" status: 404 len: 235 microversion: 1.1 [pid: 7|app: 0|req: 594/1186] 10.0.0.62 () {32 vars in 815 bytes} [Thu Jul 16 08:13:37 2026] GET /resource_providers/154c0380-b7dd-4fbb-9749-1aaa5f1df22c/aggregates => generated 235 bytes in 12 msecs (HTTP/1.1 404) 5 headers in 202 bytes (1 switches on core 0)
2026-07-16 08:13:37.853 8 INFO placement.requestlog [None req-42540c0f-6bc5-427f-90d7-f5c617565516 a97c102740294164a2c0ba9aaf5a2a1c 9f936237f6c74b8482f4ab8fc57e45ec - - 997420945d9b4e42b0bfeef1a6c00f0c 997420945d9b4e42b0bfeef1a6c00f0c] 10.0.0.62 "DELETE /resource_providers/154c0380-b7dd-4fbb-9749-1aaa5f1df22c" status: 404 len: 246 microversion: 1.1 [pid: 8|app: 0|req: 593/1187] 10.0.0.62 () {34 vars in 815 bytes} [Thu Jul 16 08:13:37 2026] DELETE /resource_providers/154c0380-b7dd-4fbb-9749-1aaa5f1df22c => generated 246 bytes in 11 msecs (HTTP/1.1 404) 6 headers in 231 bytes (1 switches on core 0)
2026-07-16 08:13:37.858 7 INFO placement.requestlog [None req-e48ed3dd-9409-4279-aeec-dfcf07315364 a97c102740294164a2c0ba9aaf5a2a1c 9f936237f6c74b8482f4ab8fc57e45ec - - 997420945d9b4e42b0bfeef1a6c00f0c 997420945d9b4e42b0bfeef1a6c00f0c] 10.0.0.62 "DELETE /resource_providers/154c0380-b7dd-4fbb-9749-1aaa5f1df22c" status: 404 len: 246 microversion: 1.1 [pid: 7|app: 0|req: 595/1188] 10.0.0.62 () {34 vars in 815 bytes} [Thu Jul 16 08:13:37 2026] DELETE /resource_providers/154c0380-b7dd-4fbb-9749-1aaa5f1df22c => generated 246 bytes in 14 msecs (HTTP/1.1 404) 6 headers in 231 bytes (1 switches on core 0)
2026-07-16 08:13:45.235 8 INFO placement.requestlog [None req-fc611202-c495-4703-befa-f838ad55cf7b - - - - - -] 10.0.0.174 "GET /" status: 200 len: 136 microversion: 1.0
2026-07-16 08:13:45.236 7 INFO placement.requestlog [None req-1a5165c9-f988-4923-becc-f3c6c05729e9 - - - - - -] 10.0.0.174 "GET /" status: 200 len: 136 microversion: 1.0
2026-07-16 08:13:46.330 8 INFO placement.requestlog [None req-75ee1e73-c895-42fe-8c92-d3f3710acb12 a97c102740294164a2c0ba9aaf5a2a1c 9f936237f6c74b8482f4ab8fc57e45ec - - 997420945d9b4e42b0bfeef1a6c00f0c 997420945d9b4e42b0bfeef1a6c00f0c] 10.0.0.62 "GET /resource_providers/a2fbc883-a608-4a6f-ac1b-f937dc7f7129/aggregates" status: 404 len: 235 microversion: 1.1 [pid: 8|app: 0|req: 595/1191] 10.0.0.62 () {32 vars in 815 bytes} [Thu Jul 16 08:13:46 2026] GET /resource_providers/a2fbc883-a608-4a6f-ac1b-f937dc7f7129/aggregates => generated 235 bytes in 10 msecs (HTTP/1.1 404) 5 headers in 202 bytes (1 switches on core 0)
2026-07-16 08:13:46.338 7 INFO placement.requestlog [None req-86bd9655-3cfd-4820-836f-8666507273e8 a97c102740294164a2c0ba9aaf5a2a1c 9f936237f6c74b8482f4ab8fc57e45ec - - 997420945d9b4e42b0bfeef1a6c00f0c 997420945d9b4e42b0bfeef1a6c00f0c] 10.0.0.62 "GET /resource_providers/a2fbc883-a608-4a6f-ac1b-f937dc7f7129/aggregates" status: 404 len: 235 microversion: 1.1 [pid: 7|app: 0|req: 597/1192] 10.0.0.62 () {32 vars in 815 bytes} [Thu Jul 16 08:13:46 2026] GET /resource_providers/a2fbc883-a608-4a6f-ac1b-f937dc7f7129/aggregates => generated 235 bytes in 18 msecs (HTTP/1.1 404) 5 headers in 202 bytes (1 switches on core 0)
2026-07-16 08:13:46.351 8 INFO placement.requestlog [None req-34ffaa26-6851-4f2d-aa60-61e1fd5f8d92 a97c102740294164a2c0ba9aaf5a2a1c 9f936237f6c74b8482f4ab8fc57e45ec - - 997420945d9b4e42b0bfeef1a6c00f0c 997420945d9b4e42b0bfeef1a6c00f0c] 10.0.0.62 "DELETE /resource_providers/a2fbc883-a608-4a6f-ac1b-f937dc7f7129" status: 404 len: 246 microversion: 1.1 [pid: 8|app: 0|req: 596/1193] 10.0.0.62 () {34 vars in 815 bytes} [Thu Jul 16 08:13:46 2026] DELETE /resource_providers/a2fbc883-a608-4a6f-ac1b-f937dc7f7129 => generated 246 bytes in 8 msecs (HTTP/1.1 404) 6 headers in 231 bytes (1 switches on core 0)
2026-07-16 08:13:46.358 7 INFO placement.requestlog [None req-09e52136-74eb-453b-93d0-39a39fb8a477 a97c102740294164a2c0ba9aaf5a2a1c 9f936237f6c74b8482f4ab8fc57e45ec - - 997420945d9b4e42b0bfeef1a6c00f0c 997420945d9b4e42b0bfeef1a6c00f0c] 10.0.0.62 "DELETE /resource_providers/a2fbc883-a608-4a6f-ac1b-f937dc7f7129" status: 404 len: 246 microversion: 1.1 [pid: 7|app: 0|req: 598/1194] 10.0.0.62 () {34 vars in 815 bytes} [Thu Jul 16 08:13:46 2026] DELETE /resource_providers/a2fbc883-a608-4a6f-ac1b-f937dc7f7129 => generated 246 bytes in 11 msecs (HTTP/1.1 404) 6 headers in 231 bytes (1 switches on core 0)
2026-07-16 08:13:46.491 8 INFO placement.requestlog [None req-fb175aba-bdfd-42c8-a639-cbd6776fc659 a97c102740294164a2c0ba9aaf5a2a1c 9f936237f6c74b8482f4ab8fc57e45ec - - 997420945d9b4e42b0bfeef1a6c00f0c 997420945d9b4e42b0bfeef1a6c00f0c] 10.0.0.62 "GET /resource_providers/ab1ff4e2-8be8-4771-b34e-34218d80c942/aggregates" status: 404 len: 235 microversion: 1.1 [pid: 8|app: 0|req: 597/1195] 10.0.0.62 () {32 vars in 815 bytes} [Thu Jul 16 08:13:46 2026] GET /resource_providers/ab1ff4e2-8be8-4771-b34e-34218d80c942/aggregates => generated 235 bytes in 8 msecs (HTTP/1.1 404) 5 headers in 202 bytes (1 switches on core 0)
2026-07-16 08:13:46.503 7 INFO placement.requestlog [None req-496fd33f-8f29-422a-94c2-8689b519001d a97c102740294164a2c0ba9aaf5a2a1c 9f936237f6c74b8482f4ab8fc57e45ec - - 997420945d9b4e42b0bfeef1a6c00f0c 997420945d9b4e42b0bfeef1a6c00f0c] 10.0.0.62 "GET /resource_providers/ab1ff4e2-8be8-4771-b34e-34218d80c942/aggregates" status: 404 len: 235 microversion: 1.1 [pid: 7|app: 0|req: 599/1196] 10.0.0.62 () {32 vars in 815 bytes} [Thu Jul 16 08:13:46 2026] GET /resource_providers/ab1ff4e2-8be8-4771-b34e-34218d80c942/aggregates => generated 235 bytes in 14 msecs (HTTP/1.1 404) 5 headers in 202 bytes (1 switches on core 0)
2026-07-16 08:13:46.520 8 INFO placement.requestlog [None req-1f5348fd-b697-4258-827a-8ba30072ae6c a97c102740294164a2c0ba9aaf5a2a1c 9f936237f6c74b8482f4ab8fc57e45ec - - 997420945d9b4e42b0bfeef1a6c00f0c 997420945d9b4e42b0bfeef1a6c00f0c] 10.0.0.62 "DELETE /resource_providers/ab1ff4e2-8be8-4771-b34e-34218d80c942" status: 404 len: 246 microversion: 1.1 [pid: 8|app: 0|req: 598/1197] 10.0.0.62 () {34 vars in 815 bytes} [Thu Jul 16 08:13:46 2026] DELETE /resource_providers/ab1ff4e2-8be8-4771-b34e-34218d80c942 => generated 246 bytes in 10 msecs (HTTP/1.1 404) 6 headers in 231 bytes (1 switches on core 0)
2026-07-16 08:13:46.523 7 INFO placement.requestlog [None req-b0b01490-cb29-44b8-94d3-697013908812 a97c102740294164a2c0ba9aaf5a2a1c 9f936237f6c74b8482f4ab8fc57e45ec - - 997420945d9b4e42b0bfeef1a6c00f0c 997420945d9b4e42b0bfeef1a6c00f0c] 10.0.0.62 "DELETE /resource_providers/ab1ff4e2-8be8-4771-b34e-34218d80c942" status: 404 len: 246 microversion: 1.1 [pid: 7|app: 0|req: 600/1198] 10.0.0.62 () {34 vars in 815 bytes} [Thu Jul 16 08:13:46 2026] DELETE /resource_providers/ab1ff4e2-8be8-4771-b34e-34218d80c942 => generated 246 bytes in 11 msecs (HTTP/1.1 404) 6 headers in 231 bytes (1 switches on core 0)
2026-07-16 08:13:46.995 8 INFO placement.requestlog [req-90643124-8c17-4822-ae69-fc6cc34ed8e3 req-e8c1b6cc-3261-4422-9794-89d84c2b9349 96c240315e2d410fb449e61e52598ed8 9f936237f6c74b8482f4ab8fc57e45ec - - 997420945d9b4e42b0bfeef1a6c00f0c 997420945d9b4e42b0bfeef1a6c00f0c] 199.19.213.17 "GET /resource_providers/4bb25e82-17ef-4d29-80ec-efd59c1c5c5f/allocations" status: 200 len: 253 microversion: 1.0 [pid: 8|app: 0|req: 599/1199] 199.19.213.17 () {32 vars in 856 bytes} [Thu Jul 16 08:13:46 2026] GET /resource_providers/4bb25e82-17ef-4d29-80ec-efd59c1c5c5f/allocations => generated 253 bytes in 16 msecs (HTTP/1.1 200) 6 headers in 224 bytes (1 switches on core 0)
2026-07-16 08:13:47.019 7 INFO placement.requestlog [req-90643124-8c17-4822-ae69-fc6cc34ed8e3 req-70468db4-0d89-4d6a-baf3-98bb27bcd7fd 96c240315e2d410fb449e61e52598ed8 9f936237f6c74b8482f4ab8fc57e45ec - - 997420945d9b4e42b0bfeef1a6c00f0c 997420945d9b4e42b0bfeef1a6c00f0c] 199.19.213.17 "GET /resource_providers/4bb25e82-17ef-4d29-80ec-efd59c1c5c5f/allocations" status: 200 len: 253 microversion: 1.0 [pid: 7|app: 0|req: 601/1200] 199.19.213.17 () {32 vars in 856 bytes} [Thu Jul 16 08:13:47 2026] GET /resource_providers/4bb25e82-17ef-4d29-80ec-efd59c1c5c5f/allocations => generated 253 bytes in 15 msecs (HTTP/1.1 200) 6 headers in 224 bytes (1 switches on core 0)
2026-07-16 08:13:47.043 8 INFO placement.requestlog [req-90643124-8c17-4822-ae69-fc6cc34ed8e3 req-50eedd71-c488-4a73-8031-46b45d23696b 96c240315e2d410fb449e61e52598ed8 9f936237f6c74b8482f4ab8fc57e45ec - - 997420945d9b4e42b0bfeef1a6c00f0c 997420945d9b4e42b0bfeef1a6c00f0c] 199.19.213.17 "GET /allocations/7b683861-dad9-48ce-85a3-95b41c80b0a5" status: 200 len: 258 microversion: 1.28 [pid: 8|app: 0|req: 600/1201] 199.19.213.17 () {34 vars in 862 bytes} [Thu Jul 16 08:13:47 2026] GET /allocations/7b683861-dad9-48ce-85a3-95b41c80b0a5 => generated 258 bytes in 19 msecs (HTTP/1.1 200) 8 headers in 296 bytes (1 switches on core 0)
2026-07-16 08:13:47.060 7 INFO placement.requestlog [req-90643124-8c17-4822-ae69-fc6cc34ed8e3 req-d48b95a5-3f09-4268-8a9a-438e84a384d3 96c240315e2d410fb449e61e52598ed8 9f936237f6c74b8482f4ab8fc57e45ec - - 997420945d9b4e42b0bfeef1a6c00f0c 997420945d9b4e42b0bfeef1a6c00f0c] 199.19.213.17 "GET /allocations/8ba6f478-11dd-49a1-86bb-9e7879790e60" status: 200 len: 258 microversion: 1.28 [pid: 7|app: 0|req: 602/1202] 199.19.213.17 () {34 vars in 862 bytes} [Thu Jul 16 08:13:47 2026] GET /allocations/8ba6f478-11dd-49a1-86bb-9e7879790e60 => generated 258 bytes in 12 msecs (HTTP/1.1 200) 8 headers in 296 bytes (1 switches on core 0)
2026-07-16 08:13:48.375 8 INFO placement.requestlog [None req-98b3fca4-0b66-4bb6-87c3-9db2b1998a78 a97c102740294164a2c0ba9aaf5a2a1c 9f936237f6c74b8482f4ab8fc57e45ec - - 997420945d9b4e42b0bfeef1a6c00f0c 997420945d9b4e42b0bfeef1a6c00f0c] 10.0.0.62 "GET /resource_providers/f431eed9-0ce5-4965-a33d-644893059b8f/aggregates" status: 404 len: 235 microversion: 1.1 [pid: 8|app: 0|req: 601/1203] 10.0.0.62 () {32 vars in 815 bytes} [Thu Jul 16 08:13:48 2026] GET /resource_providers/f431eed9-0ce5-4965-a33d-644893059b8f/aggregates => generated 235 bytes in 11 msecs (HTTP/1.1 404) 5 headers in 202 bytes (1 switches on core 0)
2026-07-16 08:13:48.379 7 INFO placement.requestlog [None req-791b4757-9c1c-4a31-bc6a-86073c103718 a97c102740294164a2c0ba9aaf5a2a1c 9f936237f6c74b8482f4ab8fc57e45ec - - 997420945d9b4e42b0bfeef1a6c00f0c 997420945d9b4e42b0bfeef1a6c00f0c] 10.0.0.62 "GET /resource_providers/f431eed9-0ce5-4965-a33d-644893059b8f/aggregates" status: 404 len: 235 microversion: 1.1 [pid: 7|app: 0|req: 603/1204] 10.0.0.62 () {32 vars in 815 bytes} [Thu Jul 16 08:13:48 2026] GET /resource_providers/f431eed9-0ce5-4965-a33d-644893059b8f/aggregates => generated 235 bytes in 9 msecs (HTTP/1.1 404) 5 headers in 202 bytes (1 switches on core 0)
2026-07-16 08:13:48.397 7 INFO placement.requestlog [None req-220d3efa-fadd-49d0-a674-8007abf267e9 a97c102740294164a2c0ba9aaf5a2a1c 9f936237f6c74b8482f4ab8fc57e45ec - - 997420945d9b4e42b0bfeef1a6c00f0c 997420945d9b4e42b0bfeef1a6c00f0c] 10.0.0.62 "DELETE /resource_providers/f431eed9-0ce5-4965-a33d-644893059b8f" status: 404 len: 246 microversion: 1.1 [pid: 7|app: 0|req: 604/1205] 10.0.0.62 () {34 vars in 815 bytes} [Thu Jul 16 08:13:48 2026] DELETE /resource_providers/f431eed9-0ce5-4965-a33d-644893059b8f => generated 246 bytes in 7 msecs (HTTP/1.1 404) 6 headers in 231 bytes (1 switches on core 0)
2026-07-16 08:13:48.399 8 INFO placement.requestlog [None req-38802696-4de2-4528-8fb9-19acf0de6b4f a97c102740294164a2c0ba9aaf5a2a1c 9f936237f6c74b8482f4ab8fc57e45ec - - 997420945d9b4e42b0bfeef1a6c00f0c 997420945d9b4e42b0bfeef1a6c00f0c] 10.0.0.62 "DELETE /resource_providers/f431eed9-0ce5-4965-a33d-644893059b8f" status: 404 len: 246 microversion: 1.1 [pid: 8|app: 0|req: 602/1206] 10.0.0.62 () {34 vars in 815 bytes} [Thu Jul 16 08:13:48 2026] DELETE /resource_providers/f431eed9-0ce5-4965-a33d-644893059b8f => generated 246 bytes in 10 msecs (HTTP/1.1 404) 6 headers in 231 bytes (1 switches on core 0)
2026-07-16 08:13:48.423 7 INFO placement.requestlog [None req-a72cde36-cf52-46e1-9f44-8d4a30203f47 a97c102740294164a2c0ba9aaf5a2a1c 9f936237f6c74b8482f4ab8fc57e45ec - - 997420945d9b4e42b0bfeef1a6c00f0c 997420945d9b4e42b0bfeef1a6c00f0c] 10.0.0.62 "GET /resource_providers/d77ae883-a2f2-4a6f-a2d8-71f7255a906e/aggregates" status: 404 len: 235 microversion: 1.1 [pid: 7|app: 0|req: 605/1207] 10.0.0.62 () {32 vars in 815 bytes} [Thu Jul 16 08:13:48 2026] GET /resource_providers/d77ae883-a2f2-4a6f-a2d8-71f7255a906e/aggregates => generated 235 bytes in 11 msecs (HTTP/1.1 404) 5 headers in 202 bytes (1 switches on core 0)
2026-07-16 08:13:48.428 8 INFO placement.requestlog [None req-b441f125-3e97-45d4-8ac2-bd4b1ef3c10f a97c102740294164a2c0ba9aaf5a2a1c 9f936237f6c74b8482f4ab8fc57e45ec - - 997420945d9b4e42b0bfeef1a6c00f0c 997420945d9b4e42b0bfeef1a6c00f0c] 10.0.0.62 "GET /resource_providers/d77ae883-a2f2-4a6f-a2d8-71f7255a906e/aggregates" status: 404 len: 235 microversion: 1.1 [pid: 8|app: 0|req: 603/1208] 10.0.0.62 () {32 vars in 815 bytes} [Thu Jul 16 08:13:48 2026] GET /resource_providers/d77ae883-a2f2-4a6f-a2d8-71f7255a906e/aggregates => generated 235 bytes in 17 msecs (HTTP/1.1 404) 5 headers in 202 bytes (1 switches on core 0)
2026-07-16 08:13:48.456 8 INFO placement.requestlog [None req-1f154568-6a09-48d2-8dfa-613468ef6b65 a97c102740294164a2c0ba9aaf5a2a1c 9f936237f6c74b8482f4ab8fc57e45ec - - 997420945d9b4e42b0bfeef1a6c00f0c 997420945d9b4e42b0bfeef1a6c00f0c] 10.0.0.62 "DELETE /resource_providers/d77ae883-a2f2-4a6f-a2d8-71f7255a906e" status: 404 len: 246 microversion: 1.1 [pid: 8|app: 0|req: 604/1209] 10.0.0.62 () {34 vars in 815 bytes} [Thu Jul 16 08:13:48 2026] DELETE /resource_providers/d77ae883-a2f2-4a6f-a2d8-71f7255a906e => generated 246 bytes in 10 msecs (HTTP/1.1 404) 6 headers in 231 bytes (1 switches on core 0)
2026-07-16 08:13:48.456 7 INFO placement.requestlog [None req-77352c8a-386a-455c-a0c3-acc835b353d8 a97c102740294164a2c0ba9aaf5a2a1c 9f936237f6c74b8482f4ab8fc57e45ec - - 997420945d9b4e42b0bfeef1a6c00f0c 997420945d9b4e42b0bfeef1a6c00f0c] 10.0.0.62 "DELETE /resource_providers/d77ae883-a2f2-4a6f-a2d8-71f7255a906e" status: 404 len: 246 microversion: 1.1 [pid: 7|app: 0|req: 606/1210] 10.0.0.62 () {34 vars in 815 bytes} [Thu Jul 16 08:13:48 2026] DELETE /resource_providers/d77ae883-a2f2-4a6f-a2d8-71f7255a906e => generated 246 bytes in 12 msecs (HTTP/1.1 404) 6 headers in 231 bytes (1 switches on core 0)
