2026-07-16 08:05:38.540 7 INFO placement.requestlog [req-8b339151-922e-447d-a628-b2fda72c09ae req-1f0b56e5-57b5-41a1-b040-94fae8af1eb7 96c240315e2d410fb449e61e52598ed8 9f936237f6c74b8482f4ab8fc57e45ec - - 997420945d9b4e42b0bfeef1a6c00f0c 997420945d9b4e42b0bfeef1a6c00f0c] 199.19.213.17 "GET /resource_providers/4bb25e82-17ef-4d29-80ec-efd59c1c5c5f/allocations" status: 200 len: 54 microversion: 1.0 [pid: 7|app: 0|req: 290/580] 199.19.213.17 () {32 vars in 856 bytes} [Thu Jul 16 08:05:38 2026] GET /resource_providers/4bb25e82-17ef-4d29-80ec-efd59c1c5c5f/allocations => generated 54 bytes in 21 msecs (HTTP/1.1 200) 6 headers in 223 bytes (1 switches on core 0)
2026-07-16 08:05:38.563 8 INFO placement.requestlog [req-8b339151-922e-447d-a628-b2fda72c09ae req-25a35285-7b65-4781-a803-a739139c17ad 96c240315e2d410fb449e61e52598ed8 9f936237f6c74b8482f4ab8fc57e45ec - - 997420945d9b4e42b0bfeef1a6c00f0c 997420945d9b4e42b0bfeef1a6c00f0c] 199.19.213.17 "GET /resource_providers?in_tree=4bb25e82-17ef-4d29-80ec-efd59c1c5c5f" status: 200 len: 797 microversion: 1.14 [pid: 8|app: 0|req: 291/581] 199.19.213.17 () {34 vars in 891 bytes} [Thu Jul 16 08:05:38 2026] GET /resource_providers?in_tree=4bb25e82-17ef-4d29-80ec-efd59c1c5c5f => generated 797 bytes in 19 msecs (HTTP/1.1 200) 6 headers in 225 bytes (1 switches on core 0)
2026-07-16 08:05:38.585 7 INFO placement.requestlog [req-8b339151-922e-447d-a628-b2fda72c09ae req-86abe090-4cd2-4139-b5c1-f8fc25deac8e 96c240315e2d410fb449e61e52598ed8 9f936237f6c74b8482f4ab8fc57e45ec - - 997420945d9b4e42b0bfeef1a6c00f0c 997420945d9b4e42b0bfeef1a6c00f0c] 199.19.213.17 "GET /resource_providers/4bb25e82-17ef-4d29-80ec-efd59c1c5c5f/inventories" status: 200 len: 400 microversion: 1.0 [pid: 7|app: 0|req: 291/582] 199.19.213.17 () {32 vars in 856 bytes} [Thu Jul 16 08:05:38 2026] GET /resource_providers/4bb25e82-17ef-4d29-80ec-efd59c1c5c5f/inventories => generated 400 bytes in 14 msecs (HTTP/1.1 200) 6 headers in 224 bytes (1 switches on core 0)
2026-07-16 08:05:38.603 8 INFO placement.requestlog [req-8b339151-922e-447d-a628-b2fda72c09ae req-d9ce3482-ea99-4791-b294-1e7d976e27eb 96c240315e2d410fb449e61e52598ed8 9f936237f6c74b8482f4ab8fc57e45ec - - 997420945d9b4e42b0bfeef1a6c00f0c 997420945d9b4e42b0bfeef1a6c00f0c] 199.19.213.17 "GET /resource_providers/4bb25e82-17ef-4d29-80ec-efd59c1c5c5f/aggregates" status: 200 len: 53 microversion: 1.19 [pid: 8|app: 0|req: 292/583] 199.19.213.17 () {34 vars in 898 bytes} [Thu Jul 16 08:05:38 2026] GET /resource_providers/4bb25e82-17ef-4d29-80ec-efd59c1c5c5f/aggregates => generated 53 bytes in 11 msecs (HTTP/1.1 200) 8 headers in 295 bytes (1 switches on core 0)
2026-07-16 08:05:38.627 7 INFO placement.requestlog [req-8b339151-922e-447d-a628-b2fda72c09ae req-9df2ea50-d716-4b84-8485-2d08e9a16f86 96c240315e2d410fb449e61e52598ed8 9f936237f6c74b8482f4ab8fc57e45ec - - 997420945d9b4e42b0bfeef1a6c00f0c 997420945d9b4e42b0bfeef1a6c00f0c] 199.19.213.17 "GET /resource_providers/4bb25e82-17ef-4d29-80ec-efd59c1c5c5f/traits" status: 200 len: 2175 microversion: 1.6 [pid: 7|app: 0|req: 292/584] 199.19.213.17 () {34 vars in 889 bytes} [Thu Jul 16 08:05:38 2026] GET /resource_providers/4bb25e82-17ef-4d29-80ec-efd59c1c5c5f/traits => generated 2175 bytes in 18 msecs (HTTP/1.1 200) 6 headers in 225 bytes (1 switches on core 0)
2026-07-16 08:05:38.651 8 INFO placement.requestlog [req-8b339151-922e-447d-a628-b2fda72c09ae req-28bc05ea-e074-42f5-8a3c-14bc6c8f7a1a 96c240315e2d410fb449e61e52598ed8 9f936237f6c74b8482f4ab8fc57e45ec - - 997420945d9b4e42b0bfeef1a6c00f0c 997420945d9b4e42b0bfeef1a6c00f0c] 199.19.213.17 "GET /resource_providers/4bb25e82-17ef-4d29-80ec-efd59c1c5c5f/allocations" status: 200 len: 54 microversion: 1.0 [pid: 8|app: 0|req: 293/585] 199.19.213.17 () {32 vars in 856 bytes} [Thu Jul 16 08:05:38 2026] GET /resource_providers/4bb25e82-17ef-4d29-80ec-efd59c1c5c5f/allocations => generated 54 bytes in 15 msecs (HTTP/1.1 200) 6 headers in 223 bytes (1 switches on core 0)
2026-07-16 08:05:45.235 7 INFO placement.requestlog [None req-06ccac71-51c2-4985-9e98-1ed54315a0a9 - - - - - -] 10.0.0.174 "GET /" status: 200 len: 136 microversion: 1.0
2026-07-16 08:05:45.236 8 INFO placement.requestlog [None req-7a392cae-271c-490f-bb8e-579a9cd237b5 - - - - - -] 10.0.0.174 "GET /" status: 200 len: 136 microversion: 1.0
2026-07-16 08:05:55.236 7 INFO placement.requestlog [None req-92c4a3b0-5250-46e3-a50e-cfde0d665bbb - - - - - -] 10.0.0.174 "GET /" status: 200 len: 136 microversion: 1.0
2026-07-16 08:05:55.236 8 INFO placement.requestlog [None req-9f5ad6c3-b6ec-4e30-94dc-a74d6b58fa52 - - - - - -] 10.0.0.174 "GET /" status: 200 len: 136 microversion: 1.0
2026-07-16 08:06:05.236 7 INFO placement.requestlog [None req-0a6f07cf-3717-49d8-b908-5acfd71f0683 - - - - - -] 10.0.0.174 "GET /" status: 200 len: 136 microversion: 1.0
2026-07-16 08:06:05.236 8 INFO placement.requestlog [None req-f306fd23-e78f-484c-8a80-f9de9bb92b00 - - - - - -] 10.0.0.174 "GET /" status: 200 len: 136 microversion: 1.0
2026-07-16 08:06:15.236 8 INFO placement.requestlog [None req-30a1c2cf-95c1-43e6-8b74-bd622800eb42 - - - - - -] 10.0.0.174 "GET /" status: 200 len: 136 microversion: 1.0
2026-07-16 08:06:15.236 7 INFO placement.requestlog [None req-e22b763e-2393-403d-a4bc-48128175988b - - - - - -] 10.0.0.174 "GET /" status: 200 len: 136 microversion: 1.0
2026-07-16 08:06:25.236 8 INFO placement.requestlog [None req-514d300f-03ed-4827-999d-d5dcffae2b9d - - - - - -] 10.0.0.174 "GET /" status: 200 len: 136 microversion: 1.0
2026-07-16 08:06:25.236 7 INFO placement.requestlog [None req-35bf6e12-2ab7-4fba-8fe7-d92121fcab07 - - - - - -] 10.0.0.174 "GET /" status: 200 len: 136 microversion: 1.0
2026-07-16 08:06:35.235 8 INFO placement.requestlog [None req-d351f7f1-8d5d-4c90-a41f-0ff7beb08d2f - - - - - -] 10.0.0.174 "GET /" status: 200 len: 136 microversion: 1.0
2026-07-16 08:06:35.235 7 INFO placement.requestlog [None req-ff2664a1-bcae-4b53-8603-ef9ddaf908e7 - - - - - -] 10.0.0.174 "GET /" status: 200 len: 136 microversion: 1.0
2026-07-16 08:06:39.557 8 INFO placement.requestlog [req-4cfd516d-6abb-4237-b731-6319ff7ea49d req-04837709-54da-4f0a-85cc-16ae2528ede5 96c240315e2d410fb449e61e52598ed8 9f936237f6c74b8482f4ab8fc57e45ec - - 997420945d9b4e42b0bfeef1a6c00f0c 997420945d9b4e42b0bfeef1a6c00f0c] 199.19.213.17 "GET /resource_providers/4bb25e82-17ef-4d29-80ec-efd59c1c5c5f/allocations" status: 200 len: 54 microversion: 1.0 [pid: 8|app: 0|req: 300/598] 199.19.213.17 () {32 vars in 856 bytes} [Thu Jul 16 08:06:39 2026] GET /resource_providers/4bb25e82-17ef-4d29-80ec-efd59c1c5c5f/allocations => generated 54 bytes in 13 msecs (HTTP/1.1 200) 6 headers in 223 bytes (1 switches on core 0)
2026-07-16 08:06:39.582 7 INFO placement.requestlog [req-4cfd516d-6abb-4237-b731-6319ff7ea49d req-0734132e-5fd3-488b-babb-0cdfb421a92f 96c240315e2d410fb449e61e52598ed8 9f936237f6c74b8482f4ab8fc57e45ec - - 997420945d9b4e42b0bfeef1a6c00f0c 997420945d9b4e42b0bfeef1a6c00f0c] 199.19.213.17 "GET /resource_providers/4bb25e82-17ef-4d29-80ec-efd59c1c5c5f/allocations" status: 200 len: 54 microversion: 1.0 [pid: 7|app: 0|req: 299/599] 199.19.213.17 () {32 vars in 856 bytes} [Thu Jul 16 08:06:39 2026] GET /resource_providers/4bb25e82-17ef-4d29-80ec-efd59c1c5c5f/allocations => generated 54 bytes in 19 msecs (HTTP/1.1 200) 6 headers in 223 bytes (1 switches on core 0)
2026-07-16 08:06:45.236 8 INFO placement.requestlog [None req-a5bc704c-5e83-43cc-b672-e89d72dd303e - - - - - -] 10.0.0.174 "GET /" status: 200 len: 136 microversion: 1.0
2026-07-16 08:06:45.236 7 INFO placement.requestlog [None req-a3cc175e-73e9-4fc4-b801-fd4ceaeabee0 - - - - - -] 10.0.0.174 "GET /" status: 200 len: 136 microversion: 1.0
2026-07-16 08:06:55.236 8 INFO placement.requestlog [None req-e4c579e3-3511-4f57-b7bd-1b5b957d0315 - - - - - -] 10.0.0.174 "GET /" status: 200 len: 136 microversion: 1.0
2026-07-16 08:06:55.237 7 INFO placement.requestlog [None req-24a916d9-5649-40f0-8ed5-c14450d1540b - - - - - -] 10.0.0.174 "GET /" status: 200 len: 136 microversion: 1.0
2026-07-16 08:07:05.235 8 INFO placement.requestlog [None req-6ae8f428-a73f-456c-b3cd-896d01533c95 - - - - - -] 10.0.0.174 "GET /" status: 200 len: 136 microversion: 1.0
2026-07-16 08:07:05.237 7 INFO placement.requestlog [None req-b08f90a8-509c-447a-b61e-df615e9d9fda - - - - - -] 10.0.0.174 "GET /" status: 200 len: 136 microversion: 1.0
2026-07-16 08:07:15.237 8 INFO placement.requestlog [None req-e4001b89-964d-4ea9-99bf-627151c01bc0 - - - - - -] 10.0.0.174 "GET /" status: 200 len: 136 microversion: 1.0
2026-07-16 08:07:15.239 7 INFO placement.requestlog [None req-8990e2c2-c688-4408-a876-5845c050e2ec - - - - - -] 10.0.0.174 "GET /" status: 200 len: 136 microversion: 1.0
2026-07-16 08:07:25.236 8 INFO placement.requestlog [None req-91d9b02b-0864-4e2d-9746-c2b3c4e4618c - - - - - -] 10.0.0.174 "GET /" status: 200 len: 136 microversion: 1.0
2026-07-16 08:07:25.238 7 INFO placement.requestlog [None req-4c7c4fb1-2487-44fd-810f-4db256006d8d - - - - - -] 10.0.0.174 "GET /" status: 200 len: 136 microversion: 1.0
2026-07-16 08:07:35.235 8 INFO placement.requestlog [None req-6f58b255-5e5f-4280-a29a-4f1faf38e40e - - - - - -] 10.0.0.174 "GET /" status: 200 len: 136 microversion: 1.0
2026-07-16 08:07:35.236 7 INFO placement.requestlog [None req-aa3f3164-d665-469b-aebd-cc138fb90823 - - - - - -] 10.0.0.174 "GET /" status: 200 len: 136 microversion: 1.0
2026-07-16 08:07:40.836 8 INFO placement.requestlog [req-0496755b-74cb-4e29-a370-25b564be24a5 req-c97f329a-25ed-443f-aed2-77bcfe73ac52 96c240315e2d410fb449e61e52598ed8 9f936237f6c74b8482f4ab8fc57e45ec - - 997420945d9b4e42b0bfeef1a6c00f0c 997420945d9b4e42b0bfeef1a6c00f0c] 199.19.213.17 "GET /resource_providers/4bb25e82-17ef-4d29-80ec-efd59c1c5c5f/allocations" status: 200 len: 54 microversion: 1.0 [pid: 8|app: 0|req: 307/612] 199.19.213.17 () {32 vars in 856 bytes} [Thu Jul 16 08:07:40 2026] GET /resource_providers/4bb25e82-17ef-4d29-80ec-efd59c1c5c5f/allocations => generated 54 bytes in 19 msecs (HTTP/1.1 200) 6 headers in 223 bytes (1 switches on core 0)
2026-07-16 08:07:40.861 7 INFO placement.requestlog [req-0496755b-74cb-4e29-a370-25b564be24a5 req-cbad0f8e-7aa4-49ee-bc25-471b600b6225 96c240315e2d410fb449e61e52598ed8 9f936237f6c74b8482f4ab8fc57e45ec - - 997420945d9b4e42b0bfeef1a6c00f0c 997420945d9b4e42b0bfeef1a6c00f0c] 199.19.213.17 "GET /resource_providers/4bb25e82-17ef-4d29-80ec-efd59c1c5c5f/allocations" status: 200 len: 54 microversion: 1.0 [pid: 7|app: 0|req: 306/613] 199.19.213.17 () {32 vars in 856 bytes} [Thu Jul 16 08:07:40 2026] GET /resource_providers/4bb25e82-17ef-4d29-80ec-efd59c1c5c5f/allocations => generated 54 bytes in 16 msecs (HTTP/1.1 200) 6 headers in 223 bytes (1 switches on core 0)
2026-07-16 08:07:45.235 8 INFO placement.requestlog [None req-357b5585-4b46-4e49-ab6c-20a30aa72a3a - - - - - -] 10.0.0.174 "GET /" status: 200 len: 136 microversion: 1.0
2026-07-16 08:07:45.236 7 INFO placement.requestlog [None req-d613756d-733c-45e8-ae3f-c601927a34d3 - - - - - -] 10.0.0.174 "GET /" status: 200 len: 136 microversion: 1.0
2026-07-16 08:07:55.236 8 INFO placement.requestlog [None req-c78ef47a-c0da-4c8d-923d-9ed6402e8326 - - - - - -] 10.0.0.174 "GET /" status: 200 len: 136 microversion: 1.0
2026-07-16 08:07:55.236 7 INFO placement.requestlog [None req-3f6c9ae0-95ea-43a0-b5ab-c4ebecf8c0c2 - - - - - -] 10.0.0.174 "GET /" status: 200 len: 136 microversion: 1.0
2026-07-16 08:08:05.235 7 INFO placement.requestlog [None req-63f80f48-4dc5-447c-a83e-1130a226f770 - - - - - -] 10.0.0.174 "GET /" status: 200 len: 136 microversion: 1.0
2026-07-16 08:08:05.236 8 INFO placement.requestlog [None req-a86809eb-6241-405a-9c18-ed20aeee1bc6 - - - - - -] 10.0.0.174 "GET /" status: 200 len: 136 microversion: 1.0
2026-07-16 08:08:15.295 8 INFO placement.requestlog [None req-ea2ddcd5-92cd-4d71-b2c4-59d4ad2bc3a3 a97c102740294164a2c0ba9aaf5a2a1c 9f936237f6c74b8482f4ab8fc57e45ec - - 997420945d9b4e42b0bfeef1a6c00f0c 997420945d9b4e42b0bfeef1a6c00f0c] 10.0.0.62 "GET /resource_providers/af1aee86-01b7-409a-9f2d-2b9d31347ec9/aggregates" status: 404 len: 235 microversion: 1.1 [pid: 8|app: 0|req: 311/620] 10.0.0.62 () {32 vars in 815 bytes} [Thu Jul 16 08:08:15 2026] GET /resource_providers/af1aee86-01b7-409a-9f2d-2b9d31347ec9/aggregates => generated 235 bytes in 178 msecs (HTTP/1.1 404) 5 headers in 202 bytes (1 switches on core 0)
2026-07-16 08:08:15.373 7 INFO placement.requestlog [None req-8845a57b-66d2-4dcc-9f18-4c68bc21e603 a97c102740294164a2c0ba9aaf5a2a1c 9f936237f6c74b8482f4ab8fc57e45ec - - 997420945d9b4e42b0bfeef1a6c00f0c 997420945d9b4e42b0bfeef1a6c00f0c] 10.0.0.62 "GET /resource_providers/af1aee86-01b7-409a-9f2d-2b9d31347ec9/aggregates" status: 404 len: 235 microversion: 1.1 [pid: 7|app: 0|req: 310/621] 10.0.0.62 () {32 vars in 815 bytes} [Thu Jul 16 08:08:15 2026] GET /resource_providers/af1aee86-01b7-409a-9f2d-2b9d31347ec9/aggregates => generated 235 bytes in 275 msecs (HTTP/1.1 404) 5 headers in 202 bytes (1 switches on core 0)
2026-07-16 08:08:15.375 7 INFO placement.requestlog [None req-726676f0-611b-46f7-929c-3ef001213314 - - - - - -] 10.0.0.174 "GET /" status: 200 len: 136 microversion: 1.0
2026-07-16 08:08:15.375 7 INFO placement.requestlog [None req-830d77ff-3d31-4022-8bfa-7b20ded349d2 - - - - - -] 10.0.0.174 "GET /" status: 200 len: 136 microversion: 1.0
2026-07-16 08:08:15.471 8 INFO placement.requestlog [None req-e30e7237-e40f-41e9-8bc1-b29d260cda87 a97c102740294164a2c0ba9aaf5a2a1c 9f936237f6c74b8482f4ab8fc57e45ec - - 997420945d9b4e42b0bfeef1a6c00f0c 997420945d9b4e42b0bfeef1a6c00f0c] 10.0.0.62 "GET /resource_providers/91aa9d51-e7ad-42e2-903a-1a703bc710f5/aggregates" status: 404 len: 235 microversion: 1.1 [pid: 8|app: 0|req: 312/624] 10.0.0.62 () {32 vars in 815 bytes} [Thu Jul 16 08:08:15 2026] GET /resource_providers/91aa9d51-e7ad-42e2-903a-1a703bc710f5/aggregates => generated 235 bytes in 176 msecs (HTTP/1.1 404) 5 headers in 202 bytes (1 switches on core 0)
2026-07-16 08:08:15.481 8 INFO placement.requestlog [None req-c96ff083-ffb1-4499-9ecd-df88c98f9c22 a97c102740294164a2c0ba9aaf5a2a1c 9f936237f6c74b8482f4ab8fc57e45ec - - 997420945d9b4e42b0bfeef1a6c00f0c 997420945d9b4e42b0bfeef1a6c00f0c] 10.0.0.62 "DELETE /resource_providers/af1aee86-01b7-409a-9f2d-2b9d31347ec9" status: 404 len: 246 microversion: 1.1 [pid: 8|app: 0|req: 313/625] 10.0.0.62 () {34 vars in 815 bytes} [Thu Jul 16 08:08:15 2026] DELETE /resource_providers/af1aee86-01b7-409a-9f2d-2b9d31347ec9 => generated 246 bytes in 9 msecs (HTTP/1.1 404) 6 headers in 231 bytes (1 switches on core 0)
2026-07-16 08:08:15.491 8 INFO placement.requestlog [None req-c0773c8e-a9e3-490c-b9aa-abeca1155bcb a97c102740294164a2c0ba9aaf5a2a1c 9f936237f6c74b8482f4ab8fc57e45ec - - 997420945d9b4e42b0bfeef1a6c00f0c 997420945d9b4e42b0bfeef1a6c00f0c] 10.0.0.62 "DELETE /resource_providers/af1aee86-01b7-409a-9f2d-2b9d31347ec9" status: 404 len: 246 microversion: 1.1 [pid: 8|app: 0|req: 314/626] 10.0.0.62 () {34 vars in 815 bytes} [Thu Jul 16 08:08:15 2026] DELETE /resource_providers/af1aee86-01b7-409a-9f2d-2b9d31347ec9 => generated 246 bytes in 9 msecs (HTTP/1.1 404) 6 headers in 231 bytes (1 switches on core 0)
2026-07-16 08:08:15.499 8 INFO placement.requestlog [None req-bb11e76f-3559-4a22-8f6a-d5bb9e580a19 a97c102740294164a2c0ba9aaf5a2a1c 9f936237f6c74b8482f4ab8fc57e45ec - - 997420945d9b4e42b0bfeef1a6c00f0c 997420945d9b4e42b0bfeef1a6c00f0c] 10.0.0.62 "DELETE /resource_providers/91aa9d51-e7ad-42e2-903a-1a703bc710f5" status: 404 len: 246 microversion: 1.1 [pid: 8|app: 0|req: 315/627] 10.0.0.62 () {34 vars in 815 bytes} [Thu Jul 16 08:08:15 2026] DELETE /resource_providers/91aa9d51-e7ad-42e2-903a-1a703bc710f5 => generated 246 bytes in 8 msecs (HTTP/1.1 404) 6 headers in 231 bytes (1 switches on core 0)
2026-07-16 08:08:15.534 7 INFO placement.requestlog [None req-3c091247-cae8-42e0-9611-79d2243e9a49 a97c102740294164a2c0ba9aaf5a2a1c 9f936237f6c74b8482f4ab8fc57e45ec - - 997420945d9b4e42b0bfeef1a6c00f0c 997420945d9b4e42b0bfeef1a6c00f0c] 10.0.0.62 "GET /resource_providers/91aa9d51-e7ad-42e2-903a-1a703bc710f5/aggregates" status: 404 len: 235 microversion: 1.1 [pid: 7|app: 0|req: 313/628] 10.0.0.62 () {32 vars in 815 bytes} [Thu Jul 16 08:08:15 2026] GET /resource_providers/91aa9d51-e7ad-42e2-903a-1a703bc710f5/aggregates => generated 235 bytes in 159 msecs (HTTP/1.1 404) 5 headers in 202 bytes (1 switches on core 0)
2026-07-16 08:08:15.564 8 INFO placement.requestlog [None req-ec90baef-a7d6-4c71-b07b-d8f5b6294328 a97c102740294164a2c0ba9aaf5a2a1c 9f936237f6c74b8482f4ab8fc57e45ec - - 997420945d9b4e42b0bfeef1a6c00f0c 997420945d9b4e42b0bfeef1a6c00f0c] 10.0.0.62 "DELETE /resource_providers/91aa9d51-e7ad-42e2-903a-1a703bc710f5" status: 404 len: 246 microversion: 1.1 [pid: 8|app: 0|req: 316/629] 10.0.0.62 () {34 vars in 815 bytes} [Thu Jul 16 08:08:15 2026] DELETE /resource_providers/91aa9d51-e7ad-42e2-903a-1a703bc710f5 => generated 246 bytes in 23 msecs (HTTP/1.1 404) 6 headers in 231 bytes (1 switches on core 0)
2026-07-16 08:08:17.441 7 INFO placement.requestlog [req-7cf88d35-3a34-459b-b4d4-358434b93499 req-30feda79-dfe4-4c86-98f5-3eae07e23503 96c240315e2d410fb449e61e52598ed8 9f936237f6c74b8482f4ab8fc57e45ec - - 997420945d9b4e42b0bfeef1a6c00f0c 997420945d9b4e42b0bfeef1a6c00f0c] 10.0.0.250 "GET /allocation_candidates?limit=1000&resources=MEMORY_MB%3A512%2CVCPU%3A1&root_required=%21COMPUTE_STATUS_DISABLED" status: 200 len: 2626 microversion: 1.36 [pid: 7|app: 0|req: 314/630] 10.0.0.250 () {34 vars in 984 bytes} [Thu Jul 16 08:08:17 2026] GET /allocation_candidates?limit=1000&resources=MEMORY_MB%3A512%2CVCPU%3A1&root_required=%21COMPUTE_STATUS_DISABLED => generated 2626 bytes in 161 msecs (HTTP/1.1 200) 8 headers in 297 bytes (1 switches on core 0)
2026-07-16 08:08:17.493 8 INFO placement.requestlog [req-7cf88d35-3a34-459b-b4d4-358434b93499 req-7d771b65-ac4c-4e92-8812-1a57bd0c6160 96c240315e2d410fb449e61e52598ed8 9f936237f6c74b8482f4ab8fc57e45ec - - 997420945d9b4e42b0bfeef1a6c00f0c 997420945d9b4e42b0bfeef1a6c00f0c] 10.0.0.250 "GET /allocations/ee5b269c-ade8-4d0f-bd69-f63974877b46" status: 200 len: 19 microversion: 1.28 [pid: 8|app: 0|req: 317/631] 10.0.0.250 () {34 vars in 861 bytes} [Thu Jul 16 08:08:17 2026] GET /allocations/ee5b269c-ade8-4d0f-bd69-f63974877b46 => generated 19 bytes in 17 msecs (HTTP/1.1 200) 8 headers in 295 bytes (1 switches on core 0)
2026-07-16 08:08:17.501 7 INFO placement.requestlog [None req-51055155-764a-4f3c-a245-1d680bdfc57a a97c102740294164a2c0ba9aaf5a2a1c 9f936237f6c74b8482f4ab8fc57e45ec - - 997420945d9b4e42b0bfeef1a6c00f0c 997420945d9b4e42b0bfeef1a6c00f0c] 10.0.0.62 "GET /resource_providers/ac9e345b-2a28-48fe-bdfb-9d1b124eeefe/aggregates" status: 404 len: 235 microversion: 1.1 [pid: 7|app: 0|req: 315/632] 10.0.0.62 () {32 vars in 815 bytes} [Thu Jul 16 08:08:17 2026] GET /resource_providers/ac9e345b-2a28-48fe-bdfb-9d1b124eeefe/aggregates => generated 235 bytes in 11 msecs (HTTP/1.1 404) 5 headers in 202 bytes (1 switches on core 0)
2026-07-16 08:08:17.521 7 INFO placement.requestlog [None req-bf359147-617a-4e98-a919-6ff2b4775317 a97c102740294164a2c0ba9aaf5a2a1c 9f936237f6c74b8482f4ab8fc57e45ec - - 997420945d9b4e42b0bfeef1a6c00f0c 997420945d9b4e42b0bfeef1a6c00f0c] 10.0.0.62 "GET /resource_providers/74989a15-de89-481b-9182-1d5ee339f867/aggregates" status: 404 len: 235 microversion: 1.1 [pid: 7|app: 0|req: 316/633] 10.0.0.62 () {32 vars in 815 bytes} [Thu Jul 16 08:08:17 2026] GET /resource_providers/74989a15-de89-481b-9182-1d5ee339f867/aggregates => generated 235 bytes in 11 msecs (HTTP/1.1 404) 5 headers in 202 bytes (1 switches on core 0)
2026-07-16 08:08:17.531 7 INFO placement.requestlog [None req-888ac0e0-ff2b-444e-9ec2-af71249a9bc0 a97c102740294164a2c0ba9aaf5a2a1c 9f936237f6c74b8482f4ab8fc57e45ec - - 997420945d9b4e42b0bfeef1a6c00f0c 997420945d9b4e42b0bfeef1a6c00f0c] 10.0.0.62 "GET /resource_providers/ac9e345b-2a28-48fe-bdfb-9d1b124eeefe/aggregates" status: 404 len: 235 microversion: 1.1 [pid: 7|app: 0|req: 317/634] 10.0.0.62 () {32 vars in 815 bytes} [Thu Jul 16 08:08:17 2026] GET /resource_providers/ac9e345b-2a28-48fe-bdfb-9d1b124eeefe/aggregates => generated 235 bytes in 9 msecs (HTTP/1.1 404) 5 headers in 202 bytes (1 switches on core 0)
2026-07-16 08:08:17.541 7 INFO placement.requestlog [None req-52ef3a73-41f4-434d-9ae9-cd8e69642ac5 a97c102740294164a2c0ba9aaf5a2a1c 9f936237f6c74b8482f4ab8fc57e45ec - - 997420945d9b4e42b0bfeef1a6c00f0c 997420945d9b4e42b0bfeef1a6c00f0c] 10.0.0.62 "DELETE /resource_providers/ac9e345b-2a28-48fe-bdfb-9d1b124eeefe" status: 404 len: 246 microversion: 1.1 [pid: 7|app: 0|req: 318/635] 10.0.0.62 () {34 vars in 815 bytes} [Thu Jul 16 08:08:17 2026] DELETE /resource_providers/ac9e345b-2a28-48fe-bdfb-9d1b124eeefe => generated 246 bytes in 9 msecs (HTTP/1.1 404) 6 headers in 231 bytes (1 switches on core 0)
2026-07-16 08:08:17.551 7 INFO placement.requestlog [None req-c409cbe9-43cc-40e9-a002-1ac0ebae8df6 a97c102740294164a2c0ba9aaf5a2a1c 9f936237f6c74b8482f4ab8fc57e45ec - - 997420945d9b4e42b0bfeef1a6c00f0c 997420945d9b4e42b0bfeef1a6c00f0c] 10.0.0.62 "DELETE /resource_providers/74989a15-de89-481b-9182-1d5ee339f867" status: 404 len: 246 microversion: 1.1 [pid: 7|app: 0|req: 319/636] 10.0.0.62 () {34 vars in 815 bytes} [Thu Jul 16 08:08:17 2026] DELETE /resource_providers/74989a15-de89-481b-9182-1d5ee339f867 => generated 246 bytes in 10 msecs (HTTP/1.1 404) 6 headers in 231 bytes (1 switches on core 0)
2026-07-16 08:08:17.567 7 INFO placement.requestlog [None req-95d490a1-74ab-4d63-acd4-5d3b92313d2a a97c102740294164a2c0ba9aaf5a2a1c 9f936237f6c74b8482f4ab8fc57e45ec - - 997420945d9b4e42b0bfeef1a6c00f0c 997420945d9b4e42b0bfeef1a6c00f0c] 10.0.0.62 "DELETE /resource_providers/ac9e345b-2a28-48fe-bdfb-9d1b124eeefe" status: 404 len: 246 microversion: 1.1 [pid: 7|app: 0|req: 320/637] 10.0.0.62 () {34 vars in 815 bytes} [Thu Jul 16 08:08:17 2026] DELETE /resource_providers/ac9e345b-2a28-48fe-bdfb-9d1b124eeefe => generated 246 bytes in 15 msecs (HTTP/1.1 404) 6 headers in 231 bytes (1 switches on core 0)
2026-07-16 08:08:17.586 7 INFO placement.requestlog [None req-fe6f7a01-8134-4682-b5eb-28c7ba164e77 a97c102740294164a2c0ba9aaf5a2a1c 9f936237f6c74b8482f4ab8fc57e45ec - - 997420945d9b4e42b0bfeef1a6c00f0c 997420945d9b4e42b0bfeef1a6c00f0c] 10.0.0.62 "GET /resource_providers/74989a15-de89-481b-9182-1d5ee339f867/aggregates" status: 404 len: 235 microversion: 1.1 [pid: 7|app: 0|req: 321/638] 10.0.0.62 () {32 vars in 815 bytes} [Thu Jul 16 08:08:17 2026] GET /resource_providers/74989a15-de89-481b-9182-1d5ee339f867/aggregates => generated 235 bytes in 10 msecs (HTTP/1.1 404) 5 headers in 202 bytes (1 switches on core 0)
2026-07-16 08:08:17.599 8 INFO placement.requestlog [req-7cf88d35-3a34-459b-b4d4-358434b93499 req-031b1f50-ae8a-4a5f-af2c-e13380e39811 96c240315e2d410fb449e61e52598ed8 9f936237f6c74b8482f4ab8fc57e45ec - - 997420945d9b4e42b0bfeef1a6c00f0c 997420945d9b4e42b0bfeef1a6c00f0c] 10.0.0.250 "PUT /allocations/ee5b269c-ade8-4d0f-bd69-f63974877b46" status: 204 len: 0 microversion: 1.36 [pid: 8|app: 0|req: 318/639] 10.0.0.250 () {38 vars in 914 bytes} [Thu Jul 16 08:08:17 2026] PUT /allocations/ee5b269c-ade8-4d0f-bd69-f63974877b46 => generated 0 bytes in 94 msecs (HTTP/1.1 204) 5 headers in 199 bytes (1 switches on core 0)
2026-07-16 08:08:17.608 7 INFO placement.requestlog [None req-dbd9dfbe-0cd8-4007-a6e6-7153bdd8c551 a97c102740294164a2c0ba9aaf5a2a1c 9f936237f6c74b8482f4ab8fc57e45ec - - 997420945d9b4e42b0bfeef1a6c00f0c 997420945d9b4e42b0bfeef1a6c00f0c] 10.0.0.62 "DELETE /resource_providers/74989a15-de89-481b-9182-1d5ee339f867" status: 404 len: 246 microversion: 1.1 [pid: 7|app: 0|req: 322/640] 10.0.0.62 () {34 vars in 815 bytes} [Thu Jul 16 08:08:17 2026] DELETE /resource_providers/74989a15-de89-481b-9182-1d5ee339f867 => generated 246 bytes in 16 msecs (HTTP/1.1 404) 6 headers in 231 bytes (1 switches on core 0)
2026-07-16 08:08:19.121 8 INFO placement.requestlog [req-7cf88d35-3a34-459b-b4d4-358434b93499 req-081a7795-4bd3-4885-88e6-04e37568f431 96c240315e2d410fb449e61e52598ed8 9f936237f6c74b8482f4ab8fc57e45ec - - 997420945d9b4e42b0bfeef1a6c00f0c 997420945d9b4e42b0bfeef1a6c00f0c] 199.19.213.17 "GET /allocations/ee5b269c-ade8-4d0f-bd69-f63974877b46" status: 200 len: 243 microversion: 1.28 [pid: 8|app: 0|req: 319/641] 199.19.213.17 () {34 vars in 862 bytes} [Thu Jul 16 08:08:19 2026] GET /allocations/ee5b269c-ade8-4d0f-bd69-f63974877b46 => generated 243 bytes in 15 msecs (HTTP/1.1 200) 8 headers in 296 bytes (1 switches on core 0)
2026-07-16 08:08:20.162 7 INFO placement.requestlog [req-7cf88d35-3a34-459b-b4d4-358434b93499 req-fd9e0e67-3626-46ca-b636-9a5f97d5403b 96c240315e2d410fb449e61e52598ed8 9f936237f6c74b8482f4ab8fc57e45ec - - 997420945d9b4e42b0bfeef1a6c00f0c 997420945d9b4e42b0bfeef1a6c00f0c] 199.19.213.17 "GET /resource_providers/4bb25e82-17ef-4d29-80ec-efd59c1c5c5f/allocations" status: 200 len: 138 microversion: 1.0 [pid: 7|app: 0|req: 323/642] 199.19.213.17 () {32 vars in 856 bytes} [Thu Jul 16 08:08:20 2026] GET /resource_providers/4bb25e82-17ef-4d29-80ec-efd59c1c5c5f/allocations => generated 138 bytes in 19 msecs (HTTP/1.1 200) 6 headers in 224 bytes (1 switches on core 0)
2026-07-16 08:08:20.195 8 INFO placement.requestlog [req-7cf88d35-3a34-459b-b4d4-358434b93499 req-dbf87f69-f1e8-4641-9f82-c87a408acd4a 96c240315e2d410fb449e61e52598ed8 9f936237f6c74b8482f4ab8fc57e45ec - - 997420945d9b4e42b0bfeef1a6c00f0c 997420945d9b4e42b0bfeef1a6c00f0c] 199.19.213.17 "GET /allocations/ee5b269c-ade8-4d0f-bd69-f63974877b46" status: 200 len: 243 microversion: 1.28 [pid: 8|app: 0|req: 320/643] 199.19.213.17 () {34 vars in 862 bytes} [Thu Jul 16 08:08:20 2026] GET /allocations/ee5b269c-ade8-4d0f-bd69-f63974877b46 => generated 243 bytes in 27 msecs (HTTP/1.1 200) 8 headers in 296 bytes (1 switches on core 0)
2026-07-16 08:08:25.235 7 INFO placement.requestlog [None req-1cf7db1f-5232-4366-bcbc-1675de62b535 - - - - - -] 10.0.0.174 "GET /" status: 200 len: 136 microversion: 1.0
2026-07-16 08:08:25.236 8 INFO placement.requestlog [None req-de00d647-5e34-445e-afff-8e6c7d9df2d0 - - - - - -] 10.0.0.174 "GET /" status: 200 len: 136 microversion: 1.0
2026-07-16 08:08:25.385 7 INFO placement.requestlog [req-31a8842f-866e-4bf6-8793-ca675761f8f9 req-5df1a314-9e6f-4b11-bbff-a6ec3ce1e9d9 96c240315e2d410fb449e61e52598ed8 9f936237f6c74b8482f4ab8fc57e45ec - - 997420945d9b4e42b0bfeef1a6c00f0c 997420945d9b4e42b0bfeef1a6c00f0c] 10.0.0.250 "GET /allocation_candidates?limit=1000&resources=DISK_GB%3A1%2CMEMORY_MB%3A512%2CVCPU%3A1&root_required=%21COMPUTE_STATUS_DISABLED" status: 200 len: 2642 microversion: 1.36 [pid: 7|app: 0|req: 325/646] 10.0.0.250 () {34 vars in 1012 bytes} [Thu Jul 16 08:08:25 2026] GET /allocation_candidates?limit=1000&resources=DISK_GB%3A1%2CMEMORY_MB%3A512%2CVCPU%3A1&root_required=%21COMPUTE_STATUS_DISABLED => generated 2642 bytes in 58 msecs (HTTP/1.1 200) 8 headers in 297 bytes (1 switches on core 0)
2026-07-16 08:08:25.450 8 INFO placement.requestlog [req-31a8842f-866e-4bf6-8793-ca675761f8f9 req-fb15d0c6-3dc0-4310-9866-511cb9100250 96c240315e2d410fb449e61e52598ed8 9f936237f6c74b8482f4ab8fc57e45ec - - 997420945d9b4e42b0bfeef1a6c00f0c 997420945d9b4e42b0bfeef1a6c00f0c] 10.0.0.250 "GET /allocations/d3190bdd-3e7c-4264-b8c7-7d145b7bdb2b" status: 200 len: 19 microversion: 1.28 [pid: 8|app: 0|req: 322/647] 10.0.0.250 () {34 vars in 861 bytes} [Thu Jul 16 08:08:25 2026] GET /allocations/d3190bdd-3e7c-4264-b8c7-7d145b7bdb2b => generated 19 bytes in 11 msecs (HTTP/1.1 200) 8 headers in 295 bytes (1 switches on core 0)
2026-07-16 08:08:25.545 7 INFO placement.requestlog [req-31a8842f-866e-4bf6-8793-ca675761f8f9 req-460c98f0-362b-4966-b9a6-7d3e929a64a1 96c240315e2d410fb449e61e52598ed8 9f936237f6c74b8482f4ab8fc57e45ec - - 997420945d9b4e42b0bfeef1a6c00f0c 997420945d9b4e42b0bfeef1a6c00f0c] 10.0.0.250 "PUT /allocations/d3190bdd-3e7c-4264-b8c7-7d145b7bdb2b" status: 204 len: 0 microversion: 1.36 [pid: 7|app: 0|req: 326/648] 10.0.0.250 () {38 vars in 914 bytes} [Thu Jul 16 08:08:25 2026] PUT /allocations/d3190bdd-3e7c-4264-b8c7-7d145b7bdb2b => generated 0 bytes in 89 msecs (HTTP/1.1 204) 5 headers in 199 bytes (1 switches on core 0)
2026-07-16 08:08:25.555 8 INFO placement.requestlog [req-848d8a25-6fb6-49ee-898b-d7a4fa0a2db3 req-818d04b6-da1a-4e24-bd2e-8619698f084b 96c240315e2d410fb449e61e52598ed8 9f936237f6c74b8482f4ab8fc57e45ec - - 997420945d9b4e42b0bfeef1a6c00f0c 997420945d9b4e42b0bfeef1a6c00f0c] 10.0.0.250 "GET /allocation_candidates?limit=1000&resources=DISK_GB%3A1%2CMEMORY_MB%3A512%2CVCPU%3A1&root_required=%21COMPUTE_STATUS_DISABLED" status: 200 len: 2642 microversion: 1.36 [pid: 8|app: 0|req: 323/649] 10.0.0.250 () {34 vars in 1012 bytes} [Thu Jul 16 08:08:25 2026] GET /allocation_candidates?limit=1000&resources=DISK_GB%3A1%2CMEMORY_MB%3A512%2CVCPU%3A1&root_required=%21COMPUTE_STATUS_DISABLED => generated 2642 bytes in 72 msecs (HTTP/1.1 200) 8 headers in 297 bytes (1 switches on core 0)
2026-07-16 08:08:25.592 7 INFO placement.requestlog [req-848d8a25-6fb6-49ee-898b-d7a4fa0a2db3 req-e1b9b62e-7093-4253-a997-85e25921add8 96c240315e2d410fb449e61e52598ed8 9f936237f6c74b8482f4ab8fc57e45ec - - 997420945d9b4e42b0bfeef1a6c00f0c 997420945d9b4e42b0bfeef1a6c00f0c] 10.0.0.250 "GET /allocations/7afd2c7f-010f-4641-bfc2-7de72de5aee8" status: 200 len: 19 microversion: 1.28 [pid: 7|app: 0|req: 327/650] 10.0.0.250 () {34 vars in 861 bytes} [Thu Jul 16 08:08:25 2026] GET /allocations/7afd2c7f-010f-4641-bfc2-7de72de5aee8 => generated 19 bytes in 12 msecs (HTTP/1.1 200) 8 headers in 295 bytes (1 switches on core 0)
2026-07-16 08:08:25.690 8 INFO placement.requestlog [req-848d8a25-6fb6-49ee-898b-d7a4fa0a2db3 req-82c10416-c411-4035-8da2-34f7e429943e 96c240315e2d410fb449e61e52598ed8 9f936237f6c74b8482f4ab8fc57e45ec - - 997420945d9b4e42b0bfeef1a6c00f0c 997420945d9b4e42b0bfeef1a6c00f0c] 10.0.0.250 "PUT /allocations/7afd2c7f-010f-4641-bfc2-7de72de5aee8" status: 204 len: 0 microversion: 1.36 [pid: 8|app: 0|req: 324/651] 10.0.0.250 () {38 vars in 914 bytes} [Thu Jul 16 08:08:25 2026] PUT /allocations/7afd2c7f-010f-4641-bfc2-7de72de5aee8 => generated 0 bytes in 94 msecs (HTTP/1.1 204) 5 headers in 199 bytes (1 switches on core 0)
2026-07-16 08:08:26.571 7 INFO placement.requestlog [None req-9931efff-b1c5-4f77-b0f6-eba7bb78190f a97c102740294164a2c0ba9aaf5a2a1c 9f936237f6c74b8482f4ab8fc57e45ec - - 997420945d9b4e42b0bfeef1a6c00f0c 997420945d9b4e42b0bfeef1a6c00f0c] 10.0.0.62 "GET /resource_providers/ed7cf331-3f60-49b3-9a47-77584eb751c0/aggregates" status: 404 len: 235 microversion: 1.1 [pid: 7|app: 0|req: 328/652] 10.0.0.62 () {32 vars in 815 bytes} [Thu Jul 16 08:08:26 2026] GET /resource_providers/ed7cf331-3f60-49b3-9a47-77584eb751c0/aggregates => generated 235 bytes in 9 msecs (HTTP/1.1 404) 5 headers in 202 bytes (1 switches on core 0)
2026-07-16 08:08:26.583 8 INFO placement.requestlog [None req-c45a0700-18fc-41cf-8808-db32064a8857 a97c102740294164a2c0ba9aaf5a2a1c 9f936237f6c74b8482f4ab8fc57e45ec - - 997420945d9b4e42b0bfeef1a6c00f0c 997420945d9b4e42b0bfeef1a6c00f0c] 10.0.0.62 "GET /resource_providers/ed7cf331-3f60-49b3-9a47-77584eb751c0/aggregates" status: 404 len: 235 microversion: 1.1 [pid: 8|app: 0|req: 325/653] 10.0.0.62 () {32 vars in 815 bytes} [Thu Jul 16 08:08:26 2026] GET /resource_providers/ed7cf331-3f60-49b3-9a47-77584eb751c0/aggregates => generated 235 bytes in 15 msecs (HTTP/1.1 404) 5 headers in 202 bytes (1 switches on core 0)
2026-07-16 08:08:26.593 7 INFO placement.requestlog [None req-885daa5d-d024-4020-8531-7e18d2f0fbf7 a97c102740294164a2c0ba9aaf5a2a1c 9f936237f6c74b8482f4ab8fc57e45ec - - 997420945d9b4e42b0bfeef1a6c00f0c 997420945d9b4e42b0bfeef1a6c00f0c] 10.0.0.62 "DELETE /resource_providers/ed7cf331-3f60-49b3-9a47-77584eb751c0" status: 404 len: 246 microversion: 1.1 [pid: 7|app: 0|req: 329/654] 10.0.0.62 () {34 vars in 815 bytes} [Thu Jul 16 08:08:26 2026] DELETE /resource_providers/ed7cf331-3f60-49b3-9a47-77584eb751c0 => generated 246 bytes in 13 msecs (HTTP/1.1 404) 6 headers in 231 bytes (1 switches on core 0)
2026-07-16 08:08:26.610 8 INFO placement.requestlog [None req-0a9d2c94-a695-4f17-870f-301102665858 a97c102740294164a2c0ba9aaf5a2a1c 9f936237f6c74b8482f4ab8fc57e45ec - - 997420945d9b4e42b0bfeef1a6c00f0c 997420945d9b4e42b0bfeef1a6c00f0c] 10.0.0.62 "DELETE /resource_providers/ed7cf331-3f60-49b3-9a47-77584eb751c0" status: 404 len: 246 microversion: 1.1 [pid: 8|app: 0|req: 326/655] 10.0.0.62 () {34 vars in 815 bytes} [Thu Jul 16 08:08:26 2026] DELETE /resource_providers/ed7cf331-3f60-49b3-9a47-77584eb751c0 => generated 246 bytes in 16 msecs (HTTP/1.1 404) 6 headers in 231 bytes (1 switches on core 0)
2026-07-16 08:08:27.008 7 INFO placement.requestlog [req-31a8842f-866e-4bf6-8793-ca675761f8f9 req-cecfa763-546b-4616-acc6-f09cfa52a21b 96c240315e2d410fb449e61e52598ed8 9f936237f6c74b8482f4ab8fc57e45ec - - 997420945d9b4e42b0bfeef1a6c00f0c 997420945d9b4e42b0bfeef1a6c00f0c] 199.19.213.17 "GET /allocations/d3190bdd-3e7c-4264-b8c7-7d145b7bdb2b" status: 200 len: 257 microversion: 1.28 [pid: 7|app: 0|req: 330/656] 199.19.213.17 () {34 vars in 862 bytes} [Thu Jul 16 08:08:26 2026] GET /allocations/d3190bdd-3e7c-4264-b8c7-7d145b7bdb2b => generated 257 bytes in 26 msecs (HTTP/1.1 200) 8 headers in 296 bytes (1 switches on core 0)
2026-07-16 08:08:27.297 8 INFO placement.requestlog [req-848d8a25-6fb6-49ee-898b-d7a4fa0a2db3 req-4771db34-a087-4f33-b6b7-b7b629e064ef 96c240315e2d410fb449e61e52598ed8 9f936237f6c74b8482f4ab8fc57e45ec - - 997420945d9b4e42b0bfeef1a6c00f0c 997420945d9b4e42b0bfeef1a6c00f0c] 199.19.213.17 "GET /allocations/7afd2c7f-010f-4641-bfc2-7de72de5aee8" status: 200 len: 257 microversion: 1.28 [pid: 8|app: 0|req: 327/657] 199.19.213.17 () {34 vars in 862 bytes} [Thu Jul 16 08:08:27 2026] GET /allocations/7afd2c7f-010f-4641-bfc2-7de72de5aee8 => generated 257 bytes in 10 msecs (HTTP/1.1 200) 8 headers in 296 bytes (1 switches on core 0)
2026-07-16 08:08:28.051 7 INFO placement.requestlog [req-31a8842f-866e-4bf6-8793-ca675761f8f9 req-162bdc00-0b11-4ae6-a8c0-a4d2fe6b2b7f 96c240315e2d410fb449e61e52598ed8 9f936237f6c74b8482f4ab8fc57e45ec - - 997420945d9b4e42b0bfeef1a6c00f0c 997420945d9b4e42b0bfeef1a6c00f0c] 199.19.213.17 "GET /resource_providers/4bb25e82-17ef-4d29-80ec-efd59c1c5c5f/allocations" status: 200 len: 338 microversion: 1.0 [pid: 7|app: 0|req: 331/658] 199.19.213.17 () {32 vars in 856 bytes} [Thu Jul 16 08:08:28 2026] GET /resource_providers/4bb25e82-17ef-4d29-80ec-efd59c1c5c5f/allocations => generated 338 bytes in 15 msecs (HTTP/1.1 200) 6 headers in 224 bytes (1 switches on core 0)
2026-07-16 08:08:28.072 8 INFO placement.requestlog [req-31a8842f-866e-4bf6-8793-ca675761f8f9 req-43076f5f-4e5c-4343-9d90-cbe06b327ad5 96c240315e2d410fb449e61e52598ed8 9f936237f6c74b8482f4ab8fc57e45ec - - 997420945d9b4e42b0bfeef1a6c00f0c 997420945d9b4e42b0bfeef1a6c00f0c] 199.19.213.17 "GET /allocations/d3190bdd-3e7c-4264-b8c7-7d145b7bdb2b" status: 200 len: 257 microversion: 1.28 [pid: 8|app: 0|req: 328/659] 199.19.213.17 () {34 vars in 862 bytes} [Thu Jul 16 08:08:28 2026] GET /allocations/d3190bdd-3e7c-4264-b8c7-7d145b7bdb2b => generated 257 bytes in 15 msecs (HTTP/1.1 200) 8 headers in 296 bytes (1 switches on core 0)
2026-07-16 08:08:28.093 7 INFO placement.requestlog [req-31a8842f-866e-4bf6-8793-ca675761f8f9 req-dbe46042-01d3-43d5-9cbc-10b07153558c 96c240315e2d410fb449e61e52598ed8 9f936237f6c74b8482f4ab8fc57e45ec - - 997420945d9b4e42b0bfeef1a6c00f0c 997420945d9b4e42b0bfeef1a6c00f0c] 199.19.213.17 "GET /allocations/7afd2c7f-010f-4641-bfc2-7de72de5aee8" status: 200 len: 257 microversion: 1.28 [pid: 7|app: 0|req: 332/660] 199.19.213.17 () {34 vars in 862 bytes} [Thu Jul 16 08:08:28 2026] GET /allocations/7afd2c7f-010f-4641-bfc2-7de72de5aee8 => generated 257 bytes in 16 msecs (HTTP/1.1 200) 8 headers in 296 bytes (1 switches on core 0)
2026-07-16 08:08:28.112 8 INFO placement.requestlog [req-31a8842f-866e-4bf6-8793-ca675761f8f9 req-702821be-17b1-41eb-8b42-b037eba05a6d 96c240315e2d410fb449e61e52598ed8 9f936237f6c74b8482f4ab8fc57e45ec - - 997420945d9b4e42b0bfeef1a6c00f0c 997420945d9b4e42b0bfeef1a6c00f0c] 199.19.213.17 "GET /allocations/ee5b269c-ade8-4d0f-bd69-f63974877b46" status: 200 len: 243 microversion: 1.28 [pid: 8|app: 0|req: 329/661] 199.19.213.17 () {34 vars in 862 bytes} [Thu Jul 16 08:08:28 2026] GET /allocations/ee5b269c-ade8-4d0f-bd69-f63974877b46 => generated 243 bytes in 14 msecs (HTTP/1.1 200) 8 headers in 296 bytes (1 switches on core 0)
2026-07-16 08:08:28.620 7 INFO placement.requestlog [None req-b938fe3e-aea7-4e4b-94dd-2ee814b13777 a97c102740294164a2c0ba9aaf5a2a1c 9f936237f6c74b8482f4ab8fc57e45ec - - 997420945d9b4e42b0bfeef1a6c00f0c 997420945d9b4e42b0bfeef1a6c00f0c] 10.0.0.62 "GET /resource_providers/8dd8cb41-ba05-4f07-9f34-0af26304f370/aggregates" status: 404 len: 235 microversion: 1.1 [pid: 7|app: 0|req: 333/662] 10.0.0.62 () {32 vars in 815 bytes} [Thu Jul 16 08:08:28 2026] GET /resource_providers/8dd8cb41-ba05-4f07-9f34-0af26304f370/aggregates => generated 235 bytes in 18 msecs (HTTP/1.1 404) 5 headers in 202 bytes (1 switches on core 0)
2026-07-16 08:08:28.635 8 INFO placement.requestlog [None req-ed69640b-d1b1-481a-bc9a-53ec9607c91b a97c102740294164a2c0ba9aaf5a2a1c 9f936237f6c74b8482f4ab8fc57e45ec - - 997420945d9b4e42b0bfeef1a6c00f0c 997420945d9b4e42b0bfeef1a6c00f0c] 10.0.0.62 "GET /resource_providers/8dd8cb41-ba05-4f07-9f34-0af26304f370/aggregates" status: 404 len: 235 microversion: 1.1 [pid: 8|app: 0|req: 330/663] 10.0.0.62 () {32 vars in 815 bytes} [Thu Jul 16 08:08:28 2026] GET /resource_providers/8dd8cb41-ba05-4f07-9f34-0af26304f370/aggregates => generated 235 bytes in 12 msecs (HTTP/1.1 404) 5 headers in 202 bytes (1 switches on core 0)
2026-07-16 08:08:28.645 7 INFO placement.requestlog [None req-dfd6cd76-53cc-4071-998a-a7b9db7dfc43 a97c102740294164a2c0ba9aaf5a2a1c 9f936237f6c74b8482f4ab8fc57e45ec - - 997420945d9b4e42b0bfeef1a6c00f0c 997420945d9b4e42b0bfeef1a6c00f0c] 10.0.0.62 "DELETE /resource_providers/8dd8cb41-ba05-4f07-9f34-0af26304f370" status: 404 len: 246 microversion: 1.1 [pid: 7|app: 0|req: 334/664] 10.0.0.62 () {34 vars in 815 bytes} [Thu Jul 16 08:08:28 2026] DELETE /resource_providers/8dd8cb41-ba05-4f07-9f34-0af26304f370 => generated 246 bytes in 12 msecs (HTTP/1.1 404) 6 headers in 231 bytes (1 switches on core 0)
2026-07-16 08:08:28.657 8 INFO placement.requestlog [None req-c7530d36-2605-4cae-899e-f2c41127318b a97c102740294164a2c0ba9aaf5a2a1c 9f936237f6c74b8482f4ab8fc57e45ec - - 997420945d9b4e42b0bfeef1a6c00f0c 997420945d9b4e42b0bfeef1a6c00f0c] 10.0.0.62 "DELETE /resource_providers/8dd8cb41-ba05-4f07-9f34-0af26304f370" status: 404 len: 246 microversion: 1.1 [pid: 8|app: 0|req: 331/665] 10.0.0.62 () {34 vars in 815 bytes} [Thu Jul 16 08:08:28 2026] DELETE /resource_providers/8dd8cb41-ba05-4f07-9f34-0af26304f370 => generated 246 bytes in 9 msecs (HTTP/1.1 404) 6 headers in 231 bytes (1 switches on core 0)
2026-07-16 08:08:29.456 7 INFO placement.requestlog [None req-c646018c-662d-4f36-a8bf-473406820ea7 a97c102740294164a2c0ba9aaf5a2a1c 9f936237f6c74b8482f4ab8fc57e45ec - - 997420945d9b4e42b0bfeef1a6c00f0c 997420945d9b4e42b0bfeef1a6c00f0c] 10.0.0.62 "GET /resource_providers/65bd3237-9887-4c1a-881e-2dddff90f397/aggregates" status: 404 len: 235 microversion: 1.1 [pid: 7|app: 0|req: 335/666] 10.0.0.62 () {32 vars in 815 bytes} [Thu Jul 16 08:08:29 2026] GET /resource_providers/65bd3237-9887-4c1a-881e-2dddff90f397/aggregates => generated 235 bytes in 9 msecs (HTTP/1.1 404) 5 headers in 202 bytes (1 switches on core 0)
2026-07-16 08:08:29.460 8 INFO placement.requestlog [None req-e48737cb-4e31-4339-ab48-08613ba9f142 a97c102740294164a2c0ba9aaf5a2a1c 9f936237f6c74b8482f4ab8fc57e45ec - - 997420945d9b4e42b0bfeef1a6c00f0c 997420945d9b4e42b0bfeef1a6c00f0c] 10.0.0.62 "GET /resource_providers/65bd3237-9887-4c1a-881e-2dddff90f397/aggregates" status: 404 len: 235 microversion: 1.1 [pid: 8|app: 0|req: 332/667] 10.0.0.62 () {32 vars in 815 bytes} [Thu Jul 16 08:08:29 2026] GET /resource_providers/65bd3237-9887-4c1a-881e-2dddff90f397/aggregates => generated 235 bytes in 13 msecs (HTTP/1.1 404) 5 headers in 202 bytes (1 switches on core 0)
2026-07-16 08:08:29.485 7 INFO placement.requestlog [None req-54d5e84d-d85f-400b-9680-45d6f5ba62c4 a97c102740294164a2c0ba9aaf5a2a1c 9f936237f6c74b8482f4ab8fc57e45ec - - 997420945d9b4e42b0bfeef1a6c00f0c 997420945d9b4e42b0bfeef1a6c00f0c] 10.0.0.62 "DELETE /resource_providers/65bd3237-9887-4c1a-881e-2dddff90f397" status: 404 len: 246 microversion: 1.1 [pid: 7|app: 0|req: 336/668] 10.0.0.62 () {34 vars in 815 bytes} [Thu Jul 16 08:08:29 2026] DELETE /resource_providers/65bd3237-9887-4c1a-881e-2dddff90f397 => generated 246 bytes in 10 msecs (HTTP/1.1 404) 6 headers in 231 bytes (1 switches on core 0)
2026-07-16 08:08:29.494 8 INFO placement.requestlog [None req-9850fc49-b887-4fb3-bbd3-d79ea33c1d60 a97c102740294164a2c0ba9aaf5a2a1c 9f936237f6c74b8482f4ab8fc57e45ec - - 997420945d9b4e42b0bfeef1a6c00f0c 997420945d9b4e42b0bfeef1a6c00f0c] 10.0.0.62 "DELETE /resource_providers/65bd3237-9887-4c1a-881e-2dddff90f397" status: 404 len: 246 microversion: 1.1 [pid: 8|app: 0|req: 333/669] 10.0.0.62 () {34 vars in 815 bytes} [Thu Jul 16 08:08:29 2026] DELETE /resource_providers/65bd3237-9887-4c1a-881e-2dddff90f397 => generated 246 bytes in 18 msecs (HTTP/1.1 404) 6 headers in 231 bytes (1 switches on core 0)
2026-07-16 08:08:30.172 7 INFO placement.requestlog [req-848d8a25-6fb6-49ee-898b-d7a4fa0a2db3 req-91f066b6-8038-4ddc-9de8-3571c0745fc9 96c240315e2d410fb449e61e52598ed8 9f936237f6c74b8482f4ab8fc57e45ec - - 997420945d9b4e42b0bfeef1a6c00f0c 997420945d9b4e42b0bfeef1a6c00f0c] 199.19.213.17 "GET /resource_providers/4bb25e82-17ef-4d29-80ec-efd59c1c5c5f/allocations" status: 200 len: 338 microversion: 1.0 [pid: 7|app: 0|req: 337/670] 199.19.213.17 () {32 vars in 856 bytes} [Thu Jul 16 08:08:30 2026] GET /resource_providers/4bb25e82-17ef-4d29-80ec-efd59c1c5c5f/allocations => generated 338 bytes in 19 msecs (HTTP/1.1 200) 6 headers in 224 bytes (1 switches on core 0)
2026-07-16 08:08:30.199 8 INFO placement.requestlog [req-848d8a25-6fb6-49ee-898b-d7a4fa0a2db3 req-8079b4a3-bfd7-4a53-83a1-a375c6b39e9a 96c240315e2d410fb449e61e52598ed8 9f936237f6c74b8482f4ab8fc57e45ec - - 997420945d9b4e42b0bfeef1a6c00f0c 997420945d9b4e42b0bfeef1a6c00f0c] 199.19.213.17 "GET /allocations/d3190bdd-3e7c-4264-b8c7-7d145b7bdb2b" status: 200 len: 257 microversion: 1.28 [pid: 8|app: 0|req: 334/671] 199.19.213.17 () {34 vars in 862 bytes} [Thu Jul 16 08:08:30 2026] GET /allocations/d3190bdd-3e7c-4264-b8c7-7d145b7bdb2b => generated 257 bytes in 19 msecs (HTTP/1.1 200) 8 headers in 296 bytes (1 switches on core 0)
2026-07-16 08:08:30.224 7 INFO placement.requestlog [req-848d8a25-6fb6-49ee-898b-d7a4fa0a2db3 req-38c4a305-1a50-42eb-84fa-181e8c2ff698 96c240315e2d410fb449e61e52598ed8 9f936237f6c74b8482f4ab8fc57e45ec - - 997420945d9b4e42b0bfeef1a6c00f0c 997420945d9b4e42b0bfeef1a6c00f0c] 199.19.213.17 "GET /allocations/7afd2c7f-010f-4641-bfc2-7de72de5aee8" status: 200 len: 257 microversion: 1.28 [pid: 7|app: 0|req: 338/672] 199.19.213.17 () {34 vars in 862 bytes} [Thu Jul 16 08:08:30 2026] GET /allocations/7afd2c7f-010f-4641-bfc2-7de72de5aee8 => generated 257 bytes in 16 msecs (HTTP/1.1 200) 8 headers in 296 bytes (1 switches on core 0)
2026-07-16 08:08:30.250 8 INFO placement.requestlog [req-848d8a25-6fb6-49ee-898b-d7a4fa0a2db3 req-4d1b5333-e9c4-43c4-8cde-085eb8637fd8 96c240315e2d410fb449e61e52598ed8 9f936237f6c74b8482f4ab8fc57e45ec - - 997420945d9b4e42b0bfeef1a6c00f0c 997420945d9b4e42b0bfeef1a6c00f0c] 199.19.213.17 "GET /allocations/ee5b269c-ade8-4d0f-bd69-f63974877b46" status: 200 len: 243 microversion: 1.28 [pid: 8|app: 0|req: 335/673] 199.19.213.17 () {34 vars in 862 bytes} [Thu Jul 16 08:08:30 2026] GET /allocations/ee5b269c-ade8-4d0f-bd69-f63974877b46 => generated 243 bytes in 20 msecs (HTTP/1.1 200) 8 headers in 296 bytes (1 switches on core 0)
2026-07-16 08:08:35.235 8 INFO placement.requestlog [None req-0bce6168-721e-488c-a4ab-57209605e7da - - - - - -] 10.0.0.174 "GET /" status: 200 len: 136 microversion: 1.0
2026-07-16 08:08:35.236 7 INFO placement.requestlog [None req-cf42f60c-8290-451f-905a-2e77184b6efc - - - - - -] 10.0.0.174 "GET /" status: 200 len: 136 microversion: 1.0
2026-07-16 08:08:42.445 8 INFO placement.requestlog [req-e29b79a3-9771-4ba4-aece-a6c6b0c624e6 req-b320d69b-c1d3-47dc-8c71-6f823c235f55 96c240315e2d410fb449e61e52598ed8 9f936237f6c74b8482f4ab8fc57e45ec - - 997420945d9b4e42b0bfeef1a6c00f0c 997420945d9b4e42b0bfeef1a6c00f0c] 199.19.213.17 "GET /resource_providers/4bb25e82-17ef-4d29-80ec-efd59c1c5c5f/allocations" status: 200 len: 338 microversion: 1.0 [pid: 8|app: 0|req: 337/676] 199.19.213.17 () {32 vars in 856 bytes} [Thu Jul 16 08:08:42 2026] GET /resource_providers/4bb25e82-17ef-4d29-80ec-efd59c1c5c5f/allocations => generated 338 bytes in 23 msecs (HTTP/1.1 200) 6 headers in 224 bytes (1 switches on core 0)
2026-07-16 08:08:42.475 7 INFO placement.requestlog [req-e29b79a3-9771-4ba4-aece-a6c6b0c624e6 req-aac8907d-6b33-4161-b894-37a3b4c0beb0 96c240315e2d410fb449e61e52598ed8 9f936237f6c74b8482f4ab8fc57e45ec - - 997420945d9b4e42b0bfeef1a6c00f0c 997420945d9b4e42b0bfeef1a6c00f0c] 199.19.213.17 "GET /resource_providers/4bb25e82-17ef-4d29-80ec-efd59c1c5c5f/allocations" status: 200 len: 338 microversion: 1.0 [pid: 7|app: 0|req: 340/677] 199.19.213.17 () {32 vars in 856 bytes} [Thu Jul 16 08:08:42 2026] GET /resource_providers/4bb25e82-17ef-4d29-80ec-efd59c1c5c5f/allocations => generated 338 bytes in 15 msecs (HTTP/1.1 200) 6 headers in 224 bytes (1 switches on core 0)
2026-07-16 08:08:42.496 8 INFO placement.requestlog [req-e29b79a3-9771-4ba4-aece-a6c6b0c624e6 req-135ae984-cf61-4701-b6d2-957037f8402e 96c240315e2d410fb449e61e52598ed8 9f936237f6c74b8482f4ab8fc57e45ec - - 997420945d9b4e42b0bfeef1a6c00f0c 997420945d9b4e42b0bfeef1a6c00f0c] 199.19.213.17 "GET /allocations/d3190bdd-3e7c-4264-b8c7-7d145b7bdb2b" status: 200 len: 257 microversion: 1.28 [pid: 8|app: 0|req: 338/678] 199.19.213.17 () {34 vars in 862 bytes} [Thu Jul 16 08:08:42 2026] GET /allocations/d3190bdd-3e7c-4264-b8c7-7d145b7bdb2b => generated 257 bytes in 16 msecs (HTTP/1.1 200) 8 headers in 296 bytes (1 switches on core 0)
2026-07-16 08:08:42.521 7 INFO placement.requestlog [req-e29b79a3-9771-4ba4-aece-a6c6b0c624e6 req-8ef20646-515c-4c8f-b84b-eafd5e52a986 96c240315e2d410fb449e61e52598ed8 9f936237f6c74b8482f4ab8fc57e45ec - - 997420945d9b4e42b0bfeef1a6c00f0c 997420945d9b4e42b0bfeef1a6c00f0c] 199.19.213.17 "GET /allocations/7afd2c7f-010f-4641-bfc2-7de72de5aee8" status: 200 len: 257 microversion: 1.28 [pid: 7|app: 0|req: 341/679] 199.19.213.17 () {34 vars in 862 bytes} [Thu Jul 16 08:08:42 2026] GET /allocations/7afd2c7f-010f-4641-bfc2-7de72de5aee8 => generated 257 bytes in 14 msecs (HTTP/1.1 200) 8 headers in 296 bytes (1 switches on core 0)
2026-07-16 08:08:42.551 8 INFO placement.requestlog [req-e29b79a3-9771-4ba4-aece-a6c6b0c624e6 req-27904662-ce0b-4233-b541-d5b9a49fbd18 96c240315e2d410fb449e61e52598ed8 9f936237f6c74b8482f4ab8fc57e45ec - - 997420945d9b4e42b0bfeef1a6c00f0c 997420945d9b4e42b0bfeef1a6c00f0c] 199.19.213.17 "GET /allocations/ee5b269c-ade8-4d0f-bd69-f63974877b46" status: 200 len: 243 microversion: 1.28 [pid: 8|app: 0|req: 339/680] 199.19.213.17 () {34 vars in 862 bytes} [Thu Jul 16 08:08:42 2026] GET /allocations/ee5b269c-ade8-4d0f-bd69-f63974877b46 => generated 243 bytes in 20 msecs (HTTP/1.1 200) 8 headers in 296 bytes (1 switches on core 0)
2026-07-16 08:08:43.602 7 INFO placement.requestlog [req-851f0ab9-109f-45c5-a025-79d6f0008cbf req-871805e8-0752-4bb7-a3bb-b833096bd99b 96c240315e2d410fb449e61e52598ed8 9f936237f6c74b8482f4ab8fc57e45ec - - 997420945d9b4e42b0bfeef1a6c00f0c 997420945d9b4e42b0bfeef1a6c00f0c] 199.19.213.17 "GET /resource_providers/4bb25e82-17ef-4d29-80ec-efd59c1c5c5f/allocations" status: 200 len: 338 microversion: 1.0 [pid: 7|app: 0|req: 342/681] 199.19.213.17 () {32 vars in 856 bytes} [Thu Jul 16 08:08:43 2026] GET /resource_providers/4bb25e82-17ef-4d29-80ec-efd59c1c5c5f/allocations => generated 338 bytes in 19 msecs (HTTP/1.1 200) 6 headers in 224 bytes (1 switches on core 0)
2026-07-16 08:08:43.620 8 INFO placement.requestlog [req-851f0ab9-109f-45c5-a025-79d6f0008cbf req-32b0d41f-faed-4228-8b70-f0c02b4e15e1 96c240315e2d410fb449e61e52598ed8 9f936237f6c74b8482f4ab8fc57e45ec - - 997420945d9b4e42b0bfeef1a6c00f0c 997420945d9b4e42b0bfeef1a6c00f0c] 199.19.213.17 "GET /allocations/d3190bdd-3e7c-4264-b8c7-7d145b7bdb2b" status: 200 len: 257 microversion: 1.28 [pid: 8|app: 0|req: 340/682] 199.19.213.17 () {34 vars in 862 bytes} [Thu Jul 16 08:08:43 2026] GET /allocations/d3190bdd-3e7c-4264-b8c7-7d145b7bdb2b => generated 257 bytes in 11 msecs (HTTP/1.1 200) 8 headers in 296 bytes (1 switches on core 0)
2026-07-16 08:08:43.644 7 INFO placement.requestlog [req-851f0ab9-109f-45c5-a025-79d6f0008cbf req-e9223eb6-f923-4d34-b35a-775a14ee4165 96c240315e2d410fb449e61e52598ed8 9f936237f6c74b8482f4ab8fc57e45ec - - 997420945d9b4e42b0bfeef1a6c00f0c 997420945d9b4e42b0bfeef1a6c00f0c] 199.19.213.17 "GET /allocations/7afd2c7f-010f-4641-bfc2-7de72de5aee8" status: 200 len: 257 microversion: 1.28 [pid: 7|app: 0|req: 343/683] 199.19.213.17 () {34 vars in 862 bytes} [Thu Jul 16 08:08:43 2026] GET /allocations/7afd2c7f-010f-4641-bfc2-7de72de5aee8 => generated 257 bytes in 16 msecs (HTTP/1.1 200) 8 headers in 296 bytes (1 switches on core 0)
2026-07-16 08:08:43.676 8 INFO placement.requestlog [req-851f0ab9-109f-45c5-a025-79d6f0008cbf req-98fcaa72-35e2-483d-8ee6-852ff86b912f 96c240315e2d410fb449e61e52598ed8 9f936237f6c74b8482f4ab8fc57e45ec - - 997420945d9b4e42b0bfeef1a6c00f0c 997420945d9b4e42b0bfeef1a6c00f0c] 199.19.213.17 "GET /allocations/ee5b269c-ade8-4d0f-bd69-f63974877b46" status: 200 len: 243 microversion: 1.28 [pid: 8|app: 0|req: 341/684] 199.19.213.17 () {34 vars in 862 bytes} [Thu Jul 16 08:08:43 2026] GET /allocations/ee5b269c-ade8-4d0f-bd69-f63974877b46 => generated 243 bytes in 25 msecs (HTTP/1.1 200) 8 headers in 296 bytes (1 switches on core 0)
