Jul 24 00:48:03.098752 np0000186468 devstack@neutron-api.service[101621]: DEBUG ovsdbapp.backend.ovs_idl [None req-bbd71e6e-5a2f-45ce-8632-925fd79a9ee1 None None] Created lookup_table index Logical_Switch.name {{(pid=101621) autocreate_indices /opt/stack/data/venv/lib/python3.12/site-packages/ovsdbapp/backend/ovs_idl/__init__.py:87}}
Jul 24 00:48:03.098902 np0000186468 devstack@neutron-api.service[101621]: DEBUG ovsdbapp.backend.ovs_idl [None req-bbd71e6e-5a2f-45ce-8632-925fd79a9ee1 None None] Created lookup_table index Logical_Router.name {{(pid=101621) autocreate_indices /opt/stack/data/venv/lib/python3.12/site-packages/ovsdbapp/backend/ovs_idl/__init__.py:87}}
Jul 24 00:48:03.099002 np0000186468 devstack@neutron-api.service[101621]: DEBUG ovsdbapp.backend.ovs_idl [None req-bbd71e6e-5a2f-45ce-8632-925fd79a9ee1 None None] Created lookup_table index Load_Balancer.name {{(pid=101621) autocreate_indices /opt/stack/data/venv/lib/python3.12/site-packages/ovsdbapp/backend/ovs_idl/__init__.py:87}}
Jul 24 00:48:03.099118 np0000186468 devstack@neutron-api.service[101621]: DEBUG ovsdbapp.backend.ovs_idl [None req-bbd71e6e-5a2f-45ce-8632-925fd79a9ee1 None None] Created schema index Copp.name {{(pid=101621) autocreate_indices /opt/stack/data/venv/lib/python3.12/site-packages/ovsdbapp/backend/ovs_idl/__init__.py:106}}
Jul 24 00:48:03.099208 np0000186468 devstack@neutron-api.service[101621]: DEBUG ovsdbapp.backend.ovs_idl [None req-bbd71e6e-5a2f-45ce-8632-925fd79a9ee1 None None] Created schema index Meter.name {{(pid=101621) autocreate_indices /opt/stack/data/venv/lib/python3.12/site-packages/ovsdbapp/backend/ovs_idl/__init__.py:106}}
Jul 24 00:48:03.099314 np0000186468 devstack@neutron-api.service[101621]: DEBUG ovsdbapp.backend.ovs_idl [None req-bbd71e6e-5a2f-45ce-8632-925fd79a9ee1 None None] Created schema index Load_Balancer_Group.name {{(pid=101621) autocreate_indices /opt/stack/data/venv/lib/python3.12/site-packages/ovsdbapp/backend/ovs_idl/__init__.py:106}}
Jul 24 00:48:03.099399 np0000186468 devstack@neutron-api.service[101621]: DEBUG ovsdbapp.backend.ovs_idl [None req-bbd71e6e-5a2f-45ce-8632-925fd79a9ee1 None None] Created schema index HA_Chassis_Group.name {{(pid=101621) autocreate_indices /opt/stack/data/venv/lib/python3.12/site-packages/ovsdbapp/backend/ovs_idl/__init__.py:106}}
Jul 24 00:48:03.099488 np0000186468 devstack@neutron-api.service[101621]: DEBUG ovsdbapp.backend.ovs_idl [None req-bbd71e6e-5a2f-45ce-8632-925fd79a9ee1 None None] Created schema index Address_Set.name {{(pid=101621) autocreate_indices /opt/stack/data/venv/lib/python3.12/site-packages/ovsdbapp/backend/ovs_idl/__init__.py:106}}
Jul 24 00:48:03.099583 np0000186468 devstack@neutron-api.service[101621]: DEBUG ovsdbapp.backend.ovs_idl [None req-bbd71e6e-5a2f-45ce-8632-925fd79a9ee1 None None] Created schema index Connection.target {{(pid=101621) autocreate_indices /opt/stack/data/venv/lib/python3.12/site-packages/ovsdbapp/backend/ovs_idl/__init__.py:106}}
Jul 24 00:48:03.099670 np0000186468 devstack@neutron-api.service[101621]: DEBUG ovsdbapp.backend.ovs_idl [None req-bbd71e6e-5a2f-45ce-8632-925fd79a9ee1 None None] Created schema index Gateway_Chassis.name {{(pid=101621) autocreate_indices /opt/stack/data/venv/lib/python3.12/site-packages/ovsdbapp/backend/ovs_idl/__init__.py:106}}
Jul 24 00:48:03.099756 np0000186468 devstack@neutron-api.service[101621]: DEBUG ovsdbapp.backend.ovs_idl [None req-bbd71e6e-5a2f-45ce-8632-925fd79a9ee1 None None] Created schema index Mirror.name {{(pid=101621) autocreate_indices /opt/stack/data/venv/lib/python3.12/site-packages/ovsdbapp/backend/ovs_idl/__init__.py:106}}
Jul 24 00:48:03.099845 np0000186468 devstack@neutron-api.service[101621]: DEBUG ovsdbapp.backend.ovs_idl [None req-bbd71e6e-5a2f-45ce-8632-925fd79a9ee1 None None] Created schema index Chassis_Template_Var.chassis {{(pid=101621) autocreate_indices /opt/stack/data/venv/lib/python3.12/site-packages/ovsdbapp/backend/ovs_idl/__init__.py:106}}
Jul 24 00:48:03.100031 np0000186468 devstack@neutron-api.service[101621]: DEBUG ovsdbapp.backend.ovs_idl [None req-bbd71e6e-5a2f-45ce-8632-925fd79a9ee1 None None] Created schema index Logical_Router_Port.name {{(pid=101621) autocreate_indices /opt/stack/data/venv/lib/python3.12/site-packages/ovsdbapp/backend/ovs_idl/__init__.py:106}}
Jul 24 00:48:03.100121 np0000186468 devstack@neutron-api.service[101621]: DEBUG ovsdbapp.backend.ovs_idl [None req-bbd71e6e-5a2f-45ce-8632-925fd79a9ee1 None None] Created schema index Port_Group.name {{(pid=101621) autocreate_indices /opt/stack/data/venv/lib/python3.12/site-packages/ovsdbapp/backend/ovs_idl/__init__.py:106}}
Jul 24 00:48:03.100230 np0000186468 devstack@neutron-api.service[101621]: DEBUG ovsdbapp.backend.ovs_idl [None req-bbd71e6e-5a2f-45ce-8632-925fd79a9ee1 None None] Created schema index Logical_Switch_Port.name {{(pid=101621) autocreate_indices /opt/stack/data/venv/lib/python3.12/site-packages/ovsdbapp/backend/ovs_idl/__init__.py:106}}
Jul 24 00:48:03.102702 np0000186468 devstack@neutron-api.service[101621]: INFO ovsdbapp.backend.ovs_idl.vlog [None req-bbd71e6e-5a2f-45ce-8632-925fd79a9ee1 None None] ssl:199.204.45.162:6641: connecting...
Jul 24 00:48:03.109592 np0000186468 devstack@neutron-api.service[101621]: INFO ovsdbapp.backend.ovs_idl.vlog [None req-bbd71e6e-5a2f-45ce-8632-925fd79a9ee1 None None] ssl:199.204.45.162:6641: connected
Jul 24 00:48:03.150628 np0000186468 devstack@neutron-api.service[101621]: DEBUG neutron.common.ovn.hash_ring_manager [None req-bbd71e6e-5a2f-45ce-8632-925fd79a9ee1 None None] Disallow caching, nodes 1<4 {{(pid=101621) _wait_startup_before_caching /opt/stack/neutron/neutron/common/ovn/hash_ring_manager.py:79}}
Jul 24 00:48:03.154910 np0000186468 devstack@neutron-api.service[101621]: DEBUG neutron.common.ovn.hash_ring_manager [None req-bbd71e6e-5a2f-45ce-8632-925fd79a9ee1 None None] Hash Ring loaded. 1 active nodes. 0 offline nodes {{(pid=101621) _load_hash_ring /opt/stack/neutron/neutron/common/ovn/hash_ring_manager.py:110}}
Jul 24 00:48:03.155083 np0000186468 devstack@neutron-api.service[101621]: DEBUG neutron.plugins.ml2.drivers.ovn.mech_driver.ovsdb.ovsdb_monitor [None req-bbd71e6e-5a2f-45ce-8632-925fd79a9ee1 None None] Hash Ring: Node 7d49b6b903265b66a042276ec86759cc (host: np0000186468) handling event "create" for row 6b6b5d14-eb07-48a4-8e62-0478ee25284c (table: ACL) {{(pid=101621) notify /opt/stack/neutron/neutron/plugins/ml2/drivers/ovn/mech_driver/ovsdb/ovsdb_monitor.py:1013}}
Jul 24 00:48:03.160231 np0000186468 devstack@neutron-api.service[101621]: DEBUG neutron.common.ovn.hash_ring_manager [None req-bbd71e6e-5a2f-45ce-8632-925fd79a9ee1 None None] Hash Ring loaded. 1 active nodes. 0 offline nodes {{(pid=101621) _load_hash_ring /opt/stack/neutron/neutron/common/ovn/hash_ring_manager.py:110}}
Jul 24 00:48:03.160419 np0000186468 devstack@neutron-api.service[101621]: DEBUG neutron.plugins.ml2.drivers.ovn.mech_driver.ovsdb.ovsdb_monitor [None req-bbd71e6e-5a2f-45ce-8632-925fd79a9ee1 None None] Hash Ring: Node 7d49b6b903265b66a042276ec86759cc (host: np0000186468) handling event "create" for row c3f3d018-90e3-4949-8b40-e78230213d1c (table: ACL) {{(pid=101621) notify /opt/stack/neutron/neutron/plugins/ml2/drivers/ovn/mech_driver/ovsdb/ovsdb_monitor.py:1013}}
Jul 24 00:48:03.164612 np0000186468 devstack@neutron-api.service[101621]: DEBUG neutron.common.ovn.hash_ring_manager [None req-bbd71e6e-5a2f-45ce-8632-925fd79a9ee1 None None] Hash Ring loaded. 1 active nodes. 0 offline nodes {{(pid=101621) _load_hash_ring /opt/stack/neutron/neutron/common/ovn/hash_ring_manager.py:110}}
Jul 24 00:48:03.164775 np0000186468 devstack@neutron-api.service[101621]: DEBUG neutron.plugins.ml2.drivers.ovn.mech_driver.ovsdb.ovsdb_monitor [None req-bbd71e6e-5a2f-45ce-8632-925fd79a9ee1 None None] Hash Ring: Node 7d49b6b903265b66a042276ec86759cc (host: np0000186468) handling event "create" for row 8c89aa9a-eec6-4491-90dd-2273f9e04c56 (table: Connection) {{(pid=101621) notify /opt/stack/neutron/neutron/plugins/ml2/drivers/ovn/mech_driver/ovsdb/ovsdb_monitor.py:1013}}
Jul 24 00:48:03.169095 np0000186468 devstack@neutron-api.service[101621]: DEBUG neutron.common.ovn.hash_ring_manager [None req-bbd71e6e-5a2f-45ce-8632-925fd79a9ee1 None None] Hash Ring loaded. 1 active nodes. 0 offline nodes {{(pid=101621) _load_hash_ring /opt/stack/neutron/neutron/common/ovn/hash_ring_manager.py:110}}
Jul 24 00:48:03.169355 np0000186468 devstack@neutron-api.service[101621]: DEBUG neutron.plugins.ml2.drivers.ovn.mech_driver.ovsdb.ovsdb_monitor [None req-bbd71e6e-5a2f-45ce-8632-925fd79a9ee1 None None] Hash Ring: Node 7d49b6b903265b66a042276ec86759cc (host: np0000186468) handling event "create" for row dd6b8e6e-c34a-4ee7-959b-f93c050d3dfd (table: NB_Global) {{(pid=101621) notify /opt/stack/neutron/neutron/plugins/ml2/drivers/ovn/mech_driver/ovsdb/ovsdb_monitor.py:1013}}
Jul 24 00:48:03.173685 np0000186468 devstack@neutron-api.service[101621]: DEBUG neutron.common.ovn.hash_ring_manager [None req-bbd71e6e-5a2f-45ce-8632-925fd79a9ee1 None None] Hash Ring loaded. 1 active nodes. 0 offline nodes {{(pid=101621) _load_hash_ring /opt/stack/neutron/neutron/common/ovn/hash_ring_manager.py:110}}
Jul 24 00:48:03.173870 np0000186468 devstack@neutron-api.service[101621]: DEBUG neutron.plugins.ml2.drivers.ovn.mech_driver.ovsdb.ovsdb_monitor [None req-bbd71e6e-5a2f-45ce-8632-925fd79a9ee1 None None] Hash Ring: Node 7d49b6b903265b66a042276ec86759cc (host: np0000186468) handling event "create" for row 44ef4c9d-43c2-4e01-885f-122ac6091313 (table: Port_Group) {{(pid=101621) notify /opt/stack/neutron/neutron/plugins/ml2/drivers/ovn/mech_driver/ovsdb/ovsdb_monitor.py:1013}}
Jul 24 00:48:03.178081 np0000186468 devstack@neutron-api.service[101621]: DEBUG neutron.common.ovn.hash_ring_manager [None req-bbd71e6e-5a2f-45ce-8632-925fd79a9ee1 None None] Hash Ring loaded. 1 active nodes. 0 offline nodes {{(pid=101621) _load_hash_ring /opt/stack/neutron/neutron/common/ovn/hash_ring_manager.py:110}}
Jul 24 00:48:03.178226 np0000186468 devstack@neutron-api.service[101621]: DEBUG neutron.plugins.ml2.drivers.ovn.mech_driver.ovsdb.ovsdb_monitor [None req-bbd71e6e-5a2f-45ce-8632-925fd79a9ee1 None None] Hash Ring: Node 7d49b6b903265b66a042276ec86759cc (host: np0000186468) handling event "create" for row fe786530-40f0-4247-99dd-f79290fbdf20 (table: SSL) {{(pid=101621) notify /opt/stack/neutron/neutron/plugins/ml2/drivers/ovn/mech_driver/ovsdb/ovsdb_monitor.py:1013}}
Jul 24 00:48:03.179081 np0000186468 devstack@neutron-api.service[101621]: INFO neutron.plugins.ml2.drivers.ovn.mech_driver.ovsdb.impl_idl_ovn [None req-bbd71e6e-5a2f-45ce-8632-925fd79a9ee1 None None] Getting OvsdbSbOvnIdl for WorkerService with retry
Jul 24 00:48:03.205612 np0000186468 devstack@neutron-api.service[101621]: DEBUG ovsdbapp.backend.ovs_idl [None req-bbd71e6e-5a2f-45ce-8632-925fd79a9ee1 None None] Created lookup_table index Chassis.name {{(pid=101621) autocreate_indices /opt/stack/data/venv/lib/python3.12/site-packages/ovsdbapp/backend/ovs_idl/__init__.py:87}}
Jul 24 00:48:03.205711 np0000186468 devstack@neutron-api.service[101621]: DEBUG ovsdbapp.backend.ovs_idl [None req-bbd71e6e-5a2f-45ce-8632-925fd79a9ee1 None None] Created lookup_table index Port_Binding.logical_port {{(pid=101621) autocreate_indices /opt/stack/data/venv/lib/python3.12/site-packages/ovsdbapp/backend/ovs_idl/__init__.py:87}}
Jul 24 00:48:03.205862 np0000186468 devstack@neutron-api.service[101621]: DEBUG ovsdbapp.backend.ovs_idl [None req-bbd71e6e-5a2f-45ce-8632-925fd79a9ee1 None None] Created schema index Chassis_Private.name {{(pid=101621) autocreate_indices /opt/stack/data/venv/lib/python3.12/site-packages/ovsdbapp/backend/ovs_idl/__init__.py:106}}
Jul 24 00:48:03.205862 np0000186468 devstack@neutron-api.service[101621]: DEBUG ovsdbapp.backend.ovs_idl [None req-bbd71e6e-5a2f-45ce-8632-925fd79a9ee1 None None] Created schema index Datapath_Binding.tunnel_key {{(pid=101621) autocreate_indices /opt/stack/data/venv/lib/python3.12/site-packages/ovsdbapp/backend/ovs_idl/__init__.py:106}}
Jul 24 00:48:03.207963 np0000186468 devstack@neutron-api.service[101621]: INFO ovsdbapp.backend.ovs_idl.vlog [None req-bbd71e6e-5a2f-45ce-8632-925fd79a9ee1 None None] ssl:199.204.45.162:6642: connecting...
Jul 24 00:48:03.212216 np0000186468 devstack@neutron-api.service[101621]: INFO ovsdbapp.backend.ovs_idl.vlog [None req-bbd71e6e-5a2f-45ce-8632-925fd79a9ee1 None None] ssl:199.204.45.162:6642: connected
Jul 24 00:48:03.236567 np0000186468 devstack@neutron-api.service[101621]: DEBUG neutron.common.ovn.hash_ring_manager [None req-bbd71e6e-5a2f-45ce-8632-925fd79a9ee1 None None] Disallow caching, nodes 1<4 {{(pid=101621) _wait_startup_before_caching /opt/stack/neutron/neutron/common/ovn/hash_ring_manager.py:79}}
Jul 24 00:48:03.239509 np0000186468 devstack@neutron-api.service[101621]: DEBUG neutron.common.ovn.hash_ring_manager [None req-bbd71e6e-5a2f-45ce-8632-925fd79a9ee1 None None] Hash Ring loaded. 1 active nodes. 0 offline nodes {{(pid=101621) _load_hash_ring /opt/stack/neutron/neutron/common/ovn/hash_ring_manager.py:110}}
Jul 24 00:48:03.239646 np0000186468 devstack@neutron-api.service[101621]: DEBUG neutron.plugins.ml2.drivers.ovn.mech_driver.ovsdb.ovsdb_monitor [None req-bbd71e6e-5a2f-45ce-8632-925fd79a9ee1 None None] Hash Ring: Node 7d49b6b903265b66a042276ec86759cc (host: np0000186468) handling event "create" for row 28239861-c96a-43fc-ad73-8091f6ae6f92 (table: Chassis) {{(pid=101621) notify /opt/stack/neutron/neutron/plugins/ml2/drivers/ovn/mech_driver/ovsdb/ovsdb_monitor.py:1013}}
Jul 24 00:48:03.240393 np0000186468 devstack@neutron-api.service[101621]: DEBUG ovsdbapp.backend.ovs_idl.event [None req-bbd71e6e-5a2f-45ce-8632-925fd79a9ee1 None None] Matched CREATE: ChassisBandwidthConfigEvent(events=('create', 'update'), table='Chassis', conditions=None, old_conditions=None), priority=20 to row=Chassis(uuid=28239861-c96a-43fc-ad73-8091f6ae6f92, encaps=[92db039e-b01b-4b27-affe-eb9de798adf0], external_ids={}, hostname='np0000186468', name='4393e048-d567-4a5a-9e69-c1008b40283c', nb_cfg=0, other_config={'ct-commit-nat-v2': 'true', 'ct-commit-to-zone': 'true', 'ct-next-zone': 'true', 'ct-no-masked-label': 'true', 'ct-state-save': 'true', 'datapath-type': 'system', 'fdb-timestamp': 'true', 'iface-types': 'afxdp,afxdp-nonpmd,bareudp,erspan,geneve,gre,gtpu,internal,ip6erspan,ip6gre,lisp,patch,srv6,stt,system,tap,vxlan', 'is-interconn': 'false', 'ls-dpg-column': 'true', 'mac-binding-timestamp': 'true', 'ovn-bridge-mappings': 'public:br-ex', 'ovn-chassis-mac-mappings': '', 'ovn-cms-options': 'enable-chassis-as-gw', 'ovn-ct-lb-related': 'true', 'ovn-enable-lflow-cache': 'true', 'ovn-limit-lflow-cache': '', 'ovn-memlimit-lflow-cache-kb': '', 'ovn-monitor-all': 'false', 'ovn-trim-limit-lflow-cache': '', 'ovn-trim-timeout-ms': '', 'ovn-trim-wmark-perc-lflow-cache': '', 'port-up-notif': 'true'}, transport_zones=[], vtep_logical_switches=[]) old= {{(pid=101621) matches /opt/stack/data/venv/lib/python3.12/site-packages/ovsdbapp/backend/ovs_idl/event.py:55}}
Jul 24 00:48:03.241082 np0000186468 devstack@neutron-api.service[101621]: DEBUG ovsdbapp.backend.ovs_idl.event [None req-bbd71e6e-5a2f-45ce-8632-925fd79a9ee1 None None] Matched CREATE: ChassisAgentWriteEvent(events=('create', 'update'), table='Chassis_Private', conditions=None, old_conditions=None), priority=20 to row=Chassis_Private(uuid=311f8640-0cc8-478b-93f8-c9ff07ecd22e, chassis=28239861-c96a-43fc-ad73-8091f6ae6f92, external_ids={'neutron:ovn-bridge': 'br-int', 'neutron:ovn-neutron-agent-id': 'a7a9b9f9-077a-55a3-b128-cd35c228de64', 'neutron:ovn-neutron-agent-sb-cfg': '0'}, name='4393e048-d567-4a5a-9e69-c1008b40283c', nb_cfg=0, nb_cfg_timestamp=0) old= {{(pid=101621) matches /opt/stack/data/venv/lib/python3.12/site-packages/ovsdbapp/backend/ovs_idl/event.py:55}}
Jul 24 00:48:03.241458 np0000186468 devstack@neutron-api.service[101621]: DEBUG ovsdbapp.backend.ovs_idl.event [None req-bbd71e6e-5a2f-45ce-8632-925fd79a9ee1 None None] Matched CREATE: ChassisOVNAgentWriteEvent(events=('create', 'update'), table='Chassis_Private', conditions=None, old_conditions=None), priority=20 to row=Chassis_Private(uuid=311f8640-0cc8-478b-93f8-c9ff07ecd22e, chassis=28239861-c96a-43fc-ad73-8091f6ae6f92, external_ids={'neutron:ovn-bridge': 'br-int', 'neutron:ovn-neutron-agent-id': 'a7a9b9f9-077a-55a3-b128-cd35c228de64', 'neutron:ovn-neutron-agent-sb-cfg': '0'}, name='4393e048-d567-4a5a-9e69-c1008b40283c', nb_cfg=0, nb_cfg_timestamp=0) old= {{(pid=101621) matches /opt/stack/data/venv/lib/python3.12/site-packages/ovsdbapp/backend/ovs_idl/event.py:55}}
Jul 24 00:48:03.245994 np0000186468 devstack@neutron-api.service[101621]: DEBUG neutron.common.ovn.hash_ring_manager [None req-bbd71e6e-5a2f-45ce-8632-925fd79a9ee1 None None] Hash Ring loaded. 1 active nodes. 0 offline nodes {{(pid=101621) _load_hash_ring /opt/stack/neutron/neutron/common/ovn/hash_ring_manager.py:110}}
Jul 24 00:48:03.246113 np0000186468 devstack@neutron-api.service[101621]: DEBUG neutron.plugins.ml2.drivers.ovn.mech_driver.ovsdb.ovsdb_monitor [None req-bbd71e6e-5a2f-45ce-8632-925fd79a9ee1 None None] Hash Ring: Node 7d49b6b903265b66a042276ec86759cc (host: np0000186468) handling event "create" for row 311f8640-0cc8-478b-93f8-c9ff07ecd22e (table: Chassis_Private) {{(pid=101621) notify /opt/stack/neutron/neutron/plugins/ml2/drivers/ovn/mech_driver/ovsdb/ovsdb_monitor.py:1013}}
Jul 24 00:48:03.254033 np0000186468 devstack@neutron-api.service[101621]: DEBUG neutron.common.ovn.hash_ring_manager [None req-bbd71e6e-5a2f-45ce-8632-925fd79a9ee1 None None] Hash Ring loaded. 1 active nodes. 0 offline nodes {{(pid=101621) _load_hash_ring /opt/stack/neutron/neutron/common/ovn/hash_ring_manager.py:110}}
Jul 24 00:48:03.254252 np0000186468 devstack@neutron-api.service[101621]: DEBUG neutron.plugins.ml2.drivers.ovn.mech_driver.ovsdb.ovsdb_monitor [None req-bbd71e6e-5a2f-45ce-8632-925fd79a9ee1 None None] Hash Ring: Node 7d49b6b903265b66a042276ec86759cc (host: np0000186468) handling event "create" for row 92db039e-b01b-4b27-affe-eb9de798adf0 (table: Encap) {{(pid=101621) notify /opt/stack/neutron/neutron/plugins/ml2/drivers/ovn/mech_driver/ovsdb/ovsdb_monitor.py:1013}}
Jul 24 00:48:03.256814 np0000186468 devstack@neutron-api.service[101621]: INFO neutron.plugins.ml2.drivers.ovn.mech_driver.mech_driver [None req-bbd71e6e-5a2f-45ce-8632-925fd79a9ee1 None None] WorkerService process has finished the post initialization
Jul 24 00:48:03.256814 np0000186468 devstack@neutron-api.service[101621]: DEBUG oslo_concurrency.processutils [None req-bbd71e6e-5a2f-45ce-8632-925fd79a9ee1 None None] Running cmd (subprocess): ovsdb-client transact ssl:199.204.45.162:6641 --timeout 180 -p /opt/stack/data/CA/int-ca/private/devstack-cert.key -c /opt/stack/data/CA/int-ca/devstack-cert.crt -C /opt/stack/data/CA/int-ca/ca-chain.pem ["OVN_Northbound", {"op": "wait", "timeout": 0, "table": "Port_Group", "where": [["name", "==", "pvlan_pg_drop"]], "until": "==", "rows": []}, {"op": "insert", "table": "ACL", "row": {"action": "drop", "direction": "to-lport", "match": "outport == @pvlan_pg_drop && ip", "priority": 1010}, "uuid-name": "pvlandroptoport"}, {"op": "insert", "table": "ACL", "row": {"action": "drop", "direction": "from-lport", "match": "inport == @pvlan_pg_drop && ip", "priority": 1010}, "uuid-name": "pvlandropfromport"}, {"op": "insert", "table": "Port_Group", "row": {"name": "pvlan_pg_drop", "acls": ["set", [["named-uuid", "pvlandroptoport"], ["named-uuid", "pvlandropfromport"]]]}}] {{(pid=101621) execute /opt/stack/data/venv/lib/python3.12/site-packages/oslo_concurrency/processutils.py:440}}
Jul 24 00:48:03.256814 np0000186468 devstack@neutron-api.service[101621]: INFO neutron.plugins.ml2.drivers.ovn.mech_driver.ovsdb.extensions.qos [-] Starting OVNClientQosExtension
Jul 24 00:48:03.256814 np0000186468 devstack@neutron-api.service[101621]: INFO neutron.plugins.ml2.drivers.ovn.mech_driver.ovsdb.extensions.placement [-] Starting OVNClientPlacementExtension
Jul 24 00:48:03.310858 np0000186468 devstack@neutron-api.service[101621]: DEBUG oslo_concurrency.processutils [None req-bbd71e6e-5a2f-45ce-8632-925fd79a9ee1 None None] CMD "ovsdb-client transact ssl:199.204.45.162:6641 --timeout 180 -p /opt/stack/data/CA/int-ca/private/devstack-cert.key -c /opt/stack/data/CA/int-ca/devstack-cert.crt -C /opt/stack/data/CA/int-ca/ca-chain.pem ["OVN_Northbound", {"op": "wait", "timeout": 0, "table": "Port_Group", "where": [["name", "==", "pvlan_pg_drop"]], "until": "==", "rows": []}, {"op": "insert", "table": "ACL", "row": {"action": "drop", "direction": "to-lport", "match": "outport == @pvlan_pg_drop && ip", "priority": 1010}, "uuid-name": "pvlandroptoport"}, {"op": "insert", "table": "ACL", "row": {"action": "drop", "direction": "from-lport", "match": "inport == @pvlan_pg_drop && ip", "priority": 1010}, "uuid-name": "pvlandropfromport"}, {"op": "insert", "table": "Port_Group", "row": {"name": "pvlan_pg_drop", "acls": ["set", [["named-uuid", "pvlandroptoport"], ["named-uuid", "pvlandropfromport"]]]}}]" returned: 0 in 0.055s {{(pid=101621) execute /opt/stack/data/venv/lib/python3.12/site-packages/oslo_concurrency/processutils.py:468}}
Jul 24 00:48:03.319380 np0000186468 devstack@neutron-api.service[101621]: WSGI app 0 (mountpoint='') ready in 6 seconds on interpreter 0x7e152e2a4668 pid: 101621 (default app)
Jul 24 00:48:03.324475 np0000186468 devstack@neutron-api.service[101621]: DEBUG neutron.common.ovn.hash_ring_manager [-] Hash Ring loaded. 1 active nodes. 0 offline nodes {{(pid=101621) _load_hash_ring /opt/stack/neutron/neutron/common/ovn/hash_ring_manager.py:110}}
Jul 24 00:48:03.324659 np0000186468 devstack@neutron-api.service[101621]: DEBUG neutron.plugins.ml2.drivers.ovn.mech_driver.ovsdb.ovsdb_monitor [-] Hash Ring: Node 7d49b6b903265b66a042276ec86759cc (host: np0000186468) handling event "create" for row ba1730b9-d761-405a-854a-fefe53fccdeb (table: ACL) {{(pid=101621) notify /opt/stack/neutron/neutron/plugins/ml2/drivers/ovn/mech_driver/ovsdb/ovsdb_monitor.py:1013}}
Jul 24 00:48:03.330869 np0000186468 devstack@neutron-api.service[101621]: DEBUG neutron.common.ovn.hash_ring_manager [-] Hash Ring loaded. 1 active nodes. 0 offline nodes {{(pid=101621) _load_hash_ring /opt/stack/neutron/neutron/common/ovn/hash_ring_manager.py:110}}
Jul 24 00:48:03.331048 np0000186468 devstack@neutron-api.service[101621]: DEBUG neutron.plugins.ml2.drivers.ovn.mech_driver.ovsdb.ovsdb_monitor [-] Hash Ring: Node 7d49b6b903265b66a042276ec86759cc (host: np0000186468) handling event "create" for row c0e4aeab-18ae-44e5-a415-4369501866fe (table: ACL) {{(pid=101621) notify /opt/stack/neutron/neutron/plugins/ml2/drivers/ovn/mech_driver/ovsdb/ovsdb_monitor.py:1013}}
Jul 24 00:48:03.335824 np0000186468 devstack@neutron-api.service[101621]: DEBUG neutron.common.ovn.hash_ring_manager [-] Hash Ring loaded. 1 active nodes. 0 offline nodes {{(pid=101621) _load_hash_ring /opt/stack/neutron/neutron/common/ovn/hash_ring_manager.py:110}}
Jul 24 00:48:03.335942 np0000186468 devstack@neutron-api.service[101621]: DEBUG neutron.plugins.ml2.drivers.ovn.mech_driver.ovsdb.ovsdb_monitor [-] Hash Ring: Node 7d49b6b903265b66a042276ec86759cc (host: np0000186468) handling event "create" for row 0f8bb625-3add-403d-ad98-2bccb54dd05d (table: Port_Group) {{(pid=101621) notify /opt/stack/neutron/neutron/plugins/ml2/drivers/ovn/mech_driver/ovsdb/ovsdb_monitor.py:1013}}
Jul 24 00:48:03.359651 np0000186468 devstack@neutron-api.service[101620]: INFO neutron.plugins.ml2.managers [None req-545a4d1c-c31d-4530-86ea-901deb99b4a8 None None] Initializing driver for type 'local'
Jul 24 00:48:03.359874 np0000186468 devstack@neutron-api.service[101620]: INFO neutron.plugins.ml2.managers [None req-545a4d1c-c31d-4530-86ea-901deb99b4a8 None None] Initializing driver for type 'vlan'
Jul 24 00:48:03.360074 np0000186468 devstack@neutron-api.service[101619]: INFO neutron.plugins.ml2.managers [None req-69f887d9-cd7f-428d-8fe6-ddeddb3c8968 None None] Initializing driver for type 'local'
Jul 24 00:48:03.360327 np0000186468 devstack@neutron-api.service[101619]: INFO neutron.plugins.ml2.managers [None req-69f887d9-cd7f-428d-8fe6-ddeddb3c8968 None None] Initializing driver for type 'vlan'
Jul 24 00:48:03.368770 np0000186468 devstack@neutron-api.service[101618]: INFO neutron.plugins.ml2.managers [None req-2dce9f0f-08e6-411d-bdd2-7f9948a2ef4f None None] Initializing driver for type 'local'
Jul 24 00:48:03.368869 np0000186468 devstack@neutron-api.service[101618]: INFO neutron.plugins.ml2.managers [None req-2dce9f0f-08e6-411d-bdd2-7f9948a2ef4f None None] Initializing driver for type 'vlan'
Jul 24 00:48:03.514695 np0000186468 devstack@neutron-api.service[101619]: INFO neutron.plugins.ml2.drivers.type_vlan [None req-69f887d9-cd7f-428d-8fe6-ddeddb3c8968 None None] VlanTypeDriver initialization complete
Jul 24 00:48:03.515145 np0000186468 devstack@neutron-api.service[101619]: INFO neutron.plugins.ml2.managers [None req-69f887d9-cd7f-428d-8fe6-ddeddb3c8968 None None] Initializing extension driver 'port_security'
Jul 24 00:48:03.515145 np0000186468 devstack@neutron-api.service[101619]: INFO neutron.plugins.ml2.extensions.port_security [None req-69f887d9-cd7f-428d-8fe6-ddeddb3c8968 None None] PortSecurityExtensionDriver initialization complete
Jul 24 00:48:03.515145 np0000186468 devstack@neutron-api.service[101619]: INFO neutron.plugins.ml2.managers [None req-69f887d9-cd7f-428d-8fe6-ddeddb3c8968 None None] Initializing extension driver 'qos'
Jul 24 00:48:03.515145 np0000186468 devstack@neutron-api.service[101619]: DEBUG neutron.plugins.ml2.extensions.qos [None req-69f887d9-cd7f-428d-8fe6-ddeddb3c8968 None None] QosExtensionDriver initialization complete {{(pid=101619) initialize /opt/stack/neutron/neutron/plugins/ml2/extensions/qos.py:31}}
Jul 24 00:48:03.515303 np0000186468 devstack@neutron-api.service[101619]: INFO neutron.plugins.ml2.managers [None req-69f887d9-cd7f-428d-8fe6-ddeddb3c8968 None None] Initializing mechanism driver 'ovn'
Jul 24 00:48:03.515328 np0000186468 devstack@neutron-api.service[101619]: INFO neutron.plugins.ml2.drivers.ovn.mech_driver.mech_driver [None req-69f887d9-cd7f-428d-8fe6-ddeddb3c8968 None None] Starting OVNMechanismDriver
Jul 24 00:48:03.516970 np0000186468 devstack@neutron-api.service[101619]: DEBUG neutron_lib.callbacks.manager [None req-69f887d9-cd7f-428d-8fe6-ddeddb3c8968 None None] Subscribe: > process before_spawn 55550000, False {{(pid=101619) subscribe /opt/stack/data/venv/lib/python3.12/site-packages/neutron_lib/callbacks/manager.py:52}}
Jul 24 00:48:03.517127 np0000186468 devstack@neutron-api.service[101619]: DEBUG neutron_lib.callbacks.manager [None req-69f887d9-cd7f-428d-8fe6-ddeddb3c8968 None None] Subscribe: > process after_init 55550000, True {{(pid=101619) subscribe /opt/stack/data/venv/lib/python3.12/site-packages/neutron_lib/callbacks/manager.py:52}}
Jul 24 00:48:03.517276 np0000186468 devstack@neutron-api.service[101619]: DEBUG neutron_lib.callbacks.manager [None req-69f887d9-cd7f-428d-8fe6-ddeddb3c8968 None None] Subscribe: > segment after_create 55550000, False {{(pid=101619) subscribe /opt/stack/data/venv/lib/python3.12/site-packages/neutron_lib/callbacks/manager.py:52}}
Jul 24 00:48:03.517411 np0000186468 devstack@neutron-api.service[101619]: DEBUG neutron_lib.callbacks.manager [None req-69f887d9-cd7f-428d-8fe6-ddeddb3c8968 None None] Subscribe: > segment after_create 55550000, False {{(pid=101619) subscribe /opt/stack/data/venv/lib/python3.12/site-packages/neutron_lib/callbacks/manager.py:52}}
Jul 24 00:48:03.517517 np0000186468 devstack@neutron-api.service[101619]: DEBUG neutron_lib.callbacks.manager [None req-69f887d9-cd7f-428d-8fe6-ddeddb3c8968 None None] Subscribe: > segment after_delete 55550000, False {{(pid=101619) subscribe /opt/stack/data/venv/lib/python3.12/site-packages/neutron_lib/callbacks/manager.py:52}}
Jul 24 00:48:03.517596 np0000186468 devstack@neutron-api.service[101618]: INFO neutron.plugins.ml2.drivers.type_vlan [None req-2dce9f0f-08e6-411d-bdd2-7f9948a2ef4f None None] VlanTypeDriver initialization complete
Jul 24 00:48:03.517631 np0000186468 devstack@neutron-api.service[101619]: DEBUG neutron_lib.callbacks.manager [None req-69f887d9-cd7f-428d-8fe6-ddeddb3c8968 None None] Subscribe: > allowed_address_pair before_create 55550000, False {{(pid=101619) subscribe /opt/stack/data/venv/lib/python3.12/site-packages/neutron_lib/callbacks/manager.py:52}}
Jul 24 00:48:03.517723 np0000186468 devstack@neutron-api.service[101619]: DEBUG neutron_lib.callbacks.manager [None req-69f887d9-cd7f-428d-8fe6-ddeddb3c8968 None None] Subscribe: > security_group precommit_create 55550000, False {{(pid=101619) subscribe /opt/stack/data/venv/lib/python3.12/site-packages/neutron_lib/callbacks/manager.py:52}}
Jul 24 00:48:03.517754 np0000186468 devstack@neutron-api.service[101618]: INFO neutron.plugins.ml2.managers [None req-2dce9f0f-08e6-411d-bdd2-7f9948a2ef4f None None] Initializing extension driver 'port_security'
Jul 24 00:48:03.517933 np0000186468 devstack@neutron-api.service[101619]: DEBUG neutron_lib.callbacks.manager [None req-69f887d9-cd7f-428d-8fe6-ddeddb3c8968 None None] Subscribe: > security_group after_update 55550000, False {{(pid=101619) subscribe /opt/stack/data/venv/lib/python3.12/site-packages/neutron_lib/callbacks/manager.py:52}}
Jul 24 00:48:03.517989 np0000186468 devstack@neutron-api.service[101618]: INFO neutron.plugins.ml2.extensions.port_security [None req-2dce9f0f-08e6-411d-bdd2-7f9948a2ef4f None None] PortSecurityExtensionDriver initialization complete
Jul 24 00:48:03.518044 np0000186468 devstack@neutron-api.service[101619]: DEBUG neutron_lib.callbacks.manager [None req-69f887d9-cd7f-428d-8fe6-ddeddb3c8968 None None] Subscribe: > security_group after_create 55550000, False {{(pid=101619) subscribe /opt/stack/data/venv/lib/python3.12/site-packages/neutron_lib/callbacks/manager.py:52}}
Jul 24 00:48:03.518152 np0000186468 devstack@neutron-api.service[101618]: INFO neutron.plugins.ml2.managers [None req-2dce9f0f-08e6-411d-bdd2-7f9948a2ef4f None None] Initializing extension driver 'qos'
Jul 24 00:48:03.518314 np0000186468 devstack@neutron-api.service[101619]: DEBUG neutron_lib.callbacks.manager [None req-69f887d9-cd7f-428d-8fe6-ddeddb3c8968 None None] Subscribe: > security_group precommit_delete 55550000, False {{(pid=101619) subscribe /opt/stack/data/venv/lib/python3.12/site-packages/neutron_lib/callbacks/manager.py:52}}
Jul 24 00:48:03.518314 np0000186468 devstack@neutron-api.service[101619]: DEBUG neutron_lib.callbacks.manager [None req-69f887d9-cd7f-428d-8fe6-ddeddb3c8968 None None] Subscribe: > security_group after_delete 55550000, False {{(pid=101619) subscribe /opt/stack/data/venv/lib/python3.12/site-packages/neutron_lib/callbacks/manager.py:52}}
Jul 24 00:48:03.518362 np0000186468 devstack@neutron-api.service[101618]: DEBUG neutron.plugins.ml2.extensions.qos [None req-2dce9f0f-08e6-411d-bdd2-7f9948a2ef4f None None] QosExtensionDriver initialization complete {{(pid=101618) initialize /opt/stack/neutron/neutron/plugins/ml2/extensions/qos.py:31}}
Jul 24 00:48:03.518387 np0000186468 devstack@neutron-api.service[101619]: DEBUG neutron_lib.callbacks.manager [None req-69f887d9-cd7f-428d-8fe6-ddeddb3c8968 None None] Subscribe: > security_group_rule precommit_create 55550000, False {{(pid=101619) subscribe /opt/stack/data/venv/lib/python3.12/site-packages/neutron_lib/callbacks/manager.py:52}}
Jul 24 00:48:03.518439 np0000186468 devstack@neutron-api.service[101618]: INFO neutron.plugins.ml2.managers [None req-2dce9f0f-08e6-411d-bdd2-7f9948a2ef4f None None] Initializing mechanism driver 'ovn'
Jul 24 00:48:03.518462 np0000186468 devstack@neutron-api.service[101619]: DEBUG neutron_lib.callbacks.manager [None req-69f887d9-cd7f-428d-8fe6-ddeddb3c8968 None None] Subscribe: > security_group_rule after_create 55550000, False {{(pid=101619) subscribe /opt/stack/data/venv/lib/python3.12/site-packages/neutron_lib/callbacks/manager.py:52}}
Jul 24 00:48:03.518462 np0000186468 devstack@neutron-api.service[101619]: DEBUG neutron_lib.callbacks.manager [None req-69f887d9-cd7f-428d-8fe6-ddeddb3c8968 None None] Subscribe: > security_group_rule before_delete 55550000, False {{(pid=101619) subscribe /opt/stack/data/venv/lib/python3.12/site-packages/neutron_lib/callbacks/manager.py:52}}
Jul 24 00:48:03.518512 np0000186468 devstack@neutron-api.service[101618]: INFO neutron.plugins.ml2.drivers.ovn.mech_driver.mech_driver [None req-2dce9f0f-08e6-411d-bdd2-7f9948a2ef4f None None] Starting OVNMechanismDriver
Jul 24 00:48:03.518559 np0000186468 devstack@neutron-api.service[101619]: DEBUG neutron_lib.callbacks.manager [None req-69f887d9-cd7f-428d-8fe6-ddeddb3c8968 None None] Subscribe: > address_group after_create 55550000, False {{(pid=101619) subscribe /opt/stack/data/venv/lib/python3.12/site-packages/neutron_lib/callbacks/manager.py:52}}
Jul 24 00:48:03.518729 np0000186468 devstack@neutron-api.service[101619]: DEBUG neutron_lib.callbacks.manager [None req-69f887d9-cd7f-428d-8fe6-ddeddb3c8968 None None] Subscribe: > address_group after_update 55550000, False {{(pid=101619) subscribe /opt/stack/data/venv/lib/python3.12/site-packages/neutron_lib/callbacks/manager.py:52}}
Jul 24 00:48:03.518793 np0000186468 devstack@neutron-api.service[101619]: DEBUG neutron_lib.callbacks.manager [None req-69f887d9-cd7f-428d-8fe6-ddeddb3c8968 None None] Subscribe: > address_group after_delete 55550000, False {{(pid=101619) subscribe /opt/stack/data/venv/lib/python3.12/site-packages/neutron_lib/callbacks/manager.py:52}}
Jul 24 00:48:03.519009 np0000186468 devstack@neutron-api.service[101619]: DEBUG neutron_lib.callbacks.manager [None req-69f887d9-cd7f-428d-8fe6-ddeddb3c8968 None None] Subscribe: > qos_plugin after_init 55550000, False {{(pid=101619) subscribe /opt/stack/data/venv/lib/python3.12/site-packages/neutron_lib/callbacks/manager.py:52}}
Jul 24 00:48:03.519100 np0000186468 devstack@neutron-api.service[101619]: DEBUG neutron_lib.callbacks.manager [None req-69f887d9-cd7f-428d-8fe6-ddeddb3c8968 None None] Subscribe: > trunk_plugin after_init 55550000, False {{(pid=101619) subscribe /opt/stack/data/venv/lib/python3.12/site-packages/neutron_lib/callbacks/manager.py:52}}
Jul 24 00:48:03.519343 np0000186468 devstack@neutron-api.service[101619]: DEBUG neutron_lib.callbacks.manager [None req-69f887d9-cd7f-428d-8fe6-ddeddb3c8968 None None] Subscribe: > logging-plugin after_init 55550000, False {{(pid=101619) subscribe /opt/stack/data/venv/lib/python3.12/site-packages/neutron_lib/callbacks/manager.py:52}}
Jul 24 00:48:03.520126 np0000186468 devstack@neutron-api.service[101619]: INFO neutron.services.logapi.drivers.ovn.driver [None req-69f887d9-cd7f-428d-8fe6-ddeddb3c8968 None None] OVN logging driver registered
Jul 24 00:48:03.520126 np0000186468 devstack@neutron-api.service[101619]: DEBUG neutron_lib.callbacks.manager [None req-69f887d9-cd7f-428d-8fe6-ddeddb3c8968 None None] Subscribe: ._register_pvlan_driver at 0x7e1525bbd080> pvlan_plugin before_spawn 55550000, False {{(pid=101619) subscribe /opt/stack/data/venv/lib/python3.12/site-packages/neutron_lib/callbacks/manager.py:52}}
Jul 24 00:48:03.520126 np0000186468 devstack@neutron-api.service[101619]: DEBUG neutron_lib.callbacks.manager [None req-69f887d9-cd7f-428d-8fe6-ddeddb3c8968 None None] Subscribe: process after_init 55550000, False {{(pid=101619) subscribe /opt/stack/data/venv/lib/python3.12/site-packages/neutron_lib/callbacks/manager.py:52}}
Jul 24 00:48:03.520681 np0000186468 devstack@neutron-api.service[101618]: DEBUG neutron_lib.callbacks.manager [None req-2dce9f0f-08e6-411d-bdd2-7f9948a2ef4f None None] Subscribe: > process before_spawn 55550000, False {{(pid=101618) subscribe /opt/stack/data/venv/lib/python3.12/site-packages/neutron_lib/callbacks/manager.py:52}}
Jul 24 00:48:03.520879 np0000186468 devstack@neutron-api.service[101618]: DEBUG neutron_lib.callbacks.manager [None req-2dce9f0f-08e6-411d-bdd2-7f9948a2ef4f None None] Subscribe: > process after_init 55550000, True {{(pid=101618) subscribe /opt/stack/data/venv/lib/python3.12/site-packages/neutron_lib/callbacks/manager.py:52}}
Jul 24 00:48:03.521028 np0000186468 devstack@neutron-api.service[101618]: DEBUG neutron_lib.callbacks.manager [None req-2dce9f0f-08e6-411d-bdd2-7f9948a2ef4f None None] Subscribe: > segment after_create 55550000, False {{(pid=101618) subscribe /opt/stack/data/venv/lib/python3.12/site-packages/neutron_lib/callbacks/manager.py:52}}
Jul 24 00:48:03.521177 np0000186468 devstack@neutron-api.service[101618]: DEBUG neutron_lib.callbacks.manager [None req-2dce9f0f-08e6-411d-bdd2-7f9948a2ef4f None None] Subscribe: > segment after_create 55550000, False {{(pid=101618) subscribe /opt/stack/data/venv/lib/python3.12/site-packages/neutron_lib/callbacks/manager.py:52}}
Jul 24 00:48:03.521355 np0000186468 devstack@neutron-api.service[101618]: DEBUG neutron_lib.callbacks.manager [None req-2dce9f0f-08e6-411d-bdd2-7f9948a2ef4f None None] Subscribe: > segment after_delete 55550000, False {{(pid=101618) subscribe /opt/stack/data/venv/lib/python3.12/site-packages/neutron_lib/callbacks/manager.py:52}}
Jul 24 00:48:03.521497 np0000186468 devstack@neutron-api.service[101618]: DEBUG neutron_lib.callbacks.manager [None req-2dce9f0f-08e6-411d-bdd2-7f9948a2ef4f None None] Subscribe: > allowed_address_pair before_create 55550000, False {{(pid=101618) subscribe /opt/stack/data/venv/lib/python3.12/site-packages/neutron_lib/callbacks/manager.py:52}}
Jul 24 00:48:03.521606 np0000186468 devstack@neutron-api.service[101619]: DEBUG neutron.plugins.ml2.plugin [None req-69f887d9-cd7f-428d-8fe6-ddeddb3c8968 None None] neutron.plugins.ml2.plugin.Ml2Plugin method _start_rpc_notifiers called with arguments () {} {{(pid=101619) wrapper /opt/stack/data/venv/lib/python3.12/site-packages/oslo_log/helpers.py:77}}
Jul 24 00:48:03.522006 np0000186468 devstack@neutron-api.service[101618]: DEBUG neutron_lib.callbacks.manager [None req-2dce9f0f-08e6-411d-bdd2-7f9948a2ef4f None None] Subscribe: > security_group precommit_create 55550000, False {{(pid=101618) subscribe /opt/stack/data/venv/lib/python3.12/site-packages/neutron_lib/callbacks/manager.py:52}}
Jul 24 00:48:03.522006 np0000186468 devstack@neutron-api.service[101618]: DEBUG neutron_lib.callbacks.manager [None req-2dce9f0f-08e6-411d-bdd2-7f9948a2ef4f None None] Subscribe: > security_group after_update 55550000, False {{(pid=101618) subscribe /opt/stack/data/venv/lib/python3.12/site-packages/neutron_lib/callbacks/manager.py:52}}
Jul 24 00:48:03.522228 np0000186468 devstack@neutron-api.service[101619]: DEBUG neutron_lib.callbacks.manager [None req-69f887d9-cd7f-428d-8fe6-ddeddb3c8968 None None] Subscribe: > port after_create 55550000, False {{(pid=101619) subscribe /opt/stack/data/venv/lib/python3.12/site-packages/neutron_lib/callbacks/manager.py:52}}
Jul 24 00:48:03.522284 np0000186468 devstack@neutron-api.service[101618]: DEBUG neutron_lib.callbacks.manager [None req-2dce9f0f-08e6-411d-bdd2-7f9948a2ef4f None None] Subscribe: > security_group after_create 55550000, False {{(pid=101618) subscribe /opt/stack/data/venv/lib/python3.12/site-packages/neutron_lib/callbacks/manager.py:52}}
Jul 24 00:48:03.522309 np0000186468 devstack@neutron-api.service[101619]: DEBUG neutron_lib.callbacks.manager [None req-69f887d9-cd7f-428d-8fe6-ddeddb3c8968 None None] Subscribe: > port after_update 55550000, False {{(pid=101619) subscribe /opt/stack/data/venv/lib/python3.12/site-packages/neutron_lib/callbacks/manager.py:52}}
Jul 24 00:48:03.522342 np0000186468 devstack@neutron-api.service[101618]: DEBUG neutron_lib.callbacks.manager [None req-2dce9f0f-08e6-411d-bdd2-7f9948a2ef4f None None] Subscribe: > security_group precommit_delete 55550000, False {{(pid=101618) subscribe /opt/stack/data/venv/lib/python3.12/site-packages/neutron_lib/callbacks/manager.py:52}}
Jul 24 00:48:03.522393 np0000186468 devstack@neutron-api.service[101619]: DEBUG neutron_lib.callbacks.manager [None req-69f887d9-cd7f-428d-8fe6-ddeddb3c8968 None None] Subscribe: > port after_delete 55550000, False {{(pid=101619) subscribe /opt/stack/data/venv/lib/python3.12/site-packages/neutron_lib/callbacks/manager.py:52}}
Jul 24 00:48:03.522393 np0000186468 devstack@neutron-api.service[101619]: DEBUG neutron_lib.callbacks.manager [None req-69f887d9-cd7f-428d-8fe6-ddeddb3c8968 None None] Subscribe: > subnet after_create 55550000, False {{(pid=101619) subscribe /opt/stack/data/venv/lib/python3.12/site-packages/neutron_lib/callbacks/manager.py:52}}
Jul 24 00:48:03.522469 np0000186468 devstack@neutron-api.service[101618]: DEBUG neutron_lib.callbacks.manager [None req-2dce9f0f-08e6-411d-bdd2-7f9948a2ef4f None None] Subscribe: > security_group after_delete 55550000, False {{(pid=101618) subscribe /opt/stack/data/venv/lib/python3.12/site-packages/neutron_lib/callbacks/manager.py:52}}
Jul 24 00:48:03.522494 np0000186468 devstack@neutron-api.service[101619]: DEBUG neutron_lib.callbacks.manager [None req-69f887d9-cd7f-428d-8fe6-ddeddb3c8968 None None] Subscribe: > subnet after_update 55550000, False {{(pid=101619) subscribe /opt/stack/data/venv/lib/python3.12/site-packages/neutron_lib/callbacks/manager.py:52}}
Jul 24 00:48:03.522523 np0000186468 devstack@neutron-api.service[101618]: DEBUG neutron_lib.callbacks.manager [None req-2dce9f0f-08e6-411d-bdd2-7f9948a2ef4f None None] Subscribe: > security_group_rule precommit_create 55550000, False {{(pid=101618) subscribe /opt/stack/data/venv/lib/python3.12/site-packages/neutron_lib/callbacks/manager.py:52}}
Jul 24 00:48:03.522550 np0000186468 devstack@neutron-api.service[101619]: DEBUG neutron_lib.callbacks.manager [None req-69f887d9-cd7f-428d-8fe6-ddeddb3c8968 None None] Subscribe: > subnet after_delete 55550000, False {{(pid=101619) subscribe /opt/stack/data/venv/lib/python3.12/site-packages/neutron_lib/callbacks/manager.py:52}}
Jul 24 00:48:03.522550 np0000186468 devstack@neutron-api.service[101619]: DEBUG neutron_lib.callbacks.manager [None req-69f887d9-cd7f-428d-8fe6-ddeddb3c8968 None None] Subscribe: > network after_create 55550000, False {{(pid=101619) subscribe /opt/stack/data/venv/lib/python3.12/site-packages/neutron_lib/callbacks/manager.py:52}}
Jul 24 00:48:03.522599 np0000186468 devstack@neutron-api.service[101618]: DEBUG neutron_lib.callbacks.manager [None req-2dce9f0f-08e6-411d-bdd2-7f9948a2ef4f None None] Subscribe: > security_group_rule after_create 55550000, False {{(pid=101618) subscribe /opt/stack/data/venv/lib/python3.12/site-packages/neutron_lib/callbacks/manager.py:52}}
Jul 24 00:48:03.522652 np0000186468 devstack@neutron-api.service[101619]: DEBUG neutron_lib.callbacks.manager [None req-69f887d9-cd7f-428d-8fe6-ddeddb3c8968 None None] Subscribe: > network after_update 55550000, False {{(pid=101619) subscribe /opt/stack/data/venv/lib/python3.12/site-packages/neutron_lib/callbacks/manager.py:52}}
Jul 24 00:48:03.522681 np0000186468 devstack@neutron-api.service[101618]: DEBUG neutron_lib.callbacks.manager [None req-2dce9f0f-08e6-411d-bdd2-7f9948a2ef4f None None] Subscribe: > security_group_rule before_delete 55550000, False {{(pid=101618) subscribe /opt/stack/data/venv/lib/python3.12/site-packages/neutron_lib/callbacks/manager.py:52}}
Jul 24 00:48:03.522707 np0000186468 devstack@neutron-api.service[101619]: DEBUG neutron_lib.callbacks.manager [None req-69f887d9-cd7f-428d-8fe6-ddeddb3c8968 None None] Subscribe: > network after_delete 55550000, False {{(pid=101619) subscribe /opt/stack/data/venv/lib/python3.12/site-packages/neutron_lib/callbacks/manager.py:52}}
Jul 24 00:48:03.522991 np0000186468 devstack@neutron-api.service[101618]: DEBUG neutron_lib.callbacks.manager [None req-2dce9f0f-08e6-411d-bdd2-7f9948a2ef4f None None] Subscribe: > address_group after_create 55550000, False {{(pid=101618) subscribe /opt/stack/data/venv/lib/python3.12/site-packages/neutron_lib/callbacks/manager.py:52}}
Jul 24 00:48:03.523102 np0000186468 devstack@neutron-api.service[101619]: DEBUG neutron_lib.callbacks.manager [None req-69f887d9-cd7f-428d-8fe6-ddeddb3c8968 None None] Subscribe: > security_group after_create 55550000, False {{(pid=101619) subscribe /opt/stack/data/venv/lib/python3.12/site-packages/neutron_lib/callbacks/manager.py:52}}
Jul 24 00:48:03.523102 np0000186468 devstack@neutron-api.service[101619]: DEBUG neutron_lib.callbacks.manager [None req-69f887d9-cd7f-428d-8fe6-ddeddb3c8968 None None] Subscribe: > security_group after_update 55550000, False {{(pid=101619) subscribe /opt/stack/data/venv/lib/python3.12/site-packages/neutron_lib/callbacks/manager.py:52}}
Jul 24 00:48:03.523339 np0000186468 devstack@neutron-api.service[101618]: DEBUG neutron_lib.callbacks.manager [None req-2dce9f0f-08e6-411d-bdd2-7f9948a2ef4f None None] Subscribe: > address_group after_update 55550000, False {{(pid=101618) subscribe /opt/stack/data/venv/lib/python3.12/site-packages/neutron_lib/callbacks/manager.py:52}}
Jul 24 00:48:03.523393 np0000186468 devstack@neutron-api.service[101619]: DEBUG neutron_lib.callbacks.manager [None req-69f887d9-cd7f-428d-8fe6-ddeddb3c8968 None None] Subscribe: > security_group after_delete 55550000, False {{(pid=101619) subscribe /opt/stack/data/venv/lib/python3.12/site-packages/neutron_lib/callbacks/manager.py:52}}
Jul 24 00:48:03.523528 np0000186468 devstack@neutron-api.service[101618]: DEBUG neutron_lib.callbacks.manager [None req-2dce9f0f-08e6-411d-bdd2-7f9948a2ef4f None None] Subscribe: > address_group after_delete 55550000, False {{(pid=101618) subscribe /opt/stack/data/venv/lib/python3.12/site-packages/neutron_lib/callbacks/manager.py:52}}
Jul 24 00:48:03.523709 np0000186468 devstack@neutron-api.service[101619]: DEBUG neutron_lib.callbacks.manager [None req-69f887d9-cd7f-428d-8fe6-ddeddb3c8968 None None] Subscribe: > security_group_rule after_create 55550000, False {{(pid=101619) subscribe /opt/stack/data/venv/lib/python3.12/site-packages/neutron_lib/callbacks/manager.py:52}}
Jul 24 00:48:03.523709 np0000186468 devstack@neutron-api.service[101619]: DEBUG neutron_lib.callbacks.manager [None req-69f887d9-cd7f-428d-8fe6-ddeddb3c8968 None None] Subscribe: > security_group_rule after_update 55550000, False {{(pid=101619) subscribe /opt/stack/data/venv/lib/python3.12/site-packages/neutron_lib/callbacks/manager.py:52}}
Jul 24 00:48:03.523709 np0000186468 devstack@neutron-api.service[101619]: DEBUG neutron_lib.callbacks.manager [None req-69f887d9-cd7f-428d-8fe6-ddeddb3c8968 None None] Subscribe: > security_group_rule after_delete 55550000, False {{(pid=101619) subscribe /opt/stack/data/venv/lib/python3.12/site-packages/neutron_lib/callbacks/manager.py:52}}
Jul 24 00:48:03.523962 np0000186468 devstack@neutron-api.service[101618]: DEBUG neutron_lib.callbacks.manager [None req-2dce9f0f-08e6-411d-bdd2-7f9948a2ef4f None None] Subscribe: > qos_plugin after_init 55550000, False {{(pid=101618) subscribe /opt/stack/data/venv/lib/python3.12/site-packages/neutron_lib/callbacks/manager.py:52}}
Jul 24 00:48:03.524169 np0000186468 devstack@neutron-api.service[101619]: DEBUG neutron_lib.callbacks.manager [None req-69f887d9-cd7f-428d-8fe6-ddeddb3c8968 None None] Subscribe: > address_group after_create 55550000, False {{(pid=101619) subscribe /opt/stack/data/venv/lib/python3.12/site-packages/neutron_lib/callbacks/manager.py:52}}
Jul 24 00:48:03.524169 np0000186468 devstack@neutron-api.service[101619]: DEBUG neutron_lib.callbacks.manager [None req-69f887d9-cd7f-428d-8fe6-ddeddb3c8968 None None] Subscribe: > address_group after_update 55550000, False {{(pid=101619) subscribe /opt/stack/data/venv/lib/python3.12/site-packages/neutron_lib/callbacks/manager.py:52}}
Jul 24 00:48:03.524232 np0000186468 devstack@neutron-api.service[101618]: DEBUG neutron_lib.callbacks.manager [None req-2dce9f0f-08e6-411d-bdd2-7f9948a2ef4f None None] Subscribe: > trunk_plugin after_init 55550000, False {{(pid=101618) subscribe /opt/stack/data/venv/lib/python3.12/site-packages/neutron_lib/callbacks/manager.py:52}}
Jul 24 00:48:03.524266 np0000186468 devstack@neutron-api.service[101619]: DEBUG neutron_lib.callbacks.manager [None req-69f887d9-cd7f-428d-8fe6-ddeddb3c8968 None None] Subscribe: > address_group after_delete 55550000, False {{(pid=101619) subscribe /opt/stack/data/venv/lib/python3.12/site-packages/neutron_lib/callbacks/manager.py:52}}
Jul 24 00:48:03.524266 np0000186468 devstack@neutron-api.service[101619]: DEBUG neutron.plugins.ml2.ovo_rpc [None req-69f887d9-cd7f-428d-8fe6-ddeddb3c8968 None None] ML2 OVO RPC backend initialized. {{(pid=101619) __init__ /opt/stack/neutron/neutron/plugins/ml2/ovo_rpc.py:117}}
Jul 24 00:48:03.524345 np0000186468 devstack@neutron-api.service[101618]: DEBUG neutron_lib.callbacks.manager [None req-2dce9f0f-08e6-411d-bdd2-7f9948a2ef4f None None] Subscribe: > logging-plugin after_init 55550000, False {{(pid=101618) subscribe /opt/stack/data/venv/lib/python3.12/site-packages/neutron_lib/callbacks/manager.py:52}}
Jul 24 00:48:03.524733 np0000186468 devstack@neutron-api.service[101618]: INFO neutron.services.logapi.drivers.ovn.driver [None req-2dce9f0f-08e6-411d-bdd2-7f9948a2ef4f None None] OVN logging driver registered
Jul 24 00:48:03.524925 np0000186468 devstack@neutron-api.service[101619]: INFO neutron.quota [None req-69f887d9-cd7f-428d-8fe6-ddeddb3c8968 None None] Loaded quota_driver: .
Jul 24 00:48:03.524925 np0000186468 devstack@neutron-api.service[101619]: INFO neutron.plugins.ml2.plugin [None req-69f887d9-cd7f-428d-8fe6-ddeddb3c8968 None None] Modular L2 Plugin initialization complete
Jul 24 00:48:03.525123 np0000186468 devstack@neutron-api.service[101618]: DEBUG neutron_lib.callbacks.manager [None req-2dce9f0f-08e6-411d-bdd2-7f9948a2ef4f None None] Subscribe: ._register_pvlan_driver at 0x7e1525bbccc0> pvlan_plugin before_spawn 55550000, False {{(pid=101618) subscribe /opt/stack/data/venv/lib/python3.12/site-packages/neutron_lib/callbacks/manager.py:52}}
