2026-07-15 06:05:15.276 9 INFO neutron.wsgi [None req-45fbb7dc-a7d1-4c37-8760-a0e132ae9ca2 b74d0f6850a24e4db72747476cff5a28 793826d128cb404e972d2611e7ca6d6f - - default default] 10.0.0.181 "DELETE /v2.0/security-groups/ae9c3906-c9db-4e64-b832-b21bc7eea93e HTTP/1.1" status: 204 len: 168 time: 0.2550929
2026-07-15 06:05:15.417 10 INFO neutron.db.ovn_revision_numbers_db [None req-1face15c-2e4a-4ac9-bb79-527657f2625f b74d0f6850a24e4db72747476cff5a28 793826d128cb404e972d2611e7ca6d6f - - default default] Successfully bumped revision number for resource d97bf7a4-77bd-462d-99bb-2c1459e9af3f (type: routers) to 2
2026-07-15 06:05:15.440 10 INFO neutron.wsgi [None req-1face15c-2e4a-4ac9-bb79-527657f2625f b74d0f6850a24e4db72747476cff5a28 793826d128cb404e972d2611e7ca6d6f - - default default] 10.0.0.181 "POST /v2.0/routers HTTP/1.1" status: 201 len: 881 time: 2.4052510 /var/lib/openstack/lib/python3.10/site-packages/pycadf/identifier.py:71: UserWarning: Invalid uuid: neutron. To ensure interoperability, identifiers should be a valid uuid. warnings.warn(('Invalid uuid: %s. To ensure interoperability, '
2026-07-15 06:05:15.586 9 INFO neutron.wsgi [-] 10.0.0.150 "GET / HTTP/1.1" status: 200 len: 247 time: 0.0029461
2026-07-15 06:05:15.588 9 INFO neutron.wsgi [-] 10.0.0.150 "GET / HTTP/1.1" status: 200 len: 247 time: 0.0015647
2026-07-15 06:05:15.629 10 INFO neutron.notifiers.nova [-] Nova event matching ['req-e38e7474-9d7d-46a1-be6c-87c3c6b094a8'] response: {'server_uuid': '16103bef-8344-4661-a759-dc6f1fb4a91b', 'name': 'network-vif-plugged', 'status': 'completed', 'tag': '8d9bca55-6327-436d-8388-d4c343f693ef', 'code': 200}
2026-07-15 06:05:15.629 10 INFO neutron.notifiers.nova [-] Nova event matching ['req-e38e7474-9d7d-46a1-be6c-87c3c6b094a8'] response: {'server_uuid': '16103bef-8344-4661-a759-dc6f1fb4a91b', 'name': 'network-vif-deleted', 'tag': '8d9bca55-6327-436d-8388-d4c343f693ef', 'status': 'completed', 'code': 200}
2026-07-15 06:05:15.731 10 INFO neutron.db.ovn_revision_numbers_db [None req-c4da046b-bcb6-47eb-89e6-82627d6b5e91 b74d0f6850a24e4db72747476cff5a28 793826d128cb404e972d2611e7ca6d6f - - default default] Successfully bumped revision number for resource 522af02e-832b-4ba5-af89-773999974410 (type: security_groups) to 1
2026-07-15 06:05:15.758 10 INFO neutron.db.ovn_revision_numbers_db [None req-c4da046b-bcb6-47eb-89e6-82627d6b5e91 b74d0f6850a24e4db72747476cff5a28 793826d128cb404e972d2611e7ca6d6f - - default default] Successfully bumped revision number for resource 2c199361-49b2-4e03-8c74-d7b3cdf5bb65 (type: security_group_rules) to 0
2026-07-15 06:05:15.772 10 INFO neutron.db.ovn_revision_numbers_db [None req-c4da046b-bcb6-47eb-89e6-82627d6b5e91 b74d0f6850a24e4db72747476cff5a28 793826d128cb404e972d2611e7ca6d6f - - default default] Successfully bumped revision number for resource 5b99bb79-554c-458d-b650-acac0e5bda38 (type: security_group_rules) to 0
2026-07-15 06:05:15.796 10 INFO neutron.db.ovn_revision_numbers_db [None req-c4da046b-bcb6-47eb-89e6-82627d6b5e91 b74d0f6850a24e4db72747476cff5a28 793826d128cb404e972d2611e7ca6d6f - - default default] Successfully bumped revision number for resource 719bfee1-8e2c-4f30-abce-6513466ae53f (type: security_group_rules) to 0
2026-07-15 06:05:15.821 10 INFO neutron.db.ovn_revision_numbers_db [None req-c4da046b-bcb6-47eb-89e6-82627d6b5e91 b74d0f6850a24e4db72747476cff5a28 793826d128cb404e972d2611e7ca6d6f - - default default] Successfully bumped revision number for resource ce70815a-d3c3-4adf-b16a-f25a16505259 (type: security_group_rules) to 0
2026-07-15 06:05:15.848 10 INFO neutron.wsgi [None req-c4da046b-bcb6-47eb-89e6-82627d6b5e91 b74d0f6850a24e4db72747476cff5a28 793826d128cb404e972d2611e7ca6d6f - - default default] 10.0.0.181 "GET /v2.0/security-groups?tenant_id=132a31d3d3fc4d939862d6caf548f8d8&name=default HTTP/1.1" status: 200 len: 2996 time: 0.3827965
2026-07-15 06:05:15.956 9 INFO neutron.wsgi [None req-fd6197d3-eb79-457b-b595-ef4b9c1e7d21 5d4ab65dc0444805955eeed521cede77 63bc865daf3e47a599fe84ad6a88665b - - default default] 10.0.0.181 "DELETE /v2.0/security-groups/fa9f2109-9968-4fd7-b968-a7d3b4b43a16 HTTP/1.1" status: 204 len: 168 time: 0.2309408
2026-07-15 06:05:15.975 10 INFO neutron.api.v2.resource [None req-d90134ed-7d7e-4bee-94f1-a4e3aa7caae0 5d4ab65dc0444805955eeed521cede77 63bc865daf3e47a599fe84ad6a88665b - - default default] show failed (client error): The resource could not be found.
2026-07-15 06:05:15.976 10 INFO neutron.wsgi [None req-d90134ed-7d7e-4bee-94f1-a4e3aa7caae0 5d4ab65dc0444805955eeed521cede77 63bc865daf3e47a599fe84ad6a88665b - - default default] 10.0.0.181 "GET /v2.0/security-groups/fa9f2109-9968-4fd7-b968-a7d3b4b43a16 HTTP/1.1" status: 404 len: 347 time: 0.0154350
2026-07-15 06:05:15.976 10 INFO neutron.db.ovn_revision_numbers_db [None req-cfe4ec0f-e9eb-4022-ad5a-132c55c521e2 - - - - - -] Successfully bumped revision number for resource 49f94df6-d0b5-4b47-9f2e-4134d02e5a27 (type: ports) to 1
2026-07-15 06:05:16.137 9 WARNING neutron.scheduler.dhcp_agent_scheduler [None req-b2d779fc-3ed0-4ba8-a9d8-638b0b6aa0fb b74d0f6850a24e4db72747476cff5a28 793826d128cb404e972d2611e7ca6d6f - - default default] No more DHCP agents
2026-07-15 06:05:16.144 9 WARNING neutron.api.rpc.agentnotifiers.dhcp_rpc_agent_api [None req-b2d779fc-3ed0-4ba8-a9d8-638b0b6aa0fb b74d0f6850a24e4db72747476cff5a28 793826d128cb404e972d2611e7ca6d6f - - default default] Unable to schedule network fdd5e46b-1427-49e9-a411-4dd9632135fd: no agents available; will retry on subsequent port and subnet creation events.
2026-07-15 06:05:16.199 9 INFO neutron.wsgi [None req-e2294ef5-fa5e-46db-a56f-850537c90125 b74d0f6850a24e4db72747476cff5a28 793826d128cb404e972d2611e7ca6d6f - - default default] 10.0.0.181 "DELETE /v2.0/security-groups/522af02e-832b-4ba5-af89-773999974410 HTTP/1.1" status: 204 len: 168 time: 0.3396981
2026-07-15 06:05:16.299 10 INFO neutron.db.ovn_revision_numbers_db [None req-cfe4ec0f-e9eb-4022-ad5a-132c55c521e2 - - - - - -] Successfully bumped revision number for resource 49f94df6-d0b5-4b47-9f2e-4134d02e5a27 (type: router_ports) to 3
2026-07-15 06:05:16.308 9 INFO neutron.db.ovn_revision_numbers_db [None req-b2d779fc-3ed0-4ba8-a9d8-638b0b6aa0fb b74d0f6850a24e4db72747476cff5a28 793826d128cb404e972d2611e7ca6d6f - - default default] Successfully bumped revision number for resource 2a96e777-a932-42ce-bc72-45e5ff7d8947 (type: ports) to 1
2026-07-15 06:05:16.449 10 INFO neutron.wsgi [None req-05dcf12f-d33c-4954-a19f-bc1315888b83 5d4ab65dc0444805955eeed521cede77 63bc865daf3e47a599fe84ad6a88665b - - default default] 10.0.0.181 "DELETE /v2.0/floatingips/6a35fc94-9b94-4f8f-a214-ac5bcb0f4960 HTTP/1.1" status: 204 len: 168 time: 0.4702561
2026-07-15 06:05:16.558 10 INFO neutron.db.ovn_revision_numbers_db [None req-cfe4ec0f-e9eb-4022-ad5a-132c55c521e2 - - - - - -] Successfully bumped revision number for resource 49f94df6-d0b5-4b47-9f2e-4134d02e5a27 (type: ports) to 2
2026-07-15 06:05:16.757 9 INFO neutron.db.ovn_revision_numbers_db [None req-b2d779fc-3ed0-4ba8-a9d8-638b0b6aa0fb b74d0f6850a24e4db72747476cff5a28 793826d128cb404e972d2611e7ca6d6f - - default default] Successfully bumped revision number for resource 2a96e777-a932-42ce-bc72-45e5ff7d8947 (type: router_ports) to 1
2026-07-15 06:05:16.942 10 INFO neutron.db.ovn_revision_numbers_db [None req-cfe4ec0f-e9eb-4022-ad5a-132c55c521e2 - - - - - -] Successfully bumped revision number for resource 49f94df6-d0b5-4b47-9f2e-4134d02e5a27 (type: ports) to 4
2026-07-15 06:05:16.954 9 INFO neutron.db.ovn_revision_numbers_db [None req-b2d779fc-3ed0-4ba8-a9d8-638b0b6aa0fb b74d0f6850a24e4db72747476cff5a28 793826d128cb404e972d2611e7ca6d6f - - default default] Successfully bumped revision number for resource 2a96e777-a932-42ce-bc72-45e5ff7d8947 (type: ports) to 1
2026-07-15 06:05:17.039 9 WARNING neutron.scheduler.dhcp_agent_scheduler [None req-b2d779fc-3ed0-4ba8-a9d8-638b0b6aa0fb b74d0f6850a24e4db72747476cff5a28 793826d128cb404e972d2611e7ca6d6f - - default default] No more DHCP agents
2026-07-15 06:05:17.040 9 WARNING neutron.api.rpc.agentnotifiers.dhcp_rpc_agent_api [None req-b2d779fc-3ed0-4ba8-a9d8-638b0b6aa0fb b74d0f6850a24e4db72747476cff5a28 793826d128cb404e972d2611e7ca6d6f - - default default] Unable to schedule network fdd5e46b-1427-49e9-a411-4dd9632135fd: no agents available; will retry on subsequent port and subnet creation events.
2026-07-15 06:05:17.180 9 INFO neutron.wsgi [None req-5d8243a2-8818-4c63-aaa1-ee61326725b1 b74d0f6850a24e4db72747476cff5a28 793826d128cb404e972d2611e7ca6d6f - - default default] 10.0.0.119 "GET /v2.0/security-groups HTTP/1.1" status: 200 len: 22359 time: 0.3941736
2026-07-15 06:05:17.202 10 INFO neutron.db.ovn_revision_numbers_db [None req-cfe4ec0f-e9eb-4022-ad5a-132c55c521e2 - - - - - -] Successfully bumped revision number for resource 49f94df6-d0b5-4b47-9f2e-4134d02e5a27 (type: router_ports) to 4
2026-07-15 06:05:17.238 9 INFO neutron.wsgi [None req-02c4d93f-51a1-4826-a9b1-c53383a89d5e b74d0f6850a24e4db72747476cff5a28 793826d128cb404e972d2611e7ca6d6f - - default default] 10.0.0.119 "GET /v2.0/subnets HTTP/1.1" status: 200 len: 2755 time: 0.0467684
2026-07-15 06:05:17.267 9 INFO neutron.wsgi [None req-6c38937d-bb5a-49bb-a077-e4a99c2a449d b74d0f6850a24e4db72747476cff5a28 793826d128cb404e972d2611e7ca6d6f - - default default] 10.0.0.119 "GET /v2.0/floatingips HTTP/1.1" status: 200 len: 193 time: 0.0267694
2026-07-15 06:05:17.332 9 INFO neutron.plugins.ml2.drivers.ovn.mech_driver.mech_driver [None req-90dd9e58-103f-4dbc-b23f-33cab62070df - - - - - -] OVN reports status up for port: 2a96e777-a932-42ce-bc72-45e5ff7d8947
2026-07-15 06:05:17.350 9 INFO neutron.plugins.ml2.plugin [None req-90dd9e58-103f-4dbc-b23f-33cab62070df - - - - - -] Attempt 1 to provision port 2a96e777-a932-42ce-bc72-45e5ff7d8947
2026-07-15 06:05:17.723 9 INFO neutron.wsgi [None req-bef866c1-a9ae-4d26-bb55-37c28fd9e079 b74d0f6850a24e4db72747476cff5a28 793826d128cb404e972d2611e7ca6d6f - - default default] 10.0.0.119 "GET /v2.0/routers HTTP/1.1" status: 200 len: 1541 time: 0.4416320
2026-07-15 06:05:17.761 9 INFO neutron.wsgi [None req-6bb99446-2e4a-4231-a698-64be9bd4b846 b74d0f6850a24e4db72747476cff5a28 793826d128cb404e972d2611e7ca6d6f - - default default] 10.0.0.119 "GET /v2.0/agents?binary=ovn-controller HTTP/1.1" status: 200 len: 591 time: 0.0330184
2026-07-15 06:05:17.790 9 INFO neutron.wsgi [None req-33061b5b-6dd5-4db5-80ba-9a4b775044af b74d0f6850a24e4db72747476cff5a28 793826d128cb404e972d2611e7ca6d6f - - default default] 10.0.0.119 "GET /v2.0/agents HTTP/1.1" status: 200 len: 997 time: 0.0265894
2026-07-15 06:05:17.856 9 INFO neutron.wsgi [None req-6c25f01c-f5fc-4f91-9a73-413ac891255a b74d0f6850a24e4db72747476cff5a28 793826d128cb404e972d2611e7ca6d6f - - default default] 10.0.0.119 "GET /v2.0/subnets HTTP/1.1" status: 200 len: 2755 time: 0.0646510
2026-07-15 06:05:17.882 9 INFO neutron.wsgi [None req-3061bc87-9153-43a6-bb29-9fb6652edff2 b74d0f6850a24e4db72747476cff5a28 793826d128cb404e972d2611e7ca6d6f - - default default] 10.0.0.119 "GET /v2.0/subnetpools HTTP/1.1" status: 200 len: 193 time: 0.0216329
2026-07-15 06:05:18.037 9 INFO neutron.wsgi [None req-5d0a240a-5f00-4f49-99a1-c15d85a60652 b74d0f6850a24e4db72747476cff5a28 793826d128cb404e972d2611e7ca6d6f - - default default] 10.0.0.119 "GET /v2.0/networks HTTP/1.1" status: 200 len: 3876 time: 0.1543515
2026-07-15 06:05:18.132 9 INFO neutron.wsgi [None req-e72dba7c-aa22-4fd4-acc3-e604e7bc78ec b74d0f6850a24e4db72747476cff5a28 793826d128cb404e972d2611e7ca6d6f - - default default] 10.0.0.119 "GET /v2.0/ports HTTP/1.1" status: 200 len: 10747 time: 0.0897574
2026-07-15 06:05:18.169 9 INFO neutron.wsgi [None req-d5bffc41-1cf9-4b8a-b3b3-4f18d5035d02 b74d0f6850a24e4db72747476cff5a28 793826d128cb404e972d2611e7ca6d6f - - default default] 10.0.0.119 "GET /v2.0/network-ip-availabilities HTTP/1.1" status: 200 len: 2244 time: 0.0253882
2026-07-15 06:05:18.181 10 INFO neutron.wsgi [None req-e12841b8-1d64-462b-83cd-07aa5da599f0 b74d0f6850a24e4db72747476cff5a28 793826d128cb404e972d2611e7ca6d6f - - default default] 10.0.0.181 "PUT /v2.0/routers/301a6747-063e-4a1c-998e-8af2ebe37832/remove_router_interface HTTP/1.1" status: 200 len: 503 time: 1.7262228 /var/lib/openstack/lib/python3.10/site-packages/pycadf/identifier.py:71: UserWarning: Invalid uuid: neutron. To ensure interoperability, identifiers should be a valid uuid. warnings.warn(('Invalid uuid: %s. To ensure interoperability, '
2026-07-15 06:05:18.246 9 INFO neutron.db.ovn_revision_numbers_db [None req-b2d779fc-3ed0-4ba8-a9d8-638b0b6aa0fb b74d0f6850a24e4db72747476cff5a28 793826d128cb404e972d2611e7ca6d6f - - default default] Successfully bumped revision number for resource 2a96e777-a932-42ce-bc72-45e5ff7d8947 (type: router_ports) to 1
2026-07-15 06:05:18.250 9 INFO neutron.wsgi [None req-b2d779fc-3ed0-4ba8-a9d8-638b0b6aa0fb b74d0f6850a24e4db72747476cff5a28 793826d128cb404e972d2611e7ca6d6f - - default default] 10.0.0.181 "PUT /v2.0/routers/d97bf7a4-77bd-462d-99bb-2c1459e9af3f/add_router_interface HTTP/1.1" status: 200 len: 503 time: 2.8041697
2026-07-15 06:05:18.292 9 INFO neutron.db.ovn_revision_numbers_db [None req-90dd9e58-103f-4dbc-b23f-33cab62070df - - - - - -] Successfully bumped revision number for resource 2a96e777-a932-42ce-bc72-45e5ff7d8947 (type: ports) to 2
2026-07-15 06:05:18.399 9 INFO neutron.db.ovn_revision_numbers_db [None req-90dd9e58-103f-4dbc-b23f-33cab62070df - - - - - -] Successfully bumped revision number for resource 2a96e777-a932-42ce-bc72-45e5ff7d8947 (type: router_ports) to 2
2026-07-15 06:05:18.705 10 INFO neutron.db.ovn_revision_numbers_db [None req-90fe985f-695c-4f6f-a9f8-f08def946dab b74d0f6850a24e4db72747476cff5a28 793826d128cb404e972d2611e7ca6d6f - - default default] Successfully bumped revision number for resource 9e6ac5bd-7be2-4d50-bbec-26c9fa26d0b5 (type: security_groups) to 1
2026-07-15 06:05:18.754 10 INFO neutron.db.ovn_revision_numbers_db [None req-90fe985f-695c-4f6f-a9f8-f08def946dab b74d0f6850a24e4db72747476cff5a28 793826d128cb404e972d2611e7ca6d6f - - default default] Successfully bumped revision number for resource 07c10e0d-eb6a-4c8f-a838-016a666e1f85 (type: security_group_rules) to 0
2026-07-15 06:05:18.779 10 INFO neutron.db.ovn_revision_numbers_db [None req-90fe985f-695c-4f6f-a9f8-f08def946dab b74d0f6850a24e4db72747476cff5a28 793826d128cb404e972d2611e7ca6d6f - - default default] Successfully bumped revision number for resource 5ee06471-e9cf-4da6-996d-5cc26108a220 (type: security_group_rules) to 0
2026-07-15 06:05:18.807 10 INFO neutron.db.ovn_revision_numbers_db [None req-90fe985f-695c-4f6f-a9f8-f08def946dab b74d0f6850a24e4db72747476cff5a28 793826d128cb404e972d2611e7ca6d6f - - default default] Successfully bumped revision number for resource 7a2d5539-306c-482a-a888-301a93d46831 (type: security_group_rules) to 0
2026-07-15 06:05:18.834 10 INFO neutron.db.ovn_revision_numbers_db [None req-90fe985f-695c-4f6f-a9f8-f08def946dab b74d0f6850a24e4db72747476cff5a28 793826d128cb404e972d2611e7ca6d6f - - default default] Successfully bumped revision number for resource fb323ce1-6a3a-4ade-8d49-c5fcc32e6d51 (type: security_group_rules) to 0
2026-07-15 06:05:18.877 10 INFO neutron.wsgi [None req-90fe985f-695c-4f6f-a9f8-f08def946dab b74d0f6850a24e4db72747476cff5a28 793826d128cb404e972d2611e7ca6d6f - - default default] 10.0.0.181 "GET /v2.0/security-groups?tenant_id=17bbaa4a3aa342e8b977d20849f2b942&name=default HTTP/1.1" status: 200 len: 2996 time: 0.4935739
2026-07-15 06:05:18.986 9 WARNING neutron_lib.context [None req-ffed9583-fb65-4112-ac3c-f0b9318bed55 9e00b1879cea4d628b959ceb8de0ca1c 8adc5071ea914d8e80d6b2f65c1cafc4 - - default default] Method 'is_advsvc' is deprecated since 2023.2 release (neutron-lib 3.8.0) and will be removed once support for the old RBAC API policies will be removed from Neutron. Please use method 'is_service_role' instead.
2026-07-15 06:05:19.119 9 INFO neutron.wsgi [None req-4e3ad1b5-fe2a-4b53-a4ae-86882e46e30d b74d0f6850a24e4db72747476cff5a28 793826d128cb404e972d2611e7ca6d6f - - default default] 10.0.0.181 "DELETE /v2.0/security-groups/9e6ac5bd-7be2-4d50-bbec-26c9fa26d0b5 HTTP/1.1" status: 204 len: 168 time: 0.2353024
2026-07-15 06:05:19.121 9 INFO neutron.db.ovn_revision_numbers_db [None req-ffed9583-fb65-4112-ac3c-f0b9318bed55 9e00b1879cea4d628b959ceb8de0ca1c 8adc5071ea914d8e80d6b2f65c1cafc4 - - default default] Successfully bumped revision number for resource 52f03f41-f563-45df-8527-3d5edfe55d22 (type: security_groups) to 1
2026-07-15 06:05:19.138 9 INFO neutron.db.ovn_revision_numbers_db [None req-ffed9583-fb65-4112-ac3c-f0b9318bed55 9e00b1879cea4d628b959ceb8de0ca1c 8adc5071ea914d8e80d6b2f65c1cafc4 - - default default] Successfully bumped revision number for resource 73ee6502-f317-4759-9c3d-f9280c623aad (type: security_group_rules) to 0
2026-07-15 06:05:19.157 9 INFO neutron.db.ovn_revision_numbers_db [None req-ffed9583-fb65-4112-ac3c-f0b9318bed55 9e00b1879cea4d628b959ceb8de0ca1c 8adc5071ea914d8e80d6b2f65c1cafc4 - - default default] Successfully bumped revision number for resource 821790f3-588c-45ab-bd3a-febdc3dffdca (type: security_group_rules) to 0
2026-07-15 06:05:19.179 9 INFO neutron.wsgi [None req-ffed9583-fb65-4112-ac3c-f0b9318bed55 9e00b1879cea4d628b959ceb8de0ca1c 8adc5071ea914d8e80d6b2f65c1cafc4 - - default default] 10.0.0.181 "POST /v2.0/security-groups HTTP/1.1" status: 201 len: 1795 time: 0.1992266
2026-07-15 06:05:19.188 9 WARNING neutron_lib.context [None req-f50c0918-cb32-4adb-9f1e-96ac07c86ef5 9e00b1879cea4d628b959ceb8de0ca1c 8adc5071ea914d8e80d6b2f65c1cafc4 - - default default] Method 'is_advsvc' is deprecated since 2023.2 release (neutron-lib 3.8.0) and will be removed once support for the old RBAC API policies will be removed from Neutron. Please use method 'is_service_role' instead.
2026-07-15 06:05:19.259 10 INFO neutron.wsgi [None req-3e089c43-a0b6-4920-a87f-8511d49c09dd b74d0f6850a24e4db72747476cff5a28 793826d128cb404e972d2611e7ca6d6f - - default default] 10.0.0.181 "DELETE /v2.0/routers/301a6747-063e-4a1c-998e-8af2ebe37832 HTTP/1.1" status: 204 len: 168 time: 1.0723429
2026-07-15 06:05:19.365 9 INFO neutron.db.ovn_revision_numbers_db [None req-f50c0918-cb32-4adb-9f1e-96ac07c86ef5 9e00b1879cea4d628b959ceb8de0ca1c 8adc5071ea914d8e80d6b2f65c1cafc4 - - default default] Successfully bumped revision number for resource f9400d4b-ed65-40d2-a5bc-ea2d59b1314f (type: security_group_rules) to 0
2026-07-15 06:05:19.399 10 INFO neutron.db.ovn_revision_numbers_db [None req-60d9f0ab-e559-47cb-9745-680738dbd840 b74d0f6850a24e4db72747476cff5a28 793826d128cb404e972d2611e7ca6d6f - - default default] Successfully bumped revision number for resource 1224d656-7e8e-43ea-85cd-b07f733b9962 (type: security_groups) to 1
2026-07-15 06:05:19.402 9 INFO neutron.wsgi [None req-f50c0918-cb32-4adb-9f1e-96ac07c86ef5 9e00b1879cea4d628b959ceb8de0ca1c 8adc5071ea914d8e80d6b2f65c1cafc4 - - default default] 10.0.0.181 "POST /v2.0/security-group-rules HTTP/1.1" status: 201 len: 764 time: 0.2177708
2026-07-15 06:05:19.411 10 INFO neutron.db.ovn_revision_numbers_db [None req-60d9f0ab-e559-47cb-9745-680738dbd840 b74d0f6850a24e4db72747476cff5a28 793826d128cb404e972d2611e7ca6d6f - - default default] Successfully bumped revision number for resource 4bf41d6e-3e5f-43c1-a533-edab9263c77b (type: security_group_rules) to 0
2026-07-15 06:05:19.420 9 WARNING neutron_lib.context [None req-60565bc5-8498-49ab-a205-f40c78e9b194 9e00b1879cea4d628b959ceb8de0ca1c 8adc5071ea914d8e80d6b2f65c1cafc4 - - default default] Method 'is_advsvc' is deprecated since 2023.2 release (neutron-lib 3.8.0) and will be removed once support for the old RBAC API policies will be removed from Neutron. Please use method 'is_service_role' instead.
2026-07-15 06:05:19.425 10 INFO neutron.db.ovn_revision_numbers_db [None req-60d9f0ab-e559-47cb-9745-680738dbd840 b74d0f6850a24e4db72747476cff5a28 793826d128cb404e972d2611e7ca6d6f - - default default] Successfully bumped revision number for resource bb7404d3-bb90-4e0f-8d48-eaa14d08d671 (type: security_group_rules) to 0
2026-07-15 06:05:19.444 10 INFO neutron.db.ovn_revision_numbers_db [None req-60d9f0ab-e559-47cb-9745-680738dbd840 b74d0f6850a24e4db72747476cff5a28 793826d128cb404e972d2611e7ca6d6f - - default default] Successfully bumped revision number for resource e088872d-4f29-4593-a844-821d44dc30d9 (type: security_group_rules) to 0
2026-07-15 06:05:19.458 10 INFO neutron.db.ovn_revision_numbers_db [None req-60d9f0ab-e559-47cb-9745-680738dbd840 b74d0f6850a24e4db72747476cff5a28 793826d128cb404e972d2611e7ca6d6f - - default default] Successfully bumped revision number for resource e805a8b7-a647-48a8-b698-57b826d88611 (type: security_group_rules) to 0
2026-07-15 06:05:19.483 10 INFO neutron.wsgi [None req-60d9f0ab-e559-47cb-9745-680738dbd840 b74d0f6850a24e4db72747476cff5a28 793826d128cb404e972d2611e7ca6d6f - - default default] 10.0.0.181 "GET /v2.0/security-groups?tenant_id=539b3e7eb2c7469caa4c2f75aaf876de&name=default HTTP/1.1" status: 200 len: 2996 time: 0.1974320
2026-07-15 06:05:19.533 9 INFO neutron.wsgi [None req-4cd0582a-01a1-48cb-ab6b-d54fd6e8fea0 b74d0f6850a24e4db72747476cff5a28 793826d128cb404e972d2611e7ca6d6f - - default default] 10.0.0.181 "DELETE /v2.0/subnets/9bbf5b06-e4cc-4bf7-a094-aa8f06616608 HTTP/1.1" status: 204 len: 168 time: 0.2679708
2026-07-15 06:05:19.576 9 INFO neutron.db.ovn_revision_numbers_db [None req-60565bc5-8498-49ab-a205-f40c78e9b194 9e00b1879cea4d628b959ceb8de0ca1c 8adc5071ea914d8e80d6b2f65c1cafc4 - - default default] Successfully bumped revision number for resource 87fdd6b0-ae3c-468a-84c7-f3f84516bc5b (type: security_group_rules) to 0
2026-07-15 06:05:19.613 9 INFO neutron.wsgi [None req-60565bc5-8498-49ab-a205-f40c78e9b194 9e00b1879cea4d628b959ceb8de0ca1c 8adc5071ea914d8e80d6b2f65c1cafc4 - - default default] 10.0.0.181 "POST /v2.0/security-group-rules HTTP/1.1" status: 201 len: 769 time: 0.2041879
2026-07-15 06:05:19.627 9 WARNING neutron_lib.context [None req-4ace5002-a768-4ca9-888f-48a1a8d2a492 9e00b1879cea4d628b959ceb8de0ca1c 8adc5071ea914d8e80d6b2f65c1cafc4 - - default default] Method 'is_advsvc' is deprecated since 2023.2 release (neutron-lib 3.8.0) and will be removed once support for the old RBAC API policies will be removed from Neutron. Please use method 'is_service_role' instead.
2026-07-15 06:05:19.836 10 INFO neutron.wsgi [None req-522b964f-819d-4e20-b020-b3a82a309238 b74d0f6850a24e4db72747476cff5a28 793826d128cb404e972d2611e7ca6d6f - - default default] 10.0.0.181 "DELETE /v2.0/security-groups/1224d656-7e8e-43ea-85cd-b07f733b9962 HTTP/1.1" status: 204 len: 168 time: 0.3461304
2026-07-15 06:05:19.955 9 WARNING neutron.scheduler.dhcp_agent_scheduler [None req-4ace5002-a768-4ca9-888f-48a1a8d2a492 9e00b1879cea4d628b959ceb8de0ca1c 8adc5071ea914d8e80d6b2f65c1cafc4 - - default default] No more DHCP agents
2026-07-15 06:05:19.958 9 WARNING neutron.api.rpc.agentnotifiers.dhcp_rpc_agent_api [None req-4ace5002-a768-4ca9-888f-48a1a8d2a492 9e00b1879cea4d628b959ceb8de0ca1c 8adc5071ea914d8e80d6b2f65c1cafc4 - - default default] Unable to schedule network 85d8c101-1625-4351-9175-849136598975: no agents available; will retry on subsequent port and subnet creation events.
2026-07-15 06:05:19.987 10 INFO neutron.services.segments.plugin [-] Segment 2886e183-00ff-4bf3-8d25-e7b3bb675c1a resource provider aggregate not found
2026-07-15 06:05:19.996 10 INFO neutron.services.segments.plugin [-] Segment 2886e183-00ff-4bf3-8d25-e7b3bb675c1a resource provider aggregate not found
2026-07-15 06:05:20.005 10 INFO neutron.services.segments.plugin [-] Segment 2886e183-00ff-4bf3-8d25-e7b3bb675c1a resource provider not found; error: Placement Client Error (4xx): {"errors": [{"status": 404, "title": "Not Found", "detail": "The resource could not be found.\n\n No resource provider with uuid 2886e183-00ff-4bf3-8d25-e7b3bb675c1a found for delete ", "request_id": "req-4d9a0fa8-4eec-47ab-a0cc-5ee92bcdf5e1"}]}
2026-07-15 06:05:20.015 10 INFO neutron.services.segments.plugin [-] Segment 2886e183-00ff-4bf3-8d25-e7b3bb675c1a resource provider not found; error: Placement Client Error (4xx): {"errors": [{"status": 404, "title": "Not Found", "detail": "The resource could not be found.\n\n No resource provider with uuid 2886e183-00ff-4bf3-8d25-e7b3bb675c1a found for delete ", "request_id": "req-58eaa9c2-6d2f-4aa0-87a5-7964a41ee9b7"}]}
2026-07-15 06:05:20.038 10 INFO neutron.wsgi [None req-70659d6c-6b28-4278-b19d-b2504244601c b74d0f6850a24e4db72747476cff5a28 793826d128cb404e972d2611e7ca6d6f - - default default] 10.0.0.181 "DELETE /v2.0/networks/1cd9fbc4-2894-4840-8b07-6f5fbacd0cf7 HTTP/1.1" status: 204 len: 168 time: 0.4940515
2026-07-15 06:05:20.352 10 INFO neutron.wsgi [None req-752d1705-c78a-4cde-8bc8-e7342778f657 b74d0f6850a24e4db72747476cff5a28 793826d128cb404e972d2611e7ca6d6f - - default default] 10.0.0.181 "GET /v2.0/security-groups?tenant_id=63bc865daf3e47a599fe84ad6a88665b&name=default HTTP/1.1" status: 200 len: 2992 time: 0.0417593
2026-07-15 06:05:20.386 9 INFO neutron.db.ovn_revision_numbers_db [None req-4ace5002-a768-4ca9-888f-48a1a8d2a492 9e00b1879cea4d628b959ceb8de0ca1c 8adc5071ea914d8e80d6b2f65c1cafc4 - - default default] Successfully bumped revision number for resource 730cb246-fe17-41ac-ae56-d330bf528ecc (type: floatingips) to 0
2026-07-15 06:05:20.408 9 INFO neutron.wsgi [None req-4ace5002-a768-4ca9-888f-48a1a8d2a492 9e00b1879cea4d628b959ceb8de0ca1c 8adc5071ea914d8e80d6b2f65c1cafc4 - - default default] 10.0.0.181 "POST /v2.0/floatingips HTTP/1.1" status: 201 len: 751 time: 0.7885520
2026-07-15 06:05:20.614 10 INFO neutron.wsgi [None req-1ed77e2f-7919-4191-b6a3-dc52a25639e5 b74d0f6850a24e4db72747476cff5a28 793826d128cb404e972d2611e7ca6d6f - - default default] 10.0.0.181 "DELETE /v2.0/security-groups/654b078c-a082-444f-901a-06171950e294 HTTP/1.1" status: 204 len: 168 time: 0.2541759
2026-07-15 06:05:23.131 9 INFO neutron.db.ovn_revision_numbers_db [None req-504409ef-2af9-42eb-91ac-98e4e9fd2e0c b74d0f6850a24e4db72747476cff5a28 793826d128cb404e972d2611e7ca6d6f - - default default] Successfully bumped revision number for resource d12893f0-f649-4c8d-90b5-d92c69b421a3 (type: security_groups) to 1
2026-07-15 06:05:23.155 9 INFO neutron.db.ovn_revision_numbers_db [None req-504409ef-2af9-42eb-91ac-98e4e9fd2e0c b74d0f6850a24e4db72747476cff5a28 793826d128cb404e972d2611e7ca6d6f - - default default] Successfully bumped revision number for resource 09225c8f-539b-4e4e-87fb-0a2cd660e127 (type: security_group_rules) to 0
2026-07-15 06:05:23.176 9 INFO neutron.db.ovn_revision_numbers_db [None req-504409ef-2af9-42eb-91ac-98e4e9fd2e0c b74d0f6850a24e4db72747476cff5a28 793826d128cb404e972d2611e7ca6d6f - - default default] Successfully bumped revision number for resource 1386ed75-15f4-4787-a097-b46786e12edf (type: security_group_rules) to 0
2026-07-15 06:05:23.195 9 INFO neutron.db.ovn_revision_numbers_db [None req-504409ef-2af9-42eb-91ac-98e4e9fd2e0c b74d0f6850a24e4db72747476cff5a28 793826d128cb404e972d2611e7ca6d6f - - default default] Successfully bumped revision number for resource 1b3d8cba-2736-4de0-9742-13fb97148410 (type: security_group_rules) to 0
2026-07-15 06:05:23.217 9 INFO neutron.db.ovn_revision_numbers_db [None req-504409ef-2af9-42eb-91ac-98e4e9fd2e0c b74d0f6850a24e4db72747476cff5a28 793826d128cb404e972d2611e7ca6d6f - - default default] Successfully bumped revision number for resource fda211e9-e2b8-47b6-b358-5945405e1486 (type: security_group_rules) to 0
2026-07-15 06:05:23.245 9 INFO neutron.wsgi [None req-504409ef-2af9-42eb-91ac-98e4e9fd2e0c b74d0f6850a24e4db72747476cff5a28 793826d128cb404e972d2611e7ca6d6f - - default default] 10.0.0.181 "GET /v2.0/security-groups?tenant_id=aa0fc8370dfe41a1ac1b3d75c799be3f&name=default HTTP/1.1" status: 200 len: 2996 time: 0.6693821
2026-07-15 06:05:23.500 10 INFO neutron.wsgi [None req-439c14a6-50e7-4ecf-bd32-95078a84e1ff b74d0f6850a24e4db72747476cff5a28 793826d128cb404e972d2611e7ca6d6f - - default default] 10.0.0.181 "DELETE /v2.0/security-groups/d12893f0-f649-4c8d-90b5-d92c69b421a3 HTTP/1.1" status: 204 len: 168 time: 0.2467101
2026-07-15 06:05:23.639 9 WARNING neutron.plugins.ml2.drivers.ovn.mech_driver.ovsdb.ovn_client [None req-90dd9e58-103f-4dbc-b23f-33cab62070df - - - - - -] No hosting information found for port 2a96e777-a932-42ce-bc72-45e5ff7d8947: RuntimeError: No hosting information found for port 2a96e777-a932-42ce-bc72-45e5ff7d8947
2026-07-15 06:05:24.610 9 INFO neutron.db.ovn_revision_numbers_db [None req-eef252b3-0572-4eef-bc4f-af3ddc279967 b74d0f6850a24e4db72747476cff5a28 793826d128cb404e972d2611e7ca6d6f - - default default] Successfully bumped revision number for resource 1d2d5e4e-e50b-4191-90e3-c6b90c270f0e (type: security_groups) to 1
2026-07-15 06:05:24.632 9 INFO neutron.db.ovn_revision_numbers_db [None req-eef252b3-0572-4eef-bc4f-af3ddc279967 b74d0f6850a24e4db72747476cff5a28 793826d128cb404e972d2611e7ca6d6f - - default default] Successfully bumped revision number for resource 0a3cb9c5-d28d-4556-919f-e51f7c306e65 (type: security_group_rules) to 0
2026-07-15 06:05:24.653 9 INFO neutron.db.ovn_revision_numbers_db [None req-eef252b3-0572-4eef-bc4f-af3ddc279967 b74d0f6850a24e4db72747476cff5a28 793826d128cb404e972d2611e7ca6d6f - - default default] Successfully bumped revision number for resource a1985782-7389-4981-bb0f-102d38b39bfc (type: security_group_rules) to 0
2026-07-15 06:05:24.679 9 INFO neutron.db.ovn_revision_numbers_db [None req-eef252b3-0572-4eef-bc4f-af3ddc279967 b74d0f6850a24e4db72747476cff5a28 793826d128cb404e972d2611e7ca6d6f - - default default] Successfully bumped revision number for resource cb23bfd4-f018-46b5-b312-de0ad9516807 (type: security_group_rules) to 0
2026-07-15 06:05:24.699 9 INFO neutron.db.ovn_revision_numbers_db [None req-eef252b3-0572-4eef-bc4f-af3ddc279967 b74d0f6850a24e4db72747476cff5a28 793826d128cb404e972d2611e7ca6d6f - - default default] Successfully bumped revision number for resource f2c78c79-a751-4945-9155-8c2e74784086 (type: security_group_rules) to 0
2026-07-15 06:05:24.723 9 INFO neutron.wsgi [None req-eef252b3-0572-4eef-bc4f-af3ddc279967 b74d0f6850a24e4db72747476cff5a28 793826d128cb404e972d2611e7ca6d6f - - default default] 10.0.0.181 "GET /v2.0/security-groups?tenant_id=e6afcec5543646a9a5354b04a957cea3&name=default HTTP/1.1" status: 200 len: 2996 time: 0.3887947
2026-07-15 06:05:24.949 9 INFO neutron.wsgi [None req-a8a467a2-c59f-4d82-a51f-d16ead4b69e0 b74d0f6850a24e4db72747476cff5a28 793826d128cb404e972d2611e7ca6d6f - - default default] 10.0.0.181 "DELETE /v2.0/security-groups/1d2d5e4e-e50b-4191-90e3-c6b90c270f0e HTTP/1.1" status: 204 len: 168 time: 0.2195821
2026-07-15 06:05:25.214 9 INFO neutron.db.ovn_revision_numbers_db [None req-09e99972-1cd7-4a3e-a9c6-5b7b138b6f9d b74d0f6850a24e4db72747476cff5a28 793826d128cb404e972d2611e7ca6d6f - - default default] Successfully bumped revision number for resource 865932cd-8bb2-4fa7-a455-9a543d6575a3 (type: security_groups) to 1
2026-07-15 06:05:25.227 9 INFO neutron.db.ovn_revision_numbers_db [None req-09e99972-1cd7-4a3e-a9c6-5b7b138b6f9d b74d0f6850a24e4db72747476cff5a28 793826d128cb404e972d2611e7ca6d6f - - default default] Successfully bumped revision number for resource 416949fd-74aa-42f0-9178-c5f175ffac2a (type: security_group_rules) to 0
2026-07-15 06:05:25.243 9 INFO neutron.db.ovn_revision_numbers_db [None req-09e99972-1cd7-4a3e-a9c6-5b7b138b6f9d b74d0f6850a24e4db72747476cff5a28 793826d128cb404e972d2611e7ca6d6f - - default default] Successfully bumped revision number for resource 94f9b34b-5c93-49c0-832e-622f93473542 (type: security_group_rules) to 0
2026-07-15 06:05:25.257 9 INFO neutron.db.ovn_revision_numbers_db [None req-09e99972-1cd7-4a3e-a9c6-5b7b138b6f9d b74d0f6850a24e4db72747476cff5a28 793826d128cb404e972d2611e7ca6d6f - - default default] Successfully bumped revision number for resource a45fad3e-f668-4df5-b3ee-0952d950ea59 (type: security_group_rules) to 0
2026-07-15 06:05:25.276 9 INFO neutron.db.ovn_revision_numbers_db [None req-09e99972-1cd7-4a3e-a9c6-5b7b138b6f9d b74d0f6850a24e4db72747476cff5a28 793826d128cb404e972d2611e7ca6d6f - - default default] Successfully bumped revision number for resource db8ea1b1-3959-4b17-95cb-b7c75b2f3e20 (type: security_group_rules) to 0
2026-07-15 06:05:25.303 9 INFO neutron.wsgi [None req-09e99972-1cd7-4a3e-a9c6-5b7b138b6f9d b74d0f6850a24e4db72747476cff5a28 793826d128cb404e972d2611e7ca6d6f - - default default] 10.0.0.181 "GET /v2.0/security-groups?tenant_id=724cd87ffbe8428ab8985cfdc66e3449&name=default HTTP/1.1" status: 200 len: 2996 time: 0.2228260
2026-07-15 06:05:25.511 9 INFO neutron.wsgi [None req-319e94cb-c770-4513-b7a3-10785a504ac1 b74d0f6850a24e4db72747476cff5a28 793826d128cb404e972d2611e7ca6d6f - - default default] 10.0.0.181 "DELETE /v2.0/security-groups/865932cd-8bb2-4fa7-a455-9a543d6575a3 HTTP/1.1" status: 204 len: 168 time: 0.1997871
2026-07-15 06:05:25.745 9 WARNING neutron_lib.context [None req-360869cb-06c3-4549-9b6c-ef8e50d794cd 1eb5d7834efb465e91d3bf8662b72c2f 298243421e32498baa44cb88fcd7db4b - - default default] Method 'is_advsvc' is deprecated since 2023.2 release (neutron-lib 3.8.0) and will be removed once support for the old RBAC API policies will be removed from Neutron. Please use method 'is_service_role' instead.
2026-07-15 06:05:25.878 9 INFO neutron.db.ovn_revision_numbers_db [None req-360869cb-06c3-4549-9b6c-ef8e50d794cd 1eb5d7834efb465e91d3bf8662b72c2f 298243421e32498baa44cb88fcd7db4b - - default default] Successfully bumped revision number for resource 3aa9fdbe-2dd2-44e2-a9bd-de7d41c7757f (type: security_groups) to 1
2026-07-15 06:05:25.891 9 INFO neutron.db.ovn_revision_numbers_db [None req-360869cb-06c3-4549-9b6c-ef8e50d794cd 1eb5d7834efb465e91d3bf8662b72c2f 298243421e32498baa44cb88fcd7db4b - - default default] Successfully bumped revision number for resource 0930c1cb-d2fe-45ce-b326-11a4cd2e8374 (type: security_group_rules) to 0
2026-07-15 06:05:25.903 9 INFO neutron.db.ovn_revision_numbers_db [None req-360869cb-06c3-4549-9b6c-ef8e50d794cd 1eb5d7834efb465e91d3bf8662b72c2f 298243421e32498baa44cb88fcd7db4b - - default default] Successfully bumped revision number for resource 36d23570-39dd-4d7a-a0f2-be6b3c92f59e (type: security_group_rules) to 0
2026-07-15 06:05:25.918 9 INFO neutron.db.ovn_revision_numbers_db [None req-360869cb-06c3-4549-9b6c-ef8e50d794cd 1eb5d7834efb465e91d3bf8662b72c2f 298243421e32498baa44cb88fcd7db4b - - default default] Successfully bumped revision number for resource 94e8f866-39be-4ca5-9c82-46cde26a2e21 (type: security_group_rules) to 0
2026-07-15 06:05:25.936 9 INFO neutron.db.ovn_revision_numbers_db [None req-360869cb-06c3-4549-9b6c-ef8e50d794cd 1eb5d7834efb465e91d3bf8662b72c2f 298243421e32498baa44cb88fcd7db4b - - default default] Successfully bumped revision number for resource eb729194-93db-4285-af3e-cfbad8989751 (type: security_group_rules) to 0
2026-07-15 06:05:25.994 9 INFO neutron.db.segments_db [None req-360869cb-06c3-4549-9b6c-ef8e50d794cd 1eb5d7834efb465e91d3bf8662b72c2f 298243421e32498baa44cb88fcd7db4b - - default default] Added segment 4267c89f-57d3-4f8f-9fdf-0137f53e26ff of type geneve for network 5c524274-25bc-4353-82e5-d3af10cc3e37
2026-07-15 06:05:26.160 9 INFO neutron.db.ovn_revision_numbers_db [None req-360869cb-06c3-4549-9b6c-ef8e50d794cd 1eb5d7834efb465e91d3bf8662b72c2f 298243421e32498baa44cb88fcd7db4b - - default default] Successfully bumped revision number for resource 5c524274-25bc-4353-82e5-d3af10cc3e37 (type: networks) to 1
2026-07-15 06:05:26.380 9 INFO neutron.wsgi [req-7700ad4f-5fe2-4ce3-8002-b35f41b2f7ce req-5b4fef08-f35f-4fd6-84e3-5da4f81a02aa 9e00b1879cea4d628b959ceb8de0ca1c 8adc5071ea914d8e80d6b2f65c1cafc4 - - default default] 10.0.0.240 "GET /v2.0/security-groups?name=tempest-securitygroup--916092843&fields=id&tenant_id=8adc5071ea914d8e80d6b2f65c1cafc4 HTTP/1.1" status: 200 len: 267 time: 0.0636942
2026-07-15 06:05:26.457 9 WARNING neutron.scheduler.dhcp_agent_scheduler [None req-360869cb-06c3-4549-9b6c-ef8e50d794cd 1eb5d7834efb465e91d3bf8662b72c2f 298243421e32498baa44cb88fcd7db4b - - default default] No more DHCP agents
2026-07-15 06:05:26.463 9 WARNING neutron.api.rpc.agentnotifiers.dhcp_rpc_agent_api [None req-360869cb-06c3-4549-9b6c-ef8e50d794cd 1eb5d7834efb465e91d3bf8662b72c2f 298243421e32498baa44cb88fcd7db4b - - default default] Unable to schedule network 5c524274-25bc-4353-82e5-d3af10cc3e37: no agents available; will retry on subsequent port and subnet creation events.
2026-07-15 06:05:26.533 9 INFO neutron.wsgi [req-7700ad4f-5fe2-4ce3-8002-b35f41b2f7ce req-48098a6d-2688-4462-8858-ac7dc14a71a1 9e00b1879cea4d628b959ceb8de0ca1c 8adc5071ea914d8e80d6b2f65c1cafc4 - - default default] 10.0.0.240 "GET /v2.0/networks?id=fdd5e46b-1427-49e9-a411-4dd9632135fd HTTP/1.1" status: 200 len: 879 time: 0.1349504
2026-07-15 06:05:26.565 9 INFO neutron.wsgi [req-7700ad4f-5fe2-4ce3-8002-b35f41b2f7ce req-472b4c23-1d04-43b9-ba30-a359db4af976 9e00b1879cea4d628b959ceb8de0ca1c 8adc5071ea914d8e80d6b2f65c1cafc4 - - default default] 10.0.0.240 "GET /v2.0/quotas/8adc5071ea914d8e80d6b2f65c1cafc4 HTTP/1.1" status: 200 len: 386 time: 0.0224609
2026-07-15 06:05:26.820 10 INFO neutron.db.ovn_revision_numbers_db [None req-60ef1795-e301-423a-a1a9-81699ecc4a00 b74d0f6850a24e4db72747476cff5a28 793826d128cb404e972d2611e7ca6d6f - - default default] Successfully bumped revision number for resource 129d1f3d-ddc4-4a1c-8945-2aaebe56f34d (type: security_groups) to 1
2026-07-15 06:05:26.842 10 INFO neutron.db.ovn_revision_numbers_db [None req-60ef1795-e301-423a-a1a9-81699ecc4a00 b74d0f6850a24e4db72747476cff5a28 793826d128cb404e972d2611e7ca6d6f - - default default] Successfully bumped revision number for resource 279f57d9-087f-4954-a9ed-89cb5eb64880 (type: security_group_rules) to 0
2026-07-15 06:05:26.859 10 INFO neutron.db.ovn_revision_numbers_db [None req-60ef1795-e301-423a-a1a9-81699ecc4a00 b74d0f6850a24e4db72747476cff5a28 793826d128cb404e972d2611e7ca6d6f - - default default] Successfully bumped revision number for resource 3043cc81-69d2-4e8a-8f33-54865ff62b2f (type: security_group_rules) to 0
2026-07-15 06:05:26.865 9 INFO neutron.db.ovn_revision_numbers_db [None req-360869cb-06c3-4549-9b6c-ef8e50d794cd 1eb5d7834efb465e91d3bf8662b72c2f 298243421e32498baa44cb88fcd7db4b - - default default] Successfully bumped revision number for resource d28e336a-7b04-464e-a2b2-8194f4921a3a (type: ports) to 1
2026-07-15 06:05:26.878 10 INFO neutron.db.ovn_revision_numbers_db [None req-60ef1795-e301-423a-a1a9-81699ecc4a00 b74d0f6850a24e4db72747476cff5a28 793826d128cb404e972d2611e7ca6d6f - - default default] Successfully bumped revision number for resource 75a59eb7-7cd0-4b93-85df-0f1a99fb474b (type: security_group_rules) to 0
2026-07-15 06:05:26.891 9 INFO neutron.wsgi [None req-360869cb-06c3-4549-9b6c-ef8e50d794cd 1eb5d7834efb465e91d3bf8662b72c2f 298243421e32498baa44cb88fcd7db4b - - default default] 10.0.0.181 "POST /v2.0/networks HTTP/1.1" status: 201 len: 847 time: 1.3189883
2026-07-15 06:05:26.903 10 INFO neutron.db.ovn_revision_numbers_db [None req-60ef1795-e301-423a-a1a9-81699ecc4a00 b74d0f6850a24e4db72747476cff5a28 793826d128cb404e972d2611e7ca6d6f - - default default] Successfully bumped revision number for resource b8464cb2-bf6c-45b0-bf0a-542be4c2b84b (type: security_group_rules) to 0
2026-07-15 06:05:26.928 9 INFO neutron.wsgi [req-7700ad4f-5fe2-4ce3-8002-b35f41b2f7ce req-37d5bf31-9630-46f9-a285-7460550717f8 9e00b1879cea4d628b959ceb8de0ca1c 8adc5071ea914d8e80d6b2f65c1cafc4 - - default default] 10.0.0.240 "GET /v2.0/ports?tenant_id=8adc5071ea914d8e80d6b2f65c1cafc4&fields=id HTTP/1.1" status: 200 len: 302 time: 0.3510118
2026-07-15 06:05:26.935 10 INFO neutron.wsgi [None req-60ef1795-e301-423a-a1a9-81699ecc4a00 b74d0f6850a24e4db72747476cff5a28 793826d128cb404e972d2611e7ca6d6f - - default default] 10.0.0.181 "GET /v2.0/security-groups?tenant_id=94b5d76d08a941f9a14ade6fe1c0fe8b&name=default HTTP/1.1" status: 200 len: 2996 time: 0.4509647
2026-07-15 06:05:27.002 9 INFO neutron.wsgi [req-7700ad4f-5fe2-4ce3-8002-b35f41b2f7ce req-36f23017-79a4-49e6-9f50-71000b22bc95 f6874e0a7cdd4670a81148cd0d9e005d e1876e7429b34c7381d13da8019991be - - 0c8a729e6dab4f17a284c6fa56afbc8a 0c8a729e6dab4f17a284c6fa56afbc8a] 10.0.0.240 "GET /v2.0/networks/fdd5e46b-1427-49e9-a411-4dd9632135fd?fields=segments HTTP/1.1" status: 200 len: 212 time: 0.0609980
2026-07-15 06:05:27.071 9 INFO neutron.wsgi [req-7700ad4f-5fe2-4ce3-8002-b35f41b2f7ce req-83561f05-779f-4a61-838a-634aa55c952a f6874e0a7cdd4670a81148cd0d9e005d e1876e7429b34c7381d13da8019991be - - 0c8a729e6dab4f17a284c6fa56afbc8a 0c8a729e6dab4f17a284c6fa56afbc8a] 10.0.0.240 "GET /v2.0/networks/fdd5e46b-1427-49e9-a411-4dd9632135fd?fields=provider%3Aphysical_network&fields=provider%3Anetwork_type HTTP/1.1" status: 200 len: 277 time: 0.0633340
2026-07-15 06:05:27.168 10 INFO neutron.wsgi [None req-fd57e28f-54b4-4ae1-9035-0fd9f1c51efd b74d0f6850a24e4db72747476cff5a28 793826d128cb404e972d2611e7ca6d6f - - default default] 10.0.0.181 "DELETE /v2.0/security-groups/129d1f3d-ddc4-4a1c-8945-2aaebe56f34d HTTP/1.1" status: 204 len: 168 time: 0.2275660
2026-07-15 06:05:27.471 10 WARNING neutron_lib.context [None req-ba1a256b-6df9-496e-a17e-ff24b1873f95 1eb5d7834efb465e91d3bf8662b72c2f 298243421e32498baa44cb88fcd7db4b - - default default] Method 'is_advsvc' is deprecated since 2023.2 release (neutron-lib 3.8.0) and will be removed once support for the old RBAC API policies will be removed from Neutron. Please use method 'is_service_role' instead.
2026-07-15 06:05:27.472 9 INFO neutron.db.ovn_revision_numbers_db [None req-de7a599a-565c-44db-83d7-89997977efa9 b74d0f6850a24e4db72747476cff5a28 793826d128cb404e972d2611e7ca6d6f - - default default] Successfully bumped revision number for resource b6455cfb-d412-4df9-b7fe-79234b784bda (type: security_groups) to 1
2026-07-15 06:05:27.502 9 INFO neutron.wsgi [req-81805e84-4dca-46c1-b69f-0e617e5f8020 req-a5a60f1e-2d50-4a56-ab54-d465e3decc11 9e00b1879cea4d628b959ceb8de0ca1c 8adc5071ea914d8e80d6b2f65c1cafc4 - - default default] 10.0.0.240 "GET /v2.0/ports?device_id=a0e8f1d1-37cb-4b30-b3f2-a650ab1e58b3 HTTP/1.1" status: 200 len: 210 time: 0.0228353
2026-07-15 06:05:27.503 9 INFO neutron.db.ovn_revision_numbers_db [None req-de7a599a-565c-44db-83d7-89997977efa9 b74d0f6850a24e4db72747476cff5a28 793826d128cb404e972d2611e7ca6d6f - - default default] Successfully bumped revision number for resource 6fb86e2d-a4d1-4ab6-9861-95f686aec3a0 (type: security_group_rules) to 0
2026-07-15 06:05:27.515 9 INFO neutron.db.ovn_revision_numbers_db [None req-de7a599a-565c-44db-83d7-89997977efa9 b74d0f6850a24e4db72747476cff5a28 793826d128cb404e972d2611e7ca6d6f - - default default] Successfully bumped revision number for resource 9eba5c66-1d3f-4b1d-a4ed-665a74ba74e6 (type: security_group_rules) to 0
2026-07-15 06:05:27.539 9 INFO neutron.db.ovn_revision_numbers_db [None req-de7a599a-565c-44db-83d7-89997977efa9 b74d0f6850a24e4db72747476cff5a28 793826d128cb404e972d2611e7ca6d6f - - default default] Successfully bumped revision number for resource a8cad71c-c5b4-4934-a2e4-92e06c6465b8 (type: security_group_rules) to 0
2026-07-15 06:05:27.568 9 INFO neutron.db.ovn_revision_numbers_db [None req-de7a599a-565c-44db-83d7-89997977efa9 b74d0f6850a24e4db72747476cff5a28 793826d128cb404e972d2611e7ca6d6f - - default default] Successfully bumped revision number for resource f6f9e605-4481-4a8b-9026-8996862d6121 (type: security_group_rules) to 0
2026-07-15 06:05:27.608 9 INFO neutron.wsgi [None req-de7a599a-565c-44db-83d7-89997977efa9 b74d0f6850a24e4db72747476cff5a28 793826d128cb404e972d2611e7ca6d6f - - default default] 10.0.0.181 "GET /v2.0/security-groups?tenant_id=a4ba3bcdd02742b59a57cc928a8fb919&name=default HTTP/1.1" status: 200 len: 2996 time: 0.2891383
2026-07-15 06:05:27.852 10 WARNING neutron.scheduler.dhcp_agent_scheduler [None req-ba1a256b-6df9-496e-a17e-ff24b1873f95 1eb5d7834efb465e91d3bf8662b72c2f 298243421e32498baa44cb88fcd7db4b - - default default] No more DHCP agents
2026-07-15 06:05:27.853 10 WARNING neutron.api.rpc.agentnotifiers.dhcp_rpc_agent_api [None req-ba1a256b-6df9-496e-a17e-ff24b1873f95 1eb5d7834efb465e91d3bf8662b72c2f 298243421e32498baa44cb88fcd7db4b - - default default] Unable to schedule network 5c524274-25bc-4353-82e5-d3af10cc3e37: no agents available; will retry on subsequent port and subnet creation events.
2026-07-15 06:05:27.891 10 INFO neutron.db.ovn_revision_numbers_db [None req-ba1a256b-6df9-496e-a17e-ff24b1873f95 1eb5d7834efb465e91d3bf8662b72c2f 298243421e32498baa44cb88fcd7db4b - - default default] Successfully bumped revision number for resource 2b652575-ab5d-496a-8a89-6994a036dc1b (type: subnets) to 0
2026-07-15 06:05:27.910 10 INFO neutron.wsgi [None req-ba1a256b-6df9-496e-a17e-ff24b1873f95 1eb5d7834efb465e91d3bf8662b72c2f 298243421e32498baa44cb88fcd7db4b - - default default] 10.0.0.181 "POST /v2.0/subnets HTTP/1.1" status: 201 len: 848 time: 0.4455626
2026-07-15 06:05:27.921 9 INFO neutron.wsgi [None req-8ced14cc-d38b-4aac-8afd-b46fd11f9d70 b74d0f6850a24e4db72747476cff5a28 793826d128cb404e972d2611e7ca6d6f - - default default] 10.0.0.181 "DELETE /v2.0/security-groups/b6455cfb-d412-4df9-b7fe-79234b784bda HTTP/1.1" status: 204 len: 168 time: 0.3067811
2026-07-15 06:05:27.923 10 WARNING neutron_lib.context [None req-0007a9c5-b6f2-4aa8-acda-f3c30620a059 1eb5d7834efb465e91d3bf8662b72c2f 298243421e32498baa44cb88fcd7db4b - - default default] Method 'is_advsvc' is deprecated since 2023.2 release (neutron-lib 3.8.0) and will be removed once support for the old RBAC API policies will be removed from Neutron. Please use method 'is_service_role' instead.
2026-07-15 06:05:28.016 10 INFO neutron.db.segments_db [None req-0007a9c5-b6f2-4aa8-acda-f3c30620a059 1eb5d7834efb465e91d3bf8662b72c2f 298243421e32498baa44cb88fcd7db4b - - default default] Added segment e7b9cae0-a61c-4b9c-889f-7483eaaa9877 of type geneve for network aafb6e9a-6f6d-4026-8067-fcec5169e052
2026-07-15 06:05:28.214 10 INFO neutron.db.ovn_revision_numbers_db [None req-0007a9c5-b6f2-4aa8-acda-f3c30620a059 1eb5d7834efb465e91d3bf8662b72c2f 298243421e32498baa44cb88fcd7db4b - - default default] Successfully bumped revision number for resource aafb6e9a-6f6d-4026-8067-fcec5169e052 (type: networks) to 1
2026-07-15 06:05:28.385 10 INFO neutron.wsgi [req-7700ad4f-5fe2-4ce3-8002-b35f41b2f7ce req-198dd2fb-785b-45f2-9a33-af8a93363e7b 9e00b1879cea4d628b959ceb8de0ca1c 8adc5071ea914d8e80d6b2f65c1cafc4 - - default default] 199.204.45.116 "GET /v2.0/networks?id=fdd5e46b-1427-49e9-a411-4dd9632135fd HTTP/1.1" status: 200 len: 879 time: 0.1139858
2026-07-15 06:05:28.452 10 INFO neutron.wsgi [req-7700ad4f-5fe2-4ce3-8002-b35f41b2f7ce req-591bcaac-1805-4ad7-b0d0-00b8ddda027b 9e00b1879cea4d628b959ceb8de0ca1c 8adc5071ea914d8e80d6b2f65c1cafc4 - - default default] 199.204.45.116 "GET /v2.0/security-groups?fields=id&fields=name&tenant_id=8adc5071ea914d8e80d6b2f65c1cafc4 HTTP/1.1" status: 200 len: 379 time: 0.0508456
2026-07-15 06:05:28.458 10 WARNING neutron.scheduler.dhcp_agent_scheduler [None req-0007a9c5-b6f2-4aa8-acda-f3c30620a059 1eb5d7834efb465e91d3bf8662b72c2f 298243421e32498baa44cb88fcd7db4b - - default default] No more DHCP agents
2026-07-15 06:05:28.459 10 WARNING neutron.api.rpc.agentnotifiers.dhcp_rpc_agent_api [None req-0007a9c5-b6f2-4aa8-acda-f3c30620a059 1eb5d7834efb465e91d3bf8662b72c2f 298243421e32498baa44cb88fcd7db4b - - default default] Unable to schedule network aafb6e9a-6f6d-4026-8067-fcec5169e052: no agents available; will retry on subsequent port and subnet creation events.
2026-07-15 06:05:28.477 10 WARNING neutron_lib.context [req-7700ad4f-5fe2-4ce3-8002-b35f41b2f7ce req-437c5640-ad51-4202-a515-9ac874e0cc3f 9e00b1879cea4d628b959ceb8de0ca1c 8adc5071ea914d8e80d6b2f65c1cafc4 - - default default] Method 'is_advsvc' is deprecated since 2023.2 release (neutron-lib 3.8.0) and will be removed once support for the old RBAC API policies will be removed from Neutron. Please use method 'is_service_role' instead.
2026-07-15 06:05:28.608 10 INFO neutron.db.ovn_revision_numbers_db [None req-0007a9c5-b6f2-4aa8-acda-f3c30620a059 1eb5d7834efb465e91d3bf8662b72c2f 298243421e32498baa44cb88fcd7db4b - - default default] Successfully bumped revision number for resource f7d732f9-0643-4743-81a2-4addb2745cdf (type: ports) to 1
2026-07-15 06:05:28.621 9 INFO neutron.wsgi [req-a31020c7-b82a-44e8-8d59-e12d18dce969 req-48f13fd7-26b5-46ff-b3f9-943616f837f9 9e00b1879cea4d628b959ceb8de0ca1c 8adc5071ea914d8e80d6b2f65c1cafc4 - - default default] 10.0.0.240 "GET /v2.0/ports?device_id=a0e8f1d1-37cb-4b30-b3f2-a650ab1e58b3 HTTP/1.1" status: 200 len: 210 time: 0.0274825
2026-07-15 06:05:28.658 10 INFO neutron.wsgi [None req-0007a9c5-b6f2-4aa8-acda-f3c30620a059 1eb5d7834efb465e91d3bf8662b72c2f 298243421e32498baa44cb88fcd7db4b - - default default] 10.0.0.181 "POST /v2.0/networks HTTP/1.1" status: 201 len: 847 time: 0.7399597
2026-07-15 06:05:28.874 9 INFO neutron.db.ovn_revision_numbers_db [None req-773664b7-14ff-498e-8ecd-fdc268357842 1eb5d7834efb465e91d3bf8662b72c2f 298243421e32498baa44cb88fcd7db4b - - default default] Successfully bumped revision number for resource aafb6e9a-6f6d-4026-8067-fcec5169e052 (type: networks) to 2
2026-07-15 06:05:28.882 9 INFO neutron.wsgi [None req-773664b7-14ff-498e-8ecd-fdc268357842 1eb5d7834efb465e91d3bf8662b72c2f 298243421e32498baa44cb88fcd7db4b - - default default] 10.0.0.181 "PUT /v2.0/networks/aafb6e9a-6f6d-4026-8067-fcec5169e052 HTTP/1.1" status: 200 len: 792 time: 0.2194366
2026-07-15 06:05:28.885 10 WARNING neutron.scheduler.dhcp_agent_scheduler [req-7700ad4f-5fe2-4ce3-8002-b35f41b2f7ce req-437c5640-ad51-4202-a515-9ac874e0cc3f 9e00b1879cea4d628b959ceb8de0ca1c 8adc5071ea914d8e80d6b2f65c1cafc4 - - default default] No more DHCP agents
2026-07-15 06:05:28.888 10 WARNING neutron.api.rpc.agentnotifiers.dhcp_rpc_agent_api [req-7700ad4f-5fe2-4ce3-8002-b35f41b2f7ce req-437c5640-ad51-4202-a515-9ac874e0cc3f 9e00b1879cea4d628b959ceb8de0ca1c 8adc5071ea914d8e80d6b2f65c1cafc4 - - default default] Unable to schedule network fdd5e46b-1427-49e9-a411-4dd9632135fd: no agents available; will retry on subsequent port and subnet creation events.
