2026-07-15 06:08:17.620 10 WARNING neutron.scheduler.dhcp_agent_scheduler [None req-4eccb744-b0e3-4715-84bc-f123f426e960 404395b453f247bd927f77314db51cd5 6e1bf93cae9b45d598adab3461875a9e - - default default] No more DHCP agents
2026-07-15 06:08:17.625 10 WARNING neutron.api.rpc.agentnotifiers.dhcp_rpc_agent_api [None req-4eccb744-b0e3-4715-84bc-f123f426e960 404395b453f247bd927f77314db51cd5 6e1bf93cae9b45d598adab3461875a9e - - default default] Unable to schedule network 85d8c101-1625-4351-9175-849136598975: no agents available; will retry on subsequent port and subnet creation events.
2026-07-15 06:08:17.954 10 INFO neutron.db.ovn_revision_numbers_db [None req-4eccb744-b0e3-4715-84bc-f123f426e960 404395b453f247bd927f77314db51cd5 6e1bf93cae9b45d598adab3461875a9e - - default default] Successfully bumped revision number for resource 6ebeabce-ac80-4d56-b9e8-de88c0fce1a9 (type: floatingips) to 0
2026-07-15 06:08:17.970 10 INFO neutron.wsgi [None req-4eccb744-b0e3-4715-84bc-f123f426e960 404395b453f247bd927f77314db51cd5 6e1bf93cae9b45d598adab3461875a9e - - default default] 10.0.0.181 "POST /v2.0/floatingips HTTP/1.1" status: 201 len: 751 time: 0.7957234
2026-07-15 06:08:18.023 9 INFO neutron.wsgi [None req-5ae55e55-416b-4add-be3e-1f42d2c12726 404395b453f247bd927f77314db51cd5 6e1bf93cae9b45d598adab3461875a9e - - default default] 10.0.0.181 "PUT /v2.0/floatingips/6ebeabce-ac80-4d56-b9e8-de88c0fce1a9/tags HTTP/1.1" status: 200 len: 218 time: 0.0470734
2026-07-15 06:08:18.059 9 INFO neutron.wsgi [None req-9ff6d430-1a1c-49c1-974d-7ef6cb73339d 404395b453f247bd927f77314db51cd5 6e1bf93cae9b45d598adab3461875a9e - - default default] 10.0.0.181 "GET /v2.0/floatingips/6ebeabce-ac80-4d56-b9e8-de88c0fce1a9/tags HTTP/1.1" status: 200 len: 218 time: 0.0304306
2026-07-15 06:08:18.112 9 INFO neutron.wsgi [None req-e586bafb-8d11-4a5e-9121-461fd783886c 404395b453f247bd927f77314db51cd5 6e1bf93cae9b45d598adab3461875a9e - - default default] 10.0.0.181 "PUT /v2.0/floatingips/6ebeabce-ac80-4d56-b9e8-de88c0fce1a9/tags/green HTTP/1.1" status: 201 len: 201 time: 0.0475070
2026-07-15 06:08:18.143 9 INFO neutron.wsgi [None req-db5ddd94-005a-477e-9795-9d49d09fdf9d 404395b453f247bd927f77314db51cd5 6e1bf93cae9b45d598adab3461875a9e - - default default] 10.0.0.181 "GET /v2.0/floatingips/6ebeabce-ac80-4d56-b9e8-de88c0fce1a9/tags HTTP/1.1" status: 200 len: 227 time: 0.0248094
2026-07-15 06:08:18.181 9 INFO neutron.wsgi [None req-42c0a93b-abb1-45e7-9d35-5d4faf424d74 404395b453f247bd927f77314db51cd5 6e1bf93cae9b45d598adab3461875a9e - - default default] 10.0.0.181 "PUT /v2.0/floatingips/6ebeabce-ac80-4d56-b9e8-de88c0fce1a9/tags/red HTTP/1.1" status: 201 len: 201 time: 0.0322013
2026-07-15 06:08:18.227 9 INFO neutron.wsgi [None req-7e1979b7-5c51-479c-97c8-59d98c789685 404395b453f247bd927f77314db51cd5 6e1bf93cae9b45d598adab3461875a9e - - default default] 10.0.0.181 "GET /v2.0/floatingips/6ebeabce-ac80-4d56-b9e8-de88c0fce1a9/tags HTTP/1.1" status: 200 len: 227 time: 0.0396719
2026-07-15 06:08:18.271 9 INFO neutron.wsgi [None req-478ce6be-ebb7-4dd4-bde7-228973b85b5c 404395b453f247bd927f77314db51cd5 6e1bf93cae9b45d598adab3461875a9e - - default default] 10.0.0.181 "PUT /v2.0/floatingips/6ebeabce-ac80-4d56-b9e8-de88c0fce1a9/tags/black.or.white HTTP/1.1" status: 201 len: 201 time: 0.0394886
2026-07-15 06:08:18.307 9 INFO neutron.wsgi [None req-92303492-b4d8-4a48-9538-eb62f91dd5a3 404395b453f247bd927f77314db51cd5 6e1bf93cae9b45d598adab3461875a9e - - default default] 10.0.0.181 "GET /v2.0/floatingips/6ebeabce-ac80-4d56-b9e8-de88c0fce1a9/tags HTTP/1.1" status: 200 len: 245 time: 0.0289404
2026-07-15 06:08:18.360 9 INFO neutron.wsgi [None req-c169caaa-9963-4940-8d89-39445d767b31 404395b453f247bd927f77314db51cd5 6e1bf93cae9b45d598adab3461875a9e - - default default] 10.0.0.181 "PUT /v2.0/floatingips/6ebeabce-ac80-4d56-b9e8-de88c0fce1a9/tags HTTP/1.1" status: 200 len: 230 time: 0.0484350
2026-07-15 06:08:18.393 9 INFO neutron.wsgi [None req-e318517c-768d-4fa6-89ca-30b99409baf5 404395b453f247bd927f77314db51cd5 6e1bf93cae9b45d598adab3461875a9e - - default default] 10.0.0.181 "GET /v2.0/floatingips/6ebeabce-ac80-4d56-b9e8-de88c0fce1a9/tags HTTP/1.1" status: 200 len: 230 time: 0.0267451
2026-07-15 06:08:18.429 9 INFO neutron.wsgi [None req-8425dc20-59f4-4b5a-99e7-30a069861d27 404395b453f247bd927f77314db51cd5 6e1bf93cae9b45d598adab3461875a9e - - default default] 10.0.0.181 "GET /v2.0/floatingips/6ebeabce-ac80-4d56-b9e8-de88c0fce1a9/tags/red HTTP/1.1" status: 204 len: 168 time: 0.0295830
2026-07-15 06:08:18.464 9 INFO neutron.api.v2.resource [None req-cec8e7e0-53ef-4b34-8aea-47105b9e1b98 404395b453f247bd927f77314db51cd5 6e1bf93cae9b45d598adab3461875a9e - - default default] show failed (client error): The resource could not be found.
2026-07-15 06:08:18.466 9 INFO neutron.wsgi [None req-cec8e7e0-53ef-4b34-8aea-47105b9e1b98 404395b453f247bd927f77314db51cd5 6e1bf93cae9b45d598adab3461875a9e - - default default] 10.0.0.181 "GET /v2.0/floatingips/6ebeabce-ac80-4d56-b9e8-de88c0fce1a9/tags/green HTTP/1.1" status: 404 len: 299 time: 0.0310602
2026-07-15 06:08:18.527 9 INFO neutron.wsgi [None req-9e686e8b-3478-41d3-b648-ca1846567ca5 404395b453f247bd927f77314db51cd5 6e1bf93cae9b45d598adab3461875a9e - - default default] 10.0.0.181 "DELETE /v2.0/floatingips/6ebeabce-ac80-4d56-b9e8-de88c0fce1a9/tags/red HTTP/1.1" status: 204 len: 168 time: 0.0570772
2026-07-15 06:08:18.573 9 INFO neutron.wsgi [None req-368e3bf4-2abf-4d31-a372-6acd9a0590ef 404395b453f247bd927f77314db51cd5 6e1bf93cae9b45d598adab3461875a9e - - default default] 10.0.0.181 "GET /v2.0/floatingips/6ebeabce-ac80-4d56-b9e8-de88c0fce1a9/tags HTTP/1.1" status: 200 len: 223 time: 0.0397973
2026-07-15 06:08:18.625 10 INFO neutron.api.v2.resource [None req-980bd2c2-d06e-4103-a9e9-7e2ff0215a78 404395b453f247bd927f77314db51cd5 6e1bf93cae9b45d598adab3461875a9e - - default default] delete failed (client error): The resource could not be found.
2026-07-15 06:08:18.628 10 INFO neutron.wsgi [None req-980bd2c2-d06e-4103-a9e9-7e2ff0215a78 404395b453f247bd927f77314db51cd5 6e1bf93cae9b45d598adab3461875a9e - - default default] 10.0.0.181 "DELETE /v2.0/floatingips/6ebeabce-ac80-4d56-b9e8-de88c0fce1a9/tags/green HTTP/1.1" status: 404 len: 299 time: 0.0440774
2026-07-15 06:08:18.684 10 INFO neutron.wsgi [None req-01f1790a-7c53-4a4a-882d-01d2adca4fb8 404395b453f247bd927f77314db51cd5 6e1bf93cae9b45d598adab3461875a9e - - default default] 10.0.0.181 "DELETE /v2.0/floatingips/6ebeabce-ac80-4d56-b9e8-de88c0fce1a9/tags HTTP/1.1" status: 204 len: 168 time: 0.0514395
2026-07-15 06:08:18.731 10 INFO neutron.wsgi [None req-fd2c1d3f-e272-45c3-b240-71746ff00721 404395b453f247bd927f77314db51cd5 6e1bf93cae9b45d598adab3461875a9e - - default default] 10.0.0.181 "GET /v2.0/floatingips/6ebeabce-ac80-4d56-b9e8-de88c0fce1a9/tags HTTP/1.1" status: 200 len: 205 time: 0.0414484
2026-07-15 06:08:19.111 10 INFO neutron.wsgi [None req-37672014-ce2a-46f3-9682-93e597f621a2 404395b453f247bd927f77314db51cd5 6e1bf93cae9b45d598adab3461875a9e - - default default] 10.0.0.181 "DELETE /v2.0/floatingips/6ebeabce-ac80-4d56-b9e8-de88c0fce1a9 HTTP/1.1" status: 204 len: 168 time: 0.3743286
2026-07-15 06:08:19.723 9 WARNING neutron_lib.context [None req-9337ff24-484f-4746-aa52-8a9257d05308 af8cae2131984628b99410a395a20b12 42274cffbf1344ebaa541dd7fa3e5a8c - - default default] Method 'is_advsvc' is deprecated since 2023.2 release (neutron-lib 3.8.0) and will be removed once support for the old RBAC API policies will be removed from Neutron. Please use method 'is_service_role' instead.
2026-07-15 06:08:19.958 10 INFO neutron.db.ovn_revision_numbers_db [None req-3c60b443-8a5e-48d4-9ec2-5d46755a2a30 b74d0f6850a24e4db72747476cff5a28 793826d128cb404e972d2611e7ca6d6f - - default default] Successfully bumped revision number for resource eb8b7982-d3ba-41bd-923b-f871845c373b (type: security_groups) to 1
2026-07-15 06:08:19.975 10 INFO neutron.db.ovn_revision_numbers_db [None req-3c60b443-8a5e-48d4-9ec2-5d46755a2a30 b74d0f6850a24e4db72747476cff5a28 793826d128cb404e972d2611e7ca6d6f - - default default] Successfully bumped revision number for resource 09d3e345-45f8-4cfe-8d3f-5579181a780a (type: security_group_rules) to 0
2026-07-15 06:08:19.993 10 INFO neutron.db.ovn_revision_numbers_db [None req-3c60b443-8a5e-48d4-9ec2-5d46755a2a30 b74d0f6850a24e4db72747476cff5a28 793826d128cb404e972d2611e7ca6d6f - - default default] Successfully bumped revision number for resource 81423825-2b72-4f8a-84be-ff8fe62aad0b (type: security_group_rules) to 0
2026-07-15 06:08:20.021 10 INFO neutron.db.ovn_revision_numbers_db [None req-3c60b443-8a5e-48d4-9ec2-5d46755a2a30 b74d0f6850a24e4db72747476cff5a28 793826d128cb404e972d2611e7ca6d6f - - default default] Successfully bumped revision number for resource ae660f94-5cc4-4865-9286-078419a1906f (type: security_group_rules) to 0
2026-07-15 06:08:20.042 10 INFO neutron.db.ovn_revision_numbers_db [None req-3c60b443-8a5e-48d4-9ec2-5d46755a2a30 b74d0f6850a24e4db72747476cff5a28 793826d128cb404e972d2611e7ca6d6f - - default default] Successfully bumped revision number for resource d29d4dc6-48bc-4e1d-b34c-c39cb857877e (type: security_group_rules) to 0
2026-07-15 06:08:20.070 10 INFO neutron.wsgi [None req-3c60b443-8a5e-48d4-9ec2-5d46755a2a30 b74d0f6850a24e4db72747476cff5a28 793826d128cb404e972d2611e7ca6d6f - - default default] 10.0.0.181 "GET /v2.0/security-groups?tenant_id=6e1bf93cae9b45d598adab3461875a9e&name=default HTTP/1.1" status: 200 len: 3000 time: 0.2776067
2026-07-15 06:08:20.138 9 INFO neutron.db.ovn_revision_numbers_db [None req-9337ff24-484f-4746-aa52-8a9257d05308 af8cae2131984628b99410a395a20b12 42274cffbf1344ebaa541dd7fa3e5a8c - - default default] Successfully bumped revision number for resource e99dfa1f-5160-4048-a0f4-7b9c5b1d5cc3 (type: routers) to 1
2026-07-15 06:08:20.151 9 INFO neutron.wsgi [None req-9337ff24-484f-4746-aa52-8a9257d05308 af8cae2131984628b99410a395a20b12 42274cffbf1344ebaa541dd7fa3e5a8c - - default default] 10.0.0.181 "POST /v2.0/routers HTTP/1.1" status: 201 len: 654 time: 0.6796234
2026-07-15 06:08:20.161 9 WARNING neutron_lib.context [None req-ab884427-1588-4429-ad5f-f3ac20aa78b2 af8cae2131984628b99410a395a20b12 42274cffbf1344ebaa541dd7fa3e5a8c - - default default] Method 'is_advsvc' is deprecated since 2023.2 release (neutron-lib 3.8.0) and will be removed once support for the old RBAC API policies will be removed from Neutron. Please use method 'is_service_role' instead.
2026-07-15 06:08:20.267 10 INFO neutron.wsgi [None req-d699f43d-9165-40bd-97c9-8c1fd99250f2 b74d0f6850a24e4db72747476cff5a28 793826d128cb404e972d2611e7ca6d6f - - default default] 10.0.0.181 "DELETE /v2.0/security-groups/eb8b7982-d3ba-41bd-923b-f871845c373b HTTP/1.1" status: 204 len: 168 time: 0.1891456
2026-07-15 06:08:20.328 9 INFO neutron.db.ovn_revision_numbers_db [None req-ab884427-1588-4429-ad5f-f3ac20aa78b2 af8cae2131984628b99410a395a20b12 42274cffbf1344ebaa541dd7fa3e5a8c - - default default] Successfully bumped revision number for resource 2701312e-0038-4c80-9198-17d9c84db102 (type: routers) to 1
2026-07-15 06:08:20.356 9 INFO neutron.wsgi [None req-ab884427-1588-4429-ad5f-f3ac20aa78b2 af8cae2131984628b99410a395a20b12 42274cffbf1344ebaa541dd7fa3e5a8c - - default default] 10.0.0.181 "POST /v2.0/routers HTTP/1.1" status: 201 len: 654 time: 0.1997538
2026-07-15 06:08:20.367 9 WARNING neutron_lib.context [None req-f0f153f6-c8b8-4b91-87fc-88dfac90556c af8cae2131984628b99410a395a20b12 42274cffbf1344ebaa541dd7fa3e5a8c - - default default] Method 'is_advsvc' is deprecated since 2023.2 release (neutron-lib 3.8.0) and will be removed once support for the old RBAC API policies will be removed from Neutron. Please use method 'is_service_role' instead.
2026-07-15 06:08:20.519 9 INFO neutron.db.ovn_revision_numbers_db [None req-f0f153f6-c8b8-4b91-87fc-88dfac90556c af8cae2131984628b99410a395a20b12 42274cffbf1344ebaa541dd7fa3e5a8c - - default default] Successfully bumped revision number for resource 83d90441-b199-44f7-abc9-d1f9c7d92e67 (type: routers) to 1
2026-07-15 06:08:20.538 9 INFO neutron.wsgi [None req-f0f153f6-c8b8-4b91-87fc-88dfac90556c af8cae2131984628b99410a395a20b12 42274cffbf1344ebaa541dd7fa3e5a8c - - default default] 10.0.0.181 "POST /v2.0/routers HTTP/1.1" status: 201 len: 654 time: 0.1752884
2026-07-15 06:08:20.552 9 WARNING neutron_lib.context [None req-d959b100-ec35-4748-afcb-511e840a67e8 af8cae2131984628b99410a395a20b12 42274cffbf1344ebaa541dd7fa3e5a8c - - default default] Method 'is_advsvc' is deprecated since 2023.2 release (neutron-lib 3.8.0) and will be removed once support for the old RBAC API policies will be removed from Neutron. Please use method 'is_service_role' instead.
2026-07-15 06:08:20.622 10 INFO neutron.db.ovn_revision_numbers_db [None req-ddd1638e-2464-4efa-83b7-c5b9b2736a29 b74d0f6850a24e4db72747476cff5a28 793826d128cb404e972d2611e7ca6d6f - - default default] Successfully bumped revision number for resource 54dbf380-d9ca-4f2b-a1c0-725fa5443b51 (type: security_groups) to 1
2026-07-15 06:08:20.652 10 INFO neutron.db.ovn_revision_numbers_db [None req-ddd1638e-2464-4efa-83b7-c5b9b2736a29 b74d0f6850a24e4db72747476cff5a28 793826d128cb404e972d2611e7ca6d6f - - default default] Successfully bumped revision number for resource b0a30ef5-6906-46cd-af93-dc635f35c731 (type: security_group_rules) to 0
2026-07-15 06:08:20.672 10 INFO neutron.db.ovn_revision_numbers_db [None req-ddd1638e-2464-4efa-83b7-c5b9b2736a29 b74d0f6850a24e4db72747476cff5a28 793826d128cb404e972d2611e7ca6d6f - - default default] Successfully bumped revision number for resource cb8e3157-cd5f-4163-8574-55fd8e5a7fcd (type: security_group_rules) to 0
2026-07-15 06:08:20.692 10 INFO neutron.db.ovn_revision_numbers_db [None req-ddd1638e-2464-4efa-83b7-c5b9b2736a29 b74d0f6850a24e4db72747476cff5a28 793826d128cb404e972d2611e7ca6d6f - - default default] Successfully bumped revision number for resource de3310a0-89e1-479c-a24e-7ddb5cb01097 (type: security_group_rules) to 0
2026-07-15 06:08:20.716 10 INFO neutron.db.ovn_revision_numbers_db [None req-ddd1638e-2464-4efa-83b7-c5b9b2736a29 b74d0f6850a24e4db72747476cff5a28 793826d128cb404e972d2611e7ca6d6f - - default default] Successfully bumped revision number for resource ec737c6b-64a9-4fed-bc22-f5066e7089da (type: security_group_rules) to 0
2026-07-15 06:08:20.740 9 INFO neutron.db.ovn_revision_numbers_db [None req-d959b100-ec35-4748-afcb-511e840a67e8 af8cae2131984628b99410a395a20b12 42274cffbf1344ebaa541dd7fa3e5a8c - - default default] Successfully bumped revision number for resource 8ebccc8b-875b-4f91-97cb-48400ac26870 (type: routers) to 1
2026-07-15 06:08:20.749 10 INFO neutron.wsgi [None req-ddd1638e-2464-4efa-83b7-c5b9b2736a29 b74d0f6850a24e4db72747476cff5a28 793826d128cb404e972d2611e7ca6d6f - - default default] 10.0.0.181 "GET /v2.0/security-groups?tenant_id=4c53ce6c40634831bc98c753a9aeadd8&name=default HTTP/1.1" status: 200 len: 3000 time: 0.2892077
2026-07-15 06:08:20.755 9 INFO neutron.wsgi [None req-d959b100-ec35-4748-afcb-511e840a67e8 af8cae2131984628b99410a395a20b12 42274cffbf1344ebaa541dd7fa3e5a8c - - default default] 10.0.0.181 "POST /v2.0/routers HTTP/1.1" status: 201 len: 654 time: 0.2101798
2026-07-15 06:08:20.765 9 WARNING neutron_lib.context [None req-6eb1e4da-61a4-471b-9ac4-83ea286dcdb4 af8cae2131984628b99410a395a20b12 42274cffbf1344ebaa541dd7fa3e5a8c - - default default] Method 'is_advsvc' is deprecated since 2023.2 release (neutron-lib 3.8.0) and will be removed once support for the old RBAC API policies will be removed from Neutron. Please use method 'is_service_role' instead.
2026-07-15 06:08:20.921 9 INFO neutron.db.ovn_revision_numbers_db [None req-6eb1e4da-61a4-471b-9ac4-83ea286dcdb4 af8cae2131984628b99410a395a20b12 42274cffbf1344ebaa541dd7fa3e5a8c - - default default] Successfully bumped revision number for resource a665f842-8ac8-41ec-a67e-8567c90b84da (type: routers) to 1
2026-07-15 06:08:20.936 9 INFO neutron.wsgi [None req-6eb1e4da-61a4-471b-9ac4-83ea286dcdb4 af8cae2131984628b99410a395a20b12 42274cffbf1344ebaa541dd7fa3e5a8c - - default default] 10.0.0.181 "POST /v2.0/routers HTTP/1.1" status: 201 len: 654 time: 0.1752257
2026-07-15 06:08:20.991 10 INFO neutron.wsgi [None req-e65e2f98-3012-4647-a5d5-f9930e0ae93e b74d0f6850a24e4db72747476cff5a28 793826d128cb404e972d2611e7ca6d6f - - default default] 10.0.0.181 "DELETE /v2.0/security-groups/54dbf380-d9ca-4f2b-a1c0-725fa5443b51 HTTP/1.1" status: 204 len: 168 time: 0.2343805
2026-07-15 06:08:21.002 10 INFO neutron.wsgi [None req-86eb9c05-c68e-4fbc-af0f-72b7fa7c92b2 af8cae2131984628b99410a395a20b12 42274cffbf1344ebaa541dd7fa3e5a8c - - default default] 10.0.0.181 "PUT /v2.0/routers/e99dfa1f-5160-4048-a0f4-7b9c5b1d5cc3/tags HTTP/1.1" status: 200 len: 210 time: 0.0607183
2026-07-15 06:08:21.062 10 INFO neutron.wsgi [None req-00831853-17dc-4551-88ed-a8b8e77211fb af8cae2131984628b99410a395a20b12 42274cffbf1344ebaa541dd7fa3e5a8c - - default default] 10.0.0.181 "PUT /v2.0/routers/2701312e-0038-4c80-9198-17d9c84db102/tags HTTP/1.1" status: 200 len: 218 time: 0.0544324
2026-07-15 06:08:21.142 10 INFO neutron.wsgi [None req-d781947c-b964-4c84-90f4-2c9977b250a1 af8cae2131984628b99410a395a20b12 42274cffbf1344ebaa541dd7fa3e5a8c - - default default] 10.0.0.181 "PUT /v2.0/routers/83d90441-b199-44f7-abc9-d1f9c7d92e67/tags HTTP/1.1" status: 200 len: 227 time: 0.0744247
2026-07-15 06:08:21.203 10 INFO neutron.wsgi [None req-bba058a2-7fb3-4949-b751-5db13dedb47a af8cae2131984628b99410a395a20b12 42274cffbf1344ebaa541dd7fa3e5a8c - - default default] 10.0.0.181 "PUT /v2.0/routers/8ebccc8b-875b-4f91-97cb-48400ac26870/tags HTTP/1.1" status: 200 len: 212 time: 0.0562479
2026-07-15 06:08:21.284 10 INFO neutron.wsgi [None req-c79020a2-acc7-49c6-a845-bb1647d3e2db af8cae2131984628b99410a395a20b12 42274cffbf1344ebaa541dd7fa3e5a8c - - default default] 10.0.0.181 "GET /v2.0/routers?tags=red HTTP/1.1" status: 200 len: 1601 time: 0.0734828
2026-07-15 06:08:21.366 10 INFO neutron.wsgi [None req-2c389eca-91ee-4625-b52e-5cfbe195c229 af8cae2131984628b99410a395a20b12 42274cffbf1344ebaa541dd7fa3e5a8c - - default default] 10.0.0.181 "GET /v2.0/routers?tags=red%2Cblue HTTP/1.1" status: 200 len: 1144 time: 0.0748882
2026-07-15 06:08:21.863 10 INFO neutron.wsgi [None req-80a3cf12-4778-427c-b91f-600a841d1e6f af8cae2131984628b99410a395a20b12 42274cffbf1344ebaa541dd7fa3e5a8c - - default default] 10.0.0.181 "GET /v2.0/routers?tags-any=blue HTTP/1.1" status: 200 len: 1144 time: 0.4884405
2026-07-15 06:08:21.929 10 INFO neutron.wsgi [None req-a710c920-777a-4eda-bb45-cfe470805227 af8cae2131984628b99410a395a20b12 42274cffbf1344ebaa541dd7fa3e5a8c - - default default] 10.0.0.181 "GET /v2.0/routers?tags-any=red%2Cblue HTTP/1.1" status: 200 len: 1601 time: 0.0599883
2026-07-15 06:08:22.014 10 INFO neutron.wsgi [None req-122dd476-865c-4911-b86a-b2ecffb763c2 af8cae2131984628b99410a395a20b12 42274cffbf1344ebaa541dd7fa3e5a8c - - default default] 10.0.0.181 "GET /v2.0/routers?not-tags=red HTTP/1.1" status: 200 len: 1116 time: 0.0786440
2026-07-15 06:08:22.115 10 INFO neutron.wsgi [None req-25da3eb4-1492-4dc3-a2a2-fbffda8c12ce af8cae2131984628b99410a395a20b12 42274cffbf1344ebaa541dd7fa3e5a8c - - default default] 10.0.0.181 "GET /v2.0/routers?not-tags=red%2Cblue HTTP/1.1" status: 200 len: 1573 time: 0.0962095
2026-07-15 06:08:22.204 10 INFO neutron.wsgi [None req-d589ba0f-a16a-4700-941e-41ae2826cbce af8cae2131984628b99410a395a20b12 42274cffbf1344ebaa541dd7fa3e5a8c - - default default] 10.0.0.181 "GET /v2.0/routers?not-tags-any=blue HTTP/1.1" status: 200 len: 1573 time: 0.0831237
2026-07-15 06:08:22.270 10 INFO neutron.wsgi [None req-2865e799-81e6-4b88-9926-94a9f69ea463 af8cae2131984628b99410a395a20b12 42274cffbf1344ebaa541dd7fa3e5a8c - - default default] 10.0.0.181 "GET /v2.0/routers?not-tags-any=red%2Cblue HTTP/1.1" status: 200 len: 1116 time: 0.0600357
2026-07-15 06:08:22.348 10 INFO neutron.wsgi [None req-d0723c0e-0b1a-45c6-8474-e8c66b7e561a af8cae2131984628b99410a395a20b12 42274cffbf1344ebaa541dd7fa3e5a8c - - default default] 10.0.0.181 "GET /v2.0/routers/e99dfa1f-5160-4048-a0f4-7b9c5b1d5cc3 HTTP/1.1" status: 200 len: 660 time: 0.0691869
2026-07-15 06:08:23.081 10 INFO neutron.db.ovn_revision_numbers_db [None req-2399150e-bc14-4835-9025-46da42d7e42f af8cae2131984628b99410a395a20b12 42274cffbf1344ebaa541dd7fa3e5a8c - - default default] Successfully bumped revision number for resource e99dfa1f-5160-4048-a0f4-7b9c5b1d5cc3 (type: routers) to 2
2026-07-15 06:08:23.084 10 INFO neutron.wsgi [None req-2399150e-bc14-4835-9025-46da42d7e42f af8cae2131984628b99410a395a20b12 42274cffbf1344ebaa541dd7fa3e5a8c - - default default] 10.0.0.181 "PUT /v2.0/routers/e99dfa1f-5160-4048-a0f4-7b9c5b1d5cc3 HTTP/1.1" status: 200 len: 660 time: 0.7212920
2026-07-15 06:08:23.124 10 INFO neutron.wsgi [None req-2fed2717-eb4a-4110-b69e-6cadddfa934d af8cae2131984628b99410a395a20b12 42274cffbf1344ebaa541dd7fa3e5a8c - - default default] 10.0.0.181 "GET /v2.0/ports?device_id=e99dfa1f-5160-4048-a0f4-7b9c5b1d5cc3 HTTP/1.1" status: 200 len: 205 time: 0.0352528
2026-07-15 06:08:23.476 10 INFO neutron.wsgi [None req-d7ee3f62-f7a7-4fb2-8773-2c41981a92a4 af8cae2131984628b99410a395a20b12 42274cffbf1344ebaa541dd7fa3e5a8c - - default default] 10.0.0.181 "DELETE /v2.0/routers/e99dfa1f-5160-4048-a0f4-7b9c5b1d5cc3 HTTP/1.1" status: 204 len: 168 time: 0.3472733
2026-07-15 06:08:23.531 10 INFO neutron.wsgi [None req-017675e8-4536-4930-90ad-d0e5c1f17921 af8cae2131984628b99410a395a20b12 42274cffbf1344ebaa541dd7fa3e5a8c - - default default] 10.0.0.181 "GET /v2.0/routers/2701312e-0038-4c80-9198-17d9c84db102 HTTP/1.1" status: 200 len: 668 time: 0.0481329
2026-07-15 06:08:24.029 9 INFO neutron.db.ovn_revision_numbers_db [None req-f51ec17d-7cb5-4d08-9cb4-f4f7cc96ac75 af8cae2131984628b99410a395a20b12 42274cffbf1344ebaa541dd7fa3e5a8c - - default default] Successfully bumped revision number for resource 2701312e-0038-4c80-9198-17d9c84db102 (type: routers) to 2
2026-07-15 06:08:24.033 9 INFO neutron.wsgi [None req-f51ec17d-7cb5-4d08-9cb4-f4f7cc96ac75 af8cae2131984628b99410a395a20b12 42274cffbf1344ebaa541dd7fa3e5a8c - - default default] 10.0.0.181 "PUT /v2.0/routers/2701312e-0038-4c80-9198-17d9c84db102 HTTP/1.1" status: 200 len: 668 time: 0.4956045
2026-07-15 06:08:24.060 9 INFO neutron.wsgi [None req-4d804f03-035a-4d1c-b94c-f1e3ae92cb24 af8cae2131984628b99410a395a20b12 42274cffbf1344ebaa541dd7fa3e5a8c - - default default] 10.0.0.181 "GET /v2.0/ports?device_id=2701312e-0038-4c80-9198-17d9c84db102 HTTP/1.1" status: 200 len: 205 time: 0.0214109
2026-07-15 06:08:24.624 10 WARNING neutron_lib.context [None req-d0a90e8a-b6d2-4299-bd7a-9034f18fefb4 42370982680b49cdb2a1f79f7d9dece4 f26c4a83ea164a46b9f62cdd5a2379e4 - - default default] Method 'is_advsvc' is deprecated since 2023.2 release (neutron-lib 3.8.0) and will be removed once support for the old RBAC API policies will be removed from Neutron. Please use method 'is_service_role' instead.
2026-07-15 06:08:24.774 9 INFO neutron.wsgi [None req-b1fb3e35-b9d3-4a4e-8f11-ab7a538cbacb af8cae2131984628b99410a395a20b12 42274cffbf1344ebaa541dd7fa3e5a8c - - default default] 10.0.0.181 "DELETE /v2.0/routers/2701312e-0038-4c80-9198-17d9c84db102 HTTP/1.1" status: 204 len: 168 time: 0.7076123
2026-07-15 06:08:24.775 10 INFO neutron.db.ovn_revision_numbers_db [None req-d0a90e8a-b6d2-4299-bd7a-9034f18fefb4 42370982680b49cdb2a1f79f7d9dece4 f26c4a83ea164a46b9f62cdd5a2379e4 - - default default] Successfully bumped revision number for resource 10b47425-efbc-4968-a2df-c52623c57a22 (type: security_groups) to 1
2026-07-15 06:08:24.811 10 INFO neutron.db.ovn_revision_numbers_db [None req-d0a90e8a-b6d2-4299-bd7a-9034f18fefb4 42370982680b49cdb2a1f79f7d9dece4 f26c4a83ea164a46b9f62cdd5a2379e4 - - default default] Successfully bumped revision number for resource 3cf4f5e7-a77a-4448-8e01-58de7b76fcff (type: security_group_rules) to 0
2026-07-15 06:08:24.830 10 INFO neutron.wsgi [None req-1c066674-d853-4d07-80f8-3f600650dd36 af8cae2131984628b99410a395a20b12 42274cffbf1344ebaa541dd7fa3e5a8c - - default default] 10.0.0.181 "GET /v2.0/routers/83d90441-b199-44f7-abc9-d1f9c7d92e67 HTTP/1.1" status: 200 len: 677 time: 0.0497618
2026-07-15 06:08:24.841 10 INFO neutron.db.ovn_revision_numbers_db [None req-d0a90e8a-b6d2-4299-bd7a-9034f18fefb4 42370982680b49cdb2a1f79f7d9dece4 f26c4a83ea164a46b9f62cdd5a2379e4 - - default default] Successfully bumped revision number for resource 4b918c5d-e82c-4707-b8e2-a1fbccc105e3 (type: security_group_rules) to 0
2026-07-15 06:08:24.875 10 INFO neutron.db.ovn_revision_numbers_db [None req-d0a90e8a-b6d2-4299-bd7a-9034f18fefb4 42370982680b49cdb2a1f79f7d9dece4 f26c4a83ea164a46b9f62cdd5a2379e4 - - default default] Successfully bumped revision number for resource b0ecdedd-8e2d-4624-a876-14fc1d187690 (type: security_group_rules) to 0
2026-07-15 06:08:24.911 10 INFO neutron.db.ovn_revision_numbers_db [None req-d0a90e8a-b6d2-4299-bd7a-9034f18fefb4 42370982680b49cdb2a1f79f7d9dece4 f26c4a83ea164a46b9f62cdd5a2379e4 - - default default] Successfully bumped revision number for resource b0f9ab7d-976b-49c1-9ccb-1db866d54d55 (type: security_group_rules) to 0
2026-07-15 06:08:25.116 10 INFO neutron.db.ovn_revision_numbers_db [None req-d0a90e8a-b6d2-4299-bd7a-9034f18fefb4 42370982680b49cdb2a1f79f7d9dece4 f26c4a83ea164a46b9f62cdd5a2379e4 - - default default] Successfully bumped revision number for resource 8d69d2d7-d1b0-4ec4-ac2c-bb92a2a1dae2 (type: security_groups) to 1
2026-07-15 06:08:25.146 10 INFO neutron.db.ovn_revision_numbers_db [None req-d0a90e8a-b6d2-4299-bd7a-9034f18fefb4 42370982680b49cdb2a1f79f7d9dece4 f26c4a83ea164a46b9f62cdd5a2379e4 - - default default] Successfully bumped revision number for resource 50b70a20-cd76-4433-a6fd-dcee1225e741 (type: security_group_rules) to 0
2026-07-15 06:08:25.181 10 INFO neutron.db.ovn_revision_numbers_db [None req-d0a90e8a-b6d2-4299-bd7a-9034f18fefb4 42370982680b49cdb2a1f79f7d9dece4 f26c4a83ea164a46b9f62cdd5a2379e4 - - default default] Successfully bumped revision number for resource ad8ed550-4848-4b85-94a1-325deee99c6e (type: security_group_rules) to 0
2026-07-15 06:08:25.223 10 INFO neutron.wsgi [None req-d0a90e8a-b6d2-4299-bd7a-9034f18fefb4 42370982680b49cdb2a1f79f7d9dece4 f26c4a83ea164a46b9f62cdd5a2379e4 - - default default] 10.0.0.181 "POST /v2.0/security-groups HTTP/1.1" status: 201 len: 1739 time: 0.7914927
2026-07-15 06:08:25.264 9 INFO neutron.wsgi [None req-d863475a-5bce-4b7e-b746-9c01cfcb62c1 42370982680b49cdb2a1f79f7d9dece4 f26c4a83ea164a46b9f62cdd5a2379e4 - - default default] 10.0.0.181 "PUT /v2.0/security-groups/8d69d2d7-d1b0-4ec4-ac2c-bb92a2a1dae2/tags HTTP/1.1" status: 200 len: 218 time: 0.0335743
2026-07-15 06:08:25.293 9 INFO neutron.wsgi [None req-f2ead240-ffd0-4a10-8bdd-83ed332dd3d4 42370982680b49cdb2a1f79f7d9dece4 f26c4a83ea164a46b9f62cdd5a2379e4 - - default default] 10.0.0.181 "GET /v2.0/security-groups/8d69d2d7-d1b0-4ec4-ac2c-bb92a2a1dae2/tags HTTP/1.1" status: 200 len: 218 time: 0.0228808
2026-07-15 06:08:25.330 9 INFO neutron.wsgi [None req-38704d0d-3145-4f6d-9ccb-7fd734d90643 42370982680b49cdb2a1f79f7d9dece4 f26c4a83ea164a46b9f62cdd5a2379e4 - - default default] 10.0.0.181 "PUT /v2.0/security-groups/8d69d2d7-d1b0-4ec4-ac2c-bb92a2a1dae2/tags/green HTTP/1.1" status: 201 len: 201 time: 0.0321167
2026-07-15 06:08:25.338 10 INFO neutron.db.ovn_revision_numbers_db [None req-469337ca-e4fb-439b-9007-19d1cbc07a79 af8cae2131984628b99410a395a20b12 42274cffbf1344ebaa541dd7fa3e5a8c - - default default] Successfully bumped revision number for resource 83d90441-b199-44f7-abc9-d1f9c7d92e67 (type: routers) to 2
2026-07-15 06:08:25.343 10 INFO neutron.wsgi [None req-469337ca-e4fb-439b-9007-19d1cbc07a79 af8cae2131984628b99410a395a20b12 42274cffbf1344ebaa541dd7fa3e5a8c - - default default] 10.0.0.181 "PUT /v2.0/routers/83d90441-b199-44f7-abc9-d1f9c7d92e67 HTTP/1.1" status: 200 len: 677 time: 0.5074589
2026-07-15 06:08:25.371 9 INFO neutron.wsgi [None req-e8f18594-829c-49b7-b1df-15aa9a2c55f0 af8cae2131984628b99410a395a20b12 42274cffbf1344ebaa541dd7fa3e5a8c - - default default] 10.0.0.181 "GET /v2.0/ports?device_id=83d90441-b199-44f7-abc9-d1f9c7d92e67 HTTP/1.1" status: 200 len: 205 time: 0.0229900
2026-07-15 06:08:25.373 9 INFO neutron.wsgi [None req-85d94964-bf82-4898-9da0-b2f738a25765 42370982680b49cdb2a1f79f7d9dece4 f26c4a83ea164a46b9f62cdd5a2379e4 - - default default] 10.0.0.181 "GET /v2.0/security-groups/8d69d2d7-d1b0-4ec4-ac2c-bb92a2a1dae2/tags HTTP/1.1" status: 200 len: 227 time: 0.0366309
2026-07-15 06:08:25.413 10 INFO neutron.wsgi [None req-3c0edf4e-12bf-45e8-999f-200802f7219d 42370982680b49cdb2a1f79f7d9dece4 f26c4a83ea164a46b9f62cdd5a2379e4 - - default default] 10.0.0.181 "PUT /v2.0/security-groups/8d69d2d7-d1b0-4ec4-ac2c-bb92a2a1dae2/tags/red HTTP/1.1" status: 201 len: 201 time: 0.0337911
2026-07-15 06:08:25.445 10 INFO neutron.wsgi [None req-a0a5635d-216f-41e6-ac9f-26a796d442e0 42370982680b49cdb2a1f79f7d9dece4 f26c4a83ea164a46b9f62cdd5a2379e4 - - default default] 10.0.0.181 "GET /v2.0/security-groups/8d69d2d7-d1b0-4ec4-ac2c-bb92a2a1dae2/tags HTTP/1.1" status: 200 len: 227 time: 0.0241342
2026-07-15 06:08:25.486 10 INFO neutron.wsgi [None req-3a37708d-2e99-4a6e-9976-efbddc8b85cc 42370982680b49cdb2a1f79f7d9dece4 f26c4a83ea164a46b9f62cdd5a2379e4 - - default default] 10.0.0.181 "PUT /v2.0/security-groups/8d69d2d7-d1b0-4ec4-ac2c-bb92a2a1dae2/tags/black.or.white HTTP/1.1" status: 201 len: 201 time: 0.0369990
2026-07-15 06:08:25.515 10 INFO neutron.wsgi [None req-322590f5-59dd-48a5-b160-90df3977e8f9 42370982680b49cdb2a1f79f7d9dece4 f26c4a83ea164a46b9f62cdd5a2379e4 - - default default] 10.0.0.181 "GET /v2.0/security-groups/8d69d2d7-d1b0-4ec4-ac2c-bb92a2a1dae2/tags HTTP/1.1" status: 200 len: 245 time: 0.0241835
2026-07-15 06:08:25.572 10 INFO neutron.wsgi [None req-0e5334b7-487d-4f9d-a549-26036d609d8c 42370982680b49cdb2a1f79f7d9dece4 f26c4a83ea164a46b9f62cdd5a2379e4 - - default default] 10.0.0.181 "PUT /v2.0/security-groups/8d69d2d7-d1b0-4ec4-ac2c-bb92a2a1dae2/tags HTTP/1.1" status: 200 len: 230 time: 0.0518689
2026-07-15 06:08:25.608 10 INFO neutron.wsgi [None req-d5d332e2-74fc-4099-88c5-fa3abd9e5164 42370982680b49cdb2a1f79f7d9dece4 f26c4a83ea164a46b9f62cdd5a2379e4 - - default default] 10.0.0.181 "GET /v2.0/security-groups/8d69d2d7-d1b0-4ec4-ac2c-bb92a2a1dae2/tags HTTP/1.1" status: 200 len: 230 time: 0.0289540
2026-07-15 06:08:25.649 10 INFO neutron.wsgi [None req-fe3492fd-a1be-4709-aa60-0230b874b51c 42370982680b49cdb2a1f79f7d9dece4 f26c4a83ea164a46b9f62cdd5a2379e4 - - default default] 10.0.0.181 "GET /v2.0/security-groups/8d69d2d7-d1b0-4ec4-ac2c-bb92a2a1dae2/tags/red HTTP/1.1" status: 204 len: 168 time: 0.0357189
2026-07-15 06:08:25.686 10 INFO neutron.api.v2.resource [None req-df47b2ac-f2ca-48b4-8897-662b152de8c4 42370982680b49cdb2a1f79f7d9dece4 f26c4a83ea164a46b9f62cdd5a2379e4 - - default default] show failed (client error): The resource could not be found.
2026-07-15 06:08:25.688 10 INFO neutron.wsgi [None req-df47b2ac-f2ca-48b4-8897-662b152de8c4 42370982680b49cdb2a1f79f7d9dece4 f26c4a83ea164a46b9f62cdd5a2379e4 - - default default] 10.0.0.181 "GET /v2.0/security-groups/8d69d2d7-d1b0-4ec4-ac2c-bb92a2a1dae2/tags/green HTTP/1.1" status: 404 len: 299 time: 0.0321791
2026-07-15 06:08:25.725 9 INFO neutron.wsgi [None req-691f542c-f163-458a-bbfb-952985c37ea4 af8cae2131984628b99410a395a20b12 42274cffbf1344ebaa541dd7fa3e5a8c - - default default] 10.0.0.181 "DELETE /v2.0/routers/83d90441-b199-44f7-abc9-d1f9c7d92e67 HTTP/1.1" status: 204 len: 168 time: 0.3492558
2026-07-15 06:08:25.729 10 INFO neutron.wsgi [None req-bd10742a-a75d-4fce-8dd7-d43bf90bf631 42370982680b49cdb2a1f79f7d9dece4 f26c4a83ea164a46b9f62cdd5a2379e4 - - default default] 10.0.0.181 "DELETE /v2.0/security-groups/8d69d2d7-d1b0-4ec4-ac2c-bb92a2a1dae2/tags/red HTTP/1.1" status: 204 len: 168 time: 0.0366704
2026-07-15 06:08:25.758 9 INFO neutron.wsgi [None req-66c265e5-40ed-4dfc-b91f-46689e6c61dd 42370982680b49cdb2a1f79f7d9dece4 f26c4a83ea164a46b9f62cdd5a2379e4 - - default default] 10.0.0.181 "GET /v2.0/security-groups/8d69d2d7-d1b0-4ec4-ac2c-bb92a2a1dae2/tags HTTP/1.1" status: 200 len: 223 time: 0.0240119
2026-07-15 06:08:25.773 10 INFO neutron.wsgi [None req-4d0954ef-a736-4f14-91dd-72f5faf4efe8 af8cae2131984628b99410a395a20b12 42274cffbf1344ebaa541dd7fa3e5a8c - - default default] 10.0.0.181 "GET /v2.0/routers/8ebccc8b-875b-4f91-97cb-48400ac26870 HTTP/1.1" status: 200 len: 662 time: 0.0424280
2026-07-15 06:08:25.786 9 INFO neutron.api.v2.resource [None req-acf99868-39b1-475e-9ee7-b18e9e544a51 42370982680b49cdb2a1f79f7d9dece4 f26c4a83ea164a46b9f62cdd5a2379e4 - - default default] delete failed (client error): The resource could not be found.
2026-07-15 06:08:25.787 9 INFO neutron.wsgi [None req-acf99868-39b1-475e-9ee7-b18e9e544a51 42370982680b49cdb2a1f79f7d9dece4 f26c4a83ea164a46b9f62cdd5a2379e4 - - default default] 10.0.0.181 "DELETE /v2.0/security-groups/8d69d2d7-d1b0-4ec4-ac2c-bb92a2a1dae2/tags/green HTTP/1.1" status: 404 len: 299 time: 0.0255291
2026-07-15 06:08:25.829 9 INFO neutron.wsgi [None req-6c97e437-ecaf-4563-9451-f7017006e2b0 42370982680b49cdb2a1f79f7d9dece4 f26c4a83ea164a46b9f62cdd5a2379e4 - - default default] 10.0.0.181 "DELETE /v2.0/security-groups/8d69d2d7-d1b0-4ec4-ac2c-bb92a2a1dae2/tags HTTP/1.1" status: 204 len: 168 time: 0.0384014
2026-07-15 06:08:25.855 9 INFO neutron.wsgi [None req-d3a011ab-335e-4382-a263-d3b1d092945c 42370982680b49cdb2a1f79f7d9dece4 f26c4a83ea164a46b9f62cdd5a2379e4 - - default default] 10.0.0.181 "GET /v2.0/security-groups/8d69d2d7-d1b0-4ec4-ac2c-bb92a2a1dae2/tags HTTP/1.1" status: 200 len: 205 time: 0.0215087
2026-07-15 06:08:25.989 9 INFO neutron.wsgi [None req-db77aae2-53e4-48f6-ab7b-f0fa28d09a67 42370982680b49cdb2a1f79f7d9dece4 f26c4a83ea164a46b9f62cdd5a2379e4 - - default default] 10.0.0.181 "DELETE /v2.0/security-groups/8d69d2d7-d1b0-4ec4-ac2c-bb92a2a1dae2 HTTP/1.1" status: 204 len: 168 time: 0.1257355
2026-07-15 06:08:26.585 10 INFO neutron.db.ovn_revision_numbers_db [None req-9aeb29d8-090b-42f7-b729-68f121269ecf af8cae2131984628b99410a395a20b12 42274cffbf1344ebaa541dd7fa3e5a8c - - default default] Successfully bumped revision number for resource 8ebccc8b-875b-4f91-97cb-48400ac26870 (type: routers) to 2
2026-07-15 06:08:26.592 10 INFO neutron.wsgi [None req-9aeb29d8-090b-42f7-b729-68f121269ecf af8cae2131984628b99410a395a20b12 42274cffbf1344ebaa541dd7fa3e5a8c - - default default] 10.0.0.181 "PUT /v2.0/routers/8ebccc8b-875b-4f91-97cb-48400ac26870 HTTP/1.1" status: 200 len: 662 time: 0.8132424
2026-07-15 06:08:26.632 9 INFO neutron.wsgi [None req-7d1f3040-7df8-4f48-ab43-dc6c92477f74 af8cae2131984628b99410a395a20b12 42274cffbf1344ebaa541dd7fa3e5a8c - - default default] 10.0.0.181 "GET /v2.0/ports?device_id=8ebccc8b-875b-4f91-97cb-48400ac26870 HTTP/1.1" status: 200 len: 205 time: 0.0333850
2026-07-15 06:08:26.940 9 INFO neutron.wsgi [None req-5e9954ef-3635-4bbb-86c9-a71736928f97 af8cae2131984628b99410a395a20b12 42274cffbf1344ebaa541dd7fa3e5a8c - - default default] 10.0.0.181 "DELETE /v2.0/routers/8ebccc8b-875b-4f91-97cb-48400ac26870 HTTP/1.1" status: 204 len: 168 time: 0.3000104
2026-07-15 06:08:26.999 10 INFO neutron.wsgi [None req-3203537b-e7fd-442c-86b0-fc4fd81007ae af8cae2131984628b99410a395a20b12 42274cffbf1344ebaa541dd7fa3e5a8c - - default default] 10.0.0.181 "GET /v2.0/routers/a665f842-8ac8-41ec-a67e-8567c90b84da HTTP/1.1" status: 200 len: 655 time: 0.0521157
2026-07-15 06:08:27.010 10 INFO neutron.db.ovn_revision_numbers_db [None req-66a44443-c149-45e3-9f38-d83c574b84fa b74d0f6850a24e4db72747476cff5a28 793826d128cb404e972d2611e7ca6d6f - - default default] Successfully bumped revision number for resource a6f2160a-3984-4181-a6a8-2d6040593c1e (type: security_groups) to 1
2026-07-15 06:08:27.048 10 INFO neutron.db.ovn_revision_numbers_db [None req-66a44443-c149-45e3-9f38-d83c574b84fa b74d0f6850a24e4db72747476cff5a28 793826d128cb404e972d2611e7ca6d6f - - default default] Successfully bumped revision number for resource 6e27b63a-4a56-4d6a-9cd0-b05716c4d7b3 (type: security_group_rules) to 0
2026-07-15 06:08:27.099 10 INFO neutron.db.ovn_revision_numbers_db [None req-66a44443-c149-45e3-9f38-d83c574b84fa b74d0f6850a24e4db72747476cff5a28 793826d128cb404e972d2611e7ca6d6f - - default default] Successfully bumped revision number for resource 71c816e4-7fdb-47f0-8961-47291127c050 (type: security_group_rules) to 0
2026-07-15 06:08:27.138 10 INFO neutron.db.ovn_revision_numbers_db [None req-66a44443-c149-45e3-9f38-d83c574b84fa b74d0f6850a24e4db72747476cff5a28 793826d128cb404e972d2611e7ca6d6f - - default default] Successfully bumped revision number for resource a74f49c5-a7e9-4982-86ec-4d0c33fe679b (type: security_group_rules) to 0
2026-07-15 06:08:27.171 10 INFO neutron.db.ovn_revision_numbers_db [None req-66a44443-c149-45e3-9f38-d83c574b84fa b74d0f6850a24e4db72747476cff5a28 793826d128cb404e972d2611e7ca6d6f - - default default] Successfully bumped revision number for resource bf2e8bb6-947b-4402-a662-57d55d1828d8 (type: security_group_rules) to 0
2026-07-15 06:08:27.215 10 INFO neutron.wsgi [None req-66a44443-c149-45e3-9f38-d83c574b84fa b74d0f6850a24e4db72747476cff5a28 793826d128cb404e972d2611e7ca6d6f - - default default] 10.0.0.181 "GET /v2.0/security-groups?tenant_id=4a60a86c4186490f8e588347ac1359bc&name=default HTTP/1.1" status: 200 len: 3000 time: 0.4589899
2026-07-15 06:08:27.414 9 INFO neutron.wsgi [None req-3efcc07e-b093-402a-97cd-c5410c459bf6 b74d0f6850a24e4db72747476cff5a28 793826d128cb404e972d2611e7ca6d6f - - default default] 10.0.0.181 "DELETE /v2.0/security-groups/a6f2160a-3984-4181-a6a8-2d6040593c1e HTTP/1.1" status: 204 len: 168 time: 0.1916952
2026-07-15 06:08:27.434 10 INFO neutron.wsgi [None req-ee491067-9a2a-40ba-93e6-4a19582d4db7 af8cae2131984628b99410a395a20b12 42274cffbf1344ebaa541dd7fa3e5a8c - - default default] 10.0.0.181 "PUT /v2.0/routers/a665f842-8ac8-41ec-a67e-8567c90b84da HTTP/1.1" status: 200 len: 655 time: 0.4295657
2026-07-15 06:08:27.459 10 INFO neutron.wsgi [None req-a81be9b3-9429-4ac3-93e4-c6a5cd20e96e af8cae2131984628b99410a395a20b12 42274cffbf1344ebaa541dd7fa3e5a8c - - default default] 10.0.0.181 "GET /v2.0/ports?device_id=a665f842-8ac8-41ec-a67e-8567c90b84da HTTP/1.1" status: 200 len: 205 time: 0.0211895
2026-07-15 06:08:27.573 9 INFO neutron.wsgi [None req-430f368e-e75f-4817-8f8d-01c7dbd476f3 b74d0f6850a24e4db72747476cff5a28 793826d128cb404e972d2611e7ca6d6f - - default default] 10.0.0.181 "GET /v2.0/security-groups?tenant_id=f26c4a83ea164a46b9f62cdd5a2379e4&name=default HTTP/1.1" status: 200 len: 3000 time: 0.0555074
2026-07-15 06:08:27.773 10 INFO neutron.wsgi [None req-73cb6bfc-420b-4f9d-ba39-4b5e84b00b3a af8cae2131984628b99410a395a20b12 42274cffbf1344ebaa541dd7fa3e5a8c - - default default] 10.0.0.181 "DELETE /v2.0/routers/a665f842-8ac8-41ec-a67e-8567c90b84da HTTP/1.1" status: 204 len: 168 time: 0.3103814
2026-07-15 06:08:27.803 9 INFO neutron.wsgi [None req-65d32628-f6c4-4d50-879b-b8efb5527af5 b74d0f6850a24e4db72747476cff5a28 793826d128cb404e972d2611e7ca6d6f - - default default] 10.0.0.181 "DELETE /v2.0/security-groups/10b47425-efbc-4968-a2df-c52623c57a22 HTTP/1.1" status: 204 len: 168 time: 0.2202692
2026-07-15 06:08:28.931 10 INFO neutron.db.ovn_revision_numbers_db [None req-9aeead9f-116b-44bc-8fe5-c44fbfb35d51 b74d0f6850a24e4db72747476cff5a28 793826d128cb404e972d2611e7ca6d6f - - default default] Successfully bumped revision number for resource e0a480bb-61d6-4f2e-81cc-a06256aabe75 (type: security_groups) to 1
2026-07-15 06:08:28.945 10 INFO neutron.db.ovn_revision_numbers_db [None req-9aeead9f-116b-44bc-8fe5-c44fbfb35d51 b74d0f6850a24e4db72747476cff5a28 793826d128cb404e972d2611e7ca6d6f - - default default] Successfully bumped revision number for resource 0ad5996d-8357-42ac-ab21-adc861cda529 (type: security_group_rules) to 0
2026-07-15 06:08:28.959 10 INFO neutron.db.ovn_revision_numbers_db [None req-9aeead9f-116b-44bc-8fe5-c44fbfb35d51 b74d0f6850a24e4db72747476cff5a28 793826d128cb404e972d2611e7ca6d6f - - default default] Successfully bumped revision number for resource 2dd07431-ccd1-48b7-bc0d-85196c5adfdc (type: security_group_rules) to 0
2026-07-15 06:08:28.979 10 INFO neutron.db.ovn_revision_numbers_db [None req-9aeead9f-116b-44bc-8fe5-c44fbfb35d51 b74d0f6850a24e4db72747476cff5a28 793826d128cb404e972d2611e7ca6d6f - - default default] Successfully bumped revision number for resource 9e6c2504-1da1-4775-a978-d061a2da144b (type: security_group_rules) to 0
2026-07-15 06:08:28.993 10 INFO neutron.db.ovn_revision_numbers_db [None req-9aeead9f-116b-44bc-8fe5-c44fbfb35d51 b74d0f6850a24e4db72747476cff5a28 793826d128cb404e972d2611e7ca6d6f - - default default] Successfully bumped revision number for resource c176e1a7-60a9-4846-a91d-939dc68d3b41 (type: security_group_rules) to 0
2026-07-15 06:08:29.014 10 INFO neutron.wsgi [None req-9aeead9f-116b-44bc-8fe5-c44fbfb35d51 b74d0f6850a24e4db72747476cff5a28 793826d128cb404e972d2611e7ca6d6f - - default default] 10.0.0.181 "GET /v2.0/security-groups?tenant_id=ee852927d5804f39a197670a9eb39dc3&name=default HTTP/1.1" status: 200 len: 3000 time: 0.3173380
2026-07-15 06:08:29.205 10 INFO neutron.wsgi [None req-6ace4201-9ce0-4c30-9f5c-564f451c6016 b74d0f6850a24e4db72747476cff5a28 793826d128cb404e972d2611e7ca6d6f - - default default] 10.0.0.181 "DELETE /v2.0/security-groups/e0a480bb-61d6-4f2e-81cc-a06256aabe75 HTTP/1.1" status: 204 len: 168 time: 0.1855648
2026-07-15 06:08:29.504 9 INFO neutron.db.ovn_revision_numbers_db [None req-ea55e2fc-c51a-4db1-9aa2-32bfebe700d1 b74d0f6850a24e4db72747476cff5a28 793826d128cb404e972d2611e7ca6d6f - - default default] Successfully bumped revision number for resource 4805c01a-4f15-4f20-bcc6-660dfe25a8a0 (type: security_groups) to 1
2026-07-15 06:08:29.517 9 INFO neutron.db.ovn_revision_numbers_db [None req-ea55e2fc-c51a-4db1-9aa2-32bfebe700d1 b74d0f6850a24e4db72747476cff5a28 793826d128cb404e972d2611e7ca6d6f - - default default] Successfully bumped revision number for resource 28980664-b003-4d6f-a343-5ecce946292c (type: security_group_rules) to 0
2026-07-15 06:08:29.532 9 INFO neutron.db.ovn_revision_numbers_db [None req-ea55e2fc-c51a-4db1-9aa2-32bfebe700d1 b74d0f6850a24e4db72747476cff5a28 793826d128cb404e972d2611e7ca6d6f - - default default] Successfully bumped revision number for resource 4fac83a1-ef86-4a41-a7cc-53d9d64390e5 (type: security_group_rules) to 0
2026-07-15 06:08:29.546 9 INFO neutron.db.ovn_revision_numbers_db [None req-ea55e2fc-c51a-4db1-9aa2-32bfebe700d1 b74d0f6850a24e4db72747476cff5a28 793826d128cb404e972d2611e7ca6d6f - - default default] Successfully bumped revision number for resource a19806d2-06b1-4da3-bbb6-e985be1bd931 (type: security_group_rules) to 0
2026-07-15 06:08:29.559 9 INFO neutron.db.ovn_revision_numbers_db [None req-ea55e2fc-c51a-4db1-9aa2-32bfebe700d1 b74d0f6850a24e4db72747476cff5a28 793826d128cb404e972d2611e7ca6d6f - - default default] Successfully bumped revision number for resource ccd63410-9001-4307-a18a-2863f35d429a (type: security_group_rules) to 0
2026-07-15 06:08:29.585 9 INFO neutron.wsgi [None req-ea55e2fc-c51a-4db1-9aa2-32bfebe700d1 b74d0f6850a24e4db72747476cff5a28 793826d128cb404e972d2611e7ca6d6f - - default default] 10.0.0.181 "GET /v2.0/security-groups?tenant_id=42274cffbf1344ebaa541dd7fa3e5a8c&name=default HTTP/1.1" status: 200 len: 3000 time: 0.2150528
2026-07-15 06:08:29.805 9 INFO neutron.wsgi [None req-54e0d4e5-ec3c-4058-b282-6d8a0315615d b74d0f6850a24e4db72747476cff5a28 793826d128cb404e972d2611e7ca6d6f - - default default] 10.0.0.181 "DELETE /v2.0/security-groups/4805c01a-4f15-4f20-bcc6-660dfe25a8a0 HTTP/1.1" status: 204 len: 168 time: 0.2139952
2026-07-15 06:08:30.003 9 INFO neutron.db.ovn_revision_numbers_db [None req-2f86747a-6dd5-49f6-9555-ca66cb260649 b74d0f6850a24e4db72747476cff5a28 793826d128cb404e972d2611e7ca6d6f - - default default] Successfully bumped revision number for resource e3231386-da31-4f89-abd5-5c17357b73ab (type: security_groups) to 1
2026-07-15 06:08:30.016 9 INFO neutron.db.ovn_revision_numbers_db [None req-2f86747a-6dd5-49f6-9555-ca66cb260649 b74d0f6850a24e4db72747476cff5a28 793826d128cb404e972d2611e7ca6d6f - - default default] Successfully bumped revision number for resource 2c3fb12d-fb36-40ba-a8c4-f3e0785fae64 (type: security_group_rules) to 0
2026-07-15 06:08:30.033 9 INFO neutron.db.ovn_revision_numbers_db [None req-2f86747a-6dd5-49f6-9555-ca66cb260649 b74d0f6850a24e4db72747476cff5a28 793826d128cb404e972d2611e7ca6d6f - - default default] Successfully bumped revision number for resource 8856e4f5-eee9-40b6-a9a5-1772677d9c25 (type: security_group_rules) to 0
2026-07-15 06:08:30.051 9 INFO neutron.db.ovn_revision_numbers_db [None req-2f86747a-6dd5-49f6-9555-ca66cb260649 b74d0f6850a24e4db72747476cff5a28 793826d128cb404e972d2611e7ca6d6f - - default default] Successfully bumped revision number for resource f1acc66f-1196-4d28-a705-09d8dc0214d9 (type: security_group_rules) to 0
2026-07-15 06:08:30.065 9 INFO neutron.db.ovn_revision_numbers_db [None req-2f86747a-6dd5-49f6-9555-ca66cb260649 b74d0f6850a24e4db72747476cff5a28 793826d128cb404e972d2611e7ca6d6f - - default default] Successfully bumped revision number for resource f99b34e1-59f1-4c6a-9267-4ad9a30d6609 (type: security_group_rules) to 0
2026-07-15 06:08:30.110 9 INFO neutron.wsgi [None req-2f86747a-6dd5-49f6-9555-ca66cb260649 b74d0f6850a24e4db72747476cff5a28 793826d128cb404e972d2611e7ca6d6f - - default default] 10.0.0.181 "GET /v2.0/security-groups?tenant_id=a73dddc3eb5348d18215b49e26b1e753&name=default HTTP/1.1" status: 200 len: 3000 time: 0.2136672
2026-07-15 06:08:30.318 9 INFO neutron.wsgi [None req-12f7fc34-2fe8-474e-acaf-9f88b58d1241 b74d0f6850a24e4db72747476cff5a28 793826d128cb404e972d2611e7ca6d6f - - default default] 10.0.0.181 "DELETE /v2.0/security-groups/e3231386-da31-4f89-abd5-5c17357b73ab HTTP/1.1" status: 204 len: 168 time: 0.2013907
2026-07-15 06:08:30.581 9 INFO neutron.wsgi [-] 10.0.0.150 "GET / HTTP/1.1" status: 200 len: 247 time: 0.0021887
2026-07-15 06:08:30.582 10 INFO neutron.wsgi [-] 10.0.0.150 "GET / HTTP/1.1" status: 200 len: 247 time: 0.0021908
2026-07-15 06:08:31.453 9 WARNING neutron_lib.context [None req-a6535893-7895-4eef-ab68-db1dc7aff344 4936a8e254d343acbfd0e4a2c6e52089 e68ff2b31ec44922a32be251bb6fdea3 - - default default] Method 'is_advsvc' is deprecated since 2023.2 release (neutron-lib 3.8.0) and will be removed once support for the old RBAC API policies will be removed from Neutron. Please use method 'is_service_role' instead.
2026-07-15 06:08:31.692 9 INFO neutron.db.ovn_revision_numbers_db [None req-a6535893-7895-4eef-ab68-db1dc7aff344 4936a8e254d343acbfd0e4a2c6e52089 e68ff2b31ec44922a32be251bb6fdea3 - - default default] Successfully bumped revision number for resource 231252f3-9ff6-45aa-9417-8bf1930157f3 (type: security_groups) to 1
2026-07-15 06:08:31.711 9 INFO neutron.db.ovn_revision_numbers_db [None req-a6535893-7895-4eef-ab68-db1dc7aff344 4936a8e254d343acbfd0e4a2c6e52089 e68ff2b31ec44922a32be251bb6fdea3 - - default default] Successfully bumped revision number for resource 27c087a1-5114-4215-af62-9b9a7d3ab0e5 (type: security_group_rules) to 0
2026-07-15 06:08:31.733 9 INFO neutron.db.ovn_revision_numbers_db [None req-a6535893-7895-4eef-ab68-db1dc7aff344 4936a8e254d343acbfd0e4a2c6e52089 e68ff2b31ec44922a32be251bb6fdea3 - - default default] Successfully bumped revision number for resource c4ee959f-30af-4190-a3cc-c7617d5e8387 (type: security_group_rules) to 0
2026-07-15 06:08:31.749 9 INFO neutron.db.ovn_revision_numbers_db [None req-a6535893-7895-4eef-ab68-db1dc7aff344 4936a8e254d343acbfd0e4a2c6e52089 e68ff2b31ec44922a32be251bb6fdea3 - - default default] Successfully bumped revision number for resource e8aba42d-dd99-4f7c-965c-95b4c46c7cc7 (type: security_group_rules) to 0
2026-07-15 06:08:31.764 9 INFO neutron.db.ovn_revision_numbers_db [None req-a6535893-7895-4eef-ab68-db1dc7aff344 4936a8e254d343acbfd0e4a2c6e52089 e68ff2b31ec44922a32be251bb6fdea3 - - default default] Successfully bumped revision number for resource f2478766-767f-4e57-8c1e-76e379e09f55 (type: security_group_rules) to 0
2026-07-15 06:08:31.850 9 INFO neutron.db.segments_db [None req-a6535893-7895-4eef-ab68-db1dc7aff344 4936a8e254d343acbfd0e4a2c6e52089 e68ff2b31ec44922a32be251bb6fdea3 - - default default] Added segment 612854a3-79f0-42b7-aec1-4d1751c188ad of type geneve for network acd0074f-410f-4259-9fc2-d0b3512823b8
2026-07-15 06:08:32.000 9 INFO neutron.db.ovn_revision_numbers_db [None req-a6535893-7895-4eef-ab68-db1dc7aff344 4936a8e254d343acbfd0e4a2c6e52089 e68ff2b31ec44922a32be251bb6fdea3 - - default default] Successfully bumped revision number for resource acd0074f-410f-4259-9fc2-d0b3512823b8 (type: networks) to 1
2026-07-15 06:08:32.248 9 WARNING neutron.scheduler.dhcp_agent_scheduler [None req-a6535893-7895-4eef-ab68-db1dc7aff344 4936a8e254d343acbfd0e4a2c6e52089 e68ff2b31ec44922a32be251bb6fdea3 - - default default] No more DHCP agents
2026-07-15 06:08:32.252 9 WARNING neutron.api.rpc.agentnotifiers.dhcp_rpc_agent_api [None req-a6535893-7895-4eef-ab68-db1dc7aff344 4936a8e254d343acbfd0e4a2c6e52089 e68ff2b31ec44922a32be251bb6fdea3 - - default default] Unable to schedule network acd0074f-410f-4259-9fc2-d0b3512823b8: no agents available; will retry on subsequent port and subnet creation events.
2026-07-15 06:08:32.373 9 INFO neutron.db.ovn_revision_numbers_db [None req-a6535893-7895-4eef-ab68-db1dc7aff344 4936a8e254d343acbfd0e4a2c6e52089 e68ff2b31ec44922a32be251bb6fdea3 - - default default] Successfully bumped revision number for resource 8f717d6f-afca-4264-834c-ff0a6eaefe13 (type: ports) to 1
2026-07-15 06:08:32.399 9 INFO neutron.wsgi [None req-a6535893-7895-4eef-ab68-db1dc7aff344 4936a8e254d343acbfd0e4a2c6e52089 e68ff2b31ec44922a32be251bb6fdea3 - - default default] 10.0.0.181 "POST /v2.0/networks HTTP/1.1" status: 201 len: 830 time: 1.1883917
