2026-07-15 06:11:33.018 9 INFO neutron.wsgi [None req-6f0c7bd3-0bf5-429c-81b5-2a202bf5703c b74d0f6850a24e4db72747476cff5a28 793826d128cb404e972d2611e7ca6d6f - - default default] 199.204.45.116 "GET /v2.0/subnets/8d2a817a-e756-41b4-ab49-de03f2455973 HTTP/1.1" status: 200 len: 850 time: 0.0302849
2026-07-15 06:11:40.459 9 INFO neutron.wsgi [None req-47bc7709-08c6-460d-a41a-87af1d9556cb b74d0f6850a24e4db72747476cff5a28 793826d128cb404e972d2611e7ca6d6f - - default default] 10.0.0.239 "GET /v2.0/extensions/security-group HTTP/1.1" status: 200 len: 369 time: 0.0052631
2026-07-15 06:11:40.467 9 INFO neutron.wsgi [None req-9a049ed6-e38f-4607-aba8-e9c844667e43 b74d0f6850a24e4db72747476cff5a28 793826d128cb404e972d2611e7ca6d6f - - default default] 10.0.0.239 "GET /v2.0/extensions/dns-integration HTTP/1.1" status: 200 len: 371 time: 0.0032952
2026-07-15 06:11:40.482 9 INFO neutron.wsgi [None req-40077917-d04c-492b-b764-850186e79d60 b74d0f6850a24e4db72747476cff5a28 793826d128cb404e972d2611e7ca6d6f - - default default] 10.0.0.239 "GET /v2.0/extensions/qos HTTP/1.1" status: 200 len: 365 time: 0.0068967
2026-07-15 06:11:40.497 9 INFO neutron.wsgi [None req-492f427e-d52e-4dcf-acee-6ff5165c5386 b74d0f6850a24e4db72747476cff5a28 793826d128cb404e972d2611e7ca6d6f - - default default] 10.0.0.239 "GET /v2.0/extensions/allowed-address-pairs HTTP/1.1" status: 200 len: 383 time: 0.0074484
2026-07-15 06:11:40.890 9 INFO neutron.wsgi [-] 10.0.0.239 "GET / HTTP/1.1" status: 200 len: 284 time: 0.0038683
2026-07-15 06:11:40.953 10 INFO neutron.wsgi [None req-cd29b59f-89c1-4609-8be9-516e8467f5d2 58d8b6869852451eace2399d55e0dc6a 68859c4ad14847b98e93a6ec9a5d75a0 - - default default] 10.0.0.239 "GET /v2.0/subnets/724ec27f-e67e-438f-b914-8a9398abd522 HTTP/1.1" status: 200 len: 830 time: 0.0436020
2026-07-15 06:11:41.792 9 INFO neutron.wsgi [None req-26ce894b-a552-43fd-8c69-a8d0510d02fc b74d0f6850a24e4db72747476cff5a28 793826d128cb404e972d2611e7ca6d6f - - default default] 199.204.45.116 "GET /v2.0/extensions/security-group HTTP/1.1" status: 200 len: 369 time: 0.0049064
2026-07-15 06:11:41.804 9 INFO neutron.wsgi [None req-a644a96c-2f62-4428-bde7-badad5dcce1e b74d0f6850a24e4db72747476cff5a28 793826d128cb404e972d2611e7ca6d6f - - default default] 199.204.45.116 "GET /v2.0/extensions/dns-integration HTTP/1.1" status: 200 len: 371 time: 0.0075796
2026-07-15 06:11:41.813 9 INFO neutron.wsgi [None req-7b99405c-e81b-416f-9b07-3c163248a3bb b74d0f6850a24e4db72747476cff5a28 793826d128cb404e972d2611e7ca6d6f - - default default] 199.204.45.116 "GET /v2.0/extensions/qos HTTP/1.1" status: 200 len: 365 time: 0.0046663
2026-07-15 06:11:41.822 9 INFO neutron.wsgi [None req-54b4d629-8acd-4382-aa65-a45ac03eb89f b74d0f6850a24e4db72747476cff5a28 793826d128cb404e972d2611e7ca6d6f - - default default] 199.204.45.116 "GET /v2.0/extensions/allowed-address-pairs HTTP/1.1" status: 200 len: 383 time: 0.0053811
2026-07-15 06:11:41.865 9 INFO neutron.wsgi [None req-3e9f733e-e8cd-4520-8d6c-0aae580cd402 b74d0f6850a24e4db72747476cff5a28 793826d128cb404e972d2611e7ca6d6f - - default default] 199.204.45.116 "GET /v2.0/subnets/732e6e5f-131a-4912-8372-7d1956a85bb9 HTTP/1.1" status: 200 len: 848 time: 0.0358517
2026-07-15 06:11:41.914 9 INFO neutron.wsgi [None req-06ae0ecf-0779-4589-9134-1276009a021f b74d0f6850a24e4db72747476cff5a28 793826d128cb404e972d2611e7ca6d6f - - default default] 199.204.45.116 "GET /v2.0/subnets/724ec27f-e67e-438f-b914-8a9398abd522 HTTP/1.1" status: 200 len: 848 time: 0.0398543
2026-07-15 06:11:41.975 9 INFO neutron.wsgi [None req-83b2128d-191b-4595-8d43-093a7217b37a b74d0f6850a24e4db72747476cff5a28 793826d128cb404e972d2611e7ca6d6f - - default default] 199.204.45.116 "GET /v2.0/ports?device_id=901df6be-e590-4953-95e8-59d72f17ae20 HTTP/1.1" status: 200 len: 3922 time: 0.0548143
2026-07-15 06:11:42.148 9 INFO neutron.wsgi [None req-3600e2e0-2335-4d94-b2f4-d665b1f87f57 b74d0f6850a24e4db72747476cff5a28 793826d128cb404e972d2611e7ca6d6f - - default default] 199.204.45.116 "GET /v2.0/extensions/security-group HTTP/1.1" status: 200 len: 369 time: 0.0084739
2026-07-15 06:11:42.158 9 INFO neutron.wsgi [None req-785b2490-a694-4d59-af40-b7b8bb37bb26 b74d0f6850a24e4db72747476cff5a28 793826d128cb404e972d2611e7ca6d6f - - default default] 199.204.45.116 "GET /v2.0/extensions/dns-integration HTTP/1.1" status: 200 len: 371 time: 0.0043695
2026-07-15 06:11:42.166 9 INFO neutron.wsgi [None req-9eef6877-0c8e-4557-923c-26c58f75fa9c b74d0f6850a24e4db72747476cff5a28 793826d128cb404e972d2611e7ca6d6f - - default default] 199.204.45.116 "GET /v2.0/extensions/qos HTTP/1.1" status: 200 len: 365 time: 0.0041025
2026-07-15 06:11:42.176 9 INFO neutron.wsgi [None req-9f52ce23-af90-498d-9560-b86f260cffc3 b74d0f6850a24e4db72747476cff5a28 793826d128cb404e972d2611e7ca6d6f - - default default] 199.204.45.116 "GET /v2.0/extensions/allowed-address-pairs HTTP/1.1" status: 200 len: 383 time: 0.0062864
2026-07-15 06:11:42.358 10 INFO neutron.wsgi [req-0082c1a6-06e1-4e39-87e2-ef6389e2b950 req-ac0fb924-c6ec-49f9-a957-65904e141894 f6874e0a7cdd4670a81148cd0d9e005d e1876e7429b34c7381d13da8019991be - - 0c8a729e6dab4f17a284c6fa56afbc8a 0c8a729e6dab4f17a284c6fa56afbc8a] 199.204.45.116 "GET /v2.0/networks/1604f06d-c6a0-48e4-97dd-5a4048c3f82c?fields=segments HTTP/1.1" status: 200 len: 212 time: 0.0597739
2026-07-15 06:11:42.434 10 INFO neutron.wsgi [req-0082c1a6-06e1-4e39-87e2-ef6389e2b950 req-07bff3c0-5359-4d8e-8145-5de324a0692e f6874e0a7cdd4670a81148cd0d9e005d e1876e7429b34c7381d13da8019991be - - 0c8a729e6dab4f17a284c6fa56afbc8a 0c8a729e6dab4f17a284c6fa56afbc8a] 199.204.45.116 "GET /v2.0/networks/1604f06d-c6a0-48e4-97dd-5a4048c3f82c?fields=provider%3Aphysical_network&fields=provider%3Anetwork_type HTTP/1.1" status: 200 len: 277 time: 0.0662472
2026-07-15 06:11:42.529 10 INFO neutron.wsgi [req-0082c1a6-06e1-4e39-87e2-ef6389e2b950 req-5277a66f-636b-42ae-9bdd-0eb4e1406724 b74d0f6850a24e4db72747476cff5a28 793826d128cb404e972d2611e7ca6d6f - - default default] 199.204.45.116 "GET /v2.0/networks?id=1604f06d-c6a0-48e4-97dd-5a4048c3f82c HTTP/1.1" status: 200 len: 1002 time: 0.0774393
2026-07-15 06:11:42.950 10 WARNING neutron.scheduler.dhcp_agent_scheduler [req-0082c1a6-06e1-4e39-87e2-ef6389e2b950 req-e83d086d-4314-4b58-a375-f6a340c1e919 b74d0f6850a24e4db72747476cff5a28 793826d128cb404e972d2611e7ca6d6f - - default default] No more DHCP agents
2026-07-15 06:11:42.953 10 WARNING neutron.api.rpc.agentnotifiers.dhcp_rpc_agent_api [req-0082c1a6-06e1-4e39-87e2-ef6389e2b950 req-e83d086d-4314-4b58-a375-f6a340c1e919 b74d0f6850a24e4db72747476cff5a28 793826d128cb404e972d2611e7ca6d6f - - default default] Unable to schedule network 1604f06d-c6a0-48e4-97dd-5a4048c3f82c: no agents available; will retry on subsequent port and subnet creation events.
2026-07-15 06:11:43.161 10 INFO neutron.db.ovn_revision_numbers_db [req-0082c1a6-06e1-4e39-87e2-ef6389e2b950 req-e83d086d-4314-4b58-a375-f6a340c1e919 b74d0f6850a24e4db72747476cff5a28 793826d128cb404e972d2611e7ca6d6f - - default default] Successfully bumped revision number for resource fa0d36ea-507e-4428-95db-a82e73d77a84 (type: ports) to 1
2026-07-15 06:11:43.186 10 INFO neutron.wsgi [req-0082c1a6-06e1-4e39-87e2-ef6389e2b950 req-e83d086d-4314-4b58-a375-f6a340c1e919 b74d0f6850a24e4db72747476cff5a28 793826d128cb404e972d2611e7ca6d6f - - default default] 199.204.45.116 "POST /v2.0/ports HTTP/1.1" status: 201 len: 1512 time: 0.6490076 /var/lib/openstack/lib/python3.10/site-packages/pycadf/identifier.py:71: UserWarning: Invalid uuid: neutron. To ensure interoperability, identifiers should be a valid uuid. warnings.warn(('Invalid uuid: %s. To ensure interoperability, '
2026-07-15 06:11:43.672 10 INFO neutron.db.ovn_revision_numbers_db [req-0082c1a6-06e1-4e39-87e2-ef6389e2b950 req-3692da1f-69d9-430e-bfcd-ced5b9b5a750 f6874e0a7cdd4670a81148cd0d9e005d e1876e7429b34c7381d13da8019991be - - 0c8a729e6dab4f17a284c6fa56afbc8a 0c8a729e6dab4f17a284c6fa56afbc8a] Successfully bumped revision number for resource fa0d36ea-507e-4428-95db-a82e73d77a84 (type: ports) to 2
2026-07-15 06:11:43.899 10 INFO neutron.db.ovn_revision_numbers_db [req-0082c1a6-06e1-4e39-87e2-ef6389e2b950 req-3692da1f-69d9-430e-bfcd-ced5b9b5a750 f6874e0a7cdd4670a81148cd0d9e005d e1876e7429b34c7381d13da8019991be - - 0c8a729e6dab4f17a284c6fa56afbc8a 0c8a729e6dab4f17a284c6fa56afbc8a] Successfully bumped revision number for resource fa0d36ea-507e-4428-95db-a82e73d77a84 (type: ports) to 2
2026-07-15 06:11:43.921 10 INFO neutron.wsgi [req-0082c1a6-06e1-4e39-87e2-ef6389e2b950 req-3692da1f-69d9-430e-bfcd-ced5b9b5a750 f6874e0a7cdd4670a81148cd0d9e005d e1876e7429b34c7381d13da8019991be - - 0c8a729e6dab4f17a284c6fa56afbc8a 0c8a729e6dab4f17a284c6fa56afbc8a] 199.204.45.116 "PUT /v2.0/ports/fa0d36ea-507e-4428-95db-a82e73d77a84 HTTP/1.1" status: 200 len: 1609 time: 0.7286429 /var/lib/openstack/lib/python3.10/site-packages/pycadf/identifier.py:71: UserWarning: Invalid uuid: neutron. To ensure interoperability, identifiers should be a valid uuid. warnings.warn(('Invalid uuid: %s. To ensure interoperability, '
2026-07-15 06:11:43.977 10 INFO neutron.notifiers.nova [-] Nova event matching ['req-4df0bd16-7fd5-41e2-87a9-814518e78b52'] response: {'name': 'network-changed', 'server_uuid': '901df6be-e590-4953-95e8-59d72f17ae20', 'tag': 'fa0d36ea-507e-4428-95db-a82e73d77a84', 'status': 'completed', 'code': 200}
2026-07-15 06:11:44.022 10 INFO neutron.wsgi [req-0082c1a6-06e1-4e39-87e2-ef6389e2b950 req-2b101e48-25d3-4188-8f61-33a99536ff54 f6874e0a7cdd4670a81148cd0d9e005d e1876e7429b34c7381d13da8019991be - - 0c8a729e6dab4f17a284c6fa56afbc8a 0c8a729e6dab4f17a284c6fa56afbc8a] 199.204.45.116 "GET /v2.0/ports?tenant_id=793826d128cb404e972d2611e7ca6d6f&device_id=901df6be-e590-4953-95e8-59d72f17ae20 HTTP/1.1" status: 200 len: 5351 time: 0.0579612
2026-07-15 06:11:44.051 10 INFO neutron.wsgi [req-0082c1a6-06e1-4e39-87e2-ef6389e2b950 req-505ad545-47d1-4142-ae60-119c5e7db890 f6874e0a7cdd4670a81148cd0d9e005d e1876e7429b34c7381d13da8019991be - - 0c8a729e6dab4f17a284c6fa56afbc8a 0c8a729e6dab4f17a284c6fa56afbc8a] 199.204.45.116 "GET /v2.0/floatingips?fixed_ip_address=172.24.1.110&port_id=ab5ad2a5-4cfb-4db3-a38a-62e33e601816 HTTP/1.1" status: 200 len: 217 time: 0.0245683
2026-07-15 06:11:44.097 10 INFO neutron.wsgi [req-0082c1a6-06e1-4e39-87e2-ef6389e2b950 req-1df6ba8e-dbcd-443f-bfcf-7557414872d2 f6874e0a7cdd4670a81148cd0d9e005d e1876e7429b34c7381d13da8019991be - - 0c8a729e6dab4f17a284c6fa56afbc8a 0c8a729e6dab4f17a284c6fa56afbc8a] 199.204.45.116 "GET /v2.0/subnets?id=17d65444-7c95-41cc-bab9-97066fce583d HTTP/1.1" status: 200 len: 829 time: 0.0387979
2026-07-15 06:11:44.129 10 INFO neutron.wsgi [req-0082c1a6-06e1-4e39-87e2-ef6389e2b950 req-08524f52-b3f5-43cc-8756-8ceae71fcefe f6874e0a7cdd4670a81148cd0d9e005d e1876e7429b34c7381d13da8019991be - - 0c8a729e6dab4f17a284c6fa56afbc8a 0c8a729e6dab4f17a284c6fa56afbc8a] 199.204.45.116 "GET /v2.0/ports?network_id=ad6a9f66-7d25-4a88-820c-72aca433ec56&device_owner=network%3Adhcp HTTP/1.1" status: 200 len: 210 time: 0.0245011
2026-07-15 06:11:44.208 10 INFO neutron.wsgi [req-0082c1a6-06e1-4e39-87e2-ef6389e2b950 req-ad650f79-1170-4a93-97ef-c6f636acbac1 f6874e0a7cdd4670a81148cd0d9e005d e1876e7429b34c7381d13da8019991be - - 0c8a729e6dab4f17a284c6fa56afbc8a 0c8a729e6dab4f17a284c6fa56afbc8a] 199.204.45.116 "GET /v2.0/networks/ad6a9f66-7d25-4a88-820c-72aca433ec56?fields=segments HTTP/1.1" status: 200 len: 212 time: 0.0718021
2026-07-15 06:11:44.281 10 INFO neutron.wsgi [req-0082c1a6-06e1-4e39-87e2-ef6389e2b950 req-ea9125dd-a45a-4d12-af5c-473e2ce24b50 f6874e0a7cdd4670a81148cd0d9e005d e1876e7429b34c7381d13da8019991be - - 0c8a729e6dab4f17a284c6fa56afbc8a 0c8a729e6dab4f17a284c6fa56afbc8a] 199.204.45.116 "GET /v2.0/networks/ad6a9f66-7d25-4a88-820c-72aca433ec56?fields=provider%3Aphysical_network&fields=provider%3Anetwork_type HTTP/1.1" status: 200 len: 277 time: 0.0648804
2026-07-15 06:11:44.312 10 INFO neutron.wsgi [req-0082c1a6-06e1-4e39-87e2-ef6389e2b950 req-afb73b19-e31e-49a7-a7b1-eefefacc70fa f6874e0a7cdd4670a81148cd0d9e005d e1876e7429b34c7381d13da8019991be - - 0c8a729e6dab4f17a284c6fa56afbc8a 0c8a729e6dab4f17a284c6fa56afbc8a] 199.204.45.116 "GET /v2.0/floatingips?fixed_ip_address=10.1.1.183&port_id=4c71ced6-2df2-4326-9c1e-439c5e857763 HTTP/1.1" status: 200 len: 217 time: 0.0260489
2026-07-15 06:11:44.353 10 INFO neutron.wsgi [req-0082c1a6-06e1-4e39-87e2-ef6389e2b950 req-4ac0dc86-4a23-4e1f-9374-1f0923b3cfae f6874e0a7cdd4670a81148cd0d9e005d e1876e7429b34c7381d13da8019991be - - 0c8a729e6dab4f17a284c6fa56afbc8a 0c8a729e6dab4f17a284c6fa56afbc8a] 199.204.45.116 "GET /v2.0/subnets?id=8d2a817a-e756-41b4-ab49-de03f2455973 HTTP/1.1" status: 200 len: 853 time: 0.0349543
2026-07-15 06:11:44.384 10 INFO neutron.wsgi [req-0082c1a6-06e1-4e39-87e2-ef6389e2b950 req-0d481636-1bbf-43d3-b203-4537e6539f3c f6874e0a7cdd4670a81148cd0d9e005d e1876e7429b34c7381d13da8019991be - - 0c8a729e6dab4f17a284c6fa56afbc8a 0c8a729e6dab4f17a284c6fa56afbc8a] 199.204.45.116 "GET /v2.0/ports?network_id=bee9afdf-ee75-4a19-9d17-c22d2d606728&device_owner=network%3Adhcp HTTP/1.1" status: 200 len: 210 time: 0.0239010
2026-07-15 06:11:44.452 10 INFO neutron.wsgi [req-0082c1a6-06e1-4e39-87e2-ef6389e2b950 req-38963deb-011d-4414-a2a4-a12eac9af1e9 f6874e0a7cdd4670a81148cd0d9e005d e1876e7429b34c7381d13da8019991be - - 0c8a729e6dab4f17a284c6fa56afbc8a 0c8a729e6dab4f17a284c6fa56afbc8a] 199.204.45.116 "GET /v2.0/networks/bee9afdf-ee75-4a19-9d17-c22d2d606728?fields=segments HTTP/1.1" status: 200 len: 212 time: 0.0610766
2026-07-15 06:11:44.525 10 INFO neutron.wsgi [req-0082c1a6-06e1-4e39-87e2-ef6389e2b950 req-87ef52ff-be04-4fce-af4e-a90351de1bc6 f6874e0a7cdd4670a81148cd0d9e005d e1876e7429b34c7381d13da8019991be - - 0c8a729e6dab4f17a284c6fa56afbc8a 0c8a729e6dab4f17a284c6fa56afbc8a] 199.204.45.116 "GET /v2.0/networks/bee9afdf-ee75-4a19-9d17-c22d2d606728?fields=provider%3Aphysical_network&fields=provider%3Anetwork_type HTTP/1.1" status: 200 len: 277 time: 0.0663016
2026-07-15 06:11:44.558 10 INFO neutron.wsgi [req-0082c1a6-06e1-4e39-87e2-ef6389e2b950 req-11b66f9a-bb77-4709-9922-377dc1fa1c55 f6874e0a7cdd4670a81148cd0d9e005d e1876e7429b34c7381d13da8019991be - - 0c8a729e6dab4f17a284c6fa56afbc8a 0c8a729e6dab4f17a284c6fa56afbc8a] 199.204.45.116 "GET /v2.0/floatingips?fixed_ip_address=10.2.1.71&port_id=d5693812-115c-4246-9646-1b8b7a1a4541 HTTP/1.1" status: 200 len: 217 time: 0.0266914
2026-07-15 06:11:44.636 10 INFO neutron.wsgi [req-0082c1a6-06e1-4e39-87e2-ef6389e2b950 req-a8bf9c06-9bc6-4848-b3ad-f2c8fc09367d f6874e0a7cdd4670a81148cd0d9e005d e1876e7429b34c7381d13da8019991be - - 0c8a729e6dab4f17a284c6fa56afbc8a 0c8a729e6dab4f17a284c6fa56afbc8a] 199.204.45.116 "GET /v2.0/subnets?id=732e6e5f-131a-4912-8372-7d1956a85bb9 HTTP/1.1" status: 200 len: 851 time: 0.0680289
2026-07-15 06:11:44.681 10 INFO neutron.wsgi [req-0082c1a6-06e1-4e39-87e2-ef6389e2b950 req-471a25a8-4319-4f94-875e-66299a5c09a6 f6874e0a7cdd4670a81148cd0d9e005d e1876e7429b34c7381d13da8019991be - - 0c8a729e6dab4f17a284c6fa56afbc8a 0c8a729e6dab4f17a284c6fa56afbc8a] 199.204.45.116 "GET /v2.0/ports?network_id=fc6f33e6-1ee2-437c-b5e1-2fbedf8446f6&device_owner=network%3Adhcp HTTP/1.1" status: 200 len: 210 time: 0.0380163
2026-07-15 06:11:44.766 10 INFO neutron.wsgi [req-0082c1a6-06e1-4e39-87e2-ef6389e2b950 req-bb2ecbeb-505c-402e-9c8a-b138e1550de6 f6874e0a7cdd4670a81148cd0d9e005d e1876e7429b34c7381d13da8019991be - - 0c8a729e6dab4f17a284c6fa56afbc8a 0c8a729e6dab4f17a284c6fa56afbc8a] 199.204.45.116 "GET /v2.0/networks/fc6f33e6-1ee2-437c-b5e1-2fbedf8446f6?fields=segments HTTP/1.1" status: 200 len: 212 time: 0.0778675
2026-07-15 06:11:44.834 10 INFO neutron.wsgi [req-0082c1a6-06e1-4e39-87e2-ef6389e2b950 req-529cfea5-7898-4087-8148-b794b7c413cd f6874e0a7cdd4670a81148cd0d9e005d e1876e7429b34c7381d13da8019991be - - 0c8a729e6dab4f17a284c6fa56afbc8a 0c8a729e6dab4f17a284c6fa56afbc8a] 199.204.45.116 "GET /v2.0/networks/fc6f33e6-1ee2-437c-b5e1-2fbedf8446f6?fields=provider%3Aphysical_network&fields=provider%3Anetwork_type HTTP/1.1" status: 200 len: 277 time: 0.0636847
2026-07-15 06:11:44.872 10 INFO neutron.wsgi [req-0082c1a6-06e1-4e39-87e2-ef6389e2b950 req-256e63f1-91c7-4978-b8b4-cfaa0ba07056 f6874e0a7cdd4670a81148cd0d9e005d e1876e7429b34c7381d13da8019991be - - 0c8a729e6dab4f17a284c6fa56afbc8a 0c8a729e6dab4f17a284c6fa56afbc8a] 199.204.45.116 "GET /v2.0/floatingips?fixed_ip_address=10.2.2.217&port_id=fa0d36ea-507e-4428-95db-a82e73d77a84 HTTP/1.1" status: 200 len: 217 time: 0.0298600
2026-07-15 06:11:44.900 10 INFO neutron.wsgi [req-0082c1a6-06e1-4e39-87e2-ef6389e2b950 req-6f87a0a2-9841-40d3-8d7b-84733319fe1d f6874e0a7cdd4670a81148cd0d9e005d e1876e7429b34c7381d13da8019991be - - 0c8a729e6dab4f17a284c6fa56afbc8a 0c8a729e6dab4f17a284c6fa56afbc8a] 199.204.45.116 "GET /v2.0/floatingips?fixed_ip_address=fd77%3A1457%3A4cf0%3A26a8%3A%3A3ae&port_id=fa0d36ea-507e-4428-95db-a82e73d77a84 HTTP/1.1" status: 200 len: 217 time: 0.0221829
2026-07-15 06:11:44.949 10 INFO neutron.wsgi [req-0082c1a6-06e1-4e39-87e2-ef6389e2b950 req-ff11a61f-0fc1-4d07-bbf0-85e4d00ce29d f6874e0a7cdd4670a81148cd0d9e005d e1876e7429b34c7381d13da8019991be - - 0c8a729e6dab4f17a284c6fa56afbc8a 0c8a729e6dab4f17a284c6fa56afbc8a] 199.204.45.116 "GET /v2.0/subnets?id=724ec27f-e67e-438f-b914-8a9398abd522&id=0d245164-475b-41ba-9a66-2aa721b46708 HTTP/1.1" status: 200 len: 1565 time: 0.0423133
2026-07-15 06:11:45.322 10 INFO neutron.wsgi [req-0082c1a6-06e1-4e39-87e2-ef6389e2b950 req-4572bef6-0f5a-41fd-8df8-7a08d17de1d0 f6874e0a7cdd4670a81148cd0d9e005d e1876e7429b34c7381d13da8019991be - - 0c8a729e6dab4f17a284c6fa56afbc8a 0c8a729e6dab4f17a284c6fa56afbc8a] 199.204.45.116 "GET /v2.0/ports?network_id=1604f06d-c6a0-48e4-97dd-5a4048c3f82c&device_owner=network%3Adhcp HTTP/1.1" status: 200 len: 210 time: 0.3668621
2026-07-15 06:11:45.351 10 INFO neutron.wsgi [req-0082c1a6-06e1-4e39-87e2-ef6389e2b950 req-2f140606-0604-4e98-90a1-6a522c7d4482 f6874e0a7cdd4670a81148cd0d9e005d e1876e7429b34c7381d13da8019991be - - 0c8a729e6dab4f17a284c6fa56afbc8a 0c8a729e6dab4f17a284c6fa56afbc8a] 199.204.45.116 "GET /v2.0/ports?network_id=1604f06d-c6a0-48e4-97dd-5a4048c3f82c&device_owner=network%3Adhcp HTTP/1.1" status: 200 len: 210 time: 0.0216074
2026-07-15 06:11:45.432 10 INFO neutron.wsgi [req-0082c1a6-06e1-4e39-87e2-ef6389e2b950 req-106c4c17-5891-4530-8371-092baf955a1b f6874e0a7cdd4670a81148cd0d9e005d e1876e7429b34c7381d13da8019991be - - 0c8a729e6dab4f17a284c6fa56afbc8a 0c8a729e6dab4f17a284c6fa56afbc8a] 199.204.45.116 "GET /v2.0/networks/1604f06d-c6a0-48e4-97dd-5a4048c3f82c?fields=segments HTTP/1.1" status: 200 len: 212 time: 0.0732360
2026-07-15 06:11:45.506 10 INFO neutron.wsgi [req-0082c1a6-06e1-4e39-87e2-ef6389e2b950 req-12a1912e-435e-42a6-b451-e5e03232fe47 f6874e0a7cdd4670a81148cd0d9e005d e1876e7429b34c7381d13da8019991be - - 0c8a729e6dab4f17a284c6fa56afbc8a 0c8a729e6dab4f17a284c6fa56afbc8a] 199.204.45.116 "GET /v2.0/networks/1604f06d-c6a0-48e4-97dd-5a4048c3f82c?fields=provider%3Aphysical_network&fields=provider%3Anetwork_type HTTP/1.1" status: 200 len: 277 time: 0.0661147
2026-07-15 06:11:45.583 9 INFO neutron.wsgi [-] 10.0.0.150 "GET / HTTP/1.1" status: 200 len: 247 time: 0.0027285
2026-07-15 06:11:45.587 9 INFO neutron.wsgi [-] 10.0.0.150 "GET / HTTP/1.1" status: 200 len: 247 time: 0.0027165
2026-07-15 06:11:45.632 10 INFO neutron.plugins.ml2.drivers.ovn.mech_driver.mech_driver [None req-80fc0f6d-713c-4715-9cb0-d8a907150370 - - - - - -] OVN reports status up for port: fa0d36ea-507e-4428-95db-a82e73d77a84
2026-07-15 06:11:45.657 10 INFO neutron.wsgi [req-278e8ded-7b3f-4c1f-897e-fb33e34580cb req-e60d22a0-db9c-4130-a6ef-8f9b2b8d077f f6874e0a7cdd4670a81148cd0d9e005d e1876e7429b34c7381d13da8019991be - - 0c8a729e6dab4f17a284c6fa56afbc8a 0c8a729e6dab4f17a284c6fa56afbc8a] 199.204.45.116 "GET /v2.0/ports?tenant_id=793826d128cb404e972d2611e7ca6d6f&device_id=901df6be-e590-4953-95e8-59d72f17ae20 HTTP/1.1" status: 200 len: 5351 time: 0.0890579
2026-07-15 06:11:45.677 10 INFO neutron.plugins.ml2.plugin [None req-80fc0f6d-713c-4715-9cb0-d8a907150370 - - - - - -] Attempt 1 to provision port fa0d36ea-507e-4428-95db-a82e73d77a84
2026-07-15 06:11:45.789 10 INFO neutron.wsgi [req-278e8ded-7b3f-4c1f-897e-fb33e34580cb req-374aedde-5ac2-43ba-8c3f-f278fc64c8e0 f6874e0a7cdd4670a81148cd0d9e005d e1876e7429b34c7381d13da8019991be - - 0c8a729e6dab4f17a284c6fa56afbc8a 0c8a729e6dab4f17a284c6fa56afbc8a] 199.204.45.116 "GET /v2.0/networks?id=1604f06d-c6a0-48e4-97dd-5a4048c3f82c HTTP/1.1" status: 200 len: 1002 time: 0.1215250
2026-07-15 06:11:45.826 10 INFO neutron.wsgi [req-278e8ded-7b3f-4c1f-897e-fb33e34580cb req-c65591fb-657a-4aba-9a1e-8b876defaa0c f6874e0a7cdd4670a81148cd0d9e005d e1876e7429b34c7381d13da8019991be - - 0c8a729e6dab4f17a284c6fa56afbc8a 0c8a729e6dab4f17a284c6fa56afbc8a] 199.204.45.116 "GET /v2.0/floatingips?fixed_ip_address=10.2.2.217&port_id=fa0d36ea-507e-4428-95db-a82e73d77a84 HTTP/1.1" status: 200 len: 217 time: 0.0291221
2026-07-15 06:11:45.864 10 INFO neutron.wsgi [req-278e8ded-7b3f-4c1f-897e-fb33e34580cb req-8e1de642-6113-4101-9bfb-c1babc7c773e f6874e0a7cdd4670a81148cd0d9e005d e1876e7429b34c7381d13da8019991be - - 0c8a729e6dab4f17a284c6fa56afbc8a 0c8a729e6dab4f17a284c6fa56afbc8a] 199.204.45.116 "GET /v2.0/floatingips?fixed_ip_address=fd77%3A1457%3A4cf0%3A26a8%3A%3A3ae&port_id=fa0d36ea-507e-4428-95db-a82e73d77a84 HTTP/1.1" status: 200 len: 217 time: 0.0294328
2026-07-15 06:11:45.889 9 INFO neutron.wsgi [req-0082c1a6-06e1-4e39-87e2-ef6389e2b950 req-b7963508-aa25-4ba7-a6e8-3bb2fc7ef194 b74d0f6850a24e4db72747476cff5a28 793826d128cb404e972d2611e7ca6d6f - - default default] 10.0.0.240 "GET /v2.0/ports/fa0d36ea-507e-4428-95db-a82e73d77a84 HTTP/1.1" status: 200 len: 1637 time: 0.0408955
2026-07-15 06:11:45.926 10 INFO neutron.wsgi [req-278e8ded-7b3f-4c1f-897e-fb33e34580cb req-cf510ee4-0135-4df4-82e6-d56d9e43e875 f6874e0a7cdd4670a81148cd0d9e005d e1876e7429b34c7381d13da8019991be - - 0c8a729e6dab4f17a284c6fa56afbc8a 0c8a729e6dab4f17a284c6fa56afbc8a] 199.204.45.116 "GET /v2.0/subnets?id=724ec27f-e67e-438f-b914-8a9398abd522&id=0d245164-475b-41ba-9a66-2aa721b46708 HTTP/1.1" status: 200 len: 1565 time: 0.0554261
2026-07-15 06:11:45.939 9 INFO neutron.wsgi [None req-ca024189-6d93-4bf0-a60c-efe89690eef0 b74d0f6850a24e4db72747476cff5a28 793826d128cb404e972d2611e7ca6d6f - - default default] 199.204.45.116 "GET /v2.0/ports/fa0d36ea-507e-4428-95db-a82e73d77a84 HTTP/1.1" status: 200 len: 1639 time: 0.0409935
2026-07-15 06:11:45.971 10 INFO neutron.wsgi [req-278e8ded-7b3f-4c1f-897e-fb33e34580cb req-6f71829c-0404-4ef6-8930-87caab759bc1 f6874e0a7cdd4670a81148cd0d9e005d e1876e7429b34c7381d13da8019991be - - 0c8a729e6dab4f17a284c6fa56afbc8a 0c8a729e6dab4f17a284c6fa56afbc8a] 199.204.45.116 "GET /v2.0/ports?network_id=1604f06d-c6a0-48e4-97dd-5a4048c3f82c&device_owner=network%3Adhcp HTTP/1.1" status: 200 len: 210 time: 0.0347369
2026-07-15 06:11:45.978 9 INFO neutron.wsgi [None req-4ceb44a5-860b-4ac7-bffe-87cbd4fdf52a b74d0f6850a24e4db72747476cff5a28 793826d128cb404e972d2611e7ca6d6f - - default default] 199.204.45.116 "GET /v2.0/ports/fa0d36ea-507e-4428-95db-a82e73d77a84 HTTP/1.1" status: 200 len: 1639 time: 0.0335181
2026-07-15 06:11:46.009 10 INFO neutron.wsgi [req-278e8ded-7b3f-4c1f-897e-fb33e34580cb req-792f3a32-1243-4ac1-83d0-415989ec250a f6874e0a7cdd4670a81148cd0d9e005d e1876e7429b34c7381d13da8019991be - - 0c8a729e6dab4f17a284c6fa56afbc8a 0c8a729e6dab4f17a284c6fa56afbc8a] 199.204.45.116 "GET /v2.0/ports?network_id=1604f06d-c6a0-48e4-97dd-5a4048c3f82c&device_owner=network%3Adhcp HTTP/1.1" status: 200 len: 210 time: 0.0240495
2026-07-15 06:11:46.016 10 INFO neutron.notifiers.nova [-] Nova event matching ['req-bfb81fff-896b-45e3-87b7-69e6a5a1aa95'] response: {'server_uuid': '901df6be-e590-4953-95e8-59d72f17ae20', 'name': 'network-vif-plugged', 'status': 'completed', 'tag': 'fa0d36ea-507e-4428-95db-a82e73d77a84', 'code': 200}
2026-07-15 06:11:46.098 10 INFO neutron.wsgi [req-278e8ded-7b3f-4c1f-897e-fb33e34580cb req-258300a8-83c9-48d3-b7d2-78e1949f9e22 f6874e0a7cdd4670a81148cd0d9e005d e1876e7429b34c7381d13da8019991be - - 0c8a729e6dab4f17a284c6fa56afbc8a 0c8a729e6dab4f17a284c6fa56afbc8a] 199.204.45.116 "GET /v2.0/networks/1604f06d-c6a0-48e4-97dd-5a4048c3f82c?fields=segments HTTP/1.1" status: 200 len: 212 time: 0.0790141
2026-07-15 06:11:46.156 10 INFO neutron.db.ovn_revision_numbers_db [None req-80fc0f6d-713c-4715-9cb0-d8a907150370 - - - - - -] Successfully bumped revision number for resource fa0d36ea-507e-4428-95db-a82e73d77a84 (type: ports) to 4
2026-07-15 06:11:46.191 10 INFO neutron.wsgi [req-278e8ded-7b3f-4c1f-897e-fb33e34580cb req-d61e2847-8619-4a46-ad92-137573e61198 f6874e0a7cdd4670a81148cd0d9e005d e1876e7429b34c7381d13da8019991be - - 0c8a729e6dab4f17a284c6fa56afbc8a 0c8a729e6dab4f17a284c6fa56afbc8a] 199.204.45.116 "GET /v2.0/networks/1604f06d-c6a0-48e4-97dd-5a4048c3f82c?fields=provider%3Aphysical_network&fields=provider%3Anetwork_type HTTP/1.1" status: 200 len: 277 time: 0.0852902
2026-07-15 06:11:46.436 9 INFO neutron.db.ovn_revision_numbers_db [None req-e36430c0-f425-455b-ad7c-11456c89ce5b b74d0f6850a24e4db72747476cff5a28 793826d128cb404e972d2611e7ca6d6f - - default default] Successfully bumped revision number for resource fa0d36ea-507e-4428-95db-a82e73d77a84 (type: ports) to 5
2026-07-15 06:11:46.449 9 INFO neutron.wsgi [None req-e36430c0-f425-455b-ad7c-11456c89ce5b b74d0f6850a24e4db72747476cff5a28 793826d128cb404e972d2611e7ca6d6f - - default default] 199.204.45.116 "PUT /v2.0/ports/fa0d36ea-507e-4428-95db-a82e73d77a84 HTTP/1.1" status: 200 len: 1378 time: 0.4634061 /var/lib/openstack/lib/python3.10/site-packages/pycadf/identifier.py:71: UserWarning: Invalid uuid: neutron. To ensure interoperability, identifiers should be a valid uuid. warnings.warn(('Invalid uuid: %s. To ensure interoperability, '
2026-07-15 06:11:46.491 9 INFO neutron.notifiers.nova [-] Nova event matching ['req-684af593-51b0-4918-86b4-2e854b36007b'] response: {'name': 'network-changed', 'server_uuid': '901df6be-e590-4953-95e8-59d72f17ae20', 'tag': 'fa0d36ea-507e-4428-95db-a82e73d77a84', 'status': 'completed', 'code': 200} /var/lib/openstack/lib/python3.10/site-packages/pycadf/identifier.py:71: UserWarning: Invalid uuid: neutron. To ensure interoperability, identifiers should be a valid uuid. warnings.warn(('Invalid uuid: %s. To ensure interoperability, '
2026-07-15 06:11:46.520 9 INFO neutron.wsgi [None req-25068713-f8f0-43b3-b26c-85769fcbf401 b74d0f6850a24e4db72747476cff5a28 793826d128cb404e972d2611e7ca6d6f - - default default] 199.204.45.116 "GET /v2.0/networks/1604f06d-c6a0-48e4-97dd-5a4048c3f82c HTTP/1.1" status: 200 len: 999 time: 0.0613503
2026-07-15 06:11:46.581 9 INFO neutron.wsgi [None req-069808d5-5958-45ce-9ae6-68c5f389d3bf b74d0f6850a24e4db72747476cff5a28 793826d128cb404e972d2611e7ca6d6f - - default default] 199.204.45.116 "GET /v2.0/subnets/724ec27f-e67e-438f-b914-8a9398abd522 HTTP/1.1" status: 200 len: 848 time: 0.0528178
2026-07-15 06:11:46.605 10 INFO neutron.wsgi [req-ae5822c1-16ee-4d46-a9f8-9e4bdd0e4b86 req-841cc371-2c88-4209-8dbd-506573556498 f6874e0a7cdd4670a81148cd0d9e005d e1876e7429b34c7381d13da8019991be - - 0c8a729e6dab4f17a284c6fa56afbc8a 0c8a729e6dab4f17a284c6fa56afbc8a] 199.204.45.116 "GET /v2.0/ports?tenant_id=793826d128cb404e972d2611e7ca6d6f&device_id=901df6be-e590-4953-95e8-59d72f17ae20 HTTP/1.1" status: 200 len: 5120 time: 0.0891938
2026-07-15 06:11:46.715 10 INFO neutron.wsgi [req-ae5822c1-16ee-4d46-a9f8-9e4bdd0e4b86 req-8652d135-4b02-4e4d-8b3e-18437f1d7d85 f6874e0a7cdd4670a81148cd0d9e005d e1876e7429b34c7381d13da8019991be - - 0c8a729e6dab4f17a284c6fa56afbc8a 0c8a729e6dab4f17a284c6fa56afbc8a] 199.204.45.116 "GET /v2.0/networks?id=1604f06d-c6a0-48e4-97dd-5a4048c3f82c HTTP/1.1" status: 200 len: 1002 time: 0.0974040
2026-07-15 06:11:46.752 9 INFO neutron.wsgi [None req-a2443152-326c-448b-b595-bcc96d322971 b74d0f6850a24e4db72747476cff5a28 793826d128cb404e972d2611e7ca6d6f - - default default] 199.204.45.116 "GET /v2.0/extensions/security-group HTTP/1.1" status: 200 len: 369 time: 0.0053663
2026-07-15 06:11:46.761 10 INFO neutron.wsgi [req-ae5822c1-16ee-4d46-a9f8-9e4bdd0e4b86 req-bf71c1c6-9cd5-476b-9f40-c5b53a5935b4 f6874e0a7cdd4670a81148cd0d9e005d e1876e7429b34c7381d13da8019991be - - 0c8a729e6dab4f17a284c6fa56afbc8a 0c8a729e6dab4f17a284c6fa56afbc8a] 199.204.45.116 "GET /v2.0/floatingips?fixed_ip_address=10.2.2.217&port_id=fa0d36ea-507e-4428-95db-a82e73d77a84 HTTP/1.1" status: 200 len: 217 time: 0.0406971
2026-07-15 06:11:46.761 9 INFO neutron.wsgi [None req-95de3034-8467-40d6-8d0f-fc040392e789 b74d0f6850a24e4db72747476cff5a28 793826d128cb404e972d2611e7ca6d6f - - default default] 199.204.45.116 "GET /v2.0/extensions/dns-integration HTTP/1.1" status: 200 len: 371 time: 0.0040507
2026-07-15 06:11:46.772 9 INFO neutron.wsgi [None req-c3cd6ec9-162f-4774-a146-b262dd661755 b74d0f6850a24e4db72747476cff5a28 793826d128cb404e972d2611e7ca6d6f - - default default] 199.204.45.116 "GET /v2.0/extensions/qos HTTP/1.1" status: 200 len: 365 time: 0.0060041
2026-07-15 06:11:46.784 9 INFO neutron.wsgi [None req-e5fdd826-8c12-4a61-bec6-393a915cb21c b74d0f6850a24e4db72747476cff5a28 793826d128cb404e972d2611e7ca6d6f - - default default] 199.204.45.116 "GET /v2.0/extensions/allowed-address-pairs HTTP/1.1" status: 200 len: 383 time: 0.0044825
2026-07-15 06:11:46.804 10 INFO neutron.wsgi [req-ae5822c1-16ee-4d46-a9f8-9e4bdd0e4b86 req-303a5dd6-bc59-47c3-a3c3-655233c35523 f6874e0a7cdd4670a81148cd0d9e005d e1876e7429b34c7381d13da8019991be - - 0c8a729e6dab4f17a284c6fa56afbc8a 0c8a729e6dab4f17a284c6fa56afbc8a] 199.204.45.116 "GET /v2.0/subnets?id=724ec27f-e67e-438f-b914-8a9398abd522 HTTP/1.1" status: 200 len: 851 time: 0.0385914
2026-07-15 06:11:46.825 9 INFO neutron.wsgi [None req-cf6481b2-38e3-408e-b9a4-171e9849f5d4 b74d0f6850a24e4db72747476cff5a28 793826d128cb404e972d2611e7ca6d6f - - default default] 199.204.45.116 "GET /v2.0/subnets/8d2a817a-e756-41b4-ab49-de03f2455973 HTTP/1.1" status: 200 len: 850 time: 0.0358527
2026-07-15 06:11:46.831 10 INFO neutron.wsgi [req-ae5822c1-16ee-4d46-a9f8-9e4bdd0e4b86 req-1f490a8e-5e0f-418a-8abc-de2bd14d3cef f6874e0a7cdd4670a81148cd0d9e005d e1876e7429b34c7381d13da8019991be - - 0c8a729e6dab4f17a284c6fa56afbc8a 0c8a729e6dab4f17a284c6fa56afbc8a] 199.204.45.116 "GET /v2.0/ports?network_id=1604f06d-c6a0-48e4-97dd-5a4048c3f82c&device_owner=network%3Adhcp HTTP/1.1" status: 200 len: 210 time: 0.0203321
2026-07-15 06:11:46.871 9 INFO neutron.wsgi [None req-e6fdedae-c5c6-4ad1-8af0-bb3b7f83b2b4 b74d0f6850a24e4db72747476cff5a28 793826d128cb404e972d2611e7ca6d6f - - default default] 199.204.45.116 "GET /v2.0/ports/57d74357-22cd-49a0-9b74-355c7ad9a936 HTTP/1.1" status: 200 len: 1340 time: 0.0375631
2026-07-15 06:11:46.902 10 INFO neutron.wsgi [req-ae5822c1-16ee-4d46-a9f8-9e4bdd0e4b86 req-d47f53e8-8934-431f-83bf-2794a3a0a14a f6874e0a7cdd4670a81148cd0d9e005d e1876e7429b34c7381d13da8019991be - - 0c8a729e6dab4f17a284c6fa56afbc8a 0c8a729e6dab4f17a284c6fa56afbc8a] 199.204.45.116 "GET /v2.0/networks/1604f06d-c6a0-48e4-97dd-5a4048c3f82c?fields=segments HTTP/1.1" status: 200 len: 212 time: 0.0640445
2026-07-15 06:11:46.919 9 INFO neutron.wsgi [None req-8a6aa1a8-9772-4571-ab88-3082314cdc18 b74d0f6850a24e4db72747476cff5a28 793826d128cb404e972d2611e7ca6d6f - - default default] 199.204.45.116 "GET /v2.0/ports/4c71ced6-2df2-4326-9c1e-439c5e857763 HTTP/1.1" status: 200 len: 1519 time: 0.0409422
2026-07-15 06:11:46.959 9 INFO neutron.wsgi [None req-18941564-a0d7-49ab-800b-fcf38bf0c6db b74d0f6850a24e4db72747476cff5a28 793826d128cb404e972d2611e7ca6d6f - - default default] 199.204.45.116 "GET /v2.0/subnets/8d2a817a-e756-41b4-ab49-de03f2455973 HTTP/1.1" status: 200 len: 850 time: 0.0324349
2026-07-15 06:11:46.980 10 INFO neutron.wsgi [req-ae5822c1-16ee-4d46-a9f8-9e4bdd0e4b86 req-e309d3e5-8202-4520-8439-b341b84214ec f6874e0a7cdd4670a81148cd0d9e005d e1876e7429b34c7381d13da8019991be - - 0c8a729e6dab4f17a284c6fa56afbc8a 0c8a729e6dab4f17a284c6fa56afbc8a] 199.204.45.116 "GET /v2.0/networks/1604f06d-c6a0-48e4-97dd-5a4048c3f82c?fields=provider%3Aphysical_network&fields=provider%3Anetwork_type HTTP/1.1" status: 200 len: 277 time: 0.0705714
2026-07-15 06:11:47.040 9 INFO neutron.wsgi [None req-a6597e97-191f-49b9-a8b2-e76b15b138d3 b74d0f6850a24e4db72747476cff5a28 793826d128cb404e972d2611e7ca6d6f - - default default] 199.204.45.116 "GET /v2.0/networks/bee9afdf-ee75-4a19-9d17-c22d2d606728 HTTP/1.1" status: 200 len: 1002 time: 0.0723536
2026-07-15 06:11:47.085 9 INFO neutron.wsgi [None req-74b71d36-d2b0-4743-ab41-a65060e5a5f7 b74d0f6850a24e4db72747476cff5a28 793826d128cb404e972d2611e7ca6d6f - - default default] 199.204.45.116 "GET /v2.0/ports/57d74357-22cd-49a0-9b74-355c7ad9a936 HTTP/1.1" status: 200 len: 1340 time: 0.0370331
2026-07-15 06:11:47.123 9 INFO neutron.wsgi [None req-4ff697cf-9b7f-45b6-b914-b4bcdfe2d2b6 b74d0f6850a24e4db72747476cff5a28 793826d128cb404e972d2611e7ca6d6f - - default default] 199.204.45.116 "GET /v2.0/subnets/8d2a817a-e756-41b4-ab49-de03f2455973 HTTP/1.1" status: 200 len: 850 time: 0.0314577
2026-07-15 06:11:48.066 10 INFO neutron.notifiers.nova [-] Nova event matching ['req-eae05a32-59c6-48b7-9d0c-66db37eb1534'] response: {'server_uuid': '901df6be-e590-4953-95e8-59d72f17ae20', 'name': 'network-vif-plugged', 'status': 'completed', 'tag': 'fa0d36ea-507e-4428-95db-a82e73d77a84', 'code': 200}
2026-07-15 06:11:55.531 9 INFO neutron.wsgi [None req-9bb9f100-f962-4ffa-831c-48e1f4188709 b74d0f6850a24e4db72747476cff5a28 793826d128cb404e972d2611e7ca6d6f - - default default] 199.204.45.116 "GET /v2.0/extensions/security-group HTTP/1.1" status: 200 len: 369 time: 0.0114090
2026-07-15 06:11:55.546 9 INFO neutron.wsgi [None req-cb9856d5-cc42-465d-b620-d92402c8fa51 b74d0f6850a24e4db72747476cff5a28 793826d128cb404e972d2611e7ca6d6f - - default default] 199.204.45.116 "GET /v2.0/extensions/dns-integration HTTP/1.1" status: 200 len: 371 time: 0.0065279
2026-07-15 06:11:55.556 9 INFO neutron.wsgi [None req-744773db-b9ab-4a2c-8d7f-a6709253507b b74d0f6850a24e4db72747476cff5a28 793826d128cb404e972d2611e7ca6d6f - - default default] 199.204.45.116 "GET /v2.0/extensions/qos HTTP/1.1" status: 200 len: 365 time: 0.0057616
2026-07-15 06:11:55.567 9 INFO neutron.wsgi [None req-018d4b95-4d0d-4cb4-9e87-7f49b3433272 b74d0f6850a24e4db72747476cff5a28 793826d128cb404e972d2611e7ca6d6f - - default default] 199.204.45.116 "GET /v2.0/extensions/allowed-address-pairs HTTP/1.1" status: 200 len: 383 time: 0.0062518
2026-07-15 06:11:55.626 9 INFO neutron.wsgi [None req-fdaa0469-26eb-484d-88e2-a9b09cf1aead b74d0f6850a24e4db72747476cff5a28 793826d128cb404e972d2611e7ca6d6f - - default default] 199.204.45.116 "GET /v2.0/subnets/732e6e5f-131a-4912-8372-7d1956a85bb9 HTTP/1.1" status: 200 len: 848 time: 0.0547101
2026-07-15 06:11:55.693 9 INFO neutron.wsgi [None req-cdbea769-fb0d-460b-8b98-3f279ecdd1c3 b74d0f6850a24e4db72747476cff5a28 793826d128cb404e972d2611e7ca6d6f - - default default] 199.204.45.116 "GET /v2.0/ports?device_id=901df6be-e590-4953-95e8-59d72f17ae20 HTTP/1.1" status: 200 len: 5120 time: 0.0612664
2026-07-15 06:11:55.855 9 INFO neutron.wsgi [None req-693ae190-b14b-44f2-8fbd-052a209a9166 b74d0f6850a24e4db72747476cff5a28 793826d128cb404e972d2611e7ca6d6f - - default default] 199.204.45.116 "GET /v2.0/extensions/security-group HTTP/1.1" status: 200 len: 369 time: 0.0069172
2026-07-15 06:11:55.868 9 INFO neutron.wsgi [None req-eef2d512-a607-49f7-bc7f-e69050136b58 b74d0f6850a24e4db72747476cff5a28 793826d128cb404e972d2611e7ca6d6f - - default default] 199.204.45.116 "GET /v2.0/extensions/dns-integration HTTP/1.1" status: 200 len: 371 time: 0.0081251
2026-07-15 06:11:55.877 9 INFO neutron.wsgi [None req-3e7be6f8-bbb3-4307-8884-c9e5e0e9ee80 b74d0f6850a24e4db72747476cff5a28 793826d128cb404e972d2611e7ca6d6f - - default default] 199.204.45.116 "GET /v2.0/extensions/qos HTTP/1.1" status: 200 len: 365 time: 0.0052907
2026-07-15 06:11:55.885 9 INFO neutron.wsgi [None req-f7617dbe-a65d-418d-bd5a-a59942146d8f b74d0f6850a24e4db72747476cff5a28 793826d128cb404e972d2611e7ca6d6f - - default default] 199.204.45.116 "GET /v2.0/extensions/allowed-address-pairs HTTP/1.1" status: 200 len: 383 time: 0.0043037
2026-07-15 06:11:55.937 9 INFO neutron.wsgi [None req-b0e94ebf-358c-4040-8cf8-0e590187950f b74d0f6850a24e4db72747476cff5a28 793826d128cb404e972d2611e7ca6d6f - - default default] 199.204.45.116 "GET /v2.0/ports/fa0d36ea-507e-4428-95db-a82e73d77a84 HTTP/1.1" status: 200 len: 1406 time: 0.0461700
2026-07-15 06:11:56.375 9 INFO neutron.db.ovn_revision_numbers_db [None req-4b9b2e97-d0a1-4458-bf17-1da9f54b3628 b74d0f6850a24e4db72747476cff5a28 793826d128cb404e972d2611e7ca6d6f - - default default] Successfully bumped revision number for resource fa0d36ea-507e-4428-95db-a82e73d77a84 (type: ports) to 6
2026-07-15 06:11:56.390 9 INFO neutron.wsgi [None req-4b9b2e97-d0a1-4458-bf17-1da9f54b3628 b74d0f6850a24e4db72747476cff5a28 793826d128cb404e972d2611e7ca6d6f - - default default] 199.204.45.116 "PUT /v2.0/ports/fa0d36ea-507e-4428-95db-a82e73d77a84 HTTP/1.1" status: 200 len: 1203 time: 0.4425380 /var/lib/openstack/lib/python3.10/site-packages/pycadf/identifier.py:71: UserWarning: Invalid uuid: neutron. To ensure interoperability, identifiers should be a valid uuid. warnings.warn(('Invalid uuid: %s. To ensure interoperability, '
2026-07-15 06:11:56.437 9 INFO neutron.notifiers.nova [-] Nova event matching ['req-14b2b4c0-9a61-4f8d-9a77-c74bc927fd01'] response: {'name': 'network-changed', 'server_uuid': '901df6be-e590-4953-95e8-59d72f17ae20', 'tag': 'fa0d36ea-507e-4428-95db-a82e73d77a84', 'status': 'completed', 'code': 200}
2026-07-15 06:11:56.472 9 INFO neutron.wsgi [None req-281cca64-0707-4a47-8a88-7161c54740c3 b74d0f6850a24e4db72747476cff5a28 793826d128cb404e972d2611e7ca6d6f - - default default] 199.204.45.116 "GET /v2.0/networks/1604f06d-c6a0-48e4-97dd-5a4048c3f82c HTTP/1.1" status: 200 len: 999 time: 0.0732648
2026-07-15 06:11:56.522 10 INFO neutron.wsgi [req-588ff470-af8f-40c6-a60f-df801aa736ad req-5406d010-1808-491c-8d74-e78613c3bec4 f6874e0a7cdd4670a81148cd0d9e005d e1876e7429b34c7381d13da8019991be - - 0c8a729e6dab4f17a284c6fa56afbc8a 0c8a729e6dab4f17a284c6fa56afbc8a] 199.204.45.116 "GET /v2.0/ports?tenant_id=793826d128cb404e972d2611e7ca6d6f&device_id=901df6be-e590-4953-95e8-59d72f17ae20 HTTP/1.1" status: 200 len: 4945 time: 0.0574298
2026-07-15 06:11:56.534 9 INFO neutron.wsgi [None req-e1fc3dc7-4201-47c9-8a7d-268084035d2f b74d0f6850a24e4db72747476cff5a28 793826d128cb404e972d2611e7ca6d6f - - default default] 199.204.45.116 "GET /v2.0/ports?device_id=901df6be-e590-4953-95e8-59d72f17ae20 HTTP/1.1" status: 200 len: 4945 time: 0.0556724
2026-07-15 06:11:56.628 10 INFO neutron.wsgi [req-588ff470-af8f-40c6-a60f-df801aa736ad req-b059a4da-147a-474c-b8cb-35b0e870c412 f6874e0a7cdd4670a81148cd0d9e005d e1876e7429b34c7381d13da8019991be - - 0c8a729e6dab4f17a284c6fa56afbc8a 0c8a729e6dab4f17a284c6fa56afbc8a] 199.204.45.116 "GET /v2.0/networks?id=1604f06d-c6a0-48e4-97dd-5a4048c3f82c HTTP/1.1" status: 200 len: 1002 time: 0.1010931
2026-07-15 06:11:56.748 10 INFO neutron.wsgi [req-588ff470-af8f-40c6-a60f-df801aa736ad req-2c4992d5-236d-496c-8c79-fb79e6b19fb2 f6874e0a7cdd4670a81148cd0d9e005d e1876e7429b34c7381d13da8019991be - - 0c8a729e6dab4f17a284c6fa56afbc8a 0c8a729e6dab4f17a284c6fa56afbc8a] 199.204.45.116 "GET /v2.0/networks/1604f06d-c6a0-48e4-97dd-5a4048c3f82c?fields=segments HTTP/1.1" status: 200 len: 212 time: 0.1112432
2026-07-15 06:11:56.750 9 INFO neutron.wsgi [None req-68c9bb43-4811-44f2-b625-9c3129f6b5c8 b74d0f6850a24e4db72747476cff5a28 793826d128cb404e972d2611e7ca6d6f - - default default] 199.204.45.116 "GET /v2.0/ports?device_id=901df6be-e590-4953-95e8-59d72f17ae20 HTTP/1.1" status: 200 len: 4945 time: 0.0705314
2026-07-15 06:11:56.835 10 INFO neutron.wsgi [req-588ff470-af8f-40c6-a60f-df801aa736ad req-bffc3b35-ae91-44f0-abc8-3021dceba088 f6874e0a7cdd4670a81148cd0d9e005d e1876e7429b34c7381d13da8019991be - - 0c8a729e6dab4f17a284c6fa56afbc8a 0c8a729e6dab4f17a284c6fa56afbc8a] 199.204.45.116 "GET /v2.0/networks/1604f06d-c6a0-48e4-97dd-5a4048c3f82c?fields=provider%3Aphysical_network&fields=provider%3Anetwork_type HTTP/1.1" status: 200 len: 277 time: 0.0781691
2026-07-15 06:11:57.019 10 INFO neutron.plugins.ml2.drivers.ovn.mech_driver.mech_driver [None req-80fc0f6d-713c-4715-9cb0-d8a907150370 - - - - - -] OVN reports status down for port: fa0d36ea-507e-4428-95db-a82e73d77a84
2026-07-15 06:11:57.093 10 INFO neutron.wsgi [req-a250498c-b37d-4328-890c-5523513395a3 req-9478a579-1a93-48cf-bc18-3fe8905fc5c8 f6874e0a7cdd4670a81148cd0d9e005d e1876e7429b34c7381d13da8019991be - - 0c8a729e6dab4f17a284c6fa56afbc8a 0c8a729e6dab4f17a284c6fa56afbc8a] 199.204.45.116 "GET /v2.0/ports/fa0d36ea-507e-4428-95db-a82e73d77a84 HTTP/1.1" status: 200 len: 1231 time: 0.0404990
2026-07-15 06:11:57.174 10 INFO neutron.notifiers.nova [-] Nova event matching ['req-beee2ffe-f14e-4664-8a98-fb35b4d0dcb7'] response: {'server_uuid': '901df6be-e590-4953-95e8-59d72f17ae20', 'name': 'network-vif-unplugged', 'status': 'completed', 'tag': 'fa0d36ea-507e-4428-95db-a82e73d77a84', 'code': 200}
2026-07-15 06:11:57.391 10 INFO neutron.db.ovn_revision_numbers_db [None req-80fc0f6d-713c-4715-9cb0-d8a907150370 - - - - - -] Successfully bumped revision number for resource fa0d36ea-507e-4428-95db-a82e73d77a84 (type: ports) to 7
2026-07-15 06:11:57.434 10 INFO neutron.wsgi [req-a250498c-b37d-4328-890c-5523513395a3 req-ba3bf365-240c-4c11-9e52-e18766a97b59 b74d0f6850a24e4db72747476cff5a28 793826d128cb404e972d2611e7ca6d6f - - default default] 199.204.45.116 "DELETE /v2.0/ports/fa0d36ea-507e-4428-95db-a82e73d77a84 HTTP/1.1" status: 204 len: 173 time: 0.3352437
2026-07-15 06:11:57.564 10 INFO neutron.wsgi [req-a250498c-b37d-4328-890c-5523513395a3 req-3a6e0271-1bae-4d08-9e4f-24e2ceeca606 f6874e0a7cdd4670a81148cd0d9e005d e1876e7429b34c7381d13da8019991be - - 0c8a729e6dab4f17a284c6fa56afbc8a 0c8a729e6dab4f17a284c6fa56afbc8a] 199.204.45.116 "GET /v2.0/ports?tenant_id=793826d128cb404e972d2611e7ca6d6f&device_id=901df6be-e590-4953-95e8-59d72f17ae20 HTTP/1.1" status: 200 len: 3922 time: 0.0649769
2026-07-15 06:11:57.706 10 INFO neutron.wsgi [req-a250498c-b37d-4328-890c-5523513395a3 req-4d0a1ba8-6b9d-4a9b-a514-30630eefae0b f6874e0a7cdd4670a81148cd0d9e005d e1876e7429b34c7381d13da8019991be - - 0c8a729e6dab4f17a284c6fa56afbc8a 0c8a729e6dab4f17a284c6fa56afbc8a] 199.204.45.116 "GET /v2.0/networks?id=ad6a9f66-7d25-4a88-820c-72aca433ec56&id=bee9afdf-ee75-4a19-9d17-c22d2d606728&id=fc6f33e6-1ee2-437c-b5e1-2fbedf8446f6&id=1604f06d-c6a0-48e4-97dd-5a4048c3f82c HTTP/1.1" status: 200 len: 3308 time: 0.1308610
2026-07-15 06:11:57.743 10 INFO neutron.wsgi [req-a250498c-b37d-4328-890c-5523513395a3 req-91fb4ca7-5931-4e5c-b079-b9c0a1ed6da0 f6874e0a7cdd4670a81148cd0d9e005d e1876e7429b34c7381d13da8019991be - - 0c8a729e6dab4f17a284c6fa56afbc8a 0c8a729e6dab4f17a284c6fa56afbc8a] 199.204.45.116 "GET /v2.0/floatingips?fixed_ip_address=172.24.1.110&port_id=ab5ad2a5-4cfb-4db3-a38a-62e33e601816 HTTP/1.1" status: 200 len: 217 time: 0.0300462
2026-07-15 06:11:57.791 10 INFO neutron.wsgi [req-a250498c-b37d-4328-890c-5523513395a3 req-1ae44535-0710-43c8-b720-df635d64970d f6874e0a7cdd4670a81148cd0d9e005d e1876e7429b34c7381d13da8019991be - - 0c8a729e6dab4f17a284c6fa56afbc8a 0c8a729e6dab4f17a284c6fa56afbc8a] 199.204.45.116 "GET /v2.0/subnets?id=17d65444-7c95-41cc-bab9-97066fce583d HTTP/1.1" status: 200 len: 829 time: 0.0404127
2026-07-15 06:11:57.818 9 INFO neutron.wsgi [None req-15c9a2fb-23e2-40ea-b0ee-d5cb74f9a7e9 b74d0f6850a24e4db72747476cff5a28 793826d128cb404e972d2611e7ca6d6f - - default default] 199.204.45.116 "GET /v2.0/ports?device_id=901df6be-e590-4953-95e8-59d72f17ae20 HTTP/1.1" status: 200 len: 3922 time: 0.0478625
2026-07-15 06:11:57.832 10 INFO neutron.wsgi [req-a250498c-b37d-4328-890c-5523513395a3 req-31c93710-6869-4431-99b3-5930774c4d8d f6874e0a7cdd4670a81148cd0d9e005d e1876e7429b34c7381d13da8019991be - - 0c8a729e6dab4f17a284c6fa56afbc8a 0c8a729e6dab4f17a284c6fa56afbc8a] 199.204.45.116 "GET /v2.0/ports?network_id=ad6a9f66-7d25-4a88-820c-72aca433ec56&device_owner=network%3Adhcp HTTP/1.1" status: 200 len: 210 time: 0.0325499
2026-07-15 06:11:57.851 9 INFO neutron.pecan_wsgi.hooks.translation [None req-fafcd50f-6c47-4439-8b40-a578b9a79bca b74d0f6850a24e4db72747476cff5a28 793826d128cb404e972d2611e7ca6d6f - - default default] DELETE failed (client error): The resource could not be found.
2026-07-15 06:11:57.853 9 INFO neutron.wsgi [None req-fafcd50f-6c47-4439-8b40-a578b9a79bca b74d0f6850a24e4db72747476cff5a28 793826d128cb404e972d2611e7ca6d6f - - default default] 199.204.45.116 "DELETE /v2.0/ports/fa0d36ea-507e-4428-95db-a82e73d77a84 HTTP/1.1" status: 404 len: 338 time: 0.0216355
2026-07-15 06:11:57.906 10 INFO neutron.wsgi [req-a250498c-b37d-4328-890c-5523513395a3 req-2afcfcfc-781a-4b85-b593-328ed45f3d48 f6874e0a7cdd4670a81148cd0d9e005d e1876e7429b34c7381d13da8019991be - - 0c8a729e6dab4f17a284c6fa56afbc8a 0c8a729e6dab4f17a284c6fa56afbc8a] 199.204.45.116 "GET /v2.0/networks/ad6a9f66-7d25-4a88-820c-72aca433ec56?fields=segments HTTP/1.1" status: 200 len: 212 time: 0.0666692
2026-07-15 06:11:57.951 9 INFO neutron.wsgi [None req-21ff250a-8af6-4520-b4db-19a44a113a51 b74d0f6850a24e4db72747476cff5a28 793826d128cb404e972d2611e7ca6d6f - - default default] 199.204.45.116 "GET /v2.0/extensions/security-group HTTP/1.1" status: 200 len: 369 time: 0.0078101
2026-07-15 06:11:57.959 9 INFO neutron.wsgi [None req-4f4b3c69-64f3-4aa4-81fd-bc51ec24c550 b74d0f6850a24e4db72747476cff5a28 793826d128cb404e972d2611e7ca6d6f - - default default] 199.204.45.116 "GET /v2.0/extensions/dns-integration HTTP/1.1" status: 200 len: 371 time: 0.0040822
2026-07-15 06:11:57.967 9 INFO neutron.wsgi [None req-b2cab626-6056-4759-8d4b-8ee197e8b5c2 b74d0f6850a24e4db72747476cff5a28 793826d128cb404e972d2611e7ca6d6f - - default default] 199.204.45.116 "GET /v2.0/extensions/qos HTTP/1.1" status: 200 len: 365 time: 0.0048692
2026-07-15 06:11:57.975 9 INFO neutron.wsgi [None req-d0f91ae5-e730-42b5-8172-254b234c0e39 b74d0f6850a24e4db72747476cff5a28 793826d128cb404e972d2611e7ca6d6f - - default default] 199.204.45.116 "GET /v2.0/extensions/allowed-address-pairs HTTP/1.1" status: 200 len: 383 time: 0.0040803
2026-07-15 06:11:57.992 10 INFO neutron.wsgi [req-a250498c-b37d-4328-890c-5523513395a3 req-29737d34-5a0d-4f23-9466-98931c6499e6 f6874e0a7cdd4670a81148cd0d9e005d e1876e7429b34c7381d13da8019991be - - 0c8a729e6dab4f17a284c6fa56afbc8a 0c8a729e6dab4f17a284c6fa56afbc8a] 199.204.45.116 "GET /v2.0/networks/ad6a9f66-7d25-4a88-820c-72aca433ec56?fields=provider%3Aphysical_network&fields=provider%3Anetwork_type HTTP/1.1" status: 200 len: 277 time: 0.0760591
2026-07-15 06:11:58.017 9 INFO neutron.wsgi [None req-e75fcf76-358e-4e8f-9ba7-91d66baee61d b74d0f6850a24e4db72747476cff5a28 793826d128cb404e972d2611e7ca6d6f - - default default] 199.204.45.116 "GET /v2.0/subnets/8d2a817a-e756-41b4-ab49-de03f2455973 HTTP/1.1" status: 200 len: 850 time: 0.0357938
2026-07-15 06:11:58.036 10 INFO neutron.wsgi [req-a250498c-b37d-4328-890c-5523513395a3 req-f2edfd5e-17c8-4028-a6a3-b8b3d14b346b f6874e0a7cdd4670a81148cd0d9e005d e1876e7429b34c7381d13da8019991be - - 0c8a729e6dab4f17a284c6fa56afbc8a 0c8a729e6dab4f17a284c6fa56afbc8a] 199.204.45.116 "GET /v2.0/floatingips?fixed_ip_address=10.1.1.183&port_id=4c71ced6-2df2-4326-9c1e-439c5e857763 HTTP/1.1" status: 200 len: 217 time: 0.0356190
2026-07-15 06:11:58.075 9 INFO neutron.wsgi [None req-c0620e12-a347-425f-b775-e461c9b713b8 b74d0f6850a24e4db72747476cff5a28 793826d128cb404e972d2611e7ca6d6f - - default default] 199.204.45.116 "GET /v2.0/ports/57d74357-22cd-49a0-9b74-355c7ad9a936 HTTP/1.1" status: 200 len: 1340 time: 0.0493839
2026-07-15 06:11:58.093 10 INFO neutron.wsgi [req-a250498c-b37d-4328-890c-5523513395a3 req-47add09b-718d-4f1a-9f1e-22fa812a6c5a f6874e0a7cdd4670a81148cd0d9e005d e1876e7429b34c7381d13da8019991be - - 0c8a729e6dab4f17a284c6fa56afbc8a 0c8a729e6dab4f17a284c6fa56afbc8a] 199.204.45.116 "GET /v2.0/subnets?id=8d2a817a-e756-41b4-ab49-de03f2455973 HTTP/1.1" status: 200 len: 853 time: 0.0508318
2026-07-15 06:11:58.124 9 INFO neutron.wsgi [None req-c3eed939-e6bc-46d3-a4dc-29871338ff40 b74d0f6850a24e4db72747476cff5a28 793826d128cb404e972d2611e7ca6d6f - - default default] 199.204.45.116 "GET /v2.0/ports/4c71ced6-2df2-4326-9c1e-439c5e857763 HTTP/1.1" status: 200 len: 1519 time: 0.0408268
2026-07-15 06:11:58.126 10 INFO neutron.wsgi [req-a250498c-b37d-4328-890c-5523513395a3 req-af413541-d7f4-4f04-a540-b560373906cc f6874e0a7cdd4670a81148cd0d9e005d e1876e7429b34c7381d13da8019991be - - 0c8a729e6dab4f17a284c6fa56afbc8a 0c8a729e6dab4f17a284c6fa56afbc8a] 199.204.45.116 "GET /v2.0/ports?network_id=bee9afdf-ee75-4a19-9d17-c22d2d606728&device_owner=network%3Adhcp HTTP/1.1" status: 200 len: 210 time: 0.0247133
2026-07-15 06:11:58.179 9 INFO neutron.wsgi [None req-355887e4-0b7d-4baf-bb6b-ef00e62e240e b74d0f6850a24e4db72747476cff5a28 793826d128cb404e972d2611e7ca6d6f - - default default] 199.204.45.116 "GET /v2.0/subnets/8d2a817a-e756-41b4-ab49-de03f2455973 HTTP/1.1" status: 200 len: 850 time: 0.0491686
2026-07-15 06:11:58.214 10 INFO neutron.wsgi [req-a250498c-b37d-4328-890c-5523513395a3 req-b89c7de7-ad6f-40ec-b456-67b7e1bcd91b f6874e0a7cdd4670a81148cd0d9e005d e1876e7429b34c7381d13da8019991be - - 0c8a729e6dab4f17a284c6fa56afbc8a 0c8a729e6dab4f17a284c6fa56afbc8a] 199.204.45.116 "GET /v2.0/networks/bee9afdf-ee75-4a19-9d17-c22d2d606728?fields=segments HTTP/1.1" status: 200 len: 212 time: 0.0812011
2026-07-15 06:11:58.274 9 INFO neutron.wsgi [None req-baed8cc1-e56f-4187-884a-09f0f8d21456 b74d0f6850a24e4db72747476cff5a28 793826d128cb404e972d2611e7ca6d6f - - default default] 199.204.45.116 "GET /v2.0/networks/bee9afdf-ee75-4a19-9d17-c22d2d606728 HTTP/1.1" status: 200 len: 1002 time: 0.0869474
