2026-07-15 06:07:10.143 10 INFO neutron.wsgi [req-31e22412-698e-48d6-bc72-abe261cd138d req-63868b3b-1e32-4f11-afee-1711e8de74dd a4b9d0472d8c464f8a3a8a9fd54aabc6 3627fc2ae5e44311a571f17ed794249c - - default default] 199.204.45.116 "DELETE /v2.0/ports/78d365f4-dbdb-4322-b7df-cf78b219cfc0 HTTP/1.1" status: 204 len: 173 time: 0.8084798
2026-07-15 06:07:10.301 10 INFO neutron.notifiers.nova [-] Nova event matching ['req-1d3fbba2-0d8c-411f-a66a-86fb59b65c7d'] response: {'server_uuid': '16573610-27f9-47c2-accb-16a05408efba', 'name': 'network-vif-deleted', 'tag': '78d365f4-dbdb-4322-b7df-cf78b219cfc0', 'status': 'completed', 'code': 200}
2026-07-15 06:07:10.484 10 INFO neutron.db.ovn_revision_numbers_db [None req-07510596-8e83-4255-bf52-4928f22acf67 f3a45942619842d5ac091c7675ea4d95 023344c3417b461c8b946866f2b8fdf3 - - default default] Successfully bumped revision number for resource ea34840a-3a1e-4c39-bd5b-45ac0814d0e4 (type: floatingips) to 0
2026-07-15 06:07:10.517 10 INFO neutron.wsgi [None req-07510596-8e83-4255-bf52-4928f22acf67 f3a45942619842d5ac091c7675ea4d95 023344c3417b461c8b946866f2b8fdf3 - - default default] 10.0.0.181 "POST /v2.0/floatingips HTTP/1.1" status: 201 len: 751 time: 1.1669483 /var/lib/openstack/lib/python3.10/site-packages/pycadf/identifier.py:71: UserWarning: Invalid uuid: neutron. To ensure interoperability, identifiers should be a valid uuid. warnings.warn(('Invalid uuid: %s. To ensure interoperability, '
2026-07-15 06:07:10.534 10 WARNING neutron_lib.context [None req-b7298ff0-c46c-49c7-877e-b95e9a2ce012 f3a45942619842d5ac091c7675ea4d95 023344c3417b461c8b946866f2b8fdf3 - - default default] Method 'is_advsvc' is deprecated since 2023.2 release (neutron-lib 3.8.0) and will be removed once support for the old RBAC API policies will be removed from Neutron. Please use method 'is_service_role' instead.
2026-07-15 06:07:10.674 9 INFO neutron.wsgi [req-354aaf34-3bb1-4e02-90c0-bddf76077f78 req-84d43623-8843-4e2a-aa54-5bc14e14e737 e3a796f079c947aca155d350f8ff4036 4b2371c4cbe84eaabf89af1e172d33d7 - - default default] 10.0.0.240 "GET /v2.0/ports?device_id=6d8785c7-8b50-4889-8b80-bd2c10aad764 HTTP/1.1" status: 200 len: 1170 time: 0.0392764
2026-07-15 06:07:10.716 9 INFO neutron.wsgi [req-354aaf34-3bb1-4e02-90c0-bddf76077f78 req-487096d4-42a4-4ad7-87ca-befc1f36a088 e3a796f079c947aca155d350f8ff4036 4b2371c4cbe84eaabf89af1e172d33d7 - - default default] 10.0.0.240 "GET /v2.0/security-groups?id=9af5a19b-b360-41ff-86a1-4a5595f6b7af&fields=id&fields=name HTTP/1.1" status: 200 len: 313 time: 0.0368536
2026-07-15 06:07:10.793 10 WARNING neutron.scheduler.dhcp_agent_scheduler [None req-b7298ff0-c46c-49c7-877e-b95e9a2ce012 f3a45942619842d5ac091c7675ea4d95 023344c3417b461c8b946866f2b8fdf3 - - default default] No more DHCP agents
2026-07-15 06:07:10.795 10 WARNING neutron.api.rpc.agentnotifiers.dhcp_rpc_agent_api [None req-b7298ff0-c46c-49c7-877e-b95e9a2ce012 f3a45942619842d5ac091c7675ea4d95 023344c3417b461c8b946866f2b8fdf3 - - default default] Unable to schedule network 85d8c101-1625-4351-9175-849136598975: no agents available; will retry on subsequent port and subnet creation events.
2026-07-15 06:07:10.814 9 INFO neutron.notifiers.nova [-] Nova event matching ['req-67c48715-9550-4926-88ad-ee35b0555c78'] response: {'server_uuid': '16573610-27f9-47c2-accb-16a05408efba', 'name': 'network-vif-plugged', 'status': 'completed', 'tag': '78d365f4-dbdb-4322-b7df-cf78b219cfc0', 'code': 200}
2026-07-15 06:07:10.815 9 INFO neutron.notifiers.nova [-] Nova event matching ['req-67c48715-9550-4926-88ad-ee35b0555c78'] response: {'server_uuid': '6d8785c7-8b50-4889-8b80-bd2c10aad764', 'name': 'network-vif-plugged', 'status': 'completed', 'tag': 'ad7eb59c-e84c-443e-95ca-0054736702f2', 'code': 200}
2026-07-15 06:07:10.815 9 INFO neutron.notifiers.nova [-] Nova event matching ['req-67c48715-9550-4926-88ad-ee35b0555c78'] response: {'server_uuid': '6d8785c7-8b50-4889-8b80-bd2c10aad764', 'name': 'network-vif-plugged', 'status': 'completed', 'tag': 'ad7eb59c-e84c-443e-95ca-0054736702f2', 'code': 200}
2026-07-15 06:07:11.236 10 INFO neutron.wsgi [None req-33d0ca96-58ba-45bf-b698-1bc6803ea0e6 a4b9d0472d8c464f8a3a8a9fd54aabc6 3627fc2ae5e44311a571f17ed794249c - - default default] 10.0.0.181 "DELETE /v2.0/security-groups/4ecb9cf8-37bf-48a6-87f4-3f50c4171eaa HTTP/1.1" status: 204 len: 168 time: 0.2051539
2026-07-15 06:07:11.251 10 INFO neutron.db.ovn_revision_numbers_db [None req-b7298ff0-c46c-49c7-877e-b95e9a2ce012 f3a45942619842d5ac091c7675ea4d95 023344c3417b461c8b946866f2b8fdf3 - - default default] Successfully bumped revision number for resource 74f03b37-f754-4e9d-8b16-a315d794aa0b (type: floatingips) to 0
2026-07-15 06:07:11.258 10 INFO neutron.api.v2.resource [None req-ebc4107f-8a3c-443b-b741-12984f1e182b a4b9d0472d8c464f8a3a8a9fd54aabc6 3627fc2ae5e44311a571f17ed794249c - - default default] show failed (client error): The resource could not be found.
2026-07-15 06:07:11.259 10 INFO neutron.wsgi [None req-ebc4107f-8a3c-443b-b741-12984f1e182b a4b9d0472d8c464f8a3a8a9fd54aabc6 3627fc2ae5e44311a571f17ed794249c - - default default] 10.0.0.181 "GET /v2.0/security-groups/4ecb9cf8-37bf-48a6-87f4-3f50c4171eaa HTTP/1.1" status: 404 len: 347 time: 0.0139623
2026-07-15 06:07:11.275 10 INFO neutron.wsgi [None req-b7298ff0-c46c-49c7-877e-b95e9a2ce012 f3a45942619842d5ac091c7675ea4d95 023344c3417b461c8b946866f2b8fdf3 - - default default] 10.0.0.181 "POST /v2.0/floatingips HTTP/1.1" status: 201 len: 751 time: 0.7516077
2026-07-15 06:07:11.289 9 WARNING neutron_lib.context [None req-114a8d30-49e5-4e2b-a161-5b857ef1ebd8 f3a45942619842d5ac091c7675ea4d95 023344c3417b461c8b946866f2b8fdf3 - - default default] Method 'is_advsvc' is deprecated since 2023.2 release (neutron-lib 3.8.0) and will be removed once support for the old RBAC API policies will be removed from Neutron. Please use method 'is_service_role' instead.
2026-07-15 06:07:11.553 10 INFO neutron.wsgi [None req-a698081d-e008-48cc-b49a-065b11409557 a4b9d0472d8c464f8a3a8a9fd54aabc6 3627fc2ae5e44311a571f17ed794249c - - default default] 10.0.0.181 "DELETE /v2.0/floatingips/db12890d-5acd-4af6-934b-5a28a9a9a71b HTTP/1.1" status: 204 len: 168 time: 0.2888687
2026-07-15 06:07:11.586 9 WARNING neutron.scheduler.dhcp_agent_scheduler [None req-114a8d30-49e5-4e2b-a161-5b857ef1ebd8 f3a45942619842d5ac091c7675ea4d95 023344c3417b461c8b946866f2b8fdf3 - - default default] No more DHCP agents
2026-07-15 06:07:11.587 9 WARNING neutron.api.rpc.agentnotifiers.dhcp_rpc_agent_api [None req-114a8d30-49e5-4e2b-a161-5b857ef1ebd8 f3a45942619842d5ac091c7675ea4d95 023344c3417b461c8b946866f2b8fdf3 - - default default] Unable to schedule network 85d8c101-1625-4351-9175-849136598975: no agents available; will retry on subsequent port and subnet creation events.
2026-07-15 06:07:11.735 10 INFO neutron.wsgi [None req-825fed60-2608-4238-8ca0-5d1352e28bfb a4b9d0472d8c464f8a3a8a9fd54aabc6 3627fc2ae5e44311a571f17ed794249c - - default default] 10.0.0.181 "DELETE /v2.0/security-groups/4a9b03ad-62d1-46cc-ad13-679f5a329999 HTTP/1.1" status: 204 len: 168 time: 0.1754978
2026-07-15 06:07:11.961 9 INFO neutron.wsgi [req-8238ef34-4750-4434-a84b-6819efd92a85 req-084b60ca-5b84-4e78-9976-942d33cd2ffc e3a796f079c947aca155d350f8ff4036 4b2371c4cbe84eaabf89af1e172d33d7 - - default default] 10.0.0.240 "GET /v2.0/ports?device_id=6d8785c7-8b50-4889-8b80-bd2c10aad764 HTTP/1.1" status: 200 len: 1170 time: 0.1444876
2026-07-15 06:07:12.050 9 INFO neutron.wsgi [req-8238ef34-4750-4434-a84b-6819efd92a85 req-0f5d960b-72ac-4880-a996-cbdc3ff433ae e3a796f079c947aca155d350f8ff4036 4b2371c4cbe84eaabf89af1e172d33d7 - - default default] 10.0.0.240 "GET /v2.0/security-groups?id=9af5a19b-b360-41ff-86a1-4a5595f6b7af&fields=id&fields=name HTTP/1.1" status: 200 len: 313 time: 0.0800359
2026-07-15 06:07:12.117 9 INFO neutron.db.ovn_revision_numbers_db [None req-114a8d30-49e5-4e2b-a161-5b857ef1ebd8 f3a45942619842d5ac091c7675ea4d95 023344c3417b461c8b946866f2b8fdf3 - - default default] Successfully bumped revision number for resource b9afb2c9-e6c5-436f-b700-2fb8295cf178 (type: floatingips) to 0
2026-07-15 06:07:12.161 9 INFO neutron.wsgi [None req-114a8d30-49e5-4e2b-a161-5b857ef1ebd8 f3a45942619842d5ac091c7675ea4d95 023344c3417b461c8b946866f2b8fdf3 - - default default] 10.0.0.181 "POST /v2.0/floatingips HTTP/1.1" status: 201 len: 751 time: 0.8789041
2026-07-15 06:07:12.178 10 WARNING neutron_lib.context [None req-2d458a4d-b62e-466e-a6f8-38ccc2af38a8 f3a45942619842d5ac091c7675ea4d95 023344c3417b461c8b946866f2b8fdf3 - - default default] Method 'is_advsvc' is deprecated since 2023.2 release (neutron-lib 3.8.0) and will be removed once support for the old RBAC API policies will be removed from Neutron. Please use method 'is_service_role' instead.
2026-07-15 06:07:12.199 9 INFO neutron.wsgi [req-211eeca3-c907-4ad1-9372-957f7c58f148 req-bdcdb5fc-ab94-4e2c-bb6e-7b5a37805dfc e3a796f079c947aca155d350f8ff4036 4b2371c4cbe84eaabf89af1e172d33d7 - - default default] 10.0.0.240 "GET /v2.0/ports?device_id=6d8785c7-8b50-4889-8b80-bd2c10aad764 HTTP/1.1" status: 200 len: 1170 time: 0.0564556
2026-07-15 06:07:12.272 9 INFO neutron.wsgi [req-211eeca3-c907-4ad1-9372-957f7c58f148 req-b1d74540-e576-4f28-b289-5936d2865e3a e3a796f079c947aca155d350f8ff4036 4b2371c4cbe84eaabf89af1e172d33d7 - - default default] 10.0.0.240 "GET /v2.0/security-groups?id=9af5a19b-b360-41ff-86a1-4a5595f6b7af&fields=id&fields=name HTTP/1.1" status: 200 len: 313 time: 0.0649788
2026-07-15 06:07:12.370 9 INFO neutron.wsgi [None req-5f1e3cb8-302c-4f2d-87ab-583c9bb3812a ab78b2258bb04c22ba6db3c95d874cfd 27cfb0559bdb47b7a49cbbf8cef7481f - - default default] 10.0.0.181 "GET /v2.0/ports?device_id=6d8785c7-8b50-4889-8b80-bd2c10aad764 HTTP/1.1" status: 200 len: 1404 time: 0.0659831
2026-07-15 06:07:12.405 9 WARNING neutron_lib.context [None req-9bda463c-93e9-4f16-a8c5-338a51072ae4 e3a796f079c947aca155d350f8ff4036 4b2371c4cbe84eaabf89af1e172d33d7 - - default default] Method 'is_advsvc' is deprecated since 2023.2 release (neutron-lib 3.8.0) and will be removed once support for the old RBAC API policies will be removed from Neutron. Please use method 'is_service_role' instead.
2026-07-15 06:07:12.504 10 WARNING neutron.scheduler.dhcp_agent_scheduler [None req-2d458a4d-b62e-466e-a6f8-38ccc2af38a8 f3a45942619842d5ac091c7675ea4d95 023344c3417b461c8b946866f2b8fdf3 - - default default] No more DHCP agents
2026-07-15 06:07:12.507 10 WARNING neutron.api.rpc.agentnotifiers.dhcp_rpc_agent_api [None req-2d458a4d-b62e-466e-a6f8-38ccc2af38a8 f3a45942619842d5ac091c7675ea4d95 023344c3417b461c8b946866f2b8fdf3 - - default default] Unable to schedule network 85d8c101-1625-4351-9175-849136598975: no agents available; will retry on subsequent port and subnet creation events.
2026-07-15 06:07:12.783 9 WARNING neutron.scheduler.dhcp_agent_scheduler [None req-9bda463c-93e9-4f16-a8c5-338a51072ae4 e3a796f079c947aca155d350f8ff4036 4b2371c4cbe84eaabf89af1e172d33d7 - - default default] No more DHCP agents
2026-07-15 06:07:12.789 9 WARNING neutron.api.rpc.agentnotifiers.dhcp_rpc_agent_api [None req-9bda463c-93e9-4f16-a8c5-338a51072ae4 e3a796f079c947aca155d350f8ff4036 4b2371c4cbe84eaabf89af1e172d33d7 - - default default] Unable to schedule network 85d8c101-1625-4351-9175-849136598975: no agents available; will retry on subsequent port and subnet creation events.
2026-07-15 06:07:12.875 10 INFO neutron.db.ovn_revision_numbers_db [None req-2d458a4d-b62e-466e-a6f8-38ccc2af38a8 f3a45942619842d5ac091c7675ea4d95 023344c3417b461c8b946866f2b8fdf3 - - default default] Successfully bumped revision number for resource 0504af28-04f6-4d38-8eea-7e0c946afd72 (type: floatingips) to 0
2026-07-15 06:07:12.891 10 INFO neutron.wsgi [None req-2d458a4d-b62e-466e-a6f8-38ccc2af38a8 f3a45942619842d5ac091c7675ea4d95 023344c3417b461c8b946866f2b8fdf3 - - default default] 10.0.0.181 "POST /v2.0/floatingips HTTP/1.1" status: 201 len: 751 time: 0.7208960
2026-07-15 06:07:12.902 10 WARNING neutron_lib.context [None req-d1784c4a-4a48-4bfb-83ad-45a946d755c7 f3a45942619842d5ac091c7675ea4d95 023344c3417b461c8b946866f2b8fdf3 - - default default] Method 'is_advsvc' is deprecated since 2023.2 release (neutron-lib 3.8.0) and will be removed once support for the old RBAC API policies will be removed from Neutron. Please use method 'is_service_role' instead.
2026-07-15 06:07:13.187 10 WARNING neutron.scheduler.dhcp_agent_scheduler [None req-d1784c4a-4a48-4bfb-83ad-45a946d755c7 f3a45942619842d5ac091c7675ea4d95 023344c3417b461c8b946866f2b8fdf3 - - default default] No more DHCP agents
2026-07-15 06:07:13.191 10 WARNING neutron.api.rpc.agentnotifiers.dhcp_rpc_agent_api [None req-d1784c4a-4a48-4bfb-83ad-45a946d755c7 f3a45942619842d5ac091c7675ea4d95 023344c3417b461c8b946866f2b8fdf3 - - default default] Unable to schedule network 85d8c101-1625-4351-9175-849136598975: no agents available; will retry on subsequent port and subnet creation events.
2026-07-15 06:07:13.479 9 INFO neutron.db.ovn_revision_numbers_db [None req-ebc4da73-f933-47a0-8a9e-6e1b27f52799 b74d0f6850a24e4db72747476cff5a28 793826d128cb404e972d2611e7ca6d6f - - default default] Successfully bumped revision number for resource 9d7ccc92-0c72-487a-af55-94298389cd5b (type: security_groups) to 1
2026-07-15 06:07:13.511 9 INFO neutron.db.ovn_revision_numbers_db [None req-ebc4da73-f933-47a0-8a9e-6e1b27f52799 b74d0f6850a24e4db72747476cff5a28 793826d128cb404e972d2611e7ca6d6f - - default default] Successfully bumped revision number for resource 0494703b-75a0-44aa-bf77-b26f0206f80f (type: security_group_rules) to 0
2026-07-15 06:07:13.544 9 INFO neutron.db.ovn_revision_numbers_db [None req-ebc4da73-f933-47a0-8a9e-6e1b27f52799 b74d0f6850a24e4db72747476cff5a28 793826d128cb404e972d2611e7ca6d6f - - default default] Successfully bumped revision number for resource a653e6db-eafa-4e86-ba91-cafbca448af0 (type: security_group_rules) to 0
2026-07-15 06:07:13.571 10 INFO neutron.db.ovn_revision_numbers_db [None req-d1784c4a-4a48-4bfb-83ad-45a946d755c7 f3a45942619842d5ac091c7675ea4d95 023344c3417b461c8b946866f2b8fdf3 - - default default] Successfully bumped revision number for resource a6ed4435-1d2a-4847-af0b-e9ecccf4147e (type: floatingips) to 0
2026-07-15 06:07:13.575 9 INFO neutron.db.ovn_revision_numbers_db [None req-ebc4da73-f933-47a0-8a9e-6e1b27f52799 b74d0f6850a24e4db72747476cff5a28 793826d128cb404e972d2611e7ca6d6f - - default default] Successfully bumped revision number for resource ad49c36a-a6eb-44b8-a704-4765b1c09ce4 (type: security_group_rules) to 0
2026-07-15 06:07:13.591 10 INFO neutron.wsgi [None req-d1784c4a-4a48-4bfb-83ad-45a946d755c7 f3a45942619842d5ac091c7675ea4d95 023344c3417b461c8b946866f2b8fdf3 - - default default] 10.0.0.181 "POST /v2.0/floatingips HTTP/1.1" status: 201 len: 751 time: 0.6934848
2026-07-15 06:07:13.620 9 INFO neutron.db.ovn_revision_numbers_db [None req-ebc4da73-f933-47a0-8a9e-6e1b27f52799 b74d0f6850a24e4db72747476cff5a28 793826d128cb404e972d2611e7ca6d6f - - default default] Successfully bumped revision number for resource bb9ed048-c357-4df2-94a7-c6cd9655db13 (type: security_group_rules) to 0
2026-07-15 06:07:13.675 9 INFO neutron.wsgi [None req-ebc4da73-f933-47a0-8a9e-6e1b27f52799 b74d0f6850a24e4db72747476cff5a28 793826d128cb404e972d2611e7ca6d6f - - default default] 10.0.0.181 "GET /v2.0/security-groups?tenant_id=8596dc4024ef42c0b4fe3e2d75dbb240&name=default HTTP/1.1" status: 200 len: 2996 time: 1.0293074
2026-07-15 06:07:13.680 10 INFO neutron.wsgi [None req-e0659858-0e1b-4444-ade5-a50d1dd80b12 f3a45942619842d5ac091c7675ea4d95 023344c3417b461c8b946866f2b8fdf3 - - default default] 10.0.0.181 "PUT /v2.0/floatingips/ea34840a-3a1e-4c39-bd5b-45ac0814d0e4/tags HTTP/1.1" status: 200 len: 210 time: 0.0796938
2026-07-15 06:07:13.769 9 INFO neutron.wsgi [None req-75e4bad3-2dc1-4eaa-b6ac-19e3ea839e6c f3a45942619842d5ac091c7675ea4d95 023344c3417b461c8b946866f2b8fdf3 - - default default] 10.0.0.181 "PUT /v2.0/floatingips/74f03b37-f754-4e9d-8b16-a315d794aa0b/tags HTTP/1.1" status: 200 len: 218 time: 0.0840182
2026-07-15 06:07:13.867 9 INFO neutron.wsgi [None req-3b5fc3db-bc9a-46b4-95fc-811e67c9c9ec f3a45942619842d5ac091c7675ea4d95 023344c3417b461c8b946866f2b8fdf3 - - default default] 10.0.0.181 "PUT /v2.0/floatingips/b9afb2c9-e6c5-436f-b700-2fb8295cf178/tags HTTP/1.1" status: 200 len: 227 time: 0.0842295
2026-07-15 06:07:13.886 9 INFO neutron.db.l3_db [None req-9bda463c-93e9-4f16-a8c5-338a51072ae4 e3a796f079c947aca155d350f8ff4036 4b2371c4cbe84eaabf89af1e172d33d7 - - default default] Floating IP a5234c47-8dcd-4952-adf2-cc5a8cededf7 associated. External IP: 10.96.250.210, port: ad7eb59c-e84c-443e-95ca-0054736702f2.
2026-07-15 06:07:13.945 9 INFO neutron.wsgi [None req-dd5be7ce-20c3-40c3-98ee-e0811d650c7d f3a45942619842d5ac091c7675ea4d95 023344c3417b461c8b946866f2b8fdf3 - - default default] 10.0.0.181 "PUT /v2.0/floatingips/0504af28-04f6-4d38-8eea-7e0c946afd72/tags HTTP/1.1" status: 200 len: 212 time: 0.0722740
2026-07-15 06:07:14.048 9 INFO neutron.wsgi [None req-63ee62b7-9c98-404b-8eb1-7f3ad5a82f44 f3a45942619842d5ac091c7675ea4d95 023344c3417b461c8b946866f2b8fdf3 - - default default] 10.0.0.181 "GET /v2.0/floatingips?tags=red HTTP/1.1" status: 200 len: 1866 time: 0.0956769 /var/lib/openstack/lib/python3.10/site-packages/pycadf/identifier.py:71: UserWarning: Invalid uuid: neutron. To ensure interoperability, identifiers should be a valid uuid. warnings.warn(('Invalid uuid: %s. To ensure interoperability, '
2026-07-15 06:07:14.068 9 INFO neutron.wsgi [None req-826f3eba-1901-40a4-b2a1-942a9eee4ce7 b74d0f6850a24e4db72747476cff5a28 793826d128cb404e972d2611e7ca6d6f - - default default] 10.0.0.181 "PUT /v2.0/routers/8e3d0db7-1318-4a18-bfd3-b68e0746216c/remove_router_interface HTTP/1.1" status: 200 len: 503 time: 2.2955930
2026-07-15 06:07:14.149 9 INFO neutron.wsgi [None req-d8a91820-0a43-4c25-a492-0926fa667e7e f3a45942619842d5ac091c7675ea4d95 023344c3417b461c8b946866f2b8fdf3 - - default default] 10.0.0.181 "GET /v2.0/floatingips?tags=red%2Cblue HTTP/1.1" status: 200 len: 1323 time: 0.0923958
2026-07-15 06:07:14.211 10 INFO neutron.wsgi [None req-86d5ee05-fe0c-4c08-ae8c-e39371eff95b f3a45942619842d5ac091c7675ea4d95 023344c3417b461c8b946866f2b8fdf3 - - default default] 10.0.0.181 "GET /v2.0/floatingips?tags-any=blue HTTP/1.1" status: 200 len: 1323 time: 0.0547056
2026-07-15 06:07:14.307 9 INFO neutron.db.ovn_revision_numbers_db [None req-9bda463c-93e9-4f16-a8c5-338a51072ae4 e3a796f079c947aca155d350f8ff4036 4b2371c4cbe84eaabf89af1e172d33d7 - - default default] Successfully bumped revision number for resource a5234c47-8dcd-4952-adf2-cc5a8cededf7 (type: floatingips) to 0
2026-07-15 06:07:14.310 10 INFO neutron.wsgi [None req-4d8e5c31-dd97-42c8-a14e-9b24ca6712cd f3a45942619842d5ac091c7675ea4d95 023344c3417b461c8b946866f2b8fdf3 - - default default] 10.0.0.181 "GET /v2.0/floatingips?tags-any=red%2Cblue HTTP/1.1" status: 200 len: 1866 time: 0.0922232 /var/lib/openstack/lib/python3.10/site-packages/pycadf/identifier.py:71: UserWarning: Invalid uuid: neutron. To ensure interoperability, identifiers should be a valid uuid. warnings.warn(('Invalid uuid: %s. To ensure interoperability, '
2026-07-15 06:07:14.399 10 INFO neutron.wsgi [None req-1361c3bf-1059-48ab-8e75-68eb406c9bad f3a45942619842d5ac091c7675ea4d95 023344c3417b461c8b946866f2b8fdf3 - - default default] 10.0.0.181 "GET /v2.0/floatingips?not-tags=red HTTP/1.1" status: 200 len: 1295 time: 0.0795674
2026-07-15 06:07:14.477 9 INFO neutron.wsgi [None req-efe5d8ff-c210-4445-b678-79ea68109a2f f3a45942619842d5ac091c7675ea4d95 023344c3417b461c8b946866f2b8fdf3 - - default default] 10.0.0.181 "GET /v2.0/floatingips?not-tags=red%2Cblue HTTP/1.1" status: 200 len: 1838 time: 0.0709333
2026-07-15 06:07:14.538 9 INFO neutron.wsgi [None req-b9affb6f-bf8f-4c96-b3f9-d41031dd4a5f f3a45942619842d5ac091c7675ea4d95 023344c3417b461c8b946866f2b8fdf3 - - default default] 10.0.0.181 "GET /v2.0/floatingips?not-tags-any=blue HTTP/1.1" status: 200 len: 1838 time: 0.0552633
2026-07-15 06:07:14.547 9 INFO neutron.db.ovn_revision_numbers_db [None req-9bda463c-93e9-4f16-a8c5-338a51072ae4 e3a796f079c947aca155d350f8ff4036 4b2371c4cbe84eaabf89af1e172d33d7 - - default default] Successfully bumped revision number for resource a5234c47-8dcd-4952-adf2-cc5a8cededf7 (type: floatingips) to 1
2026-07-15 06:07:14.573 10 INFO neutron.wsgi [None req-52c2a297-3995-44c7-b493-8666fceb47a7 b74d0f6850a24e4db72747476cff5a28 793826d128cb404e972d2611e7ca6d6f - - default default] 10.0.0.181 "DELETE /v2.0/security-groups/9d7ccc92-0c72-487a-af55-94298389cd5b HTTP/1.1" status: 204 len: 168 time: 0.8923900
2026-07-15 06:07:14.592 9 INFO neutron.wsgi [None req-bb1f9fe4-5f79-4f80-8d8b-abee1bc336a7 f3a45942619842d5ac091c7675ea4d95 023344c3417b461c8b946866f2b8fdf3 - - default default] 10.0.0.181 "GET /v2.0/floatingips?not-tags-any=red%2Cblue HTTP/1.1" status: 200 len: 1295 time: 0.0404105
2026-07-15 06:07:14.680 9 INFO neutron.wsgi [None req-9bda463c-93e9-4f16-a8c5-338a51072ae4 e3a796f079c947aca155d350f8ff4036 4b2371c4cbe84eaabf89af1e172d33d7 - - default default] 10.0.0.181 "POST /v2.0/floatingips HTTP/1.1" status: 201 len: 1054 time: 2.2792687
2026-07-15 06:07:14.723 9 INFO neutron.notifiers.nova [-] Nova event matching ['req-e2dd97fa-d21f-4273-9e84-f2b91456b07a'] response: {'name': 'network-changed', 'server_uuid': '6d8785c7-8b50-4889-8b80-bd2c10aad764', 'tag': 'ad7eb59c-e84c-443e-95ca-0054736702f2', 'status': 'completed', 'code': 200}
2026-07-15 06:07:14.745 10 INFO neutron.wsgi [None req-94f1a91c-935e-4d9a-bd14-9a21b8e0c2de e3a796f079c947aca155d350f8ff4036 4b2371c4cbe84eaabf89af1e172d33d7 - - default default] 10.0.0.181 "GET /v2.0/floatingips/a5234c47-8dcd-4952-adf2-cc5a8cededf7 HTTP/1.1" status: 200 len: 1051 time: 0.0579467
2026-07-15 06:07:14.794 10 INFO neutron.wsgi [req-206bf8c3-2b6b-44ec-bebf-b766bfc97653 req-8d646223-7d32-4466-aada-dcee25c1087c f6874e0a7cdd4670a81148cd0d9e005d e1876e7429b34c7381d13da8019991be - - 0c8a729e6dab4f17a284c6fa56afbc8a 0c8a729e6dab4f17a284c6fa56afbc8a] 199.204.45.116 "GET /v2.0/ports?tenant_id=4b2371c4cbe84eaabf89af1e172d33d7&device_id=6d8785c7-8b50-4889-8b80-bd2c10aad764 HTTP/1.1" status: 200 len: 1409 time: 0.0479867
2026-07-15 06:07:14.923 10 INFO neutron.wsgi [req-206bf8c3-2b6b-44ec-bebf-b766bfc97653 req-f13ad5b7-b6e0-4ab0-896b-8cd60c06e02e f6874e0a7cdd4670a81148cd0d9e005d e1876e7429b34c7381d13da8019991be - - 0c8a729e6dab4f17a284c6fa56afbc8a 0c8a729e6dab4f17a284c6fa56afbc8a] 199.204.45.116 "GET /v2.0/networks?id=1f140499-2c96-4b08-816f-8ff1089bb765 HTTP/1.1" status: 200 len: 958 time: 0.1060812
2026-07-15 06:07:14.983 10 INFO neutron.wsgi [req-206bf8c3-2b6b-44ec-bebf-b766bfc97653 req-8178da22-119d-4176-b9df-ac16cf4c756b f6874e0a7cdd4670a81148cd0d9e005d e1876e7429b34c7381d13da8019991be - - 0c8a729e6dab4f17a284c6fa56afbc8a 0c8a729e6dab4f17a284c6fa56afbc8a] 199.204.45.116 "GET /v2.0/floatingips?fixed_ip_address=10.100.0.9&port_id=ad7eb59c-e84c-443e-95ca-0054736702f2 HTTP/1.1" status: 200 len: 1059 time: 0.0510905
2026-07-15 06:07:15.048 10 INFO neutron.wsgi [req-206bf8c3-2b6b-44ec-bebf-b766bfc97653 req-007230bd-071e-49e6-85ec-fc36788c86b3 f6874e0a7cdd4670a81148cd0d9e005d e1876e7429b34c7381d13da8019991be - - 0c8a729e6dab4f17a284c6fa56afbc8a 0c8a729e6dab4f17a284c6fa56afbc8a] 199.204.45.116 "GET /v2.0/subnets?id=bada0a51-b247-4f4f-a9e0-6e950aa67a63 HTTP/1.1" status: 200 len: 853 time: 0.0527208
2026-07-15 06:07:15.073 9 INFO neutron.wsgi [None req-e32597c3-460c-4801-8c30-661f387f81e0 f3a45942619842d5ac091c7675ea4d95 023344c3417b461c8b946866f2b8fdf3 - - default default] 10.0.0.181 "DELETE /v2.0/floatingips/ea34840a-3a1e-4c39-bd5b-45ac0814d0e4 HTTP/1.1" status: 204 len: 168 time: 0.4742498
2026-07-15 06:07:15.081 10 INFO neutron.wsgi [req-206bf8c3-2b6b-44ec-bebf-b766bfc97653 req-ea6d7375-98f5-4074-8221-416ad36febe3 f6874e0a7cdd4670a81148cd0d9e005d e1876e7429b34c7381d13da8019991be - - 0c8a729e6dab4f17a284c6fa56afbc8a 0c8a729e6dab4f17a284c6fa56afbc8a] 199.204.45.116 "GET /v2.0/ports?network_id=1f140499-2c96-4b08-816f-8ff1089bb765&device_owner=network%3Adhcp HTTP/1.1" status: 200 len: 210 time: 0.0255492
2026-07-15 06:07:15.177 10 INFO neutron.wsgi [req-206bf8c3-2b6b-44ec-bebf-b766bfc97653 req-4ae9fc27-7ae3-4535-8c8d-f260c5b7cd2b f6874e0a7cdd4670a81148cd0d9e005d e1876e7429b34c7381d13da8019991be - - 0c8a729e6dab4f17a284c6fa56afbc8a 0c8a729e6dab4f17a284c6fa56afbc8a] 199.204.45.116 "GET /v2.0/networks/1f140499-2c96-4b08-816f-8ff1089bb765?fields=segments HTTP/1.1" status: 200 len: 212 time: 0.0885904
2026-07-15 06:07:15.326 10 INFO neutron.wsgi [req-206bf8c3-2b6b-44ec-bebf-b766bfc97653 req-60738e2f-4186-4fd9-99c9-46975715bdec f6874e0a7cdd4670a81148cd0d9e005d e1876e7429b34c7381d13da8019991be - - 0c8a729e6dab4f17a284c6fa56afbc8a 0c8a729e6dab4f17a284c6fa56afbc8a] 199.204.45.116 "GET /v2.0/networks/1f140499-2c96-4b08-816f-8ff1089bb765?fields=provider%3Aphysical_network&fields=provider%3Anetwork_type HTTP/1.1" status: 200 len: 277 time: 0.1279001
2026-07-15 06:07:15.387 10 INFO neutron.wsgi [None req-08e1d93f-0a8d-4836-9a6b-71b99af28150 b74d0f6850a24e4db72747476cff5a28 793826d128cb404e972d2611e7ca6d6f - - default default] 10.0.0.181 "DELETE /v2.0/routers/8e3d0db7-1318-4a18-bfd3-b68e0746216c HTTP/1.1" status: 204 len: 168 time: 1.2851274
2026-07-15 06:07:15.484 9 INFO neutron.wsgi [None req-d090e9ee-5d6c-4a57-baa5-355757d90335 f3a45942619842d5ac091c7675ea4d95 023344c3417b461c8b946866f2b8fdf3 - - default default] 10.0.0.181 "DELETE /v2.0/floatingips/74f03b37-f754-4e9d-8b16-a315d794aa0b HTTP/1.1" status: 204 len: 168 time: 0.4048009
2026-07-15 06:07:15.583 10 INFO neutron.wsgi [-] 10.0.0.150 "GET / HTTP/1.1" status: 200 len: 247 time: 0.0022423
2026-07-15 06:07:15.586 10 INFO neutron.wsgi [-] 10.0.0.150 "GET / HTTP/1.1" status: 200 len: 247 time: 0.0017495
2026-07-15 06:07:15.677 10 INFO neutron.wsgi [None req-caee8293-5198-4425-98f1-5a59394f8918 b74d0f6850a24e4db72747476cff5a28 793826d128cb404e972d2611e7ca6d6f - - default default] 10.0.0.181 "DELETE /v2.0/subnets/b57c54dc-e801-4e77-9e35-c1f4a6a34520 HTTP/1.1" status: 204 len: 168 time: 0.2792830
2026-07-15 06:07:16.126 10 INFO neutron.services.segments.plugin [-] Segment 00cd7f09-e6d3-40bb-8c8b-f1c192f1c699 resource provider aggregate not found
2026-07-15 06:07:16.132 10 INFO neutron.services.segments.plugin [-] Segment 00cd7f09-e6d3-40bb-8c8b-f1c192f1c699 resource provider aggregate not found
2026-07-15 06:07:16.144 10 INFO neutron.services.segments.plugin [-] Segment 00cd7f09-e6d3-40bb-8c8b-f1c192f1c699 resource provider not found; error: Placement Client Error (4xx): {"errors": [{"status": 404, "title": "Not Found", "detail": "The resource could not be found.\n\n No resource provider with uuid 00cd7f09-e6d3-40bb-8c8b-f1c192f1c699 found for delete ", "request_id": "req-d6cb8913-d268-4a04-8480-f4f2759cec3c"}]}
2026-07-15 06:07:16.152 10 INFO neutron.services.segments.plugin [-] Segment 00cd7f09-e6d3-40bb-8c8b-f1c192f1c699 resource provider not found; error: Placement Client Error (4xx): {"errors": [{"status": 404, "title": "Not Found", "detail": "The resource could not be found.\n\n No resource provider with uuid 00cd7f09-e6d3-40bb-8c8b-f1c192f1c699 found for delete ", "request_id": "req-217aa078-9eea-41d8-a28e-aca8cf68c965"}]}
2026-07-15 06:07:16.189 10 INFO neutron.wsgi [None req-09a5c2c3-90b1-42f9-a6f2-bde153bf3553 b74d0f6850a24e4db72747476cff5a28 793826d128cb404e972d2611e7ca6d6f - - default default] 10.0.0.181 "DELETE /v2.0/networks/2040be7f-439c-46df-89ab-5dc465868321 HTTP/1.1" status: 204 len: 168 time: 0.5065491
2026-07-15 06:07:16.251 9 INFO neutron.wsgi [None req-987113ea-e642-47b6-888b-1e16f007cf8e f3a45942619842d5ac091c7675ea4d95 023344c3417b461c8b946866f2b8fdf3 - - default default] 10.0.0.181 "DELETE /v2.0/floatingips/b9afb2c9-e6c5-436f-b700-2fb8295cf178 HTTP/1.1" status: 204 len: 168 time: 0.7617214
2026-07-15 06:07:16.630 10 INFO neutron.wsgi [None req-576a5ed4-05ac-4f16-954e-6cc0dab40443 f3a45942619842d5ac091c7675ea4d95 023344c3417b461c8b946866f2b8fdf3 - - default default] 10.0.0.181 "DELETE /v2.0/floatingips/0504af28-04f6-4d38-8eea-7e0c946afd72 HTTP/1.1" status: 204 len: 168 time: 0.3723879
2026-07-15 06:07:16.872 9 INFO neutron.wsgi [None req-a838a601-4027-4428-ac20-b3ab026136e0 b74d0f6850a24e4db72747476cff5a28 793826d128cb404e972d2611e7ca6d6f - - default default] 10.0.0.119 "GET /v2.0/network-ip-availabilities HTTP/1.1" status: 200 len: 2197 time: 0.1710391
2026-07-15 06:07:17.000 9 INFO neutron.wsgi [None req-52616831-4c9a-486b-a94f-a00de0f7df87 b74d0f6850a24e4db72747476cff5a28 793826d128cb404e972d2611e7ca6d6f - - default default] 10.0.0.119 "GET /v2.0/routers HTTP/1.1" status: 200 len: 1531 time: 0.1262300
2026-07-15 06:07:17.006 10 INFO neutron.wsgi [None req-e110959d-20a5-455a-b3c9-2bb1cf77ec44 f3a45942619842d5ac091c7675ea4d95 023344c3417b461c8b946866f2b8fdf3 - - default default] 10.0.0.181 "DELETE /v2.0/floatingips/a6ed4435-1d2a-4847-af0b-e9ecccf4147e HTTP/1.1" status: 204 len: 168 time: 0.3690326
2026-07-15 06:07:17.016 9 INFO neutron.wsgi [None req-11030ce4-4d9f-457d-8f73-c88727f3039c b74d0f6850a24e4db72747476cff5a28 793826d128cb404e972d2611e7ca6d6f - - default default] 10.0.0.119 "GET /v2.0/agents?binary=ovn-controller HTTP/1.1" status: 200 len: 591 time: 0.0143266
2026-07-15 06:07:17.094 9 INFO neutron.wsgi [None req-5fe65e3e-deca-441b-8fc0-d683774a2276 b74d0f6850a24e4db72747476cff5a28 793826d128cb404e972d2611e7ca6d6f - - default default] 10.0.0.119 "GET /v2.0/subnets HTTP/1.1" status: 200 len: 2731 time: 0.0765424
2026-07-15 06:07:17.147 9 INFO neutron.wsgi [None req-a19fb4a2-5dae-4818-876b-ae35f043a64e b74d0f6850a24e4db72747476cff5a28 793826d128cb404e972d2611e7ca6d6f - - default default] 10.0.0.119 "GET /v2.0/subnetpools HTTP/1.1" status: 200 len: 193 time: 0.0496364
2026-07-15 06:07:17.255 9 INFO neutron.wsgi [None req-41a657a1-d033-4865-a168-edb8afc578e0 b74d0f6850a24e4db72747476cff5a28 793826d128cb404e972d2611e7ca6d6f - - default default] 10.0.0.119 "GET /v2.0/security-groups HTTP/1.1" status: 200 len: 30237 time: 0.1063564
2026-07-15 06:07:17.279 9 INFO neutron.wsgi [None req-15d36814-e85a-42c1-93de-0b897e14b341 b74d0f6850a24e4db72747476cff5a28 793826d128cb404e972d2611e7ca6d6f - - default default] 10.0.0.119 "GET /v2.0/agents HTTP/1.1" status: 200 len: 997 time: 0.0142975
2026-07-15 06:07:17.355 9 INFO neutron.wsgi [None req-ea06f2f9-bc32-4f00-939c-c8750e01a810 b74d0f6850a24e4db72747476cff5a28 793826d128cb404e972d2611e7ca6d6f - - default default] 10.0.0.119 "GET /v2.0/floatingips HTTP/1.1" status: 200 len: 1035 time: 0.0744212
2026-07-15 06:07:17.460 9 INFO neutron.wsgi [None req-6d38eb1c-7bf6-4312-a894-b1f2098b1668 b74d0f6850a24e4db72747476cff5a28 793826d128cb404e972d2611e7ca6d6f - - default default] 10.0.0.119 "GET /v2.0/networks HTTP/1.1" status: 200 len: 3852 time: 0.1040213
2026-07-15 06:07:17.927 9 INFO neutron.wsgi [None req-492e40b8-653c-4bbd-984a-955b3fa0dd7a b74d0f6850a24e4db72747476cff5a28 793826d128cb404e972d2611e7ca6d6f - - default default] 10.0.0.119 "GET /v2.0/subnets HTTP/1.1" status: 200 len: 2731 time: 0.4575531 /var/lib/openstack/lib/python3.10/site-packages/pycadf/identifier.py:71: UserWarning: Invalid uuid: neutron. To ensure interoperability, identifiers should be a valid uuid. warnings.warn(('Invalid uuid: %s. To ensure interoperability, '
2026-07-15 06:07:17.954 9 INFO neutron.wsgi [None req-cd698ecd-da31-4c96-9928-fcfd8d1ed702 b74d0f6850a24e4db72747476cff5a28 793826d128cb404e972d2611e7ca6d6f - - default default] 10.0.0.181 "PUT /v2.0/routers/8b9ba951-7deb-409e-8847-d5c8581ef0a7/remove_router_interface HTTP/1.1" status: 200 len: 503 time: 1.7585397
2026-07-15 06:07:18.016 9 INFO neutron.wsgi [None req-10d5e5fc-2e68-4ecf-b4d8-50c51f9ca6c6 b74d0f6850a24e4db72747476cff5a28 793826d128cb404e972d2611e7ca6d6f - - default default] 10.0.0.119 "GET /v2.0/ports HTTP/1.1" status: 200 len: 12939 time: 0.0854664
2026-07-15 06:07:18.262 10 INFO neutron.db.ovn_revision_numbers_db [None req-817a7a45-6099-46c2-b8ea-6ba715560ef6 b74d0f6850a24e4db72747476cff5a28 793826d128cb404e972d2611e7ca6d6f - - default default] Successfully bumped revision number for resource fd683819-d701-4384-a358-49849598740b (type: security_groups) to 1
2026-07-15 06:07:18.323 10 INFO neutron.db.ovn_revision_numbers_db [None req-817a7a45-6099-46c2-b8ea-6ba715560ef6 b74d0f6850a24e4db72747476cff5a28 793826d128cb404e972d2611e7ca6d6f - - default default] Successfully bumped revision number for resource 4c86d3be-16e1-47e5-8f8a-f8c4b50409e3 (type: security_group_rules) to 0
2026-07-15 06:07:18.341 10 INFO neutron.db.ovn_revision_numbers_db [None req-817a7a45-6099-46c2-b8ea-6ba715560ef6 b74d0f6850a24e4db72747476cff5a28 793826d128cb404e972d2611e7ca6d6f - - default default] Successfully bumped revision number for resource 514fd09e-aaa9-4a54-b901-b6d9dad79cb8 (type: security_group_rules) to 0
2026-07-15 06:07:18.356 10 INFO neutron.db.ovn_revision_numbers_db [None req-817a7a45-6099-46c2-b8ea-6ba715560ef6 b74d0f6850a24e4db72747476cff5a28 793826d128cb404e972d2611e7ca6d6f - - default default] Successfully bumped revision number for resource 754fc923-1a40-4d9f-8e4f-9b6b51a432f1 (type: security_group_rules) to 0
2026-07-15 06:07:18.380 10 INFO neutron.db.ovn_revision_numbers_db [None req-817a7a45-6099-46c2-b8ea-6ba715560ef6 b74d0f6850a24e4db72747476cff5a28 793826d128cb404e972d2611e7ca6d6f - - default default] Successfully bumped revision number for resource 7b1f1d06-340a-4e8b-8039-8b42336e8302 (type: security_group_rules) to 0
2026-07-15 06:07:18.411 10 INFO neutron.wsgi [None req-817a7a45-6099-46c2-b8ea-6ba715560ef6 b74d0f6850a24e4db72747476cff5a28 793826d128cb404e972d2611e7ca6d6f - - default default] 10.0.0.181 "GET /v2.0/security-groups?tenant_id=023344c3417b461c8b946866f2b8fdf3&name=default HTTP/1.1" status: 200 len: 2996 time: 0.5325851
2026-07-15 06:07:18.669 9 INFO neutron.wsgi [None req-b2448770-d308-4354-8b46-507e4e7a093d b74d0f6850a24e4db72747476cff5a28 793826d128cb404e972d2611e7ca6d6f - - default default] 10.0.0.181 "DELETE /v2.0/security-groups/fd683819-d701-4384-a358-49849598740b HTTP/1.1" status: 204 len: 168 time: 0.2499957
2026-07-15 06:07:19.296 10 INFO neutron.wsgi [None req-9ab4d473-eba6-4b00-9eba-594501af5d1f b74d0f6850a24e4db72747476cff5a28 793826d128cb404e972d2611e7ca6d6f - - default default] 10.0.0.181 "DELETE /v2.0/routers/8b9ba951-7deb-409e-8847-d5c8581ef0a7 HTTP/1.1" status: 204 len: 168 time: 1.3352065
2026-07-15 06:07:19.296 10 INFO neutron.db.ovn_revision_numbers_db [None req-622bea71-6e6e-4fab-9da8-4cf583463a50 b74d0f6850a24e4db72747476cff5a28 793826d128cb404e972d2611e7ca6d6f - - default default] Successfully bumped revision number for resource 9f3778ae-efa7-4af4-a784-7fcc82b99e64 (type: security_groups) to 1
2026-07-15 06:07:19.309 10 INFO neutron.db.ovn_revision_numbers_db [None req-622bea71-6e6e-4fab-9da8-4cf583463a50 b74d0f6850a24e4db72747476cff5a28 793826d128cb404e972d2611e7ca6d6f - - default default] Successfully bumped revision number for resource 37d09637-314f-4f47-aad7-9517416ab192 (type: security_group_rules) to 0
2026-07-15 06:07:19.323 10 INFO neutron.db.ovn_revision_numbers_db [None req-622bea71-6e6e-4fab-9da8-4cf583463a50 b74d0f6850a24e4db72747476cff5a28 793826d128cb404e972d2611e7ca6d6f - - default default] Successfully bumped revision number for resource 3aa20a70-1ac0-4020-ab6f-4f90a2ecaa77 (type: security_group_rules) to 0
2026-07-15 06:07:19.337 10 INFO neutron.db.ovn_revision_numbers_db [None req-622bea71-6e6e-4fab-9da8-4cf583463a50 b74d0f6850a24e4db72747476cff5a28 793826d128cb404e972d2611e7ca6d6f - - default default] Successfully bumped revision number for resource 4eda6994-2ee4-4f3f-80b7-9bc9f5db50eb (type: security_group_rules) to 0
2026-07-15 06:07:19.350 10 INFO neutron.db.ovn_revision_numbers_db [None req-622bea71-6e6e-4fab-9da8-4cf583463a50 b74d0f6850a24e4db72747476cff5a28 793826d128cb404e972d2611e7ca6d6f - - default default] Successfully bumped revision number for resource 7a46845b-c66e-4d4f-8635-4e81883267ba (type: security_group_rules) to 0
2026-07-15 06:07:19.374 10 INFO neutron.wsgi [None req-622bea71-6e6e-4fab-9da8-4cf583463a50 b74d0f6850a24e4db72747476cff5a28 793826d128cb404e972d2611e7ca6d6f - - default default] 10.0.0.181 "GET /v2.0/security-groups?tenant_id=48226689572d45c8adfe152dfd79e4d5&name=default HTTP/1.1" status: 200 len: 2996 time: 0.6010022
2026-07-15 06:07:19.542 9 INFO neutron.wsgi [None req-7b747c0b-1289-4e45-95b0-ccbeeae6438c b74d0f6850a24e4db72747476cff5a28 793826d128cb404e972d2611e7ca6d6f - - default default] 10.0.0.181 "DELETE /v2.0/subnets/e1b8d2c7-dd28-4758-b211-d341273ae8b7 HTTP/1.1" status: 204 len: 168 time: 0.2397826
2026-07-15 06:07:19.662 10 INFO neutron.wsgi [None req-39bdfe20-9ba2-494d-874f-7920317cf4bc b74d0f6850a24e4db72747476cff5a28 793826d128cb404e972d2611e7ca6d6f - - default default] 10.0.0.181 "DELETE /v2.0/security-groups/9f3778ae-efa7-4af4-a784-7fcc82b99e64 HTTP/1.1" status: 204 len: 168 time: 0.2820153
2026-07-15 06:07:19.969 10 INFO neutron.db.ovn_revision_numbers_db [None req-94f15dba-df1f-431f-9c4b-473c89326ef0 b74d0f6850a24e4db72747476cff5a28 793826d128cb404e972d2611e7ca6d6f - - default default] Successfully bumped revision number for resource eeb70408-dbaf-4d8e-89f0-9a9c20d15493 (type: security_groups) to 1
2026-07-15 06:07:19.994 10 INFO neutron.db.ovn_revision_numbers_db [None req-94f15dba-df1f-431f-9c4b-473c89326ef0 b74d0f6850a24e4db72747476cff5a28 793826d128cb404e972d2611e7ca6d6f - - default default] Successfully bumped revision number for resource 95016276-cfad-41de-a35c-de9e3c6f8d37 (type: security_group_rules) to 0
2026-07-15 06:07:20.023 10 INFO neutron.db.ovn_revision_numbers_db [None req-94f15dba-df1f-431f-9c4b-473c89326ef0 b74d0f6850a24e4db72747476cff5a28 793826d128cb404e972d2611e7ca6d6f - - default default] Successfully bumped revision number for resource 9ca22c67-f039-4d8f-8f62-50cce98f7dc4 (type: security_group_rules) to 0
2026-07-15 06:07:20.049 10 INFO neutron.db.ovn_revision_numbers_db [None req-94f15dba-df1f-431f-9c4b-473c89326ef0 b74d0f6850a24e4db72747476cff5a28 793826d128cb404e972d2611e7ca6d6f - - default default] Successfully bumped revision number for resource b111a499-6505-469b-99ab-311c67f04c22 (type: security_group_rules) to 0
2026-07-15 06:07:20.060 9 INFO neutron.services.segments.plugin [-] Segment d1c7e585-4d78-4a92-b405-14a556a67e7e resource provider aggregate not found
2026-07-15 06:07:20.067 9 INFO neutron.services.segments.plugin [-] Segment d1c7e585-4d78-4a92-b405-14a556a67e7e resource provider aggregate not found
2026-07-15 06:07:20.087 9 INFO neutron.services.segments.plugin [-] Segment d1c7e585-4d78-4a92-b405-14a556a67e7e resource provider not found; error: Placement Client Error (4xx): {"errors": [{"status": 404, "title": "Not Found", "detail": "The resource could not be found.\n\n No resource provider with uuid d1c7e585-4d78-4a92-b405-14a556a67e7e found for delete ", "request_id": "req-f9212c1d-30ff-4790-898d-92da97d084bd"}]}
2026-07-15 06:07:20.087 10 INFO neutron.db.ovn_revision_numbers_db [None req-94f15dba-df1f-431f-9c4b-473c89326ef0 b74d0f6850a24e4db72747476cff5a28 793826d128cb404e972d2611e7ca6d6f - - default default] Successfully bumped revision number for resource dee4a3d5-7bd8-49f9-9e64-ce265d72f90c (type: security_group_rules) to 0
2026-07-15 06:07:20.088 9 INFO neutron.services.segments.plugin [-] Segment d1c7e585-4d78-4a92-b405-14a556a67e7e resource provider not found; error: Placement Client Error (4xx): {"errors": [{"status": 404, "title": "Not Found", "detail": "The resource could not be found.\n\n No resource provider with uuid d1c7e585-4d78-4a92-b405-14a556a67e7e found for delete ", "request_id": "req-b7f4904e-409b-450a-9e1c-c6222604c38a"}]}
2026-07-15 06:07:20.111 9 INFO neutron.wsgi [None req-8b54d759-9de1-4850-8f77-09640543c903 b74d0f6850a24e4db72747476cff5a28 793826d128cb404e972d2611e7ca6d6f - - default default] 10.0.0.181 "DELETE /v2.0/networks/7485957d-1ab5-45dc-aa46-7336f0cab313 HTTP/1.1" status: 204 len: 168 time: 0.5564499
2026-07-15 06:07:20.121 10 INFO neutron.wsgi [None req-94f15dba-df1f-431f-9c4b-473c89326ef0 b74d0f6850a24e4db72747476cff5a28 793826d128cb404e972d2611e7ca6d6f - - default default] 10.0.0.181 "GET /v2.0/security-groups?tenant_id=73f9032c14b648c692d0859e288dd823&name=default HTTP/1.1" status: 200 len: 2996 time: 0.2852764
2026-07-15 06:07:20.344 10 INFO neutron.wsgi [None req-a87b8491-9fd7-4382-aff9-ff923ad738ce b74d0f6850a24e4db72747476cff5a28 793826d128cb404e972d2611e7ca6d6f - - default default] 10.0.0.181 "DELETE /v2.0/security-groups/eeb70408-dbaf-4d8e-89f0-9a9c20d15493 HTTP/1.1" status: 204 len: 168 time: 0.2140884
2026-07-15 06:07:20.591 9 INFO neutron.wsgi [None req-284ea804-72f1-4138-a331-aea7ecabf690 b74d0f6850a24e4db72747476cff5a28 793826d128cb404e972d2611e7ca6d6f - - default default] 10.0.0.181 "GET /v2.0/security-groups?tenant_id=3627fc2ae5e44311a571f17ed794249c&name=default HTTP/1.1" status: 200 len: 2996 time: 0.0509763
2026-07-15 06:07:20.841 9 INFO neutron.wsgi [None req-4e292c63-2efe-455b-ad68-6264de118316 b74d0f6850a24e4db72747476cff5a28 793826d128cb404e972d2611e7ca6d6f - - default default] 10.0.0.181 "DELETE /v2.0/security-groups/a2127252-0c04-48b8-8a38-3e39621de72d HTTP/1.1" status: 204 len: 168 time: 0.2399685
2026-07-15 06:07:21.085 9 INFO neutron.wsgi [None req-c55aa16e-182c-4018-89a0-4dc4dcf41dfa b74d0f6850a24e4db72747476cff5a28 793826d128cb404e972d2611e7ca6d6f - - default default] 10.0.0.181 "GET /v2.0/security-groups?tenant_id=74620764fab04dd2a99eecd85a8c9869&name=default HTTP/1.1" status: 200 len: 2996 time: 0.0460699
2026-07-15 06:07:21.298 9 INFO neutron.wsgi [None req-894cffc6-ea15-46e5-8b32-6135210e3121 b74d0f6850a24e4db72747476cff5a28 793826d128cb404e972d2611e7ca6d6f - - default default] 10.0.0.181 "DELETE /v2.0/security-groups/14675320-3052-422c-9fbf-963541379ddf HTTP/1.1" status: 204 len: 168 time: 0.2059681
2026-07-15 06:07:23.068 10 INFO neutron.wsgi [req-ef20d3f4-053c-41b4-9e39-9fcaa02b0e1c req-d231714f-48dd-4a54-ad87-8d404180733e f6874e0a7cdd4670a81148cd0d9e005d e1876e7429b34c7381d13da8019991be - - 0c8a729e6dab4f17a284c6fa56afbc8a 0c8a729e6dab4f17a284c6fa56afbc8a] 10.0.0.116 "GET /v2.0/ports?device_id=6d8785c7-8b50-4889-8b80-bd2c10aad764 HTTP/1.1" status: 200 len: 1409 time: 0.0460496
2026-07-15 06:07:23.121 10 INFO neutron.wsgi [req-ef20d3f4-053c-41b4-9e39-9fcaa02b0e1c req-cd889f8d-1439-42c8-baab-bdada9bb807f f6874e0a7cdd4670a81148cd0d9e005d e1876e7429b34c7381d13da8019991be - - 0c8a729e6dab4f17a284c6fa56afbc8a 0c8a729e6dab4f17a284c6fa56afbc8a] 10.0.0.116 "GET /v2.0/security-groups?id=9af5a19b-b360-41ff-86a1-4a5595f6b7af&fields=id&fields=name HTTP/1.1" status: 200 len: 313 time: 0.0467463
2026-07-15 06:07:25.473 9 WARNING neutron_lib.context [None req-723f678a-4ddb-41e2-8992-cedcabdff1cc 1d57743e87d5476289a4f8c09c3f2e11 c8f350c296124927b88fd251d5047cc3 - - default default] Method 'is_advsvc' is deprecated since 2023.2 release (neutron-lib 3.8.0) and will be removed once support for the old RBAC API policies will be removed from Neutron. Please use method 'is_service_role' instead.
2026-07-15 06:07:25.652 9 INFO neutron.db.ovn_revision_numbers_db [None req-723f678a-4ddb-41e2-8992-cedcabdff1cc 1d57743e87d5476289a4f8c09c3f2e11 c8f350c296124927b88fd251d5047cc3 - - default default] Successfully bumped revision number for resource b26b4c29-dda3-48dc-a1a9-75c5872aaf65 (type: security_groups) to 1
2026-07-15 06:07:25.669 9 INFO neutron.db.ovn_revision_numbers_db [None req-723f678a-4ddb-41e2-8992-cedcabdff1cc 1d57743e87d5476289a4f8c09c3f2e11 c8f350c296124927b88fd251d5047cc3 - - default default] Successfully bumped revision number for resource 5eac2344-1ebf-477a-8e59-0fe2001688a2 (type: security_group_rules) to 0
2026-07-15 06:07:25.678 10 INFO neutron.wsgi [None req-21803abb-7d75-48e9-8449-a6f1226ef7c3 ab78b2258bb04c22ba6db3c95d874cfd 27cfb0559bdb47b7a49cbbf8cef7481f - - default default] 10.0.0.181 "GET /v2.0/ports?project_id=4b2371c4cbe84eaabf89af1e172d33d7&network_id=1f140499-2c96-4b08-816f-8ff1089bb765 HTTP/1.1" status: 200 len: 3510 time: 0.0701926
2026-07-15 06:07:25.687 9 INFO neutron.db.ovn_revision_numbers_db [None req-723f678a-4ddb-41e2-8992-cedcabdff1cc 1d57743e87d5476289a4f8c09c3f2e11 c8f350c296124927b88fd251d5047cc3 - - default default] Successfully bumped revision number for resource ea98f96e-4778-4c04-939e-950f5fbfeb47 (type: security_group_rules) to 0
2026-07-15 06:07:25.703 9 INFO neutron.db.ovn_revision_numbers_db [None req-723f678a-4ddb-41e2-8992-cedcabdff1cc 1d57743e87d5476289a4f8c09c3f2e11 c8f350c296124927b88fd251d5047cc3 - - default default] Successfully bumped revision number for resource f611e1a1-624d-41b7-8060-f096cdcafc53 (type: security_group_rules) to 0
2026-07-15 06:07:25.718 9 INFO neutron.db.ovn_revision_numbers_db [None req-723f678a-4ddb-41e2-8992-cedcabdff1cc 1d57743e87d5476289a4f8c09c3f2e11 c8f350c296124927b88fd251d5047cc3 - - default default] Successfully bumped revision number for resource fc3b2c04-91a5-4b21-8399-d8dd1f7b698f (type: security_group_rules) to 0
2026-07-15 06:07:25.823 10 WARNING neutron_lib.context [None req-800fa267-8cf2-4acc-b4fd-4943bd235fe8 26cdc5f24e3f4ed79fcb343d7b3ea378 7b5323c0ad7a4881acc827c83a2b03f7 - - default default] Method 'is_advsvc' is deprecated since 2023.2 release (neutron-lib 3.8.0) and will be removed once support for the old RBAC API policies will be removed from Neutron. Please use method 'is_service_role' instead.
2026-07-15 06:07:25.823 9 INFO neutron.db.ovn_revision_numbers_db [None req-723f678a-4ddb-41e2-8992-cedcabdff1cc 1d57743e87d5476289a4f8c09c3f2e11 c8f350c296124927b88fd251d5047cc3 - - default default] Successfully bumped revision number for resource 32e1480d-4932-44af-a743-70fbafaecd27 (type: security_groups) to 1
2026-07-15 06:07:25.839 9 INFO neutron.db.ovn_revision_numbers_db [None req-723f678a-4ddb-41e2-8992-cedcabdff1cc 1d57743e87d5476289a4f8c09c3f2e11 c8f350c296124927b88fd251d5047cc3 - - default default] Successfully bumped revision number for resource 4b336852-90cd-484a-8cc9-e9136c21eece (type: security_group_rules) to 0
2026-07-15 06:07:25.855 9 INFO neutron.db.ovn_revision_numbers_db [None req-723f678a-4ddb-41e2-8992-cedcabdff1cc 1d57743e87d5476289a4f8c09c3f2e11 c8f350c296124927b88fd251d5047cc3 - - default default] Successfully bumped revision number for resource f85625c8-8a3c-4c3b-bed4-2d4f42a7f931 (type: security_group_rules) to 0
2026-07-15 06:07:25.882 9 INFO neutron.wsgi [None req-723f678a-4ddb-41e2-8992-cedcabdff1cc 1d57743e87d5476289a4f8c09c3f2e11 c8f350c296124927b88fd251d5047cc3 - - default default] 10.0.0.181 "POST /v2.0/security-groups HTTP/1.1" status: 201 len: 1737 time: 0.5972760
2026-07-15 06:07:25.894 10 WARNING neutron_lib.context [None req-32fea42f-a6b8-4079-9afb-ce534b059750 1d57743e87d5476289a4f8c09c3f2e11 c8f350c296124927b88fd251d5047cc3 - - default default] Method 'is_advsvc' is deprecated since 2023.2 release (neutron-lib 3.8.0) and will be removed once support for the old RBAC API policies will be removed from Neutron. Please use method 'is_service_role' instead.
2026-07-15 06:07:25.930 9 INFO neutron.wsgi [None req-05752094-5f14-4c6b-b883-1e001f4c5fa7 ab78b2258bb04c22ba6db3c95d874cfd 27cfb0559bdb47b7a49cbbf8cef7481f - - default default] 10.0.0.181 "GET /v2.0/subnets?network_id=85d8c101-1625-4351-9175-849136598975 HTTP/1.1" status: 200 len: 838 time: 0.0637774
2026-07-15 06:07:25.980 10 INFO neutron.db.ovn_revision_numbers_db [None req-800fa267-8cf2-4acc-b4fd-4943bd235fe8 26cdc5f24e3f4ed79fcb343d7b3ea378 7b5323c0ad7a4881acc827c83a2b03f7 - - default default] Successfully bumped revision number for resource 3127b33e-2053-4604-b258-9d5db86044a2 (type: security_groups) to 1
2026-07-15 06:07:26.003 10 INFO neutron.db.ovn_revision_numbers_db [None req-800fa267-8cf2-4acc-b4fd-4943bd235fe8 26cdc5f24e3f4ed79fcb343d7b3ea378 7b5323c0ad7a4881acc827c83a2b03f7 - - default default] Successfully bumped revision number for resource 066bb7f2-91b6-478a-8915-705470703aba (type: security_group_rules) to 0
2026-07-15 06:07:26.020 10 INFO neutron.db.ovn_revision_numbers_db [None req-800fa267-8cf2-4acc-b4fd-4943bd235fe8 26cdc5f24e3f4ed79fcb343d7b3ea378 7b5323c0ad7a4881acc827c83a2b03f7 - - default default] Successfully bumped revision number for resource 696dbba6-e734-4d40-8cb0-004ae4907716 (type: security_group_rules) to 0
2026-07-15 06:07:26.040 10 INFO neutron.db.ovn_revision_numbers_db [None req-800fa267-8cf2-4acc-b4fd-4943bd235fe8 26cdc5f24e3f4ed79fcb343d7b3ea378 7b5323c0ad7a4881acc827c83a2b03f7 - - default default] Successfully bumped revision number for resource 89c4dc70-bd79-499e-b958-0811c96d3410 (type: security_group_rules) to 0
2026-07-15 06:07:26.041 10 INFO neutron.db.ovn_revision_numbers_db [None req-32fea42f-a6b8-4079-9afb-ce534b059750 1d57743e87d5476289a4f8c09c3f2e11 c8f350c296124927b88fd251d5047cc3 - - default default] Successfully bumped revision number for resource 576600f3-87cf-4f94-afc3-a979f12ebb9b (type: security_groups) to 1
2026-07-15 06:07:26.061 10 INFO neutron.db.ovn_revision_numbers_db [None req-32fea42f-a6b8-4079-9afb-ce534b059750 1d57743e87d5476289a4f8c09c3f2e11 c8f350c296124927b88fd251d5047cc3 - - default default] Successfully bumped revision number for resource 5fb8a6a2-a2d6-4490-bb3a-0bcee80cd531 (type: security_group_rules) to 0
2026-07-15 06:07:26.063 10 INFO neutron.db.ovn_revision_numbers_db [None req-800fa267-8cf2-4acc-b4fd-4943bd235fe8 26cdc5f24e3f4ed79fcb343d7b3ea378 7b5323c0ad7a4881acc827c83a2b03f7 - - default default] Successfully bumped revision number for resource eb2c3ea0-3405-4627-b29c-4451a5fc00e1 (type: security_group_rules) to 0
2026-07-15 06:07:26.097 10 INFO neutron.db.ovn_revision_numbers_db [None req-32fea42f-a6b8-4079-9afb-ce534b059750 1d57743e87d5476289a4f8c09c3f2e11 c8f350c296124927b88fd251d5047cc3 - - default default] Successfully bumped revision number for resource a763647e-9b79-42c1-b925-b193127fcbb0 (type: security_group_rules) to 0
