2026-07-15 06:04:52.729 10 INFO neutron.wsgi [req-01c0d935-6eab-453a-b1a0-549392f31b2d req-d38baa04-7a44-4ca7-9fa2-77c543750ba7 255545052ae5488c903fae7ba3df7433 453b21830b454378ac0bf6bf5a2144b0 - - default default] 199.204.45.116 "POST /v2.0/ports HTTP/1.1" status: 201 len: 1162 time: 0.9284925 /var/lib/openstack/lib/python3.10/site-packages/pycadf/identifier.py:71: UserWarning: Invalid uuid: neutron. To ensure interoperability, identifiers should be a valid uuid. warnings.warn(('Invalid uuid: %s. To ensure interoperability, '
2026-07-15 06:04:52.813 9 INFO neutron.wsgi [req-a30f2be5-a6a0-4c70-802f-64e57960dd89 req-8177a8c8-66ad-409c-a7cc-fcb6919524ff 255545052ae5488c903fae7ba3df7433 453b21830b454378ac0bf6bf5a2144b0 - - default default] 10.0.0.240 "GET /v2.0/ports?device_id=9a17467f-807d-45e1-b811-c571c6f6e5c0 HTTP/1.1" status: 200 len: 1160 time: 0.0454767
2026-07-15 06:04:52.839 10 INFO neutron.db.ovn_revision_numbers_db [req-bab24156-4c5b-4a63-a68e-f1c4b19899aa req-f729a153-5f20-459d-9c28-e6f6724ba3a4 f6874e0a7cdd4670a81148cd0d9e005d e1876e7429b34c7381d13da8019991be - - 0c8a729e6dab4f17a284c6fa56afbc8a 0c8a729e6dab4f17a284c6fa56afbc8a] Successfully bumped revision number for resource 7320c2ee-248a-4139-b17c-199dca70a67c (type: ports) to 2
2026-07-15 06:04:52.868 10 INFO neutron.wsgi [req-bab24156-4c5b-4a63-a68e-f1c4b19899aa req-f729a153-5f20-459d-9c28-e6f6724ba3a4 f6874e0a7cdd4670a81148cd0d9e005d e1876e7429b34c7381d13da8019991be - - 0c8a729e6dab4f17a284c6fa56afbc8a 0c8a729e6dab4f17a284c6fa56afbc8a] 199.204.45.116 "PUT /v2.0/ports/7320c2ee-248a-4139-b17c-199dca70a67c HTTP/1.1" status: 200 len: 1376 time: 0.9992352
2026-07-15 06:04:52.874 9 INFO neutron.wsgi [req-a30f2be5-a6a0-4c70-802f-64e57960dd89 req-ad3bd4b9-7075-420e-9aa5-48e47dbac412 255545052ae5488c903fae7ba3df7433 453b21830b454378ac0bf6bf5a2144b0 - - default default] 10.0.0.240 "GET /v2.0/security-groups?id=cc383c89-a7d3-4663-b310-425ebbd73847&fields=id&fields=name HTTP/1.1" status: 200 len: 286 time: 0.0530446
2026-07-15 06:04:52.930 10 INFO neutron.notifiers.nova [-] Nova event matching ['req-266d75e2-4a69-4d9a-9332-cce15c2c43d2'] response: {'name': 'network-changed', 'server_uuid': '68a81559-8869-40f8-b687-11f702f6946e', 'tag': '7320c2ee-248a-4139-b17c-199dca70a67c', 'status': 'completed', 'code': 200}
2026-07-15 06:04:52.979 10 INFO neutron.wsgi [req-bab24156-4c5b-4a63-a68e-f1c4b19899aa req-c19b409c-c0fc-42ba-87d6-d2c2ab508470 f6874e0a7cdd4670a81148cd0d9e005d e1876e7429b34c7381d13da8019991be - - 0c8a729e6dab4f17a284c6fa56afbc8a 0c8a729e6dab4f17a284c6fa56afbc8a] 199.204.45.116 "GET /v2.0/ports?tenant_id=33f020890d1b4d21bb6790a7730ec19a&device_id=68a81559-8869-40f8-b687-11f702f6946e HTTP/1.1" status: 200 len: 1407 time: 0.0458481
2026-07-15 06:04:53.021 10 INFO neutron.wsgi [req-bab24156-4c5b-4a63-a68e-f1c4b19899aa req-f31668df-e2ff-463d-ad56-e2fbebabd7b1 f6874e0a7cdd4670a81148cd0d9e005d e1876e7429b34c7381d13da8019991be - - 0c8a729e6dab4f17a284c6fa56afbc8a 0c8a729e6dab4f17a284c6fa56afbc8a] 199.204.45.116 "GET /v2.0/floatingips?fixed_ip_address=10.100.0.7&port_id=7320c2ee-248a-4139-b17c-199dca70a67c HTTP/1.1" status: 200 len: 217 time: 0.0328784
2026-07-15 06:04:53.069 10 INFO neutron.wsgi [req-bab24156-4c5b-4a63-a68e-f1c4b19899aa req-62bcfc4d-b3c0-49ce-90f1-6d7420387bdf f6874e0a7cdd4670a81148cd0d9e005d e1876e7429b34c7381d13da8019991be - - 0c8a729e6dab4f17a284c6fa56afbc8a 0c8a729e6dab4f17a284c6fa56afbc8a] 199.204.45.116 "GET /v2.0/subnets?id=e6eda66d-3c56-4993-b49e-52effe8c2566 HTTP/1.1" status: 200 len: 862 time: 0.0406549
2026-07-15 06:04:53.097 9 INFO neutron.wsgi [req-bea4d045-a508-43d4-bf2f-9f831b013812 req-f03b181f-d56f-4575-afdc-4453f7542bfb f1c8757dcb294a8981ca55e96e3431cc 33f020890d1b4d21bb6790a7730ec19a - - default default] 10.0.0.240 "GET /v2.0/ports?device_id=68a81559-8869-40f8-b687-11f702f6946e HTTP/1.1" status: 200 len: 1168 time: 0.0546765
2026-07-15 06:04:53.099 10 INFO neutron.wsgi [req-bab24156-4c5b-4a63-a68e-f1c4b19899aa req-631ed89f-64b1-4056-a402-c57a951f632a f6874e0a7cdd4670a81148cd0d9e005d e1876e7429b34c7381d13da8019991be - - 0c8a729e6dab4f17a284c6fa56afbc8a 0c8a729e6dab4f17a284c6fa56afbc8a] 199.204.45.116 "GET /v2.0/ports?network_id=559653d2-4505-4db3-8a74-4b6e5038469c&device_owner=network%3Adhcp HTTP/1.1" status: 200 len: 210 time: 0.0210199
2026-07-15 06:04:53.152 9 INFO neutron.wsgi [req-bea4d045-a508-43d4-bf2f-9f831b013812 req-91f30747-ec62-4d39-9a5c-089782cd3664 f1c8757dcb294a8981ca55e96e3431cc 33f020890d1b4d21bb6790a7730ec19a - - default default] 10.0.0.240 "GET /v2.0/security-groups?id=399002d9-d70d-4d96-948e-19ddd7f5504f&fields=id&fields=name HTTP/1.1" status: 200 len: 312 time: 0.0433655
2026-07-15 06:04:53.197 10 INFO neutron.wsgi [req-bab24156-4c5b-4a63-a68e-f1c4b19899aa req-c78858b1-b608-410b-9c86-14a83ea67388 f6874e0a7cdd4670a81148cd0d9e005d e1876e7429b34c7381d13da8019991be - - 0c8a729e6dab4f17a284c6fa56afbc8a 0c8a729e6dab4f17a284c6fa56afbc8a] 199.204.45.116 "GET /v2.0/networks/559653d2-4505-4db3-8a74-4b6e5038469c?fields=segments HTTP/1.1" status: 200 len: 212 time: 0.0884514
2026-07-15 06:04:53.273 10 INFO neutron.wsgi [req-bab24156-4c5b-4a63-a68e-f1c4b19899aa req-7716fcea-09e6-42a3-a8a5-c10396842740 f6874e0a7cdd4670a81148cd0d9e005d e1876e7429b34c7381d13da8019991be - - 0c8a729e6dab4f17a284c6fa56afbc8a 0c8a729e6dab4f17a284c6fa56afbc8a] 199.204.45.116 "GET /v2.0/networks/559653d2-4505-4db3-8a74-4b6e5038469c?fields=provider%3Aphysical_network&fields=provider%3Anetwork_type HTTP/1.1" status: 200 len: 277 time: 0.0695748 /var/lib/openstack/lib/python3.10/site-packages/pycadf/identifier.py:71: UserWarning: Invalid uuid: neutron. To ensure interoperability, identifiers should be a valid uuid. warnings.warn(('Invalid uuid: %s. To ensure interoperability, '
2026-07-15 06:04:53.389 10 INFO neutron.wsgi [req-f3a89f65-f914-4e6c-8e3d-24d7fb57b8c3 req-ba4da702-68fd-4666-a4a1-6460444cdbb3 f6874e0a7cdd4670a81148cd0d9e005d e1876e7429b34c7381d13da8019991be - - 0c8a729e6dab4f17a284c6fa56afbc8a 0c8a729e6dab4f17a284c6fa56afbc8a] 199.204.45.116 "GET /v2.0/ports?tenant_id=33f020890d1b4d21bb6790a7730ec19a&device_id=68a81559-8869-40f8-b687-11f702f6946e HTTP/1.1" status: 200 len: 1407 time: 0.0638099
2026-07-15 06:04:53.410 10 INFO neutron.db.ovn_revision_numbers_db [req-01c0d935-6eab-453a-b1a0-549392f31b2d req-c98da970-ee97-4166-a16d-00876e2b34cd f6874e0a7cdd4670a81148cd0d9e005d e1876e7429b34c7381d13da8019991be - - 0c8a729e6dab4f17a284c6fa56afbc8a 0c8a729e6dab4f17a284c6fa56afbc8a] Successfully bumped revision number for resource 7e0686c8-c15a-4144-925b-f1917c26a087 (type: ports) to 2
2026-07-15 06:04:53.470 10 INFO neutron.wsgi [req-f3a89f65-f914-4e6c-8e3d-24d7fb57b8c3 req-63a79ccd-2ce9-4267-a1fe-5fdac1d244b9 f6874e0a7cdd4670a81148cd0d9e005d e1876e7429b34c7381d13da8019991be - - 0c8a729e6dab4f17a284c6fa56afbc8a 0c8a729e6dab4f17a284c6fa56afbc8a] 199.204.45.116 "GET /v2.0/networks?id=559653d2-4505-4db3-8a74-4b6e5038469c HTTP/1.1" status: 200 len: 967 time: 0.0746808
2026-07-15 06:04:53.493 9 INFO neutron.plugins.ml2.drivers.ovn.mech_driver.mech_driver [None req-90dd9e58-103f-4dbc-b23f-33cab62070df - - - - - -] OVN reports status up for port: 7320c2ee-248a-4139-b17c-199dca70a67c
2026-07-15 06:04:53.506 10 INFO neutron.wsgi [req-f3a89f65-f914-4e6c-8e3d-24d7fb57b8c3 req-c5b381d8-65bf-4857-a0e2-ef7ece31344d f6874e0a7cdd4670a81148cd0d9e005d e1876e7429b34c7381d13da8019991be - - 0c8a729e6dab4f17a284c6fa56afbc8a 0c8a729e6dab4f17a284c6fa56afbc8a] 199.204.45.116 "GET /v2.0/floatingips?fixed_ip_address=10.100.0.7&port_id=7320c2ee-248a-4139-b17c-199dca70a67c HTTP/1.1" status: 200 len: 217 time: 0.0309587
2026-07-15 06:04:53.520 9 INFO neutron.plugins.ml2.plugin [None req-90dd9e58-103f-4dbc-b23f-33cab62070df - - - - - -] Attempt 1 to provision port 7320c2ee-248a-4139-b17c-199dca70a67c
2026-07-15 06:04:53.547 10 INFO neutron.wsgi [req-f3a89f65-f914-4e6c-8e3d-24d7fb57b8c3 req-a17588a9-8ceb-4cc5-b3e0-598da774fa9b f6874e0a7cdd4670a81148cd0d9e005d e1876e7429b34c7381d13da8019991be - - 0c8a729e6dab4f17a284c6fa56afbc8a 0c8a729e6dab4f17a284c6fa56afbc8a] 199.204.45.116 "GET /v2.0/subnets?id=e6eda66d-3c56-4993-b49e-52effe8c2566 HTTP/1.1" status: 200 len: 862 time: 0.0350149
2026-07-15 06:04:53.601 10 INFO neutron.wsgi [req-f3a89f65-f914-4e6c-8e3d-24d7fb57b8c3 req-4f219c95-4e49-446e-8cba-c892d4e1a095 f6874e0a7cdd4670a81148cd0d9e005d e1876e7429b34c7381d13da8019991be - - 0c8a729e6dab4f17a284c6fa56afbc8a 0c8a729e6dab4f17a284c6fa56afbc8a] 199.204.45.116 "GET /v2.0/ports?network_id=559653d2-4505-4db3-8a74-4b6e5038469c&device_owner=network%3Adhcp HTTP/1.1" status: 200 len: 210 time: 0.0470481
2026-07-15 06:04:53.689 10 INFO neutron.wsgi [req-f3a89f65-f914-4e6c-8e3d-24d7fb57b8c3 req-9c996800-64fc-430e-a77a-c5506681802d f6874e0a7cdd4670a81148cd0d9e005d e1876e7429b34c7381d13da8019991be - - 0c8a729e6dab4f17a284c6fa56afbc8a 0c8a729e6dab4f17a284c6fa56afbc8a] 199.204.45.116 "GET /v2.0/networks/559653d2-4505-4db3-8a74-4b6e5038469c?fields=segments HTTP/1.1" status: 200 len: 212 time: 0.0823305
2026-07-15 06:04:53.699 9 INFO neutron.notifiers.nova [-] Nova event matching ['req-033dbb1d-02a7-45fb-905c-67f26ee4dc8c'] response: {'server_uuid': '68a81559-8869-40f8-b687-11f702f6946e', 'name': 'network-vif-plugged', 'status': 'completed', 'tag': '7320c2ee-248a-4139-b17c-199dca70a67c', 'code': 200} /var/lib/openstack/lib/python3.10/site-packages/pycadf/identifier.py:71: UserWarning: Invalid uuid: neutron. To ensure interoperability, identifiers should be a valid uuid. warnings.warn(('Invalid uuid: %s. To ensure interoperability, '
2026-07-15 06:04:53.781 10 INFO neutron.wsgi [req-f3a89f65-f914-4e6c-8e3d-24d7fb57b8c3 req-e40ec12f-3548-48b1-b3f6-8df5b93bfc0c f6874e0a7cdd4670a81148cd0d9e005d e1876e7429b34c7381d13da8019991be - - 0c8a729e6dab4f17a284c6fa56afbc8a 0c8a729e6dab4f17a284c6fa56afbc8a] 199.204.45.116 "GET /v2.0/networks/559653d2-4505-4db3-8a74-4b6e5038469c?fields=provider%3Aphysical_network&fields=provider%3Anetwork_type HTTP/1.1" status: 200 len: 277 time: 0.0818923
2026-07-15 06:04:53.785 10 INFO neutron.db.ovn_revision_numbers_db [req-01c0d935-6eab-453a-b1a0-549392f31b2d req-c98da970-ee97-4166-a16d-00876e2b34cd f6874e0a7cdd4670a81148cd0d9e005d e1876e7429b34c7381d13da8019991be - - 0c8a729e6dab4f17a284c6fa56afbc8a 0c8a729e6dab4f17a284c6fa56afbc8a] Successfully bumped revision number for resource 7e0686c8-c15a-4144-925b-f1917c26a087 (type: ports) to 2
2026-07-15 06:04:53.808 10 INFO neutron.wsgi [req-01c0d935-6eab-453a-b1a0-549392f31b2d req-c98da970-ee97-4166-a16d-00876e2b34cd f6874e0a7cdd4670a81148cd0d9e005d e1876e7429b34c7381d13da8019991be - - 0c8a729e6dab4f17a284c6fa56afbc8a 0c8a729e6dab4f17a284c6fa56afbc8a] 199.204.45.116 "PUT /v2.0/ports/7e0686c8-c15a-4144-925b-f1917c26a087 HTTP/1.1" status: 200 len: 1380 time: 1.0641830
2026-07-15 06:04:53.901 10 INFO neutron.wsgi [req-01c0d935-6eab-453a-b1a0-549392f31b2d req-2a8dc5af-d90d-4339-941b-d9cf8cf0160c f6874e0a7cdd4670a81148cd0d9e005d e1876e7429b34c7381d13da8019991be - - 0c8a729e6dab4f17a284c6fa56afbc8a 0c8a729e6dab4f17a284c6fa56afbc8a] 199.204.45.116 "GET /v2.0/ports?tenant_id=453b21830b454378ac0bf6bf5a2144b0&device_id=9a17467f-807d-45e1-b811-c571c6f6e5c0 HTTP/1.1" status: 200 len: 1411 time: 0.0532677
2026-07-15 06:04:53.937 10 INFO neutron.wsgi [req-01c0d935-6eab-453a-b1a0-549392f31b2d req-efcf65a0-c46f-46be-9fdc-8b290a08fbe3 f6874e0a7cdd4670a81148cd0d9e005d e1876e7429b34c7381d13da8019991be - - 0c8a729e6dab4f17a284c6fa56afbc8a 0c8a729e6dab4f17a284c6fa56afbc8a] 199.204.45.116 "GET /v2.0/floatingips?fixed_ip_address=10.100.0.14&port_id=7e0686c8-c15a-4144-925b-f1917c26a087 HTTP/1.1" status: 200 len: 217 time: 0.0249076
2026-07-15 06:04:53.953 9 INFO neutron.db.ovn_revision_numbers_db [None req-90dd9e58-103f-4dbc-b23f-33cab62070df - - - - - -] Successfully bumped revision number for resource 7320c2ee-248a-4139-b17c-199dca70a67c (type: ports) to 4
2026-07-15 06:04:53.977 10 INFO neutron.wsgi [req-01c0d935-6eab-453a-b1a0-549392f31b2d req-2960c747-04ff-49b4-bd9a-c9fba52e2da8 f6874e0a7cdd4670a81148cd0d9e005d e1876e7429b34c7381d13da8019991be - - 0c8a729e6dab4f17a284c6fa56afbc8a 0c8a729e6dab4f17a284c6fa56afbc8a] 199.204.45.116 "GET /v2.0/subnets?id=ed3d1719-aeaf-4b91-a027-205f53f98bd6 HTTP/1.1" status: 200 len: 870 time: 0.0347397
2026-07-15 06:04:54.005 10 INFO neutron.wsgi [req-01c0d935-6eab-453a-b1a0-549392f31b2d req-8044f90e-7890-4d2c-b4be-d8527a18a6d8 f6874e0a7cdd4670a81148cd0d9e005d e1876e7429b34c7381d13da8019991be - - 0c8a729e6dab4f17a284c6fa56afbc8a 0c8a729e6dab4f17a284c6fa56afbc8a] 199.204.45.116 "GET /v2.0/ports?network_id=3f8dcc0b-647a-4f31-a304-097072bb32e8&device_owner=network%3Adhcp HTTP/1.1" status: 200 len: 210 time: 0.0220473
2026-07-15 06:04:54.025 9 INFO neutron.wsgi [req-951e9d46-cc89-44a6-aead-e7e1253ca131 req-61f7e871-601e-4370-9418-eaf16385187b 255545052ae5488c903fae7ba3df7433 453b21830b454378ac0bf6bf5a2144b0 - - default default] 10.0.0.240 "GET /v2.0/ports?device_id=9a17467f-807d-45e1-b811-c571c6f6e5c0 HTTP/1.1" status: 200 len: 1172 time: 0.0761254
2026-07-15 06:04:54.095 9 INFO neutron.wsgi [req-77c9cdaf-01c5-410e-adf7-4e8d70352b7b req-70a228cf-e737-48ad-91b4-4f05db874df4 5d4ab65dc0444805955eeed521cede77 63bc865daf3e47a599fe84ad6a88665b - - default default] 10.0.0.240 "GET /v2.0/ports?device_id=16103bef-8344-4661-a759-dc6f1fb4a91b HTTP/1.1" status: 200 len: 1174 time: 0.1785719
2026-07-15 06:04:54.101 10 INFO neutron.wsgi [req-01c0d935-6eab-453a-b1a0-549392f31b2d req-18ecdb7d-a370-4c4b-bb47-6b623e8b0d14 f6874e0a7cdd4670a81148cd0d9e005d e1876e7429b34c7381d13da8019991be - - 0c8a729e6dab4f17a284c6fa56afbc8a 0c8a729e6dab4f17a284c6fa56afbc8a] 199.204.45.116 "GET /v2.0/networks/3f8dcc0b-647a-4f31-a304-097072bb32e8?fields=segments HTTP/1.1" status: 200 len: 212 time: 0.0890510 /var/lib/openstack/lib/python3.10/site-packages/pycadf/identifier.py:71: UserWarning: Invalid uuid: neutron. To ensure interoperability, identifiers should be a valid uuid. warnings.warn(('Invalid uuid: %s. To ensure interoperability, '
2026-07-15 06:04:54.121 9 INFO neutron.wsgi [req-951e9d46-cc89-44a6-aead-e7e1253ca131 req-bff3ec42-4b61-47e5-adf3-8474f5eb9cd7 255545052ae5488c903fae7ba3df7433 453b21830b454378ac0bf6bf5a2144b0 - - default default] 10.0.0.240 "GET /v2.0/security-groups?id=cc383c89-a7d3-4663-b310-425ebbd73847&fields=id&fields=name HTTP/1.1" status: 200 len: 286 time: 0.0885496
2026-07-15 06:04:54.171 9 INFO neutron.wsgi [req-77c9cdaf-01c5-410e-adf7-4e8d70352b7b req-82ad3ad3-aa8c-441c-aa5d-76b4bf9a3d73 5d4ab65dc0444805955eeed521cede77 63bc865daf3e47a599fe84ad6a88665b - - default default] 10.0.0.240 "GET /v2.0/security-groups?id=fa9f2109-9968-4fd7-b968-a7d3b4b43a16&fields=id&fields=name HTTP/1.1" status: 200 len: 312 time: 0.0688717
2026-07-15 06:04:54.180 10 INFO neutron.wsgi [req-01c0d935-6eab-453a-b1a0-549392f31b2d req-ab6e7161-9e3a-40d4-b94b-91ce06b03e8b f6874e0a7cdd4670a81148cd0d9e005d e1876e7429b34c7381d13da8019991be - - 0c8a729e6dab4f17a284c6fa56afbc8a 0c8a729e6dab4f17a284c6fa56afbc8a] 199.204.45.116 "GET /v2.0/networks/3f8dcc0b-647a-4f31-a304-097072bb32e8?fields=provider%3Aphysical_network&fields=provider%3Anetwork_type HTTP/1.1" status: 200 len: 277 time: 0.0722880
2026-07-15 06:04:54.284 9 INFO neutron.wsgi [req-d8dadb8b-1d65-46c0-a146-40e90aa2bb57 req-54ab6037-a2fc-4316-aea4-c3a60466472f f1c8757dcb294a8981ca55e96e3431cc 33f020890d1b4d21bb6790a7730ec19a - - default default] 10.0.0.240 "GET /v2.0/ports?device_id=68a81559-8869-40f8-b687-11f702f6946e HTTP/1.1" status: 200 len: 1170 time: 0.0569398
2026-07-15 06:04:54.304 9 INFO neutron.wsgi [req-c0d68823-34fc-412c-bf39-64f9d0ccaff8 req-1aaf90e4-27fe-42b9-b4a9-524dbe2e8aa1 5d4ab65dc0444805955eeed521cede77 63bc865daf3e47a599fe84ad6a88665b - - default default] 10.0.0.240 "GET /v2.0/ports?device_id=16103bef-8344-4661-a759-dc6f1fb4a91b HTTP/1.1" status: 200 len: 1174 time: 0.0474231
2026-07-15 06:04:54.351 9 INFO neutron.wsgi [req-d8dadb8b-1d65-46c0-a146-40e90aa2bb57 req-3824699d-4640-4204-bf7e-46077c91d84d f1c8757dcb294a8981ca55e96e3431cc 33f020890d1b4d21bb6790a7730ec19a - - default default] 10.0.0.240 "GET /v2.0/security-groups?id=399002d9-d70d-4d96-948e-19ddd7f5504f&fields=id&fields=name HTTP/1.1" status: 200 len: 312 time: 0.0601480
2026-07-15 06:04:54.358 9 INFO neutron.wsgi [req-c0d68823-34fc-412c-bf39-64f9d0ccaff8 req-fcea536c-e762-4960-8274-f0789ad10b2e 5d4ab65dc0444805955eeed521cede77 63bc865daf3e47a599fe84ad6a88665b - - default default] 10.0.0.240 "GET /v2.0/security-groups?id=fa9f2109-9968-4fd7-b968-a7d3b4b43a16&fields=id&fields=name HTTP/1.1" status: 200 len: 312 time: 0.0470765
2026-07-15 06:04:54.926 9 INFO neutron.wsgi [req-a4eb08fc-6f4a-4ded-a909-2d63a9ba100e req-b6f3757a-bf65-4a0e-a2bd-834c36ce4012 5d4ab65dc0444805955eeed521cede77 63bc865daf3e47a599fe84ad6a88665b - - default default] 10.0.0.240 "GET /v2.0/ports?device_id=16103bef-8344-4661-a759-dc6f1fb4a91b HTTP/1.1" status: 200 len: 1174 time: 0.0408270
2026-07-15 06:04:54.969 10 INFO neutron.notifiers.nova [-] Nova event matching ['req-c2f85321-42c1-4dfa-a4fb-56b876da825c'] response: {'name': 'network-changed', 'server_uuid': '9a17467f-807d-45e1-b811-c571c6f6e5c0', 'tag': '7e0686c8-c15a-4144-925b-f1917c26a087', 'status': 'completed', 'code': 200}
2026-07-15 06:04:54.978 9 INFO neutron.wsgi [req-a4eb08fc-6f4a-4ded-a909-2d63a9ba100e req-fea6c7ff-84a4-4a2d-8209-3f34c10b29c5 5d4ab65dc0444805955eeed521cede77 63bc865daf3e47a599fe84ad6a88665b - - default default] 10.0.0.240 "GET /v2.0/security-groups?id=fa9f2109-9968-4fd7-b968-a7d3b4b43a16&fields=id&fields=name HTTP/1.1" status: 200 len: 312 time: 0.0454245
2026-07-15 06:04:55.039 10 INFO neutron.wsgi [req-01ae7286-2acf-4f87-ae6c-880d64d4e82e req-9e1efd26-7be7-45f9-8413-84626b328a2b f6874e0a7cdd4670a81148cd0d9e005d e1876e7429b34c7381d13da8019991be - - 0c8a729e6dab4f17a284c6fa56afbc8a 0c8a729e6dab4f17a284c6fa56afbc8a] 199.204.45.116 "GET /v2.0/ports?tenant_id=63bc865daf3e47a599fe84ad6a88665b&device_id=16103bef-8344-4661-a759-dc6f1fb4a91b HTTP/1.1" status: 200 len: 1413 time: 0.0635934
2026-07-15 06:04:55.053 10 INFO neutron.wsgi [req-beb66c14-642f-4f41-8abd-a2685458ddb4 req-10f364be-6bcc-4d37-8d43-b731cad49a8e f6874e0a7cdd4670a81148cd0d9e005d e1876e7429b34c7381d13da8019991be - - 0c8a729e6dab4f17a284c6fa56afbc8a 0c8a729e6dab4f17a284c6fa56afbc8a] 199.204.45.116 "GET /v2.0/ports?tenant_id=453b21830b454378ac0bf6bf5a2144b0&device_id=9a17467f-807d-45e1-b811-c571c6f6e5c0 HTTP/1.1" status: 200 len: 1411 time: 0.0516477
2026-07-15 06:04:55.145 10 INFO neutron.wsgi [req-beb66c14-642f-4f41-8abd-a2685458ddb4 req-c0fd4210-0dae-4b7b-990f-ff704b1273ab f6874e0a7cdd4670a81148cd0d9e005d e1876e7429b34c7381d13da8019991be - - 0c8a729e6dab4f17a284c6fa56afbc8a 0c8a729e6dab4f17a284c6fa56afbc8a] 199.204.45.116 "GET /v2.0/networks?id=3f8dcc0b-647a-4f31-a304-097072bb32e8 HTTP/1.1" status: 200 len: 975 time: 0.0823631
2026-07-15 06:04:55.155 10 INFO neutron.wsgi [req-01ae7286-2acf-4f87-ae6c-880d64d4e82e req-2aa69eab-43d1-4609-bf7f-51b5b578ad86 f6874e0a7cdd4670a81148cd0d9e005d e1876e7429b34c7381d13da8019991be - - 0c8a729e6dab4f17a284c6fa56afbc8a 0c8a729e6dab4f17a284c6fa56afbc8a] 199.204.45.116 "GET /v2.0/networks?id=1cd9fbc4-2894-4840-8b07-6f5fbacd0cf7 HTTP/1.1" status: 200 len: 974 time: 0.1086314
2026-07-15 06:04:55.182 10 INFO neutron.wsgi [req-beb66c14-642f-4f41-8abd-a2685458ddb4 req-0749762b-86f3-4d20-9538-2820219caad9 f6874e0a7cdd4670a81148cd0d9e005d e1876e7429b34c7381d13da8019991be - - 0c8a729e6dab4f17a284c6fa56afbc8a 0c8a729e6dab4f17a284c6fa56afbc8a] 199.204.45.116 "GET /v2.0/floatingips?fixed_ip_address=10.100.0.14&port_id=7e0686c8-c15a-4144-925b-f1917c26a087 HTTP/1.1" status: 200 len: 217 time: 0.0315669
2026-07-15 06:04:55.232 10 INFO neutron.wsgi [req-01ae7286-2acf-4f87-ae6c-880d64d4e82e req-cd81b41e-071d-4b31-9ca1-954cf579d7af f6874e0a7cdd4670a81148cd0d9e005d e1876e7429b34c7381d13da8019991be - - 0c8a729e6dab4f17a284c6fa56afbc8a 0c8a729e6dab4f17a284c6fa56afbc8a] 199.204.45.116 "GET /v2.0/floatingips?fixed_ip_address=10.100.0.10&port_id=8d9bca55-6327-436d-8388-d4c343f693ef HTTP/1.1" status: 200 len: 1060 time: 0.0696075
2026-07-15 06:04:55.251 10 INFO neutron.wsgi [req-beb66c14-642f-4f41-8abd-a2685458ddb4 req-17a97b65-129a-4ce4-ae91-7963cb31dafc f6874e0a7cdd4670a81148cd0d9e005d e1876e7429b34c7381d13da8019991be - - 0c8a729e6dab4f17a284c6fa56afbc8a 0c8a729e6dab4f17a284c6fa56afbc8a] 199.204.45.116 "GET /v2.0/subnets?id=ed3d1719-aeaf-4b91-a027-205f53f98bd6 HTTP/1.1" status: 200 len: 870 time: 0.0501442
2026-07-15 06:04:55.285 10 INFO neutron.wsgi [req-01ae7286-2acf-4f87-ae6c-880d64d4e82e req-de5ca06d-a932-45f5-acaa-6039a348dae9 f6874e0a7cdd4670a81148cd0d9e005d e1876e7429b34c7381d13da8019991be - - 0c8a729e6dab4f17a284c6fa56afbc8a 0c8a729e6dab4f17a284c6fa56afbc8a] 199.204.45.116 "GET /v2.0/subnets?id=9bbf5b06-e4cc-4bf7-a094-aa8f06616608 HTTP/1.1" status: 200 len: 869 time: 0.0473173
2026-07-15 06:04:55.287 10 INFO neutron.wsgi [req-beb66c14-642f-4f41-8abd-a2685458ddb4 req-37e1d5fd-11b9-4d96-95bc-5beb993d4e3a f6874e0a7cdd4670a81148cd0d9e005d e1876e7429b34c7381d13da8019991be - - 0c8a729e6dab4f17a284c6fa56afbc8a 0c8a729e6dab4f17a284c6fa56afbc8a] 199.204.45.116 "GET /v2.0/ports?network_id=3f8dcc0b-647a-4f31-a304-097072bb32e8&device_owner=network%3Adhcp HTTP/1.1" status: 200 len: 210 time: 0.0277038
2026-07-15 06:04:55.329 10 INFO neutron.wsgi [req-01ae7286-2acf-4f87-ae6c-880d64d4e82e req-32cf3533-b7dc-4602-aa49-f28fc31e8a06 f6874e0a7cdd4670a81148cd0d9e005d e1876e7429b34c7381d13da8019991be - - 0c8a729e6dab4f17a284c6fa56afbc8a 0c8a729e6dab4f17a284c6fa56afbc8a] 199.204.45.116 "GET /v2.0/ports?network_id=1cd9fbc4-2894-4840-8b07-6f5fbacd0cf7&device_owner=network%3Adhcp HTTP/1.1" status: 200 len: 210 time: 0.0307713
2026-07-15 06:04:55.353 9 INFO neutron.wsgi [req-ac6caa4f-f493-4c10-9000-41d77099c064 req-a55d6e12-8e41-4873-a33a-eba923fa9ad5 255545052ae5488c903fae7ba3df7433 453b21830b454378ac0bf6bf5a2144b0 - - default default] 10.0.0.240 "GET /v2.0/ports?device_id=9a17467f-807d-45e1-b811-c571c6f6e5c0 HTTP/1.1" status: 200 len: 1172 time: 0.1400836
2026-07-15 06:04:55.381 9 INFO neutron.wsgi [req-ad350cf3-13fb-4f51-a95a-8242a5f53422 req-c795baa0-c85c-4c3e-bf97-2a429d0563fb f985aa3010194e83b70008b6d7670d86 1833f64013694363a973c43391d4eeb5 - - default default] 10.0.0.240 "GET /v2.0/ports?device_id=8366399a-de97-4b37-97cc-d2dfb860d8bd HTTP/1.1" status: 200 len: 1170 time: 0.1349072
2026-07-15 06:04:55.386 10 INFO neutron.wsgi [req-beb66c14-642f-4f41-8abd-a2685458ddb4 req-08c1e7cd-2fcc-4d4e-94d8-6877567116d2 f6874e0a7cdd4670a81148cd0d9e005d e1876e7429b34c7381d13da8019991be - - 0c8a729e6dab4f17a284c6fa56afbc8a 0c8a729e6dab4f17a284c6fa56afbc8a] 199.204.45.116 "GET /v2.0/networks/3f8dcc0b-647a-4f31-a304-097072bb32e8?fields=segments HTTP/1.1" status: 200 len: 212 time: 0.0863893
2026-07-15 06:04:55.423 10 INFO neutron.wsgi [req-01ae7286-2acf-4f87-ae6c-880d64d4e82e req-ae16d53e-712d-4913-9834-1f6ef9527044 f6874e0a7cdd4670a81148cd0d9e005d e1876e7429b34c7381d13da8019991be - - 0c8a729e6dab4f17a284c6fa56afbc8a 0c8a729e6dab4f17a284c6fa56afbc8a] 199.204.45.116 "GET /v2.0/networks/1cd9fbc4-2894-4840-8b07-6f5fbacd0cf7?fields=segments HTTP/1.1" status: 200 len: 212 time: 0.0818062
2026-07-15 06:04:55.434 9 INFO neutron.wsgi [req-ac6caa4f-f493-4c10-9000-41d77099c064 req-19090820-5633-4066-b2a6-afb426d1e053 255545052ae5488c903fae7ba3df7433 453b21830b454378ac0bf6bf5a2144b0 - - default default] 10.0.0.240 "GET /v2.0/security-groups?id=cc383c89-a7d3-4663-b310-425ebbd73847&fields=id&fields=name HTTP/1.1" status: 200 len: 286 time: 0.0727143
2026-07-15 06:04:55.488 9 INFO neutron.wsgi [req-8fff6ae8-2f69-4e9c-9a17-598a132ba354 req-946145d5-0f01-4d43-862f-24a89056c226 f985aa3010194e83b70008b6d7670d86 1833f64013694363a973c43391d4eeb5 - - default default] 10.0.0.240 "GET /v2.0/ports/809b46d5-c4d8-4abe-93bc-58d717ef282c HTTP/1.1" status: 200 len: 1167 time: 0.0407257
2026-07-15 06:04:55.502 10 INFO neutron.wsgi [req-beb66c14-642f-4f41-8abd-a2685458ddb4 req-64b65c22-0cf9-4dc2-b945-64ce0e19bc86 f6874e0a7cdd4670a81148cd0d9e005d e1876e7429b34c7381d13da8019991be - - 0c8a729e6dab4f17a284c6fa56afbc8a 0c8a729e6dab4f17a284c6fa56afbc8a] 199.204.45.116 "GET /v2.0/networks/3f8dcc0b-647a-4f31-a304-097072bb32e8?fields=provider%3Aphysical_network&fields=provider%3Anetwork_type HTTP/1.1" status: 200 len: 277 time: 0.1062818
2026-07-15 06:04:55.513 10 INFO neutron.wsgi [req-01ae7286-2acf-4f87-ae6c-880d64d4e82e req-63149d14-ce0c-4b2a-b163-efee4e8f30b6 f6874e0a7cdd4670a81148cd0d9e005d e1876e7429b34c7381d13da8019991be - - 0c8a729e6dab4f17a284c6fa56afbc8a 0c8a729e6dab4f17a284c6fa56afbc8a] 199.204.45.116 "GET /v2.0/networks/1cd9fbc4-2894-4840-8b07-6f5fbacd0cf7?fields=provider%3Aphysical_network&fields=provider%3Anetwork_type HTTP/1.1" status: 200 len: 277 time: 0.0832424
2026-07-15 06:04:55.627 9 INFO neutron.wsgi [req-18e4b12d-1a1d-4f81-ac02-7fecdf67b0fe req-0925cd23-1ce0-45af-a7ca-7754d62e78de f1c8757dcb294a8981ca55e96e3431cc 33f020890d1b4d21bb6790a7730ec19a - - default default] 10.0.0.240 "GET /v2.0/ports?device_id=68a81559-8869-40f8-b687-11f702f6946e HTTP/1.1" status: 200 len: 1170 time: 0.1340609
2026-07-15 06:04:55.684 9 INFO neutron.wsgi [req-18e4b12d-1a1d-4f81-ac02-7fecdf67b0fe req-43f7eab7-8856-4577-9b70-b6d3c21811de f1c8757dcb294a8981ca55e96e3431cc 33f020890d1b4d21bb6790a7730ec19a - - default default] 10.0.0.240 "GET /v2.0/security-groups?id=399002d9-d70d-4d96-948e-19ddd7f5504f&fields=id&fields=name HTTP/1.1" status: 200 len: 312 time: 0.0521338
2026-07-15 06:04:55.728 10 INFO neutron.wsgi [req-7e1b5007-3a9c-4683-a4f7-82e039ad2c3d req-1174d263-76e5-43f8-a76b-1a1a77f4f2f6 f985aa3010194e83b70008b6d7670d86 1833f64013694363a973c43391d4eeb5 - - default default] 199.204.45.116 "GET /v2.0/subnets?network_id=3c151412-f467-4ff5-be17-d8b88db604d7 HTTP/1.1" status: 200 len: 859 time: 0.0619385
2026-07-15 06:04:55.749 9 INFO neutron.notifiers.nova [-] Nova event matching ['req-fb967c5d-edad-4c42-8dd1-81812b54ea4c'] response: {'server_uuid': '68a81559-8869-40f8-b687-11f702f6946e', 'name': 'network-vif-plugged', 'status': 'completed', 'tag': '7320c2ee-248a-4139-b17c-199dca70a67c', 'code': 200}
2026-07-15 06:04:55.810 9 INFO neutron.wsgi [req-8cdecb8f-7775-496b-af40-448f3305bb51 req-a8d4420d-b39f-4fc2-b92d-297787370649 f1c8757dcb294a8981ca55e96e3431cc 33f020890d1b4d21bb6790a7730ec19a - - default default] 10.0.0.240 "GET /v2.0/ports?device_id=68a81559-8869-40f8-b687-11f702f6946e HTTP/1.1" status: 200 len: 1170 time: 0.0454383
2026-07-15 06:04:56.109 9 INFO neutron.wsgi [req-ee0cd9cf-1e14-4243-a6ec-df48f27a8913 req-8811b5bd-5f7c-43f5-bc20-6b6d266769d2 5d4ab65dc0444805955eeed521cede77 63bc865daf3e47a599fe84ad6a88665b - - default default] 10.0.0.240 "GET /v2.0/ports?device_id=16103bef-8344-4661-a759-dc6f1fb4a91b HTTP/1.1" status: 200 len: 1174 time: 0.0654738
2026-07-15 06:04:56.119 10 INFO neutron.wsgi [req-7e1b5007-3a9c-4683-a4f7-82e039ad2c3d req-05d9896b-dd6e-49ce-9505-cc5dbdcefa55 f985aa3010194e83b70008b6d7670d86 1833f64013694363a973c43391d4eeb5 - - default default] 199.204.45.116 "GET /v2.0/ports?device_id=8366399a-de97-4b37-97cc-d2dfb860d8bd&device_owner=compute%3Anova&network_id=3c151412-f467-4ff5-be17-d8b88db604d7 HTTP/1.1" status: 200 len: 1170 time: 0.3845465
2026-07-15 06:04:56.168 9 INFO neutron.wsgi [req-ee0cd9cf-1e14-4243-a6ec-df48f27a8913 req-d3e89d7e-1f12-4404-b330-c012907725a9 5d4ab65dc0444805955eeed521cede77 63bc865daf3e47a599fe84ad6a88665b - - default default] 10.0.0.240 "GET /v2.0/security-groups?id=fa9f2109-9968-4fd7-b968-a7d3b4b43a16&fields=id&fields=name HTTP/1.1" status: 200 len: 312 time: 0.0438128
2026-07-15 06:04:56.169 9 INFO neutron.db.l3_db [None req-c06b0263-e447-42c7-b107-c34bfd8e1952 f1c8757dcb294a8981ca55e96e3431cc 33f020890d1b4d21bb6790a7730ec19a - - default default] Floating IP 06026102-e526-484e-b03b-85c5cc66443d associated. External IP: 10.96.250.219, port: 7320c2ee-248a-4139-b17c-199dca70a67c.
2026-07-15 06:04:56.730 10 INFO neutron.db.ovn_revision_numbers_db [req-7e1b5007-3a9c-4683-a4f7-82e039ad2c3d req-a85a7e51-c109-438f-b04d-fa5282093552 f985aa3010194e83b70008b6d7670d86 1833f64013694363a973c43391d4eeb5 - - default default] Successfully bumped revision number for resource 809b46d5-c4d8-4abe-93bc-58d717ef282c (type: ports) to 5
2026-07-15 06:04:56.733 9 INFO neutron.wsgi [req-c732f5a9-70cb-4d80-8067-546a626ce42e req-ff57d764-5e43-4718-b1db-3d7975acb694 255545052ae5488c903fae7ba3df7433 453b21830b454378ac0bf6bf5a2144b0 - - default default] 10.0.0.240 "GET /v2.0/ports?device_id=9a17467f-807d-45e1-b811-c571c6f6e5c0 HTTP/1.1" status: 200 len: 1172 time: 0.0723722
2026-07-15 06:04:56.744 10 INFO neutron.wsgi [req-7e1b5007-3a9c-4683-a4f7-82e039ad2c3d req-a85a7e51-c109-438f-b04d-fa5282093552 f985aa3010194e83b70008b6d7670d86 1833f64013694363a973c43391d4eeb5 - - default default] 199.204.45.116 "PUT /v2.0/ports/809b46d5-c4d8-4abe-93bc-58d717ef282c HTTP/1.1" status: 200 len: 1349 time: 0.6190720
2026-07-15 06:04:56.761 9 INFO neutron.db.ovn_revision_numbers_db [None req-c06b0263-e447-42c7-b107-c34bfd8e1952 f1c8757dcb294a8981ca55e96e3431cc 33f020890d1b4d21bb6790a7730ec19a - - default default] Successfully bumped revision number for resource 06026102-e526-484e-b03b-85c5cc66443d (type: floatingips) to 1 /var/lib/openstack/lib/python3.10/site-packages/pycadf/identifier.py:71: UserWarning: Invalid uuid: neutron. To ensure interoperability, identifiers should be a valid uuid. warnings.warn(('Invalid uuid: %s. To ensure interoperability, '
2026-07-15 06:04:56.790 9 INFO neutron.wsgi [req-c732f5a9-70cb-4d80-8067-546a626ce42e req-6fd091c7-bd34-48e4-8e86-21addd190b66 255545052ae5488c903fae7ba3df7433 453b21830b454378ac0bf6bf5a2144b0 - - default default] 10.0.0.240 "GET /v2.0/security-groups?id=cc383c89-a7d3-4663-b310-425ebbd73847&fields=id&fields=name HTTP/1.1" status: 200 len: 286 time: 0.0509846
2026-07-15 06:04:56.816 10 INFO neutron.wsgi [req-7e1b5007-3a9c-4683-a4f7-82e039ad2c3d req-2f2af40c-c45b-427e-948a-f14c343607e2 f6874e0a7cdd4670a81148cd0d9e005d e1876e7429b34c7381d13da8019991be - - 0c8a729e6dab4f17a284c6fa56afbc8a 0c8a729e6dab4f17a284c6fa56afbc8a] 199.204.45.116 "GET /v2.0/ports?tenant_id=1833f64013694363a973c43391d4eeb5&device_id=8366399a-de97-4b37-97cc-d2dfb860d8bd HTTP/1.1" status: 200 len: 1590 time: 0.0389714
2026-07-15 06:04:56.887 10 INFO neutron.wsgi [req-7e1b5007-3a9c-4683-a4f7-82e039ad2c3d req-0b851a05-6edb-44b8-a516-78b97925d177 f6874e0a7cdd4670a81148cd0d9e005d e1876e7429b34c7381d13da8019991be - - 0c8a729e6dab4f17a284c6fa56afbc8a 0c8a729e6dab4f17a284c6fa56afbc8a] 199.204.45.116 "GET /v2.0/networks?id=3c151412-f467-4ff5-be17-d8b88db604d7 HTTP/1.1" status: 200 len: 981 time: 0.0652959
2026-07-15 06:04:56.906 9 INFO neutron.db.ovn_revision_numbers_db [None req-c06b0263-e447-42c7-b107-c34bfd8e1952 f1c8757dcb294a8981ca55e96e3431cc 33f020890d1b4d21bb6790a7730ec19a - - default default] Successfully bumped revision number for resource 06026102-e526-484e-b03b-85c5cc66443d (type: floatingips) to 2
2026-07-15 06:04:56.927 10 INFO neutron.wsgi [req-7e1b5007-3a9c-4683-a4f7-82e039ad2c3d req-7db4062f-e703-40c6-87e1-fa901ffc2c01 f6874e0a7cdd4670a81148cd0d9e005d e1876e7429b34c7381d13da8019991be - - 0c8a729e6dab4f17a284c6fa56afbc8a 0c8a729e6dab4f17a284c6fa56afbc8a] 199.204.45.116 "GET /v2.0/floatingips?fixed_ip_address=10.100.0.13&port_id=809b46d5-c4d8-4abe-93bc-58d717ef282c HTTP/1.1" status: 200 len: 217 time: 0.0300453
2026-07-15 06:04:56.933 9 INFO neutron.wsgi [None req-c06b0263-e447-42c7-b107-c34bfd8e1952 f1c8757dcb294a8981ca55e96e3431cc 33f020890d1b4d21bb6790a7730ec19a - - default default] 10.0.0.181 "PUT /v2.0/floatingips/06026102-e526-484e-b03b-85c5cc66443d HTTP/1.1" status: 200 len: 1049 time: 1.1077542
2026-07-15 06:04:56.989 10 INFO neutron.wsgi [req-7e1b5007-3a9c-4683-a4f7-82e039ad2c3d req-c0ad061d-e57a-4b8d-9f2d-14c4281a94c7 f6874e0a7cdd4670a81148cd0d9e005d e1876e7429b34c7381d13da8019991be - - 0c8a729e6dab4f17a284c6fa56afbc8a 0c8a729e6dab4f17a284c6fa56afbc8a] 199.204.45.116 "GET /v2.0/floatingips?fixed_ip_address=10.100.0.8&port_id=809b46d5-c4d8-4abe-93bc-58d717ef282c HTTP/1.1" status: 200 len: 1059 time: 0.0571454
2026-07-15 06:04:57.012 10 INFO neutron.notifiers.nova [-] Nova event matching ['req-1919c302-4a47-4469-9b1a-999ada91c864'] response: {'name': 'network-changed', 'server_uuid': '8366399a-de97-4b37-97cc-d2dfb860d8bd', 'tag': '809b46d5-c4d8-4abe-93bc-58d717ef282c', 'status': 'completed', 'code': 200}
2026-07-15 06:04:57.026 9 INFO neutron.wsgi [req-d7149dec-db19-4df2-87a7-6c248e6f6878 req-5df3388e-2f68-4740-9689-2f98c4d9b053 f1c8757dcb294a8981ca55e96e3431cc 33f020890d1b4d21bb6790a7730ec19a - - default default] 10.0.0.240 "GET /v2.0/ports?device_id=68a81559-8869-40f8-b687-11f702f6946e HTTP/1.1" status: 200 len: 1170 time: 0.0502810
2026-07-15 06:04:57.054 10 INFO neutron.wsgi [req-7e1b5007-3a9c-4683-a4f7-82e039ad2c3d req-4fab1410-5d7a-4192-9576-cd98a76373fc f6874e0a7cdd4670a81148cd0d9e005d e1876e7429b34c7381d13da8019991be - - 0c8a729e6dab4f17a284c6fa56afbc8a 0c8a729e6dab4f17a284c6fa56afbc8a] 199.204.45.116 "GET /v2.0/subnets?id=e38a6823-a4f6-4405-afd2-b00c6c9cbe2a HTTP/1.1" status: 200 len: 877 time: 0.0592978
2026-07-15 06:04:57.087 10 INFO neutron.wsgi [req-7e1b5007-3a9c-4683-a4f7-82e039ad2c3d req-e2a40dca-cc47-4580-9831-84507932ad27 f6874e0a7cdd4670a81148cd0d9e005d e1876e7429b34c7381d13da8019991be - - 0c8a729e6dab4f17a284c6fa56afbc8a 0c8a729e6dab4f17a284c6fa56afbc8a] 199.204.45.116 "GET /v2.0/ports?network_id=3c151412-f467-4ff5-be17-d8b88db604d7&device_owner=network%3Adhcp HTTP/1.1" status: 200 len: 210 time: 0.0255406
2026-07-15 06:04:57.092 9 INFO neutron.wsgi [req-d7149dec-db19-4df2-87a7-6c248e6f6878 req-5873a286-3acc-4ab7-9015-69555aa51b8a f1c8757dcb294a8981ca55e96e3431cc 33f020890d1b4d21bb6790a7730ec19a - - default default] 10.0.0.240 "GET /v2.0/security-groups?id=399002d9-d70d-4d96-948e-19ddd7f5504f&fields=id&fields=name HTTP/1.1" status: 200 len: 312 time: 0.0583944
2026-07-15 06:04:57.153 10 WARNING neutron.plugins.ml2.drivers.ovn.mech_driver.ovsdb.ovn_client [None req-80fc0f6d-713c-4715-9cb0-d8a907150370 - - - - - -] No hosting information found for port fd2c5713-833a-495d-bc73-d42e045e5373: RuntimeError: No hosting information found for port fd2c5713-833a-495d-bc73-d42e045e5373
2026-07-15 06:04:57.153 10 INFO neutron.plugins.ml2.drivers.ovn.mech_driver.mech_driver [None req-80fc0f6d-713c-4715-9cb0-d8a907150370 - - - - - -] OVN reports status up for port: 7e0686c8-c15a-4144-925b-f1917c26a087
2026-07-15 06:04:57.177 10 INFO neutron.plugins.ml2.plugin [None req-80fc0f6d-713c-4715-9cb0-d8a907150370 - - - - - -] Attempt 1 to provision port 7e0686c8-c15a-4144-925b-f1917c26a087
2026-07-15 06:04:57.203 10 INFO neutron.wsgi [req-7e1b5007-3a9c-4683-a4f7-82e039ad2c3d req-0b398d24-ec55-49e8-bb95-9a7714322c99 f6874e0a7cdd4670a81148cd0d9e005d e1876e7429b34c7381d13da8019991be - - 0c8a729e6dab4f17a284c6fa56afbc8a 0c8a729e6dab4f17a284c6fa56afbc8a] 199.204.45.116 "GET /v2.0/networks/3c151412-f467-4ff5-be17-d8b88db604d7?fields=segments HTTP/1.1" status: 200 len: 212 time: 0.1038647
2026-07-15 06:04:57.288 10 INFO neutron.wsgi [req-7e1b5007-3a9c-4683-a4f7-82e039ad2c3d req-62246ca3-efc0-4c86-bda5-54054f34fcf0 f6874e0a7cdd4670a81148cd0d9e005d e1876e7429b34c7381d13da8019991be - - 0c8a729e6dab4f17a284c6fa56afbc8a 0c8a729e6dab4f17a284c6fa56afbc8a] 199.204.45.116 "GET /v2.0/networks/3c151412-f467-4ff5-be17-d8b88db604d7?fields=provider%3Aphysical_network&fields=provider%3Anetwork_type HTTP/1.1" status: 200 len: 277 time: 0.0790124
2026-07-15 06:04:57.292 9 INFO neutron.wsgi [req-8803055b-1ef6-4553-87a0-badbda662232 req-ad666145-b98b-48ca-a9f4-ac095d8a1979 5d4ab65dc0444805955eeed521cede77 63bc865daf3e47a599fe84ad6a88665b - - default default] 10.0.0.240 "GET /v2.0/ports?device_id=16103bef-8344-4661-a759-dc6f1fb4a91b HTTP/1.1" status: 200 len: 1174 time: 0.0460818
2026-07-15 06:04:57.339 9 INFO neutron.wsgi [req-8803055b-1ef6-4553-87a0-badbda662232 req-bd86bce6-ad0b-415b-9368-b446c2b2341b 5d4ab65dc0444805955eeed521cede77 63bc865daf3e47a599fe84ad6a88665b - - default default] 10.0.0.240 "GET /v2.0/security-groups?id=fa9f2109-9968-4fd7-b968-a7d3b4b43a16&fields=id&fields=name HTTP/1.1" status: 200 len: 312 time: 0.0382373
2026-07-15 06:04:57.420 10 INFO neutron.wsgi [req-9dd5879a-4784-4fdf-ac8c-30b6a4288f34 req-89108c88-fa78-47b8-92ed-38ec26eedfe1 f6874e0a7cdd4670a81148cd0d9e005d e1876e7429b34c7381d13da8019991be - - 0c8a729e6dab4f17a284c6fa56afbc8a 0c8a729e6dab4f17a284c6fa56afbc8a] 199.204.45.116 "GET /v2.0/ports?tenant_id=1833f64013694363a973c43391d4eeb5&device_id=8366399a-de97-4b37-97cc-d2dfb860d8bd HTTP/1.1" status: 200 len: 1590 time: 0.0590842
2026-07-15 06:04:57.499 9 INFO neutron.plugins.ml2.drivers.ovn.mech_driver.mech_driver [None req-90dd9e58-103f-4dbc-b23f-33cab62070df - - - - - -] OVN reports status down for port: 7320c2ee-248a-4139-b17c-199dca70a67c
2026-07-15 06:04:57.543 10 INFO neutron.wsgi [req-9dd5879a-4784-4fdf-ac8c-30b6a4288f34 req-61ed1d6e-a7d7-4c97-8004-6020028fa639 f6874e0a7cdd4670a81148cd0d9e005d e1876e7429b34c7381d13da8019991be - - 0c8a729e6dab4f17a284c6fa56afbc8a 0c8a729e6dab4f17a284c6fa56afbc8a] 199.204.45.116 "GET /v2.0/networks?id=3c151412-f467-4ff5-be17-d8b88db604d7 HTTP/1.1" status: 200 len: 981 time: 0.1120911
2026-07-15 06:04:57.566 9 INFO neutron.wsgi [req-fdbb2634-df30-4b8f-97da-f067142f1352 req-367f1b79-74c4-4e4f-bc1a-2c5bcedba0eb f1c8757dcb294a8981ca55e96e3431cc 33f020890d1b4d21bb6790a7730ec19a - - default default] 10.0.0.240 "GET /v2.0/ports?device_id=68a81559-8869-40f8-b687-11f702f6946e HTTP/1.1" status: 200 len: 1170 time: 0.0882924
2026-07-15 06:04:57.578 10 INFO neutron.wsgi [req-9dd5879a-4784-4fdf-ac8c-30b6a4288f34 req-01d8b3a0-5cab-472a-83fe-647668e4b3a0 f6874e0a7cdd4670a81148cd0d9e005d e1876e7429b34c7381d13da8019991be - - 0c8a729e6dab4f17a284c6fa56afbc8a 0c8a729e6dab4f17a284c6fa56afbc8a] 199.204.45.116 "GET /v2.0/floatingips?fixed_ip_address=10.100.0.13&port_id=809b46d5-c4d8-4abe-93bc-58d717ef282c HTTP/1.1" status: 200 len: 217 time: 0.0289266
2026-07-15 06:04:57.625 9 INFO neutron.wsgi [req-fdbb2634-df30-4b8f-97da-f067142f1352 req-f939642a-9fcc-4e74-b7f1-9222adc92839 f1c8757dcb294a8981ca55e96e3431cc 33f020890d1b4d21bb6790a7730ec19a - - default default] 10.0.0.240 "GET /v2.0/security-groups?id=399002d9-d70d-4d96-948e-19ddd7f5504f&fields=id&fields=name HTTP/1.1" status: 200 len: 312 time: 0.0473287
2026-07-15 06:04:57.665 10 INFO neutron.wsgi [req-9dd5879a-4784-4fdf-ac8c-30b6a4288f34 req-bf16992f-d60b-4821-b4ae-8bdfcfb38f9b f6874e0a7cdd4670a81148cd0d9e005d e1876e7429b34c7381d13da8019991be - - 0c8a729e6dab4f17a284c6fa56afbc8a 0c8a729e6dab4f17a284c6fa56afbc8a] 199.204.45.116 "GET /v2.0/floatingips?fixed_ip_address=10.100.0.8&port_id=809b46d5-c4d8-4abe-93bc-58d717ef282c HTTP/1.1" status: 200 len: 1059 time: 0.0800800
2026-07-15 06:04:57.700 10 INFO neutron.db.ovn_revision_numbers_db [None req-80fc0f6d-713c-4715-9cb0-d8a907150370 - - - - - -] Successfully bumped revision number for resource 7e0686c8-c15a-4144-925b-f1917c26a087 (type: ports) to 4
2026-07-15 06:04:57.747 10 INFO neutron.wsgi [req-9dd5879a-4784-4fdf-ac8c-30b6a4288f34 req-ba1b9e9d-8637-4910-bfef-f5f936ddd4d9 f6874e0a7cdd4670a81148cd0d9e005d e1876e7429b34c7381d13da8019991be - - 0c8a729e6dab4f17a284c6fa56afbc8a 0c8a729e6dab4f17a284c6fa56afbc8a] 199.204.45.116 "GET /v2.0/subnets?id=e38a6823-a4f6-4405-afd2-b00c6c9cbe2a HTTP/1.1" status: 200 len: 877 time: 0.0746033
2026-07-15 06:04:57.776 10 INFO neutron.plugins.ml2.drivers.ovn.mech_driver.mech_driver [None req-80fc0f6d-713c-4715-9cb0-d8a907150370 - - - - - -] OVN reports status down for port: 8d9bca55-6327-436d-8388-d4c343f693ef
2026-07-15 06:04:57.803 10 INFO neutron.wsgi [req-9dd5879a-4784-4fdf-ac8c-30b6a4288f34 req-4a6fc444-5b99-47a0-839e-2de44d13ad67 f6874e0a7cdd4670a81148cd0d9e005d e1876e7429b34c7381d13da8019991be - - 0c8a729e6dab4f17a284c6fa56afbc8a 0c8a729e6dab4f17a284c6fa56afbc8a] 199.204.45.116 "GET /v2.0/ports?network_id=3c151412-f467-4ff5-be17-d8b88db604d7&device_owner=network%3Adhcp HTTP/1.1" status: 200 len: 210 time: 0.0435534
2026-07-15 06:04:57.807 9 INFO neutron.notifiers.nova [-] Nova event matching ['req-1cf8ea18-d9fa-4bc6-8af3-9990dd0bb5e0'] response: {'name': 'network-changed', 'server_uuid': '68a81559-8869-40f8-b687-11f702f6946e', 'tag': '7320c2ee-248a-4139-b17c-199dca70a67c', 'status': 'completed', 'code': 200}
2026-07-15 06:04:57.807 9 INFO neutron.notifiers.nova [-] Nova event matching ['req-1cf8ea18-d9fa-4bc6-8af3-9990dd0bb5e0'] response: {'server_uuid': '68a81559-8869-40f8-b687-11f702f6946e', 'name': 'network-vif-unplugged', 'status': 'completed', 'tag': '7320c2ee-248a-4139-b17c-199dca70a67c', 'code': 200} /var/lib/openstack/lib/python3.10/site-packages/pycadf/identifier.py:71: UserWarning: Invalid uuid: neutron. To ensure interoperability, identifiers should be a valid uuid. warnings.warn(('Invalid uuid: %s. To ensure interoperability, '
2026-07-15 06:04:57.878 9 INFO neutron.wsgi [req-828324a3-4480-480e-8a8b-ccb34f12d7bf req-c83bdcaf-85c7-4a6a-82d1-57880bdc934a f985aa3010194e83b70008b6d7670d86 1833f64013694363a973c43391d4eeb5 - - default default] 10.0.0.240 "GET /v2.0/ports?device_id=8366399a-de97-4b37-97cc-d2dfb860d8bd HTTP/1.1" status: 200 len: 1352 time: 0.0597467
2026-07-15 06:04:57.936 10 INFO neutron.wsgi [req-947019e7-6d1e-4a63-ba17-abc513410645 req-9a6176d6-a534-4959-b256-75af49b5149b f6874e0a7cdd4670a81148cd0d9e005d e1876e7429b34c7381d13da8019991be - - 0c8a729e6dab4f17a284c6fa56afbc8a 0c8a729e6dab4f17a284c6fa56afbc8a] 199.204.45.116 "GET /v2.0/ports?tenant_id=33f020890d1b4d21bb6790a7730ec19a&device_id=68a81559-8869-40f8-b687-11f702f6946e HTTP/1.1" status: 200 len: 1407 time: 0.0998735
2026-07-15 06:04:57.936 9 INFO neutron.wsgi [req-548e7ad6-9c82-4135-a71f-082e07029585 req-c9be14c0-1816-469a-afef-652c0d0c4ca0 255545052ae5488c903fae7ba3df7433 453b21830b454378ac0bf6bf5a2144b0 - - default default] 10.0.0.240 "GET /v2.0/ports?device_id=9a17467f-807d-45e1-b811-c571c6f6e5c0 HTTP/1.1" status: 200 len: 1174 time: 0.0675147
2026-07-15 06:04:57.958 10 INFO neutron.wsgi [req-9dd5879a-4784-4fdf-ac8c-30b6a4288f34 req-1d842fd7-83b8-487e-90b7-bf14aaef26c9 f6874e0a7cdd4670a81148cd0d9e005d e1876e7429b34c7381d13da8019991be - - 0c8a729e6dab4f17a284c6fa56afbc8a 0c8a729e6dab4f17a284c6fa56afbc8a] 199.204.45.116 "GET /v2.0/networks/3c151412-f467-4ff5-be17-d8b88db604d7?fields=segments HTTP/1.1" status: 200 len: 212 time: 0.1458857
2026-07-15 06:04:57.975 9 INFO neutron.wsgi [req-828324a3-4480-480e-8a8b-ccb34f12d7bf req-d36c2c78-3130-4c72-b479-cb7aa00b7deb f985aa3010194e83b70008b6d7670d86 1833f64013694363a973c43391d4eeb5 - - default default] 10.0.0.240 "GET /v2.0/security-groups?id=d24ab26e-b59b-4534-b483-de5ae645261d&fields=id&fields=name HTTP/1.1" status: 200 len: 312 time: 0.0864234
2026-07-15 06:04:57.979 9 INFO neutron.db.ovn_revision_numbers_db [None req-90dd9e58-103f-4dbc-b23f-33cab62070df - - - - - -] Successfully bumped revision number for resource 7320c2ee-248a-4139-b17c-199dca70a67c (type: ports) to 5
2026-07-15 06:04:58.018 9 INFO neutron.wsgi [req-548e7ad6-9c82-4135-a71f-082e07029585 req-f33f5b3e-ed97-4d1d-9225-75f873acaa1d 255545052ae5488c903fae7ba3df7433 453b21830b454378ac0bf6bf5a2144b0 - - default default] 10.0.0.240 "GET /v2.0/security-groups?id=cc383c89-a7d3-4663-b310-425ebbd73847&fields=id&fields=name HTTP/1.1" status: 200 len: 286 time: 0.0678720
2026-07-15 06:04:58.075 10 INFO neutron.wsgi [req-8359dab2-4a70-4497-9c42-0e6cd107855d req-5842ae62-eff3-438d-abf7-788299b36966 f1c8757dcb294a8981ca55e96e3431cc 33f020890d1b4d21bb6790a7730ec19a - - default default] 199.204.45.116 "GET /v2.0/ports?device_id=68a81559-8869-40f8-b687-11f702f6946e HTTP/1.1" status: 200 len: 1168 time: 0.2315910
2026-07-15 06:04:58.097 10 INFO neutron.wsgi [req-947019e7-6d1e-4a63-ba17-abc513410645 req-ec6f645c-74a2-44bc-bf12-80a384dbbb84 f6874e0a7cdd4670a81148cd0d9e005d e1876e7429b34c7381d13da8019991be - - 0c8a729e6dab4f17a284c6fa56afbc8a 0c8a729e6dab4f17a284c6fa56afbc8a] 199.204.45.116 "GET /v2.0/networks?id=559653d2-4505-4db3-8a74-4b6e5038469c HTTP/1.1" status: 200 len: 967 time: 0.1522326
2026-07-15 06:04:58.136 10 INFO neutron.wsgi [req-9dd5879a-4784-4fdf-ac8c-30b6a4288f34 req-cfe1e144-9dab-4b9e-8029-343ff635fad1 f6874e0a7cdd4670a81148cd0d9e005d e1876e7429b34c7381d13da8019991be - - 0c8a729e6dab4f17a284c6fa56afbc8a 0c8a729e6dab4f17a284c6fa56afbc8a] 199.204.45.116 "GET /v2.0/networks/3c151412-f467-4ff5-be17-d8b88db604d7?fields=provider%3Aphysical_network&fields=provider%3Anetwork_type HTTP/1.1" status: 200 len: 277 time: 0.1654510
2026-07-15 06:04:58.221 10 INFO neutron.wsgi [req-947019e7-6d1e-4a63-ba17-abc513410645 req-98afcf1f-f830-4554-9e88-1634fa14da2a f6874e0a7cdd4670a81148cd0d9e005d e1876e7429b34c7381d13da8019991be - - 0c8a729e6dab4f17a284c6fa56afbc8a 0c8a729e6dab4f17a284c6fa56afbc8a] 199.204.45.116 "GET /v2.0/floatingips?fixed_ip_address=10.100.0.7&port_id=7320c2ee-248a-4139-b17c-199dca70a67c HTTP/1.1" status: 200 len: 1057 time: 0.1141825
2026-07-15 06:04:58.255 10 INFO neutron.wsgi [req-6b8b3e50-467b-46e0-9c1d-039f0545792c req-7d29cd94-90ea-4a21-ae79-b2fd8aa4d742 f985aa3010194e83b70008b6d7670d86 1833f64013694363a973c43391d4eeb5 - - default default] 199.204.45.116 "GET /v2.0/ports?device_id=8366399a-de97-4b37-97cc-d2dfb860d8bd&device_owner=compute%3Anova&fixed_ips=ip_address%3D10.100.0.13 HTTP/1.1" status: 200 len: 1352 time: 0.0880346
2026-07-15 06:04:58.321 10 INFO neutron.wsgi [req-947019e7-6d1e-4a63-ba17-abc513410645 req-ec1c3f86-9e4a-4b7a-b6b2-c00254edff40 f6874e0a7cdd4670a81148cd0d9e005d e1876e7429b34c7381d13da8019991be - - 0c8a729e6dab4f17a284c6fa56afbc8a 0c8a729e6dab4f17a284c6fa56afbc8a] 199.204.45.116 "GET /v2.0/subnets?id=e6eda66d-3c56-4993-b49e-52effe8c2566 HTTP/1.1" status: 200 len: 862 time: 0.0888865
2026-07-15 06:04:58.656 10 INFO neutron.wsgi [req-947019e7-6d1e-4a63-ba17-abc513410645 req-2d1853f1-73ad-48d2-9a37-9aefb122d61a f6874e0a7cdd4670a81148cd0d9e005d e1876e7429b34c7381d13da8019991be - - 0c8a729e6dab4f17a284c6fa56afbc8a 0c8a729e6dab4f17a284c6fa56afbc8a] 199.204.45.116 "GET /v2.0/ports?network_id=559653d2-4505-4db3-8a74-4b6e5038469c&device_owner=network%3Adhcp HTTP/1.1" status: 200 len: 210 time: 0.3216596 /var/lib/openstack/lib/python3.10/site-packages/pycadf/identifier.py:71: UserWarning: Invalid uuid: neutron. To ensure interoperability, identifiers should be a valid uuid. warnings.warn(('Invalid uuid: %s. To ensure interoperability, '
2026-07-15 06:04:58.772 9 INFO neutron.wsgi [req-a8477b46-1175-40ec-8194-3a1f3dc9bcb5 req-27ba475a-9f3b-488d-82ed-76f99950ec25 f1c8757dcb294a8981ca55e96e3431cc 33f020890d1b4d21bb6790a7730ec19a - - default default] 10.0.0.240 "GET /v2.0/ports?device_id=68a81559-8869-40f8-b687-11f702f6946e HTTP/1.1" status: 200 len: 1168 time: 0.0594301
2026-07-15 06:04:58.794 10 INFO neutron.wsgi [req-947019e7-6d1e-4a63-ba17-abc513410645 req-6e9ef161-fdce-479d-8849-63b5171e219b f6874e0a7cdd4670a81148cd0d9e005d e1876e7429b34c7381d13da8019991be - - 0c8a729e6dab4f17a284c6fa56afbc8a 0c8a729e6dab4f17a284c6fa56afbc8a] 199.204.45.116 "GET /v2.0/networks/559653d2-4505-4db3-8a74-4b6e5038469c?fields=segments HTTP/1.1" status: 200 len: 212 time: 0.1321013
2026-07-15 06:04:58.832 9 INFO neutron.wsgi [req-a8477b46-1175-40ec-8194-3a1f3dc9bcb5 req-9afab5db-e7ab-4d62-a025-dbe657842bae f1c8757dcb294a8981ca55e96e3431cc 33f020890d1b4d21bb6790a7730ec19a - - default default] 10.0.0.240 "GET /v2.0/security-groups?id=399002d9-d70d-4d96-948e-19ddd7f5504f&fields=id&fields=name HTTP/1.1" status: 200 len: 312 time: 0.0512037
2026-07-15 06:04:58.834 10 INFO neutron.db.ovn_revision_numbers_db [None req-80fc0f6d-713c-4715-9cb0-d8a907150370 - - - - - -] Successfully bumped revision number for resource 8d9bca55-6327-436d-8388-d4c343f693ef (type: ports) to 5
2026-07-15 06:04:58.899 10 WARNING neutron.plugins.ml2.drivers.ovn.mech_driver.ovsdb.ovn_client [None req-80fc0f6d-713c-4715-9cb0-d8a907150370 - - - - - -] Logical_Switch_Port %s host information not removed, the port state is up
2026-07-15 06:04:58.900 10 INFO neutron.plugins.ml2.drivers.ovn.mech_driver.mech_driver [None req-80fc0f6d-713c-4715-9cb0-d8a907150370 - - - - - -] OVN reports status up for port: 8d9bca55-6327-436d-8388-d4c343f693ef
2026-07-15 06:04:58.953 10 INFO neutron.plugins.ml2.plugin [None req-80fc0f6d-713c-4715-9cb0-d8a907150370 - - - - - -] Attempt 1 to provision port 8d9bca55-6327-436d-8388-d4c343f693ef
2026-07-15 06:04:58.961 10 INFO neutron.wsgi [req-947019e7-6d1e-4a63-ba17-abc513410645 req-629036f6-dbce-485d-9355-d3d2fbae32b4 f6874e0a7cdd4670a81148cd0d9e005d e1876e7429b34c7381d13da8019991be - - 0c8a729e6dab4f17a284c6fa56afbc8a 0c8a729e6dab4f17a284c6fa56afbc8a] 199.204.45.116 "GET /v2.0/networks/559653d2-4505-4db3-8a74-4b6e5038469c?fields=provider%3Aphysical_network&fields=provider%3Anetwork_type HTTP/1.1" status: 200 len: 277 time: 0.1552832
2026-07-15 06:04:59.060 10 INFO neutron.notifiers.nova [-] Nova event matching ['req-1d1467dc-4a33-43ba-b6a9-3528c42ef926'] response: {'server_uuid': '9a17467f-807d-45e1-b811-c571c6f6e5c0', 'name': 'network-vif-plugged', 'status': 'completed', 'tag': '7e0686c8-c15a-4144-925b-f1917c26a087', 'code': 200}
2026-07-15 06:04:59.061 10 INFO neutron.notifiers.nova [-] Nova event matching ['req-1d1467dc-4a33-43ba-b6a9-3528c42ef926'] response: {'server_uuid': '9a17467f-807d-45e1-b811-c571c6f6e5c0', 'name': 'network-vif-plugged', 'status': 'completed', 'tag': '7e0686c8-c15a-4144-925b-f1917c26a087', 'code': 200}
2026-07-15 06:04:59.061 10 INFO neutron.notifiers.nova [-] Nova event matching ['req-1d1467dc-4a33-43ba-b6a9-3528c42ef926'] response: {'server_uuid': '16103bef-8344-4661-a759-dc6f1fb4a91b', 'name': 'network-vif-unplugged', 'status': 'completed', 'tag': '8d9bca55-6327-436d-8388-d4c343f693ef', 'code': 200}
2026-07-15 06:04:59.061 10 INFO neutron.notifiers.nova [-] Nova event matching ['req-1d1467dc-4a33-43ba-b6a9-3528c42ef926'] response: {'server_uuid': '16103bef-8344-4661-a759-dc6f1fb4a91b', 'name': 'network-vif-plugged', 'status': 'completed', 'tag': '8d9bca55-6327-436d-8388-d4c343f693ef', 'code': 200}
