2026-07-15 06:03:17.177 9 INFO neutron.wsgi [None req-a2563c0a-646c-4fb2-886d-9c0858592f5e b74d0f6850a24e4db72747476cff5a28 793826d128cb404e972d2611e7ca6d6f - - default default] 10.0.0.119 "GET /v2.0/security-groups HTTP/1.1" status: 200 len: 16803 time: 0.0553803
2026-07-15 06:03:17.224 9 INFO neutron.wsgi [None req-ca7d2350-a07a-43c2-8c32-55ccd3a9d479 b74d0f6850a24e4db72747476cff5a28 793826d128cb404e972d2611e7ca6d6f - - default default] 10.0.0.119 "GET /v2.0/subnets HTTP/1.1" status: 200 len: 1437 time: 0.0407262
2026-07-15 06:03:17.244 9 INFO neutron.wsgi [None req-d90abe00-4f13-417c-bb4b-2b9264c38a15 b74d0f6850a24e4db72747476cff5a28 793826d128cb404e972d2611e7ca6d6f - - default default] 10.0.0.119 "GET /v2.0/subnetpools HTTP/1.1" status: 200 len: 193 time: 0.0188425
2026-07-15 06:03:30.581 10 INFO neutron.wsgi [-] 10.0.0.150 "GET / HTTP/1.1" status: 200 len: 247 time: 0.0018795
2026-07-15 06:03:30.582 9 INFO neutron.wsgi [-] 10.0.0.150 "GET / HTTP/1.1" status: 200 len: 247 time: 0.0025861
2026-07-15 06:03:45.583 9 INFO neutron.wsgi [-] 10.0.0.150 "GET / HTTP/1.1" status: 200 len: 247 time: 0.0031431
2026-07-15 06:03:45.585 10 INFO neutron.wsgi [-] 10.0.0.150 "GET / HTTP/1.1" status: 200 len: 247 time: 0.0032566 /var/lib/openstack/lib/python3.10/site-packages/pycadf/identifier.py:71: UserWarning: Invalid uuid: neutron. To ensure interoperability, identifiers should be a valid uuid. warnings.warn(('Invalid uuid: %s. To ensure interoperability, '
2026-07-15 06:03:49.922 10 INFO neutron.wsgi [None req-7bdc74b9-1d17-474f-92a0-07bc4c62ae71 b74d0f6850a24e4db72747476cff5a28 793826d128cb404e972d2611e7ca6d6f - - default default] 10.0.0.181 "GET /v2.0/networks HTTP/1.1" status: 200 len: 2369 time: 0.2863493
2026-07-15 06:03:51.241 9 INFO neutron.wsgi [None req-da6db474-169b-41e1-a022-2dafcffe97c7 b74d0f6850a24e4db72747476cff5a28 793826d128cb404e972d2611e7ca6d6f - - default default] 10.0.0.181 "GET /v2.0/floatingips HTTP/1.1" status: 200 len: 212 time: 0.0280309
2026-07-15 06:03:51.274 9 INFO neutron.wsgi [None req-bae9ce2d-6f6e-4a20-9c60-55b74a8791e2 b74d0f6850a24e4db72747476cff5a28 793826d128cb404e972d2611e7ca6d6f - - default default] 10.0.0.181 "GET /v2.0/routers HTTP/1.1" status: 200 len: 208 time: 0.0264077
2026-07-15 06:03:51.326 9 INFO neutron.wsgi [None req-faf3a093-e9cd-41ae-a7ab-d76b9ff77c95 b74d0f6850a24e4db72747476cff5a28 793826d128cb404e972d2611e7ca6d6f - - default default] 10.0.0.181 "GET /v2.0/ports HTTP/1.1" status: 200 len: 5370 time: 0.0470550
2026-07-15 06:03:51.369 9 INFO neutron.wsgi [None req-88ef26c9-f270-44c8-9b9b-0308f56e1253 b74d0f6850a24e4db72747476cff5a28 793826d128cb404e972d2611e7ca6d6f - - default default] 10.0.0.181 "GET /v2.0/subnets HTTP/1.1" status: 200 len: 1456 time: 0.0370083
2026-07-15 06:03:51.446 9 INFO neutron.wsgi [None req-0a65989d-3079-49f2-b3f5-5cf3aeabfe48 b74d0f6850a24e4db72747476cff5a28 793826d128cb404e972d2611e7ca6d6f - - default default] 10.0.0.181 "GET /v2.0/networks HTTP/1.1" status: 200 len: 2369 time: 0.0704641
2026-07-15 06:03:51.498 9 INFO neutron.wsgi [None req-af877dc6-e357-4532-bdd5-5ab2d8e258d0 b74d0f6850a24e4db72747476cff5a28 793826d128cb404e972d2611e7ca6d6f - - default default] 10.0.0.181 "GET /v2.0/security-groups HTTP/1.1" status: 200 len: 16822 time: 0.0447724
2026-07-15 06:03:51.516 9 INFO neutron.wsgi [None req-9227df1a-b8d1-44c2-866b-066525b3db64 b74d0f6850a24e4db72747476cff5a28 793826d128cb404e972d2611e7ca6d6f - - default default] 10.0.0.181 "GET /v2.0/subnetpools HTTP/1.1" status: 200 len: 212 time: 0.0124383
2026-07-15 06:04:00.581 10 INFO neutron.wsgi [-] 10.0.0.150 "GET / HTTP/1.1" status: 200 len: 247 time: 0.0021899
2026-07-15 06:04:00.586 10 INFO neutron.wsgi [-] 10.0.0.150 "GET / HTTP/1.1" status: 200 len: 247 time: 0.0038218
2026-07-15 06:04:03.901 9 INFO neutron.db.ovn_revision_numbers_db [None req-4af97d5a-7e02-4709-89a0-300eaced6dfe b74d0f6850a24e4db72747476cff5a28 793826d128cb404e972d2611e7ca6d6f - - default default] Successfully bumped revision number for resource 5d15728e-15f2-4ab6-b6af-1fa2f2aa4c2e (type: security_groups) to 1
2026-07-15 06:04:03.921 9 INFO neutron.db.ovn_revision_numbers_db [None req-4af97d5a-7e02-4709-89a0-300eaced6dfe b74d0f6850a24e4db72747476cff5a28 793826d128cb404e972d2611e7ca6d6f - - default default] Successfully bumped revision number for resource 22f7fa92-9232-4a0f-874c-1a9de83427aa (type: security_group_rules) to 0
2026-07-15 06:04:03.938 9 INFO neutron.db.ovn_revision_numbers_db [None req-4af97d5a-7e02-4709-89a0-300eaced6dfe b74d0f6850a24e4db72747476cff5a28 793826d128cb404e972d2611e7ca6d6f - - default default] Successfully bumped revision number for resource 6e564536-b5a7-4885-9d7d-822de1fb9757 (type: security_group_rules) to 0
2026-07-15 06:04:03.954 9 INFO neutron.db.ovn_revision_numbers_db [None req-4af97d5a-7e02-4709-89a0-300eaced6dfe b74d0f6850a24e4db72747476cff5a28 793826d128cb404e972d2611e7ca6d6f - - default default] Successfully bumped revision number for resource 83e16878-9a64-4974-aa02-12353792cc4a (type: security_group_rules) to 0
2026-07-15 06:04:03.970 9 INFO neutron.db.ovn_revision_numbers_db [None req-4af97d5a-7e02-4709-89a0-300eaced6dfe b74d0f6850a24e4db72747476cff5a28 793826d128cb404e972d2611e7ca6d6f - - default default] Successfully bumped revision number for resource cdf17143-e30f-4bb9-8c25-a8f80c6246db (type: security_group_rules) to 0
2026-07-15 06:04:04.035 9 INFO neutron.db.segments_db [None req-4af97d5a-7e02-4709-89a0-300eaced6dfe b74d0f6850a24e4db72747476cff5a28 793826d128cb404e972d2611e7ca6d6f - - default default] Added segment a579011c-59f7-43c9-ac73-5f9c6b203606 of type geneve for network 6eea1157-b85f-4ffa-8b7e-a2b758fe038f
2026-07-15 06:04:04.173 10 INFO neutron.db.ovn_revision_numbers_db [None req-539dde92-66c0-4276-9069-90d73f9152de b74d0f6850a24e4db72747476cff5a28 793826d128cb404e972d2611e7ca6d6f - - default default] Successfully bumped revision number for resource d7a34bfa-cf56-4b32-8d8c-fafc8e1dc55b (type: security_groups) to 1
2026-07-15 06:04:04.196 10 INFO neutron.db.ovn_revision_numbers_db [None req-539dde92-66c0-4276-9069-90d73f9152de b74d0f6850a24e4db72747476cff5a28 793826d128cb404e972d2611e7ca6d6f - - default default] Successfully bumped revision number for resource 436963f0-d9d6-4ef7-ad55-e1d6f828b93e (type: security_group_rules) to 0
2026-07-15 06:04:04.199 10 INFO neutron.db.ovn_revision_numbers_db [None req-8a3cad41-5830-4611-80a2-e51dab326198 b74d0f6850a24e4db72747476cff5a28 793826d128cb404e972d2611e7ca6d6f - - default default] Successfully bumped revision number for resource d4db7440-6262-4fc0-8b25-662f90d67424 (type: security_groups) to 1
2026-07-15 06:04:04.208 9 INFO neutron.db.ovn_revision_numbers_db [None req-4af97d5a-7e02-4709-89a0-300eaced6dfe b74d0f6850a24e4db72747476cff5a28 793826d128cb404e972d2611e7ca6d6f - - default default] Successfully bumped revision number for resource 6eea1157-b85f-4ffa-8b7e-a2b758fe038f (type: networks) to 1
2026-07-15 06:04:04.211 10 INFO neutron.db.ovn_revision_numbers_db [None req-539dde92-66c0-4276-9069-90d73f9152de b74d0f6850a24e4db72747476cff5a28 793826d128cb404e972d2611e7ca6d6f - - default default] Successfully bumped revision number for resource 75deeb72-9bdb-4c1b-abd4-50a69e5e8a4a (type: security_group_rules) to 0
2026-07-15 06:04:04.217 10 INFO neutron.db.ovn_revision_numbers_db [None req-8a3cad41-5830-4611-80a2-e51dab326198 b74d0f6850a24e4db72747476cff5a28 793826d128cb404e972d2611e7ca6d6f - - default default] Successfully bumped revision number for resource 03b6fc7c-0eea-45fb-aea3-c4f38f9ca3ea (type: security_group_rules) to 0
2026-07-15 06:04:04.227 10 INFO neutron.db.ovn_revision_numbers_db [None req-539dde92-66c0-4276-9069-90d73f9152de b74d0f6850a24e4db72747476cff5a28 793826d128cb404e972d2611e7ca6d6f - - default default] Successfully bumped revision number for resource 84cce93e-a336-4ef5-9e6a-d6cf7d76109e (type: security_group_rules) to 0
2026-07-15 06:04:04.232 10 INFO neutron.db.ovn_revision_numbers_db [None req-8a3cad41-5830-4611-80a2-e51dab326198 b74d0f6850a24e4db72747476cff5a28 793826d128cb404e972d2611e7ca6d6f - - default default] Successfully bumped revision number for resource 1b31db6a-d4d1-4ce4-8097-a4c8e4dd37fe (type: security_group_rules) to 0
2026-07-15 06:04:04.239 10 INFO neutron.db.ovn_revision_numbers_db [None req-539dde92-66c0-4276-9069-90d73f9152de b74d0f6850a24e4db72747476cff5a28 793826d128cb404e972d2611e7ca6d6f - - default default] Successfully bumped revision number for resource c51404e1-7392-4be7-acf0-e8c61d5909df (type: security_group_rules) to 0
2026-07-15 06:04:04.248 10 INFO neutron.db.ovn_revision_numbers_db [None req-8a3cad41-5830-4611-80a2-e51dab326198 b74d0f6850a24e4db72747476cff5a28 793826d128cb404e972d2611e7ca6d6f - - default default] Successfully bumped revision number for resource 7ea6f25c-5bbc-4901-b444-53ff33495aff (type: security_group_rules) to 0
2026-07-15 06:04:04.263 10 INFO neutron.db.ovn_revision_numbers_db [None req-8a3cad41-5830-4611-80a2-e51dab326198 b74d0f6850a24e4db72747476cff5a28 793826d128cb404e972d2611e7ca6d6f - - default default] Successfully bumped revision number for resource c6df7ff3-7e0e-4248-966d-1022b932a902 (type: security_group_rules) to 0
2026-07-15 06:04:04.286 10 INFO neutron.db.segments_db [None req-539dde92-66c0-4276-9069-90d73f9152de b74d0f6850a24e4db72747476cff5a28 793826d128cb404e972d2611e7ca6d6f - - default default] Added segment 4e9e3a37-4272-461d-aa78-0814c07b00db of type geneve for network 3c151412-f467-4ff5-be17-d8b88db604d7
2026-07-15 06:04:04.315 10 INFO neutron.db.segments_db [None req-8a3cad41-5830-4611-80a2-e51dab326198 b74d0f6850a24e4db72747476cff5a28 793826d128cb404e972d2611e7ca6d6f - - default default] Added segment bb972f46-54b3-46cc-9a05-0721dbf556f6 of type geneve for network 65a34de4-be46-43a6-8a2f-268a47558ad1
2026-07-15 06:04:04.361 9 WARNING neutron.scheduler.dhcp_agent_scheduler [None req-4af97d5a-7e02-4709-89a0-300eaced6dfe b74d0f6850a24e4db72747476cff5a28 793826d128cb404e972d2611e7ca6d6f - - default default] No more DHCP agents
2026-07-15 06:04:04.363 9 WARNING neutron.api.rpc.agentnotifiers.dhcp_rpc_agent_api [None req-4af97d5a-7e02-4709-89a0-300eaced6dfe b74d0f6850a24e4db72747476cff5a28 793826d128cb404e972d2611e7ca6d6f - - default default] Unable to schedule network 6eea1157-b85f-4ffa-8b7e-a2b758fe038f: no agents available; will retry on subsequent port and subnet creation events.
2026-07-15 06:04:04.443 10 INFO neutron.db.ovn_revision_numbers_db [None req-539dde92-66c0-4276-9069-90d73f9152de b74d0f6850a24e4db72747476cff5a28 793826d128cb404e972d2611e7ca6d6f - - default default] Successfully bumped revision number for resource 3c151412-f467-4ff5-be17-d8b88db604d7 (type: networks) to 1
2026-07-15 06:04:04.450 9 INFO neutron.db.ovn_revision_numbers_db [None req-4af97d5a-7e02-4709-89a0-300eaced6dfe b74d0f6850a24e4db72747476cff5a28 793826d128cb404e972d2611e7ca6d6f - - default default] Successfully bumped revision number for resource 08f0938a-8310-4772-90fc-2b271df2b89b (type: ports) to 1
2026-07-15 06:04:04.474 9 INFO neutron.wsgi [None req-4af97d5a-7e02-4709-89a0-300eaced6dfe b74d0f6850a24e4db72747476cff5a28 793826d128cb404e972d2611e7ca6d6f - - default default] 10.0.0.181 "POST /v2.0/networks HTTP/1.1" status: 201 len: 951 time: 1.0907779
2026-07-15 06:04:04.506 10 INFO neutron.db.ovn_revision_numbers_db [None req-8a3cad41-5830-4611-80a2-e51dab326198 b74d0f6850a24e4db72747476cff5a28 793826d128cb404e972d2611e7ca6d6f - - default default] Successfully bumped revision number for resource 65a34de4-be46-43a6-8a2f-268a47558ad1 (type: networks) to 1
2026-07-15 06:04:04.649 9 WARNING neutron.scheduler.dhcp_agent_scheduler [None req-1b3cc3f2-ca7e-48b5-a9f8-4acab073163f b74d0f6850a24e4db72747476cff5a28 793826d128cb404e972d2611e7ca6d6f - - default default] No more DHCP agents
2026-07-15 06:04:04.651 9 WARNING neutron.api.rpc.agentnotifiers.dhcp_rpc_agent_api [None req-1b3cc3f2-ca7e-48b5-a9f8-4acab073163f b74d0f6850a24e4db72747476cff5a28 793826d128cb404e972d2611e7ca6d6f - - default default] Unable to schedule network 6eea1157-b85f-4ffa-8b7e-a2b758fe038f: no agents available; will retry on subsequent port and subnet creation events.
2026-07-15 06:04:04.851 9 INFO neutron.db.ovn_revision_numbers_db [None req-0ff5baf8-e452-44cd-aaaf-1637c427cf59 b74d0f6850a24e4db72747476cff5a28 793826d128cb404e972d2611e7ca6d6f - - default default] Successfully bumped revision number for resource 765ccd8a-c93c-4262-9eb2-933ed3c98791 (type: security_groups) to 1
2026-07-15 06:04:04.856 10 WARNING neutron.scheduler.dhcp_agent_scheduler [None req-539dde92-66c0-4276-9069-90d73f9152de b74d0f6850a24e4db72747476cff5a28 793826d128cb404e972d2611e7ca6d6f - - default default] No more DHCP agents
2026-07-15 06:04:04.867 10 WARNING neutron.api.rpc.agentnotifiers.dhcp_rpc_agent_api [None req-539dde92-66c0-4276-9069-90d73f9152de b74d0f6850a24e4db72747476cff5a28 793826d128cb404e972d2611e7ca6d6f - - default default] Unable to schedule network 3c151412-f467-4ff5-be17-d8b88db604d7: no agents available; will retry on subsequent port and subnet creation events.
2026-07-15 06:04:04.918 10 WARNING neutron.scheduler.dhcp_agent_scheduler [None req-8a3cad41-5830-4611-80a2-e51dab326198 b74d0f6850a24e4db72747476cff5a28 793826d128cb404e972d2611e7ca6d6f - - default default] No more DHCP agents
2026-07-15 06:04:04.924 10 WARNING neutron.api.rpc.agentnotifiers.dhcp_rpc_agent_api [None req-8a3cad41-5830-4611-80a2-e51dab326198 b74d0f6850a24e4db72747476cff5a28 793826d128cb404e972d2611e7ca6d6f - - default default] Unable to schedule network 65a34de4-be46-43a6-8a2f-268a47558ad1: no agents available; will retry on subsequent port and subnet creation events.
2026-07-15 06:04:04.994 10 INFO neutron.db.ovn_revision_numbers_db [None req-539dde92-66c0-4276-9069-90d73f9152de b74d0f6850a24e4db72747476cff5a28 793826d128cb404e972d2611e7ca6d6f - - default default] Successfully bumped revision number for resource f9fb42ea-a274-428e-8645-b8fc5dc9421d (type: ports) to 1
2026-07-15 06:04:05.003 9 INFO neutron.db.ovn_revision_numbers_db [None req-0ff5baf8-e452-44cd-aaaf-1637c427cf59 b74d0f6850a24e4db72747476cff5a28 793826d128cb404e972d2611e7ca6d6f - - default default] Successfully bumped revision number for resource 6b2c52f5-cca1-423c-a15b-d2d6c59d8f84 (type: security_group_rules) to 0
2026-07-15 06:04:05.019 9 INFO neutron.db.ovn_revision_numbers_db [None req-0ff5baf8-e452-44cd-aaaf-1637c427cf59 b74d0f6850a24e4db72747476cff5a28 793826d128cb404e972d2611e7ca6d6f - - default default] Successfully bumped revision number for resource 86ac2e91-b8a8-4f07-96dd-dc350ed15bc6 (type: security_group_rules) to 0
2026-07-15 06:04:05.037 9 INFO neutron.db.ovn_revision_numbers_db [None req-0ff5baf8-e452-44cd-aaaf-1637c427cf59 b74d0f6850a24e4db72747476cff5a28 793826d128cb404e972d2611e7ca6d6f - - default default] Successfully bumped revision number for resource bf575c06-3af2-49cb-bbd3-091c16006507 (type: security_group_rules) to 0
2026-07-15 06:04:05.039 10 INFO neutron.wsgi [None req-539dde92-66c0-4276-9069-90d73f9152de b74d0f6850a24e4db72747476cff5a28 793826d128cb404e972d2611e7ca6d6f - - default default] 10.0.0.181 "POST /v2.0/networks HTTP/1.1" status: 201 len: 953 time: 1.1472609
2026-07-15 06:04:05.057 9 INFO neutron.db.ovn_revision_numbers_db [None req-0ff5baf8-e452-44cd-aaaf-1637c427cf59 b74d0f6850a24e4db72747476cff5a28 793826d128cb404e972d2611e7ca6d6f - - default default] Successfully bumped revision number for resource e3c1c083-29ae-49da-9779-1ea6db590ea3 (type: security_group_rules) to 0
2026-07-15 06:04:05.061 10 INFO neutron.db.ovn_revision_numbers_db [None req-8a3cad41-5830-4611-80a2-e51dab326198 b74d0f6850a24e4db72747476cff5a28 793826d128cb404e972d2611e7ca6d6f - - default default] Successfully bumped revision number for resource 3a3f3ed3-7833-435c-ab82-15814903334b (type: ports) to 1
2026-07-15 06:04:05.091 9 INFO neutron.wsgi [None req-0ff5baf8-e452-44cd-aaaf-1637c427cf59 b74d0f6850a24e4db72747476cff5a28 793826d128cb404e972d2611e7ca6d6f - - default default] 10.0.0.181 "GET /v2.0/security-groups?tenant_id=adc9695539f14f4da17c6bcc7e2e2b80&name=default HTTP/1.1" status: 200 len: 2992 time: 0.5118091
2026-07-15 06:04:05.097 10 INFO neutron.wsgi [None req-8a3cad41-5830-4611-80a2-e51dab326198 b74d0f6850a24e4db72747476cff5a28 793826d128cb404e972d2611e7ca6d6f - - default default] 10.0.0.181 "POST /v2.0/networks HTTP/1.1" status: 201 len: 946 time: 1.1871595
2026-07-15 06:04:05.283 10 WARNING neutron.scheduler.dhcp_agent_scheduler [None req-5d62a9c1-7441-4b11-a30f-e48144eed905 b74d0f6850a24e4db72747476cff5a28 793826d128cb404e972d2611e7ca6d6f - - default default] No more DHCP agents
2026-07-15 06:04:05.287 10 WARNING neutron.api.rpc.agentnotifiers.dhcp_rpc_agent_api [None req-5d62a9c1-7441-4b11-a30f-e48144eed905 b74d0f6850a24e4db72747476cff5a28 793826d128cb404e972d2611e7ca6d6f - - default default] Unable to schedule network 3c151412-f467-4ff5-be17-d8b88db604d7: no agents available; will retry on subsequent port and subnet creation events.
2026-07-15 06:04:05.337 10 WARNING neutron.scheduler.dhcp_agent_scheduler [None req-5e70c88e-7d73-4b3d-8c4f-f10a18a32648 b74d0f6850a24e4db72747476cff5a28 793826d128cb404e972d2611e7ca6d6f - - default default] No more DHCP agents
2026-07-15 06:04:05.343 10 WARNING neutron.api.rpc.agentnotifiers.dhcp_rpc_agent_api [None req-5e70c88e-7d73-4b3d-8c4f-f10a18a32648 b74d0f6850a24e4db72747476cff5a28 793826d128cb404e972d2611e7ca6d6f - - default default] Unable to schedule network 65a34de4-be46-43a6-8a2f-268a47558ad1: no agents available; will retry on subsequent port and subnet creation events.
2026-07-15 06:04:05.376 9 INFO neutron.db.ovn_revision_numbers_db [None req-1b3cc3f2-ca7e-48b5-a9f8-4acab073163f b74d0f6850a24e4db72747476cff5a28 793826d128cb404e972d2611e7ca6d6f - - default default] Successfully bumped revision number for resource 08f0938a-8310-4772-90fc-2b271df2b89b (type: ports) to 2
2026-07-15 06:04:05.440 9 INFO neutron.db.ovn_revision_numbers_db [None req-1b3cc3f2-ca7e-48b5-a9f8-4acab073163f b74d0f6850a24e4db72747476cff5a28 793826d128cb404e972d2611e7ca6d6f - - default default] Successfully bumped revision number for resource 6766f9f3-9ddb-43ae-9ce8-28c4e97ab065 (type: subnets) to 0
2026-07-15 06:04:05.447 9 INFO neutron.wsgi [None req-6f2a5285-ea64-4573-afa4-9fc1cb929906 b74d0f6850a24e4db72747476cff5a28 793826d128cb404e972d2611e7ca6d6f - - default default] 10.0.0.181 "DELETE /v2.0/security-groups/765ccd8a-c93c-4262-9eb2-933ed3c98791 HTTP/1.1" status: 204 len: 168 time: 0.3457127
2026-07-15 06:04:05.458 9 INFO neutron.wsgi [None req-1b3cc3f2-ca7e-48b5-a9f8-4acab073163f b74d0f6850a24e4db72747476cff5a28 793826d128cb404e972d2611e7ca6d6f - - default default] 10.0.0.181 "POST /v2.0/subnets HTTP/1.1" status: 201 len: 871 time: 0.9746246
2026-07-15 06:04:06.020 9 WARNING neutron.scheduler.dhcp_agent_scheduler [None req-40d73e1d-c933-4e79-8521-d59b69d349ba b74d0f6850a24e4db72747476cff5a28 793826d128cb404e972d2611e7ca6d6f - - default default] No more DHCP agents
2026-07-15 06:04:06.022 9 WARNING neutron.api.rpc.agentnotifiers.dhcp_rpc_agent_api [None req-40d73e1d-c933-4e79-8521-d59b69d349ba b74d0f6850a24e4db72747476cff5a28 793826d128cb404e972d2611e7ca6d6f - - default default] Unable to schedule network 85d8c101-1625-4351-9175-849136598975: no agents available; will retry on subsequent port and subnet creation events.
2026-07-15 06:04:06.156 9 INFO neutron.db.ovn_revision_numbers_db [None req-40d73e1d-c933-4e79-8521-d59b69d349ba b74d0f6850a24e4db72747476cff5a28 793826d128cb404e972d2611e7ca6d6f - - default default] Successfully bumped revision number for resource c9ab3ec7-feb7-4030-be9a-bb29eab3d4b6 (type: ports) to 1
2026-07-15 06:04:06.189 10 INFO neutron.db.ovn_revision_numbers_db [None req-5d62a9c1-7441-4b11-a30f-e48144eed905 b74d0f6850a24e4db72747476cff5a28 793826d128cb404e972d2611e7ca6d6f - - default default] Successfully bumped revision number for resource f9fb42ea-a274-428e-8645-b8fc5dc9421d (type: ports) to 2
2026-07-15 06:04:06.203 10 INFO neutron.db.ovn_revision_numbers_db [None req-5e70c88e-7d73-4b3d-8c4f-f10a18a32648 b74d0f6850a24e4db72747476cff5a28 793826d128cb404e972d2611e7ca6d6f - - default default] Successfully bumped revision number for resource 3a3f3ed3-7833-435c-ab82-15814903334b (type: ports) to 2
2026-07-15 06:04:06.264 10 INFO neutron.db.ovn_revision_numbers_db [None req-5d62a9c1-7441-4b11-a30f-e48144eed905 b74d0f6850a24e4db72747476cff5a28 793826d128cb404e972d2611e7ca6d6f - - default default] Successfully bumped revision number for resource e38a6823-a4f6-4405-afd2-b00c6c9cbe2a (type: subnets) to 0
2026-07-15 06:04:06.279 10 INFO neutron.db.ovn_revision_numbers_db [None req-5e70c88e-7d73-4b3d-8c4f-f10a18a32648 b74d0f6850a24e4db72747476cff5a28 793826d128cb404e972d2611e7ca6d6f - - default default] Successfully bumped revision number for resource aac839e1-776d-4269-ba2f-70a5a9086fce (type: subnets) to 0
2026-07-15 06:04:06.287 10 INFO neutron.wsgi [None req-5d62a9c1-7441-4b11-a30f-e48144eed905 b74d0f6850a24e4db72747476cff5a28 793826d128cb404e972d2611e7ca6d6f - - default default] 10.0.0.181 "POST /v2.0/subnets HTTP/1.1" status: 201 len: 874 time: 1.2417612
2026-07-15 06:04:06.317 10 INFO neutron.wsgi [None req-5e70c88e-7d73-4b3d-8c4f-f10a18a32648 b74d0f6850a24e4db72747476cff5a28 793826d128cb404e972d2611e7ca6d6f - - default default] 10.0.0.181 "POST /v2.0/subnets HTTP/1.1" status: 201 len: 866 time: 1.2140276
2026-07-15 06:04:06.594 9 INFO neutron.plugins.ml2.drivers.ovn.mech_driver.ovsdb.extensions.qos [None req-40d73e1d-c933-4e79-8521-d59b69d349ba b74d0f6850a24e4db72747476cff5a28 793826d128cb404e972d2611e7ca6d6f - - default default] Starting OVNClientQosExtension
2026-07-15 06:04:06.924 9 INFO neutron.plugins.ml2.drivers.ovn.mech_driver.ovsdb.ovsdb_monitor [-] Router 01d4117e-7de5-48d5-a1f7-abed6538b7ec is bound to host instance
2026-07-15 06:04:06.963 9 INFO neutron.db.ovn_revision_numbers_db [None req-40d73e1d-c933-4e79-8521-d59b69d349ba b74d0f6850a24e4db72747476cff5a28 793826d128cb404e972d2611e7ca6d6f - - default default] Successfully bumped revision number for resource c9ab3ec7-feb7-4030-be9a-bb29eab3d4b6 (type: router_ports) to 1
2026-07-15 06:04:07.102 10 INFO neutron.plugins.ml2.drivers.ovn.mech_driver.mech_driver [None req-80fc0f6d-713c-4715-9cb0-d8a907150370 - - - - - -] OVN reports status up for port: c9ab3ec7-feb7-4030-be9a-bb29eab3d4b6
2026-07-15 06:04:07.108 9 INFO neutron.db.ovn_revision_numbers_db [None req-40d73e1d-c933-4e79-8521-d59b69d349ba b74d0f6850a24e4db72747476cff5a28 793826d128cb404e972d2611e7ca6d6f - - default default] Successfully bumped revision number for resource 01d4117e-7de5-48d5-a1f7-abed6538b7ec (type: routers) to 2
2026-07-15 06:04:07.123 10 INFO neutron.plugins.ml2.plugin [None req-80fc0f6d-713c-4715-9cb0-d8a907150370 - - - - - -] Attempt 1 to provision port c9ab3ec7-feb7-4030-be9a-bb29eab3d4b6
2026-07-15 06:04:07.126 9 INFO neutron.wsgi [None req-40d73e1d-c933-4e79-8521-d59b69d349ba b74d0f6850a24e4db72747476cff5a28 793826d128cb404e972d2611e7ca6d6f - - default default] 10.0.0.181 "POST /v2.0/routers HTTP/1.1" status: 201 len: 882 time: 1.6625893
2026-07-15 06:04:07.261 10 WARNING neutron.scheduler.dhcp_agent_scheduler [None req-af295041-2c4c-410a-9297-9bbe14e20647 b74d0f6850a24e4db72747476cff5a28 793826d128cb404e972d2611e7ca6d6f - - default default] No more DHCP agents
2026-07-15 06:04:07.271 10 WARNING neutron.api.rpc.agentnotifiers.dhcp_rpc_agent_api [None req-af295041-2c4c-410a-9297-9bbe14e20647 b74d0f6850a24e4db72747476cff5a28 793826d128cb404e972d2611e7ca6d6f - - default default] Unable to schedule network 85d8c101-1625-4351-9175-849136598975: no agents available; will retry on subsequent port and subnet creation events.
2026-07-15 06:04:07.273 10 WARNING neutron.scheduler.dhcp_agent_scheduler [None req-da17e5d1-f068-41b9-a02d-eb752c04f20e b74d0f6850a24e4db72747476cff5a28 793826d128cb404e972d2611e7ca6d6f - - default default] No more DHCP agents
2026-07-15 06:04:07.281 10 WARNING neutron.api.rpc.agentnotifiers.dhcp_rpc_agent_api [None req-da17e5d1-f068-41b9-a02d-eb752c04f20e b74d0f6850a24e4db72747476cff5a28 793826d128cb404e972d2611e7ca6d6f - - default default] Unable to schedule network 85d8c101-1625-4351-9175-849136598975: no agents available; will retry on subsequent port and subnet creation events.
2026-07-15 06:04:07.492 10 INFO neutron.db.ovn_revision_numbers_db [None req-af295041-2c4c-410a-9297-9bbe14e20647 b74d0f6850a24e4db72747476cff5a28 793826d128cb404e972d2611e7ca6d6f - - default default] Successfully bumped revision number for resource 2c629dcd-e6c7-4176-9a8c-1eaff8581de9 (type: ports) to 1
2026-07-15 06:04:07.495 10 INFO neutron.db.ovn_revision_numbers_db [None req-da17e5d1-f068-41b9-a02d-eb752c04f20e b74d0f6850a24e4db72747476cff5a28 793826d128cb404e972d2611e7ca6d6f - - default default] Successfully bumped revision number for resource 0f749d83-8760-4f14-9bda-d37e9ea5ce22 (type: ports) to 1
2026-07-15 06:04:07.734 9 INFO neutron.db.ovn_revision_numbers_db [None req-70f390f3-cbe5-4a83-b2b5-8228a29745e9 - - - - - -] Successfully bumped revision number for resource c9ab3ec7-feb7-4030-be9a-bb29eab3d4b6 (type: ports) to 1
2026-07-15 06:04:07.855 9 WARNING neutron.scheduler.dhcp_agent_scheduler [None req-188ecde1-a58f-436e-b370-68e30735a964 b74d0f6850a24e4db72747476cff5a28 793826d128cb404e972d2611e7ca6d6f - - default default] No more DHCP agents
2026-07-15 06:04:07.861 9 WARNING neutron.api.rpc.agentnotifiers.dhcp_rpc_agent_api [None req-188ecde1-a58f-436e-b370-68e30735a964 b74d0f6850a24e4db72747476cff5a28 793826d128cb404e972d2611e7ca6d6f - - default default] Unable to schedule network 6eea1157-b85f-4ffa-8b7e-a2b758fe038f: no agents available; will retry on subsequent port and subnet creation events.
2026-07-15 06:04:07.952 10 INFO neutron.db.ovn_revision_numbers_db [None req-aabb4942-954b-4809-9969-d2b38ca53813 b74d0f6850a24e4db72747476cff5a28 793826d128cb404e972d2611e7ca6d6f - - default default] Successfully bumped revision number for resource 654b078c-a082-444f-901a-06171950e294 (type: security_groups) to 1
2026-07-15 06:04:07.987 10 INFO neutron.db.ovn_revision_numbers_db [None req-aabb4942-954b-4809-9969-d2b38ca53813 b74d0f6850a24e4db72747476cff5a28 793826d128cb404e972d2611e7ca6d6f - - default default] Successfully bumped revision number for resource 93072912-8bd7-41ef-956c-36e23e2358a3 (type: security_group_rules) to 0
2026-07-15 06:04:08.094 9 INFO neutron.db.ovn_revision_numbers_db [None req-188ecde1-a58f-436e-b370-68e30735a964 b74d0f6850a24e4db72747476cff5a28 793826d128cb404e972d2611e7ca6d6f - - default default] Successfully bumped revision number for resource bd448e6d-cc92-411c-9dc4-c6b801e38960 (type: ports) to 1
2026-07-15 06:04:08.112 9 INFO neutron.db.ovn_revision_numbers_db [None req-70f390f3-cbe5-4a83-b2b5-8228a29745e9 - - - - - -] Successfully bumped revision number for resource c9ab3ec7-feb7-4030-be9a-bb29eab3d4b6 (type: router_ports) to 3
2026-07-15 06:04:08.190 10 INFO neutron.db.ovn_revision_numbers_db [None req-aabb4942-954b-4809-9969-d2b38ca53813 b74d0f6850a24e4db72747476cff5a28 793826d128cb404e972d2611e7ca6d6f - - default default] Successfully bumped revision number for resource 999a43d7-a509-499a-b7e1-fd1d02ff7858 (type: security_group_rules) to 0
2026-07-15 06:04:08.210 10 INFO neutron.db.ovn_revision_numbers_db [None req-aabb4942-954b-4809-9969-d2b38ca53813 b74d0f6850a24e4db72747476cff5a28 793826d128cb404e972d2611e7ca6d6f - - default default] Successfully bumped revision number for resource ce49ef6a-442e-4e11-8082-64dfe9f06b75 (type: security_group_rules) to 0
2026-07-15 06:04:08.229 10 INFO neutron.plugins.ml2.drivers.ovn.mech_driver.ovsdb.extensions.qos [None req-af295041-2c4c-410a-9297-9bbe14e20647 b74d0f6850a24e4db72747476cff5a28 793826d128cb404e972d2611e7ca6d6f - - default default] Starting OVNClientQosExtension
2026-07-15 06:04:08.258 10 INFO neutron.db.ovn_revision_numbers_db [None req-aabb4942-954b-4809-9969-d2b38ca53813 b74d0f6850a24e4db72747476cff5a28 793826d128cb404e972d2611e7ca6d6f - - default default] Successfully bumped revision number for resource efed3138-c261-4b83-b058-77d6c20431ee (type: security_group_rules) to 0
2026-07-15 06:04:08.336 10 INFO neutron.db.segments_db [None req-aabb4942-954b-4809-9969-d2b38ca53813 b74d0f6850a24e4db72747476cff5a28 793826d128cb404e972d2611e7ca6d6f - - default default] Added segment 2886e183-00ff-4bf3-8d25-e7b3bb675c1a of type geneve for network 1cd9fbc4-2894-4840-8b07-6f5fbacd0cf7
2026-07-15 06:04:08.368 9 INFO neutron.db.ovn_revision_numbers_db [None req-70f390f3-cbe5-4a83-b2b5-8228a29745e9 - - - - - -] Successfully bumped revision number for resource c9ab3ec7-feb7-4030-be9a-bb29eab3d4b6 (type: ports) to 2
2026-07-15 06:04:08.592 10 INFO neutron.db.ovn_revision_numbers_db [None req-aabb4942-954b-4809-9969-d2b38ca53813 b74d0f6850a24e4db72747476cff5a28 793826d128cb404e972d2611e7ca6d6f - - default default] Successfully bumped revision number for resource 1cd9fbc4-2894-4840-8b07-6f5fbacd0cf7 (type: networks) to 1
2026-07-15 06:04:08.793 9 INFO neutron.plugins.ml2.drivers.ovn.mech_driver.mech_driver [-] OVN reports status up for port: 2c629dcd-e6c7-4176-9a8c-1eaff8581de9
2026-07-15 06:04:08.817 10 INFO neutron.plugins.ml2.drivers.ovn.mech_driver.ovsdb.ovsdb_monitor [-] Router 0acba756-e404-4f86-857d-dc0531299ca1 is bound to host instance
2026-07-15 06:04:08.828 9 INFO neutron.plugins.ml2.plugin [None req-90dd9e58-103f-4dbc-b23f-33cab62070df - - - - - -] Attempt 1 to provision port 2c629dcd-e6c7-4176-9a8c-1eaff8581de9
2026-07-15 06:04:08.867 10 INFO neutron.db.ovn_revision_numbers_db [None req-af295041-2c4c-410a-9297-9bbe14e20647 b74d0f6850a24e4db72747476cff5a28 793826d128cb404e972d2611e7ca6d6f - - default default] Successfully bumped revision number for resource 2c629dcd-e6c7-4176-9a8c-1eaff8581de9 (type: router_ports) to 1
2026-07-15 06:04:08.871 9 INFO neutron.db.ovn_revision_numbers_db [None req-188ecde1-a58f-436e-b370-68e30735a964 b74d0f6850a24e4db72747476cff5a28 793826d128cb404e972d2611e7ca6d6f - - default default] Successfully bumped revision number for resource bd448e6d-cc92-411c-9dc4-c6b801e38960 (type: router_ports) to 1
2026-07-15 06:04:08.924 10 INFO neutron.db.ovn_revision_numbers_db [None req-da17e5d1-f068-41b9-a02d-eb752c04f20e b74d0f6850a24e4db72747476cff5a28 793826d128cb404e972d2611e7ca6d6f - - default default] Successfully bumped revision number for resource 0f749d83-8760-4f14-9bda-d37e9ea5ce22 (type: router_ports) to 1
2026-07-15 06:04:08.939 9 INFO neutron.db.ovn_revision_numbers_db [None req-70f390f3-cbe5-4a83-b2b5-8228a29745e9 - - - - - -] Successfully bumped revision number for resource c9ab3ec7-feb7-4030-be9a-bb29eab3d4b6 (type: ports) to 4
2026-07-15 06:04:09.070 9 INFO neutron.db.ovn_revision_numbers_db [None req-188ecde1-a58f-436e-b370-68e30735a964 b74d0f6850a24e4db72747476cff5a28 793826d128cb404e972d2611e7ca6d6f - - default default] Successfully bumped revision number for resource bd448e6d-cc92-411c-9dc4-c6b801e38960 (type: ports) to 1
2026-07-15 06:04:09.080 10 WARNING neutron.scheduler.dhcp_agent_scheduler [None req-aabb4942-954b-4809-9969-d2b38ca53813 b74d0f6850a24e4db72747476cff5a28 793826d128cb404e972d2611e7ca6d6f - - default default] No more DHCP agents
2026-07-15 06:04:09.088 10 WARNING neutron.api.rpc.agentnotifiers.dhcp_rpc_agent_api [None req-aabb4942-954b-4809-9969-d2b38ca53813 b74d0f6850a24e4db72747476cff5a28 793826d128cb404e972d2611e7ca6d6f - - default default] Unable to schedule network 1cd9fbc4-2894-4840-8b07-6f5fbacd0cf7: no agents available; will retry on subsequent port and subnet creation events.
2026-07-15 06:04:09.161 10 INFO neutron.db.ovn_revision_numbers_db [None req-af295041-2c4c-410a-9297-9bbe14e20647 b74d0f6850a24e4db72747476cff5a28 793826d128cb404e972d2611e7ca6d6f - - default default] Successfully bumped revision number for resource 0acba756-e404-4f86-857d-dc0531299ca1 (type: routers) to 2
2026-07-15 06:04:09.173 9 WARNING neutron.scheduler.dhcp_agent_scheduler [None req-188ecde1-a58f-436e-b370-68e30735a964 b74d0f6850a24e4db72747476cff5a28 793826d128cb404e972d2611e7ca6d6f - - default default] No more DHCP agents
2026-07-15 06:04:09.175 9 WARNING neutron.api.rpc.agentnotifiers.dhcp_rpc_agent_api [None req-188ecde1-a58f-436e-b370-68e30735a964 b74d0f6850a24e4db72747476cff5a28 793826d128cb404e972d2611e7ca6d6f - - default default] Unable to schedule network 6eea1157-b85f-4ffa-8b7e-a2b758fe038f: no agents available; will retry on subsequent port and subnet creation events.
2026-07-15 06:04:09.197 9 INFO neutron.db.ovn_revision_numbers_db [None req-70f390f3-cbe5-4a83-b2b5-8228a29745e9 - - - - - -] Successfully bumped revision number for resource c9ab3ec7-feb7-4030-be9a-bb29eab3d4b6 (type: router_ports) to 4
2026-07-15 06:04:09.198 10 INFO neutron.wsgi [None req-af295041-2c4c-410a-9297-9bbe14e20647 b74d0f6850a24e4db72747476cff5a28 793826d128cb404e972d2611e7ca6d6f - - default default] 10.0.0.181 "POST /v2.0/routers HTTP/1.1" status: 201 len: 885 time: 2.9036477
2026-07-15 06:04:09.218 10 INFO neutron.db.ovn_revision_numbers_db [None req-da17e5d1-f068-41b9-a02d-eb752c04f20e b74d0f6850a24e4db72747476cff5a28 793826d128cb404e972d2611e7ca6d6f - - default default] Successfully bumped revision number for resource f8f63c42-8601-4196-9bb6-aa8a2c27dc1f (type: routers) to 2
2026-07-15 06:04:09.247 10 INFO neutron.wsgi [None req-da17e5d1-f068-41b9-a02d-eb752c04f20e b74d0f6850a24e4db72747476cff5a28 793826d128cb404e972d2611e7ca6d6f - - default default] 10.0.0.181 "POST /v2.0/routers HTTP/1.1" status: 201 len: 877 time: 2.9241047
2026-07-15 06:04:09.261 10 INFO neutron.db.ovn_revision_numbers_db [None req-aabb4942-954b-4809-9969-d2b38ca53813 b74d0f6850a24e4db72747476cff5a28 793826d128cb404e972d2611e7ca6d6f - - default default] Successfully bumped revision number for resource 63922568-b374-4b02-9536-c67c94fa0d88 (type: ports) to 1
2026-07-15 06:04:09.319 10 INFO neutron.wsgi [None req-aabb4942-954b-4809-9969-d2b38ca53813 b74d0f6850a24e4db72747476cff5a28 793826d128cb404e972d2611e7ca6d6f - - default default] 10.0.0.181 "POST /v2.0/networks HTTP/1.1" status: 201 len: 946 time: 1.9839442
2026-07-15 06:04:09.644 10 WARNING neutron.scheduler.dhcp_agent_scheduler [None req-8a1484e5-48b6-4e83-ac8a-d6e31c1442ba b74d0f6850a24e4db72747476cff5a28 793826d128cb404e972d2611e7ca6d6f - - default default] No more DHCP agents
2026-07-15 06:04:09.654 10 WARNING neutron.api.rpc.agentnotifiers.dhcp_rpc_agent_api [None req-8a1484e5-48b6-4e83-ac8a-d6e31c1442ba b74d0f6850a24e4db72747476cff5a28 793826d128cb404e972d2611e7ca6d6f - - default default] Unable to schedule network 1cd9fbc4-2894-4840-8b07-6f5fbacd0cf7: no agents available; will retry on subsequent port and subnet creation events.
2026-07-15 06:04:09.894 10 INFO neutron.db.ovn_revision_numbers_db [None req-cfe4ec0f-e9eb-4022-ad5a-132c55c521e2 - - - - - -] Successfully bumped revision number for resource 2c629dcd-e6c7-4176-9a8c-1eaff8581de9 (type: ports) to 1
2026-07-15 06:04:09.995 9 WARNING neutron.scheduler.dhcp_agent_scheduler [None req-4eefbd46-8c2f-445a-9651-501577143e13 b74d0f6850a24e4db72747476cff5a28 793826d128cb404e972d2611e7ca6d6f - - default default] No more DHCP agents
2026-07-15 06:04:09.999 9 WARNING neutron.api.rpc.agentnotifiers.dhcp_rpc_agent_api [None req-4eefbd46-8c2f-445a-9651-501577143e13 b74d0f6850a24e4db72747476cff5a28 793826d128cb404e972d2611e7ca6d6f - - default default] Unable to schedule network 3c151412-f467-4ff5-be17-d8b88db604d7: no agents available; will retry on subsequent port and subnet creation events.
2026-07-15 06:04:10.006 10 INFO neutron.plugins.ml2.drivers.ovn.mech_driver.mech_driver [None req-80fc0f6d-713c-4715-9cb0-d8a907150370 - - - - - -] OVN reports status up for port: bd448e6d-cc92-411c-9dc4-c6b801e38960
2026-07-15 06:04:10.107 9 INFO neutron.db.ovn_revision_numbers_db [None req-188ecde1-a58f-436e-b370-68e30735a964 b74d0f6850a24e4db72747476cff5a28 793826d128cb404e972d2611e7ca6d6f - - default default] Successfully bumped revision number for resource bd448e6d-cc92-411c-9dc4-c6b801e38960 (type: router_ports) to 1
2026-07-15 06:04:10.110 9 INFO neutron.wsgi [None req-188ecde1-a58f-436e-b370-68e30735a964 b74d0f6850a24e4db72747476cff5a28 793826d128cb404e972d2611e7ca6d6f - - default default] 10.0.0.181 "PUT /v2.0/routers/01d4117e-7de5-48d5-a1f7-abed6538b7ec/add_router_interface HTTP/1.1" status: 200 len: 503 time: 2.9783714
2026-07-15 06:04:10.185 9 INFO neutron.db.ovn_revision_numbers_db [None req-4eefbd46-8c2f-445a-9651-501577143e13 b74d0f6850a24e4db72747476cff5a28 793826d128cb404e972d2611e7ca6d6f - - default default] Successfully bumped revision number for resource 811ada60-8567-4cce-8f48-dcb4d782a11d (type: ports) to 1
2026-07-15 06:04:10.198 10 INFO neutron.plugins.ml2.plugin [None req-80fc0f6d-713c-4715-9cb0-d8a907150370 - - - - - -] Attempt 1 to provision port bd448e6d-cc92-411c-9dc4-c6b801e38960
2026-07-15 06:04:10.299 10 WARNING neutron.scheduler.dhcp_agent_scheduler [None req-55b5ff49-87fc-4744-b209-f93edb697905 b74d0f6850a24e4db72747476cff5a28 793826d128cb404e972d2611e7ca6d6f - - default default] No more DHCP agents
2026-07-15 06:04:10.309 10 WARNING neutron.api.rpc.agentnotifiers.dhcp_rpc_agent_api [None req-55b5ff49-87fc-4744-b209-f93edb697905 b74d0f6850a24e4db72747476cff5a28 793826d128cb404e972d2611e7ca6d6f - - default default] Unable to schedule network 65a34de4-be46-43a6-8a2f-268a47558ad1: no agents available; will retry on subsequent port and subnet creation events.
2026-07-15 06:04:10.698 9 INFO neutron.db.ovn_revision_numbers_db [None req-4eefbd46-8c2f-445a-9651-501577143e13 b74d0f6850a24e4db72747476cff5a28 793826d128cb404e972d2611e7ca6d6f - - default default] Successfully bumped revision number for resource 811ada60-8567-4cce-8f48-dcb4d782a11d (type: router_ports) to 1
2026-07-15 06:04:10.771 10 INFO neutron.db.ovn_revision_numbers_db [None req-55b5ff49-87fc-4744-b209-f93edb697905 b74d0f6850a24e4db72747476cff5a28 793826d128cb404e972d2611e7ca6d6f - - default default] Successfully bumped revision number for resource 8bc07523-46a8-4bf0-a0cb-75f0f95c463e (type: ports) to 1
2026-07-15 06:04:10.793 10 INFO neutron.db.ovn_revision_numbers_db [None req-cfe4ec0f-e9eb-4022-ad5a-132c55c521e2 - - - - - -] Successfully bumped revision number for resource 2c629dcd-e6c7-4176-9a8c-1eaff8581de9 (type: router_ports) to 3
2026-07-15 06:04:10.861 9 INFO neutron.db.ovn_revision_numbers_db [None req-4eefbd46-8c2f-445a-9651-501577143e13 b74d0f6850a24e4db72747476cff5a28 793826d128cb404e972d2611e7ca6d6f - - default default] Successfully bumped revision number for resource 811ada60-8567-4cce-8f48-dcb4d782a11d (type: ports) to 1
2026-07-15 06:04:10.954 9 WARNING neutron.scheduler.dhcp_agent_scheduler [None req-4eefbd46-8c2f-445a-9651-501577143e13 b74d0f6850a24e4db72747476cff5a28 793826d128cb404e972d2611e7ca6d6f - - default default] No more DHCP agents
2026-07-15 06:04:10.955 9 WARNING neutron.api.rpc.agentnotifiers.dhcp_rpc_agent_api [None req-4eefbd46-8c2f-445a-9651-501577143e13 b74d0f6850a24e4db72747476cff5a28 793826d128cb404e972d2611e7ca6d6f - - default default] Unable to schedule network 3c151412-f467-4ff5-be17-d8b88db604d7: no agents available; will retry on subsequent port and subnet creation events.
2026-07-15 06:04:11.159 10 INFO neutron.db.ovn_revision_numbers_db [None req-8a1484e5-48b6-4e83-ac8a-d6e31c1442ba b74d0f6850a24e4db72747476cff5a28 793826d128cb404e972d2611e7ca6d6f - - default default] Successfully bumped revision number for resource 63922568-b374-4b02-9536-c67c94fa0d88 (type: ports) to 2
2026-07-15 06:04:11.217 10 INFO neutron.db.ovn_revision_numbers_db [None req-80fc0f6d-713c-4715-9cb0-d8a907150370 - - - - - -] Successfully bumped revision number for resource bd448e6d-cc92-411c-9dc4-c6b801e38960 (type: ports) to 2
2026-07-15 06:04:11.237 10 INFO neutron.db.ovn_revision_numbers_db [None req-8a1484e5-48b6-4e83-ac8a-d6e31c1442ba b74d0f6850a24e4db72747476cff5a28 793826d128cb404e972d2611e7ca6d6f - - default default] Successfully bumped revision number for resource 9bbf5b06-e4cc-4bf7-a094-aa8f06616608 (type: subnets) to 0
2026-07-15 06:04:11.290 9 WARNING neutron_lib.context [req-c560e183-9e41-471b-b5f2-4a530f7d3295 req-920a6e63-4162-4c12-a54e-0e2a4f16af7a 6c745e20337d497badb5b9e71cea3755 efaf55332bf846089e741d0c63ca6c23 - - default default] Method 'is_advsvc' is deprecated since 2023.2 release (neutron-lib 3.8.0) and will be removed once support for the old RBAC API policies will be removed from Neutron. Please use method 'is_service_role' instead.
2026-07-15 06:04:11.294 10 INFO neutron.wsgi [None req-8a1484e5-48b6-4e83-ac8a-d6e31c1442ba b74d0f6850a24e4db72747476cff5a28 793826d128cb404e972d2611e7ca6d6f - - default default] 10.0.0.181 "POST /v2.0/subnets HTTP/1.1" status: 201 len: 866 time: 1.9679103
2026-07-15 06:04:11.332 10 INFO neutron.db.ovn_revision_numbers_db [None req-cfe4ec0f-e9eb-4022-ad5a-132c55c521e2 - - - - - -] Successfully bumped revision number for resource 2c629dcd-e6c7-4176-9a8c-1eaff8581de9 (type: ports) to 2
2026-07-15 06:04:11.370 10 INFO neutron.db.ovn_revision_numbers_db [None req-80fc0f6d-713c-4715-9cb0-d8a907150370 - - - - - -] Successfully bumped revision number for resource bd448e6d-cc92-411c-9dc4-c6b801e38960 (type: router_ports) to 2
2026-07-15 06:04:11.632 9 INFO neutron.plugins.ml2.drivers.ovn.mech_driver.mech_driver [None req-90dd9e58-103f-4dbc-b23f-33cab62070df - - - - - -] OVN reports status up for port: 0f749d83-8760-4f14-9bda-d37e9ea5ce22
2026-07-15 06:04:11.665 9 INFO neutron.plugins.ml2.plugin [None req-90dd9e58-103f-4dbc-b23f-33cab62070df - - - - - -] Attempt 1 to provision port 0f749d83-8760-4f14-9bda-d37e9ea5ce22
2026-07-15 06:04:11.764 10 INFO neutron.db.ovn_revision_numbers_db [None req-55b5ff49-87fc-4744-b209-f93edb697905 b74d0f6850a24e4db72747476cff5a28 793826d128cb404e972d2611e7ca6d6f - - default default] Successfully bumped revision number for resource 8bc07523-46a8-4bf0-a0cb-75f0f95c463e (type: router_ports) to 1
2026-07-15 06:04:11.777 10 INFO neutron.db.ovn_revision_numbers_db [None req-cfe4ec0f-e9eb-4022-ad5a-132c55c521e2 - - - - - -] Successfully bumped revision number for resource 2c629dcd-e6c7-4176-9a8c-1eaff8581de9 (type: ports) to 4
2026-07-15 06:04:11.960 9 INFO neutron.db.ovn_revision_numbers_db [req-c560e183-9e41-471b-b5f2-4a530f7d3295 req-920a6e63-4162-4c12-a54e-0e2a4f16af7a 6c745e20337d497badb5b9e71cea3755 efaf55332bf846089e741d0c63ca6c23 - - default default] Successfully bumped revision number for resource 14619637-d7ee-4b73-a399-adf92436f3b6 (type: security_groups) to 1
2026-07-15 06:04:11.973 10 INFO neutron.db.ovn_revision_numbers_db [None req-55b5ff49-87fc-4744-b209-f93edb697905 b74d0f6850a24e4db72747476cff5a28 793826d128cb404e972d2611e7ca6d6f - - default default] Successfully bumped revision number for resource 8bc07523-46a8-4bf0-a0cb-75f0f95c463e (type: ports) to 1
2026-07-15 06:04:11.989 9 INFO neutron.db.ovn_revision_numbers_db [req-c560e183-9e41-471b-b5f2-4a530f7d3295 req-920a6e63-4162-4c12-a54e-0e2a4f16af7a 6c745e20337d497badb5b9e71cea3755 efaf55332bf846089e741d0c63ca6c23 - - default default] Successfully bumped revision number for resource 43f141b8-9334-49ba-8848-ef6d4e882436 (type: security_group_rules) to 0
2026-07-15 06:04:12.054 10 INFO neutron.db.ovn_revision_numbers_db [None req-cfe4ec0f-e9eb-4022-ad5a-132c55c521e2 - - - - - -] Successfully bumped revision number for resource 2c629dcd-e6c7-4176-9a8c-1eaff8581de9 (type: router_ports) to 4
2026-07-15 06:04:12.059 9 INFO neutron.db.ovn_revision_numbers_db [req-c560e183-9e41-471b-b5f2-4a530f7d3295 req-920a6e63-4162-4c12-a54e-0e2a4f16af7a 6c745e20337d497badb5b9e71cea3755 efaf55332bf846089e741d0c63ca6c23 - - default default] Successfully bumped revision number for resource 699d98e9-a54b-4609-b117-b9472439f831 (type: security_group_rules) to 0
2026-07-15 06:04:12.083 10 INFO neutron.plugins.ml2.drivers.ovn.mech_driver.ovsdb.ovsdb_monitor [None req-cfe4ec0f-e9eb-4022-ad5a-132c55c521e2 - - - - - -] Router f8f63c42-8601-4196-9bb6-aa8a2c27dc1f is bound to host instance
2026-07-15 06:04:12.086 10 WARNING neutron.scheduler.dhcp_agent_scheduler [None req-55b5ff49-87fc-4744-b209-f93edb697905 b74d0f6850a24e4db72747476cff5a28 793826d128cb404e972d2611e7ca6d6f - - default default] No more DHCP agents
2026-07-15 06:04:12.087 10 WARNING neutron.api.rpc.agentnotifiers.dhcp_rpc_agent_api [None req-55b5ff49-87fc-4744-b209-f93edb697905 b74d0f6850a24e4db72747476cff5a28 793826d128cb404e972d2611e7ca6d6f - - default default] Unable to schedule network 65a34de4-be46-43a6-8a2f-268a47558ad1: no agents available; will retry on subsequent port and subnet creation events.
2026-07-15 06:04:12.103 9 INFO neutron.wsgi [req-c560e183-9e41-471b-b5f2-4a530f7d3295 req-920a6e63-4162-4c12-a54e-0e2a4f16af7a 6c745e20337d497badb5b9e71cea3755 efaf55332bf846089e741d0c63ca6c23 - - default default] 10.0.0.240 "POST /v2.0/security-groups HTTP/1.1" status: 201 len: 1825 time: 0.9169893
2026-07-15 06:04:12.351 9 INFO neutron.db.ovn_revision_numbers_db [None req-4eefbd46-8c2f-445a-9651-501577143e13 b74d0f6850a24e4db72747476cff5a28 793826d128cb404e972d2611e7ca6d6f - - default default] Successfully bumped revision number for resource 811ada60-8567-4cce-8f48-dcb4d782a11d (type: router_ports) to 1
2026-07-15 06:04:12.353 9 INFO neutron.wsgi [None req-4eefbd46-8c2f-445a-9651-501577143e13 b74d0f6850a24e4db72747476cff5a28 793826d128cb404e972d2611e7ca6d6f - - default default] 10.0.0.181 "PUT /v2.0/routers/0acba756-e404-4f86-857d-dc0531299ca1/add_router_interface HTTP/1.1" status: 200 len: 503 time: 3.1443114
2026-07-15 06:04:12.414 9 WARNING neutron.scheduler.dhcp_agent_scheduler [None req-4d5c244b-b65e-4af1-a417-36960d6b9d4c b74d0f6850a24e4db72747476cff5a28 793826d128cb404e972d2611e7ca6d6f - - default default] No more DHCP agents
2026-07-15 06:04:12.429 9 WARNING neutron.api.rpc.agentnotifiers.dhcp_rpc_agent_api [None req-4d5c244b-b65e-4af1-a417-36960d6b9d4c b74d0f6850a24e4db72747476cff5a28 793826d128cb404e972d2611e7ca6d6f - - default default] Unable to schedule network 85d8c101-1625-4351-9175-849136598975: no agents available; will retry on subsequent port and subnet creation events.
2026-07-15 06:04:12.623 9 INFO neutron.wsgi [req-bdc08967-bc0b-4012-9583-f2939ad00950 req-805b7687-959d-4267-9e38-4d0503fe06b3 6c745e20337d497badb5b9e71cea3755 efaf55332bf846089e741d0c63ca6c23 - - default default] 10.0.0.240 "GET /v2.0/security-groups/14619637-d7ee-4b73-a399-adf92436f3b6 HTTP/1.1" status: 200 len: 1820 time: 0.1338799
2026-07-15 06:04:12.639 9 WARNING neutron_lib.context [req-bdc08967-bc0b-4012-9583-f2939ad00950 req-27d764b3-208b-4d06-ab14-f0e26b23d93e 6c745e20337d497badb5b9e71cea3755 efaf55332bf846089e741d0c63ca6c23 - - default default] Method 'is_advsvc' is deprecated since 2023.2 release (neutron-lib 3.8.0) and will be removed once support for the old RBAC API policies will be removed from Neutron. Please use method 'is_service_role' instead.
2026-07-15 06:04:12.642 9 INFO neutron.db.ovn_revision_numbers_db [None req-4d5c244b-b65e-4af1-a417-36960d6b9d4c b74d0f6850a24e4db72747476cff5a28 793826d128cb404e972d2611e7ca6d6f - - default default] Successfully bumped revision number for resource c10d0317-023b-42f2-a02a-0baa510ce01a (type: ports) to 1
2026-07-15 06:04:12.914 10 WARNING neutron_lib.context [None req-bf9f69bd-1b4a-4377-b0e0-8572f14a9ef6 f985aa3010194e83b70008b6d7670d86 1833f64013694363a973c43391d4eeb5 - - default default] Method 'is_advsvc' is deprecated since 2023.2 release (neutron-lib 3.8.0) and will be removed once support for the old RBAC API policies will be removed from Neutron. Please use method 'is_service_role' instead.
2026-07-15 06:04:13.143 9 INFO neutron.db.ovn_revision_numbers_db [req-bdc08967-bc0b-4012-9583-f2939ad00950 req-27d764b3-208b-4d06-ab14-f0e26b23d93e 6c745e20337d497badb5b9e71cea3755 efaf55332bf846089e741d0c63ca6c23 - - default default] Successfully bumped revision number for resource 81091a2f-0fc2-48e3-a798-e7885e185ea3 (type: security_group_rules) to 0
2026-07-15 06:04:13.161 10 INFO neutron.db.ovn_revision_numbers_db [None req-cfe4ec0f-e9eb-4022-ad5a-132c55c521e2 - - - - - -] Successfully bumped revision number for resource 0f749d83-8760-4f14-9bda-d37e9ea5ce22 (type: ports) to 1
2026-07-15 06:04:13.180 10 INFO neutron.db.ovn_revision_numbers_db [None req-bf9f69bd-1b4a-4377-b0e0-8572f14a9ef6 f985aa3010194e83b70008b6d7670d86 1833f64013694363a973c43391d4eeb5 - - default default] Successfully bumped revision number for resource d24ab26e-b59b-4534-b483-de5ae645261d (type: security_groups) to 1
2026-07-15 06:04:13.185 9 INFO neutron.wsgi [req-bdc08967-bc0b-4012-9583-f2939ad00950 req-27d764b3-208b-4d06-ab14-f0e26b23d93e 6c745e20337d497badb5b9e71cea3755 efaf55332bf846089e741d0c63ca6c23 - - default default] 10.0.0.240 "POST /v2.0/security-group-rules HTTP/1.1" status: 201 len: 786 time: 0.5518076
2026-07-15 06:04:13.208 10 INFO neutron.db.ovn_revision_numbers_db [None req-bf9f69bd-1b4a-4377-b0e0-8572f14a9ef6 f985aa3010194e83b70008b6d7670d86 1833f64013694363a973c43391d4eeb5 - - default default] Successfully bumped revision number for resource 672619f3-0f21-475b-bb00-5822e01d9a3c (type: security_group_rules) to 0
2026-07-15 06:04:13.229 9 WARNING neutron_lib.context [req-a71c08f4-8b70-45a9-bdef-cd79688d337c req-79c5e713-a206-484c-8854-daf7bb126a9d 6c745e20337d497badb5b9e71cea3755 efaf55332bf846089e741d0c63ca6c23 - - default default] Method 'is_advsvc' is deprecated since 2023.2 release (neutron-lib 3.8.0) and will be removed once support for the old RBAC API policies will be removed from Neutron. Please use method 'is_service_role' instead.
2026-07-15 06:04:13.246 10 INFO neutron.db.ovn_revision_numbers_db [None req-bf9f69bd-1b4a-4377-b0e0-8572f14a9ef6 f985aa3010194e83b70008b6d7670d86 1833f64013694363a973c43391d4eeb5 - - default default] Successfully bumped revision number for resource 8e955955-e08b-4f6c-b103-9633b0a24134 (type: security_group_rules) to 0
