2026-07-15 06:06:16.920 9 INFO neutron.wsgi [None req-742dd17b-9da2-470d-9692-6546e13e2e30 b74d0f6850a24e4db72747476cff5a28 793826d128cb404e972d2611e7ca6d6f - - default default] 10.0.0.119 "GET /v2.0/ports HTTP/1.1" status: 200 len: 7118 time: 0.2847400
2026-07-15 06:06:16.942 9 INFO neutron.wsgi [None req-f324f651-9125-4f43-ae95-7f02c8d20194 b74d0f6850a24e4db72747476cff5a28 793826d128cb404e972d2611e7ca6d6f - - default default] 10.0.0.119 "GET /v2.0/network-ip-availabilities HTTP/1.1" status: 200 len: 1564 time: 0.0184708
2026-07-15 06:06:16.976 9 INFO neutron.wsgi [None req-21c10478-1b49-4ae7-a741-82214e708812 b74d0f6850a24e4db72747476cff5a28 793826d128cb404e972d2611e7ca6d6f - - default default] 10.0.0.119 "GET /v2.0/floatingips HTTP/1.1" status: 200 len: 193 time: 0.0318475
2026-07-15 06:06:17.033 9 INFO neutron.wsgi [None req-a8977b20-5ee0-42a6-8aaa-ed0c47d8df46 b74d0f6850a24e4db72747476cff5a28 793826d128cb404e972d2611e7ca6d6f - - default default] 10.0.0.119 "GET /v2.0/security-groups HTTP/1.1" status: 200 len: 19583 time: 0.0552809
2026-07-15 06:06:17.078 9 INFO neutron.wsgi [None req-3c3767be-585a-4643-92e0-ad38da6ef59b b74d0f6850a24e4db72747476cff5a28 793826d128cb404e972d2611e7ca6d6f - - default default] 10.0.0.119 "GET /v2.0/subnets HTTP/1.1" status: 200 len: 1437 time: 0.0410860
2026-07-15 06:06:17.114 9 INFO neutron.wsgi [None req-9835ea0e-166d-43c2-b4ee-96be428e02df b74d0f6850a24e4db72747476cff5a28 793826d128cb404e972d2611e7ca6d6f - - default default] 10.0.0.119 "GET /v2.0/routers HTTP/1.1" status: 200 len: 189 time: 0.0339208
2026-07-15 06:06:17.126 9 INFO neutron.wsgi [None req-9f9bb4a7-8227-4a5b-91d9-9d9b88adb432 b74d0f6850a24e4db72747476cff5a28 793826d128cb404e972d2611e7ca6d6f - - default default] 10.0.0.119 "GET /v2.0/agents?binary=ovn-controller HTTP/1.1" status: 200 len: 591 time: 0.0112658
2026-07-15 06:06:17.159 9 INFO neutron.wsgi [None req-ea9bb4f4-8b1a-4da7-9b20-642a6d8b0cc4 b74d0f6850a24e4db72747476cff5a28 793826d128cb404e972d2611e7ca6d6f - - default default] 10.0.0.119 "GET /v2.0/subnets HTTP/1.1" status: 200 len: 1437 time: 0.0320261
2026-07-15 06:06:17.173 9 INFO neutron.wsgi [None req-10cd8079-4b94-4699-a4bb-db86a227c36b b74d0f6850a24e4db72747476cff5a28 793826d128cb404e972d2611e7ca6d6f - - default default] 10.0.0.119 "GET /v2.0/subnetpools HTTP/1.1" status: 200 len: 193 time: 0.0133896
2026-07-15 06:06:17.286 10 INFO neutron.wsgi [None req-1b2f4017-7fa3-4f74-9f32-9d329bbef565 32f4c6f567d748e09bf6a44d24e24b69 452dfe8526bf486b866bf0bd2b1b92f2 - - default default] 10.0.0.181 "DELETE /v2.0/ports/7ed38cdc-7c04-48c0-99e1-74e2d10c2d57 HTTP/1.1" status: 204 len: 168 time: 0.5823507
2026-07-15 06:06:17.309 9 INFO neutron.wsgi [None req-d0deb6d1-8f3e-4fd4-9c04-2535c76dac78 b74d0f6850a24e4db72747476cff5a28 793826d128cb404e972d2611e7ca6d6f - - default default] 10.0.0.119 "GET /v2.0/networks HTTP/1.1" status: 200 len: 3073 time: 0.1352232
2026-07-15 06:06:17.325 9 INFO neutron.wsgi [None req-f047ea56-e279-4de7-b222-2fa25907988a b74d0f6850a24e4db72747476cff5a28 793826d128cb404e972d2611e7ca6d6f - - default default] 10.0.0.119 "GET /v2.0/agents HTTP/1.1" status: 200 len: 997 time: 0.0138276
2026-07-15 06:06:17.523 10 WARNING neutron_lib.context [None req-4a46b0fd-60e1-4da7-9435-a8791fb55d53 18200247d5aa468faa00f6ab5dcc944b 5fb18de8127546259afe0b759a9e0af3 - - default default] Method 'is_advsvc' is deprecated since 2023.2 release (neutron-lib 3.8.0) and will be removed once support for the old RBAC API policies will be removed from Neutron. Please use method 'is_service_role' instead.
2026-07-15 06:06:17.676 9 INFO neutron.db.ovn_revision_numbers_db [None req-77d07bd2-d602-42d4-8604-4586156eea2f b74d0f6850a24e4db72747476cff5a28 793826d128cb404e972d2611e7ca6d6f - - default default] Successfully bumped revision number for resource b237c3b2-c55b-4735-a1b3-44960bb51380 (type: security_groups) to 1
2026-07-15 06:06:17.698 9 INFO neutron.db.ovn_revision_numbers_db [None req-77d07bd2-d602-42d4-8604-4586156eea2f b74d0f6850a24e4db72747476cff5a28 793826d128cb404e972d2611e7ca6d6f - - default default] Successfully bumped revision number for resource 03d08115-9140-452c-b2f4-85bfeba83de5 (type: security_group_rules) to 0
2026-07-15 06:06:17.716 9 INFO neutron.db.ovn_revision_numbers_db [None req-77d07bd2-d602-42d4-8604-4586156eea2f b74d0f6850a24e4db72747476cff5a28 793826d128cb404e972d2611e7ca6d6f - - default default] Successfully bumped revision number for resource 6e35c9e1-f42a-46f7-8680-08a57954354d (type: security_group_rules) to 0
2026-07-15 06:06:17.734 9 INFO neutron.db.ovn_revision_numbers_db [None req-77d07bd2-d602-42d4-8604-4586156eea2f b74d0f6850a24e4db72747476cff5a28 793826d128cb404e972d2611e7ca6d6f - - default default] Successfully bumped revision number for resource d9510051-97c4-4e01-b0b5-95b60b28c1c7 (type: security_group_rules) to 0
2026-07-15 06:06:17.757 9 INFO neutron.db.ovn_revision_numbers_db [None req-77d07bd2-d602-42d4-8604-4586156eea2f b74d0f6850a24e4db72747476cff5a28 793826d128cb404e972d2611e7ca6d6f - - default default] Successfully bumped revision number for resource fb6f9e22-de5a-4577-8ec3-d0be6f504e3e (type: security_group_rules) to 0
2026-07-15 06:06:17.773 10 INFO neutron.wsgi [None req-47ed2221-9e5b-4c33-a833-8995a330ad6b 32f4c6f567d748e09bf6a44d24e24b69 452dfe8526bf486b866bf0bd2b1b92f2 - - default default] 10.0.0.181 "DELETE /v2.0/networks/4ad0b56e-ac23-4b8d-a5dc-814e5cdf7d9d HTTP/1.1" status: 204 len: 168 time: 0.4826863
2026-07-15 06:06:17.799 10 INFO neutron.db.ovn_revision_numbers_db [None req-4a46b0fd-60e1-4da7-9435-a8791fb55d53 18200247d5aa468faa00f6ab5dcc944b 5fb18de8127546259afe0b759a9e0af3 - - default default] Successfully bumped revision number for resource 07c7e71b-1968-45a0-bbc7-0b9b923a8274 (type: security_groups) to 1
2026-07-15 06:06:17.814 9 INFO neutron.db.segments_db [None req-77d07bd2-d602-42d4-8604-4586156eea2f b74d0f6850a24e4db72747476cff5a28 793826d128cb404e972d2611e7ca6d6f - - default default] Added segment d9e646f3-7842-46ed-ac86-b45ac7fea3c4 of type geneve for network 7874f882-9874-40f0-9640-64cea29e72bd
2026-07-15 06:06:17.815 10 INFO neutron.db.ovn_revision_numbers_db [None req-4a46b0fd-60e1-4da7-9435-a8791fb55d53 18200247d5aa468faa00f6ab5dcc944b 5fb18de8127546259afe0b759a9e0af3 - - default default] Successfully bumped revision number for resource 6ba9e248-468b-4eb0-a110-6112554f952f (type: security_group_rules) to 0
2026-07-15 06:06:17.838 10 INFO neutron.db.ovn_revision_numbers_db [None req-4a46b0fd-60e1-4da7-9435-a8791fb55d53 18200247d5aa468faa00f6ab5dcc944b 5fb18de8127546259afe0b759a9e0af3 - - default default] Successfully bumped revision number for resource cc8ac8ab-7cc7-487d-9a52-50a1e2deac23 (type: security_group_rules) to 0
2026-07-15 06:06:17.872 10 INFO neutron.db.ovn_revision_numbers_db [None req-4a46b0fd-60e1-4da7-9435-a8791fb55d53 18200247d5aa468faa00f6ab5dcc944b 5fb18de8127546259afe0b759a9e0af3 - - default default] Successfully bumped revision number for resource f933d109-b1a6-4d6a-a9c5-24be41d8a876 (type: security_group_rules) to 0
2026-07-15 06:06:17.891 10 INFO neutron.db.ovn_revision_numbers_db [None req-4a46b0fd-60e1-4da7-9435-a8791fb55d53 18200247d5aa468faa00f6ab5dcc944b 5fb18de8127546259afe0b759a9e0af3 - - default default] Successfully bumped revision number for resource fc1d68b7-6c39-4759-a5a1-baab130610b2 (type: security_group_rules) to 0
2026-07-15 06:06:17.942 10 INFO neutron.db.segments_db [None req-4a46b0fd-60e1-4da7-9435-a8791fb55d53 18200247d5aa468faa00f6ab5dcc944b 5fb18de8127546259afe0b759a9e0af3 - - default default] Added segment 1036d158-8b11-4305-b8e3-3c09543de5a9 of type geneve for network 0d54dfaf-6512-4f9d-8149-f930b6d5419e
2026-07-15 06:06:18.012 9 INFO neutron.db.ovn_revision_numbers_db [None req-77d07bd2-d602-42d4-8604-4586156eea2f b74d0f6850a24e4db72747476cff5a28 793826d128cb404e972d2611e7ca6d6f - - default default] Successfully bumped revision number for resource 7874f882-9874-40f0-9640-64cea29e72bd (type: networks) to 1
2026-07-15 06:06:18.117 10 INFO neutron.db.ovn_revision_numbers_db [None req-4a46b0fd-60e1-4da7-9435-a8791fb55d53 18200247d5aa468faa00f6ab5dcc944b 5fb18de8127546259afe0b759a9e0af3 - - default default] Successfully bumped revision number for resource 0d54dfaf-6512-4f9d-8149-f930b6d5419e (type: networks) to 1
2026-07-15 06:06:18.228 9 WARNING neutron.scheduler.dhcp_agent_scheduler [None req-77d07bd2-d602-42d4-8604-4586156eea2f b74d0f6850a24e4db72747476cff5a28 793826d128cb404e972d2611e7ca6d6f - - default default] No more DHCP agents
2026-07-15 06:06:18.233 9 WARNING neutron.api.rpc.agentnotifiers.dhcp_rpc_agent_api [None req-77d07bd2-d602-42d4-8604-4586156eea2f b74d0f6850a24e4db72747476cff5a28 793826d128cb404e972d2611e7ca6d6f - - default default] Unable to schedule network 7874f882-9874-40f0-9640-64cea29e72bd: no agents available; will retry on subsequent port and subnet creation events.
2026-07-15 06:06:18.337 9 INFO neutron.db.ovn_revision_numbers_db [None req-77d07bd2-d602-42d4-8604-4586156eea2f b74d0f6850a24e4db72747476cff5a28 793826d128cb404e972d2611e7ca6d6f - - default default] Successfully bumped revision number for resource 3fd506fe-17f2-43ff-a6ef-6d0741915117 (type: ports) to 1
2026-07-15 06:06:18.357 10 WARNING neutron.scheduler.dhcp_agent_scheduler [None req-4a46b0fd-60e1-4da7-9435-a8791fb55d53 18200247d5aa468faa00f6ab5dcc944b 5fb18de8127546259afe0b759a9e0af3 - - default default] No more DHCP agents
2026-07-15 06:06:18.365 10 INFO neutron.services.segments.plugin [-] Segment 8507654c-e927-4010-89f3-8776953e153e resource provider aggregate not found
2026-07-15 06:06:18.365 9 INFO neutron.wsgi [None req-77d07bd2-d602-42d4-8604-4586156eea2f b74d0f6850a24e4db72747476cff5a28 793826d128cb404e972d2611e7ca6d6f - - default default] 10.0.0.181 "POST /v2.0/networks HTTP/1.1" status: 201 len: 943 time: 1.0354545
2026-07-15 06:06:18.377 10 WARNING neutron.api.rpc.agentnotifiers.dhcp_rpc_agent_api [None req-4a46b0fd-60e1-4da7-9435-a8791fb55d53 18200247d5aa468faa00f6ab5dcc944b 5fb18de8127546259afe0b759a9e0af3 - - default default] Unable to schedule network 0d54dfaf-6512-4f9d-8149-f930b6d5419e: no agents available; will retry on subsequent port and subnet creation events.
2026-07-15 06:06:18.388 10 INFO neutron.services.segments.plugin [-] Segment 8507654c-e927-4010-89f3-8776953e153e resource provider aggregate not found
2026-07-15 06:06:18.393 10 INFO neutron.services.segments.plugin [-] Segment 8507654c-e927-4010-89f3-8776953e153e resource provider not found; error: Placement Client Error (4xx): {"errors": [{"status": 404, "title": "Not Found", "detail": "The resource could not be found.\n\n No resource provider with uuid 8507654c-e927-4010-89f3-8776953e153e found for delete ", "request_id": "req-95e7cbc9-2222-40b0-a30e-1e48bf799b05"}]}
2026-07-15 06:06:18.413 10 WARNING neutron_lib.context [None req-3073d03c-5c34-4eab-b04b-bbe007057c16 169ccaa5353a42aca7713e6b5707d654 e4b30b5bb7a3435b8ab37cffe4e0e758 - - default default] Method 'is_advsvc' is deprecated since 2023.2 release (neutron-lib 3.8.0) and will be removed once support for the old RBAC API policies will be removed from Neutron. Please use method 'is_service_role' instead.
2026-07-15 06:06:18.420 10 INFO neutron.services.segments.plugin [-] Segment 8507654c-e927-4010-89f3-8776953e153e resource provider not found; error: Placement Client Error (4xx): {"errors": [{"status": 404, "title": "Not Found", "detail": "The resource could not be found.\n\n No resource provider with uuid 8507654c-e927-4010-89f3-8776953e153e found for delete ", "request_id": "req-36a73ee8-5edc-499d-a39c-98c6920cdcaf"}]}
2026-07-15 06:06:18.501 10 INFO neutron.wsgi [None req-a06544c7-26b3-44f6-a52e-0958817cf9ec b74d0f6850a24e4db72747476cff5a28 793826d128cb404e972d2611e7ca6d6f - - default default] 10.0.0.181 "GET /v2.0/security-groups?tenant_id=452dfe8526bf486b866bf0bd2b1b92f2&name=default HTTP/1.1" status: 200 len: 2996 time: 0.1844203
2026-07-15 06:06:18.525 10 INFO neutron.db.ovn_revision_numbers_db [None req-4a46b0fd-60e1-4da7-9435-a8791fb55d53 18200247d5aa468faa00f6ab5dcc944b 5fb18de8127546259afe0b759a9e0af3 - - default default] Successfully bumped revision number for resource 57633ca2-8375-41e6-8d6b-78588f7ea443 (type: ports) to 1
2026-07-15 06:06:18.540 9 WARNING neutron.scheduler.dhcp_agent_scheduler [None req-b516391c-249e-4ee6-afd2-c7e21e585660 b74d0f6850a24e4db72747476cff5a28 793826d128cb404e972d2611e7ca6d6f - - default default] No more DHCP agents
2026-07-15 06:06:18.544 9 WARNING neutron.api.rpc.agentnotifiers.dhcp_rpc_agent_api [None req-b516391c-249e-4ee6-afd2-c7e21e585660 b74d0f6850a24e4db72747476cff5a28 793826d128cb404e972d2611e7ca6d6f - - default default] Unable to schedule network 7874f882-9874-40f0-9640-64cea29e72bd: no agents available; will retry on subsequent port and subnet creation events.
2026-07-15 06:06:18.578 10 INFO neutron.wsgi [None req-4a46b0fd-60e1-4da7-9435-a8791fb55d53 18200247d5aa468faa00f6ab5dcc944b 5fb18de8127546259afe0b759a9e0af3 - - default default] 10.0.0.181 "POST /v2.0/networks HTTP/1.1" status: 201 len: 843 time: 1.3093603
2026-07-15 06:06:18.623 9 WARNING neutron_lib.context [None req-5ad6257d-c058-465a-be2b-9dcb65fd0c33 18200247d5aa468faa00f6ab5dcc944b 5fb18de8127546259afe0b759a9e0af3 - - default default] Method 'is_advsvc' is deprecated since 2023.2 release (neutron-lib 3.8.0) and will be removed once support for the old RBAC API policies will be removed from Neutron. Please use method 'is_service_role' instead.
2026-07-15 06:06:18.680 10 INFO neutron.db.ovn_revision_numbers_db [None req-3073d03c-5c34-4eab-b04b-bbe007057c16 169ccaa5353a42aca7713e6b5707d654 e4b30b5bb7a3435b8ab37cffe4e0e758 - - default default] Successfully bumped revision number for resource ee545bc6-c025-4af4-8ff7-4b6dbdf1a35f (type: security_groups) to 1
2026-07-15 06:06:18.703 10 INFO neutron.db.ovn_revision_numbers_db [None req-3073d03c-5c34-4eab-b04b-bbe007057c16 169ccaa5353a42aca7713e6b5707d654 e4b30b5bb7a3435b8ab37cffe4e0e758 - - default default] Successfully bumped revision number for resource 103e17fb-82a6-4e0a-8ff4-32586574fdf6 (type: security_group_rules) to 0
2026-07-15 06:06:18.725 10 INFO neutron.db.ovn_revision_numbers_db [None req-3073d03c-5c34-4eab-b04b-bbe007057c16 169ccaa5353a42aca7713e6b5707d654 e4b30b5bb7a3435b8ab37cffe4e0e758 - - default default] Successfully bumped revision number for resource 68051f6c-519c-4d17-8a1d-e848e5a2c1c9 (type: security_group_rules) to 0
2026-07-15 06:06:18.745 10 INFO neutron.db.ovn_revision_numbers_db [None req-3073d03c-5c34-4eab-b04b-bbe007057c16 169ccaa5353a42aca7713e6b5707d654 e4b30b5bb7a3435b8ab37cffe4e0e758 - - default default] Successfully bumped revision number for resource 7f202881-2c44-4d4a-9f7d-56efbdade465 (type: security_group_rules) to 0
2026-07-15 06:06:18.761 10 INFO neutron.db.ovn_revision_numbers_db [None req-3073d03c-5c34-4eab-b04b-bbe007057c16 169ccaa5353a42aca7713e6b5707d654 e4b30b5bb7a3435b8ab37cffe4e0e758 - - default default] Successfully bumped revision number for resource d83aa8cc-ebc3-4373-9eba-6e314de1be1e (type: security_group_rules) to 0
2026-07-15 06:06:18.828 10 INFO neutron.wsgi [None req-96c2aaaf-1073-45d5-94ba-dff086e6cafc b74d0f6850a24e4db72747476cff5a28 793826d128cb404e972d2611e7ca6d6f - - default default] 10.0.0.181 "DELETE /v2.0/security-groups/255aec74-f0ba-420b-a5a1-07a84be6d3a7 HTTP/1.1" status: 204 len: 168 time: 0.3174901
2026-07-15 06:06:18.859 10 INFO neutron.db.ovn_revision_numbers_db [None req-3073d03c-5c34-4eab-b04b-bbe007057c16 169ccaa5353a42aca7713e6b5707d654 e4b30b5bb7a3435b8ab37cffe4e0e758 - - default default] Successfully bumped revision number for resource 4413d5d5-a361-48e9-917d-2118369a2058 (type: security_groups) to 1
2026-07-15 06:06:18.876 10 INFO neutron.db.ovn_revision_numbers_db [None req-3073d03c-5c34-4eab-b04b-bbe007057c16 169ccaa5353a42aca7713e6b5707d654 e4b30b5bb7a3435b8ab37cffe4e0e758 - - default default] Successfully bumped revision number for resource 24afc378-bbd8-4f02-be49-541d0ef1de86 (type: security_group_rules) to 0
2026-07-15 06:06:18.889 10 INFO neutron.db.ovn_revision_numbers_db [None req-3073d03c-5c34-4eab-b04b-bbe007057c16 169ccaa5353a42aca7713e6b5707d654 e4b30b5bb7a3435b8ab37cffe4e0e758 - - default default] Successfully bumped revision number for resource 444f8b47-9008-43c5-8207-f57b989f1102 (type: security_group_rules) to 0
2026-07-15 06:06:18.908 10 INFO neutron.wsgi [None req-3073d03c-5c34-4eab-b04b-bbe007057c16 169ccaa5353a42aca7713e6b5707d654 e4b30b5bb7a3435b8ab37cffe4e0e758 - - default default] 10.0.0.181 "POST /v2.0/security-groups HTTP/1.1" status: 201 len: 1761 time: 0.6984699
2026-07-15 06:06:18.956 9 WARNING neutron.scheduler.dhcp_agent_scheduler [None req-5ad6257d-c058-465a-be2b-9dcb65fd0c33 18200247d5aa468faa00f6ab5dcc944b 5fb18de8127546259afe0b759a9e0af3 - - default default] No more DHCP agents
2026-07-15 06:06:18.961 9 WARNING neutron.api.rpc.agentnotifiers.dhcp_rpc_agent_api [None req-5ad6257d-c058-465a-be2b-9dcb65fd0c33 18200247d5aa468faa00f6ab5dcc944b 5fb18de8127546259afe0b759a9e0af3 - - default default] Unable to schedule network 0d54dfaf-6512-4f9d-8149-f930b6d5419e: no agents available; will retry on subsequent port and subnet creation events.
2026-07-15 06:06:18.961 10 INFO neutron.wsgi [None req-9a1ecbcc-b18d-4242-b537-fcccd0a0f2a6 169ccaa5353a42aca7713e6b5707d654 e4b30b5bb7a3435b8ab37cffe4e0e758 - - default default] 10.0.0.181 "GET /v2.0/security-groups HTTP/1.1" status: 200 len: 4539 time: 0.0462139
2026-07-15 06:06:19.046 10 INFO neutron.db.ovn_revision_numbers_db [None req-a420c345-8864-49ee-91ba-4b0c4540e04c 169ccaa5353a42aca7713e6b5707d654 e4b30b5bb7a3435b8ab37cffe4e0e758 - - default default] Successfully bumped revision number for resource 4413d5d5-a361-48e9-917d-2118369a2058 (type: security_groups) to 2
2026-07-15 06:06:19.049 10 INFO neutron.wsgi [None req-a420c345-8864-49ee-91ba-4b0c4540e04c 169ccaa5353a42aca7713e6b5707d654 e4b30b5bb7a3435b8ab37cffe4e0e758 - - default default] 10.0.0.181 "PUT /v2.0/security-groups/4413d5d5-a361-48e9-917d-2118369a2058 HTTP/1.1" status: 200 len: 1795 time: 0.0817835
2026-07-15 06:06:19.090 10 INFO neutron.wsgi [None req-7df1259d-f882-47cf-abf2-76edbf227f86 169ccaa5353a42aca7713e6b5707d654 e4b30b5bb7a3435b8ab37cffe4e0e758 - - default default] 10.0.0.181 "GET /v2.0/security-groups/4413d5d5-a361-48e9-917d-2118369a2058 HTTP/1.1" status: 200 len: 1795 time: 0.0331805
2026-07-15 06:06:19.210 10 INFO neutron.wsgi [None req-dfba89d9-d94d-4182-9c63-69bdf1056b67 169ccaa5353a42aca7713e6b5707d654 e4b30b5bb7a3435b8ab37cffe4e0e758 - - default default] 10.0.0.181 "DELETE /v2.0/security-groups/4413d5d5-a361-48e9-917d-2118369a2058 HTTP/1.1" status: 204 len: 168 time: 0.1140208
2026-07-15 06:06:19.257 10 INFO neutron.wsgi [None req-16e8dc11-f8e7-480a-b4df-4a3eb92e935e 169ccaa5353a42aca7713e6b5707d654 e4b30b5bb7a3435b8ab37cffe4e0e758 - - default default] 10.0.0.181 "GET /v2.0/security-groups HTTP/1.1" status: 200 len: 2996 time: 0.0395072
2026-07-15 06:06:19.276 10 INFO neutron.api.v2.resource [None req-f4aec743-4fb9-4899-b069-5eba481b6c9f 169ccaa5353a42aca7713e6b5707d654 e4b30b5bb7a3435b8ab37cffe4e0e758 - - default default] delete failed (client error): The resource could not be found.
2026-07-15 06:06:19.278 10 INFO neutron.wsgi [None req-f4aec743-4fb9-4899-b069-5eba481b6c9f 169ccaa5353a42aca7713e6b5707d654 e4b30b5bb7a3435b8ab37cffe4e0e758 - - default default] 10.0.0.181 "DELETE /v2.0/security-groups/4413d5d5-a361-48e9-917d-2118369a2058 HTTP/1.1" status: 404 len: 347 time: 0.0126247
2026-07-15 06:06:19.293 10 WARNING neutron_lib.context [None req-1c95fbf3-a2a7-4651-a60f-01e5750bac49 169ccaa5353a42aca7713e6b5707d654 e4b30b5bb7a3435b8ab37cffe4e0e758 - - default default] Method 'is_advsvc' is deprecated since 2023.2 release (neutron-lib 3.8.0) and will be removed once support for the old RBAC API policies will be removed from Neutron. Please use method 'is_service_role' instead.
2026-07-15 06:06:19.411 10 INFO neutron.db.ovn_revision_numbers_db [None req-1c95fbf3-a2a7-4651-a60f-01e5750bac49 169ccaa5353a42aca7713e6b5707d654 e4b30b5bb7a3435b8ab37cffe4e0e758 - - default default] Successfully bumped revision number for resource 87dda244-c042-4b43-a3d9-ee1e1a3a2efe (type: security_groups) to 1
2026-07-15 06:06:19.426 10 INFO neutron.db.ovn_revision_numbers_db [None req-1c95fbf3-a2a7-4651-a60f-01e5750bac49 169ccaa5353a42aca7713e6b5707d654 e4b30b5bb7a3435b8ab37cffe4e0e758 - - default default] Successfully bumped revision number for resource 6ceeb497-9987-4b20-b4ae-47a6838d37ca (type: security_group_rules) to 0
2026-07-15 06:06:19.441 10 INFO neutron.db.ovn_revision_numbers_db [None req-1c95fbf3-a2a7-4651-a60f-01e5750bac49 169ccaa5353a42aca7713e6b5707d654 e4b30b5bb7a3435b8ab37cffe4e0e758 - - default default] Successfully bumped revision number for resource 6e814f57-9908-48d5-8ae4-6f5cb7c86c1d (type: security_group_rules) to 0
2026-07-15 06:06:19.461 10 INFO neutron.wsgi [None req-1c95fbf3-a2a7-4651-a60f-01e5750bac49 169ccaa5353a42aca7713e6b5707d654 e4b30b5bb7a3435b8ab37cffe4e0e758 - - default default] 10.0.0.181 "POST /v2.0/security-groups HTTP/1.1" status: 201 len: 1759 time: 0.1756282
2026-07-15 06:06:19.473 10 WARNING neutron_lib.context [None req-bdfca3b1-9c08-41bd-bba8-8e49047d5457 169ccaa5353a42aca7713e6b5707d654 e4b30b5bb7a3435b8ab37cffe4e0e758 - - default default] Method 'is_advsvc' is deprecated since 2023.2 release (neutron-lib 3.8.0) and will be removed once support for the old RBAC API policies will be removed from Neutron. Please use method 'is_service_role' instead.
2026-07-15 06:06:19.612 10 INFO neutron.db.ovn_revision_numbers_db [None req-bdfca3b1-9c08-41bd-bba8-8e49047d5457 169ccaa5353a42aca7713e6b5707d654 e4b30b5bb7a3435b8ab37cffe4e0e758 - - default default] Successfully bumped revision number for resource 1d6ceec1-1d5c-410b-acc3-8add120175e5 (type: security_group_rules) to 0
2026-07-15 06:06:19.616 9 INFO neutron.db.ovn_revision_numbers_db [None req-b516391c-249e-4ee6-afd2-c7e21e585660 b74d0f6850a24e4db72747476cff5a28 793826d128cb404e972d2611e7ca6d6f - - default default] Successfully bumped revision number for resource 3fd506fe-17f2-43ff-a6ef-6d0741915117 (type: ports) to 2
2026-07-15 06:06:19.637 10 INFO neutron.wsgi [None req-bdfca3b1-9c08-41bd-bba8-8e49047d5457 169ccaa5353a42aca7713e6b5707d654 e4b30b5bb7a3435b8ab37cffe4e0e758 - - default default] 10.0.0.181 "POST /v2.0/security-group-rules HTTP/1.1" status: 201 len: 768 time: 0.1696057
2026-07-15 06:06:19.667 10 INFO neutron.wsgi [None req-e948754e-da04-416b-b4ab-04f76feb1dc1 169ccaa5353a42aca7713e6b5707d654 e4b30b5bb7a3435b8ab37cffe4e0e758 - - default default] 10.0.0.181 "GET /v2.0/security-group-rules/1d6ceec1-1d5c-410b-acc3-8add120175e5 HTTP/1.1" status: 200 len: 763 time: 0.0233121
2026-07-15 06:06:19.669 9 INFO neutron.db.ovn_revision_numbers_db [None req-b516391c-249e-4ee6-afd2-c7e21e585660 b74d0f6850a24e4db72747476cff5a28 793826d128cb404e972d2611e7ca6d6f - - default default] Successfully bumped revision number for resource c60485d2-ec46-4145-beaa-89dc5cae2671 (type: subnets) to 0
2026-07-15 06:06:19.707 9 INFO neutron.wsgi [None req-b516391c-249e-4ee6-afd2-c7e21e585660 b74d0f6850a24e4db72747476cff5a28 793826d128cb404e972d2611e7ca6d6f - - default default] 10.0.0.181 "POST /v2.0/subnets HTTP/1.1" status: 201 len: 863 time: 1.3374474
2026-07-15 06:06:19.742 10 INFO neutron.wsgi [None req-ec16f3b4-41c4-41d5-b0c4-9c4741e4cc89 169ccaa5353a42aca7713e6b5707d654 e4b30b5bb7a3435b8ab37cffe4e0e758 - - default default] 10.0.0.181 "GET /v2.0/security-group-rules HTTP/1.1" status: 200 len: 4113 time: 0.0689065
2026-07-15 06:06:19.860 10 INFO neutron.wsgi [None req-0e23f7ce-5879-4d88-9a4f-4104c018204d 169ccaa5353a42aca7713e6b5707d654 e4b30b5bb7a3435b8ab37cffe4e0e758 - - default default] 10.0.0.181 "DELETE /v2.0/security-group-rules/1d6ceec1-1d5c-410b-acc3-8add120175e5 HTTP/1.1" status: 204 len: 168 time: 0.1121461
2026-07-15 06:06:19.907 10 INFO neutron.wsgi [None req-36aeb802-6263-4a35-ab06-88223468b315 169ccaa5353a42aca7713e6b5707d654 e4b30b5bb7a3435b8ab37cffe4e0e758 - - default default] 10.0.0.181 "GET /v2.0/security-group-rules HTTP/1.1" status: 200 len: 3567 time: 0.0420544
2026-07-15 06:06:19.917 10 WARNING neutron_lib.context [None req-5b817ab6-2079-4373-8770-96ad8165083c 169ccaa5353a42aca7713e6b5707d654 e4b30b5bb7a3435b8ab37cffe4e0e758 - - default default] Method 'is_advsvc' is deprecated since 2023.2 release (neutron-lib 3.8.0) and will be removed once support for the old RBAC API policies will be removed from Neutron. Please use method 'is_service_role' instead.
2026-07-15 06:06:20.058 10 INFO neutron.db.ovn_revision_numbers_db [None req-5b817ab6-2079-4373-8770-96ad8165083c 169ccaa5353a42aca7713e6b5707d654 e4b30b5bb7a3435b8ab37cffe4e0e758 - - default default] Successfully bumped revision number for resource 8eeab04b-aa31-4821-840b-fd9d7f9dbdb3 (type: security_group_rules) to 0
2026-07-15 06:06:20.091 10 INFO neutron.wsgi [None req-5b817ab6-2079-4373-8770-96ad8165083c 169ccaa5353a42aca7713e6b5707d654 e4b30b5bb7a3435b8ab37cffe4e0e758 - - default default] 10.0.0.181 "POST /v2.0/security-group-rules HTTP/1.1" status: 201 len: 768 time: 0.1777127
2026-07-15 06:06:20.118 9 INFO neutron.db.ovn_revision_numbers_db [None req-5ad6257d-c058-465a-be2b-9dcb65fd0c33 18200247d5aa468faa00f6ab5dcc944b 5fb18de8127546259afe0b759a9e0af3 - - default default] Successfully bumped revision number for resource 57633ca2-8375-41e6-8d6b-78588f7ea443 (type: ports) to 2
2026-07-15 06:06:20.119 10 INFO neutron.wsgi [None req-cdca8b2f-4ad9-4cc2-bf7e-adfb0b65b97a 169ccaa5353a42aca7713e6b5707d654 e4b30b5bb7a3435b8ab37cffe4e0e758 - - default default] 10.0.0.181 "GET /v2.0/security-group-rules/8eeab04b-aa31-4821-840b-fd9d7f9dbdb3 HTTP/1.1" status: 200 len: 763 time: 0.0216429
2026-07-15 06:06:20.162 10 INFO neutron.wsgi [None req-3bbff2df-df01-4be4-99aa-bb46d473d0ab 169ccaa5353a42aca7713e6b5707d654 e4b30b5bb7a3435b8ab37cffe4e0e758 - - default default] 10.0.0.181 "GET /v2.0/security-group-rules HTTP/1.1" status: 200 len: 4113 time: 0.0389266
2026-07-15 06:06:20.170 9 INFO neutron.db.ovn_revision_numbers_db [None req-5ad6257d-c058-465a-be2b-9dcb65fd0c33 18200247d5aa468faa00f6ab5dcc944b 5fb18de8127546259afe0b759a9e0af3 - - default default] Successfully bumped revision number for resource 52f40c27-bf4a-480f-acc3-a4d296ca4b8f (type: subnets) to 0
2026-07-15 06:06:20.200 9 INFO neutron.wsgi [None req-5ad6257d-c058-465a-be2b-9dcb65fd0c33 18200247d5aa468faa00f6ab5dcc944b 5fb18de8127546259afe0b759a9e0af3 - - default default] 10.0.0.181 "POST /v2.0/subnets HTTP/1.1" status: 201 len: 816 time: 1.5837784
2026-07-15 06:06:20.211 9 WARNING neutron_lib.context [None req-51a71f05-a9d0-413c-a5b5-1beb9e20a80c 18200247d5aa468faa00f6ab5dcc944b 5fb18de8127546259afe0b759a9e0af3 - - default default] Method 'is_advsvc' is deprecated since 2023.2 release (neutron-lib 3.8.0) and will be removed once support for the old RBAC API policies will be removed from Neutron. Please use method 'is_service_role' instead.
2026-07-15 06:06:20.319 10 INFO neutron.wsgi [None req-d838b6f6-ccdb-44ad-9dec-f40e8db59083 169ccaa5353a42aca7713e6b5707d654 e4b30b5bb7a3435b8ab37cffe4e0e758 - - default default] 10.0.0.181 "DELETE /v2.0/security-group-rules/8eeab04b-aa31-4821-840b-fd9d7f9dbdb3 HTTP/1.1" status: 204 len: 168 time: 0.1445479
2026-07-15 06:06:20.323 9 INFO neutron.db.segments_db [None req-51a71f05-a9d0-413c-a5b5-1beb9e20a80c 18200247d5aa468faa00f6ab5dcc944b 5fb18de8127546259afe0b759a9e0af3 - - default default] Added segment 08f643c5-3bb1-466e-9e13-cf23a05db3ae of type geneve for network 947b964e-c6b3-43d3-bdc0-78d0f80ce04c
2026-07-15 06:06:20.366 10 INFO neutron.wsgi [None req-d8af2309-cc8d-4af3-8818-f708876fcea1 169ccaa5353a42aca7713e6b5707d654 e4b30b5bb7a3435b8ab37cffe4e0e758 - - default default] 10.0.0.181 "GET /v2.0/security-group-rules HTTP/1.1" status: 200 len: 3567 time: 0.0415421
2026-07-15 06:06:20.378 10 WARNING neutron_lib.context [None req-18227c7e-3d18-42e3-8663-43c720491cac 169ccaa5353a42aca7713e6b5707d654 e4b30b5bb7a3435b8ab37cffe4e0e758 - - default default] Method 'is_advsvc' is deprecated since 2023.2 release (neutron-lib 3.8.0) and will be removed once support for the old RBAC API policies will be removed from Neutron. Please use method 'is_service_role' instead.
2026-07-15 06:06:20.395 9 WARNING neutron.scheduler.dhcp_agent_scheduler [None req-083540ff-5cb7-4cdd-9bca-b416976b8482 b74d0f6850a24e4db72747476cff5a28 793826d128cb404e972d2611e7ca6d6f - - default default] No more DHCP agents
2026-07-15 06:06:20.400 9 WARNING neutron.api.rpc.agentnotifiers.dhcp_rpc_agent_api [None req-083540ff-5cb7-4cdd-9bca-b416976b8482 b74d0f6850a24e4db72747476cff5a28 793826d128cb404e972d2611e7ca6d6f - - default default] Unable to schedule network 85d8c101-1625-4351-9175-849136598975: no agents available; will retry on subsequent port and subnet creation events.
2026-07-15 06:06:20.530 9 INFO neutron.db.ovn_revision_numbers_db [None req-51a71f05-a9d0-413c-a5b5-1beb9e20a80c 18200247d5aa468faa00f6ab5dcc944b 5fb18de8127546259afe0b759a9e0af3 - - default default] Successfully bumped revision number for resource 947b964e-c6b3-43d3-bdc0-78d0f80ce04c (type: networks) to 1
2026-07-15 06:06:20.556 10 INFO neutron.db.ovn_revision_numbers_db [None req-18227c7e-3d18-42e3-8663-43c720491cac 169ccaa5353a42aca7713e6b5707d654 e4b30b5bb7a3435b8ab37cffe4e0e758 - - default default] Successfully bumped revision number for resource b0b9fade-0072-4e7c-8310-78627cd4570d (type: security_group_rules) to 0
2026-07-15 06:06:20.600 10 INFO neutron.wsgi [None req-18227c7e-3d18-42e3-8663-43c720491cac 169ccaa5353a42aca7713e6b5707d654 e4b30b5bb7a3435b8ab37cffe4e0e758 - - default default] 10.0.0.181 "POST /v2.0/security-group-rules HTTP/1.1" status: 201 len: 769 time: 0.2275324
2026-07-15 06:06:20.640 10 INFO neutron.wsgi [None req-e5e26504-dd5e-4d4c-9b4d-ab82855c5ac5 169ccaa5353a42aca7713e6b5707d654 e4b30b5bb7a3435b8ab37cffe4e0e758 - - default default] 10.0.0.181 "GET /v2.0/security-group-rules/b0b9fade-0072-4e7c-8310-78627cd4570d HTTP/1.1" status: 200 len: 764 time: 0.0261080
2026-07-15 06:06:20.689 9 INFO neutron.db.ovn_revision_numbers_db [None req-083540ff-5cb7-4cdd-9bca-b416976b8482 b74d0f6850a24e4db72747476cff5a28 793826d128cb404e972d2611e7ca6d6f - - default default] Successfully bumped revision number for resource 3c46fceb-2126-4265-acb2-401c245fd7ca (type: ports) to 1
2026-07-15 06:06:20.701 10 INFO neutron.wsgi [None req-427e7f49-66f3-47b3-9f4f-7b495cda1117 169ccaa5353a42aca7713e6b5707d654 e4b30b5bb7a3435b8ab37cffe4e0e758 - - default default] 10.0.0.181 "GET /v2.0/security-group-rules HTTP/1.1" status: 200 len: 4114 time: 0.0561330
2026-07-15 06:06:20.787 10 WARNING neutron_lib.context [None req-59723c8b-8629-4fa5-b069-30c537b7f460 f9f761aea1644e32aa772afdf360e6fa 42cda0d620ff4707b672f72e172b26aa - - default default] Method 'is_advsvc' is deprecated since 2023.2 release (neutron-lib 3.8.0) and will be removed once support for the old RBAC API policies will be removed from Neutron. Please use method 'is_service_role' instead.
2026-07-15 06:06:20.852 9 WARNING neutron.scheduler.dhcp_agent_scheduler [None req-51a71f05-a9d0-413c-a5b5-1beb9e20a80c 18200247d5aa468faa00f6ab5dcc944b 5fb18de8127546259afe0b759a9e0af3 - - default default] No more DHCP agents
2026-07-15 06:06:20.856 9 WARNING neutron.api.rpc.agentnotifiers.dhcp_rpc_agent_api [None req-51a71f05-a9d0-413c-a5b5-1beb9e20a80c 18200247d5aa468faa00f6ab5dcc944b 5fb18de8127546259afe0b759a9e0af3 - - default default] Unable to schedule network 947b964e-c6b3-43d3-bdc0-78d0f80ce04c: no agents available; will retry on subsequent port and subnet creation events.
2026-07-15 06:06:20.954 10 INFO neutron.db.ovn_revision_numbers_db [None req-59723c8b-8629-4fa5-b069-30c537b7f460 f9f761aea1644e32aa772afdf360e6fa 42cda0d620ff4707b672f72e172b26aa - - default default] Successfully bumped revision number for resource 3a0b440f-005f-4288-b4ac-b995fb71a0d7 (type: security_groups) to 1
2026-07-15 06:06:20.972 10 INFO neutron.db.ovn_revision_numbers_db [None req-59723c8b-8629-4fa5-b069-30c537b7f460 f9f761aea1644e32aa772afdf360e6fa 42cda0d620ff4707b672f72e172b26aa - - default default] Successfully bumped revision number for resource 0869b3b3-728f-4af8-9102-ddbd81bb765f (type: security_group_rules) to 0
2026-07-15 06:06:20.986 10 INFO neutron.db.ovn_revision_numbers_db [None req-59723c8b-8629-4fa5-b069-30c537b7f460 f9f761aea1644e32aa772afdf360e6fa 42cda0d620ff4707b672f72e172b26aa - - default default] Successfully bumped revision number for resource 7024e1a4-cc6e-47b5-a7e8-a5359f19c4c5 (type: security_group_rules) to 0
2026-07-15 06:06:21.004 10 INFO neutron.db.ovn_revision_numbers_db [None req-59723c8b-8629-4fa5-b069-30c537b7f460 f9f761aea1644e32aa772afdf360e6fa 42cda0d620ff4707b672f72e172b26aa - - default default] Successfully bumped revision number for resource 928ce2ad-5c34-4fb8-8a79-86e2f56604a2 (type: security_group_rules) to 0
2026-07-15 06:06:21.019 9 INFO neutron.db.ovn_revision_numbers_db [None req-51a71f05-a9d0-413c-a5b5-1beb9e20a80c 18200247d5aa468faa00f6ab5dcc944b 5fb18de8127546259afe0b759a9e0af3 - - default default] Successfully bumped revision number for resource cb12e080-ed0a-48c3-894f-eb034db0b51d (type: ports) to 1
2026-07-15 06:06:21.022 10 INFO neutron.db.ovn_revision_numbers_db [None req-59723c8b-8629-4fa5-b069-30c537b7f460 f9f761aea1644e32aa772afdf360e6fa 42cda0d620ff4707b672f72e172b26aa - - default default] Successfully bumped revision number for resource e7423fb0-0d59-4178-8034-9c2f3bda1588 (type: security_group_rules) to 0
2026-07-15 06:06:21.044 9 INFO neutron.wsgi [None req-1250602c-56a4-4d68-846f-433fe6b184ae 169ccaa5353a42aca7713e6b5707d654 e4b30b5bb7a3435b8ab37cffe4e0e758 - - default default] 10.0.0.181 "DELETE /v2.0/security-group-rules/b0b9fade-0072-4e7c-8310-78627cd4570d HTTP/1.1" status: 204 len: 168 time: 0.3368325
2026-07-15 06:06:21.061 9 INFO neutron.wsgi [None req-51a71f05-a9d0-413c-a5b5-1beb9e20a80c 18200247d5aa468faa00f6ab5dcc944b 5fb18de8127546259afe0b759a9e0af3 - - default default] 10.0.0.181 "POST /v2.0/networks HTTP/1.1" status: 201 len: 843 time: 0.8542624
2026-07-15 06:06:21.077 10 INFO neutron.db.segments_db [None req-59723c8b-8629-4fa5-b069-30c537b7f460 f9f761aea1644e32aa772afdf360e6fa 42cda0d620ff4707b672f72e172b26aa - - default default] Added segment 7a30c831-4aa3-4582-a2a7-4fcb3754927e of type geneve for network dd9a89f4-5810-405e-af7f-d33aea47a30e
2026-07-15 06:06:21.103 10 INFO neutron.wsgi [None req-8f28eeb0-a55e-4680-8910-913fe8bb5667 169ccaa5353a42aca7713e6b5707d654 e4b30b5bb7a3435b8ab37cffe4e0e758 - - default default] 10.0.0.181 "GET /v2.0/security-group-rules HTTP/1.1" status: 200 len: 3567 time: 0.0519388
2026-07-15 06:06:21.264 10 INFO neutron.db.ovn_revision_numbers_db [None req-59723c8b-8629-4fa5-b069-30c537b7f460 f9f761aea1644e32aa772afdf360e6fa 42cda0d620ff4707b672f72e172b26aa - - default default] Successfully bumped revision number for resource dd9a89f4-5810-405e-af7f-d33aea47a30e (type: networks) to 1
2026-07-15 06:06:21.305 10 INFO neutron.wsgi [None req-1965986b-0d49-4d59-a3f6-056e7c62b0f1 169ccaa5353a42aca7713e6b5707d654 e4b30b5bb7a3435b8ab37cffe4e0e758 - - default default] 10.0.0.181 "DELETE /v2.0/security-groups/87dda244-c042-4b43-a3d9-ee1e1a3a2efe HTTP/1.1" status: 204 len: 168 time: 0.1959877
2026-07-15 06:06:21.354 9 INFO neutron.db.ovn_revision_numbers_db [None req-8b33b1f2-b3f8-4915-ae9a-73129184ff88 18200247d5aa468faa00f6ab5dcc944b 5fb18de8127546259afe0b759a9e0af3 - - default default] Successfully bumped revision number for resource 947b964e-c6b3-43d3-bdc0-78d0f80ce04c (type: networks) to 2
2026-07-15 06:06:21.358 9 INFO neutron.wsgi [None req-8b33b1f2-b3f8-4915-ae9a-73129184ff88 18200247d5aa468faa00f6ab5dcc944b 5fb18de8127546259afe0b759a9e0af3 - - default default] 10.0.0.181 "PUT /v2.0/networks/947b964e-c6b3-43d3-bdc0-78d0f80ce04c HTTP/1.1" status: 200 len: 792 time: 0.2906694
2026-07-15 06:06:21.374 9 WARNING neutron_lib.context [None req-2ca9c8f5-3b66-4300-a812-5e0ededf0a86 18200247d5aa468faa00f6ab5dcc944b 5fb18de8127546259afe0b759a9e0af3 - - default default] Method 'is_advsvc' is deprecated since 2023.2 release (neutron-lib 3.8.0) and will be removed once support for the old RBAC API policies will be removed from Neutron. Please use method 'is_service_role' instead.
2026-07-15 06:06:21.400 9 INFO neutron.wsgi [None req-c9e25223-e168-4b9b-823f-35c2b6a8f182 169ccaa5353a42aca7713e6b5707d654 e4b30b5bb7a3435b8ab37cffe4e0e758 - - default default] 10.0.0.181 "GET /v2.0/security-groups HTTP/1.1" status: 200 len: 2996 time: 0.0828824
2026-07-15 06:06:21.455 10 INFO neutron.wsgi [None req-36f9aeff-546f-4652-8406-e885e238ca30 169ccaa5353a42aca7713e6b5707d654 e4b30b5bb7a3435b8ab37cffe4e0e758 - - default default] 10.0.0.181 "GET /v2.0/security-groups HTTP/1.1" status: 200 len: 2996 time: 0.0471265
2026-07-15 06:06:21.462 10 WARNING neutron.scheduler.dhcp_agent_scheduler [None req-59723c8b-8629-4fa5-b069-30c537b7f460 f9f761aea1644e32aa772afdf360e6fa 42cda0d620ff4707b672f72e172b26aa - - default default] No more DHCP agents
2026-07-15 06:06:21.463 10 WARNING neutron.api.rpc.agentnotifiers.dhcp_rpc_agent_api [None req-59723c8b-8629-4fa5-b069-30c537b7f460 f9f761aea1644e32aa772afdf360e6fa 42cda0d620ff4707b672f72e172b26aa - - default default] Unable to schedule network dd9a89f4-5810-405e-af7f-d33aea47a30e: no agents available; will retry on subsequent port and subnet creation events.
2026-07-15 06:06:21.546 10 INFO neutron.db.ovn_revision_numbers_db [None req-59723c8b-8629-4fa5-b069-30c537b7f460 f9f761aea1644e32aa772afdf360e6fa 42cda0d620ff4707b672f72e172b26aa - - default default] Successfully bumped revision number for resource 7fefddb8-256c-465f-ab0d-7b5465040847 (type: ports) to 1
2026-07-15 06:06:21.573 10 INFO neutron.wsgi [None req-59723c8b-8629-4fa5-b069-30c537b7f460 f9f761aea1644e32aa772afdf360e6fa 42cda0d620ff4707b672f72e172b26aa - - default default] 10.0.0.181 "POST /v2.0/networks HTTP/1.1" status: 201 len: 843 time: 1.0050161
2026-07-15 06:06:21.583 10 WARNING neutron_lib.context [None req-bd62c187-688c-4bbc-9a3f-ac5a2aa90f9d f9f761aea1644e32aa772afdf360e6fa 42cda0d620ff4707b672f72e172b26aa - - default default] Method 'is_advsvc' is deprecated since 2023.2 release (neutron-lib 3.8.0) and will be removed once support for the old RBAC API policies will be removed from Neutron. Please use method 'is_service_role' instead.
2026-07-15 06:06:21.843 10 WARNING neutron.scheduler.dhcp_agent_scheduler [None req-bd62c187-688c-4bbc-9a3f-ac5a2aa90f9d f9f761aea1644e32aa772afdf360e6fa 42cda0d620ff4707b672f72e172b26aa - - default default] No more DHCP agents
2026-07-15 06:06:21.845 10 WARNING neutron.api.rpc.agentnotifiers.dhcp_rpc_agent_api [None req-bd62c187-688c-4bbc-9a3f-ac5a2aa90f9d f9f761aea1644e32aa772afdf360e6fa 42cda0d620ff4707b672f72e172b26aa - - default default] Unable to schedule network dd9a89f4-5810-405e-af7f-d33aea47a30e: no agents available; will retry on subsequent port and subnet creation events.
2026-07-15 06:06:21.935 10 INFO neutron.db.ovn_revision_numbers_db [None req-bd62c187-688c-4bbc-9a3f-ac5a2aa90f9d f9f761aea1644e32aa772afdf360e6fa 42cda0d620ff4707b672f72e172b26aa - - default default] Successfully bumped revision number for resource 6f50754d-ce3c-4e1e-a571-64688cfc374b (type: ports) to 1
2026-07-15 06:06:21.958 10 INFO neutron.wsgi [None req-bd62c187-688c-4bbc-9a3f-ac5a2aa90f9d f9f761aea1644e32aa772afdf360e6fa 42cda0d620ff4707b672f72e172b26aa - - default default] 10.0.0.181 "POST /v2.0/ports HTTP/1.1" status: 201 len: 974 time: 0.3801842 /var/lib/openstack/lib/python3.10/site-packages/pycadf/identifier.py:71: UserWarning: Invalid uuid: neutron. To ensure interoperability, identifiers should be a valid uuid. warnings.warn(('Invalid uuid: %s. To ensure interoperability, '
2026-07-15 06:06:21.969 10 WARNING neutron_lib.context [None req-eaf67af0-ad47-4578-8a34-bc8475d1e79b f9f761aea1644e32aa772afdf360e6fa 42cda0d620ff4707b672f72e172b26aa - - default default] Method 'is_advsvc' is deprecated since 2023.2 release (neutron-lib 3.8.0) and will be removed once support for the old RBAC API policies will be removed from Neutron. Please use method 'is_service_role' instead.
2026-07-15 06:06:22.001 10 INFO neutron.plugins.ml2.drivers.ovn.mech_driver.mech_driver [None req-80fc0f6d-713c-4715-9cb0-d8a907150370 - - - - - -] OVN reports status up for port: 3c46fceb-2126-4265-acb2-401c245fd7ca
2026-07-15 06:06:22.012 10 INFO neutron.plugins.ml2.plugin [None req-80fc0f6d-713c-4715-9cb0-d8a907150370 - - - - - -] Attempt 1 to provision port 3c46fceb-2126-4265-acb2-401c245fd7ca
2026-07-15 06:06:22.028 9 INFO neutron.plugins.ml2.drivers.ovn.mech_driver.ovsdb.ovsdb_monitor [None req-70f390f3-cbe5-4a83-b2b5-8228a29745e9 - - - - - -] Router 8df84faf-dead-4b40-a5e7-8d05ab969126 is bound to host instance
2026-07-15 06:06:22.089 10 INFO neutron.db.segments_db [None req-eaf67af0-ad47-4578-8a34-bc8475d1e79b f9f761aea1644e32aa772afdf360e6fa 42cda0d620ff4707b672f72e172b26aa - - default default] Added segment 97d5b12d-944a-4b51-b608-fd5d55c084da of type geneve for network 1d9fabac-2f16-4bcd-aedc-d9f5181cb018
2026-07-15 06:06:22.091 9 INFO neutron.db.ovn_revision_numbers_db [None req-083540ff-5cb7-4cdd-9bca-b416976b8482 b74d0f6850a24e4db72747476cff5a28 793826d128cb404e972d2611e7ca6d6f - - default default] Successfully bumped revision number for resource 3c46fceb-2126-4265-acb2-401c245fd7ca (type: router_ports) to 1
2026-07-15 06:06:22.190 9 WARNING neutron.scheduler.dhcp_agent_scheduler [None req-2ca9c8f5-3b66-4300-a812-5e0ededf0a86 18200247d5aa468faa00f6ab5dcc944b 5fb18de8127546259afe0b759a9e0af3 - - default default] No more DHCP agents
2026-07-15 06:06:22.196 10 INFO neutron.wsgi [None req-da50004d-20cf-4458-b753-0511e188f9ff b74d0f6850a24e4db72747476cff5a28 793826d128cb404e972d2611e7ca6d6f - - default default] 10.0.0.181 "GET /v2.0/security-groups?tenant_id=e4b30b5bb7a3435b8ab37cffe4e0e758&name=default HTTP/1.1" status: 200 len: 2996 time: 0.1641757
2026-07-15 06:06:22.197 9 WARNING neutron.api.rpc.agentnotifiers.dhcp_rpc_agent_api [None req-2ca9c8f5-3b66-4300-a812-5e0ededf0a86 18200247d5aa468faa00f6ab5dcc944b 5fb18de8127546259afe0b759a9e0af3 - - default default] Unable to schedule network 947b964e-c6b3-43d3-bdc0-78d0f80ce04c: no agents available; will retry on subsequent port and subnet creation events.
2026-07-15 06:06:22.244 10 INFO neutron.db.ovn_revision_numbers_db [None req-eaf67af0-ad47-4578-8a34-bc8475d1e79b f9f761aea1644e32aa772afdf360e6fa 42cda0d620ff4707b672f72e172b26aa - - default default] Successfully bumped revision number for resource 1d9fabac-2f16-4bcd-aedc-d9f5181cb018 (type: networks) to 1
2026-07-15 06:06:22.280 9 INFO neutron.db.ovn_revision_numbers_db [None req-083540ff-5cb7-4cdd-9bca-b416976b8482 b74d0f6850a24e4db72747476cff5a28 793826d128cb404e972d2611e7ca6d6f - - default default] Successfully bumped revision number for resource 8df84faf-dead-4b40-a5e7-8d05ab969126 (type: routers) to 2
2026-07-15 06:06:22.309 9 INFO neutron.wsgi [None req-083540ff-5cb7-4cdd-9bca-b416976b8482 b74d0f6850a24e4db72747476cff5a28 793826d128cb404e972d2611e7ca6d6f - - default default] 10.0.0.181 "POST /v2.0/routers HTTP/1.1" status: 201 len: 874 time: 2.5937328
2026-07-15 06:06:22.477 10 WARNING neutron.scheduler.dhcp_agent_scheduler [None req-eaf67af0-ad47-4578-8a34-bc8475d1e79b f9f761aea1644e32aa772afdf360e6fa 42cda0d620ff4707b672f72e172b26aa - - default default] No more DHCP agents
2026-07-15 06:06:22.483 10 WARNING neutron.api.rpc.agentnotifiers.dhcp_rpc_agent_api [None req-eaf67af0-ad47-4578-8a34-bc8475d1e79b f9f761aea1644e32aa772afdf360e6fa 42cda0d620ff4707b672f72e172b26aa - - default default] Unable to schedule network 1d9fabac-2f16-4bcd-aedc-d9f5181cb018: no agents available; will retry on subsequent port and subnet creation events.
2026-07-15 06:06:22.602 10 INFO neutron.db.ovn_revision_numbers_db [None req-eaf67af0-ad47-4578-8a34-bc8475d1e79b f9f761aea1644e32aa772afdf360e6fa 42cda0d620ff4707b672f72e172b26aa - - default default] Successfully bumped revision number for resource 2f882232-60d2-4652-81b9-2f1e554dcfbb (type: ports) to 1
2026-07-15 06:06:22.632 10 INFO neutron.wsgi [None req-eaf67af0-ad47-4578-8a34-bc8475d1e79b f9f761aea1644e32aa772afdf360e6fa 42cda0d620ff4707b672f72e172b26aa - - default default] 10.0.0.181 "POST /v2.0/networks HTTP/1.1" status: 201 len: 831 time: 0.6676359
2026-07-15 06:06:22.654 10 WARNING neutron_lib.context [None req-7fcbbcb8-ad9f-41a0-bc59-d0660fa0c45d f9f761aea1644e32aa772afdf360e6fa 42cda0d620ff4707b672f72e172b26aa - - default default] Method 'is_advsvc' is deprecated since 2023.2 release (neutron-lib 3.8.0) and will be removed once support for the old RBAC API policies will be removed from Neutron. Please use method 'is_service_role' instead.
2026-07-15 06:06:22.767 9 INFO neutron.wsgi [None req-680d81c4-5b2f-4a54-ac25-ffeae249dcfa b74d0f6850a24e4db72747476cff5a28 793826d128cb404e972d2611e7ca6d6f - - default default] 10.0.0.181 "DELETE /v2.0/security-groups/ee545bc6-c025-4af4-8ff7-4b6dbdf1a35f HTTP/1.1" status: 204 len: 168 time: 0.5564804
2026-07-15 06:06:22.916 10 WARNING neutron.scheduler.dhcp_agent_scheduler [None req-debaf767-5d83-4033-aa6f-c9ee9318f2dd b74d0f6850a24e4db72747476cff5a28 793826d128cb404e972d2611e7ca6d6f - - default default] No more DHCP agents
2026-07-15 06:06:22.920 10 WARNING neutron.api.rpc.agentnotifiers.dhcp_rpc_agent_api [None req-debaf767-5d83-4033-aa6f-c9ee9318f2dd b74d0f6850a24e4db72747476cff5a28 793826d128cb404e972d2611e7ca6d6f - - default default] Unable to schedule network 7874f882-9874-40f0-9640-64cea29e72bd: no agents available; will retry on subsequent port and subnet creation events.
2026-07-15 06:06:22.973 10 WARNING neutron.scheduler.dhcp_agent_scheduler [None req-7fcbbcb8-ad9f-41a0-bc59-d0660fa0c45d f9f761aea1644e32aa772afdf360e6fa 42cda0d620ff4707b672f72e172b26aa - - default default] No more DHCP agents
2026-07-15 06:06:22.983 10 WARNING neutron.api.rpc.agentnotifiers.dhcp_rpc_agent_api [None req-7fcbbcb8-ad9f-41a0-bc59-d0660fa0c45d f9f761aea1644e32aa772afdf360e6fa 42cda0d620ff4707b672f72e172b26aa - - default default] Unable to schedule network 1d9fabac-2f16-4bcd-aedc-d9f5181cb018: no agents available; will retry on subsequent port and subnet creation events.
2026-07-15 06:06:22.984 9 INFO neutron.db.ovn_revision_numbers_db [None req-70f390f3-cbe5-4a83-b2b5-8228a29745e9 - - - - - -] Successfully bumped revision number for resource 3c46fceb-2126-4265-acb2-401c245fd7ca (type: ports) to 1
2026-07-15 06:06:23.073 9 INFO neutron.db.ovn_revision_numbers_db [None req-2ca9c8f5-3b66-4300-a812-5e0ededf0a86 18200247d5aa468faa00f6ab5dcc944b 5fb18de8127546259afe0b759a9e0af3 - - default default] Successfully bumped revision number for resource cb12e080-ed0a-48c3-894f-eb034db0b51d (type: ports) to 2
2026-07-15 06:06:23.126 9 INFO neutron.db.ovn_revision_numbers_db [None req-2ca9c8f5-3b66-4300-a812-5e0ededf0a86 18200247d5aa468faa00f6ab5dcc944b 5fb18de8127546259afe0b759a9e0af3 - - default default] Successfully bumped revision number for resource f2b4029a-40cb-47dc-806e-5fcdbd5b276a (type: subnets) to 0
2026-07-15 06:06:23.177 9 INFO neutron.wsgi [None req-2ca9c8f5-3b66-4300-a812-5e0ededf0a86 18200247d5aa468faa00f6ab5dcc944b 5fb18de8127546259afe0b759a9e0af3 - - default default] 10.0.0.181 "POST /v2.0/subnets HTTP/1.1" status: 201 len: 801 time: 1.8137865
2026-07-15 06:06:23.187 10 INFO neutron.db.ovn_revision_numbers_db [None req-debaf767-5d83-4033-aa6f-c9ee9318f2dd b74d0f6850a24e4db72747476cff5a28 793826d128cb404e972d2611e7ca6d6f - - default default] Successfully bumped revision number for resource 903c2487-7d03-46e6-962b-6098794b3bfd (type: ports) to 1
2026-07-15 06:06:23.363 9 INFO neutron.db.ovn_revision_numbers_db [None req-70f390f3-cbe5-4a83-b2b5-8228a29745e9 - - - - - -] Successfully bumped revision number for resource 3c46fceb-2126-4265-acb2-401c245fd7ca (type: router_ports) to 3
2026-07-15 06:06:23.574 9 INFO neutron.db.ovn_revision_numbers_db [None req-70f390f3-cbe5-4a83-b2b5-8228a29745e9 - - - - - -] Successfully bumped revision number for resource 3c46fceb-2126-4265-acb2-401c245fd7ca (type: ports) to 2
2026-07-15 06:06:23.595 9 INFO neutron.db.ovn_revision_numbers_db [None req-3f3014a4-f5de-4502-af44-0a512bd898b0 18200247d5aa468faa00f6ab5dcc944b 5fb18de8127546259afe0b759a9e0af3 - - default default] Successfully bumped revision number for resource f2b4029a-40cb-47dc-806e-5fcdbd5b276a (type: subnets) to 1
2026-07-15 06:06:23.599 9 INFO neutron.wsgi [None req-3f3014a4-f5de-4502-af44-0a512bd898b0 18200247d5aa468faa00f6ab5dcc944b 5fb18de8127546259afe0b759a9e0af3 - - default default] 10.0.0.181 "PUT /v2.0/subnets/f2b4029a-40cb-47dc-806e-5fcdbd5b276a HTTP/1.1" status: 200 len: 806 time: 0.4114425
2026-07-15 06:06:23.927 9 INFO neutron.db.ovn_revision_numbers_db [None req-70f390f3-cbe5-4a83-b2b5-8228a29745e9 - - - - - -] Successfully bumped revision number for resource 3c46fceb-2126-4265-acb2-401c245fd7ca (type: ports) to 4
2026-07-15 06:06:23.994 10 INFO neutron.db.ovn_revision_numbers_db [None req-7fcbbcb8-ad9f-41a0-bc59-d0660fa0c45d f9f761aea1644e32aa772afdf360e6fa 42cda0d620ff4707b672f72e172b26aa - - default default] Successfully bumped revision number for resource 2f882232-60d2-4652-81b9-2f1e554dcfbb (type: ports) to 2
2026-07-15 06:06:24.002 9 INFO neutron.plugins.ml2.drivers.ovn.mech_driver.mech_driver [None req-90dd9e58-103f-4dbc-b23f-33cab62070df - - - - - -] OVN reports status up for port: 903c2487-7d03-46e6-962b-6098794b3bfd
2026-07-15 06:06:24.035 10 INFO neutron.db.ovn_revision_numbers_db [None req-debaf767-5d83-4033-aa6f-c9ee9318f2dd b74d0f6850a24e4db72747476cff5a28 793826d128cb404e972d2611e7ca6d6f - - default default] Successfully bumped revision number for resource 903c2487-7d03-46e6-962b-6098794b3bfd (type: router_ports) to 1
