2026-07-15 06:05:28.892 9 WARNING neutron_lib.context [None req-3554afa5-0bb1-4379-ac0f-1488237aaf8d 1eb5d7834efb465e91d3bf8662b72c2f 298243421e32498baa44cb88fcd7db4b - - default default] Method 'is_advsvc' is deprecated since 2023.2 release (neutron-lib 3.8.0) and will be removed once support for the old RBAC API policies will be removed from Neutron. Please use method 'is_service_role' instead.
2026-07-15 06:05:29.089 10 INFO neutron.db.ovn_revision_numbers_db [req-7700ad4f-5fe2-4ce3-8002-b35f41b2f7ce req-437c5640-ad51-4202-a515-9ac874e0cc3f 9e00b1879cea4d628b959ceb8de0ca1c 8adc5071ea914d8e80d6b2f65c1cafc4 - - default default] Successfully bumped revision number for resource 4fef3e48-3c91-4fe6-bef4-5a5f4895464d (type: ports) to 1
2026-07-15 06:05:29.119 10 INFO neutron.wsgi [req-7700ad4f-5fe2-4ce3-8002-b35f41b2f7ce req-437c5640-ad51-4202-a515-9ac874e0cc3f 9e00b1879cea4d628b959ceb8de0ca1c 8adc5071ea914d8e80d6b2f65c1cafc4 - - default default] 199.204.45.116 "POST /v2.0/ports HTTP/1.1" status: 201 len: 1158 time: 0.6507220 /var/lib/openstack/lib/python3.10/site-packages/pycadf/identifier.py:71: UserWarning: Invalid uuid: neutron. To ensure interoperability, identifiers should be a valid uuid. warnings.warn(('Invalid uuid: %s. To ensure interoperability, '
2026-07-15 06:05:29.159 9 WARNING neutron.scheduler.dhcp_agent_scheduler [None req-3554afa5-0bb1-4379-ac0f-1488237aaf8d 1eb5d7834efb465e91d3bf8662b72c2f 298243421e32498baa44cb88fcd7db4b - - default default] No more DHCP agents
2026-07-15 06:05:29.161 9 WARNING neutron.api.rpc.agentnotifiers.dhcp_rpc_agent_api [None req-3554afa5-0bb1-4379-ac0f-1488237aaf8d 1eb5d7834efb465e91d3bf8662b72c2f 298243421e32498baa44cb88fcd7db4b - - default default] Unable to schedule network aafb6e9a-6f6d-4026-8067-fcec5169e052: no agents available; will retry on subsequent port and subnet creation events.
2026-07-15 06:05:29.199 9 INFO neutron.db.ovn_revision_numbers_db [None req-3554afa5-0bb1-4379-ac0f-1488237aaf8d 1eb5d7834efb465e91d3bf8662b72c2f 298243421e32498baa44cb88fcd7db4b - - default default] Successfully bumped revision number for resource cbc3dcd4-7fe6-479e-801d-a04b35c70c5d (type: subnets) to 0
2026-07-15 06:05:29.216 9 INFO neutron.wsgi [None req-3554afa5-0bb1-4379-ac0f-1488237aaf8d 1eb5d7834efb465e91d3bf8662b72c2f 298243421e32498baa44cb88fcd7db4b - - default default] 10.0.0.181 "POST /v2.0/subnets HTTP/1.1" status: 201 len: 821 time: 0.3279531
2026-07-15 06:05:29.615 10 INFO neutron.db.ovn_revision_numbers_db [req-7700ad4f-5fe2-4ce3-8002-b35f41b2f7ce req-3007ae3d-867f-479c-a9d9-a45c67c16aae f6874e0a7cdd4670a81148cd0d9e005d e1876e7429b34c7381d13da8019991be - - 0c8a729e6dab4f17a284c6fa56afbc8a 0c8a729e6dab4f17a284c6fa56afbc8a] Successfully bumped revision number for resource 4fef3e48-3c91-4fe6-bef4-5a5f4895464d (type: ports) to 2
2026-07-15 06:05:29.753 9 INFO neutron.wsgi [req-e737fdb3-1877-4e39-9fcc-f870933e1ce6 req-077a751a-b12f-46ef-9afa-99ea2d1124aa 9e00b1879cea4d628b959ceb8de0ca1c 8adc5071ea914d8e80d6b2f65c1cafc4 - - default default] 10.0.0.240 "GET /v2.0/ports?device_id=a0e8f1d1-37cb-4b30-b3f2-a650ab1e58b3 HTTP/1.1" status: 200 len: 1168 time: 0.0530033
2026-07-15 06:05:29.824 9 INFO neutron.wsgi [req-e737fdb3-1877-4e39-9fcc-f870933e1ce6 req-76fecbad-6293-4bfa-b785-e7a5d57ec5de 9e00b1879cea4d628b959ceb8de0ca1c 8adc5071ea914d8e80d6b2f65c1cafc4 - - default default] 10.0.0.240 "GET /v2.0/security-groups?id=52f03f41-f563-45df-8527-3d5edfe55d22&fields=id&fields=name HTTP/1.1" status: 200 len: 312 time: 0.0619812
2026-07-15 06:05:30.081 9 INFO neutron.db.ovn_revision_numbers_db [None req-d9fbcafd-5130-431d-991e-7f8cd25fc407 1eb5d7834efb465e91d3bf8662b72c2f 298243421e32498baa44cb88fcd7db4b - - default default] Successfully bumped revision number for resource f7d732f9-0643-4743-81a2-4addb2745cdf (type: ports) to 2
2026-07-15 06:05:30.126 9 INFO neutron.db.ovn_revision_numbers_db [None req-d9fbcafd-5130-431d-991e-7f8cd25fc407 1eb5d7834efb465e91d3bf8662b72c2f 298243421e32498baa44cb88fcd7db4b - - default default] Successfully bumped revision number for resource cbc3dcd4-7fe6-479e-801d-a04b35c70c5d (type: subnets) to 1
2026-07-15 06:05:30.129 9 INFO neutron.wsgi [None req-d9fbcafd-5130-431d-991e-7f8cd25fc407 1eb5d7834efb465e91d3bf8662b72c2f 298243421e32498baa44cb88fcd7db4b - - default default] 10.0.0.181 "PUT /v2.0/subnets/cbc3dcd4-7fe6-479e-801d-a04b35c70c5d HTTP/1.1" status: 200 len: 826 time: 0.9082513
2026-07-15 06:05:30.249 10 INFO neutron.db.ovn_revision_numbers_db [req-7700ad4f-5fe2-4ce3-8002-b35f41b2f7ce req-3007ae3d-867f-479c-a9d9-a45c67c16aae f6874e0a7cdd4670a81148cd0d9e005d e1876e7429b34c7381d13da8019991be - - 0c8a729e6dab4f17a284c6fa56afbc8a 0c8a729e6dab4f17a284c6fa56afbc8a] Successfully bumped revision number for resource 4fef3e48-3c91-4fe6-bef4-5a5f4895464d (type: ports) to 2
2026-07-15 06:05:30.267 10 INFO neutron.wsgi [req-7700ad4f-5fe2-4ce3-8002-b35f41b2f7ce req-3007ae3d-867f-479c-a9d9-a45c67c16aae f6874e0a7cdd4670a81148cd0d9e005d e1876e7429b34c7381d13da8019991be - - 0c8a729e6dab4f17a284c6fa56afbc8a 0c8a729e6dab4f17a284c6fa56afbc8a] 199.204.45.116 "PUT /v2.0/ports/4fef3e48-3c91-4fe6-bef4-5a5f4895464d HTTP/1.1" status: 200 len: 1376 time: 1.1398435
2026-07-15 06:05:30.310 10 INFO neutron.notifiers.nova [-] Nova event matching ['req-583b1107-76c0-479c-8a20-c6920d685447'] response: {'name': 'network-changed', 'server_uuid': 'a0e8f1d1-37cb-4b30-b3f2-a650ab1e58b3', 'tag': '4fef3e48-3c91-4fe6-bef4-5a5f4895464d', 'status': 'completed', 'code': 200}
2026-07-15 06:05:30.314 9 INFO neutron.db.ovn_revision_numbers_db [None req-15a4bad0-dce4-433a-b77f-c88df7f63023 b74d0f6850a24e4db72747476cff5a28 793826d128cb404e972d2611e7ca6d6f - - default default] Successfully bumped revision number for resource 87c4c209-f5ba-4669-bb12-1d7f3beea24c (type: security_groups) to 1 /var/lib/openstack/lib/python3.10/site-packages/pycadf/identifier.py:71: UserWarning: Invalid uuid: neutron. To ensure interoperability, identifiers should be a valid uuid. warnings.warn(('Invalid uuid: %s. To ensure interoperability, '
2026-07-15 06:05:30.333 9 INFO neutron.db.ovn_revision_numbers_db [None req-15a4bad0-dce4-433a-b77f-c88df7f63023 b74d0f6850a24e4db72747476cff5a28 793826d128cb404e972d2611e7ca6d6f - - default default] Successfully bumped revision number for resource 0443279f-9e98-4c9e-8686-5ae91b15d8b9 (type: security_group_rules) to 0
2026-07-15 06:05:30.360 10 INFO neutron.wsgi [req-7700ad4f-5fe2-4ce3-8002-b35f41b2f7ce req-8bbbe138-288f-423e-911e-f14da48710e6 f6874e0a7cdd4670a81148cd0d9e005d e1876e7429b34c7381d13da8019991be - - 0c8a729e6dab4f17a284c6fa56afbc8a 0c8a729e6dab4f17a284c6fa56afbc8a] 199.204.45.116 "GET /v2.0/ports?tenant_id=8adc5071ea914d8e80d6b2f65c1cafc4&device_id=a0e8f1d1-37cb-4b30-b3f2-a650ab1e58b3 HTTP/1.1" status: 200 len: 1407 time: 0.0430360
2026-07-15 06:05:30.375 9 INFO neutron.db.ovn_revision_numbers_db [None req-15a4bad0-dce4-433a-b77f-c88df7f63023 b74d0f6850a24e4db72747476cff5a28 793826d128cb404e972d2611e7ca6d6f - - default default] Successfully bumped revision number for resource 423ecc8a-daa0-492d-9487-a86601a27518 (type: security_group_rules) to 0
2026-07-15 06:05:30.385 10 INFO neutron.wsgi [req-7700ad4f-5fe2-4ce3-8002-b35f41b2f7ce req-4e05ea37-8dc0-4ae6-b144-4410083e4edc f6874e0a7cdd4670a81148cd0d9e005d e1876e7429b34c7381d13da8019991be - - 0c8a729e6dab4f17a284c6fa56afbc8a 0c8a729e6dab4f17a284c6fa56afbc8a] 199.204.45.116 "GET /v2.0/floatingips?fixed_ip_address=10.100.0.5&port_id=4fef3e48-3c91-4fe6-bef4-5a5f4895464d HTTP/1.1" status: 200 len: 217 time: 0.0192320
2026-07-15 06:05:30.395 9 INFO neutron.db.ovn_revision_numbers_db [None req-15a4bad0-dce4-433a-b77f-c88df7f63023 b74d0f6850a24e4db72747476cff5a28 793826d128cb404e972d2611e7ca6d6f - - default default] Successfully bumped revision number for resource b7d9c04a-1aa9-4ecd-8ac7-bace61b387e1 (type: security_group_rules) to 0
2026-07-15 06:05:30.422 10 INFO neutron.wsgi [req-7700ad4f-5fe2-4ce3-8002-b35f41b2f7ce req-fa230cd0-1eea-4074-9ffe-f70967c59563 f6874e0a7cdd4670a81148cd0d9e005d e1876e7429b34c7381d13da8019991be - - 0c8a729e6dab4f17a284c6fa56afbc8a 0c8a729e6dab4f17a284c6fa56afbc8a] 199.204.45.116 "GET /v2.0/subnets?id=8fe20476-9554-4dc3-8d0f-5a9d2c46a970 HTTP/1.1" status: 200 len: 873 time: 0.0301504
2026-07-15 06:05:30.431 9 INFO neutron.db.ovn_revision_numbers_db [None req-15a4bad0-dce4-433a-b77f-c88df7f63023 b74d0f6850a24e4db72747476cff5a28 793826d128cb404e972d2611e7ca6d6f - - default default] Successfully bumped revision number for resource bc79ed8c-0698-4a12-9e5e-6b5354e0b9a1 (type: security_group_rules) to 0
2026-07-15 06:05:30.452 10 INFO neutron.wsgi [req-7700ad4f-5fe2-4ce3-8002-b35f41b2f7ce req-f2ba4fb6-6bf4-4dbd-804c-dd121b8a9670 f6874e0a7cdd4670a81148cd0d9e005d e1876e7429b34c7381d13da8019991be - - 0c8a729e6dab4f17a284c6fa56afbc8a 0c8a729e6dab4f17a284c6fa56afbc8a] 199.204.45.116 "GET /v2.0/ports?network_id=fdd5e46b-1427-49e9-a411-4dd9632135fd&device_owner=network%3Adhcp HTTP/1.1" status: 200 len: 210 time: 0.0252242
2026-07-15 06:05:30.464 9 INFO neutron.wsgi [None req-15a4bad0-dce4-433a-b77f-c88df7f63023 b74d0f6850a24e4db72747476cff5a28 793826d128cb404e972d2611e7ca6d6f - - default default] 10.0.0.181 "GET /v2.0/security-groups?tenant_id=41643ed3ea714b238a5961439358e820&name=default HTTP/1.1" status: 200 len: 2996 time: 0.5210760
2026-07-15 06:05:30.553 10 INFO neutron.wsgi [req-7700ad4f-5fe2-4ce3-8002-b35f41b2f7ce req-6ccbcd44-db16-4b7f-9212-bf4d7992228c f6874e0a7cdd4670a81148cd0d9e005d e1876e7429b34c7381d13da8019991be - - 0c8a729e6dab4f17a284c6fa56afbc8a 0c8a729e6dab4f17a284c6fa56afbc8a] 199.204.45.116 "GET /v2.0/networks/fdd5e46b-1427-49e9-a411-4dd9632135fd?fields=segments HTTP/1.1" status: 200 len: 212 time: 0.0899973
2026-07-15 06:05:30.588 10 INFO neutron.wsgi [-] 10.0.0.150 "GET / HTTP/1.1" status: 200 len: 247 time: 0.0088997
2026-07-15 06:05:30.591 10 INFO neutron.wsgi [-] 10.0.0.150 "GET / HTTP/1.1" status: 200 len: 247 time: 0.0010223
2026-07-15 06:05:30.662 10 INFO neutron.wsgi [req-7700ad4f-5fe2-4ce3-8002-b35f41b2f7ce req-267a8f48-e42f-49b5-afcf-3422e00ff25e f6874e0a7cdd4670a81148cd0d9e005d e1876e7429b34c7381d13da8019991be - - 0c8a729e6dab4f17a284c6fa56afbc8a 0c8a729e6dab4f17a284c6fa56afbc8a] 199.204.45.116 "GET /v2.0/networks/fdd5e46b-1427-49e9-a411-4dd9632135fd?fields=provider%3Aphysical_network&fields=provider%3Anetwork_type HTTP/1.1" status: 200 len: 277 time: 0.1032717
2026-07-15 06:05:30.761 10 INFO neutron.wsgi [req-750d2778-ff21-4a34-89b1-598ac621a5e7 req-2daf6096-92cc-46d2-bcbf-a15f43fa39a7 f6874e0a7cdd4670a81148cd0d9e005d e1876e7429b34c7381d13da8019991be - - 0c8a729e6dab4f17a284c6fa56afbc8a 0c8a729e6dab4f17a284c6fa56afbc8a] 199.204.45.116 "GET /v2.0/ports?tenant_id=8adc5071ea914d8e80d6b2f65c1cafc4&device_id=a0e8f1d1-37cb-4b30-b3f2-a650ab1e58b3 HTTP/1.1" status: 200 len: 1407 time: 0.0420737
2026-07-15 06:05:30.797 9 INFO neutron.services.segments.plugin [-] Segment e7b9cae0-a61c-4b9c-889f-7483eaaa9877 resource provider aggregate not found
2026-07-15 06:05:30.805 9 INFO neutron.services.segments.plugin [-] Segment e7b9cae0-a61c-4b9c-889f-7483eaaa9877 resource provider aggregate not found
2026-07-15 06:05:30.829 9 INFO neutron.services.segments.plugin [-] Segment e7b9cae0-a61c-4b9c-889f-7483eaaa9877 resource provider not found; error: Placement Client Error (4xx): {"errors": [{"status": 404, "title": "Not Found", "detail": "The resource could not be found.\n\n No resource provider with uuid e7b9cae0-a61c-4b9c-889f-7483eaaa9877 found for delete ", "request_id": "req-a27709ac-5dca-41f9-aad8-db881371d96b"}]}
2026-07-15 06:05:30.833 9 INFO neutron.services.segments.plugin [-] Segment e7b9cae0-a61c-4b9c-889f-7483eaaa9877 resource provider not found; error: Placement Client Error (4xx): {"errors": [{"status": 404, "title": "Not Found", "detail": "The resource could not be found.\n\n No resource provider with uuid e7b9cae0-a61c-4b9c-889f-7483eaaa9877 found for delete ", "request_id": "req-f7811cb9-582a-4df4-ac34-a8cb65fc4efe"}]}
2026-07-15 06:05:30.846 10 INFO neutron.wsgi [req-750d2778-ff21-4a34-89b1-598ac621a5e7 req-8c86c2ad-9576-4afe-ac4d-2382d5e9c0d5 f6874e0a7cdd4670a81148cd0d9e005d e1876e7429b34c7381d13da8019991be - - 0c8a729e6dab4f17a284c6fa56afbc8a 0c8a729e6dab4f17a284c6fa56afbc8a] 199.204.45.116 "GET /v2.0/networks?id=fdd5e46b-1427-49e9-a411-4dd9632135fd HTTP/1.1" status: 200 len: 978 time: 0.0804965
2026-07-15 06:05:30.848 9 INFO neutron.wsgi [None req-4ed370f5-3990-4aeb-bc84-d7c4a9d96898 b74d0f6850a24e4db72747476cff5a28 793826d128cb404e972d2611e7ca6d6f - - default default] 10.0.0.181 "DELETE /v2.0/security-groups/87c4c209-f5ba-4669-bb12-1d7f3beea24c HTTP/1.1" status: 204 len: 168 time: 0.3797903
2026-07-15 06:05:30.856 9 INFO neutron.wsgi [None req-7736a3ad-6d36-42ee-bb24-d6b05ee78cc0 1eb5d7834efb465e91d3bf8662b72c2f 298243421e32498baa44cb88fcd7db4b - - default default] 10.0.0.181 "DELETE /v2.0/networks/aafb6e9a-6f6d-4026-8067-fcec5169e052 HTTP/1.1" status: 204 len: 168 time: 0.7213511
2026-07-15 06:05:30.879 9 INFO neutron.pecan_wsgi.hooks.translation [None req-3f1b6773-5d56-46d5-8ae8-d71977de3e5e 1eb5d7834efb465e91d3bf8662b72c2f 298243421e32498baa44cb88fcd7db4b - - default default] DELETE failed (client error): The resource could not be found.
2026-07-15 06:05:30.881 9 INFO neutron.wsgi [None req-3f1b6773-5d56-46d5-8ae8-d71977de3e5e 1eb5d7834efb465e91d3bf8662b72c2f 298243421e32498baa44cb88fcd7db4b - - default default] 10.0.0.181 "DELETE /v2.0/networks/aafb6e9a-6f6d-4026-8067-fcec5169e052 HTTP/1.1" status: 404 len: 339 time: 0.0159185
2026-07-15 06:05:30.890 10 INFO neutron.wsgi [req-750d2778-ff21-4a34-89b1-598ac621a5e7 req-07ae3d8e-8736-469e-a6c4-cdfbb438e934 f6874e0a7cdd4670a81148cd0d9e005d e1876e7429b34c7381d13da8019991be - - 0c8a729e6dab4f17a284c6fa56afbc8a 0c8a729e6dab4f17a284c6fa56afbc8a] 199.204.45.116 "GET /v2.0/floatingips?fixed_ip_address=10.100.0.5&port_id=4fef3e48-3c91-4fe6-bef4-5a5f4895464d HTTP/1.1" status: 200 len: 217 time: 0.0342522
2026-07-15 06:05:30.963 9 INFO neutron.wsgi [req-65ba630e-122a-463a-ae03-e0573baf248d req-ad0b65fe-4e09-4fd9-817a-831b8cd34f5b 9e00b1879cea4d628b959ceb8de0ca1c 8adc5071ea914d8e80d6b2f65c1cafc4 - - default default] 10.0.0.240 "GET /v2.0/ports?device_id=a0e8f1d1-37cb-4b30-b3f2-a650ab1e58b3 HTTP/1.1" status: 200 len: 1168 time: 0.0587623
2026-07-15 06:05:30.968 10 INFO neutron.wsgi [req-750d2778-ff21-4a34-89b1-598ac621a5e7 req-f5457c00-fdd9-4dbc-a488-3c0e378bc262 f6874e0a7cdd4670a81148cd0d9e005d e1876e7429b34c7381d13da8019991be - - 0c8a729e6dab4f17a284c6fa56afbc8a 0c8a729e6dab4f17a284c6fa56afbc8a] 199.204.45.116 "GET /v2.0/subnets?id=8fe20476-9554-4dc3-8d0f-5a9d2c46a970 HTTP/1.1" status: 200 len: 873 time: 0.0695565
2026-07-15 06:05:31.012 10 INFO neutron.wsgi [req-750d2778-ff21-4a34-89b1-598ac621a5e7 req-86407f3a-a813-4c0e-b75c-9be35665de22 f6874e0a7cdd4670a81148cd0d9e005d e1876e7429b34c7381d13da8019991be - - 0c8a729e6dab4f17a284c6fa56afbc8a 0c8a729e6dab4f17a284c6fa56afbc8a] 199.204.45.116 "GET /v2.0/ports?network_id=fdd5e46b-1427-49e9-a411-4dd9632135fd&device_owner=network%3Adhcp HTTP/1.1" status: 200 len: 210 time: 0.0325100
2026-07-15 06:05:31.014 9 INFO neutron.wsgi [req-65ba630e-122a-463a-ae03-e0573baf248d req-e0608a6d-5bd4-4236-81a4-f5b898d6361d 9e00b1879cea4d628b959ceb8de0ca1c 8adc5071ea914d8e80d6b2f65c1cafc4 - - default default] 10.0.0.240 "GET /v2.0/security-groups?id=52f03f41-f563-45df-8527-3d5edfe55d22&fields=id&fields=name HTTP/1.1" status: 200 len: 312 time: 0.0414546
2026-07-15 06:05:31.051 10 INFO neutron.wsgi [None req-ac15f3c5-e40f-475b-a5ea-2585718a79ef 1eb5d7834efb465e91d3bf8662b72c2f 298243421e32498baa44cb88fcd7db4b - - default default] 10.0.0.181 "GET /v2.0/networks?router%3Aexternal=True HTTP/1.1" status: 200 len: 845 time: 0.1634953
2026-07-15 06:05:31.099 10 INFO neutron.wsgi [None req-392a8801-9b2d-4b47-a757-b2090d8bc092 1eb5d7834efb465e91d3bf8662b72c2f 298243421e32498baa44cb88fcd7db4b - - default default] 10.0.0.181 "GET /v2.0/subnets?network_id=85d8c101-1625-4351-9175-849136598975 HTTP/1.1" status: 200 len: 820 time: 0.0400279
2026-07-15 06:05:31.105 10 INFO neutron.wsgi [req-750d2778-ff21-4a34-89b1-598ac621a5e7 req-9d3a13a3-e6ff-433e-9637-2b84b226216a f6874e0a7cdd4670a81148cd0d9e005d e1876e7429b34c7381d13da8019991be - - 0c8a729e6dab4f17a284c6fa56afbc8a 0c8a729e6dab4f17a284c6fa56afbc8a] 199.204.45.116 "GET /v2.0/networks/fdd5e46b-1427-49e9-a411-4dd9632135fd?fields=segments HTTP/1.1" status: 200 len: 212 time: 0.0809600
2026-07-15 06:05:31.118 9 INFO neutron.wsgi [None req-2af47e15-1b64-4205-8d01-038ed3612896 1eb5d7834efb465e91d3bf8662b72c2f 298243421e32498baa44cb88fcd7db4b - - default default] 10.0.0.181 "GET /v2.0/extensions HTTP/1.1" status: 200 len: 16975 time: 0.0054913
2026-07-15 06:05:31.175 10 INFO neutron.wsgi [req-750d2778-ff21-4a34-89b1-598ac621a5e7 req-8dc75bef-707e-415c-b4d5-8bc1f0a0f018 f6874e0a7cdd4670a81148cd0d9e005d e1876e7429b34c7381d13da8019991be - - 0c8a729e6dab4f17a284c6fa56afbc8a 0c8a729e6dab4f17a284c6fa56afbc8a] 199.204.45.116 "GET /v2.0/networks/fdd5e46b-1427-49e9-a411-4dd9632135fd?fields=provider%3Aphysical_network&fields=provider%3Anetwork_type HTTP/1.1" status: 200 len: 277 time: 0.0597992
2026-07-15 06:05:31.233 9 INFO neutron.wsgi [None req-cf0983ef-4130-4af7-9821-967a74e4cda9 1eb5d7834efb465e91d3bf8662b72c2f 298243421e32498baa44cb88fcd7db4b - - default default] 10.0.0.181 "GET /v2.0/networks HTTP/1.1" status: 200 len: 1508 time: 0.1047661
2026-07-15 06:05:31.287 9 INFO neutron.db.ovn_revision_numbers_db [None req-26cd40e1-f52c-4648-aed1-e8210e47aad8 b74d0f6850a24e4db72747476cff5a28 793826d128cb404e972d2611e7ca6d6f - - default default] Successfully bumped revision number for resource 10034865-97a7-4c2b-aeb7-46b393ed49be (type: security_groups) to 1
2026-07-15 06:05:31.292 9 INFO neutron.wsgi [None req-884f5bc6-8723-4e8e-b2ad-ac081e7d0965 1eb5d7834efb465e91d3bf8662b72c2f 298243421e32498baa44cb88fcd7db4b - - default default] 10.0.0.181 "GET /v2.0/subnets HTTP/1.1" status: 200 len: 1460 time: 0.0515709
2026-07-15 06:05:31.325 9 INFO neutron.db.ovn_revision_numbers_db [None req-26cd40e1-f52c-4648-aed1-e8210e47aad8 b74d0f6850a24e4db72747476cff5a28 793826d128cb404e972d2611e7ca6d6f - - default default] Successfully bumped revision number for resource 0013fbf3-7003-4e87-a798-e10d03dd0afe (type: security_group_rules) to 0
2026-07-15 06:05:31.351 9 INFO neutron.db.ovn_revision_numbers_db [None req-26cd40e1-f52c-4648-aed1-e8210e47aad8 b74d0f6850a24e4db72747476cff5a28 793826d128cb404e972d2611e7ca6d6f - - default default] Successfully bumped revision number for resource 48b8dcd1-72fe-433d-ab70-e3af0a14a36c (type: security_group_rules) to 0
2026-07-15 06:05:31.369 9 INFO neutron.db.ovn_revision_numbers_db [None req-26cd40e1-f52c-4648-aed1-e8210e47aad8 b74d0f6850a24e4db72747476cff5a28 793826d128cb404e972d2611e7ca6d6f - - default default] Successfully bumped revision number for resource 56ea4ab4-2551-472e-bc16-05531113ccb0 (type: security_group_rules) to 0
2026-07-15 06:05:31.375 9 INFO neutron.wsgi [None req-89a3dc13-2a5c-4c1c-bf55-48444c0d8c5d 1eb5d7834efb465e91d3bf8662b72c2f 298243421e32498baa44cb88fcd7db4b - - default default] 10.0.0.181 "GET /v2.0/networks/5c524274-25bc-4353-82e5-d3af10cc3e37 HTTP/1.1" status: 200 len: 867 time: 0.0713263
2026-07-15 06:05:31.393 9 INFO neutron.db.ovn_revision_numbers_db [None req-26cd40e1-f52c-4648-aed1-e8210e47aad8 b74d0f6850a24e4db72747476cff5a28 793826d128cb404e972d2611e7ca6d6f - - default default] Successfully bumped revision number for resource 7287e23c-e666-4292-a990-84388ffcef54 (type: security_group_rules) to 0
2026-07-15 06:05:31.422 9 INFO neutron.wsgi [None req-26cd40e1-f52c-4648-aed1-e8210e47aad8 b74d0f6850a24e4db72747476cff5a28 793826d128cb404e972d2611e7ca6d6f - - default default] 10.0.0.181 "GET /v2.0/security-groups?tenant_id=f17aa6646ac64bb8a6415eb616df7bb2&name=default HTTP/1.1" status: 200 len: 2996 time: 0.3400288
2026-07-15 06:05:31.430 9 INFO neutron.wsgi [None req-8f7417a6-eed8-4fc9-b5e4-91210c4187e5 1eb5d7834efb465e91d3bf8662b72c2f 298243421e32498baa44cb88fcd7db4b - - default default] 10.0.0.181 "GET /v2.0/subnets/2b652575-ab5d-496a-8a89-6994a036dc1b HTTP/1.1" status: 200 len: 843 time: 0.0458109
2026-07-15 06:05:31.451 9 INFO neutron.pecan_wsgi.hooks.translation [None req-3261d8b4-d256-443a-be07-f1ad84bf65e2 1eb5d7834efb465e91d3bf8662b72c2f 298243421e32498baa44cb88fcd7db4b - - default default] DELETE failed (client error): The resource could not be found.
2026-07-15 06:05:31.453 9 INFO neutron.wsgi [None req-3261d8b4-d256-443a-be07-f1ad84bf65e2 1eb5d7834efb465e91d3bf8662b72c2f 298243421e32498baa44cb88fcd7db4b - - default default] 10.0.0.181 "DELETE /v2.0/subnets/cbc3dcd4-7fe6-479e-801d-a04b35c70c5d HTTP/1.1" status: 404 len: 337 time: 0.0168207
2026-07-15 06:05:31.470 9 INFO neutron.pecan_wsgi.hooks.translation [None req-f04d2ced-e32a-406c-954c-03ff448d68e0 1eb5d7834efb465e91d3bf8662b72c2f 298243421e32498baa44cb88fcd7db4b - - default default] DELETE failed (client error): The resource could not be found.
2026-07-15 06:05:31.472 9 INFO neutron.wsgi [None req-f04d2ced-e32a-406c-954c-03ff448d68e0 1eb5d7834efb465e91d3bf8662b72c2f 298243421e32498baa44cb88fcd7db4b - - default default] 10.0.0.181 "DELETE /v2.0/networks/aafb6e9a-6f6d-4026-8067-fcec5169e052 HTTP/1.1" status: 404 len: 339 time: 0.0149238
2026-07-15 06:05:31.688 9 INFO neutron.wsgi [None req-abd1cbcc-3d2c-4167-bbca-4ffb810065ab 1eb5d7834efb465e91d3bf8662b72c2f 298243421e32498baa44cb88fcd7db4b - - default default] 10.0.0.181 "DELETE /v2.0/subnets/2b652575-ab5d-496a-8a89-6994a036dc1b HTTP/1.1" status: 204 len: 168 time: 0.2118742
2026-07-15 06:05:31.691 10 INFO neutron.wsgi [None req-fcaaeec6-7782-4287-908f-f8c312fc0001 b74d0f6850a24e4db72747476cff5a28 793826d128cb404e972d2611e7ca6d6f - - default default] 10.0.0.181 "DELETE /v2.0/security-groups/10034865-97a7-4c2b-aeb7-46b393ed49be HTTP/1.1" status: 204 len: 168 time: 0.2628059
2026-07-15 06:05:31.849 10 INFO neutron.plugins.ml2.drivers.ovn.mech_driver.mech_driver [None req-80fc0f6d-713c-4715-9cb0-d8a907150370 - - - - - -] OVN reports status up for port: 4fef3e48-3c91-4fe6-bef4-5a5f4895464d
2026-07-15 06:05:31.887 10 INFO neutron.plugins.ml2.plugin [None req-80fc0f6d-713c-4715-9cb0-d8a907150370 - - - - - -] Attempt 1 to provision port 4fef3e48-3c91-4fe6-bef4-5a5f4895464d
2026-07-15 06:05:32.194 10 INFO neutron.services.segments.plugin [-] Segment 4267c89f-57d3-4f8f-9fdf-0137f53e26ff resource provider aggregate not found
2026-07-15 06:05:32.202 10 INFO neutron.services.segments.plugin [-] Segment 4267c89f-57d3-4f8f-9fdf-0137f53e26ff resource provider aggregate not found
2026-07-15 06:05:32.223 10 INFO neutron.services.segments.plugin [-] Segment 4267c89f-57d3-4f8f-9fdf-0137f53e26ff resource provider not found; error: Placement Client Error (4xx): {"errors": [{"status": 404, "title": "Not Found", "detail": "The resource could not be found.\n\n No resource provider with uuid 4267c89f-57d3-4f8f-9fdf-0137f53e26ff found for delete ", "request_id": "req-3548baf6-e98d-4152-9202-0f486139e8c9"}]}
2026-07-15 06:05:32.239 10 INFO neutron.services.segments.plugin [-] Segment 4267c89f-57d3-4f8f-9fdf-0137f53e26ff resource provider not found; error: Placement Client Error (4xx): {"errors": [{"status": 404, "title": "Not Found", "detail": "The resource could not be found.\n\n No resource provider with uuid 4267c89f-57d3-4f8f-9fdf-0137f53e26ff found for delete ", "request_id": "req-1355f510-bad9-42d3-afba-605276b276a8"}]}
2026-07-15 06:05:32.255 9 INFO neutron.wsgi [req-6feacbd8-9e74-41fc-921e-3389f6b3bda1 req-8a136206-f661-45c4-a458-4af27a8d8b2b 9e00b1879cea4d628b959ceb8de0ca1c 8adc5071ea914d8e80d6b2f65c1cafc4 - - default default] 10.0.0.240 "GET /v2.0/ports?device_id=a0e8f1d1-37cb-4b30-b3f2-a650ab1e58b3 HTTP/1.1" status: 200 len: 1170 time: 0.1607256
2026-07-15 06:05:32.279 10 INFO neutron.wsgi [None req-d02e210b-a39c-42db-a039-47d0c596f360 1eb5d7834efb465e91d3bf8662b72c2f 298243421e32498baa44cb88fcd7db4b - - default default] 10.0.0.181 "DELETE /v2.0/networks/5c524274-25bc-4353-82e5-d3af10cc3e37 HTTP/1.1" status: 204 len: 168 time: 0.5850806
2026-07-15 06:05:32.311 9 INFO neutron.wsgi [req-6feacbd8-9e74-41fc-921e-3389f6b3bda1 req-85c43d37-f9b2-4932-a61e-e72321448bbe 9e00b1879cea4d628b959ceb8de0ca1c 8adc5071ea914d8e80d6b2f65c1cafc4 - - default default] 10.0.0.240 "GET /v2.0/security-groups?id=52f03f41-f563-45df-8527-3d5edfe55d22&fields=id&fields=name HTTP/1.1" status: 200 len: 312 time: 0.0484436
2026-07-15 06:05:32.363 10 INFO neutron.notifiers.nova [-] Nova event matching ['req-9dd43d19-03e8-4578-9d8c-8e93faf1a769'] response: {'server_uuid': 'a0e8f1d1-37cb-4b30-b3f2-a650ab1e58b3', 'name': 'network-vif-plugged', 'status': 'completed', 'tag': '4fef3e48-3c91-4fe6-bef4-5a5f4895464d', 'code': 200}
2026-07-15 06:05:32.365 10 INFO neutron.db.ovn_revision_numbers_db [None req-80fc0f6d-713c-4715-9cb0-d8a907150370 - - - - - -] Successfully bumped revision number for resource 4fef3e48-3c91-4fe6-bef4-5a5f4895464d (type: ports) to 4
2026-07-15 06:05:32.886 9 INFO neutron.db.ovn_revision_numbers_db [None req-4e1c4db0-a7a7-464f-be1f-c589a56257d6 b74d0f6850a24e4db72747476cff5a28 793826d128cb404e972d2611e7ca6d6f - - default default] Successfully bumped revision number for resource 250df0e3-e475-4132-b799-939d0a479335 (type: security_groups) to 1
2026-07-15 06:05:32.902 9 INFO neutron.db.ovn_revision_numbers_db [None req-4e1c4db0-a7a7-464f-be1f-c589a56257d6 b74d0f6850a24e4db72747476cff5a28 793826d128cb404e972d2611e7ca6d6f - - default default] Successfully bumped revision number for resource 4ec606d1-bc84-44b9-b5f8-7632a63f17c3 (type: security_group_rules) to 0
2026-07-15 06:05:32.921 9 INFO neutron.db.ovn_revision_numbers_db [None req-4e1c4db0-a7a7-464f-be1f-c589a56257d6 b74d0f6850a24e4db72747476cff5a28 793826d128cb404e972d2611e7ca6d6f - - default default] Successfully bumped revision number for resource c74d396f-fe76-48bf-885b-e4b1f31fa996 (type: security_group_rules) to 0
2026-07-15 06:05:32.947 9 INFO neutron.db.ovn_revision_numbers_db [None req-4e1c4db0-a7a7-464f-be1f-c589a56257d6 b74d0f6850a24e4db72747476cff5a28 793826d128cb404e972d2611e7ca6d6f - - default default] Successfully bumped revision number for resource e68dc0ff-5ec1-489e-b350-2959ffd025fe (type: security_group_rules) to 0
2026-07-15 06:05:32.966 9 INFO neutron.db.ovn_revision_numbers_db [None req-4e1c4db0-a7a7-464f-be1f-c589a56257d6 b74d0f6850a24e4db72747476cff5a28 793826d128cb404e972d2611e7ca6d6f - - default default] Successfully bumped revision number for resource ea236519-7260-4205-92be-15871add3a60 (type: security_group_rules) to 0
2026-07-15 06:05:32.993 9 INFO neutron.wsgi [None req-4e1c4db0-a7a7-464f-be1f-c589a56257d6 b74d0f6850a24e4db72747476cff5a28 793826d128cb404e972d2611e7ca6d6f - - default default] 10.0.0.181 "GET /v2.0/security-groups?tenant_id=8215f6c344c146bcb6f518b01e313c50&name=default HTTP/1.1" status: 200 len: 2996 time: 0.4767680 /var/lib/openstack/lib/python3.10/site-packages/pycadf/identifier.py:71: UserWarning: Invalid uuid: neutron. To ensure interoperability, identifiers should be a valid uuid. warnings.warn(('Invalid uuid: %s. To ensure interoperability, '
2026-07-15 06:05:33.052 10 INFO neutron.wsgi [None req-62d15d91-f555-409b-8b43-78717430bc2e b74d0f6850a24e4db72747476cff5a28 793826d128cb404e972d2611e7ca6d6f - - default default] 10.0.0.181 "GET /v2.0/security-groups?tenant_id=298243421e32498baa44cb88fcd7db4b&name=default HTTP/1.1" status: 200 len: 2996 time: 0.1858013
2026-07-15 06:05:33.243 9 INFO neutron.wsgi [None req-6b69e6cf-9b53-4177-9c1e-a3b3d4567944 b74d0f6850a24e4db72747476cff5a28 793826d128cb404e972d2611e7ca6d6f - - default default] 10.0.0.181 "DELETE /v2.0/security-groups/250df0e3-e475-4132-b799-939d0a479335 HTTP/1.1" status: 204 len: 168 time: 0.2433176
2026-07-15 06:05:33.337 9 INFO neutron.wsgi [None req-340de27f-9593-4dbc-aa5c-0eb98baf537a b74d0f6850a24e4db72747476cff5a28 793826d128cb404e972d2611e7ca6d6f - - default default] 10.0.0.181 "DELETE /v2.0/security-groups/3aa9fdbe-2dd2-44e2-a9bd-de7d41c7757f HTTP/1.1" status: 204 len: 168 time: 0.2733893
2026-07-15 06:05:33.463 9 INFO neutron.wsgi [req-3e6033ac-a3d8-4e79-b089-1bb599279403 req-c4ef9a1e-de5a-4b6a-9259-b9343380af40 9e00b1879cea4d628b959ceb8de0ca1c 8adc5071ea914d8e80d6b2f65c1cafc4 - - default default] 10.0.0.240 "GET /v2.0/ports?device_id=a0e8f1d1-37cb-4b30-b3f2-a650ab1e58b3 HTTP/1.1" status: 200 len: 1170 time: 0.0602014
2026-07-15 06:05:33.537 9 INFO neutron.wsgi [req-3e6033ac-a3d8-4e79-b089-1bb599279403 req-b9a0e6a6-41f9-434b-a607-735c50f349d0 9e00b1879cea4d628b959ceb8de0ca1c 8adc5071ea914d8e80d6b2f65c1cafc4 - - default default] 10.0.0.240 "GET /v2.0/security-groups?id=52f03f41-f563-45df-8527-3d5edfe55d22&fields=id&fields=name HTTP/1.1" status: 200 len: 312 time: 0.0660794
2026-07-15 06:05:33.601 9 INFO neutron.db.ovn_revision_numbers_db [None req-701f383b-0451-455a-8446-fbcdcce7747e b74d0f6850a24e4db72747476cff5a28 793826d128cb404e972d2611e7ca6d6f - - default default] Successfully bumped revision number for resource 1ae9b8ad-c06c-425a-a5e3-197c1fb5e887 (type: security_groups) to 1
2026-07-15 06:05:33.620 9 INFO neutron.db.ovn_revision_numbers_db [None req-701f383b-0451-455a-8446-fbcdcce7747e b74d0f6850a24e4db72747476cff5a28 793826d128cb404e972d2611e7ca6d6f - - default default] Successfully bumped revision number for resource 07fa791c-ce06-40ac-a4cd-8d6a1dededf2 (type: security_group_rules) to 0
2026-07-15 06:05:33.635 9 INFO neutron.db.ovn_revision_numbers_db [None req-701f383b-0451-455a-8446-fbcdcce7747e b74d0f6850a24e4db72747476cff5a28 793826d128cb404e972d2611e7ca6d6f - - default default] Successfully bumped revision number for resource 70b20660-194a-4a4e-a73e-c235605809a6 (type: security_group_rules) to 0
2026-07-15 06:05:33.650 9 INFO neutron.db.ovn_revision_numbers_db [None req-701f383b-0451-455a-8446-fbcdcce7747e b74d0f6850a24e4db72747476cff5a28 793826d128cb404e972d2611e7ca6d6f - - default default] Successfully bumped revision number for resource c89e022c-f87c-411b-8117-38e5e7737f67 (type: security_group_rules) to 0
2026-07-15 06:05:33.677 9 INFO neutron.db.ovn_revision_numbers_db [None req-701f383b-0451-455a-8446-fbcdcce7747e b74d0f6850a24e4db72747476cff5a28 793826d128cb404e972d2611e7ca6d6f - - default default] Successfully bumped revision number for resource e8ed2884-ff48-4990-ad73-fe38bce914db (type: security_group_rules) to 0
2026-07-15 06:05:33.709 9 INFO neutron.wsgi [None req-701f383b-0451-455a-8446-fbcdcce7747e b74d0f6850a24e4db72747476cff5a28 793826d128cb404e972d2611e7ca6d6f - - default default] 10.0.0.181 "GET /v2.0/security-groups?tenant_id=c727cf4fd4954505a99888e70015a6d2&name=default HTTP/1.1" status: 200 len: 2996 time: 0.3282030
2026-07-15 06:05:33.964 9 INFO neutron.wsgi [None req-409cfd66-37ec-45ec-bf12-347317daf991 b74d0f6850a24e4db72747476cff5a28 793826d128cb404e972d2611e7ca6d6f - - default default] 10.0.0.181 "DELETE /v2.0/security-groups/1ae9b8ad-c06c-425a-a5e3-197c1fb5e887 HTTP/1.1" status: 204 len: 168 time: 0.2487798
2026-07-15 06:05:34.417 10 INFO neutron.notifiers.nova [-] Nova event matching ['req-3f4a7d66-6bc9-4648-8e2b-bd6a65e833d7'] response: {'server_uuid': 'a0e8f1d1-37cb-4b30-b3f2-a650ab1e58b3', 'name': 'network-vif-plugged', 'status': 'completed', 'tag': '4fef3e48-3c91-4fe6-bef4-5a5f4895464d', 'code': 200}
2026-07-15 06:05:34.703 9 INFO neutron.wsgi [req-cfdca731-e983-427d-803e-9a2acefaf46a req-3ed2c8bb-5738-4b44-9238-493c47d6f899 9e00b1879cea4d628b959ceb8de0ca1c 8adc5071ea914d8e80d6b2f65c1cafc4 - - default default] 10.0.0.240 "GET /v2.0/ports?device_id=a0e8f1d1-37cb-4b30-b3f2-a650ab1e58b3 HTTP/1.1" status: 200 len: 1170 time: 0.0632060
2026-07-15 06:05:34.751 9 INFO neutron.wsgi [req-cfdca731-e983-427d-803e-9a2acefaf46a req-f9149878-e6c8-4f3a-90c3-001491e691d2 9e00b1879cea4d628b959ceb8de0ca1c 8adc5071ea914d8e80d6b2f65c1cafc4 - - default default] 10.0.0.240 "GET /v2.0/security-groups?id=52f03f41-f563-45df-8527-3d5edfe55d22&fields=id&fields=name HTTP/1.1" status: 200 len: 312 time: 0.0401824
2026-07-15 06:05:34.876 9 INFO neutron.wsgi [req-37e04048-9b9d-46ed-802a-1d2d36f9eafa req-1739b088-3a64-4a45-80da-03461d8b6af3 9e00b1879cea4d628b959ceb8de0ca1c 8adc5071ea914d8e80d6b2f65c1cafc4 - - default default] 10.0.0.240 "GET /v2.0/ports?device_id=a0e8f1d1-37cb-4b30-b3f2-a650ab1e58b3 HTTP/1.1" status: 200 len: 1170 time: 0.0476897
2026-07-15 06:05:35.467 9 INFO neutron.db.l3_db [None req-cc3d3cde-fa38-40b2-b7c7-a8c936893f40 9e00b1879cea4d628b959ceb8de0ca1c 8adc5071ea914d8e80d6b2f65c1cafc4 - - default default] Floating IP 730cb246-fe17-41ac-ae56-d330bf528ecc associated. External IP: 10.96.250.208, port: 4fef3e48-3c91-4fe6-bef4-5a5f4895464d.
2026-07-15 06:05:35.736 9 INFO neutron.db.ovn_revision_numbers_db [None req-cc3d3cde-fa38-40b2-b7c7-a8c936893f40 9e00b1879cea4d628b959ceb8de0ca1c 8adc5071ea914d8e80d6b2f65c1cafc4 - - default default] Successfully bumped revision number for resource 730cb246-fe17-41ac-ae56-d330bf528ecc (type: floatingips) to 1 /var/lib/openstack/lib/python3.10/site-packages/pycadf/identifier.py:71: UserWarning: Invalid uuid: neutron. To ensure interoperability, identifiers should be a valid uuid. warnings.warn(('Invalid uuid: %s. To ensure interoperability, '
2026-07-15 06:05:35.773 10 WARNING neutron_lib.context [None req-56f592f7-566e-46c3-9a28-2f325bf1bdd7 26847d42f0dd4cc2a6357062cf82c6ad a8e4129026684815b3e6ece18e23dc65 - - default default] Method 'is_advsvc' is deprecated since 2023.2 release (neutron-lib 3.8.0) and will be removed once support for the old RBAC API policies will be removed from Neutron. Please use method 'is_service_role' instead.
2026-07-15 06:05:35.866 9 INFO neutron.db.ovn_revision_numbers_db [None req-cc3d3cde-fa38-40b2-b7c7-a8c936893f40 9e00b1879cea4d628b959ceb8de0ca1c 8adc5071ea914d8e80d6b2f65c1cafc4 - - default default] Successfully bumped revision number for resource 730cb246-fe17-41ac-ae56-d330bf528ecc (type: floatingips) to 2
2026-07-15 06:05:35.908 9 INFO neutron.wsgi [None req-cc3d3cde-fa38-40b2-b7c7-a8c936893f40 9e00b1879cea4d628b959ceb8de0ca1c 8adc5071ea914d8e80d6b2f65c1cafc4 - - default default] 10.0.0.181 "PUT /v2.0/floatingips/730cb246-fe17-41ac-ae56-d330bf528ecc HTTP/1.1" status: 200 len: 1049 time: 1.0176957
2026-07-15 06:05:35.948 10 INFO neutron.db.ovn_revision_numbers_db [None req-56f592f7-566e-46c3-9a28-2f325bf1bdd7 26847d42f0dd4cc2a6357062cf82c6ad a8e4129026684815b3e6ece18e23dc65 - - default default] Successfully bumped revision number for resource e8356acc-202f-4b86-95e4-c9ce985c7648 (type: security_groups) to 1
2026-07-15 06:05:35.961 9 INFO neutron.notifiers.nova [-] Nova event matching ['req-c5099997-6fec-410c-ac2a-013e3c140b21'] response: {'name': 'network-changed', 'server_uuid': 'a0e8f1d1-37cb-4b30-b3f2-a650ab1e58b3', 'tag': '4fef3e48-3c91-4fe6-bef4-5a5f4895464d', 'status': 'completed', 'code': 200}
2026-07-15 06:05:35.993 10 INFO neutron.db.ovn_revision_numbers_db [None req-56f592f7-566e-46c3-9a28-2f325bf1bdd7 26847d42f0dd4cc2a6357062cf82c6ad a8e4129026684815b3e6ece18e23dc65 - - default default] Successfully bumped revision number for resource 65487112-79da-4282-a03e-93817912555c (type: security_group_rules) to 0
2026-07-15 06:05:36.023 9 INFO neutron.wsgi [req-6324532f-32ef-4888-a18b-a285070ebf32 req-97c0ce31-99e7-4642-8dcd-813cbe6c702a 9e00b1879cea4d628b959ceb8de0ca1c 8adc5071ea914d8e80d6b2f65c1cafc4 - - default default] 10.0.0.240 "GET /v2.0/ports?device_id=a0e8f1d1-37cb-4b30-b3f2-a650ab1e58b3 HTTP/1.1" status: 200 len: 1170 time: 0.0484641
2026-07-15 06:05:36.040 10 INFO neutron.wsgi [req-5673a6f0-8228-4c6f-a733-d1b0f46416f8 req-6ba9d373-e230-4b72-b892-8b161954c53e f6874e0a7cdd4670a81148cd0d9e005d e1876e7429b34c7381d13da8019991be - - 0c8a729e6dab4f17a284c6fa56afbc8a 0c8a729e6dab4f17a284c6fa56afbc8a] 199.204.45.116 "GET /v2.0/ports?tenant_id=8adc5071ea914d8e80d6b2f65c1cafc4&device_id=a0e8f1d1-37cb-4b30-b3f2-a650ab1e58b3 HTTP/1.1" status: 200 len: 1409 time: 0.0590796
2026-07-15 06:05:36.041 10 INFO neutron.db.ovn_revision_numbers_db [None req-56f592f7-566e-46c3-9a28-2f325bf1bdd7 26847d42f0dd4cc2a6357062cf82c6ad a8e4129026684815b3e6ece18e23dc65 - - default default] Successfully bumped revision number for resource 762e2159-0aea-4a4d-a2d3-818671ab881d (type: security_group_rules) to 0
2026-07-15 06:05:36.070 9 INFO neutron.wsgi [req-6324532f-32ef-4888-a18b-a285070ebf32 req-835e4e45-540e-439a-952f-87eeafa67135 9e00b1879cea4d628b959ceb8de0ca1c 8adc5071ea914d8e80d6b2f65c1cafc4 - - default default] 10.0.0.240 "GET /v2.0/security-groups?id=52f03f41-f563-45df-8527-3d5edfe55d22&fields=id&fields=name HTTP/1.1" status: 200 len: 312 time: 0.0407212
2026-07-15 06:05:36.076 10 INFO neutron.db.ovn_revision_numbers_db [None req-56f592f7-566e-46c3-9a28-2f325bf1bdd7 26847d42f0dd4cc2a6357062cf82c6ad a8e4129026684815b3e6ece18e23dc65 - - default default] Successfully bumped revision number for resource 786ea148-5d76-4075-947d-884cf5ab2c1d (type: security_group_rules) to 0
2026-07-15 06:05:36.107 10 INFO neutron.db.ovn_revision_numbers_db [None req-56f592f7-566e-46c3-9a28-2f325bf1bdd7 26847d42f0dd4cc2a6357062cf82c6ad a8e4129026684815b3e6ece18e23dc65 - - default default] Successfully bumped revision number for resource b7fa994c-bde1-4259-b155-86e2ad8ced66 (type: security_group_rules) to 0
2026-07-15 06:05:36.138 10 INFO neutron.wsgi [req-5673a6f0-8228-4c6f-a733-d1b0f46416f8 req-56c2462c-6818-481e-8d07-ebf2f44e483b f6874e0a7cdd4670a81148cd0d9e005d e1876e7429b34c7381d13da8019991be - - 0c8a729e6dab4f17a284c6fa56afbc8a 0c8a729e6dab4f17a284c6fa56afbc8a] 199.204.45.116 "GET /v2.0/networks?id=fdd5e46b-1427-49e9-a411-4dd9632135fd HTTP/1.1" status: 200 len: 978 time: 0.0923140
2026-07-15 06:05:36.179 10 INFO neutron.db.segments_db [None req-56f592f7-566e-46c3-9a28-2f325bf1bdd7 26847d42f0dd4cc2a6357062cf82c6ad a8e4129026684815b3e6ece18e23dc65 - - default default] Added segment 9b9437ba-8bd2-4e85-8730-6822537b4754 of type geneve for network b470e1cb-67a8-4169-af9a-eb6251cb80ed
2026-07-15 06:05:36.213 10 INFO neutron.wsgi [req-5673a6f0-8228-4c6f-a733-d1b0f46416f8 req-9a2b36aa-acf2-4389-b723-b9a4faa13be1 f6874e0a7cdd4670a81148cd0d9e005d e1876e7429b34c7381d13da8019991be - - 0c8a729e6dab4f17a284c6fa56afbc8a 0c8a729e6dab4f17a284c6fa56afbc8a] 199.204.45.116 "GET /v2.0/floatingips?fixed_ip_address=10.100.0.5&port_id=4fef3e48-3c91-4fe6-bef4-5a5f4895464d HTTP/1.1" status: 200 len: 1059 time: 0.0664289
2026-07-15 06:05:36.278 10 INFO neutron.wsgi [req-5673a6f0-8228-4c6f-a733-d1b0f46416f8 req-396b198f-ee62-4822-922c-3a857ba622bb f6874e0a7cdd4670a81148cd0d9e005d e1876e7429b34c7381d13da8019991be - - 0c8a729e6dab4f17a284c6fa56afbc8a 0c8a729e6dab4f17a284c6fa56afbc8a] 199.204.45.116 "GET /v2.0/subnets?id=8fe20476-9554-4dc3-8d0f-5a9d2c46a970 HTTP/1.1" status: 200 len: 873 time: 0.0551305
2026-07-15 06:05:36.317 10 INFO neutron.wsgi [req-5673a6f0-8228-4c6f-a733-d1b0f46416f8 req-d58be3ac-fef8-429a-9a4d-2290fd75963e f6874e0a7cdd4670a81148cd0d9e005d e1876e7429b34c7381d13da8019991be - - 0c8a729e6dab4f17a284c6fa56afbc8a 0c8a729e6dab4f17a284c6fa56afbc8a] 199.204.45.116 "GET /v2.0/ports?network_id=fdd5e46b-1427-49e9-a411-4dd9632135fd&device_owner=network%3Adhcp HTTP/1.1" status: 200 len: 210 time: 0.0316908
2026-07-15 06:05:36.417 9 INFO neutron.wsgi [req-2f710afc-5ad1-414b-b275-f1078227c5b4 req-4df2adc5-e81b-4c1d-b950-0ac801e956a6 9e00b1879cea4d628b959ceb8de0ca1c 8adc5071ea914d8e80d6b2f65c1cafc4 - - default default] 10.0.0.240 "GET /v2.0/ports?device_id=a0e8f1d1-37cb-4b30-b3f2-a650ab1e58b3 HTTP/1.1" status: 200 len: 1170 time: 0.0447242
2026-07-15 06:05:36.417 10 INFO neutron.db.ovn_revision_numbers_db [None req-56f592f7-566e-46c3-9a28-2f325bf1bdd7 26847d42f0dd4cc2a6357062cf82c6ad a8e4129026684815b3e6ece18e23dc65 - - default default] Successfully bumped revision number for resource b470e1cb-67a8-4169-af9a-eb6251cb80ed (type: networks) to 1
2026-07-15 06:05:36.443 10 INFO neutron.plugins.ml2.drivers.ovn.mech_driver.mech_driver [None req-80fc0f6d-713c-4715-9cb0-d8a907150370 - - - - - -] OVN reports status down for port: 4fef3e48-3c91-4fe6-bef4-5a5f4895464d
2026-07-15 06:05:36.454 10 INFO neutron.wsgi [req-5673a6f0-8228-4c6f-a733-d1b0f46416f8 req-cd7703d7-e195-4232-8e28-e1e2675aaf59 f6874e0a7cdd4670a81148cd0d9e005d e1876e7429b34c7381d13da8019991be - - 0c8a729e6dab4f17a284c6fa56afbc8a 0c8a729e6dab4f17a284c6fa56afbc8a] 199.204.45.116 "GET /v2.0/networks/fdd5e46b-1427-49e9-a411-4dd9632135fd?fields=segments HTTP/1.1" status: 200 len: 212 time: 0.1290689
2026-07-15 06:05:36.474 9 INFO neutron.wsgi [req-2f710afc-5ad1-414b-b275-f1078227c5b4 req-945e6cbe-0e80-4423-8454-c1c985cd2a5e 9e00b1879cea4d628b959ceb8de0ca1c 8adc5071ea914d8e80d6b2f65c1cafc4 - - default default] 10.0.0.240 "GET /v2.0/security-groups?id=52f03f41-f563-45df-8527-3d5edfe55d22&fields=id&fields=name HTTP/1.1" status: 200 len: 312 time: 0.0507843
2026-07-15 06:05:36.650 10 INFO neutron.wsgi [req-5673a6f0-8228-4c6f-a733-d1b0f46416f8 req-7dbe07fa-0889-4d99-82c8-127a449ebe2c f6874e0a7cdd4670a81148cd0d9e005d e1876e7429b34c7381d13da8019991be - - 0c8a729e6dab4f17a284c6fa56afbc8a 0c8a729e6dab4f17a284c6fa56afbc8a] 199.204.45.116 "GET /v2.0/networks/fdd5e46b-1427-49e9-a411-4dd9632135fd?fields=provider%3Aphysical_network&fields=provider%3Anetwork_type HTTP/1.1" status: 200 len: 277 time: 0.1842546
2026-07-15 06:05:36.739 10 INFO neutron.notifiers.nova [-] Nova event matching ['req-3e19f51d-8bd9-44ee-a3da-fff99b8c9e2b'] response: {'server_uuid': 'a0e8f1d1-37cb-4b30-b3f2-a650ab1e58b3', 'name': 'network-vif-unplugged', 'status': 'completed', 'tag': '4fef3e48-3c91-4fe6-bef4-5a5f4895464d', 'code': 200}
2026-07-15 06:05:36.776 10 WARNING neutron.scheduler.dhcp_agent_scheduler [None req-56f592f7-566e-46c3-9a28-2f325bf1bdd7 26847d42f0dd4cc2a6357062cf82c6ad a8e4129026684815b3e6ece18e23dc65 - - default default] No more DHCP agents
2026-07-15 06:05:36.784 10 WARNING neutron.api.rpc.agentnotifiers.dhcp_rpc_agent_api [None req-56f592f7-566e-46c3-9a28-2f325bf1bdd7 26847d42f0dd4cc2a6357062cf82c6ad a8e4129026684815b3e6ece18e23dc65 - - default default] Unable to schedule network b470e1cb-67a8-4169-af9a-eb6251cb80ed: no agents available; will retry on subsequent port and subnet creation events.
2026-07-15 06:05:36.875 10 INFO neutron.wsgi [req-000cc293-c910-4d97-a65d-2da4f21de027 req-35cc982a-deb1-4117-ade9-15691df60ef8 9e00b1879cea4d628b959ceb8de0ca1c 8adc5071ea914d8e80d6b2f65c1cafc4 - - default default] 199.204.45.116 "GET /v2.0/ports?device_id=a0e8f1d1-37cb-4b30-b3f2-a650ab1e58b3 HTTP/1.1" status: 200 len: 1168 time: 0.1360767
2026-07-15 06:05:36.945 10 INFO neutron.db.ovn_revision_numbers_db [None req-56f592f7-566e-46c3-9a28-2f325bf1bdd7 26847d42f0dd4cc2a6357062cf82c6ad a8e4129026684815b3e6ece18e23dc65 - - default default] Successfully bumped revision number for resource e2f9e20d-39c4-4737-941d-229ef17ed5c2 (type: ports) to 1
2026-07-15 06:05:36.993 10 INFO neutron.wsgi [None req-56f592f7-566e-46c3-9a28-2f325bf1bdd7 26847d42f0dd4cc2a6357062cf82c6ad a8e4129026684815b3e6ece18e23dc65 - - default default] 10.0.0.181 "POST /v2.0/networks HTTP/1.1" status: 201 len: 833 time: 1.5472164
2026-07-15 06:05:37.011 10 INFO neutron.db.ovn_revision_numbers_db [None req-80fc0f6d-713c-4715-9cb0-d8a907150370 - - - - - -] Successfully bumped revision number for resource 4fef3e48-3c91-4fe6-bef4-5a5f4895464d (type: ports) to 5
2026-07-15 06:05:37.013 9 WARNING neutron_lib.context [None req-78703d85-84ac-4520-97b8-14c6dc085bc3 26847d42f0dd4cc2a6357062cf82c6ad a8e4129026684815b3e6ece18e23dc65 - - default default] Method 'is_advsvc' is deprecated since 2023.2 release (neutron-lib 3.8.0) and will be removed once support for the old RBAC API policies will be removed from Neutron. Please use method 'is_service_role' instead.
2026-07-15 06:05:37.108 9 INFO neutron.db.segments_db [None req-78703d85-84ac-4520-97b8-14c6dc085bc3 26847d42f0dd4cc2a6357062cf82c6ad a8e4129026684815b3e6ece18e23dc65 - - default default] Added segment f5416df0-24b0-4e32-95d3-2488afce1644 of type geneve for network 9f1cb105-5092-4d81-80ae-38f724dce809
2026-07-15 06:05:37.230 10 INFO neutron.db.l3_db [req-000cc293-c910-4d97-a65d-2da4f21de027 req-2a5667e7-e0a9-481d-baa5-a725db9f279c 9e00b1879cea4d628b959ceb8de0ca1c 8adc5071ea914d8e80d6b2f65c1cafc4 - - default default] Floating IP 730cb246-fe17-41ac-ae56-d330bf528ecc disassociated. External IP: 10.96.250.208, port: 4fef3e48-3c91-4fe6-bef4-5a5f4895464d.
2026-07-15 06:05:37.287 9 INFO neutron.db.ovn_revision_numbers_db [None req-78703d85-84ac-4520-97b8-14c6dc085bc3 26847d42f0dd4cc2a6357062cf82c6ad a8e4129026684815b3e6ece18e23dc65 - - default default] Successfully bumped revision number for resource 9f1cb105-5092-4d81-80ae-38f724dce809 (type: networks) to 1
2026-07-15 06:05:37.366 9 INFO neutron.db.ovn_revision_numbers_db [None req-44aa07eb-6f61-4675-8bd3-126e5bd339f4 b74d0f6850a24e4db72747476cff5a28 793826d128cb404e972d2611e7ca6d6f - - default default] Successfully bumped revision number for resource 229ec8da-8c80-4a77-af4e-50f80d3a780e (type: security_groups) to 1
2026-07-15 06:05:37.386 9 INFO neutron.db.ovn_revision_numbers_db [None req-44aa07eb-6f61-4675-8bd3-126e5bd339f4 b74d0f6850a24e4db72747476cff5a28 793826d128cb404e972d2611e7ca6d6f - - default default] Successfully bumped revision number for resource 10dbff34-f09b-4c04-945b-df0accf14632 (type: security_group_rules) to 0
2026-07-15 06:05:37.422 9 INFO neutron.db.ovn_revision_numbers_db [None req-44aa07eb-6f61-4675-8bd3-126e5bd339f4 b74d0f6850a24e4db72747476cff5a28 793826d128cb404e972d2611e7ca6d6f - - default default] Successfully bumped revision number for resource 32c9b59b-d85f-492c-a38e-cbc3e72da1d1 (type: security_group_rules) to 0
2026-07-15 06:05:37.454 9 INFO neutron.db.ovn_revision_numbers_db [None req-44aa07eb-6f61-4675-8bd3-126e5bd339f4 b74d0f6850a24e4db72747476cff5a28 793826d128cb404e972d2611e7ca6d6f - - default default] Successfully bumped revision number for resource 8a57e56a-34fd-42f6-9b36-d98a223e064f (type: security_group_rules) to 0
2026-07-15 06:05:37.466 10 INFO neutron.wsgi [req-000cc293-c910-4d97-a65d-2da4f21de027 req-2a5667e7-e0a9-481d-baa5-a725db9f279c 9e00b1879cea4d628b959ceb8de0ca1c 8adc5071ea914d8e80d6b2f65c1cafc4 - - default default] 199.204.45.116 "DELETE /v2.0/ports/4fef3e48-3c91-4fe6-bef4-5a5f4895464d HTTP/1.1" status: 204 len: 173 time: 0.5819824
2026-07-15 06:05:37.479 9 INFO neutron.db.ovn_revision_numbers_db [None req-44aa07eb-6f61-4675-8bd3-126e5bd339f4 b74d0f6850a24e4db72747476cff5a28 793826d128cb404e972d2611e7ca6d6f - - default default] Successfully bumped revision number for resource edf79519-4366-4622-9781-ba6234411bc5 (type: security_group_rules) to 0
2026-07-15 06:05:37.532 9 INFO neutron.wsgi [None req-44aa07eb-6f61-4675-8bd3-126e5bd339f4 b74d0f6850a24e4db72747476cff5a28 793826d128cb404e972d2611e7ca6d6f - - default default] 10.0.0.181 "GET /v2.0/security-groups?tenant_id=7b09899a2b324836bfcf3e8173095168&name=default HTTP/1.1" status: 200 len: 2996 time: 0.6072340
2026-07-15 06:05:37.539 9 WARNING neutron.scheduler.dhcp_agent_scheduler [None req-78703d85-84ac-4520-97b8-14c6dc085bc3 26847d42f0dd4cc2a6357062cf82c6ad a8e4129026684815b3e6ece18e23dc65 - - default default] No more DHCP agents
2026-07-15 06:05:37.542 9 WARNING neutron.api.rpc.agentnotifiers.dhcp_rpc_agent_api [None req-78703d85-84ac-4520-97b8-14c6dc085bc3 26847d42f0dd4cc2a6357062cf82c6ad a8e4129026684815b3e6ece18e23dc65 - - default default] Unable to schedule network 9f1cb105-5092-4d81-80ae-38f724dce809: no agents available; will retry on subsequent port and subnet creation events. /var/lib/openstack/lib/python3.10/site-packages/pycadf/identifier.py:71: UserWarning: Invalid uuid: neutron. To ensure interoperability, identifiers should be a valid uuid. warnings.warn(('Invalid uuid: %s. To ensure interoperability, '
2026-07-15 06:05:37.579 9 INFO neutron.wsgi [req-375fd56a-8823-472f-88ba-f08df3677a7f req-fbe40a00-f9f4-4f50-ae31-a4e37926a05a 9e00b1879cea4d628b959ceb8de0ca1c 8adc5071ea914d8e80d6b2f65c1cafc4 - - default default] 10.0.0.240 "GET /v2.0/ports?device_id=a0e8f1d1-37cb-4b30-b3f2-a650ab1e58b3 HTTP/1.1" status: 200 len: 210 time: 0.0264850
2026-07-15 06:05:37.661 9 INFO neutron.db.ovn_revision_numbers_db [None req-78703d85-84ac-4520-97b8-14c6dc085bc3 26847d42f0dd4cc2a6357062cf82c6ad a8e4129026684815b3e6ece18e23dc65 - - default default] Successfully bumped revision number for resource bf0e8590-8418-42b0-8d72-7ba52fa60c48 (type: ports) to 1
2026-07-15 06:05:37.691 9 INFO neutron.wsgi [None req-78703d85-84ac-4520-97b8-14c6dc085bc3 26847d42f0dd4cc2a6357062cf82c6ad a8e4129026684815b3e6ece18e23dc65 - - default default] 10.0.0.181 "POST /v2.0/networks HTTP/1.1" status: 201 len: 830 time: 0.6895843
2026-07-15 06:05:37.704 9 WARNING neutron_lib.context [None req-29d8b953-7be5-46b5-862d-70f0b90af32b 26847d42f0dd4cc2a6357062cf82c6ad a8e4129026684815b3e6ece18e23dc65 - - default default] Method 'is_advsvc' is deprecated since 2023.2 release (neutron-lib 3.8.0) and will be removed once support for the old RBAC API policies will be removed from Neutron. Please use method 'is_service_role' instead.
2026-07-15 06:05:37.988 9 WARNING neutron.scheduler.dhcp_agent_scheduler [None req-29d8b953-7be5-46b5-862d-70f0b90af32b 26847d42f0dd4cc2a6357062cf82c6ad a8e4129026684815b3e6ece18e23dc65 - - default default] No more DHCP agents
2026-07-15 06:05:37.992 9 WARNING neutron.api.rpc.agentnotifiers.dhcp_rpc_agent_api [None req-29d8b953-7be5-46b5-862d-70f0b90af32b 26847d42f0dd4cc2a6357062cf82c6ad a8e4129026684815b3e6ece18e23dc65 - - default default] Unable to schedule network b470e1cb-67a8-4169-af9a-eb6251cb80ed: no agents available; will retry on subsequent port and subnet creation events.
2026-07-15 06:05:38.040 9 INFO neutron.db.ovn_revision_numbers_db [None req-29d8b953-7be5-46b5-862d-70f0b90af32b 26847d42f0dd4cc2a6357062cf82c6ad a8e4129026684815b3e6ece18e23dc65 - - default default] Successfully bumped revision number for resource f7b5a6aa-b665-4002-a6c1-ed906372135f (type: subnets) to 0
