2026-07-15 06:04:38.909 10 INFO neutron.wsgi [req-87092268-9022-4b41-9699-8d8f7eb1c3f1 req-ed184f61-9651-40fa-bcec-131b746ac4f6 f6874e0a7cdd4670a81148cd0d9e005d e1876e7429b34c7381d13da8019991be - - 0c8a729e6dab4f17a284c6fa56afbc8a 0c8a729e6dab4f17a284c6fa56afbc8a] 199.204.45.116 "GET /v2.0/networks/1cd9fbc4-2894-4840-8b07-6f5fbacd0cf7?fields=segments HTTP/1.1" status: 200 len: 212 time: 0.1017964
2026-07-15 06:04:38.944 10 INFO neutron.services.segments.plugin [-] Segment bb972f46-54b3-46cc-9a05-0721dbf556f6 resource provider aggregate not found
2026-07-15 06:04:38.958 10 INFO neutron.services.segments.plugin [-] Segment bb972f46-54b3-46cc-9a05-0721dbf556f6 resource provider aggregate not found
2026-07-15 06:04:38.972 10 INFO neutron.services.segments.plugin [-] Segment bb972f46-54b3-46cc-9a05-0721dbf556f6 resource provider not found; error: Placement Client Error (4xx): {"errors": [{"status": 404, "title": "Not Found", "detail": "The resource could not be found.\n\n No resource provider with uuid bb972f46-54b3-46cc-9a05-0721dbf556f6 found for delete ", "request_id": "req-6ed4e3fa-3497-42bf-a748-fa974360ea85"}]}
2026-07-15 06:04:38.990 10 INFO neutron.services.segments.plugin [-] Segment bb972f46-54b3-46cc-9a05-0721dbf556f6 resource provider not found; error: Placement Client Error (4xx): {"errors": [{"status": 404, "title": "Not Found", "detail": "The resource could not be found.\n\n No resource provider with uuid bb972f46-54b3-46cc-9a05-0721dbf556f6 found for delete ", "request_id": "req-14635a95-a939-4f57-a05a-36e574cc0e54"}]}
2026-07-15 06:04:39.059 10 INFO neutron.wsgi [req-87092268-9022-4b41-9699-8d8f7eb1c3f1 req-0e1ea2b5-63c5-4f9c-8973-c77518721d42 f6874e0a7cdd4670a81148cd0d9e005d e1876e7429b34c7381d13da8019991be - - 0c8a729e6dab4f17a284c6fa56afbc8a 0c8a729e6dab4f17a284c6fa56afbc8a] 199.204.45.116 "GET /v2.0/networks/1cd9fbc4-2894-4840-8b07-6f5fbacd0cf7?fields=provider%3Aphysical_network&fields=provider%3Anetwork_type HTTP/1.1" status: 200 len: 277 time: 0.1398509
2026-07-15 06:04:39.095 9 INFO neutron.db.ovn_revision_numbers_db [None req-835c8b15-1300-4b3e-a2a5-60785bcebfa0 f985aa3010194e83b70008b6d7670d86 1833f64013694363a973c43391d4eeb5 - - default default] Successfully bumped revision number for resource 33ba0340-b2d2-49df-aa62-bdb576136329 (type: floatingips) to 1 /var/lib/openstack/lib/python3.10/site-packages/pycadf/identifier.py:71: UserWarning: Invalid uuid: neutron. To ensure interoperability, identifiers should be a valid uuid. warnings.warn(('Invalid uuid: %s. To ensure interoperability, '
2026-07-15 06:04:39.204 10 INFO neutron.wsgi [None req-e1f10576-256d-4a2e-ad2d-9ebc0b082d17 b74d0f6850a24e4db72747476cff5a28 793826d128cb404e972d2611e7ca6d6f - - default default] 10.0.0.181 "DELETE /v2.0/security-groups/d4db7440-6262-4fc0-8b25-662f90d67424 HTTP/1.1" status: 204 len: 168 time: 0.3479869
2026-07-15 06:04:39.501 9 INFO neutron.db.ovn_revision_numbers_db [None req-835c8b15-1300-4b3e-a2a5-60785bcebfa0 f985aa3010194e83b70008b6d7670d86 1833f64013694363a973c43391d4eeb5 - - default default] Successfully bumped revision number for resource 33ba0340-b2d2-49df-aa62-bdb576136329 (type: floatingips) to 2
2026-07-15 06:04:39.528 9 INFO neutron.wsgi [None req-835c8b15-1300-4b3e-a2a5-60785bcebfa0 f985aa3010194e83b70008b6d7670d86 1833f64013694363a973c43391d4eeb5 - - default default] 10.0.0.181 "PUT /v2.0/floatingips/33ba0340-b2d2-49df-aa62-bdb576136329 HTTP/1.1" status: 200 len: 1049 time: 1.0398121
2026-07-15 06:04:39.573 9 INFO neutron.db.ovn_revision_numbers_db [None req-5d03ff08-d561-40ee-9d50-5350e1e4e8eb b74d0f6850a24e4db72747476cff5a28 793826d128cb404e972d2611e7ca6d6f - - default default] Successfully bumped revision number for resource 14ed920a-0d8b-4929-b0f0-d7a1b1ad2a59 (type: security_groups) to 1
2026-07-15 06:04:39.601 9 INFO neutron.db.ovn_revision_numbers_db [None req-5d03ff08-d561-40ee-9d50-5350e1e4e8eb b74d0f6850a24e4db72747476cff5a28 793826d128cb404e972d2611e7ca6d6f - - default default] Successfully bumped revision number for resource 061f1019-7e95-43df-8779-9bbc996d3a87 (type: security_group_rules) to 0
2026-07-15 06:04:39.629 9 INFO neutron.db.ovn_revision_numbers_db [None req-5d03ff08-d561-40ee-9d50-5350e1e4e8eb b74d0f6850a24e4db72747476cff5a28 793826d128cb404e972d2611e7ca6d6f - - default default] Successfully bumped revision number for resource 35c18fe8-1609-4e16-b354-d41d67bb054f (type: security_group_rules) to 0
2026-07-15 06:04:39.647 9 INFO neutron.wsgi [req-666d9803-5a20-4961-98df-fb6e06695afd req-74379a6a-e4e7-4568-b5c5-6731854a9951 f985aa3010194e83b70008b6d7670d86 1833f64013694363a973c43391d4eeb5 - - default default] 10.0.0.240 "GET /v2.0/ports?device_id=8366399a-de97-4b37-97cc-d2dfb860d8bd HTTP/1.1" status: 200 len: 1170 time: 0.0574439
2026-07-15 06:04:39.663 9 INFO neutron.db.ovn_revision_numbers_db [None req-5d03ff08-d561-40ee-9d50-5350e1e4e8eb b74d0f6850a24e4db72747476cff5a28 793826d128cb404e972d2611e7ca6d6f - - default default] Successfully bumped revision number for resource 663550de-2492-4b40-890e-0debcfd77288 (type: security_group_rules) to 0
2026-07-15 06:04:39.691 9 INFO neutron.db.ovn_revision_numbers_db [None req-5d03ff08-d561-40ee-9d50-5350e1e4e8eb b74d0f6850a24e4db72747476cff5a28 793826d128cb404e972d2611e7ca6d6f - - default default] Successfully bumped revision number for resource d2cc2335-7920-4bc4-a8a3-a42f70bdf54d (type: security_group_rules) to 0
2026-07-15 06:04:39.716 9 INFO neutron.wsgi [req-666d9803-5a20-4961-98df-fb6e06695afd req-1ac077d8-e291-4506-b90b-1b833e45f824 f985aa3010194e83b70008b6d7670d86 1833f64013694363a973c43391d4eeb5 - - default default] 10.0.0.240 "GET /v2.0/security-groups?id=d24ab26e-b59b-4534-b483-de5ae645261d&fields=id&fields=name HTTP/1.1" status: 200 len: 312 time: 0.0618248
2026-07-15 06:04:39.751 9 INFO neutron.db.segments_db [None req-5d03ff08-d561-40ee-9d50-5350e1e4e8eb b74d0f6850a24e4db72747476cff5a28 793826d128cb404e972d2611e7ca6d6f - - default default] Added segment 75fb814d-7f83-4687-ab3d-4a399d77fd9b of type geneve for network 559653d2-4505-4db3-8a74-4b6e5038469c
2026-07-15 06:04:39.908 9 INFO neutron.db.ovn_revision_numbers_db [None req-5d03ff08-d561-40ee-9d50-5350e1e4e8eb b74d0f6850a24e4db72747476cff5a28 793826d128cb404e972d2611e7ca6d6f - - default default] Successfully bumped revision number for resource 559653d2-4505-4db3-8a74-4b6e5038469c (type: networks) to 1
2026-07-15 06:04:40.090 9 WARNING neutron.scheduler.dhcp_agent_scheduler [None req-5d03ff08-d561-40ee-9d50-5350e1e4e8eb b74d0f6850a24e4db72747476cff5a28 793826d128cb404e972d2611e7ca6d6f - - default default] No more DHCP agents
2026-07-15 06:04:40.095 9 WARNING neutron.api.rpc.agentnotifiers.dhcp_rpc_agent_api [None req-5d03ff08-d561-40ee-9d50-5350e1e4e8eb b74d0f6850a24e4db72747476cff5a28 793826d128cb404e972d2611e7ca6d6f - - default default] Unable to schedule network 559653d2-4505-4db3-8a74-4b6e5038469c: no agents available; will retry on subsequent port and subnet creation events.
2026-07-15 06:04:40.172 9 INFO neutron.db.ovn_revision_numbers_db [None req-5d03ff08-d561-40ee-9d50-5350e1e4e8eb b74d0f6850a24e4db72747476cff5a28 793826d128cb404e972d2611e7ca6d6f - - default default] Successfully bumped revision number for resource 3a2791ad-3342-4cdf-aa3b-aab23e56738b (type: ports) to 1
2026-07-15 06:04:40.194 9 INFO neutron.wsgi [None req-5d03ff08-d561-40ee-9d50-5350e1e4e8eb b74d0f6850a24e4db72747476cff5a28 793826d128cb404e972d2611e7ca6d6f - - default default] 10.0.0.181 "POST /v2.0/networks HTTP/1.1" status: 201 len: 939 time: 1.2932451
2026-07-15 06:04:40.349 9 WARNING neutron.scheduler.dhcp_agent_scheduler [None req-5150ad15-05e5-4aa5-b0d1-380439b38d29 b74d0f6850a24e4db72747476cff5a28 793826d128cb404e972d2611e7ca6d6f - - default default] No more DHCP agents
2026-07-15 06:04:40.352 9 WARNING neutron.api.rpc.agentnotifiers.dhcp_rpc_agent_api [None req-5150ad15-05e5-4aa5-b0d1-380439b38d29 b74d0f6850a24e4db72747476cff5a28 793826d128cb404e972d2611e7ca6d6f - - default default] Unable to schedule network 559653d2-4505-4db3-8a74-4b6e5038469c: no agents available; will retry on subsequent port and subnet creation events.
2026-07-15 06:04:40.495 9 INFO neutron.notifiers.nova [-] Nova event matching ['req-dad2e8af-5077-4d5b-9121-8e28c03d3128'] response: {'name': 'network-changed', 'server_uuid': '8366399a-de97-4b37-97cc-d2dfb860d8bd', 'tag': '809b46d5-c4d8-4abe-93bc-58d717ef282c', 'status': 'completed', 'code': 200}
2026-07-15 06:04:40.564 10 INFO neutron.wsgi [req-21ef8692-afc0-479d-b325-2efd2440cb17 req-8b25a958-969f-4e1f-8268-a49e2e1cbe4f f6874e0a7cdd4670a81148cd0d9e005d e1876e7429b34c7381d13da8019991be - - 0c8a729e6dab4f17a284c6fa56afbc8a 0c8a729e6dab4f17a284c6fa56afbc8a] 199.204.45.116 "GET /v2.0/ports?tenant_id=1833f64013694363a973c43391d4eeb5&device_id=8366399a-de97-4b37-97cc-d2dfb860d8bd HTTP/1.1" status: 200 len: 1409 time: 0.0428348
2026-07-15 06:04:40.653 10 INFO neutron.wsgi [req-21ef8692-afc0-479d-b325-2efd2440cb17 req-abcced30-6e76-4329-ac9b-f9a2ed6689c0 f6874e0a7cdd4670a81148cd0d9e005d e1876e7429b34c7381d13da8019991be - - 0c8a729e6dab4f17a284c6fa56afbc8a 0c8a729e6dab4f17a284c6fa56afbc8a] 199.204.45.116 "GET /v2.0/networks?id=3c151412-f467-4ff5-be17-d8b88db604d7 HTTP/1.1" status: 200 len: 981 time: 0.0819309
2026-07-15 06:04:40.710 10 INFO neutron.wsgi [req-21ef8692-afc0-479d-b325-2efd2440cb17 req-c8beec49-ab96-4540-ab50-5e2fc1d82c47 f6874e0a7cdd4670a81148cd0d9e005d e1876e7429b34c7381d13da8019991be - - 0c8a729e6dab4f17a284c6fa56afbc8a 0c8a729e6dab4f17a284c6fa56afbc8a] 199.204.45.116 "GET /v2.0/floatingips?fixed_ip_address=10.100.0.8&port_id=809b46d5-c4d8-4abe-93bc-58d717ef282c HTTP/1.1" status: 200 len: 1059 time: 0.0526023
2026-07-15 06:04:40.779 10 INFO neutron.wsgi [req-21ef8692-afc0-479d-b325-2efd2440cb17 req-7ee2f585-fb74-4538-8268-a74fe74c4b82 f6874e0a7cdd4670a81148cd0d9e005d e1876e7429b34c7381d13da8019991be - - 0c8a729e6dab4f17a284c6fa56afbc8a 0c8a729e6dab4f17a284c6fa56afbc8a] 199.204.45.116 "GET /v2.0/subnets?id=e38a6823-a4f6-4405-afd2-b00c6c9cbe2a HTTP/1.1" status: 200 len: 877 time: 0.0594246
2026-07-15 06:04:40.812 10 INFO neutron.wsgi [req-21ef8692-afc0-479d-b325-2efd2440cb17 req-a7307e08-479e-4a6d-a1a8-e507e1811636 f6874e0a7cdd4670a81148cd0d9e005d e1876e7429b34c7381d13da8019991be - - 0c8a729e6dab4f17a284c6fa56afbc8a 0c8a729e6dab4f17a284c6fa56afbc8a] 199.204.45.116 "GET /v2.0/ports?network_id=3c151412-f467-4ff5-be17-d8b88db604d7&device_owner=network%3Adhcp HTTP/1.1" status: 200 len: 210 time: 0.0258622
2026-07-15 06:04:40.886 10 INFO neutron.wsgi [req-21ef8692-afc0-479d-b325-2efd2440cb17 req-44a50ea3-f908-449f-8adb-1f9cc8be95e0 f6874e0a7cdd4670a81148cd0d9e005d e1876e7429b34c7381d13da8019991be - - 0c8a729e6dab4f17a284c6fa56afbc8a 0c8a729e6dab4f17a284c6fa56afbc8a] 199.204.45.116 "GET /v2.0/networks/3c151412-f467-4ff5-be17-d8b88db604d7?fields=segments HTTP/1.1" status: 200 len: 212 time: 0.0670400
2026-07-15 06:04:40.959 10 INFO neutron.wsgi [req-21ef8692-afc0-479d-b325-2efd2440cb17 req-23a56518-48de-456b-a3ed-c6d82d0888d2 f6874e0a7cdd4670a81148cd0d9e005d e1876e7429b34c7381d13da8019991be - - 0c8a729e6dab4f17a284c6fa56afbc8a 0c8a729e6dab4f17a284c6fa56afbc8a] 199.204.45.116 "GET /v2.0/networks/3c151412-f467-4ff5-be17-d8b88db604d7?fields=provider%3Aphysical_network&fields=provider%3Anetwork_type HTTP/1.1" status: 200 len: 277 time: 0.0642207
2026-07-15 06:04:41.014 9 INFO neutron.db.ovn_revision_numbers_db [None req-5150ad15-05e5-4aa5-b0d1-380439b38d29 b74d0f6850a24e4db72747476cff5a28 793826d128cb404e972d2611e7ca6d6f - - default default] Successfully bumped revision number for resource 3a2791ad-3342-4cdf-aa3b-aab23e56738b (type: ports) to 2
2026-07-15 06:04:41.061 9 INFO neutron.db.ovn_revision_numbers_db [None req-5150ad15-05e5-4aa5-b0d1-380439b38d29 b74d0f6850a24e4db72747476cff5a28 793826d128cb404e972d2611e7ca6d6f - - default default] Successfully bumped revision number for resource e6eda66d-3c56-4993-b49e-52effe8c2566 (type: subnets) to 0
2026-07-15 06:04:41.102 9 INFO neutron.wsgi [None req-5150ad15-05e5-4aa5-b0d1-380439b38d29 b74d0f6850a24e4db72747476cff5a28 793826d128cb404e972d2611e7ca6d6f - - default default] 10.0.0.181 "POST /v2.0/subnets HTTP/1.1" status: 201 len: 859 time: 0.9034593
2026-07-15 06:04:41.427 10 INFO neutron.db.ovn_revision_numbers_db [None req-922b054b-7743-4d73-b5f5-b4ac6de20bff b74d0f6850a24e4db72747476cff5a28 793826d128cb404e972d2611e7ca6d6f - - default default] Successfully bumped revision number for resource cc383c89-a7d3-4663-b310-425ebbd73847 (type: security_groups) to 1
2026-07-15 06:04:41.447 10 INFO neutron.db.ovn_revision_numbers_db [None req-922b054b-7743-4d73-b5f5-b4ac6de20bff b74d0f6850a24e4db72747476cff5a28 793826d128cb404e972d2611e7ca6d6f - - default default] Successfully bumped revision number for resource 12d4334d-d8b5-42b2-93ae-d3523fe1edf3 (type: security_group_rules) to 0
2026-07-15 06:04:41.463 10 INFO neutron.db.ovn_revision_numbers_db [None req-922b054b-7743-4d73-b5f5-b4ac6de20bff b74d0f6850a24e4db72747476cff5a28 793826d128cb404e972d2611e7ca6d6f - - default default] Successfully bumped revision number for resource 2eb3b5d3-811f-4929-bf03-181445aabefd (type: security_group_rules) to 0
2026-07-15 06:04:41.480 10 INFO neutron.db.ovn_revision_numbers_db [None req-922b054b-7743-4d73-b5f5-b4ac6de20bff b74d0f6850a24e4db72747476cff5a28 793826d128cb404e972d2611e7ca6d6f - - default default] Successfully bumped revision number for resource 523e4038-825a-4f89-95c9-01df1234e166 (type: security_group_rules) to 0
2026-07-15 06:04:41.496 10 INFO neutron.db.ovn_revision_numbers_db [None req-922b054b-7743-4d73-b5f5-b4ac6de20bff b74d0f6850a24e4db72747476cff5a28 793826d128cb404e972d2611e7ca6d6f - - default default] Successfully bumped revision number for resource f473e49c-d6dc-4e2a-b68c-c3f36253d13a (type: security_group_rules) to 0
2026-07-15 06:04:41.544 10 INFO neutron.db.segments_db [None req-922b054b-7743-4d73-b5f5-b4ac6de20bff b74d0f6850a24e4db72747476cff5a28 793826d128cb404e972d2611e7ca6d6f - - default default] Added segment fee6f007-1f34-4e3c-b687-784293909afe of type geneve for network 3f8dcc0b-647a-4f31-a304-097072bb32e8
2026-07-15 06:04:41.740 9 WARNING neutron.scheduler.dhcp_agent_scheduler [None req-728ad342-aa62-4857-b246-f343878177d8 b74d0f6850a24e4db72747476cff5a28 793826d128cb404e972d2611e7ca6d6f - - default default] No more DHCP agents
2026-07-15 06:04:41.745 9 WARNING neutron.api.rpc.agentnotifiers.dhcp_rpc_agent_api [None req-728ad342-aa62-4857-b246-f343878177d8 b74d0f6850a24e4db72747476cff5a28 793826d128cb404e972d2611e7ca6d6f - - default default] Unable to schedule network 85d8c101-1625-4351-9175-849136598975: no agents available; will retry on subsequent port and subnet creation events.
2026-07-15 06:04:41.960 9 INFO neutron.db.ovn_revision_numbers_db [None req-728ad342-aa62-4857-b246-f343878177d8 b74d0f6850a24e4db72747476cff5a28 793826d128cb404e972d2611e7ca6d6f - - default default] Successfully bumped revision number for resource bac9ac4e-8ede-41c4-b5da-128dd2e09df4 (type: ports) to 1
2026-07-15 06:04:42.102 10 INFO neutron.db.ovn_revision_numbers_db [None req-922b054b-7743-4d73-b5f5-b4ac6de20bff b74d0f6850a24e4db72747476cff5a28 793826d128cb404e972d2611e7ca6d6f - - default default] Successfully bumped revision number for resource 3f8dcc0b-647a-4f31-a304-097072bb32e8 (type: networks) to 1
2026-07-15 06:04:42.295 10 WARNING neutron.scheduler.dhcp_agent_scheduler [None req-922b054b-7743-4d73-b5f5-b4ac6de20bff b74d0f6850a24e4db72747476cff5a28 793826d128cb404e972d2611e7ca6d6f - - default default] No more DHCP agents
2026-07-15 06:04:42.302 10 WARNING neutron.api.rpc.agentnotifiers.dhcp_rpc_agent_api [None req-922b054b-7743-4d73-b5f5-b4ac6de20bff b74d0f6850a24e4db72747476cff5a28 793826d128cb404e972d2611e7ca6d6f - - default default] Unable to schedule network 3f8dcc0b-647a-4f31-a304-097072bb32e8: no agents available; will retry on subsequent port and subnet creation events.
2026-07-15 06:04:42.389 10 INFO neutron.db.ovn_revision_numbers_db [None req-922b054b-7743-4d73-b5f5-b4ac6de20bff b74d0f6850a24e4db72747476cff5a28 793826d128cb404e972d2611e7ca6d6f - - default default] Successfully bumped revision number for resource 0e8aa849-0a79-4a29-bb40-7461f150eac3 (type: ports) to 1
2026-07-15 06:04:42.415 10 INFO neutron.wsgi [None req-922b054b-7743-4d73-b5f5-b4ac6de20bff b74d0f6850a24e4db72747476cff5a28 793826d128cb404e972d2611e7ca6d6f - - default default] 10.0.0.181 "POST /v2.0/networks HTTP/1.1" status: 201 len: 947 time: 1.3479676
2026-07-15 06:04:42.626 10 WARNING neutron.scheduler.dhcp_agent_scheduler [None req-cba8f686-bab7-4a2b-abf4-e368ae4f0c13 b74d0f6850a24e4db72747476cff5a28 793826d128cb404e972d2611e7ca6d6f - - default default] No more DHCP agents
2026-07-15 06:04:42.630 10 WARNING neutron.api.rpc.agentnotifiers.dhcp_rpc_agent_api [None req-cba8f686-bab7-4a2b-abf4-e368ae4f0c13 b74d0f6850a24e4db72747476cff5a28 793826d128cb404e972d2611e7ca6d6f - - default default] Unable to schedule network 3f8dcc0b-647a-4f31-a304-097072bb32e8: no agents available; will retry on subsequent port and subnet creation events.
2026-07-15 06:04:42.690 10 INFO neutron.plugins.ml2.drivers.ovn.mech_driver.mech_driver [None req-80fc0f6d-713c-4715-9cb0-d8a907150370 - - - - - -] OVN reports status up for port: bac9ac4e-8ede-41c4-b5da-128dd2e09df4
2026-07-15 06:04:42.711 10 INFO neutron.plugins.ml2.drivers.ovn.mech_driver.ovsdb.ovsdb_monitor [None req-cfe4ec0f-e9eb-4022-ad5a-132c55c521e2 - - - - - -] Router 3d5d3a8a-57ca-4231-9373-2ee7395fe13d is bound to host instance
2026-07-15 06:04:42.720 10 INFO neutron.plugins.ml2.plugin [None req-80fc0f6d-713c-4715-9cb0-d8a907150370 - - - - - -] Attempt 1 to provision port bac9ac4e-8ede-41c4-b5da-128dd2e09df4
2026-07-15 06:04:42.731 9 INFO neutron.db.ovn_revision_numbers_db [None req-728ad342-aa62-4857-b246-f343878177d8 b74d0f6850a24e4db72747476cff5a28 793826d128cb404e972d2611e7ca6d6f - - default default] Successfully bumped revision number for resource bac9ac4e-8ede-41c4-b5da-128dd2e09df4 (type: router_ports) to 1
2026-07-15 06:04:42.800 9 INFO neutron.db.ovn_revision_numbers_db [None req-728ad342-aa62-4857-b246-f343878177d8 b74d0f6850a24e4db72747476cff5a28 793826d128cb404e972d2611e7ca6d6f - - default default] Successfully bumped revision number for resource 3d5d3a8a-57ca-4231-9373-2ee7395fe13d (type: routers) to 2
2026-07-15 06:04:42.819 9 INFO neutron.wsgi [None req-728ad342-aa62-4857-b246-f343878177d8 b74d0f6850a24e4db72747476cff5a28 793826d128cb404e972d2611e7ca6d6f - - default default] 10.0.0.181 "POST /v2.0/routers HTTP/1.1" status: 201 len: 870 time: 1.7098806
2026-07-15 06:04:43.403 10 INFO neutron.db.ovn_revision_numbers_db [None req-cba8f686-bab7-4a2b-abf4-e368ae4f0c13 b74d0f6850a24e4db72747476cff5a28 793826d128cb404e972d2611e7ca6d6f - - default default] Successfully bumped revision number for resource 0e8aa849-0a79-4a29-bb40-7461f150eac3 (type: ports) to 2
2026-07-15 06:04:43.464 10 INFO neutron.db.ovn_revision_numbers_db [None req-cfe4ec0f-e9eb-4022-ad5a-132c55c521e2 - - - - - -] Successfully bumped revision number for resource bac9ac4e-8ede-41c4-b5da-128dd2e09df4 (type: ports) to 1
2026-07-15 06:04:43.470 10 INFO neutron.db.ovn_revision_numbers_db [None req-cba8f686-bab7-4a2b-abf4-e368ae4f0c13 b74d0f6850a24e4db72747476cff5a28 793826d128cb404e972d2611e7ca6d6f - - default default] Successfully bumped revision number for resource ed3d1719-aeaf-4b91-a027-205f53f98bd6 (type: subnets) to 0
2026-07-15 06:04:43.487 10 INFO neutron.wsgi [None req-cba8f686-bab7-4a2b-abf4-e368ae4f0c13 b74d0f6850a24e4db72747476cff5a28 793826d128cb404e972d2611e7ca6d6f - - default default] 10.0.0.181 "POST /v2.0/subnets HTTP/1.1" status: 201 len: 867 time: 1.0662527
2026-07-15 06:04:43.535 9 WARNING neutron.scheduler.dhcp_agent_scheduler [None req-24d19757-e29e-41c7-8513-82f236acb8b5 b74d0f6850a24e4db72747476cff5a28 793826d128cb404e972d2611e7ca6d6f - - default default] No more DHCP agents
2026-07-15 06:04:43.539 9 WARNING neutron.api.rpc.agentnotifiers.dhcp_rpc_agent_api [None req-24d19757-e29e-41c7-8513-82f236acb8b5 b74d0f6850a24e4db72747476cff5a28 793826d128cb404e972d2611e7ca6d6f - - default default] Unable to schedule network 559653d2-4505-4db3-8a74-4b6e5038469c: no agents available; will retry on subsequent port and subnet creation events.
2026-07-15 06:04:43.802 9 INFO neutron.db.ovn_revision_numbers_db [None req-24d19757-e29e-41c7-8513-82f236acb8b5 b74d0f6850a24e4db72747476cff5a28 793826d128cb404e972d2611e7ca6d6f - - default default] Successfully bumped revision number for resource e0faab79-8f69-45f2-b4e4-b9cd5d81dd1b (type: ports) to 1
2026-07-15 06:04:43.804 10 INFO neutron.db.ovn_revision_numbers_db [None req-cfe4ec0f-e9eb-4022-ad5a-132c55c521e2 - - - - - -] Successfully bumped revision number for resource bac9ac4e-8ede-41c4-b5da-128dd2e09df4 (type: router_ports) to 3
2026-07-15 06:04:44.001 10 INFO neutron.db.ovn_revision_numbers_db [None req-cfe4ec0f-e9eb-4022-ad5a-132c55c521e2 - - - - - -] Successfully bumped revision number for resource bac9ac4e-8ede-41c4-b5da-128dd2e09df4 (type: ports) to 2
2026-07-15 06:04:44.095 9 WARNING neutron.scheduler.dhcp_agent_scheduler [None req-a33c9d6a-e5e3-4204-b54b-e06399aa3f72 b74d0f6850a24e4db72747476cff5a28 793826d128cb404e972d2611e7ca6d6f - - default default] No more DHCP agents
2026-07-15 06:04:44.100 9 WARNING neutron.api.rpc.agentnotifiers.dhcp_rpc_agent_api [None req-a33c9d6a-e5e3-4204-b54b-e06399aa3f72 b74d0f6850a24e4db72747476cff5a28 793826d128cb404e972d2611e7ca6d6f - - default default] Unable to schedule network 85d8c101-1625-4351-9175-849136598975: no agents available; will retry on subsequent port and subnet creation events.
2026-07-15 06:04:44.326 10 INFO neutron.db.ovn_revision_numbers_db [None req-cfe4ec0f-e9eb-4022-ad5a-132c55c521e2 - - - - - -] Successfully bumped revision number for resource bac9ac4e-8ede-41c4-b5da-128dd2e09df4 (type: ports) to 4
2026-07-15 06:04:44.346 9 INFO neutron.db.ovn_revision_numbers_db [None req-a33c9d6a-e5e3-4204-b54b-e06399aa3f72 b74d0f6850a24e4db72747476cff5a28 793826d128cb404e972d2611e7ca6d6f - - default default] Successfully bumped revision number for resource 500a46b2-0660-404a-ba91-66be38f292e0 (type: ports) to 1
2026-07-15 06:04:44.354 9 INFO neutron.db.ovn_revision_numbers_db [None req-24d19757-e29e-41c7-8513-82f236acb8b5 b74d0f6850a24e4db72747476cff5a28 793826d128cb404e972d2611e7ca6d6f - - default default] Successfully bumped revision number for resource e0faab79-8f69-45f2-b4e4-b9cd5d81dd1b (type: router_ports) to 1
2026-07-15 06:04:44.552 10 INFO neutron.db.ovn_revision_numbers_db [None req-cfe4ec0f-e9eb-4022-ad5a-132c55c521e2 - - - - - -] Successfully bumped revision number for resource bac9ac4e-8ede-41c4-b5da-128dd2e09df4 (type: router_ports) to 4
2026-07-15 06:04:44.611 9 INFO neutron.db.ovn_revision_numbers_db [None req-24d19757-e29e-41c7-8513-82f236acb8b5 b74d0f6850a24e4db72747476cff5a28 793826d128cb404e972d2611e7ca6d6f - - default default] Successfully bumped revision number for resource e0faab79-8f69-45f2-b4e4-b9cd5d81dd1b (type: ports) to 1
2026-07-15 06:04:44.716 9 WARNING neutron.scheduler.dhcp_agent_scheduler [None req-24d19757-e29e-41c7-8513-82f236acb8b5 b74d0f6850a24e4db72747476cff5a28 793826d128cb404e972d2611e7ca6d6f - - default default] No more DHCP agents
2026-07-15 06:04:44.720 9 WARNING neutron.api.rpc.agentnotifiers.dhcp_rpc_agent_api [None req-24d19757-e29e-41c7-8513-82f236acb8b5 b74d0f6850a24e4db72747476cff5a28 793826d128cb404e972d2611e7ca6d6f - - default default] Unable to schedule network 559653d2-4505-4db3-8a74-4b6e5038469c: no agents available; will retry on subsequent port and subnet creation events.
2026-07-15 06:04:45.366 9 INFO neutron.plugins.ml2.drivers.ovn.mech_driver.ovsdb.ovsdb_monitor [None req-70f390f3-cbe5-4a83-b2b5-8228a29745e9 - - - - - -] Router 9db595e8-e233-499e-8509-89d53fe283bb is bound to host instance
2026-07-15 06:04:45.410 9 INFO neutron.db.ovn_revision_numbers_db [None req-a33c9d6a-e5e3-4204-b54b-e06399aa3f72 b74d0f6850a24e4db72747476cff5a28 793826d128cb404e972d2611e7ca6d6f - - default default] Successfully bumped revision number for resource 500a46b2-0660-404a-ba91-66be38f292e0 (type: router_ports) to 1
2026-07-15 06:04:45.539 9 INFO neutron.db.ovn_revision_numbers_db [None req-a33c9d6a-e5e3-4204-b54b-e06399aa3f72 b74d0f6850a24e4db72747476cff5a28 793826d128cb404e972d2611e7ca6d6f - - default default] Successfully bumped revision number for resource 9db595e8-e233-499e-8509-89d53fe283bb (type: routers) to 2
2026-07-15 06:04:45.575 9 INFO neutron.wsgi [None req-a33c9d6a-e5e3-4204-b54b-e06399aa3f72 b74d0f6850a24e4db72747476cff5a28 793826d128cb404e972d2611e7ca6d6f - - default default] 10.0.0.181 "POST /v2.0/routers HTTP/1.1" status: 201 len: 878 time: 2.0820470
2026-07-15 06:04:45.584 10 INFO neutron.wsgi [-] 10.0.0.150 "GET / HTTP/1.1" status: 200 len: 247 time: 0.0040085
2026-07-15 06:04:45.586 10 INFO neutron.wsgi [-] 10.0.0.150 "GET / HTTP/1.1" status: 200 len: 247 time: 0.0014770
2026-07-15 06:04:45.649 10 INFO neutron.plugins.ml2.drivers.ovn.mech_driver.mech_driver [None req-80fc0f6d-713c-4715-9cb0-d8a907150370 - - - - - -] OVN reports status up for port: e0faab79-8f69-45f2-b4e4-b9cd5d81dd1b
2026-07-15 06:04:45.657 10 INFO neutron.plugins.ml2.plugin [None req-80fc0f6d-713c-4715-9cb0-d8a907150370 - - - - - -] Attempt 1 to provision port e0faab79-8f69-45f2-b4e4-b9cd5d81dd1b
2026-07-15 06:04:45.986 10 INFO neutron.db.ovn_revision_numbers_db [None req-80fc0f6d-713c-4715-9cb0-d8a907150370 - - - - - -] Successfully bumped revision number for resource e0faab79-8f69-45f2-b4e4-b9cd5d81dd1b (type: ports) to 2
2026-07-15 06:04:46.079 10 INFO neutron.db.ovn_revision_numbers_db [None req-80fc0f6d-713c-4715-9cb0-d8a907150370 - - - - - -] Successfully bumped revision number for resource e0faab79-8f69-45f2-b4e4-b9cd5d81dd1b (type: router_ports) to 2
2026-07-15 06:04:46.535 9 INFO neutron.wsgi [None req-24d19757-e29e-41c7-8513-82f236acb8b5 b74d0f6850a24e4db72747476cff5a28 793826d128cb404e972d2611e7ca6d6f - - default default] 10.0.0.181 "PUT /v2.0/routers/3d5d3a8a-57ca-4231-9373-2ee7395fe13d/add_router_interface HTTP/1.1" status: 200 len: 503 time: 3.7092485
2026-07-15 06:04:46.620 9 INFO neutron.db.ovn_revision_numbers_db [None req-70f390f3-cbe5-4a83-b2b5-8228a29745e9 - - - - - -] Successfully bumped revision number for resource 500a46b2-0660-404a-ba91-66be38f292e0 (type: ports) to 1
2026-07-15 06:04:46.656 9 WARNING neutron.scheduler.dhcp_agent_scheduler [None req-c8e4249e-7632-485e-b2b5-65c0f86ed3a6 b74d0f6850a24e4db72747476cff5a28 793826d128cb404e972d2611e7ca6d6f - - default default] No more DHCP agents
2026-07-15 06:04:46.659 9 WARNING neutron.api.rpc.agentnotifiers.dhcp_rpc_agent_api [None req-c8e4249e-7632-485e-b2b5-65c0f86ed3a6 b74d0f6850a24e4db72747476cff5a28 793826d128cb404e972d2611e7ca6d6f - - default default] Unable to schedule network 3f8dcc0b-647a-4f31-a304-097072bb32e8: no agents available; will retry on subsequent port and subnet creation events.
2026-07-15 06:04:46.903 9 INFO neutron.db.ovn_revision_numbers_db [None req-c8e4249e-7632-485e-b2b5-65c0f86ed3a6 b74d0f6850a24e4db72747476cff5a28 793826d128cb404e972d2611e7ca6d6f - - default default] Successfully bumped revision number for resource fd2c5713-833a-495d-bc73-d42e045e5373 (type: ports) to 1
2026-07-15 06:04:46.935 9 INFO neutron.db.ovn_revision_numbers_db [None req-70f390f3-cbe5-4a83-b2b5-8228a29745e9 - - - - - -] Successfully bumped revision number for resource 500a46b2-0660-404a-ba91-66be38f292e0 (type: router_ports) to 3
2026-07-15 06:04:47.144 9 INFO neutron.db.ovn_revision_numbers_db [None req-70f390f3-cbe5-4a83-b2b5-8228a29745e9 - - - - - -] Successfully bumped revision number for resource 500a46b2-0660-404a-ba91-66be38f292e0 (type: ports) to 2
2026-07-15 06:04:47.152 10 WARNING neutron_lib.context [None req-ad9bfe85-9d48-42c0-b345-e151d7c47fa8 f1c8757dcb294a8981ca55e96e3431cc 33f020890d1b4d21bb6790a7730ec19a - - default default] Method 'is_advsvc' is deprecated since 2023.2 release (neutron-lib 3.8.0) and will be removed once support for the old RBAC API policies will be removed from Neutron. Please use method 'is_service_role' instead.
2026-07-15 06:04:47.261 10 INFO neutron.db.ovn_revision_numbers_db [None req-ad9bfe85-9d48-42c0-b345-e151d7c47fa8 f1c8757dcb294a8981ca55e96e3431cc 33f020890d1b4d21bb6790a7730ec19a - - default default] Successfully bumped revision number for resource 399002d9-d70d-4d96-948e-19ddd7f5504f (type: security_groups) to 1
2026-07-15 06:04:47.275 10 INFO neutron.db.ovn_revision_numbers_db [None req-ad9bfe85-9d48-42c0-b345-e151d7c47fa8 f1c8757dcb294a8981ca55e96e3431cc 33f020890d1b4d21bb6790a7730ec19a - - default default] Successfully bumped revision number for resource 5849db3c-2bbc-49c9-a6d9-1cc16134bb62 (type: security_group_rules) to 0
2026-07-15 06:04:47.289 10 INFO neutron.db.ovn_revision_numbers_db [None req-ad9bfe85-9d48-42c0-b345-e151d7c47fa8 f1c8757dcb294a8981ca55e96e3431cc 33f020890d1b4d21bb6790a7730ec19a - - default default] Successfully bumped revision number for resource b644fbe4-3b6a-4a4a-977e-4f905c40ffd7 (type: security_group_rules) to 0
2026-07-15 06:04:47.310 10 INFO neutron.wsgi [None req-ad9bfe85-9d48-42c0-b345-e151d7c47fa8 f1c8757dcb294a8981ca55e96e3431cc 33f020890d1b4d21bb6790a7730ec19a - - default default] 10.0.0.181 "POST /v2.0/security-groups HTTP/1.1" status: 201 len: 1796 time: 0.1645930
2026-07-15 06:04:47.320 9 WARNING neutron_lib.context [None req-864e478b-b4cd-4a1e-975c-b9d32c0c176d f1c8757dcb294a8981ca55e96e3431cc 33f020890d1b4d21bb6790a7730ec19a - - default default] Method 'is_advsvc' is deprecated since 2023.2 release (neutron-lib 3.8.0) and will be removed once support for the old RBAC API policies will be removed from Neutron. Please use method 'is_service_role' instead.
2026-07-15 06:04:47.444 9 INFO neutron.db.ovn_revision_numbers_db [None req-c8e4249e-7632-485e-b2b5-65c0f86ed3a6 b74d0f6850a24e4db72747476cff5a28 793826d128cb404e972d2611e7ca6d6f - - default default] Successfully bumped revision number for resource fd2c5713-833a-495d-bc73-d42e045e5373 (type: router_ports) to 1
2026-07-15 06:04:47.550 9 INFO neutron.db.ovn_revision_numbers_db [None req-70f390f3-cbe5-4a83-b2b5-8228a29745e9 - - - - - -] Successfully bumped revision number for resource 500a46b2-0660-404a-ba91-66be38f292e0 (type: ports) to 4
2026-07-15 06:04:47.593 15 INFO neutron.plugins.ml2.drivers.ovn.mech_driver.ovsdb.maintenance [None req-74d4f888-f095-45fe-ab2f-a81ebad5a504 - - - - - -] Maintenance task: Synchronization finished (took 0.25 seconds)
2026-07-15 06:04:47.611 9 INFO neutron.db.ovn_revision_numbers_db [None req-864e478b-b4cd-4a1e-975c-b9d32c0c176d f1c8757dcb294a8981ca55e96e3431cc 33f020890d1b4d21bb6790a7730ec19a - - default default] Successfully bumped revision number for resource 2463bb64-fdde-40f3-9f84-90dc25596565 (type: security_group_rules) to 0
2026-07-15 06:04:47.704 9 INFO neutron.wsgi [None req-864e478b-b4cd-4a1e-975c-b9d32c0c176d f1c8757dcb294a8981ca55e96e3431cc 33f020890d1b4d21bb6790a7730ec19a - - default default] 10.0.0.181 "POST /v2.0/security-group-rules HTTP/1.1" status: 201 len: 764 time: 0.3885245
2026-07-15 06:04:47.721 10 WARNING neutron_lib.context [None req-b5862f30-8d11-45c2-bc16-92d7e8c72f86 f1c8757dcb294a8981ca55e96e3431cc 33f020890d1b4d21bb6790a7730ec19a - - default default] Method 'is_advsvc' is deprecated since 2023.2 release (neutron-lib 3.8.0) and will be removed once support for the old RBAC API policies will be removed from Neutron. Please use method 'is_service_role' instead.
2026-07-15 06:04:47.780 9 INFO neutron.db.ovn_revision_numbers_db [None req-c8e4249e-7632-485e-b2b5-65c0f86ed3a6 b74d0f6850a24e4db72747476cff5a28 793826d128cb404e972d2611e7ca6d6f - - default default] Successfully bumped revision number for resource fd2c5713-833a-495d-bc73-d42e045e5373 (type: ports) to 1
2026-07-15 06:04:47.876 9 INFO neutron.db.ovn_revision_numbers_db [None req-70f390f3-cbe5-4a83-b2b5-8228a29745e9 - - - - - -] Successfully bumped revision number for resource 500a46b2-0660-404a-ba91-66be38f292e0 (type: router_ports) to 4
2026-07-15 06:04:47.877 9 WARNING neutron.scheduler.dhcp_agent_scheduler [None req-c8e4249e-7632-485e-b2b5-65c0f86ed3a6 b74d0f6850a24e4db72747476cff5a28 793826d128cb404e972d2611e7ca6d6f - - default default] No more DHCP agents
2026-07-15 06:04:47.884 9 WARNING neutron.api.rpc.agentnotifiers.dhcp_rpc_agent_api [None req-c8e4249e-7632-485e-b2b5-65c0f86ed3a6 b74d0f6850a24e4db72747476cff5a28 793826d128cb404e972d2611e7ca6d6f - - default default] Unable to schedule network 3f8dcc0b-647a-4f31-a304-097072bb32e8: no agents available; will retry on subsequent port and subnet creation events.
2026-07-15 06:04:47.897 10 INFO neutron.db.ovn_revision_numbers_db [None req-b5862f30-8d11-45c2-bc16-92d7e8c72f86 f1c8757dcb294a8981ca55e96e3431cc 33f020890d1b4d21bb6790a7730ec19a - - default default] Successfully bumped revision number for resource 7b956c0e-eee7-4ca4-b990-cc6265a54a6f (type: security_group_rules) to 0
2026-07-15 06:04:47.922 10 INFO neutron.wsgi [None req-b5862f30-8d11-45c2-bc16-92d7e8c72f86 f1c8757dcb294a8981ca55e96e3431cc 33f020890d1b4d21bb6790a7730ec19a - - default default] 10.0.0.181 "POST /v2.0/security-group-rules HTTP/1.1" status: 201 len: 769 time: 0.2111397
2026-07-15 06:04:47.933 10 WARNING neutron_lib.context [None req-bbc9cfcc-7fe4-4376-84c0-d345d98ca54b f1c8757dcb294a8981ca55e96e3431cc 33f020890d1b4d21bb6790a7730ec19a - - default default] Method 'is_advsvc' is deprecated since 2023.2 release (neutron-lib 3.8.0) and will be removed once support for the old RBAC API policies will be removed from Neutron. Please use method 'is_service_role' instead.
2026-07-15 06:04:48.267 10 WARNING neutron.scheduler.dhcp_agent_scheduler [None req-bbc9cfcc-7fe4-4376-84c0-d345d98ca54b f1c8757dcb294a8981ca55e96e3431cc 33f020890d1b4d21bb6790a7730ec19a - - default default] No more DHCP agents
2026-07-15 06:04:48.271 10 WARNING neutron.api.rpc.agentnotifiers.dhcp_rpc_agent_api [None req-bbc9cfcc-7fe4-4376-84c0-d345d98ca54b f1c8757dcb294a8981ca55e96e3431cc 33f020890d1b4d21bb6790a7730ec19a - - default default] Unable to schedule network 85d8c101-1625-4351-9175-849136598975: no agents available; will retry on subsequent port and subnet creation events.
2026-07-15 06:04:48.651 10 INFO neutron.db.ovn_revision_numbers_db [None req-bbc9cfcc-7fe4-4376-84c0-d345d98ca54b f1c8757dcb294a8981ca55e96e3431cc 33f020890d1b4d21bb6790a7730ec19a - - default default] Successfully bumped revision number for resource 06026102-e526-484e-b03b-85c5cc66443d (type: floatingips) to 0
2026-07-15 06:04:48.673 10 INFO neutron.wsgi [None req-bbc9cfcc-7fe4-4376-84c0-d345d98ca54b f1c8757dcb294a8981ca55e96e3431cc 33f020890d1b4d21bb6790a7730ec19a - - default default] 10.0.0.181 "POST /v2.0/floatingips HTTP/1.1" status: 201 len: 751 time: 0.7446814
2026-07-15 06:04:48.944 9 INFO neutron.wsgi [req-9256843f-7042-4159-8854-2257ad604073 req-3a376e54-0f18-4bb1-9d84-b64eaa31b7b5 f6874e0a7cdd4670a81148cd0d9e005d e1876e7429b34c7381d13da8019991be - - 0c8a729e6dab4f17a284c6fa56afbc8a 0c8a729e6dab4f17a284c6fa56afbc8a] 10.0.0.116 "GET /v2.0/ports?device_id=16103bef-8344-4661-a759-dc6f1fb4a91b HTTP/1.1" status: 200 len: 1413 time: 0.1558223
2026-07-15 06:04:48.955 10 INFO neutron.wsgi [req-86cfaaa8-71ee-4d4a-87cd-6c37b89f56e0 req-4c5264cc-fe2e-497d-8235-0a6f24e06f70 f6874e0a7cdd4670a81148cd0d9e005d e1876e7429b34c7381d13da8019991be - - 0c8a729e6dab4f17a284c6fa56afbc8a 0c8a729e6dab4f17a284c6fa56afbc8a] 10.0.0.116 "GET /v2.0/ports?device_id=8366399a-de97-4b37-97cc-d2dfb860d8bd HTTP/1.1" status: 200 len: 1409 time: 0.1377759
2026-07-15 06:04:49.011 10 INFO neutron.wsgi [req-86cfaaa8-71ee-4d4a-87cd-6c37b89f56e0 req-d46ac26c-0fe4-4193-bf1d-e086149fa8dc f6874e0a7cdd4670a81148cd0d9e005d e1876e7429b34c7381d13da8019991be - - 0c8a729e6dab4f17a284c6fa56afbc8a 0c8a729e6dab4f17a284c6fa56afbc8a] 10.0.0.116 "GET /v2.0/security-groups?id=d24ab26e-b59b-4534-b483-de5ae645261d&fields=id&fields=name HTTP/1.1" status: 200 len: 312 time: 0.0464351
2026-07-15 06:04:49.033 9 INFO neutron.wsgi [req-9256843f-7042-4159-8854-2257ad604073 req-06957ccc-3209-4a97-a932-10d56bb18460 f6874e0a7cdd4670a81148cd0d9e005d e1876e7429b34c7381d13da8019991be - - 0c8a729e6dab4f17a284c6fa56afbc8a 0c8a729e6dab4f17a284c6fa56afbc8a] 10.0.0.116 "GET /v2.0/security-groups?id=fa9f2109-9968-4fd7-b968-a7d3b4b43a16&fields=id&fields=name HTTP/1.1" status: 200 len: 312 time: 0.0780675
2026-07-15 06:04:49.113 9 INFO neutron.db.ovn_revision_numbers_db [None req-c8e4249e-7632-485e-b2b5-65c0f86ed3a6 b74d0f6850a24e4db72747476cff5a28 793826d128cb404e972d2611e7ca6d6f - - default default] Successfully bumped revision number for resource fd2c5713-833a-495d-bc73-d42e045e5373 (type: router_ports) to 1
2026-07-15 06:04:49.115 9 INFO neutron.wsgi [None req-c8e4249e-7632-485e-b2b5-65c0f86ed3a6 b74d0f6850a24e4db72747476cff5a28 793826d128cb404e972d2611e7ca6d6f - - default default] 10.0.0.181 "PUT /v2.0/routers/9db595e8-e233-499e-8509-89d53fe283bb/add_router_interface HTTP/1.1" status: 200 len: 503 time: 3.5269642
2026-07-15 06:04:49.135 9 INFO neutron.wsgi [req-bab24156-4c5b-4a63-a68e-f1c4b19899aa req-0ee3553d-9e4a-45ee-8799-06ff02f2fcf3 f1c8757dcb294a8981ca55e96e3431cc 33f020890d1b4d21bb6790a7730ec19a - - default default] 10.0.0.240 "GET /v2.0/security-groups?name=tempest-securitygroup--700242973&fields=id&tenant_id=33f020890d1b4d21bb6790a7730ec19a HTTP/1.1" status: 200 len: 267 time: 0.0547683
2026-07-15 06:04:49.223 9 INFO neutron.wsgi [req-bab24156-4c5b-4a63-a68e-f1c4b19899aa req-bc32d6e2-f6b2-4908-b33f-085b7aa2ecdf f1c8757dcb294a8981ca55e96e3431cc 33f020890d1b4d21bb6790a7730ec19a - - default default] 10.0.0.240 "GET /v2.0/networks?id=559653d2-4505-4db3-8a74-4b6e5038469c HTTP/1.1" status: 200 len: 868 time: 0.0780830
2026-07-15 06:04:49.242 9 INFO neutron.wsgi [req-bab24156-4c5b-4a63-a68e-f1c4b19899aa req-3b14423e-8b2f-4c81-adc4-5364c36342ed f1c8757dcb294a8981ca55e96e3431cc 33f020890d1b4d21bb6790a7730ec19a - - default default] 10.0.0.240 "GET /v2.0/quotas/33f020890d1b4d21bb6790a7730ec19a HTTP/1.1" status: 200 len: 386 time: 0.0116270
2026-07-15 06:04:49.358 9 INFO neutron.wsgi [req-bab24156-4c5b-4a63-a68e-f1c4b19899aa req-3fbb8c21-eece-417a-b38b-afcfffc25760 f1c8757dcb294a8981ca55e96e3431cc 33f020890d1b4d21bb6790a7730ec19a - - default default] 10.0.0.240 "GET /v2.0/ports?tenant_id=33f020890d1b4d21bb6790a7730ec19a&fields=id HTTP/1.1" status: 200 len: 302 time: 0.1085963
2026-07-15 06:04:49.438 9 INFO neutron.wsgi [req-bab24156-4c5b-4a63-a68e-f1c4b19899aa req-bd62d842-39cf-4120-9a89-9399b8043134 f6874e0a7cdd4670a81148cd0d9e005d e1876e7429b34c7381d13da8019991be - - 0c8a729e6dab4f17a284c6fa56afbc8a 0c8a729e6dab4f17a284c6fa56afbc8a] 10.0.0.240 "GET /v2.0/networks/559653d2-4505-4db3-8a74-4b6e5038469c?fields=segments HTTP/1.1" status: 200 len: 212 time: 0.0668738
2026-07-15 06:04:49.514 9 INFO neutron.wsgi [req-bab24156-4c5b-4a63-a68e-f1c4b19899aa req-b827319a-ad4a-4fb5-b0b3-c75fc810cb84 f6874e0a7cdd4670a81148cd0d9e005d e1876e7429b34c7381d13da8019991be - - 0c8a729e6dab4f17a284c6fa56afbc8a 0c8a729e6dab4f17a284c6fa56afbc8a] 10.0.0.240 "GET /v2.0/networks/559653d2-4505-4db3-8a74-4b6e5038469c?fields=provider%3Aphysical_network&fields=provider%3Anetwork_type HTTP/1.1" status: 200 len: 277 time: 0.0689063
2026-07-15 06:04:49.696 9 INFO neutron.wsgi [req-821f8719-3bf9-4b09-8fbb-e5df0518965d req-a4dbf060-6b40-498a-860a-dcc5c01b0e42 f1c8757dcb294a8981ca55e96e3431cc 33f020890d1b4d21bb6790a7730ec19a - - default default] 10.0.0.240 "GET /v2.0/ports?device_id=68a81559-8869-40f8-b687-11f702f6946e HTTP/1.1" status: 200 len: 210 time: 0.0288298
2026-07-15 06:04:50.095 9 INFO neutron.wsgi [req-01c0d935-6eab-453a-b1a0-549392f31b2d req-377bc472-d18f-4383-b180-2ee3157f4965 255545052ae5488c903fae7ba3df7433 453b21830b454378ac0bf6bf5a2144b0 - - default default] 10.0.0.240 "GET /v2.0/networks?id=3f8dcc0b-647a-4f31-a304-097072bb32e8 HTTP/1.1" status: 200 len: 876 time: 0.0916469
2026-07-15 06:04:50.120 9 INFO neutron.wsgi [req-01c0d935-6eab-453a-b1a0-549392f31b2d req-8206befa-4925-4bb4-b8e8-e9e38bfcf0c0 255545052ae5488c903fae7ba3df7433 453b21830b454378ac0bf6bf5a2144b0 - - default default] 10.0.0.240 "GET /v2.0/quotas/453b21830b454378ac0bf6bf5a2144b0 HTTP/1.1" status: 200 len: 386 time: 0.0146620
2026-07-15 06:04:50.237 9 INFO neutron.wsgi [req-01c0d935-6eab-453a-b1a0-549392f31b2d req-4e0622c5-01a5-4dde-bacb-005c55913fda 255545052ae5488c903fae7ba3df7433 453b21830b454378ac0bf6bf5a2144b0 - - default default] 10.0.0.240 "GET /v2.0/ports?tenant_id=453b21830b454378ac0bf6bf5a2144b0&fields=id HTTP/1.1" status: 200 len: 302 time: 0.1088116
2026-07-15 06:04:50.325 9 INFO neutron.wsgi [req-01c0d935-6eab-453a-b1a0-549392f31b2d req-4632e2b1-3bfa-482d-aa45-63c26cb450f6 f6874e0a7cdd4670a81148cd0d9e005d e1876e7429b34c7381d13da8019991be - - 0c8a729e6dab4f17a284c6fa56afbc8a 0c8a729e6dab4f17a284c6fa56afbc8a] 10.0.0.240 "GET /v2.0/networks/3f8dcc0b-647a-4f31-a304-097072bb32e8?fields=segments HTTP/1.1" status: 200 len: 212 time: 0.0773971
2026-07-15 06:04:50.403 9 INFO neutron.wsgi [req-01c0d935-6eab-453a-b1a0-549392f31b2d req-4b002cb0-bd2e-4225-a92f-e24a0b630b1c f6874e0a7cdd4670a81148cd0d9e005d e1876e7429b34c7381d13da8019991be - - 0c8a729e6dab4f17a284c6fa56afbc8a 0c8a729e6dab4f17a284c6fa56afbc8a] 10.0.0.240 "GET /v2.0/networks/3f8dcc0b-647a-4f31-a304-097072bb32e8?fields=provider%3Aphysical_network&fields=provider%3Anetwork_type HTTP/1.1" status: 200 len: 277 time: 0.0691075
2026-07-15 06:04:50.576 9 INFO neutron.wsgi [req-28869d92-931b-49e1-9f0e-dff7bea4d0af req-0d9a16b5-6f6d-4b39-bf0f-878ce25bdc3e 255545052ae5488c903fae7ba3df7433 453b21830b454378ac0bf6bf5a2144b0 - - default default] 10.0.0.240 "GET /v2.0/ports?device_id=9a17467f-807d-45e1-b811-c571c6f6e5c0 HTTP/1.1" status: 200 len: 210 time: 0.0279887
2026-07-15 06:04:50.597 10 INFO neutron.wsgi [req-bab24156-4c5b-4a63-a68e-f1c4b19899aa req-b219e039-2cd4-474e-8491-86f3e29f64a1 f1c8757dcb294a8981ca55e96e3431cc 33f020890d1b4d21bb6790a7730ec19a - - default default] 199.204.45.116 "GET /v2.0/networks?id=559653d2-4505-4db3-8a74-4b6e5038469c HTTP/1.1" status: 200 len: 868 time: 0.1188221
2026-07-15 06:04:50.695 10 INFO neutron.wsgi [req-bab24156-4c5b-4a63-a68e-f1c4b19899aa req-9ddd8930-516c-4364-b18d-0b65f23e282a f1c8757dcb294a8981ca55e96e3431cc 33f020890d1b4d21bb6790a7730ec19a - - default default] 199.204.45.116 "GET /v2.0/security-groups?fields=id&fields=name&tenant_id=33f020890d1b4d21bb6790a7730ec19a HTTP/1.1" status: 200 len: 379 time: 0.0902917
2026-07-15 06:04:50.714 10 WARNING neutron_lib.context [req-bab24156-4c5b-4a63-a68e-f1c4b19899aa req-70580a64-b5c5-4c39-bcdf-548db49ebf7c f1c8757dcb294a8981ca55e96e3431cc 33f020890d1b4d21bb6790a7730ec19a - - default default] Method 'is_advsvc' is deprecated since 2023.2 release (neutron-lib 3.8.0) and will be removed once support for the old RBAC API policies will be removed from Neutron. Please use method 'is_service_role' instead.
2026-07-15 06:04:50.720 10 WARNING neutron.plugins.ml2.drivers.ovn.mech_driver.ovsdb.ovn_client [None req-80fc0f6d-713c-4715-9cb0-d8a907150370 - - - - - -] No hosting information found for port e0faab79-8f69-45f2-b4e4-b9cd5d81dd1b: RuntimeError: No hosting information found for port e0faab79-8f69-45f2-b4e4-b9cd5d81dd1b
2026-07-15 06:04:50.721 10 INFO neutron.plugins.ml2.drivers.ovn.mech_driver.mech_driver [None req-80fc0f6d-713c-4715-9cb0-d8a907150370 - - - - - -] OVN reports status up for port: 500a46b2-0660-404a-ba91-66be38f292e0
2026-07-15 06:04:50.758 10 INFO neutron.plugins.ml2.plugin [None req-80fc0f6d-713c-4715-9cb0-d8a907150370 - - - - - -] Attempt 1 to provision port 500a46b2-0660-404a-ba91-66be38f292e0
2026-07-15 06:04:50.796 9 INFO neutron.wsgi [req-28017d59-ad5d-449a-a287-9655bc37d731 req-a812a9ca-772e-42e7-883c-9bbaefef0146 f1c8757dcb294a8981ca55e96e3431cc 33f020890d1b4d21bb6790a7730ec19a - - default default] 10.0.0.240 "GET /v2.0/ports?device_id=68a81559-8869-40f8-b687-11f702f6946e HTTP/1.1" status: 200 len: 210 time: 0.0193689
2026-07-15 06:04:50.893 10 INFO neutron.plugins.ml2.drivers.ovn.mech_driver.mech_driver [None req-80fc0f6d-713c-4715-9cb0-d8a907150370 - - - - - -] OVN reports status up for port: fd2c5713-833a-495d-bc73-d42e045e5373
2026-07-15 06:04:50.905 10 INFO neutron.plugins.ml2.plugin [None req-80fc0f6d-713c-4715-9cb0-d8a907150370 - - - - - -] Attempt 1 to provision port fd2c5713-833a-495d-bc73-d42e045e5373
2026-07-15 06:04:51.153 10 WARNING neutron.scheduler.dhcp_agent_scheduler [req-bab24156-4c5b-4a63-a68e-f1c4b19899aa req-70580a64-b5c5-4c39-bcdf-548db49ebf7c f1c8757dcb294a8981ca55e96e3431cc 33f020890d1b4d21bb6790a7730ec19a - - default default] No more DHCP agents
2026-07-15 06:04:51.158 10 WARNING neutron.api.rpc.agentnotifiers.dhcp_rpc_agent_api [req-bab24156-4c5b-4a63-a68e-f1c4b19899aa req-70580a64-b5c5-4c39-bcdf-548db49ebf7c f1c8757dcb294a8981ca55e96e3431cc 33f020890d1b4d21bb6790a7730ec19a - - default default] Unable to schedule network 559653d2-4505-4db3-8a74-4b6e5038469c: no agents available; will retry on subsequent port and subnet creation events. /var/lib/openstack/lib/python3.10/site-packages/pycadf/identifier.py:71: UserWarning: Invalid uuid: neutron. To ensure interoperability, identifiers should be a valid uuid. warnings.warn(('Invalid uuid: %s. To ensure interoperability, '
2026-07-15 06:04:51.678 10 INFO neutron.db.ovn_revision_numbers_db [None req-80fc0f6d-713c-4715-9cb0-d8a907150370 - - - - - -] Successfully bumped revision number for resource fd2c5713-833a-495d-bc73-d42e045e5373 (type: ports) to 2
2026-07-15 06:04:51.696 9 INFO neutron.wsgi [req-31a57f9e-17a8-4340-ba43-96b97f201348 req-1dc8faa4-cf30-4e25-b657-cf7264797943 255545052ae5488c903fae7ba3df7433 453b21830b454378ac0bf6bf5a2144b0 - - default default] 10.0.0.240 "GET /v2.0/ports?device_id=9a17467f-807d-45e1-b811-c571c6f6e5c0 HTTP/1.1" status: 200 len: 210 time: 0.0346785
2026-07-15 06:04:51.777 10 INFO neutron.wsgi [req-01c0d935-6eab-453a-b1a0-549392f31b2d req-ef7fccab-f0de-40c7-8b50-e680e14f2f9b 255545052ae5488c903fae7ba3df7433 453b21830b454378ac0bf6bf5a2144b0 - - default default] 199.204.45.116 "GET /v2.0/networks?id=3f8dcc0b-647a-4f31-a304-097072bb32e8 HTTP/1.1" status: 200 len: 876 time: 0.1648872
2026-07-15 06:04:51.802 10 INFO neutron.db.ovn_revision_numbers_db [req-bab24156-4c5b-4a63-a68e-f1c4b19899aa req-70580a64-b5c5-4c39-bcdf-548db49ebf7c f1c8757dcb294a8981ca55e96e3431cc 33f020890d1b4d21bb6790a7730ec19a - - default default] Successfully bumped revision number for resource 7320c2ee-248a-4139-b17c-199dca70a67c (type: ports) to 1
2026-07-15 06:04:51.812 10 WARNING neutron_lib.context [req-01c0d935-6eab-453a-b1a0-549392f31b2d req-d38baa04-7a44-4ca7-9fa2-77c543750ba7 255545052ae5488c903fae7ba3df7433 453b21830b454378ac0bf6bf5a2144b0 - - default default] Method 'is_advsvc' is deprecated since 2023.2 release (neutron-lib 3.8.0) and will be removed once support for the old RBAC API policies will be removed from Neutron. Please use method 'is_service_role' instead.
2026-07-15 06:04:51.830 10 INFO neutron.db.ovn_revision_numbers_db [None req-80fc0f6d-713c-4715-9cb0-d8a907150370 - - - - - -] Successfully bumped revision number for resource fd2c5713-833a-495d-bc73-d42e045e5373 (type: router_ports) to 2
2026-07-15 06:04:51.862 10 INFO neutron.wsgi [req-bab24156-4c5b-4a63-a68e-f1c4b19899aa req-70580a64-b5c5-4c39-bcdf-548db49ebf7c f1c8757dcb294a8981ca55e96e3431cc 33f020890d1b4d21bb6790a7730ec19a - - default default] 199.204.45.116 "POST /v2.0/ports HTTP/1.1" status: 201 len: 1158 time: 1.1591516
2026-07-15 06:04:51.913 9 INFO neutron.wsgi [req-51cb514b-7471-42c0-ba5f-5d0dbf914d4b req-15081fa3-17da-4c8a-af0e-61cf285a4369 f1c8757dcb294a8981ca55e96e3431cc 33f020890d1b4d21bb6790a7730ec19a - - default default] 10.0.0.240 "GET /v2.0/ports?device_id=68a81559-8869-40f8-b687-11f702f6946e HTTP/1.1" status: 200 len: 1156 time: 0.0459447
2026-07-15 06:04:51.969 9 INFO neutron.wsgi [req-51cb514b-7471-42c0-ba5f-5d0dbf914d4b req-73f1b9a7-e7a1-4d85-8c84-5be3ec9c8efc f1c8757dcb294a8981ca55e96e3431cc 33f020890d1b4d21bb6790a7730ec19a - - default default] 10.0.0.240 "GET /v2.0/security-groups?id=399002d9-d70d-4d96-948e-19ddd7f5504f&fields=id&fields=name HTTP/1.1" status: 200 len: 312 time: 0.0483174
2026-07-15 06:04:52.410 10 WARNING neutron.scheduler.dhcp_agent_scheduler [req-01c0d935-6eab-453a-b1a0-549392f31b2d req-d38baa04-7a44-4ca7-9fa2-77c543750ba7 255545052ae5488c903fae7ba3df7433 453b21830b454378ac0bf6bf5a2144b0 - - default default] No more DHCP agents
2026-07-15 06:04:52.413 10 WARNING neutron.api.rpc.agentnotifiers.dhcp_rpc_agent_api [req-01c0d935-6eab-453a-b1a0-549392f31b2d req-d38baa04-7a44-4ca7-9fa2-77c543750ba7 255545052ae5488c903fae7ba3df7433 453b21830b454378ac0bf6bf5a2144b0 - - default default] Unable to schedule network 3f8dcc0b-647a-4f31-a304-097072bb32e8: no agents available; will retry on subsequent port and subnet creation events.
2026-07-15 06:04:52.517 10 INFO neutron.db.ovn_revision_numbers_db [req-bab24156-4c5b-4a63-a68e-f1c4b19899aa req-f729a153-5f20-459d-9c28-e6f6724ba3a4 f6874e0a7cdd4670a81148cd0d9e005d e1876e7429b34c7381d13da8019991be - - 0c8a729e6dab4f17a284c6fa56afbc8a 0c8a729e6dab4f17a284c6fa56afbc8a] Successfully bumped revision number for resource 7320c2ee-248a-4139-b17c-199dca70a67c (type: ports) to 2
2026-07-15 06:04:52.678 10 INFO neutron.db.ovn_revision_numbers_db [req-01c0d935-6eab-453a-b1a0-549392f31b2d req-d38baa04-7a44-4ca7-9fa2-77c543750ba7 255545052ae5488c903fae7ba3df7433 453b21830b454378ac0bf6bf5a2144b0 - - default default] Successfully bumped revision number for resource 7e0686c8-c15a-4144-925b-f1917c26a087 (type: ports) to 1
