2026-07-15 06:07:26.132 10 INFO neutron.wsgi [None req-32fea42f-a6b8-4079-9afb-ce534b059750 1d57743e87d5476289a4f8c09c3f2e11 c8f350c296124927b88fd251d5047cc3 - - default default] 10.0.0.181 "POST /v2.0/security-groups HTTP/1.1" status: 201 len: 1737 time: 0.2446296
2026-07-15 06:07:26.139 10 INFO neutron.db.segments_db [None req-800fa267-8cf2-4acc-b4fd-4943bd235fe8 26cdc5f24e3f4ed79fcb343d7b3ea378 7b5323c0ad7a4881acc827c83a2b03f7 - - default default] Added segment d82d63f0-98df-4796-b19f-a554e57c8f2c of type geneve for network a75f59a0-9ec6-46fa-8c9a-cee59edd24ff
2026-07-15 06:07:26.142 9 WARNING neutron_lib.context [None req-08dfe261-7337-4b77-9850-62aa959b4258 1d57743e87d5476289a4f8c09c3f2e11 c8f350c296124927b88fd251d5047cc3 - - default default] Method 'is_advsvc' is deprecated since 2023.2 release (neutron-lib 3.8.0) and will be removed once support for the old RBAC API policies will be removed from Neutron. Please use method 'is_service_role' instead.
2026-07-15 06:07:26.281 9 INFO neutron.db.l3_db [None req-1a374104-ba42-4b14-bdb3-82be46864085 e3a796f079c947aca155d350f8ff4036 4b2371c4cbe84eaabf89af1e172d33d7 - - default default] Floating IP a5234c47-8dcd-4952-adf2-cc5a8cededf7 disassociated. External IP: 10.96.250.210, port: ad7eb59c-e84c-443e-95ca-0054736702f2.
2026-07-15 06:07:26.331 9 INFO neutron.db.ovn_revision_numbers_db [None req-1a374104-ba42-4b14-bdb3-82be46864085 e3a796f079c947aca155d350f8ff4036 4b2371c4cbe84eaabf89af1e172d33d7 - - default default] Successfully bumped revision number for resource a5234c47-8dcd-4952-adf2-cc5a8cededf7 (type: floatingips) to 2
2026-07-15 06:07:26.380 10 INFO neutron.db.ovn_revision_numbers_db [None req-800fa267-8cf2-4acc-b4fd-4943bd235fe8 26cdc5f24e3f4ed79fcb343d7b3ea378 7b5323c0ad7a4881acc827c83a2b03f7 - - default default] Successfully bumped revision number for resource a75f59a0-9ec6-46fa-8c9a-cee59edd24ff (type: networks) to 1
2026-07-15 06:07:26.391 9 INFO neutron.db.ovn_revision_numbers_db [None req-08dfe261-7337-4b77-9850-62aa959b4258 1d57743e87d5476289a4f8c09c3f2e11 c8f350c296124927b88fd251d5047cc3 - - default default] Successfully bumped revision number for resource e4068423-b16e-4794-9ba3-5818a4207ac9 (type: security_groups) to 1
2026-07-15 06:07:26.415 9 INFO neutron.db.ovn_revision_numbers_db [None req-08dfe261-7337-4b77-9850-62aa959b4258 1d57743e87d5476289a4f8c09c3f2e11 c8f350c296124927b88fd251d5047cc3 - - default default] Successfully bumped revision number for resource b736d2d5-1754-4482-b698-4144a8897d14 (type: security_group_rules) to 0
2026-07-15 06:07:26.417 9 INFO neutron.wsgi [None req-1a374104-ba42-4b14-bdb3-82be46864085 e3a796f079c947aca155d350f8ff4036 4b2371c4cbe84eaabf89af1e172d33d7 - - default default] 10.0.0.181 "PUT /v2.0/floatingips/a5234c47-8dcd-4952-adf2-cc5a8cededf7 HTTP/1.1" status: 200 len: 748 time: 0.3317509
2026-07-15 06:07:26.452 9 INFO neutron.db.ovn_revision_numbers_db [None req-08dfe261-7337-4b77-9850-62aa959b4258 1d57743e87d5476289a4f8c09c3f2e11 c8f350c296124927b88fd251d5047cc3 - - default default] Successfully bumped revision number for resource fb246221-8869-449b-bd6c-3ba98a42a2fd (type: security_group_rules) to 0
2026-07-15 06:07:26.460 9 INFO neutron.notifiers.nova [-] Nova event matching ['req-9458a829-bb05-4363-96b9-2fe5650792a3'] response: {'name': 'network-changed', 'server_uuid': '6d8785c7-8b50-4889-8b80-bd2c10aad764', 'tag': 'ad7eb59c-e84c-443e-95ca-0054736702f2', 'status': 'completed', 'code': 200}
2026-07-15 06:07:26.468 9 INFO neutron.wsgi [None req-891f149a-fbb0-4464-893b-9258c2f0bbd9 e3a796f079c947aca155d350f8ff4036 4b2371c4cbe84eaabf89af1e172d33d7 - - default default] 10.0.0.181 "GET /v2.0/floatingips/a5234c47-8dcd-4952-adf2-cc5a8cededf7 HTTP/1.1" status: 200 len: 746 time: 0.0422797
2026-07-15 06:07:26.479 9 INFO neutron.wsgi [None req-08dfe261-7337-4b77-9850-62aa959b4258 1d57743e87d5476289a4f8c09c3f2e11 c8f350c296124927b88fd251d5047cc3 - - default default] 10.0.0.181 "POST /v2.0/security-groups HTTP/1.1" status: 201 len: 1737 time: 0.3419628
2026-07-15 06:07:26.489 9 WARNING neutron_lib.context [None req-84907ec5-3c8a-439b-8923-6cdeae69802b 1d57743e87d5476289a4f8c09c3f2e11 c8f350c296124927b88fd251d5047cc3 - - default default] Method 'is_advsvc' is deprecated since 2023.2 release (neutron-lib 3.8.0) and will be removed once support for the old RBAC API policies will be removed from Neutron. Please use method 'is_service_role' instead. /var/lib/openstack/lib/python3.10/site-packages/pycadf/identifier.py:71: UserWarning: Invalid uuid: neutron. To ensure interoperability, identifiers should be a valid uuid. warnings.warn(('Invalid uuid: %s. To ensure interoperability, '
2026-07-15 06:07:26.556 10 INFO neutron.wsgi [req-23f2b878-9193-4819-b4d0-10d498878cab req-d09fef53-8a67-442d-9219-bc6992744a26 f6874e0a7cdd4670a81148cd0d9e005d e1876e7429b34c7381d13da8019991be - - 0c8a729e6dab4f17a284c6fa56afbc8a 0c8a729e6dab4f17a284c6fa56afbc8a] 199.204.45.116 "GET /v2.0/ports?tenant_id=4b2371c4cbe84eaabf89af1e172d33d7&device_id=6d8785c7-8b50-4889-8b80-bd2c10aad764 HTTP/1.1" status: 200 len: 1409 time: 0.0711951
2026-07-15 06:07:26.596 9 INFO neutron.db.ovn_revision_numbers_db [None req-84907ec5-3c8a-439b-8923-6cdeae69802b 1d57743e87d5476289a4f8c09c3f2e11 c8f350c296124927b88fd251d5047cc3 - - default default] Successfully bumped revision number for resource a35f81ca-e989-4d19-808d-d72fa02940bd (type: security_groups) to 1
2026-07-15 06:07:26.611 9 INFO neutron.db.ovn_revision_numbers_db [None req-84907ec5-3c8a-439b-8923-6cdeae69802b 1d57743e87d5476289a4f8c09c3f2e11 c8f350c296124927b88fd251d5047cc3 - - default default] Successfully bumped revision number for resource a929b41a-ebc5-43cc-87bc-8960abb093cf (type: security_group_rules) to 0
2026-07-15 06:07:26.625 9 INFO neutron.db.ovn_revision_numbers_db [None req-84907ec5-3c8a-439b-8923-6cdeae69802b 1d57743e87d5476289a4f8c09c3f2e11 c8f350c296124927b88fd251d5047cc3 - - default default] Successfully bumped revision number for resource fa188a9f-0cba-4cfc-9ef8-8d181c459ddc (type: security_group_rules) to 0
2026-07-15 06:07:26.645 9 INFO neutron.wsgi [None req-84907ec5-3c8a-439b-8923-6cdeae69802b 1d57743e87d5476289a4f8c09c3f2e11 c8f350c296124927b88fd251d5047cc3 - - default default] 10.0.0.181 "POST /v2.0/security-groups HTTP/1.1" status: 201 len: 1737 time: 0.1590934
2026-07-15 06:07:26.657 9 WARNING neutron_lib.context [None req-4d8547cc-ad96-4559-a5b8-340a4e2b50dc 1d57743e87d5476289a4f8c09c3f2e11 c8f350c296124927b88fd251d5047cc3 - - default default] Method 'is_advsvc' is deprecated since 2023.2 release (neutron-lib 3.8.0) and will be removed once support for the old RBAC API policies will be removed from Neutron. Please use method 'is_service_role' instead.
2026-07-15 06:07:26.690 10 INFO neutron.wsgi [req-23f2b878-9193-4819-b4d0-10d498878cab req-95e48c04-9b44-4f0f-9647-d597775f51ec f6874e0a7cdd4670a81148cd0d9e005d e1876e7429b34c7381d13da8019991be - - 0c8a729e6dab4f17a284c6fa56afbc8a 0c8a729e6dab4f17a284c6fa56afbc8a] 199.204.45.116 "GET /v2.0/networks?id=1f140499-2c96-4b08-816f-8ff1089bb765 HTTP/1.1" status: 200 len: 958 time: 0.1169336
2026-07-15 06:07:26.692 10 WARNING neutron.scheduler.dhcp_agent_scheduler [None req-800fa267-8cf2-4acc-b4fd-4943bd235fe8 26cdc5f24e3f4ed79fcb343d7b3ea378 7b5323c0ad7a4881acc827c83a2b03f7 - - default default] No more DHCP agents
2026-07-15 06:07:26.694 10 WARNING neutron.api.rpc.agentnotifiers.dhcp_rpc_agent_api [None req-800fa267-8cf2-4acc-b4fd-4943bd235fe8 26cdc5f24e3f4ed79fcb343d7b3ea378 7b5323c0ad7a4881acc827c83a2b03f7 - - default default] Unable to schedule network a75f59a0-9ec6-46fa-8c9a-cee59edd24ff: no agents available; will retry on subsequent port and subnet creation events.
2026-07-15 06:07:26.736 10 INFO neutron.wsgi [req-23f2b878-9193-4819-b4d0-10d498878cab req-7c6d1511-7b44-4526-9270-7bb0a54fdb70 f6874e0a7cdd4670a81148cd0d9e005d e1876e7429b34c7381d13da8019991be - - 0c8a729e6dab4f17a284c6fa56afbc8a 0c8a729e6dab4f17a284c6fa56afbc8a] 199.204.45.116 "GET /v2.0/floatingips?fixed_ip_address=10.100.0.9&port_id=ad7eb59c-e84c-443e-95ca-0054736702f2 HTTP/1.1" status: 200 len: 217 time: 0.0320530
2026-07-15 06:07:26.765 9 INFO neutron.db.ovn_revision_numbers_db [None req-4d8547cc-ad96-4559-a5b8-340a4e2b50dc 1d57743e87d5476289a4f8c09c3f2e11 c8f350c296124927b88fd251d5047cc3 - - default default] Successfully bumped revision number for resource c43b7fc6-0eec-4c40-a37d-1a4d5dd5a845 (type: security_groups) to 1
2026-07-15 06:07:26.781 9 INFO neutron.db.ovn_revision_numbers_db [None req-4d8547cc-ad96-4559-a5b8-340a4e2b50dc 1d57743e87d5476289a4f8c09c3f2e11 c8f350c296124927b88fd251d5047cc3 - - default default] Successfully bumped revision number for resource 826528f8-b03f-46a0-abab-5efd27615704 (type: security_group_rules) to 0
2026-07-15 06:07:26.802 9 INFO neutron.db.ovn_revision_numbers_db [None req-4d8547cc-ad96-4559-a5b8-340a4e2b50dc 1d57743e87d5476289a4f8c09c3f2e11 c8f350c296124927b88fd251d5047cc3 - - default default] Successfully bumped revision number for resource 8e150d7e-d120-4fd2-8bf2-c5b3cd034ca1 (type: security_group_rules) to 0
2026-07-15 06:07:26.814 10 INFO neutron.wsgi [req-23f2b878-9193-4819-b4d0-10d498878cab req-a2903a21-695b-4a11-a091-14269a225ad6 f6874e0a7cdd4670a81148cd0d9e005d e1876e7429b34c7381d13da8019991be - - 0c8a729e6dab4f17a284c6fa56afbc8a 0c8a729e6dab4f17a284c6fa56afbc8a] 199.204.45.116 "GET /v2.0/subnets?id=bada0a51-b247-4f4f-a9e0-6e950aa67a63 HTTP/1.1" status: 200 len: 853 time: 0.0700424
2026-07-15 06:07:26.820 9 INFO neutron.wsgi [None req-4d8547cc-ad96-4559-a5b8-340a4e2b50dc 1d57743e87d5476289a4f8c09c3f2e11 c8f350c296124927b88fd251d5047cc3 - - default default] 10.0.0.181 "POST /v2.0/security-groups HTTP/1.1" status: 201 len: 1737 time: 0.1689801
2026-07-15 06:07:26.862 10 INFO neutron.wsgi [req-23f2b878-9193-4819-b4d0-10d498878cab req-014f548d-e786-4695-8132-cdd53858aed1 f6874e0a7cdd4670a81148cd0d9e005d e1876e7429b34c7381d13da8019991be - - 0c8a729e6dab4f17a284c6fa56afbc8a 0c8a729e6dab4f17a284c6fa56afbc8a] 199.204.45.116 "GET /v2.0/ports?network_id=1f140499-2c96-4b08-816f-8ff1089bb765&device_owner=network%3Adhcp HTTP/1.1" status: 200 len: 210 time: 0.0396535
2026-07-15 06:07:26.862 9 INFO neutron.wsgi [None req-b03373e5-4ffe-4f8d-89f3-5dc1c133eb17 1d57743e87d5476289a4f8c09c3f2e11 c8f350c296124927b88fd251d5047cc3 - - default default] 10.0.0.181 "PUT /v2.0/security-groups/32e1480d-4932-44af-a743-70fbafaecd27/tags HTTP/1.1" status: 200 len: 210 time: 0.0352850
2026-07-15 06:07:26.866 10 INFO neutron.db.ovn_revision_numbers_db [None req-800fa267-8cf2-4acc-b4fd-4943bd235fe8 26cdc5f24e3f4ed79fcb343d7b3ea378 7b5323c0ad7a4881acc827c83a2b03f7 - - default default] Successfully bumped revision number for resource 26c048ee-4c1a-40be-8dc8-fdcf1916ff3b (type: ports) to 1
2026-07-15 06:07:26.905 9 INFO neutron.wsgi [None req-da1379af-05ea-469d-8226-e66628d3e330 1d57743e87d5476289a4f8c09c3f2e11 c8f350c296124927b88fd251d5047cc3 - - default default] 10.0.0.181 "PUT /v2.0/security-groups/576600f3-87cf-4f94-afc3-a979f12ebb9b/tags HTTP/1.1" status: 200 len: 218 time: 0.0365255
2026-07-15 06:07:26.917 10 INFO neutron.wsgi [None req-800fa267-8cf2-4acc-b4fd-4943bd235fe8 26cdc5f24e3f4ed79fcb343d7b3ea378 7b5323c0ad7a4881acc827c83a2b03f7 - - default default] 10.0.0.181 "POST /v2.0/networks HTTP/1.1" status: 201 len: 831 time: 1.1501341
2026-07-15 06:07:26.928 9 WARNING neutron_lib.context [None req-245233f9-46c9-4edd-9e02-1d52d72840c0 26cdc5f24e3f4ed79fcb343d7b3ea378 7b5323c0ad7a4881acc827c83a2b03f7 - - default default] Method 'is_advsvc' is deprecated since 2023.2 release (neutron-lib 3.8.0) and will be removed once support for the old RBAC API policies will be removed from Neutron. Please use method 'is_service_role' instead.
2026-07-15 06:07:26.944 10 INFO neutron.wsgi [req-23f2b878-9193-4819-b4d0-10d498878cab req-6ae781f9-2e72-4429-aa2a-52896113cd4e f6874e0a7cdd4670a81148cd0d9e005d e1876e7429b34c7381d13da8019991be - - 0c8a729e6dab4f17a284c6fa56afbc8a 0c8a729e6dab4f17a284c6fa56afbc8a] 199.204.45.116 "GET /v2.0/networks/1f140499-2c96-4b08-816f-8ff1089bb765?fields=segments HTTP/1.1" status: 200 len: 212 time: 0.0737996
2026-07-15 06:07:26.962 9 INFO neutron.wsgi [None req-bd2b1357-53dd-4f1f-b6ea-a86655c08bfb 1d57743e87d5476289a4f8c09c3f2e11 c8f350c296124927b88fd251d5047cc3 - - default default] 10.0.0.181 "PUT /v2.0/security-groups/e4068423-b16e-4794-9ba3-5818a4207ac9/tags HTTP/1.1" status: 200 len: 227 time: 0.0517402
2026-07-15 06:07:27.004 9 INFO neutron.wsgi [None req-a4077d28-69d5-4189-b38c-ea6c76aa8f00 1d57743e87d5476289a4f8c09c3f2e11 c8f350c296124927b88fd251d5047cc3 - - default default] 10.0.0.181 "PUT /v2.0/security-groups/a35f81ca-e989-4d19-808d-d72fa02940bd/tags HTTP/1.1" status: 200 len: 212 time: 0.0362697
2026-07-15 06:07:27.011 10 INFO neutron.wsgi [req-23f2b878-9193-4819-b4d0-10d498878cab req-0d1a135a-5574-4bde-b816-9b0472d8759d f6874e0a7cdd4670a81148cd0d9e005d e1876e7429b34c7381d13da8019991be - - 0c8a729e6dab4f17a284c6fa56afbc8a 0c8a729e6dab4f17a284c6fa56afbc8a] 199.204.45.116 "GET /v2.0/networks/1f140499-2c96-4b08-816f-8ff1089bb765?fields=provider%3Aphysical_network&fields=provider%3Anetwork_type HTTP/1.1" status: 200 len: 277 time: 0.0606780
2026-07-15 06:07:27.067 10 INFO neutron.wsgi [None req-4330e9da-53fc-435b-a348-ceefa1734b49 1d57743e87d5476289a4f8c09c3f2e11 c8f350c296124927b88fd251d5047cc3 - - default default] 10.0.0.181 "GET /v2.0/security-groups?tags=red HTTP/1.1" status: 200 len: 4813 time: 0.0544453
2026-07-15 06:07:27.123 10 INFO neutron.wsgi [None req-21925963-549b-46c9-bd11-b9a88ca8dced 1d57743e87d5476289a4f8c09c3f2e11 c8f350c296124927b88fd251d5047cc3 - - default default] 10.0.0.181 "GET /v2.0/security-groups?tags=red%2Cblue HTTP/1.1" status: 200 len: 3289 time: 0.0498533
2026-07-15 06:07:27.181 10 INFO neutron.wsgi [None req-c590fb88-b2fc-4211-9739-13f5571075a4 1d57743e87d5476289a4f8c09c3f2e11 c8f350c296124927b88fd251d5047cc3 - - default default] 10.0.0.181 "GET /v2.0/security-groups?tags-any=blue HTTP/1.1" status: 200 len: 3289 time: 0.0537589
2026-07-15 06:07:27.190 9 WARNING neutron.scheduler.dhcp_agent_scheduler [None req-245233f9-46c9-4edd-9e02-1d52d72840c0 26cdc5f24e3f4ed79fcb343d7b3ea378 7b5323c0ad7a4881acc827c83a2b03f7 - - default default] No more DHCP agents
2026-07-15 06:07:27.194 9 WARNING neutron.api.rpc.agentnotifiers.dhcp_rpc_agent_api [None req-245233f9-46c9-4edd-9e02-1d52d72840c0 26cdc5f24e3f4ed79fcb343d7b3ea378 7b5323c0ad7a4881acc827c83a2b03f7 - - default default] Unable to schedule network a75f59a0-9ec6-46fa-8c9a-cee59edd24ff: no agents available; will retry on subsequent port and subnet creation events.
2026-07-15 06:07:27.235 10 INFO neutron.wsgi [None req-7921798a-cf64-4a38-8d28-442c8c3d3d52 1d57743e87d5476289a4f8c09c3f2e11 c8f350c296124927b88fd251d5047cc3 - - default default] 10.0.0.181 "GET /v2.0/security-groups?tags-any=red%2Cblue HTTP/1.1" status: 200 len: 4813 time: 0.0466545
2026-07-15 06:07:27.284 9 INFO neutron.db.ovn_revision_numbers_db [None req-245233f9-46c9-4edd-9e02-1d52d72840c0 26cdc5f24e3f4ed79fcb343d7b3ea378 7b5323c0ad7a4881acc827c83a2b03f7 - - default default] Successfully bumped revision number for resource e5a2fd4a-1ee8-40a8-b68f-a988894854c7 (type: ports) to 1
2026-07-15 06:07:27.304 10 INFO neutron.wsgi [None req-bcaac7e1-9db6-4f95-bbe8-1629888cbc17 1d57743e87d5476289a4f8c09c3f2e11 c8f350c296124927b88fd251d5047cc3 - - default default] 10.0.0.181 "GET /v2.0/security-groups?not-tags=red HTTP/1.1" status: 200 len: 6041 time: 0.0632956
2026-07-15 06:07:27.307 9 INFO neutron.wsgi [None req-245233f9-46c9-4edd-9e02-1d52d72840c0 26cdc5f24e3f4ed79fcb343d7b3ea378 7b5323c0ad7a4881acc827c83a2b03f7 - - default default] 10.0.0.181 "POST /v2.0/ports HTTP/1.1" status: 201 len: 942 time: 0.3828413 /var/lib/openstack/lib/python3.10/site-packages/pycadf/identifier.py:71: UserWarning: Invalid uuid: neutron. To ensure interoperability, identifiers should be a valid uuid. warnings.warn(('Invalid uuid: %s. To ensure interoperability, '
2026-07-15 06:07:27.318 9 WARNING neutron_lib.context [None req-50644e8e-a24d-43e7-9f9c-47b3520be901 26cdc5f24e3f4ed79fcb343d7b3ea378 7b5323c0ad7a4881acc827c83a2b03f7 - - default default] Method 'is_advsvc' is deprecated since 2023.2 release (neutron-lib 3.8.0) and will be removed once support for the old RBAC API policies will be removed from Neutron. Please use method 'is_service_role' instead.
2026-07-15 06:07:27.377 10 INFO neutron.wsgi [None req-036accef-aa4d-471f-85b6-d79e55f1a59b 1d57743e87d5476289a4f8c09c3f2e11 c8f350c296124927b88fd251d5047cc3 - - default default] 10.0.0.181 "GET /v2.0/security-groups?not-tags=red%2Cblue HTTP/1.1" status: 200 len: 7565 time: 0.0636055
2026-07-15 06:07:27.401 9 INFO neutron.db.segments_db [None req-50644e8e-a24d-43e7-9f9c-47b3520be901 26cdc5f24e3f4ed79fcb343d7b3ea378 7b5323c0ad7a4881acc827c83a2b03f7 - - default default] Added segment e8454d93-db0d-40f1-8852-2c0eb48e9e74 of type geneve for network c6223a83-d72a-49f6-b728-b09a15ff07e8
2026-07-15 06:07:27.434 10 INFO neutron.wsgi [None req-364223ec-f716-4014-87d6-d73dd1b4851f 1d57743e87d5476289a4f8c09c3f2e11 c8f350c296124927b88fd251d5047cc3 - - default default] 10.0.0.181 "GET /v2.0/security-groups?not-tags-any=blue HTTP/1.1" status: 200 len: 7565 time: 0.0512404
2026-07-15 06:07:27.478 10 INFO neutron.wsgi [None req-8d6008ec-6d55-4ffe-ab7f-d568a85f54c1 1d57743e87d5476289a4f8c09c3f2e11 c8f350c296124927b88fd251d5047cc3 - - default default] 10.0.0.181 "GET /v2.0/security-groups?not-tags-any=red%2Cblue HTTP/1.1" status: 200 len: 6041 time: 0.0392389
2026-07-15 06:07:27.558 10 WARNING neutron_lib.context [None req-5b26138f-bf6d-47cc-98ed-b867fe4be002 e3a796f079c947aca155d350f8ff4036 4b2371c4cbe84eaabf89af1e172d33d7 - - default default] Method 'is_advsvc' is deprecated since 2023.2 release (neutron-lib 3.8.0) and will be removed once support for the old RBAC API policies will be removed from Neutron. Please use method 'is_service_role' instead.
2026-07-15 06:07:27.600 9 INFO neutron.db.ovn_revision_numbers_db [None req-50644e8e-a24d-43e7-9f9c-47b3520be901 26cdc5f24e3f4ed79fcb343d7b3ea378 7b5323c0ad7a4881acc827c83a2b03f7 - - default default] Successfully bumped revision number for resource c6223a83-d72a-49f6-b728-b09a15ff07e8 (type: networks) to 1
2026-07-15 06:07:27.674 10 INFO neutron.wsgi [None req-a21322b0-76c8-4fc0-a2e3-f93f38d41c71 1d57743e87d5476289a4f8c09c3f2e11 c8f350c296124927b88fd251d5047cc3 - - default default] 10.0.0.181 "DELETE /v2.0/security-groups/32e1480d-4932-44af-a743-70fbafaecd27 HTTP/1.1" status: 204 len: 168 time: 0.1911798
2026-07-15 06:07:27.745 10 INFO neutron.db.ovn_revision_numbers_db [None req-5b26138f-bf6d-47cc-98ed-b867fe4be002 e3a796f079c947aca155d350f8ff4036 4b2371c4cbe84eaabf89af1e172d33d7 - - default default] Successfully bumped revision number for resource 238ff934-3e2f-4510-b2eb-c7b51bb44329 (type: security_groups) to 1
2026-07-15 06:07:27.769 10 INFO neutron.db.ovn_revision_numbers_db [None req-5b26138f-bf6d-47cc-98ed-b867fe4be002 e3a796f079c947aca155d350f8ff4036 4b2371c4cbe84eaabf89af1e172d33d7 - - default default] Successfully bumped revision number for resource 14b142ec-41f1-48d8-895f-c92070f422be (type: security_group_rules) to 0
2026-07-15 06:07:27.789 10 INFO neutron.db.ovn_revision_numbers_db [None req-5b26138f-bf6d-47cc-98ed-b867fe4be002 e3a796f079c947aca155d350f8ff4036 4b2371c4cbe84eaabf89af1e172d33d7 - - default default] Successfully bumped revision number for resource 3613e1a5-47d3-4f28-accd-e1f5505157d7 (type: security_group_rules) to 0
2026-07-15 06:07:27.814 10 INFO neutron.wsgi [None req-5b26138f-bf6d-47cc-98ed-b867fe4be002 e3a796f079c947aca155d350f8ff4036 4b2371c4cbe84eaabf89af1e172d33d7 - - default default] 10.0.0.181 "POST /v2.0/security-groups HTTP/1.1" status: 201 len: 1809 time: 0.2703238
2026-07-15 06:07:27.821 10 INFO neutron.wsgi [None req-d6a025a0-2eab-467e-be3c-39b2ab9805d8 1d57743e87d5476289a4f8c09c3f2e11 c8f350c296124927b88fd251d5047cc3 - - default default] 10.0.0.181 "DELETE /v2.0/security-groups/576600f3-87cf-4f94-afc3-a979f12ebb9b HTTP/1.1" status: 204 len: 168 time: 0.1410098
2026-07-15 06:07:27.826 10 WARNING neutron_lib.context [None req-be96ece8-18ab-4081-b3df-5556568f8e35 e3a796f079c947aca155d350f8ff4036 4b2371c4cbe84eaabf89af1e172d33d7 - - default default] Method 'is_advsvc' is deprecated since 2023.2 release (neutron-lib 3.8.0) and will be removed once support for the old RBAC API policies will be removed from Neutron. Please use method 'is_service_role' instead.
2026-07-15 06:07:27.839 9 WARNING neutron.scheduler.dhcp_agent_scheduler [None req-50644e8e-a24d-43e7-9f9c-47b3520be901 26cdc5f24e3f4ed79fcb343d7b3ea378 7b5323c0ad7a4881acc827c83a2b03f7 - - default default] No more DHCP agents
2026-07-15 06:07:27.841 9 WARNING neutron.api.rpc.agentnotifiers.dhcp_rpc_agent_api [None req-50644e8e-a24d-43e7-9f9c-47b3520be901 26cdc5f24e3f4ed79fcb343d7b3ea378 7b5323c0ad7a4881acc827c83a2b03f7 - - default default] Unable to schedule network c6223a83-d72a-49f6-b728-b09a15ff07e8: no agents available; will retry on subsequent port and subnet creation events.
2026-07-15 06:07:27.923 9 INFO neutron.db.ovn_revision_numbers_db [None req-50644e8e-a24d-43e7-9f9c-47b3520be901 26cdc5f24e3f4ed79fcb343d7b3ea378 7b5323c0ad7a4881acc827c83a2b03f7 - - default default] Successfully bumped revision number for resource 9c629dd2-8dda-43f2-b785-218bd868c76c (type: ports) to 1
2026-07-15 06:07:27.952 9 INFO neutron.wsgi [None req-50644e8e-a24d-43e7-9f9c-47b3520be901 26cdc5f24e3f4ed79fcb343d7b3ea378 7b5323c0ad7a4881acc827c83a2b03f7 - - default default] 10.0.0.181 "POST /v2.0/networks HTTP/1.1" status: 201 len: 830 time: 0.6385827
2026-07-15 06:07:27.963 10 INFO neutron.wsgi [None req-2d6ff574-a63f-43e8-9d6b-a044659275e5 1d57743e87d5476289a4f8c09c3f2e11 c8f350c296124927b88fd251d5047cc3 - - default default] 10.0.0.181 "DELETE /v2.0/security-groups/e4068423-b16e-4794-9ba3-5818a4207ac9 HTTP/1.1" status: 204 len: 168 time: 0.1330225
2026-07-15 06:07:27.964 9 WARNING neutron_lib.context [None req-db34e250-1190-4258-a148-3af5560d8407 26cdc5f24e3f4ed79fcb343d7b3ea378 7b5323c0ad7a4881acc827c83a2b03f7 - - default default] Method 'is_advsvc' is deprecated since 2023.2 release (neutron-lib 3.8.0) and will be removed once support for the old RBAC API policies will be removed from Neutron. Please use method 'is_service_role' instead.
2026-07-15 06:07:27.976 10 INFO neutron.db.ovn_revision_numbers_db [None req-be96ece8-18ab-4081-b3df-5556568f8e35 e3a796f079c947aca155d350f8ff4036 4b2371c4cbe84eaabf89af1e172d33d7 - - default default] Successfully bumped revision number for resource 7c894dc7-c4d3-4863-8026-4ee9349e605a (type: security_group_rules) to 0
2026-07-15 06:07:28.002 10 INFO neutron.wsgi [None req-be96ece8-18ab-4081-b3df-5556568f8e35 e3a796f079c947aca155d350f8ff4036 4b2371c4cbe84eaabf89af1e172d33d7 - - default default] 10.0.0.181 "POST /v2.0/security-group-rules HTTP/1.1" status: 201 len: 764 time: 0.1807199
2026-07-15 06:07:28.014 10 WARNING neutron_lib.context [None req-3be551d2-355c-4ae7-8ebd-8a7d2cf49235 e3a796f079c947aca155d350f8ff4036 4b2371c4cbe84eaabf89af1e172d33d7 - - default default] Method 'is_advsvc' is deprecated since 2023.2 release (neutron-lib 3.8.0) and will be removed once support for the old RBAC API policies will be removed from Neutron. Please use method 'is_service_role' instead.
2026-07-15 06:07:28.138 10 INFO neutron.db.ovn_revision_numbers_db [None req-3be551d2-355c-4ae7-8ebd-8a7d2cf49235 e3a796f079c947aca155d350f8ff4036 4b2371c4cbe84eaabf89af1e172d33d7 - - default default] Successfully bumped revision number for resource 7e876a30-6704-40f1-a4e2-558690a4be9d (type: security_group_rules) to 0
2026-07-15 06:07:28.169 10 INFO neutron.wsgi [None req-3be551d2-355c-4ae7-8ebd-8a7d2cf49235 e3a796f079c947aca155d350f8ff4036 4b2371c4cbe84eaabf89af1e172d33d7 - - default default] 10.0.0.181 "POST /v2.0/security-group-rules HTTP/1.1" status: 201 len: 763 time: 0.1597564
2026-07-15 06:07:28.173 9 INFO neutron.wsgi [None req-64b7e951-8375-4334-b81e-2982beecbf5c 1d57743e87d5476289a4f8c09c3f2e11 c8f350c296124927b88fd251d5047cc3 - - default default] 10.0.0.181 "DELETE /v2.0/security-groups/a35f81ca-e989-4d19-808d-d72fa02940bd HTTP/1.1" status: 204 len: 168 time: 0.2038400
2026-07-15 06:07:28.185 10 WARNING neutron_lib.context [None req-0e18c21a-b551-420a-a200-14131b2cb910 e3a796f079c947aca155d350f8ff4036 4b2371c4cbe84eaabf89af1e172d33d7 - - default default] Method 'is_advsvc' is deprecated since 2023.2 release (neutron-lib 3.8.0) and will be removed once support for the old RBAC API policies will be removed from Neutron. Please use method 'is_service_role' instead.
2026-07-15 06:07:28.304 9 INFO neutron.db.ovn_revision_numbers_db [None req-82a55720-3ba6-4d04-9394-eb6b81af68b2 b74d0f6850a24e4db72747476cff5a28 793826d128cb404e972d2611e7ca6d6f - - default default] Successfully bumped revision number for resource 706ec8b1-fadf-4231-b38f-a1e4bc317859 (type: security_groups) to 1
2026-07-15 06:07:28.314 10 INFO neutron.db.ovn_revision_numbers_db [None req-0e18c21a-b551-420a-a200-14131b2cb910 e3a796f079c947aca155d350f8ff4036 4b2371c4cbe84eaabf89af1e172d33d7 - - default default] Successfully bumped revision number for resource 413adb29-d465-4414-b488-74be379957b1 (type: security_group_rules) to 0
2026-07-15 06:07:28.341 9 WARNING neutron.scheduler.dhcp_agent_scheduler [None req-db34e250-1190-4258-a148-3af5560d8407 26cdc5f24e3f4ed79fcb343d7b3ea378 7b5323c0ad7a4881acc827c83a2b03f7 - - default default] No more DHCP agents
2026-07-15 06:07:28.344 10 INFO neutron.wsgi [None req-0e18c21a-b551-420a-a200-14131b2cb910 e3a796f079c947aca155d350f8ff4036 4b2371c4cbe84eaabf89af1e172d33d7 - - default default] 10.0.0.181 "POST /v2.0/security-group-rules HTTP/1.1" status: 201 len: 769 time: 0.1664138
2026-07-15 06:07:28.345 9 INFO neutron.db.ovn_revision_numbers_db [None req-82a55720-3ba6-4d04-9394-eb6b81af68b2 b74d0f6850a24e4db72747476cff5a28 793826d128cb404e972d2611e7ca6d6f - - default default] Successfully bumped revision number for resource 1ca3ddf4-95a0-44ae-ad01-b36f1ef55eff (type: security_group_rules) to 0
2026-07-15 06:07:28.348 9 WARNING neutron.api.rpc.agentnotifiers.dhcp_rpc_agent_api [None req-db34e250-1190-4258-a148-3af5560d8407 26cdc5f24e3f4ed79fcb343d7b3ea378 7b5323c0ad7a4881acc827c83a2b03f7 - - default default] Unable to schedule network c6223a83-d72a-49f6-b728-b09a15ff07e8: no agents available; will retry on subsequent port and subnet creation events.
2026-07-15 06:07:28.358 10 WARNING neutron_lib.context [None req-97dd7f6c-5874-44a0-b0de-384179e1e6d4 e3a796f079c947aca155d350f8ff4036 4b2371c4cbe84eaabf89af1e172d33d7 - - default default] Method 'is_advsvc' is deprecated since 2023.2 release (neutron-lib 3.8.0) and will be removed once support for the old RBAC API policies will be removed from Neutron. Please use method 'is_service_role' instead.
2026-07-15 06:07:28.378 9 INFO neutron.db.ovn_revision_numbers_db [None req-82a55720-3ba6-4d04-9394-eb6b81af68b2 b74d0f6850a24e4db72747476cff5a28 793826d128cb404e972d2611e7ca6d6f - - default default] Successfully bumped revision number for resource 7ebd41f1-d5a4-4ed1-b8f1-860b4be8cdfb (type: security_group_rules) to 0
2026-07-15 06:07:28.412 9 INFO neutron.db.ovn_revision_numbers_db [None req-82a55720-3ba6-4d04-9394-eb6b81af68b2 b74d0f6850a24e4db72747476cff5a28 793826d128cb404e972d2611e7ca6d6f - - default default] Successfully bumped revision number for resource bc5314ee-be97-4cce-8882-5f0cfb2b0c2f (type: security_group_rules) to 0
2026-07-15 06:07:28.437 9 INFO neutron.wsgi [None req-9cbb21fc-4c2e-4696-804d-858a09b8829e 1d57743e87d5476289a4f8c09c3f2e11 c8f350c296124927b88fd251d5047cc3 - - default default] 10.0.0.181 "DELETE /v2.0/security-groups/c43b7fc6-0eec-4c40-a37d-1a4d5dd5a845 HTTP/1.1" status: 204 len: 168 time: 0.2437150
2026-07-15 06:07:28.448 9 INFO neutron.db.ovn_revision_numbers_db [None req-82a55720-3ba6-4d04-9394-eb6b81af68b2 b74d0f6850a24e4db72747476cff5a28 793826d128cb404e972d2611e7ca6d6f - - default default] Successfully bumped revision number for resource f1c01fa7-8f2b-4b60-84fb-a5f238f7d9a4 (type: security_group_rules) to 0
2026-07-15 06:07:28.477 9 INFO neutron.wsgi [None req-82a55720-3ba6-4d04-9394-eb6b81af68b2 b74d0f6850a24e4db72747476cff5a28 793826d128cb404e972d2611e7ca6d6f - - default default] 10.0.0.181 "GET /v2.0/security-groups?tenant_id=9e0dfc16b6c9489a9919d25ce7654c65&name=default HTTP/1.1" status: 200 len: 2996 time: 0.5404499
2026-07-15 06:07:28.480 9 INFO neutron.db.ovn_revision_numbers_db [None req-db34e250-1190-4258-a148-3af5560d8407 26cdc5f24e3f4ed79fcb343d7b3ea378 7b5323c0ad7a4881acc827c83a2b03f7 - - default default] Successfully bumped revision number for resource 16689365-7c85-4e70-a8ea-392f29127c1f (type: ports) to 1 /var/lib/openstack/lib/python3.10/site-packages/pycadf/identifier.py:71: UserWarning: Invalid uuid: neutron. To ensure interoperability, identifiers should be a valid uuid. warnings.warn(('Invalid uuid: %s. To ensure interoperability, '
2026-07-15 06:07:28.495 10 INFO neutron.db.ovn_revision_numbers_db [None req-97dd7f6c-5874-44a0-b0de-384179e1e6d4 e3a796f079c947aca155d350f8ff4036 4b2371c4cbe84eaabf89af1e172d33d7 - - default default] Successfully bumped revision number for resource c586d46f-c57c-45e0-85fe-b10723b3c22f (type: security_group_rules) to 0
2026-07-15 06:07:28.512 9 INFO neutron.wsgi [None req-db34e250-1190-4258-a148-3af5560d8407 26cdc5f24e3f4ed79fcb343d7b3ea378 7b5323c0ad7a4881acc827c83a2b03f7 - - default default] 10.0.0.181 "POST /v2.0/ports HTTP/1.1" status: 201 len: 942 time: 0.5553584
2026-07-15 06:07:28.526 10 INFO neutron.wsgi [None req-97dd7f6c-5874-44a0-b0de-384179e1e6d4 e3a796f079c947aca155d350f8ff4036 4b2371c4cbe84eaabf89af1e172d33d7 - - default default] 10.0.0.181 "POST /v2.0/security-group-rules HTTP/1.1" status: 201 len: 768 time: 0.1753373
2026-07-15 06:07:28.531 10 WARNING neutron_lib.context [None req-0614be39-27a9-4e91-8132-15f693c3deef 26cdc5f24e3f4ed79fcb343d7b3ea378 7b5323c0ad7a4881acc827c83a2b03f7 - - default default] Method 'is_advsvc' is deprecated since 2023.2 release (neutron-lib 3.8.0) and will be removed once support for the old RBAC API policies will be removed from Neutron. Please use method 'is_service_role' instead.
2026-07-15 06:07:28.538 9 WARNING neutron_lib.context [None req-5fbbd4e9-f817-4142-988b-946a8516da88 e3a796f079c947aca155d350f8ff4036 4b2371c4cbe84eaabf89af1e172d33d7 - - default default] Method 'is_advsvc' is deprecated since 2023.2 release (neutron-lib 3.8.0) and will be removed once support for the old RBAC API policies will be removed from Neutron. Please use method 'is_service_role' instead.
2026-07-15 06:07:28.624 9 INFO neutron.db.securitygroups_db [None req-5fbbd4e9-f817-4142-988b-946a8516da88 e3a796f079c947aca155d350f8ff4036 4b2371c4cbe84eaabf89af1e172d33d7 - - default default] Project 4b2371c4cbe84eaabf89af1e172d33d7 added a security group rule with legacy IPv6 ICMP protocol name icmp, ipv6-icmp should be used instead. It was automatically converted.
2026-07-15 06:07:28.627 10 INFO neutron.db.segments_db [None req-0614be39-27a9-4e91-8132-15f693c3deef 26cdc5f24e3f4ed79fcb343d7b3ea378 7b5323c0ad7a4881acc827c83a2b03f7 - - default default] Added segment 1b0f3a15-52d7-4aa1-8dba-6dbd0f0870fc of type geneve for network ed38efcb-71da-4468-acb3-65e276aff8ef
2026-07-15 06:07:28.757 9 INFO neutron.db.ovn_revision_numbers_db [None req-5fbbd4e9-f817-4142-988b-946a8516da88 e3a796f079c947aca155d350f8ff4036 4b2371c4cbe84eaabf89af1e172d33d7 - - default default] Successfully bumped revision number for resource ca16663a-f2b8-4ea3-b866-fb14fda64370 (type: security_group_rules) to 0
2026-07-15 06:07:28.794 9 INFO neutron.wsgi [None req-5fbbd4e9-f817-4142-988b-946a8516da88 e3a796f079c947aca155d350f8ff4036 4b2371c4cbe84eaabf89af1e172d33d7 - - default default] 10.0.0.181 "POST /v2.0/security-group-rules HTTP/1.1" status: 201 len: 774 time: 0.2621658
2026-07-15 06:07:28.803 10 INFO neutron.db.ovn_revision_numbers_db [None req-0614be39-27a9-4e91-8132-15f693c3deef 26cdc5f24e3f4ed79fcb343d7b3ea378 7b5323c0ad7a4881acc827c83a2b03f7 - - default default] Successfully bumped revision number for resource ed38efcb-71da-4468-acb3-65e276aff8ef (type: networks) to 1
2026-07-15 06:07:28.805 9 WARNING neutron_lib.context [None req-c8f6b7d9-2ce6-4a96-b9e9-e077b0164c03 e3a796f079c947aca155d350f8ff4036 4b2371c4cbe84eaabf89af1e172d33d7 - - default default] Method 'is_advsvc' is deprecated since 2023.2 release (neutron-lib 3.8.0) and will be removed once support for the old RBAC API policies will be removed from Neutron. Please use method 'is_service_role' instead.
2026-07-15 06:07:28.830 9 INFO neutron.db.securitygroups_db [None req-c8f6b7d9-2ce6-4a96-b9e9-e077b0164c03 e3a796f079c947aca155d350f8ff4036 4b2371c4cbe84eaabf89af1e172d33d7 - - default default] Project 4b2371c4cbe84eaabf89af1e172d33d7 added a security group rule with legacy IPv6 ICMP protocol name icmp, ipv6-icmp should be used instead. It was automatically converted.
2026-07-15 06:07:28.836 9 INFO neutron.wsgi [None req-0e8ba538-f967-482a-a6f3-53b70c3cba5e b74d0f6850a24e4db72747476cff5a28 793826d128cb404e972d2611e7ca6d6f - - default default] 10.0.0.181 "DELETE /v2.0/security-groups/706ec8b1-fadf-4231-b38f-a1e4bc317859 HTTP/1.1" status: 204 len: 168 time: 0.3533638
2026-07-15 06:07:28.955 9 INFO neutron.db.ovn_revision_numbers_db [None req-c8f6b7d9-2ce6-4a96-b9e9-e077b0164c03 e3a796f079c947aca155d350f8ff4036 4b2371c4cbe84eaabf89af1e172d33d7 - - default default] Successfully bumped revision number for resource d7fc117e-6b08-496e-b310-e277939a407c (type: security_group_rules) to 0
2026-07-15 06:07:28.979 9 INFO neutron.wsgi [None req-c8f6b7d9-2ce6-4a96-b9e9-e077b0164c03 e3a796f079c947aca155d350f8ff4036 4b2371c4cbe84eaabf89af1e172d33d7 - - default default] 10.0.0.181 "POST /v2.0/security-group-rules HTTP/1.1" status: 201 len: 773 time: 0.1795943
2026-07-15 06:07:28.995 10 WARNING neutron.scheduler.dhcp_agent_scheduler [None req-0614be39-27a9-4e91-8132-15f693c3deef 26cdc5f24e3f4ed79fcb343d7b3ea378 7b5323c0ad7a4881acc827c83a2b03f7 - - default default] No more DHCP agents
2026-07-15 06:07:28.997 10 WARNING neutron.api.rpc.agentnotifiers.dhcp_rpc_agent_api [None req-0614be39-27a9-4e91-8132-15f693c3deef 26cdc5f24e3f4ed79fcb343d7b3ea378 7b5323c0ad7a4881acc827c83a2b03f7 - - default default] Unable to schedule network ed38efcb-71da-4468-acb3-65e276aff8ef: no agents available; will retry on subsequent port and subnet creation events.
2026-07-15 06:07:29.074 10 INFO neutron.db.ovn_revision_numbers_db [None req-0614be39-27a9-4e91-8132-15f693c3deef 26cdc5f24e3f4ed79fcb343d7b3ea378 7b5323c0ad7a4881acc827c83a2b03f7 - - default default] Successfully bumped revision number for resource 7262e19d-834d-44a1-8976-f9712ce8b009 (type: ports) to 1
2026-07-15 06:07:29.101 10 INFO neutron.wsgi [None req-0614be39-27a9-4e91-8132-15f693c3deef 26cdc5f24e3f4ed79fcb343d7b3ea378 7b5323c0ad7a4881acc827c83a2b03f7 - - default default] 10.0.0.181 "POST /v2.0/networks HTTP/1.1" status: 201 len: 830 time: 0.5796988
2026-07-15 06:07:29.110 10 WARNING neutron_lib.context [None req-136b0775-0f9b-44ca-ae17-c60e0469dc9f 26cdc5f24e3f4ed79fcb343d7b3ea378 7b5323c0ad7a4881acc827c83a2b03f7 - - default default] Method 'is_advsvc' is deprecated since 2023.2 release (neutron-lib 3.8.0) and will be removed once support for the old RBAC API policies will be removed from Neutron. Please use method 'is_service_role' instead.
2026-07-15 06:07:29.352 10 WARNING neutron.scheduler.dhcp_agent_scheduler [None req-136b0775-0f9b-44ca-ae17-c60e0469dc9f 26cdc5f24e3f4ed79fcb343d7b3ea378 7b5323c0ad7a4881acc827c83a2b03f7 - - default default] No more DHCP agents
2026-07-15 06:07:29.355 10 WARNING neutron.api.rpc.agentnotifiers.dhcp_rpc_agent_api [None req-136b0775-0f9b-44ca-ae17-c60e0469dc9f 26cdc5f24e3f4ed79fcb343d7b3ea378 7b5323c0ad7a4881acc827c83a2b03f7 - - default default] Unable to schedule network ed38efcb-71da-4468-acb3-65e276aff8ef: no agents available; will retry on subsequent port and subnet creation events.
2026-07-15 06:07:29.461 10 INFO neutron.db.ovn_revision_numbers_db [None req-136b0775-0f9b-44ca-ae17-c60e0469dc9f 26cdc5f24e3f4ed79fcb343d7b3ea378 7b5323c0ad7a4881acc827c83a2b03f7 - - default default] Successfully bumped revision number for resource e39de7f6-9781-47e3-ad32-98044bda51f6 (type: ports) to 1
2026-07-15 06:07:29.488 10 INFO neutron.wsgi [None req-136b0775-0f9b-44ca-ae17-c60e0469dc9f 26cdc5f24e3f4ed79fcb343d7b3ea378 7b5323c0ad7a4881acc827c83a2b03f7 - - default default] 10.0.0.181 "POST /v2.0/ports HTTP/1.1" status: 201 len: 942 time: 0.3827062 /var/lib/openstack/lib/python3.10/site-packages/pycadf/identifier.py:71: UserWarning: Invalid uuid: neutron. To ensure interoperability, identifiers should be a valid uuid. warnings.warn(('Invalid uuid: %s. To ensure interoperability, '
2026-07-15 06:07:29.502 10 WARNING neutron_lib.context [None req-28e00375-9b58-4dd5-981d-93274eb1fc1f 26cdc5f24e3f4ed79fcb343d7b3ea378 7b5323c0ad7a4881acc827c83a2b03f7 - - default default] Method 'is_advsvc' is deprecated since 2023.2 release (neutron-lib 3.8.0) and will be removed once support for the old RBAC API policies will be removed from Neutron. Please use method 'is_service_role' instead.
2026-07-15 06:07:29.566 9 INFO neutron.wsgi [None req-cd9b1a96-fb17-44ba-b377-69805991baf6 e3a796f079c947aca155d350f8ff4036 4b2371c4cbe84eaabf89af1e172d33d7 - - default default] 10.0.0.181 "GET /v2.0/networks HTTP/1.1" status: 200 len: 1493 time: 0.2131357
2026-07-15 06:07:29.591 10 INFO neutron.db.segments_db [None req-28e00375-9b58-4dd5-981d-93274eb1fc1f 26cdc5f24e3f4ed79fcb343d7b3ea378 7b5323c0ad7a4881acc827c83a2b03f7 - - default default] Added segment e770d3b5-29f3-4496-bd32-77d7654b70b5 of type geneve for network 356b1af6-edd6-484d-90f6-9c2d9809926f
2026-07-15 06:07:29.692 9 INFO neutron.db.ovn_revision_numbers_db [None req-c8b35c56-a77d-477d-8ab1-c88e64a3fcea b74d0f6850a24e4db72747476cff5a28 793826d128cb404e972d2611e7ca6d6f - - default default] Successfully bumped revision number for resource 9a60f131-6491-4e5b-bdcc-085503e3966e (type: security_groups) to 1
2026-07-15 06:07:29.711 9 INFO neutron.db.ovn_revision_numbers_db [None req-c8b35c56-a77d-477d-8ab1-c88e64a3fcea b74d0f6850a24e4db72747476cff5a28 793826d128cb404e972d2611e7ca6d6f - - default default] Successfully bumped revision number for resource 10d547f7-d6d8-4625-a7e0-490a382c2525 (type: security_group_rules) to 0
2026-07-15 06:07:29.715 9 INFO neutron.wsgi [req-6321841d-a2c6-4130-8649-103313fac731 req-2813901b-c9e8-4669-be14-01c6dff6c354 e3a796f079c947aca155d350f8ff4036 4b2371c4cbe84eaabf89af1e172d33d7 - - default default] 10.0.0.240 "GET /v2.0/security-groups?name=tempest-secgroup-smoke-463784078&fields=id&tenant_id=4b2371c4cbe84eaabf89af1e172d33d7 HTTP/1.1" status: 200 len: 267 time: 0.0411572
2026-07-15 06:07:29.731 9 INFO neutron.db.ovn_revision_numbers_db [None req-c8b35c56-a77d-477d-8ab1-c88e64a3fcea b74d0f6850a24e4db72747476cff5a28 793826d128cb404e972d2611e7ca6d6f - - default default] Successfully bumped revision number for resource 1364b695-9c5b-4427-aafa-b48c51336ca7 (type: security_group_rules) to 0
2026-07-15 06:07:29.764 9 INFO neutron.db.ovn_revision_numbers_db [None req-c8b35c56-a77d-477d-8ab1-c88e64a3fcea b74d0f6850a24e4db72747476cff5a28 793826d128cb404e972d2611e7ca6d6f - - default default] Successfully bumped revision number for resource 44e30716-b4fc-4167-a770-7641677af8bd (type: security_group_rules) to 0
2026-07-15 06:07:29.784 9 INFO neutron.db.ovn_revision_numbers_db [None req-c8b35c56-a77d-477d-8ab1-c88e64a3fcea b74d0f6850a24e4db72747476cff5a28 793826d128cb404e972d2611e7ca6d6f - - default default] Successfully bumped revision number for resource 8e8fae13-851c-4045-be78-27d7a3babfae (type: security_group_rules) to 0
2026-07-15 06:07:29.784 10 INFO neutron.db.ovn_revision_numbers_db [None req-28e00375-9b58-4dd5-981d-93274eb1fc1f 26cdc5f24e3f4ed79fcb343d7b3ea378 7b5323c0ad7a4881acc827c83a2b03f7 - - default default] Successfully bumped revision number for resource 356b1af6-edd6-484d-90f6-9c2d9809926f (type: networks) to 1
2026-07-15 06:07:29.792 9 INFO neutron.wsgi [req-6321841d-a2c6-4130-8649-103313fac731 req-9586952f-bde1-4c74-849f-c05b20afb591 e3a796f079c947aca155d350f8ff4036 4b2371c4cbe84eaabf89af1e172d33d7 - - default default] 10.0.0.240 "GET /v2.0/networks?id=1f140499-2c96-4b08-816f-8ff1089bb765 HTTP/1.1" status: 200 len: 860 time: 0.0698040
2026-07-15 06:07:29.819 9 INFO neutron.wsgi [None req-c8b35c56-a77d-477d-8ab1-c88e64a3fcea b74d0f6850a24e4db72747476cff5a28 793826d128cb404e972d2611e7ca6d6f - - default default] 10.0.0.181 "GET /v2.0/security-groups?tenant_id=fefa114e20014575871365bdb44f207f&name=default HTTP/1.1" status: 200 len: 2996 time: 0.4571683
2026-07-15 06:07:29.823 9 INFO neutron.wsgi [req-6321841d-a2c6-4130-8649-103313fac731 req-9c359df0-90df-43cd-ac3f-32d0d31cfccf e3a796f079c947aca155d350f8ff4036 4b2371c4cbe84eaabf89af1e172d33d7 - - default default] 10.0.0.240 "GET /v2.0/quotas/4b2371c4cbe84eaabf89af1e172d33d7 HTTP/1.1" status: 200 len: 386 time: 0.0217068
2026-07-15 06:07:30.014 10 WARNING neutron.scheduler.dhcp_agent_scheduler [None req-28e00375-9b58-4dd5-981d-93274eb1fc1f 26cdc5f24e3f4ed79fcb343d7b3ea378 7b5323c0ad7a4881acc827c83a2b03f7 - - default default] No more DHCP agents
2026-07-15 06:07:30.020 10 WARNING neutron.api.rpc.agentnotifiers.dhcp_rpc_agent_api [None req-28e00375-9b58-4dd5-981d-93274eb1fc1f 26cdc5f24e3f4ed79fcb343d7b3ea378 7b5323c0ad7a4881acc827c83a2b03f7 - - default default] Unable to schedule network 356b1af6-edd6-484d-90f6-9c2d9809926f: no agents available; will retry on subsequent port and subnet creation events.
2026-07-15 06:07:30.130 10 INFO neutron.db.ovn_revision_numbers_db [None req-28e00375-9b58-4dd5-981d-93274eb1fc1f 26cdc5f24e3f4ed79fcb343d7b3ea378 7b5323c0ad7a4881acc827c83a2b03f7 - - default default] Successfully bumped revision number for resource 8c9c153f-5dc5-4a5b-a48a-44c26ea29af1 (type: ports) to 1
2026-07-15 06:07:30.156 10 INFO neutron.wsgi [None req-c0aebdbe-6e10-4d23-8dc7-47a9565f2f22 b74d0f6850a24e4db72747476cff5a28 793826d128cb404e972d2611e7ca6d6f - - default default] 10.0.0.181 "DELETE /v2.0/security-groups/9a60f131-6491-4e5b-bdcc-085503e3966e HTTP/1.1" status: 204 len: 168 time: 0.3310652
2026-07-15 06:07:30.159 10 INFO neutron.wsgi [None req-28e00375-9b58-4dd5-981d-93274eb1fc1f 26cdc5f24e3f4ed79fcb343d7b3ea378 7b5323c0ad7a4881acc827c83a2b03f7 - - default default] 10.0.0.181 "POST /v2.0/networks HTTP/1.1" status: 201 len: 831 time: 0.6635320
2026-07-15 06:07:30.176 10 WARNING neutron_lib.context [None req-7006d74d-4f2f-4aee-ae47-f1633badc647 26cdc5f24e3f4ed79fcb343d7b3ea378 7b5323c0ad7a4881acc827c83a2b03f7 - - default default] Method 'is_advsvc' is deprecated since 2023.2 release (neutron-lib 3.8.0) and will be removed once support for the old RBAC API policies will be removed from Neutron. Please use method 'is_service_role' instead.
2026-07-15 06:07:30.264 9 INFO neutron.wsgi [req-6321841d-a2c6-4130-8649-103313fac731 req-f34d2df4-0c8d-4fcb-a09b-a3fe1ae4dfe5 e3a796f079c947aca155d350f8ff4036 4b2371c4cbe84eaabf89af1e172d33d7 - - default default] 10.0.0.240 "GET /v2.0/ports?tenant_id=4b2371c4cbe84eaabf89af1e172d33d7&fields=id HTTP/1.1" status: 200 len: 348 time: 0.4340904
2026-07-15 06:07:30.341 9 INFO neutron.wsgi [None req-40f04322-92bd-47f8-8005-77d4f043cd4d b74d0f6850a24e4db72747476cff5a28 793826d128cb404e972d2611e7ca6d6f - - default default] 10.0.0.181 "GET /v2.0/security-groups?tenant_id=c8f350c296124927b88fd251d5047cc3&name=default HTTP/1.1" status: 200 len: 2996 time: 0.0626047
2026-07-15 06:07:30.375 9 INFO neutron.wsgi [req-6321841d-a2c6-4130-8649-103313fac731 req-11e909f7-6b31-4a16-a4a4-4ab1a2fa7cb3 f6874e0a7cdd4670a81148cd0d9e005d e1876e7429b34c7381d13da8019991be - - 0c8a729e6dab4f17a284c6fa56afbc8a 0c8a729e6dab4f17a284c6fa56afbc8a] 10.0.0.240 "GET /v2.0/networks/1f140499-2c96-4b08-816f-8ff1089bb765?fields=segments HTTP/1.1" status: 200 len: 212 time: 0.0904458
2026-07-15 06:07:30.469 10 WARNING neutron.scheduler.dhcp_agent_scheduler [None req-7006d74d-4f2f-4aee-ae47-f1633badc647 26cdc5f24e3f4ed79fcb343d7b3ea378 7b5323c0ad7a4881acc827c83a2b03f7 - - default default] No more DHCP agents
2026-07-15 06:07:30.471 10 WARNING neutron.api.rpc.agentnotifiers.dhcp_rpc_agent_api [None req-7006d74d-4f2f-4aee-ae47-f1633badc647 26cdc5f24e3f4ed79fcb343d7b3ea378 7b5323c0ad7a4881acc827c83a2b03f7 - - default default] Unable to schedule network 356b1af6-edd6-484d-90f6-9c2d9809926f: no agents available; will retry on subsequent port and subnet creation events.
2026-07-15 06:07:30.480 9 INFO neutron.wsgi [req-6321841d-a2c6-4130-8649-103313fac731 req-3c3570d3-c4cf-40a8-a12e-737368a19865 f6874e0a7cdd4670a81148cd0d9e005d e1876e7429b34c7381d13da8019991be - - 0c8a729e6dab4f17a284c6fa56afbc8a 0c8a729e6dab4f17a284c6fa56afbc8a] 10.0.0.240 "GET /v2.0/networks/1f140499-2c96-4b08-816f-8ff1089bb765?fields=provider%3Aphysical_network&fields=provider%3Anetwork_type HTTP/1.1" status: 200 len: 277 time: 0.0962265
2026-07-15 06:07:30.580 9 INFO neutron.wsgi [-] 10.0.0.150 "GET / HTTP/1.1" status: 200 len: 247 time: 0.0013659
2026-07-15 06:07:30.582 9 INFO neutron.wsgi [-] 10.0.0.150 "GET / HTTP/1.1" status: 200 len: 247 time: 0.0010471
2026-07-15 06:07:30.604 10 INFO neutron.db.ovn_revision_numbers_db [None req-7006d74d-4f2f-4aee-ae47-f1633badc647 26cdc5f24e3f4ed79fcb343d7b3ea378 7b5323c0ad7a4881acc827c83a2b03f7 - - default default] Successfully bumped revision number for resource 441ca049-dd86-48a6-b0db-ac75a54ae103 (type: ports) to 1
2026-07-15 06:07:30.637 10 INFO neutron.wsgi [None req-7006d74d-4f2f-4aee-ae47-f1633badc647 26cdc5f24e3f4ed79fcb343d7b3ea378 7b5323c0ad7a4881acc827c83a2b03f7 - - default default] 10.0.0.181 "POST /v2.0/ports HTTP/1.1" status: 201 len: 942 time: 0.4681408 /var/lib/openstack/lib/python3.10/site-packages/pycadf/identifier.py:71: UserWarning: Invalid uuid: neutron. To ensure interoperability, identifiers should be a valid uuid. warnings.warn(('Invalid uuid: %s. To ensure interoperability, '
2026-07-15 06:07:30.658 10 WARNING neutron_lib.context [None req-064073d0-5e38-42e7-aaff-387f046fdf55 26cdc5f24e3f4ed79fcb343d7b3ea378 7b5323c0ad7a4881acc827c83a2b03f7 - - default default] Method 'is_advsvc' is deprecated since 2023.2 release (neutron-lib 3.8.0) and will be removed once support for the old RBAC API policies will be removed from Neutron. Please use method 'is_service_role' instead.
2026-07-15 06:07:30.665 9 INFO neutron.wsgi [req-ef665c82-e6cf-4bb1-a8bd-b7ba57e6995c req-160cabee-551b-4a0e-90d0-5122ee2d690d e3a796f079c947aca155d350f8ff4036 4b2371c4cbe84eaabf89af1e172d33d7 - - default default] 10.0.0.240 "GET /v2.0/ports?device_id=fe596eb8-c6d8-4c26-a182-d0cf9604a082 HTTP/1.1" status: 200 len: 210 time: 0.0300002
2026-07-15 06:07:30.686 9 INFO neutron.wsgi [None req-0b7a35dc-032a-4d8c-82d4-6fc55e6e17fb b74d0f6850a24e4db72747476cff5a28 793826d128cb404e972d2611e7ca6d6f - - default default] 10.0.0.181 "DELETE /v2.0/security-groups/b26b4c29-dda3-48dc-a1a9-75c5872aaf65 HTTP/1.1" status: 204 len: 168 time: 0.3384805
2026-07-15 06:07:30.765 10 INFO neutron.db.segments_db [None req-064073d0-5e38-42e7-aaff-387f046fdf55 26cdc5f24e3f4ed79fcb343d7b3ea378 7b5323c0ad7a4881acc827c83a2b03f7 - - default default] Added segment b135029d-c3c9-409c-8a0f-2512d3bb8bda of type geneve for network f037c11a-abce-450d-8574-fefeb2c7357c
2026-07-15 06:07:30.958 10 INFO neutron.db.ovn_revision_numbers_db [None req-064073d0-5e38-42e7-aaff-387f046fdf55 26cdc5f24e3f4ed79fcb343d7b3ea378 7b5323c0ad7a4881acc827c83a2b03f7 - - default default] Successfully bumped revision number for resource f037c11a-abce-450d-8574-fefeb2c7357c (type: networks) to 1
2026-07-15 06:07:31.072 9 INFO neutron.db.ovn_revision_numbers_db [None req-117ceaaa-f272-4837-bc36-fe59fcf1ef1f b74d0f6850a24e4db72747476cff5a28 793826d128cb404e972d2611e7ca6d6f - - default default] Successfully bumped revision number for resource 2876790b-8df3-4886-a8ca-cd16419e583d (type: security_groups) to 1
2026-07-15 06:07:31.094 9 INFO neutron.db.ovn_revision_numbers_db [None req-117ceaaa-f272-4837-bc36-fe59fcf1ef1f b74d0f6850a24e4db72747476cff5a28 793826d128cb404e972d2611e7ca6d6f - - default default] Successfully bumped revision number for resource 1886a2b8-8da9-40a0-b421-b1ec6c2fa17d (type: security_group_rules) to 0
2026-07-15 06:07:31.116 9 INFO neutron.db.ovn_revision_numbers_db [None req-117ceaaa-f272-4837-bc36-fe59fcf1ef1f b74d0f6850a24e4db72747476cff5a28 793826d128cb404e972d2611e7ca6d6f - - default default] Successfully bumped revision number for resource 369f63ea-aa6d-434e-aa1e-2089211e4dcc (type: security_group_rules) to 0
2026-07-15 06:07:31.132 9 INFO neutron.db.ovn_revision_numbers_db [None req-117ceaaa-f272-4837-bc36-fe59fcf1ef1f b74d0f6850a24e4db72747476cff5a28 793826d128cb404e972d2611e7ca6d6f - - default default] Successfully bumped revision number for resource 3f2ac3de-d372-4cc1-ba64-e97041acda42 (type: security_group_rules) to 0
2026-07-15 06:07:31.148 9 INFO neutron.db.ovn_revision_numbers_db [None req-117ceaaa-f272-4837-bc36-fe59fcf1ef1f b74d0f6850a24e4db72747476cff5a28 793826d128cb404e972d2611e7ca6d6f - - default default] Successfully bumped revision number for resource caa6d6fc-1728-48cb-9a10-d504905cedfe (type: security_group_rules) to 0
2026-07-15 06:07:31.178 9 INFO neutron.wsgi [None req-117ceaaa-f272-4837-bc36-fe59fcf1ef1f b74d0f6850a24e4db72747476cff5a28 793826d128cb404e972d2611e7ca6d6f - - default default] 10.0.0.181 "GET /v2.0/security-groups?tenant_id=539974e0769c4062b1e53088601c0bfd&name=default HTTP/1.1" status: 200 len: 2996 time: 0.2784367
2026-07-15 06:07:31.185 10 WARNING neutron.scheduler.dhcp_agent_scheduler [None req-064073d0-5e38-42e7-aaff-387f046fdf55 26cdc5f24e3f4ed79fcb343d7b3ea378 7b5323c0ad7a4881acc827c83a2b03f7 - - default default] No more DHCP agents
