2026-07-15 06:07:47.939 9 INFO neutron.wsgi [None req-bab1a2b9-d36d-42cc-a0b7-e41570632592 7b4d18356fe84cf292171283a21e3d97 1d933571c081469e89852f5f2bb6c4b8 - - default default] 10.0.0.181 "DELETE /v2.0/qos/policies/9b472599-d1ad-4f85-a383-21890130ad8c HTTP/1.1" status: 204 len: 168 time: 0.1220288
2026-07-15 06:07:48.082 9 INFO neutron.wsgi [req-8fa8e844-7e98-4172-8f77-f164ebb3942f req-46af18f5-3855-4a63-9287-729949d8b24b f6874e0a7cdd4670a81148cd0d9e005d e1876e7429b34c7381d13da8019991be - - 0c8a729e6dab4f17a284c6fa56afbc8a 0c8a729e6dab4f17a284c6fa56afbc8a] 10.0.0.116 "GET /v2.0/ports?device_id=fe596eb8-c6d8-4c26-a182-d0cf9604a082 HTTP/1.1" status: 200 len: 1409 time: 0.0538235
2026-07-15 06:07:48.143 9 INFO neutron.wsgi [req-8fa8e844-7e98-4172-8f77-f164ebb3942f req-569a922a-bb5a-47ee-9d79-7dec53765c0a f6874e0a7cdd4670a81148cd0d9e005d e1876e7429b34c7381d13da8019991be - - 0c8a729e6dab4f17a284c6fa56afbc8a 0c8a729e6dab4f17a284c6fa56afbc8a] 10.0.0.116 "GET /v2.0/security-groups?id=238ff934-3e2f-4510-b2eb-c7b51bb44329&fields=id&fields=name HTTP/1.1" status: 200 len: 312 time: 0.0476484
2026-07-15 06:07:48.190 9 INFO neutron.wsgi [None req-aae2c7b9-3d3f-40ca-8c6f-493b7a4e841d 3ac9ec0526dc4e36af51aeaa8373708c 5fbf268e83be41678719103e952907be - - default default] 10.0.0.181 "DELETE /v2.0/ports/4bd12ae5-434b-4a85-9cfb-39aee9cb254d HTTP/1.1" status: 204 len: 168 time: 0.3251371
2026-07-15 06:07:48.575 10 INFO neutron.services.segments.plugin [-] Segment f43a7b1f-addd-4a82-9baa-7931db1cd732 resource provider aggregate not found
2026-07-15 06:07:48.582 10 INFO neutron.services.segments.plugin [-] Segment f43a7b1f-addd-4a82-9baa-7931db1cd732 resource provider aggregate not found
2026-07-15 06:07:48.604 10 INFO neutron.services.segments.plugin [-] Segment f43a7b1f-addd-4a82-9baa-7931db1cd732 resource provider not found; error: Placement Client Error (4xx): {"errors": [{"status": 404, "title": "Not Found", "detail": "The resource could not be found.\n\n No resource provider with uuid f43a7b1f-addd-4a82-9baa-7931db1cd732 found for delete ", "request_id": "req-b405d8da-5602-4360-b2dc-b7032d54b957"}]}
2026-07-15 06:07:48.607 10 INFO neutron.services.segments.plugin [-] Segment f43a7b1f-addd-4a82-9baa-7931db1cd732 resource provider not found; error: Placement Client Error (4xx): {"errors": [{"status": 404, "title": "Not Found", "detail": "The resource could not be found.\n\n No resource provider with uuid f43a7b1f-addd-4a82-9baa-7931db1cd732 found for delete ", "request_id": "req-c681dfe0-4ec4-4f28-9941-e5ed8881360e"}]}
2026-07-15 06:07:48.627 10 INFO neutron.wsgi [None req-685ffbdc-bf46-413a-b035-2f8ee35a43e3 3ac9ec0526dc4e36af51aeaa8373708c 5fbf268e83be41678719103e952907be - - default default] 10.0.0.181 "DELETE /v2.0/networks/9f2fe0d5-94a5-42d2-bc49-39e7e480b817 HTTP/1.1" status: 204 len: 168 time: 0.4321823
2026-07-15 06:07:49.038 10 INFO neutron.db.ovn_revision_numbers_db [None req-aa286f04-2eac-4b3a-b8f6-db98fc8aa172 b74d0f6850a24e4db72747476cff5a28 793826d128cb404e972d2611e7ca6d6f - - default default] Successfully bumped revision number for resource 22d04223-519b-483d-affb-44bf5bf1b2ca (type: security_groups) to 1
2026-07-15 06:07:49.057 10 INFO neutron.db.ovn_revision_numbers_db [None req-aa286f04-2eac-4b3a-b8f6-db98fc8aa172 b74d0f6850a24e4db72747476cff5a28 793826d128cb404e972d2611e7ca6d6f - - default default] Successfully bumped revision number for resource 0050de21-2a6e-4e27-8d6f-bbcf0b161c25 (type: security_group_rules) to 0
2026-07-15 06:07:49.073 10 INFO neutron.db.ovn_revision_numbers_db [None req-aa286f04-2eac-4b3a-b8f6-db98fc8aa172 b74d0f6850a24e4db72747476cff5a28 793826d128cb404e972d2611e7ca6d6f - - default default] Successfully bumped revision number for resource 04acb9fe-440e-42fb-b2af-4c1f53d9384c (type: security_group_rules) to 0
2026-07-15 06:07:49.093 10 INFO neutron.db.ovn_revision_numbers_db [None req-aa286f04-2eac-4b3a-b8f6-db98fc8aa172 b74d0f6850a24e4db72747476cff5a28 793826d128cb404e972d2611e7ca6d6f - - default default] Successfully bumped revision number for resource 341552fa-056f-4801-94e3-84eb2462a769 (type: security_group_rules) to 0
2026-07-15 06:07:49.115 10 INFO neutron.db.ovn_revision_numbers_db [None req-aa286f04-2eac-4b3a-b8f6-db98fc8aa172 b74d0f6850a24e4db72747476cff5a28 793826d128cb404e972d2611e7ca6d6f - - default default] Successfully bumped revision number for resource 84f89000-519a-427b-8847-ecf283b1ffb8 (type: security_group_rules) to 0
2026-07-15 06:07:49.140 10 INFO neutron.wsgi [None req-aa286f04-2eac-4b3a-b8f6-db98fc8aa172 b74d0f6850a24e4db72747476cff5a28 793826d128cb404e972d2611e7ca6d6f - - default default] 10.0.0.181 "GET /v2.0/security-groups?tenant_id=49fc505309174b139a6ee717d24eb7e1&name=default HTTP/1.1" status: 200 len: 2996 time: 0.3230271
2026-07-15 06:07:49.339 10 INFO neutron.plugins.ml2.drivers.ovn.mech_driver.mech_driver [None req-80fc0f6d-713c-4715-9cb0-d8a907150370 - - - - - -] OVN reports status down for port: 14b1c7d8-ec57-45a7-a862-e3270dfffce6
2026-07-15 06:07:49.395 9 INFO neutron.wsgi [req-0f8a3c85-cd9d-43fe-8270-9c8dd0e4323c req-c9266cf6-e578-4d84-965f-495d6de6d709 e3a796f079c947aca155d350f8ff4036 4b2371c4cbe84eaabf89af1e172d33d7 - - default default] 10.0.0.240 "GET /v2.0/ports?device_id=fe596eb8-c6d8-4c26-a182-d0cf9604a082 HTTP/1.1" status: 200 len: 1170 time: 0.1166589
2026-07-15 06:07:49.412 10 INFO neutron.wsgi [None req-7b043611-6153-4404-9442-b49f9b92545f b74d0f6850a24e4db72747476cff5a28 793826d128cb404e972d2611e7ca6d6f - - default default] 10.0.0.181 "DELETE /v2.0/security-groups/22d04223-519b-483d-affb-44bf5bf1b2ca HTTP/1.1" status: 204 len: 168 time: 0.2677915
2026-07-15 06:07:49.452 9 INFO neutron.wsgi [req-0f8a3c85-cd9d-43fe-8270-9c8dd0e4323c req-235519cb-5d2f-461f-889c-bac6085ae4e0 e3a796f079c947aca155d350f8ff4036 4b2371c4cbe84eaabf89af1e172d33d7 - - default default] 10.0.0.240 "GET /v2.0/security-groups?id=238ff934-3e2f-4510-b2eb-c7b51bb44329&fields=id&fields=name HTTP/1.1" status: 200 len: 312 time: 0.0465777
2026-07-15 06:07:49.478 10 INFO neutron.notifiers.nova [-] Nova event matching ['req-1ed7cd15-bcfd-4d6e-b98b-8fa57a3da0fa'] response: {'server_uuid': 'fe596eb8-c6d8-4c26-a182-d0cf9604a082', 'name': 'network-vif-unplugged', 'status': 'completed', 'tag': '14b1c7d8-ec57-45a7-a862-e3270dfffce6', 'code': 200}
2026-07-15 06:07:50.126 10 INFO neutron.db.ovn_revision_numbers_db [None req-80fc0f6d-713c-4715-9cb0-d8a907150370 - - - - - -] Successfully bumped revision number for resource 14b1c7d8-ec57-45a7-a862-e3270dfffce6 (type: ports) to 5
2026-07-15 06:07:50.132 10 INFO neutron.wsgi [req-ecebb07a-da53-4f94-91ef-bea10d518f4e req-e3156981-7950-426e-bffa-41fd8cc77c4c e3a796f079c947aca155d350f8ff4036 4b2371c4cbe84eaabf89af1e172d33d7 - - default default] 199.204.45.116 "GET /v2.0/ports?device_id=fe596eb8-c6d8-4c26-a182-d0cf9604a082 HTTP/1.1" status: 200 len: 1168 time: 0.2215893
2026-07-15 06:07:50.213 10 INFO neutron.db.ovn_revision_numbers_db [None req-0d0454ae-8a56-413a-b4c2-0f1734b54a06 b74d0f6850a24e4db72747476cff5a28 793826d128cb404e972d2611e7ca6d6f - - default default] Successfully bumped revision number for resource 29a38291-b41d-4ea4-b0b8-ef6d5536a184 (type: security_groups) to 1
2026-07-15 06:07:50.248 10 INFO neutron.db.ovn_revision_numbers_db [None req-0d0454ae-8a56-413a-b4c2-0f1734b54a06 b74d0f6850a24e4db72747476cff5a28 793826d128cb404e972d2611e7ca6d6f - - default default] Successfully bumped revision number for resource 2005583a-6592-45ec-8178-c5f8df5bc401 (type: security_group_rules) to 0
2026-07-15 06:07:50.258 10 INFO neutron.db.ovn_revision_numbers_db [None req-740503cb-652c-443f-84a7-58087b419a63 b74d0f6850a24e4db72747476cff5a28 793826d128cb404e972d2611e7ca6d6f - - default default] Successfully bumped revision number for resource 8dcd9827-3e55-4f7f-a1eb-97db5bb07a08 (type: security_groups) to 1
2026-07-15 06:07:50.270 10 INFO neutron.db.ovn_revision_numbers_db [None req-0d0454ae-8a56-413a-b4c2-0f1734b54a06 b74d0f6850a24e4db72747476cff5a28 793826d128cb404e972d2611e7ca6d6f - - default default] Successfully bumped revision number for resource 487ba2dc-d301-482d-bd6b-cb6dd76b39ef (type: security_group_rules) to 0
2026-07-15 06:07:50.272 10 INFO neutron.db.ovn_revision_numbers_db [None req-740503cb-652c-443f-84a7-58087b419a63 b74d0f6850a24e4db72747476cff5a28 793826d128cb404e972d2611e7ca6d6f - - default default] Successfully bumped revision number for resource 0e7db467-8b32-44db-af6b-6f57cb9c2e90 (type: security_group_rules) to 0
2026-07-15 06:07:50.304 10 INFO neutron.db.ovn_revision_numbers_db [None req-740503cb-652c-443f-84a7-58087b419a63 b74d0f6850a24e4db72747476cff5a28 793826d128cb404e972d2611e7ca6d6f - - default default] Successfully bumped revision number for resource 1eac6ea1-7dec-4b00-85cf-12e5c2ae3567 (type: security_group_rules) to 0
2026-07-15 06:07:50.315 10 INFO neutron.db.ovn_revision_numbers_db [None req-0d0454ae-8a56-413a-b4c2-0f1734b54a06 b74d0f6850a24e4db72747476cff5a28 793826d128cb404e972d2611e7ca6d6f - - default default] Successfully bumped revision number for resource 50df48bb-10fd-4e1b-875f-456756cf01b1 (type: security_group_rules) to 0
2026-07-15 06:07:50.322 10 INFO neutron.db.ovn_revision_numbers_db [None req-740503cb-652c-443f-84a7-58087b419a63 b74d0f6850a24e4db72747476cff5a28 793826d128cb404e972d2611e7ca6d6f - - default default] Successfully bumped revision number for resource dc7b27e1-55aa-42d0-8238-3e6cb24a9ab7 (type: security_group_rules) to 0
2026-07-15 06:07:50.342 10 INFO neutron.db.ovn_revision_numbers_db [None req-0d0454ae-8a56-413a-b4c2-0f1734b54a06 b74d0f6850a24e4db72747476cff5a28 793826d128cb404e972d2611e7ca6d6f - - default default] Successfully bumped revision number for resource 96635dae-119a-4064-9721-8170faa1f42a (type: security_group_rules) to 0
2026-07-15 06:07:50.346 10 INFO neutron.db.ovn_revision_numbers_db [None req-740503cb-652c-443f-84a7-58087b419a63 b74d0f6850a24e4db72747476cff5a28 793826d128cb404e972d2611e7ca6d6f - - default default] Successfully bumped revision number for resource e3279d94-cffd-4e84-8559-3d1c947456d6 (type: security_group_rules) to 0
2026-07-15 06:07:50.395 10 INFO neutron.wsgi [None req-740503cb-652c-443f-84a7-58087b419a63 b74d0f6850a24e4db72747476cff5a28 793826d128cb404e972d2611e7ca6d6f - - default default] 10.0.0.181 "GET /v2.0/security-groups?tenant_id=19aab98e938f4edf98768044fe91f67d&name=default HTTP/1.1" status: 200 len: 2996 time: 1.0535529
2026-07-15 06:07:50.399 10 INFO neutron.wsgi [None req-0d0454ae-8a56-413a-b4c2-0f1734b54a06 b74d0f6850a24e4db72747476cff5a28 793826d128cb404e972d2611e7ca6d6f - - default default] 10.0.0.181 "GET /v2.0/security-groups?tenant_id=1d933571c081469e89852f5f2bb6c4b8&name=default HTTP/1.1" status: 200 len: 2996 time: 0.8581066 /var/lib/openstack/lib/python3.10/site-packages/pycadf/identifier.py:71: UserWarning: Invalid uuid: neutron. To ensure interoperability, identifiers should be a valid uuid. warnings.warn(('Invalid uuid: %s. To ensure interoperability, '
2026-07-15 06:07:50.585 10 INFO neutron.db.l3_db [req-ecebb07a-da53-4f94-91ef-bea10d518f4e req-df5f36ae-0c45-4778-9040-9243f94081d9 e3a796f079c947aca155d350f8ff4036 4b2371c4cbe84eaabf89af1e172d33d7 - - default default] Floating IP a5234c47-8dcd-4952-adf2-cc5a8cededf7 disassociated. External IP: 10.96.250.210, port: 14b1c7d8-ec57-45a7-a862-e3270dfffce6.
2026-07-15 06:07:50.590 9 INFO neutron.wsgi [req-ac3053bd-404e-41d2-8f2d-929a04093352 req-105eb490-b2e8-45db-85d9-490739a89908 e3a796f079c947aca155d350f8ff4036 4b2371c4cbe84eaabf89af1e172d33d7 - - default default] 10.0.0.240 "GET /v2.0/ports?device_id=fe596eb8-c6d8-4c26-a182-d0cf9604a082 HTTP/1.1" status: 200 len: 1168 time: 0.0461583 /var/lib/openstack/lib/python3.10/site-packages/pycadf/identifier.py:71: UserWarning: Invalid uuid: neutron. To ensure interoperability, identifiers should be a valid uuid. warnings.warn(('Invalid uuid: %s. To ensure interoperability, '
2026-07-15 06:07:50.700 9 INFO neutron.wsgi [req-ac3053bd-404e-41d2-8f2d-929a04093352 req-e9402eaf-2ddc-4da4-9ac9-028f248f08e1 e3a796f079c947aca155d350f8ff4036 4b2371c4cbe84eaabf89af1e172d33d7 - - default default] 10.0.0.240 "GET /v2.0/security-groups?id=238ff934-3e2f-4510-b2eb-c7b51bb44329&fields=id&fields=name HTTP/1.1" status: 200 len: 312 time: 0.0705583
2026-07-15 06:07:50.779 9 INFO neutron.wsgi [None req-55d89e17-e9a5-46b1-9e0f-79d7e1e3215d b74d0f6850a24e4db72747476cff5a28 793826d128cb404e972d2611e7ca6d6f - - default default] 10.0.0.181 "DELETE /v2.0/security-groups/8dcd9827-3e55-4f7f-a1eb-97db5bb07a08 HTTP/1.1" status: 204 len: 168 time: 0.3744469
2026-07-15 06:07:50.791 10 INFO neutron.wsgi [None req-e045ca67-b3e1-4ee8-86d4-e6580f772d6a b74d0f6850a24e4db72747476cff5a28 793826d128cb404e972d2611e7ca6d6f - - default default] 10.0.0.181 "DELETE /v2.0/security-groups/29a38291-b41d-4ea4-b0b8-ef6d5536a184 HTTP/1.1" status: 204 len: 168 time: 0.3868866
2026-07-15 06:07:50.853 10 INFO neutron.wsgi [req-ecebb07a-da53-4f94-91ef-bea10d518f4e req-df5f36ae-0c45-4778-9040-9243f94081d9 e3a796f079c947aca155d350f8ff4036 4b2371c4cbe84eaabf89af1e172d33d7 - - default default] 199.204.45.116 "DELETE /v2.0/ports/14b1c7d8-ec57-45a7-a862-e3270dfffce6 HTTP/1.1" status: 204 len: 173 time: 0.7114832
2026-07-15 06:07:50.899 10 WARNING neutron_lib.context [None req-689981aa-26ba-4a23-8d91-683f6882ddc3 5bc54d9f425f40948a2539585020677f cfb8e5101018469ab7b5cb87a917f85e - - default default] Method 'is_advsvc' is deprecated since 2023.2 release (neutron-lib 3.8.0) and will be removed once support for the old RBAC API policies will be removed from Neutron. Please use method 'is_service_role' instead.
2026-07-15 06:07:51.022 10 INFO neutron.wsgi [None req-a5c511b7-ad5a-4da9-a467-96db18aaa1a0 b74d0f6850a24e4db72747476cff5a28 793826d128cb404e972d2611e7ca6d6f - - default default] 10.0.0.181 "GET /v2.0/security-groups?tenant_id=5fbf268e83be41678719103e952907be&name=default HTTP/1.1" status: 200 len: 2996 time: 0.0653968
2026-07-15 06:07:51.106 9 INFO neutron.db.ovn_revision_numbers_db [None req-9f42e0d1-6865-45ff-9cd4-c7bb09d23af2 b74d0f6850a24e4db72747476cff5a28 793826d128cb404e972d2611e7ca6d6f - - default default] Successfully bumped revision number for resource ffadc849-d5be-4271-af08-561c8bcd0a67 (type: security_groups) to 1
2026-07-15 06:07:51.117 10 INFO neutron.db.ovn_revision_numbers_db [None req-689981aa-26ba-4a23-8d91-683f6882ddc3 5bc54d9f425f40948a2539585020677f cfb8e5101018469ab7b5cb87a917f85e - - default default] Successfully bumped revision number for resource d4d026ea-5c83-4bab-9375-073e437d4284 (type: routers) to 1
2026-07-15 06:07:51.132 10 INFO neutron.wsgi [None req-689981aa-26ba-4a23-8d91-683f6882ddc3 5bc54d9f425f40948a2539585020677f cfb8e5101018469ab7b5cb87a917f85e - - default default] 10.0.0.181 "POST /v2.0/routers HTTP/1.1" status: 201 len: 654 time: 0.4555862
2026-07-15 06:07:51.134 9 INFO neutron.db.ovn_revision_numbers_db [None req-9f42e0d1-6865-45ff-9cd4-c7bb09d23af2 b74d0f6850a24e4db72747476cff5a28 793826d128cb404e972d2611e7ca6d6f - - default default] Successfully bumped revision number for resource 5e6f029e-f0e1-473b-b344-76033ab34c15 (type: security_group_rules) to 0
2026-07-15 06:07:51.156 9 INFO neutron.db.ovn_revision_numbers_db [None req-9f42e0d1-6865-45ff-9cd4-c7bb09d23af2 b74d0f6850a24e4db72747476cff5a28 793826d128cb404e972d2611e7ca6d6f - - default default] Successfully bumped revision number for resource 6fe6adc8-3f4b-4ca3-b59a-12ae691f6bac (type: security_group_rules) to 0
2026-07-15 06:07:51.191 9 INFO neutron.db.ovn_revision_numbers_db [None req-9f42e0d1-6865-45ff-9cd4-c7bb09d23af2 b74d0f6850a24e4db72747476cff5a28 793826d128cb404e972d2611e7ca6d6f - - default default] Successfully bumped revision number for resource c88eee47-bd2c-46db-8409-f4ed556bd591 (type: security_group_rules) to 0
2026-07-15 06:07:51.225 10 INFO neutron.wsgi [None req-b7eaa16f-2263-4be9-a39a-e8a5e9903dca 5bc54d9f425f40948a2539585020677f cfb8e5101018469ab7b5cb87a917f85e - - default default] 10.0.0.181 "PUT /v2.0/routers/d4d026ea-5c83-4bab-9375-073e437d4284/tags HTTP/1.1" status: 200 len: 218 time: 0.0857627
2026-07-15 06:07:51.225 9 INFO neutron.db.ovn_revision_numbers_db [None req-9f42e0d1-6865-45ff-9cd4-c7bb09d23af2 b74d0f6850a24e4db72747476cff5a28 793826d128cb404e972d2611e7ca6d6f - - default default] Successfully bumped revision number for resource cf4c5c40-fb0e-4b35-b87d-ef61fdf0e58a (type: security_group_rules) to 0
2026-07-15 06:07:51.263 9 INFO neutron.wsgi [None req-9f42e0d1-6865-45ff-9cd4-c7bb09d23af2 b74d0f6850a24e4db72747476cff5a28 793826d128cb404e972d2611e7ca6d6f - - default default] 10.0.0.181 "GET /v2.0/security-groups?tenant_id=e47298de01304e17b1313916e4141698&name=default HTTP/1.1" status: 200 len: 2996 time: 0.3155551
2026-07-15 06:07:51.299 10 INFO neutron.wsgi [None req-be6d0adf-79b7-41be-95af-4f5eb58cd75b 5bc54d9f425f40948a2539585020677f cfb8e5101018469ab7b5cb87a917f85e - - default default] 10.0.0.181 "GET /v2.0/routers/d4d026ea-5c83-4bab-9375-073e437d4284/tags HTTP/1.1" status: 200 len: 218 time: 0.0680468
2026-07-15 06:07:51.328 9 INFO neutron.wsgi [None req-06dd1f47-64a3-4aac-98ce-79b8e95680bf b74d0f6850a24e4db72747476cff5a28 793826d128cb404e972d2611e7ca6d6f - - default default] 10.0.0.181 "DELETE /v2.0/security-groups/bdfb5aa0-0c58-476a-9af5-2da5f99447f6 HTTP/1.1" status: 204 len: 168 time: 0.2967525
2026-07-15 06:07:51.372 9 INFO neutron.wsgi [None req-26193519-d4f1-4fd4-91d7-195b5f17a7a5 5bc54d9f425f40948a2539585020677f cfb8e5101018469ab7b5cb87a917f85e - - default default] 10.0.0.181 "PUT /v2.0/routers/d4d026ea-5c83-4bab-9375-073e437d4284/tags/green HTTP/1.1" status: 201 len: 201 time: 0.0659420
2026-07-15 06:07:51.430 9 INFO neutron.wsgi [None req-7239b654-9eb2-4243-a9db-e1127420d796 5bc54d9f425f40948a2539585020677f cfb8e5101018469ab7b5cb87a917f85e - - default default] 10.0.0.181 "GET /v2.0/routers/d4d026ea-5c83-4bab-9375-073e437d4284/tags HTTP/1.1" status: 200 len: 227 time: 0.0532918
2026-07-15 06:07:51.496 10 INFO neutron.wsgi [None req-d4982f12-dcfd-42dd-a4a7-74713280427f 5bc54d9f425f40948a2539585020677f cfb8e5101018469ab7b5cb87a917f85e - - default default] 10.0.0.181 "PUT /v2.0/routers/d4d026ea-5c83-4bab-9375-073e437d4284/tags/red HTTP/1.1" status: 201 len: 201 time: 0.0600269
2026-07-15 06:07:51.534 10 INFO neutron.notifiers.nova [-] Nova event matching ['req-a90c63d1-8701-4ef9-8bcb-e088dba50964'] response: {'server_uuid': 'fe596eb8-c6d8-4c26-a182-d0cf9604a082', 'name': 'network-vif-plugged', 'status': 'completed', 'tag': '14b1c7d8-ec57-45a7-a862-e3270dfffce6', 'code': 200}
2026-07-15 06:07:51.534 10 INFO neutron.notifiers.nova [-] Nova event matching ['req-a90c63d1-8701-4ef9-8bcb-e088dba50964'] response: {'server_uuid': 'fe596eb8-c6d8-4c26-a182-d0cf9604a082', 'name': 'network-vif-deleted', 'tag': '14b1c7d8-ec57-45a7-a862-e3270dfffce6', 'status': 'completed', 'code': 200}
2026-07-15 06:07:51.555 10 INFO neutron.wsgi [None req-aabfdf2e-1abe-4481-8326-93a5a573eea2 5bc54d9f425f40948a2539585020677f cfb8e5101018469ab7b5cb87a917f85e - - default default] 10.0.0.181 "GET /v2.0/routers/d4d026ea-5c83-4bab-9375-073e437d4284/tags HTTP/1.1" status: 200 len: 227 time: 0.0536981
2026-07-15 06:07:51.567 10 INFO neutron.wsgi [None req-c8ff7c10-c98b-4eeb-8567-a0cc92a687ac b74d0f6850a24e4db72747476cff5a28 793826d128cb404e972d2611e7ca6d6f - - default default] 10.0.0.181 "DELETE /v2.0/security-groups/ffadc849-d5be-4271-af08-561c8bcd0a67 HTTP/1.1" status: 204 len: 168 time: 0.2983975
2026-07-15 06:07:51.645 9 INFO neutron.wsgi [None req-37549e3c-3a46-4a86-8580-218b6074eed7 5bc54d9f425f40948a2539585020677f cfb8e5101018469ab7b5cb87a917f85e - - default default] 10.0.0.181 "PUT /v2.0/routers/d4d026ea-5c83-4bab-9375-073e437d4284/tags/black.or.white HTTP/1.1" status: 201 len: 201 time: 0.0798597
2026-07-15 06:07:51.710 9 INFO neutron.wsgi [None req-35436130-6d5b-4820-b91b-d049a91c333c 5bc54d9f425f40948a2539585020677f cfb8e5101018469ab7b5cb87a917f85e - - default default] 10.0.0.181 "GET /v2.0/routers/d4d026ea-5c83-4bab-9375-073e437d4284/tags HTTP/1.1" status: 200 len: 245 time: 0.0606289
2026-07-15 06:07:51.812 9 INFO neutron.wsgi [None req-7e917efc-25df-4789-adb4-6b1311130334 5bc54d9f425f40948a2539585020677f cfb8e5101018469ab7b5cb87a917f85e - - default default] 10.0.0.181 "PUT /v2.0/routers/d4d026ea-5c83-4bab-9375-073e437d4284/tags HTTP/1.1" status: 200 len: 230 time: 0.0948505
2026-07-15 06:07:51.873 9 INFO neutron.wsgi [None req-59174477-e3f8-49f7-a580-1a6868fdc7a0 5bc54d9f425f40948a2539585020677f cfb8e5101018469ab7b5cb87a917f85e - - default default] 10.0.0.181 "GET /v2.0/routers/d4d026ea-5c83-4bab-9375-073e437d4284/tags HTTP/1.1" status: 200 len: 230 time: 0.0543387
2026-07-15 06:07:51.908 10 INFO neutron.wsgi [None req-761699af-8128-4f5c-b6da-153ebdf6edf7 e3a796f079c947aca155d350f8ff4036 4b2371c4cbe84eaabf89af1e172d33d7 - - default default] 10.0.0.181 "DELETE /v2.0/security-groups/238ff934-3e2f-4510-b2eb-c7b51bb44329 HTTP/1.1" status: 204 len: 168 time: 0.1337528
2026-07-15 06:07:51.936 9 INFO neutron.wsgi [None req-c5f3eeb4-dbf1-4df3-af79-d27f5911f721 5bc54d9f425f40948a2539585020677f cfb8e5101018469ab7b5cb87a917f85e - - default default] 10.0.0.181 "GET /v2.0/routers/d4d026ea-5c83-4bab-9375-073e437d4284/tags/red HTTP/1.1" status: 204 len: 168 time: 0.0596261
2026-07-15 06:07:51.991 10 INFO neutron.api.v2.resource [None req-9551a466-22a4-4edc-bc9d-17e44b859c66 5bc54d9f425f40948a2539585020677f cfb8e5101018469ab7b5cb87a917f85e - - default default] show failed (client error): The resource could not be found.
2026-07-15 06:07:51.993 10 INFO neutron.wsgi [None req-9551a466-22a4-4edc-bc9d-17e44b859c66 5bc54d9f425f40948a2539585020677f cfb8e5101018469ab7b5cb87a917f85e - - default default] 10.0.0.181 "GET /v2.0/routers/d4d026ea-5c83-4bab-9375-073e437d4284/tags/green HTTP/1.1" status: 404 len: 299 time: 0.0460079
2026-07-15 06:07:52.091 9 INFO neutron.wsgi [None req-9930472c-a31f-4252-a61d-c00fcd5af107 5bc54d9f425f40948a2539585020677f cfb8e5101018469ab7b5cb87a917f85e - - default default] 10.0.0.181 "DELETE /v2.0/routers/d4d026ea-5c83-4bab-9375-073e437d4284/tags/red HTTP/1.1" status: 204 len: 168 time: 0.0932274
2026-07-15 06:07:52.165 10 INFO neutron.wsgi [None req-f66a9bf7-e146-41bc-bad6-1fba5996c1f7 5bc54d9f425f40948a2539585020677f cfb8e5101018469ab7b5cb87a917f85e - - default default] 10.0.0.181 "GET /v2.0/routers/d4d026ea-5c83-4bab-9375-073e437d4284/tags HTTP/1.1" status: 200 len: 223 time: 0.0617282
2026-07-15 06:07:52.219 10 INFO neutron.api.v2.resource [None req-964e121a-d6fc-4166-8576-ed5f8e7f7c2d 5bc54d9f425f40948a2539585020677f cfb8e5101018469ab7b5cb87a917f85e - - default default] delete failed (client error): The resource could not be found.
2026-07-15 06:07:52.221 10 INFO neutron.wsgi [None req-964e121a-d6fc-4166-8576-ed5f8e7f7c2d 5bc54d9f425f40948a2539585020677f cfb8e5101018469ab7b5cb87a917f85e - - default default] 10.0.0.181 "DELETE /v2.0/routers/d4d026ea-5c83-4bab-9375-073e437d4284/tags/green HTTP/1.1" status: 404 len: 299 time: 0.0492191
2026-07-15 06:07:52.288 10 INFO neutron.wsgi [None req-316e1813-0b63-457b-841f-0dbf02f13f1a 5bc54d9f425f40948a2539585020677f cfb8e5101018469ab7b5cb87a917f85e - - default default] 10.0.0.181 "DELETE /v2.0/routers/d4d026ea-5c83-4bab-9375-073e437d4284/tags HTTP/1.1" status: 204 len: 168 time: 0.0617914
2026-07-15 06:07:52.374 9 INFO neutron.wsgi [None req-99b37470-7133-4ce1-9f23-e2e2e3b84c5e e3a796f079c947aca155d350f8ff4036 4b2371c4cbe84eaabf89af1e172d33d7 - - default default] 10.0.0.181 "DELETE /v2.0/floatingips/a5234c47-8dcd-4952-adf2-cc5a8cededf7 HTTP/1.1" status: 204 len: 168 time: 0.4290156
2026-07-15 06:07:52.628 9 INFO neutron.wsgi [req-8d0d9165-4342-4872-964c-992c12ab81ac req-d7ec6de9-495c-4b0c-a3b7-631f91e6bdab e3a796f079c947aca155d350f8ff4036 4b2371c4cbe84eaabf89af1e172d33d7 - - default default] 10.0.0.240 "GET /v2.0/ports?device_id=6d8785c7-8b50-4889-8b80-bd2c10aad764 HTTP/1.1" status: 200 len: 1170 time: 0.0556934
2026-07-15 06:07:52.638 9 INFO neutron.plugins.ml2.drivers.ovn.mech_driver.mech_driver [None req-90dd9e58-103f-4dbc-b23f-33cab62070df - - - - - -] OVN reports status down for port: ad7eb59c-e84c-443e-95ca-0054736702f2
2026-07-15 06:07:52.688 10 INFO neutron.wsgi [None req-efc62a29-cbd4-47e7-b3b9-d9d0c037e318 5bc54d9f425f40948a2539585020677f cfb8e5101018469ab7b5cb87a917f85e - - default default] 10.0.0.181 "GET /v2.0/routers/d4d026ea-5c83-4bab-9375-073e437d4284/tags HTTP/1.1" status: 200 len: 205 time: 0.3903635
2026-07-15 06:07:52.691 9 INFO neutron.wsgi [req-8d0d9165-4342-4872-964c-992c12ab81ac req-eb2680de-35c1-4bf0-b914-dc45923aa13e e3a796f079c947aca155d350f8ff4036 4b2371c4cbe84eaabf89af1e172d33d7 - - default default] 10.0.0.240 "GET /v2.0/security-groups?id=9af5a19b-b360-41ff-86a1-4a5595f6b7af&fields=id&fields=name HTTP/1.1" status: 200 len: 313 time: 0.0470862
2026-07-15 06:07:52.768 9 INFO neutron.wsgi [None req-2bad95a2-543c-47b9-8378-3a9a1f88e383 5bc54d9f425f40948a2539585020677f cfb8e5101018469ab7b5cb87a917f85e - - default default] 10.0.0.181 "GET /v2.0/routers/d4d026ea-5c83-4bab-9375-073e437d4284 HTTP/1.1" status: 200 len: 655 time: 0.0694938
2026-07-15 06:07:52.927 9 INFO neutron.notifiers.nova [-] Nova event matching ['req-3df9d1dd-f5ef-4d43-bdc0-26aad467b968'] response: {'server_uuid': '6d8785c7-8b50-4889-8b80-bd2c10aad764', 'name': 'network-vif-unplugged', 'status': 'completed', 'tag': 'ad7eb59c-e84c-443e-95ca-0054736702f2', 'code': 200}
2026-07-15 06:07:53.040 10 INFO neutron.wsgi [req-e491c601-eebe-4601-866f-3a807e8f8232 req-db78a871-ed82-4cfa-a8de-dfdb41b0d641 e3a796f079c947aca155d350f8ff4036 4b2371c4cbe84eaabf89af1e172d33d7 - - default default] 199.204.45.116 "GET /v2.0/ports?device_id=6d8785c7-8b50-4889-8b80-bd2c10aad764 HTTP/1.1" status: 200 len: 1168 time: 0.0689578
2026-07-15 06:07:53.096 9 INFO neutron.db.ovn_revision_numbers_db [None req-90dd9e58-103f-4dbc-b23f-33cab62070df - - - - - -] Successfully bumped revision number for resource ad7eb59c-e84c-443e-95ca-0054736702f2 (type: ports) to 5
2026-07-15 06:07:53.409 10 INFO neutron.db.ovn_revision_numbers_db [None req-bfa0dd34-2c46-49cd-8026-7e2df5a2fdd7 5bc54d9f425f40948a2539585020677f cfb8e5101018469ab7b5cb87a917f85e - - default default] Successfully bumped revision number for resource d4d026ea-5c83-4bab-9375-073e437d4284 (type: routers) to 7
2026-07-15 06:07:53.412 10 INFO neutron.wsgi [None req-bfa0dd34-2c46-49cd-8026-7e2df5a2fdd7 5bc54d9f425f40948a2539585020677f cfb8e5101018469ab7b5cb87a917f85e - - default default] 10.0.0.181 "PUT /v2.0/routers/d4d026ea-5c83-4bab-9375-073e437d4284 HTTP/1.1" status: 200 len: 655 time: 0.6357741
2026-07-15 06:07:53.446 10 INFO neutron.wsgi [None req-5f6afe67-e5a2-4d5d-98fd-c461c0f0a171 5bc54d9f425f40948a2539585020677f cfb8e5101018469ab7b5cb87a917f85e - - default default] 10.0.0.181 "GET /v2.0/ports?device_id=d4d026ea-5c83-4bab-9375-073e437d4284 HTTP/1.1" status: 200 len: 205 time: 0.0274539
2026-07-15 06:07:53.557 10 INFO neutron.wsgi [req-e491c601-eebe-4601-866f-3a807e8f8232 req-9ab1c19c-d34c-4f9a-a84e-1c9ce2e07297 e3a796f079c947aca155d350f8ff4036 4b2371c4cbe84eaabf89af1e172d33d7 - - default default] 199.204.45.116 "DELETE /v2.0/ports/ad7eb59c-e84c-443e-95ca-0054736702f2 HTTP/1.1" status: 204 len: 173 time: 0.5126388
2026-07-15 06:07:53.593 10 INFO neutron.notifiers.nova [-] Nova event matching ['req-5bff9893-d792-4728-aafb-1e37504d84d6'] response: {'server_uuid': '6d8785c7-8b50-4889-8b80-bd2c10aad764', 'name': 'network-vif-deleted', 'tag': 'ad7eb59c-e84c-443e-95ca-0054736702f2', 'status': 'completed', 'code': 200}
2026-07-15 06:07:53.773 10 INFO neutron.wsgi [None req-7e9f7d79-2933-41e0-9e38-14dcedb6a2b0 5bc54d9f425f40948a2539585020677f cfb8e5101018469ab7b5cb87a917f85e - - default default] 10.0.0.181 "DELETE /v2.0/routers/d4d026ea-5c83-4bab-9375-073e437d4284 HTTP/1.1" status: 204 len: 168 time: 0.3201215 /var/lib/openstack/lib/python3.10/site-packages/pycadf/identifier.py:71: UserWarning: Invalid uuid: neutron. To ensure interoperability, identifiers should be a valid uuid. warnings.warn(('Invalid uuid: %s. To ensure interoperability, '
2026-07-15 06:07:53.817 9 INFO neutron.wsgi [req-806e05de-994f-4269-938b-52daf1ebf3ee req-054e4909-012d-4439-b862-af38b4a04bc0 e3a796f079c947aca155d350f8ff4036 4b2371c4cbe84eaabf89af1e172d33d7 - - default default] 10.0.0.240 "GET /v2.0/ports?device_id=6d8785c7-8b50-4889-8b80-bd2c10aad764 HTTP/1.1" status: 200 len: 210 time: 0.0350266
2026-07-15 06:07:54.754 9 INFO neutron.db.ovn_revision_numbers_db [None req-e916507d-a3b4-4328-aedb-ed4124831980 b74d0f6850a24e4db72747476cff5a28 793826d128cb404e972d2611e7ca6d6f - - default default] Successfully bumped revision number for resource a75346d1-3cda-4ea3-868f-98a6252acf39 (type: security_groups) to 1
2026-07-15 06:07:54.769 9 INFO neutron.db.ovn_revision_numbers_db [None req-e916507d-a3b4-4328-aedb-ed4124831980 b74d0f6850a24e4db72747476cff5a28 793826d128cb404e972d2611e7ca6d6f - - default default] Successfully bumped revision number for resource 2615cd17-0447-4c80-9cd4-37501aabc56a (type: security_group_rules) to 0
2026-07-15 06:07:54.784 9 INFO neutron.db.ovn_revision_numbers_db [None req-e916507d-a3b4-4328-aedb-ed4124831980 b74d0f6850a24e4db72747476cff5a28 793826d128cb404e972d2611e7ca6d6f - - default default] Successfully bumped revision number for resource 2ba87982-478f-450f-8f08-36c2cdd447b5 (type: security_group_rules) to 0
2026-07-15 06:07:54.801 9 INFO neutron.db.ovn_revision_numbers_db [None req-e916507d-a3b4-4328-aedb-ed4124831980 b74d0f6850a24e4db72747476cff5a28 793826d128cb404e972d2611e7ca6d6f - - default default] Successfully bumped revision number for resource 8aaa47f9-928e-4c83-9bed-c2997f11e8d6 (type: security_group_rules) to 0
2026-07-15 06:07:54.819 9 INFO neutron.db.ovn_revision_numbers_db [None req-e916507d-a3b4-4328-aedb-ed4124831980 b74d0f6850a24e4db72747476cff5a28 793826d128cb404e972d2611e7ca6d6f - - default default] Successfully bumped revision number for resource d8b30857-e51e-4353-8624-1b6e0a346576 (type: security_group_rules) to 0
2026-07-15 06:07:54.839 10 INFO neutron.wsgi [None req-8e368a29-aa6d-4e5f-850c-4842954cea31 df08304eabba4a1aa452afcefe588602 59df8c85b56244b29e60fdeffbbae1b2 - - default default] 10.0.0.181 "POST /v2.0/qos/policies HTTP/1.1" status: 201 len: 558 time: 0.0946126
2026-07-15 06:07:54.852 9 INFO neutron.wsgi [None req-e916507d-a3b4-4328-aedb-ed4124831980 b74d0f6850a24e4db72747476cff5a28 793826d128cb404e972d2611e7ca6d6f - - default default] 10.0.0.181 "GET /v2.0/security-groups?tenant_id=dcdbe9121e064158a86bac43b3546101&name=default HTTP/1.1" status: 200 len: 2996 time: 0.3470664
2026-07-15 06:07:54.874 10 INFO neutron.wsgi [None req-54dd48e5-65fc-4cd1-8a34-0d2aac91933c df08304eabba4a1aa452afcefe588602 59df8c85b56244b29e60fdeffbbae1b2 - - default default] 10.0.0.181 "PUT /v2.0/policies/9efe1dc5-3659-4201-92d2-281dc0b872e0/tags HTTP/1.1" status: 200 len: 218 time: 0.0285552
2026-07-15 06:07:54.911 10 INFO neutron.wsgi [None req-2363cc6b-f8a1-49b6-81ba-800878455af3 df08304eabba4a1aa452afcefe588602 59df8c85b56244b29e60fdeffbbae1b2 - - default default] 10.0.0.181 "GET /v2.0/policies/9efe1dc5-3659-4201-92d2-281dc0b872e0/tags HTTP/1.1" status: 200 len: 218 time: 0.0315228
2026-07-15 06:07:54.956 10 INFO neutron.wsgi [None req-b9f6163d-63b5-4ab8-9f24-f415386e64bf df08304eabba4a1aa452afcefe588602 59df8c85b56244b29e60fdeffbbae1b2 - - default default] 10.0.0.181 "PUT /v2.0/policies/9efe1dc5-3659-4201-92d2-281dc0b872e0/tags/green HTTP/1.1" status: 201 len: 201 time: 0.0394511
2026-07-15 06:07:54.968 9 INFO neutron.notifiers.nova [-] Nova event matching ['req-1c203d90-c05d-434b-a134-8918892f301e'] response: {'server_uuid': '6d8785c7-8b50-4889-8b80-bd2c10aad764', 'name': 'network-vif-plugged', 'status': 'completed', 'tag': 'ad7eb59c-e84c-443e-95ca-0054736702f2', 'code': 200}
2026-07-15 06:07:54.990 10 INFO neutron.wsgi [None req-88daa759-dcd0-431b-bf07-7eccd419721f df08304eabba4a1aa452afcefe588602 59df8c85b56244b29e60fdeffbbae1b2 - - default default] 10.0.0.181 "GET /v2.0/policies/9efe1dc5-3659-4201-92d2-281dc0b872e0/tags HTTP/1.1" status: 200 len: 227 time: 0.0291178
2026-07-15 06:07:55.014 10 INFO neutron.wsgi [None req-bed81133-f4e5-4a1d-8d1d-43f58f00a3e0 df08304eabba4a1aa452afcefe588602 59df8c85b56244b29e60fdeffbbae1b2 - - default default] 10.0.0.181 "PUT /v2.0/policies/9efe1dc5-3659-4201-92d2-281dc0b872e0/tags/red HTTP/1.1" status: 201 len: 201 time: 0.0188026
2026-07-15 06:07:55.041 10 INFO neutron.wsgi [None req-ba34388e-8756-4dab-8a32-26fe4ee21ea8 df08304eabba4a1aa452afcefe588602 59df8c85b56244b29e60fdeffbbae1b2 - - default default] 10.0.0.181 "GET /v2.0/policies/9efe1dc5-3659-4201-92d2-281dc0b872e0/tags HTTP/1.1" status: 200 len: 227 time: 0.0199015
2026-07-15 06:07:55.068 10 INFO neutron.wsgi [None req-2ca55da5-1b90-498c-8798-2a16fa385f44 e3a796f079c947aca155d350f8ff4036 4b2371c4cbe84eaabf89af1e172d33d7 - - default default] 10.0.0.181 "DELETE /v2.0/security-groups/9af5a19b-b360-41ff-86a1-4a5595f6b7af HTTP/1.1" status: 204 len: 168 time: 0.1825848
2026-07-15 06:07:55.087 10 INFO neutron.wsgi [None req-f8df90a8-d91a-462e-bc9d-dba168f3567f df08304eabba4a1aa452afcefe588602 59df8c85b56244b29e60fdeffbbae1b2 - - default default] 10.0.0.181 "PUT /v2.0/policies/9efe1dc5-3659-4201-92d2-281dc0b872e0/tags/black.or.white HTTP/1.1" status: 201 len: 201 time: 0.0395310
2026-07-15 06:07:55.091 9 INFO neutron.wsgi [None req-56215c92-d337-4b66-b9c8-aeee685fda4a b74d0f6850a24e4db72747476cff5a28 793826d128cb404e972d2611e7ca6d6f - - default default] 10.0.0.181 "DELETE /v2.0/security-groups/a75346d1-3cda-4ea3-868f-98a6252acf39 HTTP/1.1" status: 204 len: 168 time: 0.2350907
2026-07-15 06:07:55.116 9 INFO neutron.wsgi [None req-2a14c402-771f-4aa4-a542-9ad1f91132d0 df08304eabba4a1aa452afcefe588602 59df8c85b56244b29e60fdeffbbae1b2 - - default default] 10.0.0.181 "GET /v2.0/policies/9efe1dc5-3659-4201-92d2-281dc0b872e0/tags HTTP/1.1" status: 200 len: 245 time: 0.0199542
2026-07-15 06:07:55.151 9 INFO neutron.wsgi [None req-7606c106-e39e-4014-a2b5-5b90cfdba82c df08304eabba4a1aa452afcefe588602 59df8c85b56244b29e60fdeffbbae1b2 - - default default] 10.0.0.181 "PUT /v2.0/policies/9efe1dc5-3659-4201-92d2-281dc0b872e0/tags HTTP/1.1" status: 200 len: 230 time: 0.0303683
2026-07-15 06:07:55.174 9 INFO neutron.wsgi [None req-6f0e6bec-00af-4166-91b5-c3884e8d25a4 df08304eabba4a1aa452afcefe588602 59df8c85b56244b29e60fdeffbbae1b2 - - default default] 10.0.0.181 "GET /v2.0/policies/9efe1dc5-3659-4201-92d2-281dc0b872e0/tags HTTP/1.1" status: 200 len: 230 time: 0.0174208
2026-07-15 06:07:55.196 9 INFO neutron.wsgi [None req-98b46419-5403-4379-8f27-2c758fe9b4c7 df08304eabba4a1aa452afcefe588602 59df8c85b56244b29e60fdeffbbae1b2 - - default default] 10.0.0.181 "GET /v2.0/policies/9efe1dc5-3659-4201-92d2-281dc0b872e0/tags/red HTTP/1.1" status: 204 len: 168 time: 0.0168996
2026-07-15 06:07:55.227 10 INFO neutron.api.v2.resource [None req-4a1538ae-5e74-4f26-b03b-0613fc91c4ee df08304eabba4a1aa452afcefe588602 59df8c85b56244b29e60fdeffbbae1b2 - - default default] show failed (client error): The resource could not be found.
2026-07-15 06:07:55.229 10 INFO neutron.wsgi [None req-4a1538ae-5e74-4f26-b03b-0613fc91c4ee df08304eabba4a1aa452afcefe588602 59df8c85b56244b29e60fdeffbbae1b2 - - default default] 10.0.0.181 "GET /v2.0/policies/9efe1dc5-3659-4201-92d2-281dc0b872e0/tags/green HTTP/1.1" status: 404 len: 299 time: 0.0275238
2026-07-15 06:07:55.302 10 INFO neutron.wsgi [None req-7476a6e1-8446-4e09-b482-d6e91a4f4011 df08304eabba4a1aa452afcefe588602 59df8c85b56244b29e60fdeffbbae1b2 - - default default] 10.0.0.181 "DELETE /v2.0/policies/9efe1dc5-3659-4201-92d2-281dc0b872e0/tags/red HTTP/1.1" status: 204 len: 168 time: 0.0676801
2026-07-15 06:07:55.344 9 INFO neutron.wsgi [None req-99e5f4de-2478-4590-9073-49d7d7b263cb df08304eabba4a1aa452afcefe588602 59df8c85b56244b29e60fdeffbbae1b2 - - default default] 10.0.0.181 "GET /v2.0/policies/9efe1dc5-3659-4201-92d2-281dc0b872e0/tags HTTP/1.1" status: 200 len: 223 time: 0.0346618
2026-07-15 06:07:55.355 9 INFO neutron.db.ovn_revision_numbers_db [None req-96bb460b-e3b6-489f-bff2-c7a780b59f9d b74d0f6850a24e4db72747476cff5a28 793826d128cb404e972d2611e7ca6d6f - - default default] Successfully bumped revision number for resource c85486ee-149a-497b-89ab-9a0db940daf1 (type: security_groups) to 1
2026-07-15 06:07:55.376 9 INFO neutron.api.v2.resource [None req-b3fc6090-79aa-4740-85c9-6e250467a087 df08304eabba4a1aa452afcefe588602 59df8c85b56244b29e60fdeffbbae1b2 - - default default] delete failed (client error): The resource could not be found.
2026-07-15 06:07:55.377 9 INFO neutron.wsgi [None req-b3fc6090-79aa-4740-85c9-6e250467a087 df08304eabba4a1aa452afcefe588602 59df8c85b56244b29e60fdeffbbae1b2 - - default default] 10.0.0.181 "DELETE /v2.0/policies/9efe1dc5-3659-4201-92d2-281dc0b872e0/tags/green HTTP/1.1" status: 404 len: 299 time: 0.0280919
2026-07-15 06:07:55.378 9 INFO neutron.db.ovn_revision_numbers_db [None req-96bb460b-e3b6-489f-bff2-c7a780b59f9d b74d0f6850a24e4db72747476cff5a28 793826d128cb404e972d2611e7ca6d6f - - default default] Successfully bumped revision number for resource 15398e93-8971-40a8-9e95-d7065a59425a (type: security_group_rules) to 0
2026-07-15 06:07:55.396 9 INFO neutron.db.ovn_revision_numbers_db [None req-96bb460b-e3b6-489f-bff2-c7a780b59f9d b74d0f6850a24e4db72747476cff5a28 793826d128cb404e972d2611e7ca6d6f - - default default] Successfully bumped revision number for resource 27d1dc47-4d8f-4dc5-a33d-ae94ddc84322 (type: security_group_rules) to 0
2026-07-15 06:07:55.412 9 INFO neutron.db.ovn_revision_numbers_db [None req-96bb460b-e3b6-489f-bff2-c7a780b59f9d b74d0f6850a24e4db72747476cff5a28 793826d128cb404e972d2611e7ca6d6f - - default default] Successfully bumped revision number for resource 2d688112-963e-44de-8646-0fd7e43c29f7 (type: security_group_rules) to 0
2026-07-15 06:07:55.425 9 INFO neutron.wsgi [None req-81265ff6-57dc-48bf-89e5-d0c8b1e6e404 df08304eabba4a1aa452afcefe588602 59df8c85b56244b29e60fdeffbbae1b2 - - default default] 10.0.0.181 "DELETE /v2.0/policies/9efe1dc5-3659-4201-92d2-281dc0b872e0/tags HTTP/1.1" status: 204 len: 168 time: 0.0417676
2026-07-15 06:07:55.434 9 INFO neutron.db.ovn_revision_numbers_db [None req-96bb460b-e3b6-489f-bff2-c7a780b59f9d b74d0f6850a24e4db72747476cff5a28 793826d128cb404e972d2611e7ca6d6f - - default default] Successfully bumped revision number for resource 4589a582-f451-4ff8-942a-d08a23ab05ab (type: security_group_rules) to 0
2026-07-15 06:07:55.462 9 INFO neutron.wsgi [None req-97e50dfe-3401-4b56-b2bc-3684c767f7e3 df08304eabba4a1aa452afcefe588602 59df8c85b56244b29e60fdeffbbae1b2 - - default default] 10.0.0.181 "GET /v2.0/policies/9efe1dc5-3659-4201-92d2-281dc0b872e0/tags HTTP/1.1" status: 200 len: 205 time: 0.0325794
2026-07-15 06:07:55.465 9 INFO neutron.wsgi [None req-96bb460b-e3b6-489f-bff2-c7a780b59f9d b74d0f6850a24e4db72747476cff5a28 793826d128cb404e972d2611e7ca6d6f - - default default] 10.0.0.181 "GET /v2.0/security-groups?tenant_id=cfb8e5101018469ab7b5cb87a917f85e&name=default HTTP/1.1" status: 200 len: 2996 time: 0.2650900
2026-07-15 06:07:55.552 9 INFO neutron.wsgi [None req-306ecfdd-0658-4b02-9353-27e233b0623b df08304eabba4a1aa452afcefe588602 59df8c85b56244b29e60fdeffbbae1b2 - - default default] 10.0.0.181 "DELETE /v2.0/qos/policies/9efe1dc5-3659-4201-92d2-281dc0b872e0 HTTP/1.1" status: 204 len: 168 time: 0.0738511
2026-07-15 06:07:55.708 9 INFO neutron.wsgi [None req-6bec3a06-8f2f-4f08-94c3-4cfb182459a2 b74d0f6850a24e4db72747476cff5a28 793826d128cb404e972d2611e7ca6d6f - - default default] 10.0.0.181 "DELETE /v2.0/security-groups/c85486ee-149a-497b-89ab-9a0db940daf1 HTTP/1.1" status: 204 len: 168 time: 0.2364373
2026-07-15 06:07:56.377 9 WARNING neutron_lib.context [None req-28d3c146-4199-43d9-a1ab-6a0954cadefb 8a3399c944fa481c92b1f903878b3fa6 9c8934a4a03b498cb03b8c5b08e487e1 - - default default] Method 'is_advsvc' is deprecated since 2023.2 release (neutron-lib 3.8.0) and will be removed once support for the old RBAC API policies will be removed from Neutron. Please use method 'is_service_role' instead.
2026-07-15 06:07:56.524 9 INFO neutron.db.ovn_revision_numbers_db [None req-53597aa2-ace4-48f8-af3c-376a0c7c81a5 b74d0f6850a24e4db72747476cff5a28 793826d128cb404e972d2611e7ca6d6f - - default default] Successfully bumped revision number for resource 8b5621e9-4504-4c0d-a86a-d69499c8878f (type: security_groups) to 1
2026-07-15 06:07:56.541 9 INFO neutron.db.ovn_revision_numbers_db [None req-28d3c146-4199-43d9-a1ab-6a0954cadefb 8a3399c944fa481c92b1f903878b3fa6 9c8934a4a03b498cb03b8c5b08e487e1 - - default default] Successfully bumped revision number for resource 67392e12-1fff-48a1-80e9-9b9d00270ebe (type: security_groups) to 1
2026-07-15 06:07:56.545 9 INFO neutron.db.ovn_revision_numbers_db [None req-53597aa2-ace4-48f8-af3c-376a0c7c81a5 b74d0f6850a24e4db72747476cff5a28 793826d128cb404e972d2611e7ca6d6f - - default default] Successfully bumped revision number for resource 203241ae-4341-4ec4-9ecc-6660193ea96d (type: security_group_rules) to 0
2026-07-15 06:07:56.572 9 INFO neutron.db.ovn_revision_numbers_db [None req-28d3c146-4199-43d9-a1ab-6a0954cadefb 8a3399c944fa481c92b1f903878b3fa6 9c8934a4a03b498cb03b8c5b08e487e1 - - default default] Successfully bumped revision number for resource 4e5ed3c9-5f44-4cc4-807c-fa36a4fcec59 (type: security_group_rules) to 0
2026-07-15 06:07:56.574 9 INFO neutron.db.ovn_revision_numbers_db [None req-53597aa2-ace4-48f8-af3c-376a0c7c81a5 b74d0f6850a24e4db72747476cff5a28 793826d128cb404e972d2611e7ca6d6f - - default default] Successfully bumped revision number for resource 3355a71d-a3a9-4fa0-8f92-f2b982b4692b (type: security_group_rules) to 0
2026-07-15 06:07:56.598 9 INFO neutron.db.ovn_revision_numbers_db [None req-53597aa2-ace4-48f8-af3c-376a0c7c81a5 b74d0f6850a24e4db72747476cff5a28 793826d128cb404e972d2611e7ca6d6f - - default default] Successfully bumped revision number for resource 9e4b3051-872c-413e-815c-bc2b6d614e94 (type: security_group_rules) to 0
2026-07-15 06:07:56.604 9 INFO neutron.db.ovn_revision_numbers_db [None req-28d3c146-4199-43d9-a1ab-6a0954cadefb 8a3399c944fa481c92b1f903878b3fa6 9c8934a4a03b498cb03b8c5b08e487e1 - - default default] Successfully bumped revision number for resource 5343ae28-2ce9-4da1-9578-d5214c1fab53 (type: security_group_rules) to 0
2026-07-15 06:07:56.616 9 INFO neutron.db.ovn_revision_numbers_db [None req-53597aa2-ace4-48f8-af3c-376a0c7c81a5 b74d0f6850a24e4db72747476cff5a28 793826d128cb404e972d2611e7ca6d6f - - default default] Successfully bumped revision number for resource f3dab08b-1796-410b-bd09-2b0903553450 (type: security_group_rules) to 0
2026-07-15 06:07:56.627 10 INFO neutron.wsgi [None req-9f272e82-1e0b-452d-91cd-6b224930810b e3a796f079c947aca155d350f8ff4036 4b2371c4cbe84eaabf89af1e172d33d7 - - default default] 10.0.0.181 "PUT /v2.0/routers/283e3481-204a-4700-9d3f-1d2ac1c32cb8/remove_router_interface HTTP/1.1" status: 200 len: 503 time: 1.5203085
2026-07-15 06:07:56.636 9 INFO neutron.db.ovn_revision_numbers_db [None req-28d3c146-4199-43d9-a1ab-6a0954cadefb 8a3399c944fa481c92b1f903878b3fa6 9c8934a4a03b498cb03b8c5b08e487e1 - - default default] Successfully bumped revision number for resource bdfe5a18-8510-4295-99a1-75769b9bf041 (type: security_group_rules) to 0 /var/lib/openstack/lib/python3.10/site-packages/pycadf/identifier.py:71: UserWarning: Invalid uuid: neutron. To ensure interoperability, identifiers should be a valid uuid. warnings.warn(('Invalid uuid: %s. To ensure interoperability, '
2026-07-15 06:07:56.653 9 INFO neutron.wsgi [None req-53597aa2-ace4-48f8-af3c-376a0c7c81a5 b74d0f6850a24e4db72747476cff5a28 793826d128cb404e972d2611e7ca6d6f - - default default] 10.0.0.181 "GET /v2.0/security-groups?tenant_id=b4ef28c4bf5048e8a03e19568ae96325&name=default HTTP/1.1" status: 200 len: 2996 time: 0.3872058
2026-07-15 06:07:56.663 9 INFO neutron.db.ovn_revision_numbers_db [None req-28d3c146-4199-43d9-a1ab-6a0954cadefb 8a3399c944fa481c92b1f903878b3fa6 9c8934a4a03b498cb03b8c5b08e487e1 - - default default] Successfully bumped revision number for resource d062d1e9-a034-483b-bfe7-42949ffd7e4e (type: security_group_rules) to 0
2026-07-15 06:07:56.715 9 INFO neutron.db.segments_db [None req-28d3c146-4199-43d9-a1ab-6a0954cadefb 8a3399c944fa481c92b1f903878b3fa6 9c8934a4a03b498cb03b8c5b08e487e1 - - default default] Added segment b26c4993-9968-4f9c-986a-ce676933ae11 of type geneve for network 94084283-21ff-4ecd-bf84-5c1a1b1e2598
2026-07-15 06:07:56.880 10 INFO neutron.wsgi [None req-ed825c44-784e-4344-8738-62bce7581570 e3a796f079c947aca155d350f8ff4036 4b2371c4cbe84eaabf89af1e172d33d7 - - default default] 10.0.0.181 "DELETE /v2.0/subnets/bada0a51-b247-4f4f-a9e0-6e950aa67a63 HTTP/1.1" status: 204 len: 168 time: 0.2475462
2026-07-15 06:07:56.908 9 INFO neutron.db.ovn_revision_numbers_db [None req-28d3c146-4199-43d9-a1ab-6a0954cadefb 8a3399c944fa481c92b1f903878b3fa6 9c8934a4a03b498cb03b8c5b08e487e1 - - default default] Successfully bumped revision number for resource 94084283-21ff-4ecd-bf84-5c1a1b1e2598 (type: networks) to 1
2026-07-15 06:07:57.026 9 INFO neutron.wsgi [None req-2bc8b570-bbf9-4bf5-a3a5-c12bf4d6207e b74d0f6850a24e4db72747476cff5a28 793826d128cb404e972d2611e7ca6d6f - - default default] 10.0.0.181 "DELETE /v2.0/security-groups/8b5621e9-4504-4c0d-a86a-d69499c8878f HTTP/1.1" status: 204 len: 168 time: 0.3680177
2026-07-15 06:07:57.240 9 WARNING neutron.scheduler.dhcp_agent_scheduler [None req-28d3c146-4199-43d9-a1ab-6a0954cadefb 8a3399c944fa481c92b1f903878b3fa6 9c8934a4a03b498cb03b8c5b08e487e1 - - default default] No more DHCP agents
2026-07-15 06:07:57.245 9 WARNING neutron.api.rpc.agentnotifiers.dhcp_rpc_agent_api [None req-28d3c146-4199-43d9-a1ab-6a0954cadefb 8a3399c944fa481c92b1f903878b3fa6 9c8934a4a03b498cb03b8c5b08e487e1 - - default default] Unable to schedule network 94084283-21ff-4ecd-bf84-5c1a1b1e2598: no agents available; will retry on subsequent port and subnet creation events.
2026-07-15 06:07:57.716 9 INFO neutron.db.ovn_revision_numbers_db [None req-28d3c146-4199-43d9-a1ab-6a0954cadefb 8a3399c944fa481c92b1f903878b3fa6 9c8934a4a03b498cb03b8c5b08e487e1 - - default default] Successfully bumped revision number for resource 895efa80-2082-4e9d-9af9-71cfc2869d56 (type: ports) to 1
2026-07-15 06:07:57.740 9 INFO neutron.db.ovn_revision_numbers_db [None req-6e3e8064-f972-4f1f-9abb-b25a35bbc10c b74d0f6850a24e4db72747476cff5a28 793826d128cb404e972d2611e7ca6d6f - - default default] Successfully bumped revision number for resource 0a785075-c0b3-4222-9301-b7d2e0c6f7df (type: security_groups) to 1
2026-07-15 06:07:57.754 9 INFO neutron.wsgi [None req-28d3c146-4199-43d9-a1ab-6a0954cadefb 8a3399c944fa481c92b1f903878b3fa6 9c8934a4a03b498cb03b8c5b08e487e1 - - default default] 10.0.0.181 "POST /v2.0/networks HTTP/1.1" status: 201 len: 830 time: 1.4361567
2026-07-15 06:07:57.756 9 INFO neutron.db.ovn_revision_numbers_db [None req-6e3e8064-f972-4f1f-9abb-b25a35bbc10c b74d0f6850a24e4db72747476cff5a28 793826d128cb404e972d2611e7ca6d6f - - default default] Successfully bumped revision number for resource 74ee5bcc-e71c-471f-8f96-61fbaa6cc9dd (type: security_group_rules) to 0
2026-07-15 06:07:57.767 10 WARNING neutron_lib.context [None req-eee8ac6a-c755-4c82-b034-31f62520d6fb 8a3399c944fa481c92b1f903878b3fa6 9c8934a4a03b498cb03b8c5b08e487e1 - - default default] Method 'is_advsvc' is deprecated since 2023.2 release (neutron-lib 3.8.0) and will be removed once support for the old RBAC API policies will be removed from Neutron. Please use method 'is_service_role' instead.
2026-07-15 06:07:57.779 9 INFO neutron.db.ovn_revision_numbers_db [None req-6e3e8064-f972-4f1f-9abb-b25a35bbc10c b74d0f6850a24e4db72747476cff5a28 793826d128cb404e972d2611e7ca6d6f - - default default] Successfully bumped revision number for resource 78a12a9e-865c-4b35-a983-5714cfcf0cdb (type: security_group_rules) to 0
2026-07-15 06:07:57.797 9 INFO neutron.db.ovn_revision_numbers_db [None req-6e3e8064-f972-4f1f-9abb-b25a35bbc10c b74d0f6850a24e4db72747476cff5a28 793826d128cb404e972d2611e7ca6d6f - - default default] Successfully bumped revision number for resource a80a615e-72a4-4f5c-b4a8-4ea60ceb37f7 (type: security_group_rules) to 0
2026-07-15 06:07:57.824 9 INFO neutron.db.ovn_revision_numbers_db [None req-6e3e8064-f972-4f1f-9abb-b25a35bbc10c b74d0f6850a24e4db72747476cff5a28 793826d128cb404e972d2611e7ca6d6f - - default default] Successfully bumped revision number for resource f99ac216-d3bb-417e-9f53-9090428e6988 (type: security_group_rules) to 0
2026-07-15 06:07:57.857 9 INFO neutron.wsgi [None req-6e3e8064-f972-4f1f-9abb-b25a35bbc10c b74d0f6850a24e4db72747476cff5a28 793826d128cb404e972d2611e7ca6d6f - - default default] 10.0.0.181 "GET /v2.0/security-groups?tenant_id=59df8c85b56244b29e60fdeffbbae1b2&name=default HTTP/1.1" status: 200 len: 2996 time: 0.7135248
2026-07-15 06:07:58.044 10 WARNING neutron.scheduler.dhcp_agent_scheduler [None req-eee8ac6a-c755-4c82-b034-31f62520d6fb 8a3399c944fa481c92b1f903878b3fa6 9c8934a4a03b498cb03b8c5b08e487e1 - - default default] No more DHCP agents
2026-07-15 06:07:58.049 10 WARNING neutron.api.rpc.agentnotifiers.dhcp_rpc_agent_api [None req-eee8ac6a-c755-4c82-b034-31f62520d6fb 8a3399c944fa481c92b1f903878b3fa6 9c8934a4a03b498cb03b8c5b08e487e1 - - default default] Unable to schedule network 94084283-21ff-4ecd-bf84-5c1a1b1e2598: no agents available; will retry on subsequent port and subnet creation events.
2026-07-15 06:07:58.205 10 INFO neutron.wsgi [None req-1f9f47ef-2ed7-4b6f-98ab-a0bf02d9a90f b74d0f6850a24e4db72747476cff5a28 793826d128cb404e972d2611e7ca6d6f - - default default] 10.0.0.181 "DELETE /v2.0/security-groups/0a785075-c0b3-4222-9301-b7d2e0c6f7df HTTP/1.1" status: 204 len: 168 time: 0.3421044
2026-07-15 06:07:58.374 9 INFO neutron.wsgi [None req-ce936731-0eb1-4a3c-886c-d0aefe5a1ca9 e3a796f079c947aca155d350f8ff4036 4b2371c4cbe84eaabf89af1e172d33d7 - - default default] 10.0.0.181 "DELETE /v2.0/routers/283e3481-204a-4700-9d3f-1d2ac1c32cb8 HTTP/1.1" status: 204 len: 168 time: 1.4886727
