2026-07-15 06:07:01.376 9 WARNING neutron.api.rpc.agentnotifiers.dhcp_rpc_agent_api [None req-577cf569-d551-4cae-9ea8-acb49109f16f e3a796f079c947aca155d350f8ff4036 4b2371c4cbe84eaabf89af1e172d33d7 - - default default] Unable to schedule network 1f140499-2c96-4b08-816f-8ff1089bb765: no agents available; will retry on subsequent port and subnet creation events.
2026-07-15 06:07:01.397 9 INFO neutron.db.ovn_revision_numbers_db [None req-90dd9e58-103f-4dbc-b23f-33cab62070df - - - - - -] Successfully bumped revision number for resource 07c7e165-967c-4b8d-9319-53035a41316d (type: ports) to 2
2026-07-15 06:07:01.473 10 INFO neutron.db.ovn_revision_numbers_db [None req-9874a9a7-784c-4429-9224-fa31ea76510a b6dc89422b6745d591dba560b4a8ae1f c69d0ea86238450cb8bbaf0be893abd3 - - default default] Successfully bumped revision number for resource d5d16bc7-15c8-4ee8-b52f-b9320734531c (type: router_ports) to 1
2026-07-15 06:07:01.896 9 INFO neutron.db.ovn_revision_numbers_db [None req-90dd9e58-103f-4dbc-b23f-33cab62070df - - - - - -] Successfully bumped revision number for resource 07c7e165-967c-4b8d-9319-53035a41316d (type: router_ports) to 2
2026-07-15 06:07:01.935 10 INFO neutron.db.ovn_revision_numbers_db [None req-9874a9a7-784c-4429-9224-fa31ea76510a b6dc89422b6745d591dba560b4a8ae1f c69d0ea86238450cb8bbaf0be893abd3 - - default default] Successfully bumped revision number for resource 85286f5e-f56a-427b-93f7-e9c60ca89bfb (type: routers) to 2
2026-07-15 06:07:01.952 10 INFO neutron.wsgi [None req-9874a9a7-784c-4429-9224-fa31ea76510a b6dc89422b6745d591dba560b4a8ae1f c69d0ea86238450cb8bbaf0be893abd3 - - default default] 10.0.0.181 "POST /v2.0/routers HTTP/1.1" status: 201 len: 868 time: 1.9134405
2026-07-15 06:07:02.062 10 INFO neutron.wsgi [None req-6aac1877-08a2-407f-a98d-1d8fb27c50ad b6dc89422b6745d591dba560b4a8ae1f c69d0ea86238450cb8bbaf0be893abd3 - - default default] 10.0.0.181 "GET /v2.0/routers/85286f5e-f56a-427b-93f7-e9c60ca89bfb HTTP/1.1" status: 200 len: 869 time: 0.0870483
2026-07-15 06:07:02.128 9 INFO neutron.db.ovn_revision_numbers_db [None req-577cf569-d551-4cae-9ea8-acb49109f16f e3a796f079c947aca155d350f8ff4036 4b2371c4cbe84eaabf89af1e172d33d7 - - default default] Successfully bumped revision number for resource 07c7e165-967c-4b8d-9319-53035a41316d (type: router_ports) to 2
2026-07-15 06:07:02.131 9 INFO neutron.wsgi [None req-577cf569-d551-4cae-9ea8-acb49109f16f e3a796f079c947aca155d350f8ff4036 4b2371c4cbe84eaabf89af1e172d33d7 - - default default] 10.0.0.181 "PUT /v2.0/routers/283e3481-204a-4700-9d3f-1d2ac1c32cb8/add_router_interface HTTP/1.1" status: 200 len: 503 time: 2.3263278
2026-07-15 06:07:02.151 9 INFO neutron.wsgi [None req-0336a6c9-8cae-4da1-8b0a-e85ca3ad10e0 b6dc89422b6745d591dba560b4a8ae1f c69d0ea86238450cb8bbaf0be893abd3 - - default default] 10.0.0.181 "GET /v2.0/routers HTTP/1.1" status: 200 len: 872 time: 0.0815847
2026-07-15 06:07:02.242 10 INFO neutron.wsgi [None req-85439598-f900-429a-9e53-4ed49f10e24d ab78b2258bb04c22ba6db3c95d874cfd 27cfb0559bdb47b7a49cbbf8cef7481f - - default default] 10.0.0.181 "GET /v2.0/networks HTTP/1.1" status: 200 len: 4629 time: 0.1049953
2026-07-15 06:07:02.293 10 INFO neutron.wsgi [None req-95b2151f-2fb3-404b-9717-0c5c132fbe2f ab78b2258bb04c22ba6db3c95d874cfd 27cfb0559bdb47b7a49cbbf8cef7481f - - default default] 10.0.0.181 "GET /v2.0/subnets HTTP/1.1" status: 200 len: 3404 time: 0.0447419
2026-07-15 06:07:02.430 10 INFO neutron.wsgi [None req-e3d1eebb-9320-4fbe-80a8-0494abe5fe26 ab78b2258bb04c22ba6db3c95d874cfd 27cfb0559bdb47b7a49cbbf8cef7481f - - default default] 10.0.0.181 "GET /v2.0/routers HTTP/1.1" status: 200 len: 2886 time: 0.1297619
2026-07-15 06:07:02.499 10 WARNING neutron_lib.context [None req-b78758cd-92ff-4f60-8783-45ad1aaecf7e e3a796f079c947aca155d350f8ff4036 4b2371c4cbe84eaabf89af1e172d33d7 - - default default] Method 'is_advsvc' is deprecated since 2023.2 release (neutron-lib 3.8.0) and will be removed once support for the old RBAC API policies will be removed from Neutron. Please use method 'is_service_role' instead.
2026-07-15 06:07:02.656 9 INFO neutron.db.ovn_revision_numbers_db [None req-9bcb04ff-194a-4270-af63-b2423da13ae5 b6dc89422b6745d591dba560b4a8ae1f c69d0ea86238450cb8bbaf0be893abd3 - - default default] Successfully bumped revision number for resource 85286f5e-f56a-427b-93f7-e9c60ca89bfb (type: routers) to 3
2026-07-15 06:07:02.660 9 INFO neutron.wsgi [None req-9bcb04ff-194a-4270-af63-b2423da13ae5 b6dc89422b6745d591dba560b4a8ae1f c69d0ea86238450cb8bbaf0be893abd3 - - default default] 10.0.0.181 "PUT /v2.0/routers/85286f5e-f56a-427b-93f7-e9c60ca89bfb HTTP/1.1" status: 200 len: 876 time: 0.5003653
2026-07-15 06:07:02.673 10 INFO neutron.db.ovn_revision_numbers_db [None req-b78758cd-92ff-4f60-8783-45ad1aaecf7e e3a796f079c947aca155d350f8ff4036 4b2371c4cbe84eaabf89af1e172d33d7 - - default default] Successfully bumped revision number for resource 9af5a19b-b360-41ff-86a1-4a5595f6b7af (type: security_groups) to 1
2026-07-15 06:07:02.689 10 INFO neutron.db.ovn_revision_numbers_db [None req-b78758cd-92ff-4f60-8783-45ad1aaecf7e e3a796f079c947aca155d350f8ff4036 4b2371c4cbe84eaabf89af1e172d33d7 - - default default] Successfully bumped revision number for resource 227bcc98-f4d0-4775-ba43-e1858f8579fa (type: security_group_rules) to 0
2026-07-15 06:07:02.733 10 INFO neutron.db.ovn_revision_numbers_db [None req-b78758cd-92ff-4f60-8783-45ad1aaecf7e e3a796f079c947aca155d350f8ff4036 4b2371c4cbe84eaabf89af1e172d33d7 - - default default] Successfully bumped revision number for resource f2c6ec18-dc9b-48f4-9385-4f8243b6407f (type: security_group_rules) to 0
2026-07-15 06:07:02.749 9 INFO neutron.wsgi [None req-5da9b69d-8cc6-4d1b-b156-ec6e3d052231 b6dc89422b6745d591dba560b4a8ae1f c69d0ea86238450cb8bbaf0be893abd3 - - default default] 10.0.0.181 "GET /v2.0/routers/85286f5e-f56a-427b-93f7-e9c60ca89bfb HTTP/1.1" status: 200 len: 876 time: 0.0802720
2026-07-15 06:07:02.765 10 INFO neutron.wsgi [None req-b78758cd-92ff-4f60-8783-45ad1aaecf7e e3a796f079c947aca155d350f8ff4036 4b2371c4cbe84eaabf89af1e172d33d7 - - default default] 10.0.0.181 "POST /v2.0/security-groups HTTP/1.1" status: 201 len: 1811 time: 0.2735033
2026-07-15 06:07:02.776 10 WARNING neutron_lib.context [None req-9ead1e8b-79b5-47b2-8caf-4dc87fd9f117 e3a796f079c947aca155d350f8ff4036 4b2371c4cbe84eaabf89af1e172d33d7 - - default default] Method 'is_advsvc' is deprecated since 2023.2 release (neutron-lib 3.8.0) and will be removed once support for the old RBAC API policies will be removed from Neutron. Please use method 'is_service_role' instead.
2026-07-15 06:07:02.784 9 INFO neutron.wsgi [None req-de631392-69f3-449e-aa1b-52dfaf943e77 b6dc89422b6745d591dba560b4a8ae1f c69d0ea86238450cb8bbaf0be893abd3 - - default default] 10.0.0.181 "GET /v2.0/ports?device_id=85286f5e-f56a-427b-93f7-e9c60ca89bfb HTTP/1.1" status: 200 len: 205 time: 0.0236902
2026-07-15 06:07:02.898 10 INFO neutron.db.ovn_revision_numbers_db [None req-9ead1e8b-79b5-47b2-8caf-4dc87fd9f117 e3a796f079c947aca155d350f8ff4036 4b2371c4cbe84eaabf89af1e172d33d7 - - default default] Successfully bumped revision number for resource 9445786d-cf2c-4b4c-973c-970188f6d100 (type: security_group_rules) to 0
2026-07-15 06:07:02.923 10 INFO neutron.wsgi [None req-9ead1e8b-79b5-47b2-8caf-4dc87fd9f117 e3a796f079c947aca155d350f8ff4036 4b2371c4cbe84eaabf89af1e172d33d7 - - default default] 10.0.0.181 "POST /v2.0/security-group-rules HTTP/1.1" status: 201 len: 764 time: 0.1523838
2026-07-15 06:07:02.933 9 WARNING neutron_lib.context [None req-9b6c441a-9d0b-451c-8e8e-16396d07635e e3a796f079c947aca155d350f8ff4036 4b2371c4cbe84eaabf89af1e172d33d7 - - default default] Method 'is_advsvc' is deprecated since 2023.2 release (neutron-lib 3.8.0) and will be removed once support for the old RBAC API policies will be removed from Neutron. Please use method 'is_service_role' instead.
2026-07-15 06:07:03.170 9 INFO neutron.db.ovn_revision_numbers_db [None req-9b6c441a-9d0b-451c-8e8e-16396d07635e e3a796f079c947aca155d350f8ff4036 4b2371c4cbe84eaabf89af1e172d33d7 - - default default] Successfully bumped revision number for resource 72a5b213-156f-40fe-9f67-17a2da236edd (type: security_group_rules) to 0
2026-07-15 06:07:03.206 9 INFO neutron.wsgi [None req-9b6c441a-9d0b-451c-8e8e-16396d07635e e3a796f079c947aca155d350f8ff4036 4b2371c4cbe84eaabf89af1e172d33d7 - - default default] 10.0.0.181 "POST /v2.0/security-group-rules HTTP/1.1" status: 201 len: 763 time: 0.2779393
2026-07-15 06:07:03.218 9 WARNING neutron_lib.context [None req-3b0a97d2-72d6-4e7d-875a-b3089d8b9e74 e3a796f079c947aca155d350f8ff4036 4b2371c4cbe84eaabf89af1e172d33d7 - - default default] Method 'is_advsvc' is deprecated since 2023.2 release (neutron-lib 3.8.0) and will be removed once support for the old RBAC API policies will be removed from Neutron. Please use method 'is_service_role' instead.
2026-07-15 06:07:03.430 9 INFO neutron.db.ovn_revision_numbers_db [None req-3b0a97d2-72d6-4e7d-875a-b3089d8b9e74 e3a796f079c947aca155d350f8ff4036 4b2371c4cbe84eaabf89af1e172d33d7 - - default default] Successfully bumped revision number for resource e690aea6-f0e1-4693-bedf-72049b2973d7 (type: security_group_rules) to 0
2026-07-15 06:07:03.578 9 INFO neutron.wsgi [None req-3b0a97d2-72d6-4e7d-875a-b3089d8b9e74 e3a796f079c947aca155d350f8ff4036 4b2371c4cbe84eaabf89af1e172d33d7 - - default default] 10.0.0.181 "POST /v2.0/security-group-rules HTTP/1.1" status: 201 len: 769 time: 0.3645959
2026-07-15 06:07:03.599 10 WARNING neutron_lib.context [None req-33490ccd-0097-43ca-824b-f1fae5d6078a e3a796f079c947aca155d350f8ff4036 4b2371c4cbe84eaabf89af1e172d33d7 - - default default] Method 'is_advsvc' is deprecated since 2023.2 release (neutron-lib 3.8.0) and will be removed once support for the old RBAC API policies will be removed from Neutron. Please use method 'is_service_role' instead.
2026-07-15 06:07:03.784 10 INFO neutron.db.ovn_revision_numbers_db [None req-33490ccd-0097-43ca-824b-f1fae5d6078a e3a796f079c947aca155d350f8ff4036 4b2371c4cbe84eaabf89af1e172d33d7 - - default default] Successfully bumped revision number for resource 488a87cc-8723-4d7e-b4b5-5a3a44c3f122 (type: security_group_rules) to 0
2026-07-15 06:07:03.811 10 INFO neutron.wsgi [None req-33490ccd-0097-43ca-824b-f1fae5d6078a e3a796f079c947aca155d350f8ff4036 4b2371c4cbe84eaabf89af1e172d33d7 - - default default] 10.0.0.181 "POST /v2.0/security-group-rules HTTP/1.1" status: 201 len: 768 time: 0.2192583
2026-07-15 06:07:03.838 9 WARNING neutron_lib.context [None req-ad93ad62-fb4c-4657-a523-3ad33ed85e4d e3a796f079c947aca155d350f8ff4036 4b2371c4cbe84eaabf89af1e172d33d7 - - default default] Method 'is_advsvc' is deprecated since 2023.2 release (neutron-lib 3.8.0) and will be removed once support for the old RBAC API policies will be removed from Neutron. Please use method 'is_service_role' instead.
2026-07-15 06:07:03.880 9 INFO neutron.db.securitygroups_db [None req-ad93ad62-fb4c-4657-a523-3ad33ed85e4d e3a796f079c947aca155d350f8ff4036 4b2371c4cbe84eaabf89af1e172d33d7 - - default default] Project 4b2371c4cbe84eaabf89af1e172d33d7 added a security group rule with legacy IPv6 ICMP protocol name icmp, ipv6-icmp should be used instead. It was automatically converted.
2026-07-15 06:07:03.891 10 WARNING neutron.plugins.ml2.drivers.ovn.mech_driver.ovsdb.ovn_client [None req-80fc0f6d-713c-4715-9cb0-d8a907150370 - - - - - -] No port found with ID f9e8ce35-ab26-42d8-8dfc-a99e39fe483d: RuntimeError: No port found with ID f9e8ce35-ab26-42d8-8dfc-a99e39fe483d
2026-07-15 06:07:03.949 9 INFO neutron.wsgi [None req-04937158-13f0-419d-a1ac-afaa9e696b39 b6dc89422b6745d591dba560b4a8ae1f c69d0ea86238450cb8bbaf0be893abd3 - - default default] 10.0.0.181 "DELETE /v2.0/routers/85286f5e-f56a-427b-93f7-e9c60ca89bfb HTTP/1.1" status: 204 len: 168 time: 1.1562417
2026-07-15 06:07:03.972 9 INFO neutron.wsgi [None req-dbb4f2a8-ad52-4d3b-af7b-73acb5c6d261 b6dc89422b6745d591dba560b4a8ae1f c69d0ea86238450cb8bbaf0be893abd3 - - default default] 10.0.0.181 "GET /v2.0/ports?device_id=85286f5e-f56a-427b-93f7-e9c60ca89bfb HTTP/1.1" status: 200 len: 205 time: 0.0170562
2026-07-15 06:07:03.998 9 INFO neutron.api.v2.resource [None req-65ba042d-64aa-4969-9d7f-847a477a2704 b6dc89422b6745d591dba560b4a8ae1f c69d0ea86238450cb8bbaf0be893abd3 - - default default] delete failed (client error): The resource could not be found.
2026-07-15 06:07:03.999 9 INFO neutron.wsgi [None req-65ba042d-64aa-4969-9d7f-847a477a2704 b6dc89422b6745d591dba560b4a8ae1f c69d0ea86238450cb8bbaf0be893abd3 - - default default] 10.0.0.181 "DELETE /v2.0/routers/85286f5e-f56a-427b-93f7-e9c60ca89bfb HTTP/1.1" status: 404 len: 336 time: 0.0231555
2026-07-15 06:07:04.022 9 INFO neutron.wsgi [None req-54cb4286-c41f-4767-9149-e35bda17cb8a b6dc89422b6745d591dba560b4a8ae1f c69d0ea86238450cb8bbaf0be893abd3 - - default default] 10.0.0.181 "GET /v2.0/ports?device_id=013252cc-8563-4afe-b8bb-f9e17e6700be HTTP/1.1" status: 200 len: 205 time: 0.0194967 /var/lib/openstack/lib/python3.10/site-packages/pycadf/identifier.py:71: UserWarning: Invalid uuid: neutron. To ensure interoperability, identifiers should be a valid uuid. warnings.warn(('Invalid uuid: %s. To ensure interoperability, '
2026-07-15 06:07:04.055 9 INFO neutron.db.ovn_revision_numbers_db [None req-ad93ad62-fb4c-4657-a523-3ad33ed85e4d e3a796f079c947aca155d350f8ff4036 4b2371c4cbe84eaabf89af1e172d33d7 - - default default] Successfully bumped revision number for resource b9e364df-820f-400a-b8f7-bebe773bc46f (type: security_group_rules) to 0
2026-07-15 06:07:04.078 10 INFO neutron.api.v2.resource [None req-b08adcb6-2d4c-4f43-af63-236759d10426 b6dc89422b6745d591dba560b4a8ae1f c69d0ea86238450cb8bbaf0be893abd3 - - default default] delete failed (client error): The resource could not be found.
2026-07-15 06:07:04.079 9 INFO neutron.wsgi [None req-ad93ad62-fb4c-4657-a523-3ad33ed85e4d e3a796f079c947aca155d350f8ff4036 4b2371c4cbe84eaabf89af1e172d33d7 - - default default] 10.0.0.181 "POST /v2.0/security-group-rules HTTP/1.1" status: 201 len: 774 time: 0.2602468
2026-07-15 06:07:04.080 10 INFO neutron.wsgi [None req-b08adcb6-2d4c-4f43-af63-236759d10426 b6dc89422b6745d591dba560b4a8ae1f c69d0ea86238450cb8bbaf0be893abd3 - - default default] 10.0.0.181 "DELETE /v2.0/routers/013252cc-8563-4afe-b8bb-f9e17e6700be HTTP/1.1" status: 404 len: 336 time: 0.0511646
2026-07-15 06:07:04.095 9 WARNING neutron_lib.context [None req-c40bd2c6-fd4b-4c69-b011-6517b8b77dd5 e3a796f079c947aca155d350f8ff4036 4b2371c4cbe84eaabf89af1e172d33d7 - - default default] Method 'is_advsvc' is deprecated since 2023.2 release (neutron-lib 3.8.0) and will be removed once support for the old RBAC API policies will be removed from Neutron. Please use method 'is_service_role' instead.
2026-07-15 06:07:04.107 10 INFO neutron.pecan_wsgi.hooks.translation [None req-36039309-cafc-4d7f-a41c-38adbc9ead1d b6dc89422b6745d591dba560b4a8ae1f c69d0ea86238450cb8bbaf0be893abd3 - - default default] DELETE failed (client error): The resource could not be found.
2026-07-15 06:07:04.110 10 INFO neutron.wsgi [None req-36039309-cafc-4d7f-a41c-38adbc9ead1d b6dc89422b6745d591dba560b4a8ae1f c69d0ea86238450cb8bbaf0be893abd3 - - default default] 10.0.0.181 "DELETE /v2.0/subnets/4af2c3c1-f86c-4e87-8919-759755adcb6b HTTP/1.1" status: 404 len: 337 time: 0.0236890
2026-07-15 06:07:04.124 9 INFO neutron.db.securitygroups_db [None req-c40bd2c6-fd4b-4c69-b011-6517b8b77dd5 e3a796f079c947aca155d350f8ff4036 4b2371c4cbe84eaabf89af1e172d33d7 - - default default] Project 4b2371c4cbe84eaabf89af1e172d33d7 added a security group rule with legacy IPv6 ICMP protocol name icmp, ipv6-icmp should be used instead. It was automatically converted.
2026-07-15 06:07:04.139 10 INFO neutron.wsgi [None req-d56e572c-3d1f-4f6e-a475-e2e8283e5f43 b6dc89422b6745d591dba560b4a8ae1f c69d0ea86238450cb8bbaf0be893abd3 - - default default] 10.0.0.181 "GET /v2.0/ports?device_id=59330c61-b275-4d33-b69b-3a2aaae0d879 HTTP/1.1" status: 200 len: 205 time: 0.0236316
2026-07-15 06:07:04.173 10 INFO neutron.api.v2.resource [None req-206ea64e-2b76-4874-9e8b-f5b48337f8f2 b6dc89422b6745d591dba560b4a8ae1f c69d0ea86238450cb8bbaf0be893abd3 - - default default] delete failed (client error): The resource could not be found.
2026-07-15 06:07:04.175 10 INFO neutron.wsgi [None req-206ea64e-2b76-4874-9e8b-f5b48337f8f2 b6dc89422b6745d591dba560b4a8ae1f c69d0ea86238450cb8bbaf0be893abd3 - - default default] 10.0.0.181 "DELETE /v2.0/routers/59330c61-b275-4d33-b69b-3a2aaae0d879 HTTP/1.1" status: 404 len: 336 time: 0.0290737
2026-07-15 06:07:04.198 10 INFO neutron.pecan_wsgi.hooks.translation [None req-fcdaa0e2-0172-4a75-ba9f-835ea2d813db b6dc89422b6745d591dba560b4a8ae1f c69d0ea86238450cb8bbaf0be893abd3 - - default default] DELETE failed (client error): The resource could not be found.
2026-07-15 06:07:04.201 10 INFO neutron.wsgi [None req-fcdaa0e2-0172-4a75-ba9f-835ea2d813db b6dc89422b6745d591dba560b4a8ae1f c69d0ea86238450cb8bbaf0be893abd3 - - default default] 10.0.0.181 "DELETE /v2.0/subnets/0adc8c24-1671-438b-9842-012bcc288d63 HTTP/1.1" status: 404 len: 337 time: 0.0212717
2026-07-15 06:07:04.235 10 INFO neutron.wsgi [None req-50feea6b-298d-4401-859e-56edeee9d96a b6dc89422b6745d591dba560b4a8ae1f c69d0ea86238450cb8bbaf0be893abd3 - - default default] 10.0.0.181 "GET /v2.0/ports?device_id=4da524fe-dcb5-4856-bf94-7232c7fb1026 HTTP/1.1" status: 200 len: 205 time: 0.0284283
2026-07-15 06:07:04.262 9 INFO neutron.db.ovn_revision_numbers_db [None req-c40bd2c6-fd4b-4c69-b011-6517b8b77dd5 e3a796f079c947aca155d350f8ff4036 4b2371c4cbe84eaabf89af1e172d33d7 - - default default] Successfully bumped revision number for resource b166f76c-40f5-4ab9-a3d0-4ecaac9fe2e3 (type: security_group_rules) to 0
2026-07-15 06:07:04.270 10 INFO neutron.api.v2.resource [None req-a9744730-df66-4a95-9d83-a1da9cdddf81 b6dc89422b6745d591dba560b4a8ae1f c69d0ea86238450cb8bbaf0be893abd3 - - default default] delete failed (client error): The resource could not be found.
2026-07-15 06:07:04.272 10 INFO neutron.wsgi [None req-a9744730-df66-4a95-9d83-a1da9cdddf81 b6dc89422b6745d591dba560b4a8ae1f c69d0ea86238450cb8bbaf0be893abd3 - - default default] 10.0.0.181 "DELETE /v2.0/routers/4da524fe-dcb5-4856-bf94-7232c7fb1026 HTTP/1.1" status: 404 len: 336 time: 0.0289159
2026-07-15 06:07:04.289 9 INFO neutron.wsgi [None req-c40bd2c6-fd4b-4c69-b011-6517b8b77dd5 e3a796f079c947aca155d350f8ff4036 4b2371c4cbe84eaabf89af1e172d33d7 - - default default] 10.0.0.181 "POST /v2.0/security-group-rules HTTP/1.1" status: 201 len: 773 time: 0.2028947
2026-07-15 06:07:04.294 10 INFO neutron.pecan_wsgi.hooks.translation [None req-d22d7b83-44de-4f5b-8014-550952b8a3b7 b6dc89422b6745d591dba560b4a8ae1f c69d0ea86238450cb8bbaf0be893abd3 - - default default] DELETE failed (client error): The resource could not be found.
2026-07-15 06:07:04.297 10 INFO neutron.wsgi [None req-d22d7b83-44de-4f5b-8014-550952b8a3b7 b6dc89422b6745d591dba560b4a8ae1f c69d0ea86238450cb8bbaf0be893abd3 - - default default] 10.0.0.181 "DELETE /v2.0/subnets/3033f1c0-d1cb-4d46-b180-f3e6947d4a32 HTTP/1.1" status: 404 len: 337 time: 0.0193508
2026-07-15 06:07:04.324 10 INFO neutron.pecan_wsgi.hooks.translation [None req-f2d18f0e-36d4-4e96-be0c-c907524d0789 b6dc89422b6745d591dba560b4a8ae1f c69d0ea86238450cb8bbaf0be893abd3 - - default default] DELETE failed (client error): The resource could not be found.
2026-07-15 06:07:04.327 10 INFO neutron.wsgi [None req-f2d18f0e-36d4-4e96-be0c-c907524d0789 b6dc89422b6745d591dba560b4a8ae1f c69d0ea86238450cb8bbaf0be893abd3 - - default default] 10.0.0.181 "DELETE /v2.0/subnets/9e26b88c-9105-456d-83bc-fd1ccad63c10 HTTP/1.1" status: 404 len: 337 time: 0.0241637
2026-07-15 06:07:04.371 9 INFO neutron.db.ovn_revision_numbers_db [None req-369c1578-3fcb-4346-8bfd-4d9585a576cb b74d0f6850a24e4db72747476cff5a28 793826d128cb404e972d2611e7ca6d6f - - default default] Successfully bumped revision number for resource 7716de61-6132-46ba-bb60-891a029c0e9d (type: security_groups) to 1
2026-07-15 06:07:04.386 9 INFO neutron.db.ovn_revision_numbers_db [None req-369c1578-3fcb-4346-8bfd-4d9585a576cb b74d0f6850a24e4db72747476cff5a28 793826d128cb404e972d2611e7ca6d6f - - default default] Successfully bumped revision number for resource 2c25c4ae-76e1-45bb-914c-29657083743a (type: security_group_rules) to 0
2026-07-15 06:07:04.400 9 INFO neutron.db.ovn_revision_numbers_db [None req-369c1578-3fcb-4346-8bfd-4d9585a576cb b74d0f6850a24e4db72747476cff5a28 793826d128cb404e972d2611e7ca6d6f - - default default] Successfully bumped revision number for resource aa178e7c-3eb0-4dc4-84bb-288806f875aa (type: security_group_rules) to 0
2026-07-15 06:07:04.415 9 INFO neutron.db.ovn_revision_numbers_db [None req-369c1578-3fcb-4346-8bfd-4d9585a576cb b74d0f6850a24e4db72747476cff5a28 793826d128cb404e972d2611e7ca6d6f - - default default] Successfully bumped revision number for resource b8c0c818-ca8b-4959-8a30-cc0b84f18cc4 (type: security_group_rules) to 0
2026-07-15 06:07:04.445 9 INFO neutron.db.ovn_revision_numbers_db [None req-369c1578-3fcb-4346-8bfd-4d9585a576cb b74d0f6850a24e4db72747476cff5a28 793826d128cb404e972d2611e7ca6d6f - - default default] Successfully bumped revision number for resource ce58f631-d68a-4c11-81ac-a5a95bd6c887 (type: security_group_rules) to 0
2026-07-15 06:07:04.478 9 INFO neutron.wsgi [None req-369c1578-3fcb-4346-8bfd-4d9585a576cb b74d0f6850a24e4db72747476cff5a28 793826d128cb404e972d2611e7ca6d6f - - default default] 10.0.0.181 "GET /v2.0/security-groups?tenant_id=86d29245811045f8955aee9de0c7336f&name=default HTTP/1.1" status: 200 len: 2996 time: 0.3684242
2026-07-15 06:07:04.755 9 INFO neutron.wsgi [None req-d3f9298a-0b49-4dc9-ab3e-dcbc31af4089 b74d0f6850a24e4db72747476cff5a28 793826d128cb404e972d2611e7ca6d6f - - default default] 10.0.0.181 "DELETE /v2.0/security-groups/7716de61-6132-46ba-bb60-891a029c0e9d HTTP/1.1" status: 204 len: 168 time: 0.2733748
2026-07-15 06:07:04.860 9 INFO neutron.wsgi [None req-e1f70546-a677-42e1-ab14-7795aeb6f53f e3a796f079c947aca155d350f8ff4036 4b2371c4cbe84eaabf89af1e172d33d7 - - default default] 10.0.0.181 "GET /v2.0/networks HTTP/1.1" status: 200 len: 1493 time: 0.1892729
2026-07-15 06:07:04.979 9 INFO neutron.wsgi [req-2d95a82d-6ba3-4ef3-96a3-c53e2c9181af req-97b1bb8a-c56f-4d83-b397-6ac6f88e00aa e3a796f079c947aca155d350f8ff4036 4b2371c4cbe84eaabf89af1e172d33d7 - - default default] 10.0.0.240 "GET /v2.0/security-groups?name=tempest-secgroup-smoke-1019366170&fields=id&tenant_id=4b2371c4cbe84eaabf89af1e172d33d7 HTTP/1.1" status: 200 len: 267 time: 0.0430427
2026-07-15 06:07:05.078 10 INFO neutron.wsgi [None req-7223d637-b4fc-45dd-bfaa-eeea576af5dd b74d0f6850a24e4db72747476cff5a28 793826d128cb404e972d2611e7ca6d6f - - default default] 10.0.0.181 "GET /v2.0/security-groups?tenant_id=c69d0ea86238450cb8bbaf0be893abd3&name=default HTTP/1.1" status: 200 len: 2996 time: 0.2312765
2026-07-15 06:07:05.280 10 INFO neutron.wsgi [None req-0a1aa5c6-4238-4b0c-a478-02fe1063e435 b74d0f6850a24e4db72747476cff5a28 793826d128cb404e972d2611e7ca6d6f - - default default] 10.0.0.181 "DELETE /v2.0/security-groups/1afc0979-6414-477a-a759-b5cc605dd558 HTTP/1.1" status: 204 len: 168 time: 0.1951654
2026-07-15 06:07:05.493 9 INFO neutron.wsgi [req-2d95a82d-6ba3-4ef3-96a3-c53e2c9181af req-f776bd0a-fc0e-4463-81c3-6b630849328d e3a796f079c947aca155d350f8ff4036 4b2371c4cbe84eaabf89af1e172d33d7 - - default default] 10.0.0.240 "GET /v2.0/networks?id=1f140499-2c96-4b08-816f-8ff1089bb765 HTTP/1.1" status: 200 len: 860 time: 0.5064254
2026-07-15 06:07:05.521 9 INFO neutron.wsgi [req-2d95a82d-6ba3-4ef3-96a3-c53e2c9181af req-49cf8da5-cf76-4a15-9f1e-5fab0e0d0cf4 e3a796f079c947aca155d350f8ff4036 4b2371c4cbe84eaabf89af1e172d33d7 - - default default] 10.0.0.240 "GET /v2.0/quotas/4b2371c4cbe84eaabf89af1e172d33d7 HTTP/1.1" status: 200 len: 386 time: 0.0204468
2026-07-15 06:07:05.615 9 INFO neutron.wsgi [req-d946c4bd-72d0-4733-ace1-2c98db0daba6 req-f9c7225e-7b18-4e82-883c-8106a8f67800 a4b9d0472d8c464f8a3a8a9fd54aabc6 3627fc2ae5e44311a571f17ed794249c - - default default] 10.0.0.240 "GET /v2.0/ports?device_id=16573610-27f9-47c2-accb-16a05408efba HTTP/1.1" status: 200 len: 1210 time: 0.5834892
2026-07-15 06:07:05.699 9 INFO neutron.wsgi [req-2d95a82d-6ba3-4ef3-96a3-c53e2c9181af req-ff9d4348-ff38-4360-a274-957e8e967475 e3a796f079c947aca155d350f8ff4036 4b2371c4cbe84eaabf89af1e172d33d7 - - default default] 10.0.0.240 "GET /v2.0/ports?tenant_id=4b2371c4cbe84eaabf89af1e172d33d7&fields=id HTTP/1.1" status: 200 len: 302 time: 0.1688373
2026-07-15 06:07:05.703 9 INFO neutron.wsgi [req-d946c4bd-72d0-4733-ace1-2c98db0daba6 req-28f840ff-c5e8-4be0-ad24-3b5d5b16c773 a4b9d0472d8c464f8a3a8a9fd54aabc6 3627fc2ae5e44311a571f17ed794249c - - default default] 10.0.0.240 "GET /v2.0/security-groups?id=4ecb9cf8-37bf-48a6-87f4-3f50c4171eaa&id=4a9b03ad-62d1-46cc-ad13-679f5a329999&fields=id&fields=name HTTP/1.1" status: 200 len: 404 time: 0.0796638
2026-07-15 06:07:05.788 9 INFO neutron.wsgi [req-2d95a82d-6ba3-4ef3-96a3-c53e2c9181af req-40c3c49a-3685-4fcc-96da-4637002e62e5 f6874e0a7cdd4670a81148cd0d9e005d e1876e7429b34c7381d13da8019991be - - 0c8a729e6dab4f17a284c6fa56afbc8a 0c8a729e6dab4f17a284c6fa56afbc8a] 10.0.0.240 "GET /v2.0/networks/1f140499-2c96-4b08-816f-8ff1089bb765?fields=segments HTTP/1.1" status: 200 len: 212 time: 0.0728359
2026-07-15 06:07:05.877 9 INFO neutron.wsgi [req-2d95a82d-6ba3-4ef3-96a3-c53e2c9181af req-3bbbe972-aa05-40b3-876e-20d9220c9b8a f6874e0a7cdd4670a81148cd0d9e005d e1876e7429b34c7381d13da8019991be - - 0c8a729e6dab4f17a284c6fa56afbc8a 0c8a729e6dab4f17a284c6fa56afbc8a] 10.0.0.240 "GET /v2.0/networks/1f140499-2c96-4b08-816f-8ff1089bb765?fields=provider%3Aphysical_network&fields=provider%3Anetwork_type HTTP/1.1" status: 200 len: 277 time: 0.0799923
2026-07-15 06:07:06.014 10 INFO neutron.wsgi [None req-ec9fcb1b-eb02-4e0a-93bf-8e3bfaa6a96e c12144f99ab445f588ffef6b636c002f 74620764fab04dd2a99eecd85a8c9869 - - default default] 10.0.0.181 "GET /v2.0/ports?device_id=16573610-27f9-47c2-accb-16a05408efba HTTP/1.1" status: 200 len: 1443 time: 0.2631977
2026-07-15 06:07:06.042 9 INFO neutron.wsgi [req-2eea9053-7fe6-4398-98cd-91039937ef3d req-af9f2774-d9c3-47cf-bca6-e55d9cba8e74 e3a796f079c947aca155d350f8ff4036 4b2371c4cbe84eaabf89af1e172d33d7 - - default default] 10.0.0.240 "GET /v2.0/ports?device_id=6d8785c7-8b50-4889-8b80-bd2c10aad764 HTTP/1.1" status: 200 len: 210 time: 0.0255370
2026-07-15 06:07:06.119 10 INFO neutron.wsgi [None req-6bbd5ce8-3450-403c-8eb9-081f7975dbd5 a4b9d0472d8c464f8a3a8a9fd54aabc6 3627fc2ae5e44311a571f17ed794249c - - default default] 10.0.0.181 "GET /v2.0/floatingips?floating_network_id=85d8c101-1625-4351-9175-849136598975&port_id=78d365f4-dbdb-4322-b7df-cf78b219cfc0 HTTP/1.1" status: 200 len: 1054 time: 0.0966218
2026-07-15 06:07:06.122 10 INFO neutron.wsgi [req-41080ad4-11ee-4739-a018-f39bc4f44278 req-2fbcbe1f-b7c2-4218-a34c-617c2cda160e f6874e0a7cdd4670a81148cd0d9e005d e1876e7429b34c7381d13da8019991be - - 0c8a729e6dab4f17a284c6fa56afbc8a 0c8a729e6dab4f17a284c6fa56afbc8a] 199.204.45.116 "GET /v2.0/ports?device_id=16573610-27f9-47c2-accb-16a05408efba&fields=binding%3Ahost_id&fields=binding%3Avif_type HTTP/1.1" status: 200 len: 265 time: 0.0466268
2026-07-15 06:07:06.205 10 INFO neutron.wsgi [req-41080ad4-11ee-4739-a018-f39bc4f44278 req-57aa89f4-27c0-410d-bd87-f7aacaa25fed f6874e0a7cdd4670a81148cd0d9e005d e1876e7429b34c7381d13da8019991be - - 0c8a729e6dab4f17a284c6fa56afbc8a 0c8a729e6dab4f17a284c6fa56afbc8a] 199.204.45.116 "GET /v2.0/ports?tenant_id=3627fc2ae5e44311a571f17ed794249c&device_id=16573610-27f9-47c2-accb-16a05408efba HTTP/1.1" status: 200 len: 1448 time: 0.0383143
2026-07-15 06:07:06.297 10 INFO neutron.wsgi [req-41080ad4-11ee-4739-a018-f39bc4f44278 req-c6d9aca8-eb0c-4d85-be2d-328d2f7c469d f6874e0a7cdd4670a81148cd0d9e005d e1876e7429b34c7381d13da8019991be - - 0c8a729e6dab4f17a284c6fa56afbc8a 0c8a729e6dab4f17a284c6fa56afbc8a] 199.204.45.116 "GET /v2.0/networks?id=2040be7f-439c-46df-89ab-5dc465868321 HTTP/1.1" status: 200 len: 971 time: 0.0665805
2026-07-15 06:07:06.349 10 INFO neutron.wsgi [req-41080ad4-11ee-4739-a018-f39bc4f44278 req-058484f3-6fbe-4837-bc69-3c52503e413e f6874e0a7cdd4670a81148cd0d9e005d e1876e7429b34c7381d13da8019991be - - 0c8a729e6dab4f17a284c6fa56afbc8a 0c8a729e6dab4f17a284c6fa56afbc8a] 199.204.45.116 "GET /v2.0/floatingips?fixed_ip_address=10.100.0.9&port_id=78d365f4-dbdb-4322-b7df-cf78b219cfc0 HTTP/1.1" status: 200 len: 1059 time: 0.0457931
2026-07-15 06:07:06.413 10 INFO neutron.wsgi [req-41080ad4-11ee-4739-a018-f39bc4f44278 req-05d53c65-cec4-4ecb-acc2-0727dbf58e51 f6874e0a7cdd4670a81148cd0d9e005d e1876e7429b34c7381d13da8019991be - - 0c8a729e6dab4f17a284c6fa56afbc8a 0c8a729e6dab4f17a284c6fa56afbc8a] 199.204.45.116 "GET /v2.0/subnets?id=b57c54dc-e801-4e77-9e35-c1f4a6a34520 HTTP/1.1" status: 200 len: 866 time: 0.0561731
2026-07-15 06:07:06.417 10 INFO neutron.wsgi [req-6b0607ce-e536-4cff-9347-c627933fb10f req-c243cfdb-4cd8-4e4d-9fa9-6081f3fcb178 f6874e0a7cdd4670a81148cd0d9e005d e1876e7429b34c7381d13da8019991be - - 0c8a729e6dab4f17a284c6fa56afbc8a 0c8a729e6dab4f17a284c6fa56afbc8a] 10.0.0.116 "GET /v2.0/ports?device_id=16573610-27f9-47c2-accb-16a05408efba HTTP/1.1" status: 200 len: 1448 time: 0.0504503
2026-07-15 06:07:06.437 10 INFO neutron.wsgi [req-41080ad4-11ee-4739-a018-f39bc4f44278 req-5417278b-8e60-4eb4-85f4-4da57c00c1c6 f6874e0a7cdd4670a81148cd0d9e005d e1876e7429b34c7381d13da8019991be - - 0c8a729e6dab4f17a284c6fa56afbc8a 0c8a729e6dab4f17a284c6fa56afbc8a] 199.204.45.116 "GET /v2.0/ports?network_id=2040be7f-439c-46df-89ab-5dc465868321&device_owner=network%3Adhcp HTTP/1.1" status: 200 len: 210 time: 0.0188708
2026-07-15 06:07:06.484 10 INFO neutron.wsgi [req-6b0607ce-e536-4cff-9347-c627933fb10f req-dd40a799-2c2b-44d8-a91b-cf833369b902 f6874e0a7cdd4670a81148cd0d9e005d e1876e7429b34c7381d13da8019991be - - 0c8a729e6dab4f17a284c6fa56afbc8a 0c8a729e6dab4f17a284c6fa56afbc8a] 10.0.0.116 "GET /v2.0/security-groups?id=4a9b03ad-62d1-46cc-ad13-679f5a329999&id=4ecb9cf8-37bf-48a6-87f4-3f50c4171eaa&fields=id&fields=name HTTP/1.1" status: 200 len: 404 time: 0.0596900
2026-07-15 06:07:06.507 10 INFO neutron.wsgi [req-41080ad4-11ee-4739-a018-f39bc4f44278 req-5c1dbaf3-d4e1-4de9-a154-53e992a7b120 f6874e0a7cdd4670a81148cd0d9e005d e1876e7429b34c7381d13da8019991be - - 0c8a729e6dab4f17a284c6fa56afbc8a 0c8a729e6dab4f17a284c6fa56afbc8a] 199.204.45.116 "GET /v2.0/networks/2040be7f-439c-46df-89ab-5dc465868321?fields=segments HTTP/1.1" status: 200 len: 212 time: 0.0624433
2026-07-15 06:07:06.586 10 INFO neutron.wsgi [req-41080ad4-11ee-4739-a018-f39bc4f44278 req-bc4890bd-6a3f-4acb-9e55-225f144dd6f7 f6874e0a7cdd4670a81148cd0d9e005d e1876e7429b34c7381d13da8019991be - - 0c8a729e6dab4f17a284c6fa56afbc8a 0c8a729e6dab4f17a284c6fa56afbc8a] 199.204.45.116 "GET /v2.0/networks/2040be7f-439c-46df-89ab-5dc465868321?fields=provider%3Aphysical_network&fields=provider%3Anetwork_type HTTP/1.1" status: 200 len: 277 time: 0.0725524
2026-07-15 06:07:06.943 10 INFO neutron.wsgi [req-2d95a82d-6ba3-4ef3-96a3-c53e2c9181af req-e629af8a-7d36-4dd7-a3f0-44a6d3b1ecb0 e3a796f079c947aca155d350f8ff4036 4b2371c4cbe84eaabf89af1e172d33d7 - - default default] 199.204.45.116 "GET /v2.0/networks?id=1f140499-2c96-4b08-816f-8ff1089bb765 HTTP/1.1" status: 200 len: 860 time: 0.0898671
2026-07-15 06:07:06.992 10 INFO neutron.wsgi [req-2d95a82d-6ba3-4ef3-96a3-c53e2c9181af req-ce556611-f3be-4fa0-a637-d1d8f134a2cd e3a796f079c947aca155d350f8ff4036 4b2371c4cbe84eaabf89af1e172d33d7 - - default default] 199.204.45.116 "GET /v2.0/security-groups?fields=id&fields=name&tenant_id=4b2371c4cbe84eaabf89af1e172d33d7 HTTP/1.1" status: 200 len: 380 time: 0.0445271
2026-07-15 06:07:07.001 10 WARNING neutron_lib.context [req-2d95a82d-6ba3-4ef3-96a3-c53e2c9181af req-d3a4be2c-ac5d-4950-9834-1474e89ab8d1 e3a796f079c947aca155d350f8ff4036 4b2371c4cbe84eaabf89af1e172d33d7 - - default default] Method 'is_advsvc' is deprecated since 2023.2 release (neutron-lib 3.8.0) and will be removed once support for the old RBAC API policies will be removed from Neutron. Please use method 'is_service_role' instead.
2026-07-15 06:07:07.162 9 INFO neutron.wsgi [req-d59e9e21-f823-4d1f-82ef-e9656014160c req-4a784e6f-9b4f-4490-b9c9-a3eb1cc9f4b2 e3a796f079c947aca155d350f8ff4036 4b2371c4cbe84eaabf89af1e172d33d7 - - default default] 10.0.0.240 "GET /v2.0/ports?device_id=6d8785c7-8b50-4889-8b80-bd2c10aad764 HTTP/1.1" status: 200 len: 210 time: 0.0204363
2026-07-15 06:07:07.241 9 WARNING neutron.plugins.ml2.drivers.ovn.mech_driver.ovsdb.ovn_client [None req-90dd9e58-103f-4dbc-b23f-33cab62070df - - - - - -] No hosting information found for port 07c7e165-967c-4b8d-9319-53035a41316d: RuntimeError: No hosting information found for port 07c7e165-967c-4b8d-9319-53035a41316d
2026-07-15 06:07:07.241 9 INFO neutron.plugins.ml2.drivers.ovn.mech_driver.mech_driver [None req-90dd9e58-103f-4dbc-b23f-33cab62070df - - - - - -] OVN reports status up for port: d5d16bc7-15c8-4ee8-b52f-b9320734531c
2026-07-15 06:07:07.342 10 WARNING neutron.scheduler.dhcp_agent_scheduler [req-2d95a82d-6ba3-4ef3-96a3-c53e2c9181af req-d3a4be2c-ac5d-4950-9834-1474e89ab8d1 e3a796f079c947aca155d350f8ff4036 4b2371c4cbe84eaabf89af1e172d33d7 - - default default] No more DHCP agents
2026-07-15 06:07:07.346 10 WARNING neutron.api.rpc.agentnotifiers.dhcp_rpc_agent_api [req-2d95a82d-6ba3-4ef3-96a3-c53e2c9181af req-d3a4be2c-ac5d-4950-9834-1474e89ab8d1 e3a796f079c947aca155d350f8ff4036 4b2371c4cbe84eaabf89af1e172d33d7 - - default default] Unable to schedule network 1f140499-2c96-4b08-816f-8ff1089bb765: no agents available; will retry on subsequent port and subnet creation events.
2026-07-15 06:07:07.534 10 INFO neutron.db.ovn_revision_numbers_db [req-2d95a82d-6ba3-4ef3-96a3-c53e2c9181af req-d3a4be2c-ac5d-4950-9834-1474e89ab8d1 e3a796f079c947aca155d350f8ff4036 4b2371c4cbe84eaabf89af1e172d33d7 - - default default] Successfully bumped revision number for resource ad7eb59c-e84c-443e-95ca-0054736702f2 (type: ports) to 1
2026-07-15 06:07:07.558 10 INFO neutron.wsgi [req-2d95a82d-6ba3-4ef3-96a3-c53e2c9181af req-d3a4be2c-ac5d-4950-9834-1474e89ab8d1 e3a796f079c947aca155d350f8ff4036 4b2371c4cbe84eaabf89af1e172d33d7 - - default default] 199.204.45.116 "POST /v2.0/ports HTTP/1.1" status: 201 len: 1158 time: 0.5625110 /var/lib/openstack/lib/python3.10/site-packages/pycadf/identifier.py:71: UserWarning: Invalid uuid: neutron. To ensure interoperability, identifiers should be a valid uuid. warnings.warn(('Invalid uuid: %s. To ensure interoperability, '
2026-07-15 06:07:08.008 10 INFO neutron.db.ovn_revision_numbers_db [req-2d95a82d-6ba3-4ef3-96a3-c53e2c9181af req-bac8cddb-d965-4dbd-98c4-8c6d361e2f73 f6874e0a7cdd4670a81148cd0d9e005d e1876e7429b34c7381d13da8019991be - - 0c8a729e6dab4f17a284c6fa56afbc8a 0c8a729e6dab4f17a284c6fa56afbc8a] Successfully bumped revision number for resource ad7eb59c-e84c-443e-95ca-0054736702f2 (type: ports) to 2
2026-07-15 06:07:08.207 10 INFO neutron.db.ovn_revision_numbers_db [req-2d95a82d-6ba3-4ef3-96a3-c53e2c9181af req-bac8cddb-d965-4dbd-98c4-8c6d361e2f73 f6874e0a7cdd4670a81148cd0d9e005d e1876e7429b34c7381d13da8019991be - - 0c8a729e6dab4f17a284c6fa56afbc8a 0c8a729e6dab4f17a284c6fa56afbc8a] Successfully bumped revision number for resource ad7eb59c-e84c-443e-95ca-0054736702f2 (type: ports) to 2
2026-07-15 06:07:08.227 10 INFO neutron.wsgi [req-2d95a82d-6ba3-4ef3-96a3-c53e2c9181af req-bac8cddb-d965-4dbd-98c4-8c6d361e2f73 f6874e0a7cdd4670a81148cd0d9e005d e1876e7429b34c7381d13da8019991be - - 0c8a729e6dab4f17a284c6fa56afbc8a 0c8a729e6dab4f17a284c6fa56afbc8a] 199.204.45.116 "PUT /v2.0/ports/ad7eb59c-e84c-443e-95ca-0054736702f2 HTTP/1.1" status: 200 len: 1376 time: 0.6578543
2026-07-15 06:07:08.264 10 INFO neutron.notifiers.nova [-] Nova event matching ['req-6ad32987-d79f-4de4-86f6-4a0d892672ea'] response: {'name': 'network-changed', 'server_uuid': '6d8785c7-8b50-4889-8b80-bd2c10aad764', 'tag': 'ad7eb59c-e84c-443e-95ca-0054736702f2', 'status': 'completed', 'code': 200} /var/lib/openstack/lib/python3.10/site-packages/pycadf/identifier.py:71: UserWarning: Invalid uuid: neutron. To ensure interoperability, identifiers should be a valid uuid. warnings.warn(('Invalid uuid: %s. To ensure interoperability, '
2026-07-15 06:07:08.332 9 INFO neutron.wsgi [req-424528a8-c68a-4958-b8e5-f84b63bc5e91 req-742ea952-030c-4d3b-b6d4-6ee4b103b161 e3a796f079c947aca155d350f8ff4036 4b2371c4cbe84eaabf89af1e172d33d7 - - default default] 10.0.0.240 "GET /v2.0/ports?device_id=6d8785c7-8b50-4889-8b80-bd2c10aad764 HTTP/1.1" status: 200 len: 1168 time: 0.0629201
2026-07-15 06:07:08.340 10 INFO neutron.wsgi [req-2d95a82d-6ba3-4ef3-96a3-c53e2c9181af req-856ab38b-b00c-47c0-8fdf-9a82e9b32452 f6874e0a7cdd4670a81148cd0d9e005d e1876e7429b34c7381d13da8019991be - - 0c8a729e6dab4f17a284c6fa56afbc8a 0c8a729e6dab4f17a284c6fa56afbc8a] 199.204.45.116 "GET /v2.0/ports?tenant_id=4b2371c4cbe84eaabf89af1e172d33d7&device_id=6d8785c7-8b50-4889-8b80-bd2c10aad764 HTTP/1.1" status: 200 len: 1407 time: 0.0629225
2026-07-15 06:07:08.380 9 INFO neutron.wsgi [req-424528a8-c68a-4958-b8e5-f84b63bc5e91 req-36c0a7fe-d657-420a-828a-6e48ddd04624 e3a796f079c947aca155d350f8ff4036 4b2371c4cbe84eaabf89af1e172d33d7 - - default default] 10.0.0.240 "GET /v2.0/security-groups?id=9af5a19b-b360-41ff-86a1-4a5595f6b7af&fields=id&fields=name HTTP/1.1" status: 200 len: 313 time: 0.0421064
2026-07-15 06:07:08.382 10 INFO neutron.wsgi [req-2d95a82d-6ba3-4ef3-96a3-c53e2c9181af req-07f0e393-bb63-4a46-8e62-914707b5b147 f6874e0a7cdd4670a81148cd0d9e005d e1876e7429b34c7381d13da8019991be - - 0c8a729e6dab4f17a284c6fa56afbc8a 0c8a729e6dab4f17a284c6fa56afbc8a] 199.204.45.116 "GET /v2.0/floatingips?fixed_ip_address=10.100.0.9&port_id=ad7eb59c-e84c-443e-95ca-0054736702f2 HTTP/1.1" status: 200 len: 217 time: 0.0341022
2026-07-15 06:07:08.439 10 INFO neutron.wsgi [req-2d95a82d-6ba3-4ef3-96a3-c53e2c9181af req-d6ac8bd4-7e88-4c31-afd2-1dc5097c480e f6874e0a7cdd4670a81148cd0d9e005d e1876e7429b34c7381d13da8019991be - - 0c8a729e6dab4f17a284c6fa56afbc8a 0c8a729e6dab4f17a284c6fa56afbc8a] 199.204.45.116 "GET /v2.0/subnets?id=bada0a51-b247-4f4f-a9e0-6e950aa67a63 HTTP/1.1" status: 200 len: 853 time: 0.0502560
2026-07-15 06:07:08.468 10 INFO neutron.wsgi [req-2d95a82d-6ba3-4ef3-96a3-c53e2c9181af req-30b31fc6-93ca-4b00-85b8-00c018f71e8d f6874e0a7cdd4670a81148cd0d9e005d e1876e7429b34c7381d13da8019991be - - 0c8a729e6dab4f17a284c6fa56afbc8a 0c8a729e6dab4f17a284c6fa56afbc8a] 199.204.45.116 "GET /v2.0/ports?network_id=1f140499-2c96-4b08-816f-8ff1089bb765&device_owner=network%3Adhcp HTTP/1.1" status: 200 len: 210 time: 0.0218778
2026-07-15 06:07:08.541 9 INFO neutron.wsgi [req-b8c1ab9e-e715-441f-9d75-12959f92b72c req-21e13c07-0115-4fcf-a0aa-a3b77013394c a4b9d0472d8c464f8a3a8a9fd54aabc6 3627fc2ae5e44311a571f17ed794249c - - default default] 10.0.0.240 "GET /v2.0/ports?device_id=16573610-27f9-47c2-accb-16a05408efba HTTP/1.1" status: 200 len: 1210 time: 0.0577354
2026-07-15 06:07:08.558 9 INFO neutron.plugins.ml2.drivers.ovn.mech_driver.mech_driver [None req-90dd9e58-103f-4dbc-b23f-33cab62070df - - - - - -] OVN reports status down for port: 78d365f4-dbdb-4322-b7df-cf78b219cfc0
2026-07-15 06:07:08.559 10 INFO neutron.wsgi [req-2d95a82d-6ba3-4ef3-96a3-c53e2c9181af req-9dc229e3-a13f-4db2-9401-f049e0e2541e f6874e0a7cdd4670a81148cd0d9e005d e1876e7429b34c7381d13da8019991be - - 0c8a729e6dab4f17a284c6fa56afbc8a 0c8a729e6dab4f17a284c6fa56afbc8a] 199.204.45.116 "GET /v2.0/networks/1f140499-2c96-4b08-816f-8ff1089bb765?fields=segments HTTP/1.1" status: 200 len: 212 time: 0.0831444
2026-07-15 06:07:08.636 9 INFO neutron.wsgi [req-b8c1ab9e-e715-441f-9d75-12959f92b72c req-6c377b43-ec11-41fb-91f0-ee537c5573a8 a4b9d0472d8c464f8a3a8a9fd54aabc6 3627fc2ae5e44311a571f17ed794249c - - default default] 10.0.0.240 "GET /v2.0/security-groups?id=4ecb9cf8-37bf-48a6-87f4-3f50c4171eaa&id=4a9b03ad-62d1-46cc-ad13-679f5a329999&fields=id&fields=name HTTP/1.1" status: 200 len: 404 time: 0.0854311
2026-07-15 06:07:08.653 10 INFO neutron.wsgi [req-2d95a82d-6ba3-4ef3-96a3-c53e2c9181af req-c4922b83-74b8-4914-91d9-967a3f419fe5 f6874e0a7cdd4670a81148cd0d9e005d e1876e7429b34c7381d13da8019991be - - 0c8a729e6dab4f17a284c6fa56afbc8a 0c8a729e6dab4f17a284c6fa56afbc8a] 199.204.45.116 "GET /v2.0/networks/1f140499-2c96-4b08-816f-8ff1089bb765?fields=provider%3Aphysical_network&fields=provider%3Anetwork_type HTTP/1.1" status: 200 len: 277 time: 0.0839524
2026-07-15 06:07:08.763 10 INFO neutron.wsgi [req-59033d94-4fc3-48e0-b258-6fe4dc62ede5 req-2b4914cc-bef9-46a4-a1ac-cf28df1e18bb f6874e0a7cdd4670a81148cd0d9e005d e1876e7429b34c7381d13da8019991be - - 0c8a729e6dab4f17a284c6fa56afbc8a 0c8a729e6dab4f17a284c6fa56afbc8a] 199.204.45.116 "GET /v2.0/ports?tenant_id=4b2371c4cbe84eaabf89af1e172d33d7&device_id=6d8785c7-8b50-4889-8b80-bd2c10aad764 HTTP/1.1" status: 200 len: 1407 time: 0.0449302
2026-07-15 06:07:08.764 9 INFO neutron.notifiers.nova [-] Nova event matching ['req-0c26c8a4-4945-4dca-bde8-37092c2bad30'] response: {'server_uuid': '16573610-27f9-47c2-accb-16a05408efba', 'name': 'network-vif-unplugged', 'status': 'completed', 'tag': '78d365f4-dbdb-4322-b7df-cf78b219cfc0', 'code': 200}
2026-07-15 06:07:08.863 10 INFO neutron.wsgi [req-59033d94-4fc3-48e0-b258-6fe4dc62ede5 req-a1e220ce-693c-411f-be9f-de318a84d9da f6874e0a7cdd4670a81148cd0d9e005d e1876e7429b34c7381d13da8019991be - - 0c8a729e6dab4f17a284c6fa56afbc8a 0c8a729e6dab4f17a284c6fa56afbc8a] 199.204.45.116 "GET /v2.0/networks?id=1f140499-2c96-4b08-816f-8ff1089bb765 HTTP/1.1" status: 200 len: 958 time: 0.0868723
2026-07-15 06:07:09.009 9 INFO neutron.db.ovn_revision_numbers_db [None req-90dd9e58-103f-4dbc-b23f-33cab62070df - - - - - -] Successfully bumped revision number for resource 78d365f4-dbdb-4322-b7df-cf78b219cfc0 (type: ports) to 5
2026-07-15 06:07:09.035 9 INFO neutron.plugins.ml2.drivers.ovn.mech_driver.mech_driver [None req-90dd9e58-103f-4dbc-b23f-33cab62070df - - - - - -] OVN reports status up for port: ad7eb59c-e84c-443e-95ca-0054736702f2
2026-07-15 06:07:09.076 9 INFO neutron.plugins.ml2.plugin [None req-90dd9e58-103f-4dbc-b23f-33cab62070df - - - - - -] Attempt 1 to provision port ad7eb59c-e84c-443e-95ca-0054736702f2
2026-07-15 06:07:09.235 10 INFO neutron.wsgi [req-59033d94-4fc3-48e0-b258-6fe4dc62ede5 req-3ad0ca1c-8e90-4f28-9ed1-b2aa9e104ac1 f6874e0a7cdd4670a81148cd0d9e005d e1876e7429b34c7381d13da8019991be - - 0c8a729e6dab4f17a284c6fa56afbc8a 0c8a729e6dab4f17a284c6fa56afbc8a] 199.204.45.116 "GET /v2.0/floatingips?fixed_ip_address=10.100.0.9&port_id=ad7eb59c-e84c-443e-95ca-0054736702f2 HTTP/1.1" status: 200 len: 217 time: 0.3565874
2026-07-15 06:07:09.293 10 INFO neutron.wsgi [req-59033d94-4fc3-48e0-b258-6fe4dc62ede5 req-e0fc99fd-4636-4877-a86b-e6cb9ff59877 f6874e0a7cdd4670a81148cd0d9e005d e1876e7429b34c7381d13da8019991be - - 0c8a729e6dab4f17a284c6fa56afbc8a 0c8a729e6dab4f17a284c6fa56afbc8a] 199.204.45.116 "GET /v2.0/subnets?id=bada0a51-b247-4f4f-a9e0-6e950aa67a63 HTTP/1.1" status: 200 len: 853 time: 0.0476787
2026-07-15 06:07:09.323 10 INFO neutron.wsgi [req-59033d94-4fc3-48e0-b258-6fe4dc62ede5 req-a74542f2-0bfb-46a8-bcdb-71cf23d29cb9 f6874e0a7cdd4670a81148cd0d9e005d e1876e7429b34c7381d13da8019991be - - 0c8a729e6dab4f17a284c6fa56afbc8a 0c8a729e6dab4f17a284c6fa56afbc8a] 199.204.45.116 "GET /v2.0/ports?network_id=1f140499-2c96-4b08-816f-8ff1089bb765&device_owner=network%3Adhcp HTTP/1.1" status: 200 len: 210 time: 0.0203295
2026-07-15 06:07:09.329 10 INFO neutron.wsgi [req-31e22412-698e-48d6-bc72-abe261cd138d req-90b8cd34-fad1-4f8d-b3df-d4e637c7ac00 a4b9d0472d8c464f8a3a8a9fd54aabc6 3627fc2ae5e44311a571f17ed794249c - - default default] 199.204.45.116 "GET /v2.0/ports?device_id=16573610-27f9-47c2-accb-16a05408efba HTTP/1.1" status: 200 len: 1208 time: 0.4813507
2026-07-15 06:07:09.385 9 INFO neutron.db.ovn_revision_numbers_db [None req-90dd9e58-103f-4dbc-b23f-33cab62070df - - - - - -] Successfully bumped revision number for resource ad7eb59c-e84c-443e-95ca-0054736702f2 (type: ports) to 4
2026-07-15 06:07:09.429 10 INFO neutron.wsgi [req-59033d94-4fc3-48e0-b258-6fe4dc62ede5 req-b1e4af7b-5101-4911-809a-b6d29af85a5b f6874e0a7cdd4670a81148cd0d9e005d e1876e7429b34c7381d13da8019991be - - 0c8a729e6dab4f17a284c6fa56afbc8a 0c8a729e6dab4f17a284c6fa56afbc8a] 199.204.45.116 "GET /v2.0/networks/1f140499-2c96-4b08-816f-8ff1089bb765?fields=segments HTTP/1.1" status: 200 len: 212 time: 0.0954781 /var/lib/openstack/lib/python3.10/site-packages/pycadf/identifier.py:71: UserWarning: Invalid uuid: neutron. To ensure interoperability, identifiers should be a valid uuid. warnings.warn(('Invalid uuid: %s. To ensure interoperability, '
2026-07-15 06:07:09.497 9 INFO neutron.wsgi [req-2ade101e-b328-4d5b-b150-6bbe9fe309bb req-1856749c-d607-4d59-882e-7d540f9f78f9 e3a796f079c947aca155d350f8ff4036 4b2371c4cbe84eaabf89af1e172d33d7 - - default default] 10.0.0.240 "GET /v2.0/ports?device_id=6d8785c7-8b50-4889-8b80-bd2c10aad764 HTTP/1.1" status: 200 len: 1170 time: 0.0438774
2026-07-15 06:07:09.514 10 INFO neutron.wsgi [req-59033d94-4fc3-48e0-b258-6fe4dc62ede5 req-183d43dc-376e-4fdb-97aa-84a6109a0761 f6874e0a7cdd4670a81148cd0d9e005d e1876e7429b34c7381d13da8019991be - - 0c8a729e6dab4f17a284c6fa56afbc8a 0c8a729e6dab4f17a284c6fa56afbc8a] 199.204.45.116 "GET /v2.0/networks/1f140499-2c96-4b08-816f-8ff1089bb765?fields=provider%3Aphysical_network&fields=provider%3Anetwork_type HTTP/1.1" status: 200 len: 277 time: 0.0778489
2026-07-15 06:07:09.557 9 INFO neutron.wsgi [req-2ade101e-b328-4d5b-b150-6bbe9fe309bb req-298d2038-6324-4ffe-815f-de6215d91e02 e3a796f079c947aca155d350f8ff4036 4b2371c4cbe84eaabf89af1e172d33d7 - - default default] 10.0.0.240 "GET /v2.0/security-groups?id=9af5a19b-b360-41ff-86a1-4a5595f6b7af&fields=id&fields=name HTTP/1.1" status: 200 len: 313 time: 0.0520904
2026-07-15 06:07:09.601 10 WARNING neutron_lib.context [None req-07510596-8e83-4255-bf52-4928f22acf67 f3a45942619842d5ac091c7675ea4d95 023344c3417b461c8b946866f2b8fdf3 - - default default] Method 'is_advsvc' is deprecated since 2023.2 release (neutron-lib 3.8.0) and will be removed once support for the old RBAC API policies will be removed from Neutron. Please use method 'is_service_role' instead.
2026-07-15 06:07:09.777 9 INFO neutron.db.ovn_revision_numbers_db [None req-39572cf8-676e-47be-9ced-c8e0e5192ec3 b74d0f6850a24e4db72747476cff5a28 793826d128cb404e972d2611e7ca6d6f - - default default] Successfully bumped revision number for resource 7e6fee1a-2e52-439b-bcd7-1dbd3486d274 (type: security_groups) to 1
2026-07-15 06:07:09.786 9 INFO neutron.wsgi [req-74d93655-df47-49e8-9cb1-a873b2b2832c req-e64aa4f8-687a-43d4-b884-4bcbbbe05e03 a4b9d0472d8c464f8a3a8a9fd54aabc6 3627fc2ae5e44311a571f17ed794249c - - default default] 10.0.0.240 "GET /v2.0/ports?device_id=16573610-27f9-47c2-accb-16a05408efba HTTP/1.1" status: 200 len: 1208 time: 0.0433233
2026-07-15 06:07:09.818 9 INFO neutron.db.ovn_revision_numbers_db [None req-39572cf8-676e-47be-9ced-c8e0e5192ec3 b74d0f6850a24e4db72747476cff5a28 793826d128cb404e972d2611e7ca6d6f - - default default] Successfully bumped revision number for resource 322c9e2d-330b-404e-aa7c-60ba7ceb7adf (type: security_group_rules) to 0
2026-07-15 06:07:09.829 10 INFO neutron.db.l3_db [req-31e22412-698e-48d6-bc72-abe261cd138d req-63868b3b-1e32-4f11-afee-1711e8de74dd a4b9d0472d8c464f8a3a8a9fd54aabc6 3627fc2ae5e44311a571f17ed794249c - - default default] Floating IP db12890d-5acd-4af6-934b-5a28a9a9a71b disassociated. External IP: 10.96.250.215, port: 78d365f4-dbdb-4322-b7df-cf78b219cfc0.
2026-07-15 06:07:09.841 9 INFO neutron.db.ovn_revision_numbers_db [None req-39572cf8-676e-47be-9ced-c8e0e5192ec3 b74d0f6850a24e4db72747476cff5a28 793826d128cb404e972d2611e7ca6d6f - - default default] Successfully bumped revision number for resource 71c06f81-5823-496e-8a2b-39db186042c9 (type: security_group_rules) to 0
2026-07-15 06:07:09.854 9 INFO neutron.wsgi [req-74d93655-df47-49e8-9cb1-a873b2b2832c req-2449b1a3-c9b1-4ca1-b73c-d3b452032c19 a4b9d0472d8c464f8a3a8a9fd54aabc6 3627fc2ae5e44311a571f17ed794249c - - default default] 10.0.0.240 "GET /v2.0/security-groups?id=4ecb9cf8-37bf-48a6-87f4-3f50c4171eaa&id=4a9b03ad-62d1-46cc-ad13-679f5a329999&fields=id&fields=name HTTP/1.1" status: 200 len: 404 time: 0.0572255
2026-07-15 06:07:09.860 9 INFO neutron.db.ovn_revision_numbers_db [None req-39572cf8-676e-47be-9ced-c8e0e5192ec3 b74d0f6850a24e4db72747476cff5a28 793826d128cb404e972d2611e7ca6d6f - - default default] Successfully bumped revision number for resource b2ff36f0-5e35-4331-9726-e52a1b97a982 (type: security_group_rules) to 0
2026-07-15 06:07:09.874 9 INFO neutron.db.ovn_revision_numbers_db [None req-39572cf8-676e-47be-9ced-c8e0e5192ec3 b74d0f6850a24e4db72747476cff5a28 793826d128cb404e972d2611e7ca6d6f - - default default] Successfully bumped revision number for resource c384b1db-f7ab-47ad-b72b-8c57ccc29235 (type: security_group_rules) to 0
2026-07-15 06:07:09.897 9 INFO neutron.wsgi [None req-39572cf8-676e-47be-9ced-c8e0e5192ec3 b74d0f6850a24e4db72747476cff5a28 793826d128cb404e972d2611e7ca6d6f - - default default] 10.0.0.181 "GET /v2.0/security-groups?tenant_id=1a6a7ede37a247e2bcad62a11c29f1ac&name=default HTTP/1.1" status: 200 len: 2996 time: 0.4578152
2026-07-15 06:07:10.092 10 WARNING neutron.scheduler.dhcp_agent_scheduler [None req-07510596-8e83-4255-bf52-4928f22acf67 f3a45942619842d5ac091c7675ea4d95 023344c3417b461c8b946866f2b8fdf3 - - default default] No more DHCP agents
2026-07-15 06:07:10.095 10 WARNING neutron.api.rpc.agentnotifiers.dhcp_rpc_agent_api [None req-07510596-8e83-4255-bf52-4928f22acf67 f3a45942619842d5ac091c7675ea4d95 023344c3417b461c8b946866f2b8fdf3 - - default default] Unable to schedule network 85d8c101-1625-4351-9175-849136598975: no agents available; will retry on subsequent port and subnet creation events.
2026-07-15 06:07:10.115 9 INFO neutron.wsgi [None req-20a07b74-221f-43c8-b05c-5a05c25e705a b74d0f6850a24e4db72747476cff5a28 793826d128cb404e972d2611e7ca6d6f - - default default] 10.0.0.181 "DELETE /v2.0/security-groups/7e6fee1a-2e52-439b-bcd7-1dbd3486d274 HTTP/1.1" status: 204 len: 168 time: 0.2106814
