2026-07-15 06:07:31.189 10 WARNING neutron.api.rpc.agentnotifiers.dhcp_rpc_agent_api [None req-064073d0-5e38-42e7-aaff-387f046fdf55 26cdc5f24e3f4ed79fcb343d7b3ea378 7b5323c0ad7a4881acc827c83a2b03f7 - - default default] Unable to schedule network f037c11a-abce-450d-8574-fefeb2c7357c: no agents available; will retry on subsequent port and subnet creation events.
2026-07-15 06:07:31.297 10 INFO neutron.db.ovn_revision_numbers_db [None req-064073d0-5e38-42e7-aaff-387f046fdf55 26cdc5f24e3f4ed79fcb343d7b3ea378 7b5323c0ad7a4881acc827c83a2b03f7 - - default default] Successfully bumped revision number for resource b90d4862-1ffe-4d3a-b5f2-25a219254663 (type: ports) to 1
2026-07-15 06:07:31.343 10 INFO neutron.wsgi [None req-064073d0-5e38-42e7-aaff-387f046fdf55 26cdc5f24e3f4ed79fcb343d7b3ea378 7b5323c0ad7a4881acc827c83a2b03f7 - - default default] 10.0.0.181 "POST /v2.0/networks HTTP/1.1" status: 201 len: 829 time: 0.6958113
2026-07-15 06:07:31.362 9 WARNING neutron_lib.context [None req-50143597-ed05-4d05-854d-02b341e86329 26cdc5f24e3f4ed79fcb343d7b3ea378 7b5323c0ad7a4881acc827c83a2b03f7 - - default default] Method 'is_advsvc' is deprecated since 2023.2 release (neutron-lib 3.8.0) and will be removed once support for the old RBAC API policies will be removed from Neutron. Please use method 'is_service_role' instead.
2026-07-15 06:07:31.447 9 INFO neutron.wsgi [None req-e4058669-18b2-4f27-9a2a-4bf8a00abf96 b74d0f6850a24e4db72747476cff5a28 793826d128cb404e972d2611e7ca6d6f - - default default] 10.0.0.181 "DELETE /v2.0/security-groups/2876790b-8df3-4886-a8ca-cd16419e583d HTTP/1.1" status: 204 len: 168 time: 0.2636890
2026-07-15 06:07:31.592 10 INFO neutron.wsgi [req-6321841d-a2c6-4130-8649-103313fac731 req-4c051db6-3a1b-4146-8c37-b34c2370577a e3a796f079c947aca155d350f8ff4036 4b2371c4cbe84eaabf89af1e172d33d7 - - default default] 199.204.45.116 "GET /v2.0/networks?id=1f140499-2c96-4b08-816f-8ff1089bb765 HTTP/1.1" status: 200 len: 860 time: 0.1013386
2026-07-15 06:07:31.633 9 WARNING neutron.scheduler.dhcp_agent_scheduler [None req-50143597-ed05-4d05-854d-02b341e86329 26cdc5f24e3f4ed79fcb343d7b3ea378 7b5323c0ad7a4881acc827c83a2b03f7 - - default default] No more DHCP agents
2026-07-15 06:07:31.636 9 WARNING neutron.api.rpc.agentnotifiers.dhcp_rpc_agent_api [None req-50143597-ed05-4d05-854d-02b341e86329 26cdc5f24e3f4ed79fcb343d7b3ea378 7b5323c0ad7a4881acc827c83a2b03f7 - - default default] Unable to schedule network f037c11a-abce-450d-8574-fefeb2c7357c: no agents available; will retry on subsequent port and subnet creation events.
2026-07-15 06:07:31.661 10 INFO neutron.wsgi [req-6321841d-a2c6-4130-8649-103313fac731 req-d55b6226-c8fc-48b9-8e08-b3049fde55c8 e3a796f079c947aca155d350f8ff4036 4b2371c4cbe84eaabf89af1e172d33d7 - - default default] 199.204.45.116 "GET /v2.0/security-groups?fields=id&fields=name&tenant_id=4b2371c4cbe84eaabf89af1e172d33d7 HTTP/1.1" status: 200 len: 472 time: 0.0620046
2026-07-15 06:07:31.675 10 WARNING neutron_lib.context [req-6321841d-a2c6-4130-8649-103313fac731 req-b2ffce78-68b7-402c-832f-80139963c8cb e3a796f079c947aca155d350f8ff4036 4b2371c4cbe84eaabf89af1e172d33d7 - - default default] Method 'is_advsvc' is deprecated since 2023.2 release (neutron-lib 3.8.0) and will be removed once support for the old RBAC API policies will be removed from Neutron. Please use method 'is_service_role' instead.
2026-07-15 06:07:31.752 9 INFO neutron.db.ovn_revision_numbers_db [None req-50143597-ed05-4d05-854d-02b341e86329 26cdc5f24e3f4ed79fcb343d7b3ea378 7b5323c0ad7a4881acc827c83a2b03f7 - - default default] Successfully bumped revision number for resource bc300f14-f103-4b40-ae0a-3098944f13c2 (type: ports) to 1 /var/lib/openstack/lib/python3.10/site-packages/pycadf/identifier.py:71: UserWarning: Invalid uuid: neutron. To ensure interoperability, identifiers should be a valid uuid. warnings.warn(('Invalid uuid: %s. To ensure interoperability, '
2026-07-15 06:07:31.786 9 INFO neutron.wsgi [req-931f6b0d-1496-452e-88b6-94bd3f9a1c7c req-883f436f-e04e-4645-85ba-9102cd55f932 e3a796f079c947aca155d350f8ff4036 4b2371c4cbe84eaabf89af1e172d33d7 - - default default] 10.0.0.240 "GET /v2.0/ports?device_id=fe596eb8-c6d8-4c26-a182-d0cf9604a082 HTTP/1.1" status: 200 len: 210 time: 0.0311835
2026-07-15 06:07:31.790 9 INFO neutron.wsgi [None req-50143597-ed05-4d05-854d-02b341e86329 26cdc5f24e3f4ed79fcb343d7b3ea378 7b5323c0ad7a4881acc827c83a2b03f7 - - default default] 10.0.0.181 "POST /v2.0/ports HTTP/1.1" status: 201 len: 942 time: 0.4336102
2026-07-15 06:07:31.868 9 INFO neutron.wsgi [None req-86a87dd4-2a90-4c31-bd9d-30841b38416b 26cdc5f24e3f4ed79fcb343d7b3ea378 7b5323c0ad7a4881acc827c83a2b03f7 - - default default] 10.0.0.181 "PUT /v2.0/ports/e5a2fd4a-1ee8-40a8-b68f-a988894854c7/tags HTTP/1.1" status: 200 len: 210 time: 0.0710728
2026-07-15 06:07:31.918 9 INFO neutron.wsgi [None req-c2b3358e-3eb6-4abe-8d76-d01b756de510 26cdc5f24e3f4ed79fcb343d7b3ea378 7b5323c0ad7a4881acc827c83a2b03f7 - - default default] 10.0.0.181 "PUT /v2.0/ports/16689365-7c85-4e70-a8ea-392f29127c1f/tags HTTP/1.1" status: 200 len: 218 time: 0.0449018
2026-07-15 06:07:31.978 9 INFO neutron.wsgi [None req-59cf5dc9-8e43-45e3-b6e7-15682db57cbe 26cdc5f24e3f4ed79fcb343d7b3ea378 7b5323c0ad7a4881acc827c83a2b03f7 - - default default] 10.0.0.181 "PUT /v2.0/ports/e39de7f6-9781-47e3-ad32-98044bda51f6/tags HTTP/1.1" status: 200 len: 227 time: 0.0509539
2026-07-15 06:07:32.031 9 INFO neutron.wsgi [None req-b3139b39-f5ee-418c-ae55-d682deb6d84d 26cdc5f24e3f4ed79fcb343d7b3ea378 7b5323c0ad7a4881acc827c83a2b03f7 - - default default] 10.0.0.181 "PUT /v2.0/ports/441ca049-dd86-48a6-b0db-ac75a54ae103/tags HTTP/1.1" status: 200 len: 212 time: 0.0452418 /var/lib/openstack/lib/python3.10/site-packages/pycadf/identifier.py:71: UserWarning: Invalid uuid: neutron. To ensure interoperability, identifiers should be a valid uuid. warnings.warn(('Invalid uuid: %s. To ensure interoperability, '
2026-07-15 06:07:32.129 10 WARNING neutron.scheduler.dhcp_agent_scheduler [req-6321841d-a2c6-4130-8649-103313fac731 req-b2ffce78-68b7-402c-832f-80139963c8cb e3a796f079c947aca155d350f8ff4036 4b2371c4cbe84eaabf89af1e172d33d7 - - default default] No more DHCP agents
2026-07-15 06:07:32.144 10 WARNING neutron.api.rpc.agentnotifiers.dhcp_rpc_agent_api [req-6321841d-a2c6-4130-8649-103313fac731 req-b2ffce78-68b7-402c-832f-80139963c8cb e3a796f079c947aca155d350f8ff4036 4b2371c4cbe84eaabf89af1e172d33d7 - - default default] Unable to schedule network 1f140499-2c96-4b08-816f-8ff1089bb765: no agents available; will retry on subsequent port and subnet creation events.
2026-07-15 06:07:32.329 10 INFO neutron.wsgi [None req-40f96978-95ff-40db-867d-112c93aca296 26cdc5f24e3f4ed79fcb343d7b3ea378 7b5323c0ad7a4881acc827c83a2b03f7 - - default default] 10.0.0.181 "GET /v2.0/ports?tags=red HTTP/1.1" status: 200 len: 2448 time: 0.2895248 /var/lib/openstack/lib/python3.10/site-packages/pycadf/identifier.py:71: UserWarning: Invalid uuid: neutron. To ensure interoperability, identifiers should be a valid uuid. warnings.warn(('Invalid uuid: %s. To ensure interoperability, '
2026-07-15 06:07:32.423 10 INFO neutron.wsgi [None req-691dda5f-12d7-4c2c-b5a3-592463fb25e3 26cdc5f24e3f4ed79fcb343d7b3ea378 7b5323c0ad7a4881acc827c83a2b03f7 - - default default] 10.0.0.181 "GET /v2.0/ports?tags=red%2Cblue HTTP/1.1" status: 200 len: 1708 time: 0.0881069
2026-07-15 06:07:32.444 10 INFO neutron.db.ovn_revision_numbers_db [req-6321841d-a2c6-4130-8649-103313fac731 req-b2ffce78-68b7-402c-832f-80139963c8cb e3a796f079c947aca155d350f8ff4036 4b2371c4cbe84eaabf89af1e172d33d7 - - default default] Successfully bumped revision number for resource 14b1c7d8-ec57-45a7-a862-e3270dfffce6 (type: ports) to 1
2026-07-15 06:07:32.474 10 INFO neutron.wsgi [req-6321841d-a2c6-4130-8649-103313fac731 req-b2ffce78-68b7-402c-832f-80139963c8cb e3a796f079c947aca155d350f8ff4036 4b2371c4cbe84eaabf89af1e172d33d7 - - default default] 199.204.45.116 "POST /v2.0/ports HTTP/1.1" status: 201 len: 1158 time: 0.8072674
2026-07-15 06:07:32.563 9 INFO neutron.wsgi [None req-b92d88a9-6683-481a-8ab9-e8bc31df8ce5 26cdc5f24e3f4ed79fcb343d7b3ea378 7b5323c0ad7a4881acc827c83a2b03f7 - - default default] 10.0.0.181 "GET /v2.0/ports?tags-any=blue HTTP/1.1" status: 200 len: 1708 time: 0.1331775
2026-07-15 06:07:32.658 9 INFO neutron.wsgi [None req-b111662b-7d21-4a78-9d9c-776eba3a8e55 26cdc5f24e3f4ed79fcb343d7b3ea378 7b5323c0ad7a4881acc827c83a2b03f7 - - default default] 10.0.0.181 "GET /v2.0/ports?tags-any=red%2Cblue HTTP/1.1" status: 200 len: 2448 time: 0.0896256
2026-07-15 06:07:32.848 9 INFO neutron.wsgi [None req-cb96b9db-b877-4bc9-8e2e-7890b289f394 26cdc5f24e3f4ed79fcb343d7b3ea378 7b5323c0ad7a4881acc827c83a2b03f7 - - default default] 10.0.0.181 "GET /v2.0/ports?not-tags=red HTTP/1.1" status: 200 len: 5463 time: 0.1828978
2026-07-15 06:07:32.954 9 INFO neutron.wsgi [None req-ddf900b8-7ad8-4eee-b77a-e75533b30c23 26cdc5f24e3f4ed79fcb343d7b3ea378 7b5323c0ad7a4881acc827c83a2b03f7 - - default default] 10.0.0.181 "GET /v2.0/ports?not-tags=red%2Cblue HTTP/1.1" status: 200 len: 6203 time: 0.0974090
2026-07-15 06:07:32.960 9 INFO neutron.wsgi [req-c5d2239f-05b4-41af-a762-3c71dc1fd6a8 req-1e6738dd-39a0-4380-af8c-6a9af33806ad e3a796f079c947aca155d350f8ff4036 4b2371c4cbe84eaabf89af1e172d33d7 - - default default] 10.0.0.240 "GET /v2.0/ports?device_id=fe596eb8-c6d8-4c26-a182-d0cf9604a082 HTTP/1.1" status: 200 len: 1156 time: 0.0956473
2026-07-15 06:07:33.036 9 INFO neutron.wsgi [None req-5e04ff9b-2838-4e79-a693-d5cd42013047 26cdc5f24e3f4ed79fcb343d7b3ea378 7b5323c0ad7a4881acc827c83a2b03f7 - - default default] 10.0.0.181 "GET /v2.0/ports?not-tags-any=blue HTTP/1.1" status: 200 len: 6203 time: 0.0744572
2026-07-15 06:07:33.069 9 INFO neutron.wsgi [req-c5d2239f-05b4-41af-a762-3c71dc1fd6a8 req-e977a8b3-c95a-49db-9ba6-947a3c584c74 e3a796f079c947aca155d350f8ff4036 4b2371c4cbe84eaabf89af1e172d33d7 - - default default] 10.0.0.240 "GET /v2.0/security-groups?id=238ff934-3e2f-4510-b2eb-c7b51bb44329&fields=id&fields=name HTTP/1.1" status: 200 len: 312 time: 0.0926077
2026-07-15 06:07:33.102 9 INFO neutron.wsgi [None req-58b4ef18-ccdf-4dad-86b3-a46eadbf45eb 26cdc5f24e3f4ed79fcb343d7b3ea378 7b5323c0ad7a4881acc827c83a2b03f7 - - default default] 10.0.0.181 "GET /v2.0/ports?not-tags-any=red%2Cblue HTTP/1.1" status: 200 len: 5463 time: 0.0613980
2026-07-15 06:07:33.324 10 INFO neutron.db.ovn_revision_numbers_db [req-6321841d-a2c6-4130-8649-103313fac731 req-f681f58b-0a89-4a7f-9bdc-5ca5f0f6f116 f6874e0a7cdd4670a81148cd0d9e005d e1876e7429b34c7381d13da8019991be - - 0c8a729e6dab4f17a284c6fa56afbc8a 0c8a729e6dab4f17a284c6fa56afbc8a] Successfully bumped revision number for resource 14b1c7d8-ec57-45a7-a862-e3270dfffce6 (type: ports) to 2
2026-07-15 06:07:33.351 9 INFO neutron.wsgi [None req-ffc2c106-97eb-45de-a5e3-24bed281b294 26cdc5f24e3f4ed79fcb343d7b3ea378 7b5323c0ad7a4881acc827c83a2b03f7 - - default default] 10.0.0.181 "DELETE /v2.0/ports/e5a2fd4a-1ee8-40a8-b68f-a988894854c7 HTTP/1.1" status: 204 len: 168 time: 0.2413278 /var/lib/openstack/lib/python3.10/site-packages/pycadf/identifier.py:71: UserWarning: Invalid uuid: neutron. To ensure interoperability, identifiers should be a valid uuid. warnings.warn(('Invalid uuid: %s. To ensure interoperability, '
2026-07-15 06:07:33.680 10 INFO neutron.db.ovn_revision_numbers_db [req-6321841d-a2c6-4130-8649-103313fac731 req-f681f58b-0a89-4a7f-9bdc-5ca5f0f6f116 f6874e0a7cdd4670a81148cd0d9e005d e1876e7429b34c7381d13da8019991be - - 0c8a729e6dab4f17a284c6fa56afbc8a 0c8a729e6dab4f17a284c6fa56afbc8a] Successfully bumped revision number for resource 14b1c7d8-ec57-45a7-a862-e3270dfffce6 (type: ports) to 2
2026-07-15 06:07:33.701 10 INFO neutron.wsgi [req-6321841d-a2c6-4130-8649-103313fac731 req-f681f58b-0a89-4a7f-9bdc-5ca5f0f6f116 f6874e0a7cdd4670a81148cd0d9e005d e1876e7429b34c7381d13da8019991be - - 0c8a729e6dab4f17a284c6fa56afbc8a 0c8a729e6dab4f17a284c6fa56afbc8a] 199.204.45.116 "PUT /v2.0/ports/14b1c7d8-ec57-45a7-a862-e3270dfffce6 HTTP/1.1" status: 200 len: 1376 time: 1.2196093
2026-07-15 06:07:33.751 10 INFO neutron.notifiers.nova [-] Nova event matching ['req-618f358b-0b18-4f67-aab5-9a559aabdb92'] response: {'name': 'network-changed', 'server_uuid': 'fe596eb8-c6d8-4c26-a182-d0cf9604a082', 'tag': '14b1c7d8-ec57-45a7-a862-e3270dfffce6', 'status': 'completed', 'code': 200} /var/lib/openstack/lib/python3.10/site-packages/pycadf/identifier.py:71: UserWarning: Invalid uuid: neutron. To ensure interoperability, identifiers should be a valid uuid. warnings.warn(('Invalid uuid: %s. To ensure interoperability, '
2026-07-15 06:07:33.789 10 INFO neutron.wsgi [req-6321841d-a2c6-4130-8649-103313fac731 req-5f581f46-fc89-4360-a11a-17bef1fcd256 f6874e0a7cdd4670a81148cd0d9e005d e1876e7429b34c7381d13da8019991be - - 0c8a729e6dab4f17a284c6fa56afbc8a 0c8a729e6dab4f17a284c6fa56afbc8a] 199.204.45.116 "GET /v2.0/ports?tenant_id=4b2371c4cbe84eaabf89af1e172d33d7&device_id=fe596eb8-c6d8-4c26-a182-d0cf9604a082 HTTP/1.1" status: 200 len: 1407 time: 0.0455399
2026-07-15 06:07:33.799 10 INFO neutron.wsgi [None req-d65f6911-e5bc-404c-8cf0-fea8691854f7 26cdc5f24e3f4ed79fcb343d7b3ea378 7b5323c0ad7a4881acc827c83a2b03f7 - - default default] 10.0.0.181 "DELETE /v2.0/ports/16689365-7c85-4e70-a8ea-392f29127c1f HTTP/1.1" status: 204 len: 168 time: 0.4204328
2026-07-15 06:07:33.827 10 INFO neutron.wsgi [req-6321841d-a2c6-4130-8649-103313fac731 req-c394c713-0583-4016-aa57-8af51dbd31f7 f6874e0a7cdd4670a81148cd0d9e005d e1876e7429b34c7381d13da8019991be - - 0c8a729e6dab4f17a284c6fa56afbc8a 0c8a729e6dab4f17a284c6fa56afbc8a] 199.204.45.116 "GET /v2.0/floatingips?fixed_ip_address=10.100.0.3&port_id=14b1c7d8-ec57-45a7-a862-e3270dfffce6 HTTP/1.1" status: 200 len: 217 time: 0.0276446
2026-07-15 06:07:33.886 10 INFO neutron.wsgi [req-6321841d-a2c6-4130-8649-103313fac731 req-89ae2eba-f115-44b7-9efc-4f80a1b8f242 f6874e0a7cdd4670a81148cd0d9e005d e1876e7429b34c7381d13da8019991be - - 0c8a729e6dab4f17a284c6fa56afbc8a 0c8a729e6dab4f17a284c6fa56afbc8a] 199.204.45.116 "GET /v2.0/subnets?id=bada0a51-b247-4f4f-a9e0-6e950aa67a63 HTTP/1.1" status: 200 len: 853 time: 0.0516655
2026-07-15 06:07:33.913 10 INFO neutron.wsgi [req-6321841d-a2c6-4130-8649-103313fac731 req-5129ca85-7731-4d27-9f94-f70bd5112924 f6874e0a7cdd4670a81148cd0d9e005d e1876e7429b34c7381d13da8019991be - - 0c8a729e6dab4f17a284c6fa56afbc8a 0c8a729e6dab4f17a284c6fa56afbc8a] 199.204.45.116 "GET /v2.0/ports?network_id=1f140499-2c96-4b08-816f-8ff1089bb765&device_owner=network%3Adhcp HTTP/1.1" status: 200 len: 210 time: 0.0195100
2026-07-15 06:07:33.990 10 INFO neutron.wsgi [req-6321841d-a2c6-4130-8649-103313fac731 req-8cca7e96-e426-450e-9bfb-2864f3f80c3a f6874e0a7cdd4670a81148cd0d9e005d e1876e7429b34c7381d13da8019991be - - 0c8a729e6dab4f17a284c6fa56afbc8a 0c8a729e6dab4f17a284c6fa56afbc8a] 199.204.45.116 "GET /v2.0/networks/1f140499-2c96-4b08-816f-8ff1089bb765?fields=segments HTTP/1.1" status: 200 len: 212 time: 0.0693910
2026-07-15 06:07:34.055 10 INFO neutron.db.ovn_revision_numbers_db [None req-1018df09-b7f3-434b-81aa-929ea3c4d93a 57ac23190f5049d5b5972612c9fabbde 35a30fe41bb0481f999a0e6f912a3689 - - default default] Successfully bumped revision number for resource 0ad5fcaf-23a7-4dc1-ba6a-27e631af8bea (type: security_groups) to 1
2026-07-15 06:07:34.078 9 INFO neutron.wsgi [None req-dbed67bb-e57d-43af-aee3-c1c6644237fa 26cdc5f24e3f4ed79fcb343d7b3ea378 7b5323c0ad7a4881acc827c83a2b03f7 - - default default] 10.0.0.181 "DELETE /v2.0/ports/e39de7f6-9781-47e3-ad32-98044bda51f6 HTTP/1.1" status: 204 len: 168 time: 0.2687740
2026-07-15 06:07:34.078 10 INFO neutron.wsgi [req-6321841d-a2c6-4130-8649-103313fac731 req-232b329b-6b63-402b-b586-bd196ed191c7 f6874e0a7cdd4670a81148cd0d9e005d e1876e7429b34c7381d13da8019991be - - 0c8a729e6dab4f17a284c6fa56afbc8a 0c8a729e6dab4f17a284c6fa56afbc8a] 199.204.45.116 "GET /v2.0/networks/1f140499-2c96-4b08-816f-8ff1089bb765?fields=provider%3Aphysical_network&fields=provider%3Anetwork_type HTTP/1.1" status: 200 len: 277 time: 0.0769057
2026-07-15 06:07:34.092 10 INFO neutron.db.ovn_revision_numbers_db [None req-1018df09-b7f3-434b-81aa-929ea3c4d93a 57ac23190f5049d5b5972612c9fabbde 35a30fe41bb0481f999a0e6f912a3689 - - default default] Successfully bumped revision number for resource 301648b3-78f7-4907-8800-dda4a6dae65f (type: security_group_rules) to 0
2026-07-15 06:07:34.139 10 INFO neutron.db.ovn_revision_numbers_db [None req-1018df09-b7f3-434b-81aa-929ea3c4d93a 57ac23190f5049d5b5972612c9fabbde 35a30fe41bb0481f999a0e6f912a3689 - - default default] Successfully bumped revision number for resource 5a63c477-f4ca-4227-adb2-f66ea5b52603 (type: security_group_rules) to 0
2026-07-15 06:07:34.171 10 INFO neutron.db.ovn_revision_numbers_db [None req-1018df09-b7f3-434b-81aa-929ea3c4d93a 57ac23190f5049d5b5972612c9fabbde 35a30fe41bb0481f999a0e6f912a3689 - - default default] Successfully bumped revision number for resource 9d4bab61-70b3-412b-b62b-23948cc3d8a3 (type: security_group_rules) to 0
2026-07-15 06:07:34.192 10 INFO neutron.wsgi [req-0eb33e09-ac60-48c8-a550-d39631487a48 req-54e4776e-aece-422b-88c9-df95eaab0d1e f6874e0a7cdd4670a81148cd0d9e005d e1876e7429b34c7381d13da8019991be - - 0c8a729e6dab4f17a284c6fa56afbc8a 0c8a729e6dab4f17a284c6fa56afbc8a] 199.204.45.116 "GET /v2.0/ports?tenant_id=4b2371c4cbe84eaabf89af1e172d33d7&device_id=fe596eb8-c6d8-4c26-a182-d0cf9604a082 HTTP/1.1" status: 200 len: 1407 time: 0.0641968
2026-07-15 06:07:34.194 10 INFO neutron.db.ovn_revision_numbers_db [None req-1018df09-b7f3-434b-81aa-929ea3c4d93a 57ac23190f5049d5b5972612c9fabbde 35a30fe41bb0481f999a0e6f912a3689 - - default default] Successfully bumped revision number for resource b62d2341-29bd-4fd4-94e7-7e9ad899e088 (type: security_group_rules) to 0
2026-07-15 06:07:34.195 9 INFO neutron.wsgi [req-e83ff66b-c9bf-471c-89f1-25ad47fa49ee req-3b39c171-1842-4774-8c5d-e9dc3af8e997 e3a796f079c947aca155d350f8ff4036 4b2371c4cbe84eaabf89af1e172d33d7 - - default default] 10.0.0.240 "GET /v2.0/ports?device_id=fe596eb8-c6d8-4c26-a182-d0cf9604a082 HTTP/1.1" status: 200 len: 1168 time: 0.0553019
2026-07-15 06:07:34.243 9 INFO neutron.wsgi [req-e83ff66b-c9bf-471c-89f1-25ad47fa49ee req-852e7c59-2e85-4a92-a1eb-48fedde9db08 e3a796f079c947aca155d350f8ff4036 4b2371c4cbe84eaabf89af1e172d33d7 - - default default] 10.0.0.240 "GET /v2.0/security-groups?id=238ff934-3e2f-4510-b2eb-c7b51bb44329&fields=id&fields=name HTTP/1.1" status: 200 len: 312 time: 0.0376017
2026-07-15 06:07:34.291 10 INFO neutron.db.segments_db [None req-1018df09-b7f3-434b-81aa-929ea3c4d93a 57ac23190f5049d5b5972612c9fabbde 35a30fe41bb0481f999a0e6f912a3689 - - default default] Added segment f1bc5b96-c301-453b-ab48-42ba446f1042 of type geneve for network 445346d1-6a95-4bd7-824a-485f75071d9e
2026-07-15 06:07:34.353 10 INFO neutron.plugins.ml2.drivers.ovn.mech_driver.mech_driver [None req-80fc0f6d-713c-4715-9cb0-d8a907150370 - - - - - -] OVN reports status up for port: 14b1c7d8-ec57-45a7-a862-e3270dfffce6
2026-07-15 06:07:34.365 10 INFO neutron.wsgi [req-0eb33e09-ac60-48c8-a550-d39631487a48 req-764644d0-9bc2-48b0-89b2-183fb2fe91fe f6874e0a7cdd4670a81148cd0d9e005d e1876e7429b34c7381d13da8019991be - - 0c8a729e6dab4f17a284c6fa56afbc8a 0c8a729e6dab4f17a284c6fa56afbc8a] 199.204.45.116 "GET /v2.0/networks?id=1f140499-2c96-4b08-816f-8ff1089bb765 HTTP/1.1" status: 200 len: 958 time: 0.1665297
2026-07-15 06:07:34.424 10 INFO neutron.plugins.ml2.plugin [None req-80fc0f6d-713c-4715-9cb0-d8a907150370 - - - - - -] Attempt 1 to provision port 14b1c7d8-ec57-45a7-a862-e3270dfffce6
2026-07-15 06:07:34.429 10 INFO neutron.wsgi [req-0eb33e09-ac60-48c8-a550-d39631487a48 req-c8ad01f1-5ec1-490d-8cac-06917f54220f f6874e0a7cdd4670a81148cd0d9e005d e1876e7429b34c7381d13da8019991be - - 0c8a729e6dab4f17a284c6fa56afbc8a 0c8a729e6dab4f17a284c6fa56afbc8a] 199.204.45.116 "GET /v2.0/floatingips?fixed_ip_address=10.100.0.3&port_id=14b1c7d8-ec57-45a7-a862-e3270dfffce6 HTTP/1.1" status: 200 len: 217 time: 0.0566263
2026-07-15 06:07:34.521 10 INFO neutron.wsgi [req-0eb33e09-ac60-48c8-a550-d39631487a48 req-267a4a2e-534a-4558-b5cb-ec18a61b8890 f6874e0a7cdd4670a81148cd0d9e005d e1876e7429b34c7381d13da8019991be - - 0c8a729e6dab4f17a284c6fa56afbc8a 0c8a729e6dab4f17a284c6fa56afbc8a] 199.204.45.116 "GET /v2.0/subnets?id=bada0a51-b247-4f4f-a9e0-6e950aa67a63 HTTP/1.1" status: 200 len: 853 time: 0.0779397
2026-07-15 06:07:34.638 10 INFO neutron.wsgi [req-0eb33e09-ac60-48c8-a550-d39631487a48 req-96cd609b-a142-4b54-9d25-3ebe0d3d5b16 f6874e0a7cdd4670a81148cd0d9e005d e1876e7429b34c7381d13da8019991be - - 0c8a729e6dab4f17a284c6fa56afbc8a 0c8a729e6dab4f17a284c6fa56afbc8a] 199.204.45.116 "GET /v2.0/ports?network_id=1f140499-2c96-4b08-816f-8ff1089bb765&device_owner=network%3Adhcp HTTP/1.1" status: 200 len: 210 time: 0.1041312
2026-07-15 06:07:34.689 10 INFO neutron.wsgi [None req-4bb81568-9a10-42d3-b2fa-1e02cc63f185 26cdc5f24e3f4ed79fcb343d7b3ea378 7b5323c0ad7a4881acc827c83a2b03f7 - - default default] 10.0.0.181 "DELETE /v2.0/ports/441ca049-dd86-48a6-b0db-ac75a54ae103 HTTP/1.1" status: 204 len: 168 time: 0.6065614
2026-07-15 06:07:34.696 10 INFO neutron.db.ovn_revision_numbers_db [None req-1018df09-b7f3-434b-81aa-929ea3c4d93a 57ac23190f5049d5b5972612c9fabbde 35a30fe41bb0481f999a0e6f912a3689 - - default default] Successfully bumped revision number for resource 445346d1-6a95-4bd7-824a-485f75071d9e (type: networks) to 1
2026-07-15 06:07:34.803 10 INFO neutron.wsgi [req-0eb33e09-ac60-48c8-a550-d39631487a48 req-ce3ce4ac-d2fe-49aa-b017-f0e9786d4179 f6874e0a7cdd4670a81148cd0d9e005d e1876e7429b34c7381d13da8019991be - - 0c8a729e6dab4f17a284c6fa56afbc8a 0c8a729e6dab4f17a284c6fa56afbc8a] 199.204.45.116 "GET /v2.0/networks/1f140499-2c96-4b08-816f-8ff1089bb765?fields=segments HTTP/1.1" status: 200 len: 212 time: 0.1485777
2026-07-15 06:07:34.946 10 INFO neutron.wsgi [req-0eb33e09-ac60-48c8-a550-d39631487a48 req-0b70afd4-01b4-4e93-a8cb-75c8f382d365 f6874e0a7cdd4670a81148cd0d9e005d e1876e7429b34c7381d13da8019991be - - 0c8a729e6dab4f17a284c6fa56afbc8a 0c8a729e6dab4f17a284c6fa56afbc8a] 199.204.45.116 "GET /v2.0/networks/1f140499-2c96-4b08-816f-8ff1089bb765?fields=provider%3Aphysical_network&fields=provider%3Anetwork_type HTTP/1.1" status: 200 len: 277 time: 0.1353943
2026-07-15 06:07:35.075 10 WARNING neutron.scheduler.dhcp_agent_scheduler [None req-1018df09-b7f3-434b-81aa-929ea3c4d93a 57ac23190f5049d5b5972612c9fabbde 35a30fe41bb0481f999a0e6f912a3689 - - default default] No more DHCP agents
2026-07-15 06:07:35.085 10 WARNING neutron.api.rpc.agentnotifiers.dhcp_rpc_agent_api [None req-1018df09-b7f3-434b-81aa-929ea3c4d93a 57ac23190f5049d5b5972612c9fabbde 35a30fe41bb0481f999a0e6f912a3689 - - default default] Unable to schedule network 445346d1-6a95-4bd7-824a-485f75071d9e: no agents available; will retry on subsequent port and subnet creation events.
2026-07-15 06:07:35.165 10 INFO neutron.db.ovn_revision_numbers_db [None req-80fc0f6d-713c-4715-9cb0-d8a907150370 - - - - - -] Successfully bumped revision number for resource 14b1c7d8-ec57-45a7-a862-e3270dfffce6 (type: ports) to 4
2026-07-15 06:07:35.179 10 INFO neutron.wsgi [None req-a0864db5-6a68-4ff7-8d1c-44955e3d74c4 26cdc5f24e3f4ed79fcb343d7b3ea378 7b5323c0ad7a4881acc827c83a2b03f7 - - default default] 10.0.0.181 "DELETE /v2.0/ports/bc300f14-f103-4b40-ae0a-3098944f13c2 HTTP/1.1" status: 204 len: 168 time: 0.4832342
2026-07-15 06:07:35.238 10 INFO neutron.db.ovn_revision_numbers_db [None req-1018df09-b7f3-434b-81aa-929ea3c4d93a 57ac23190f5049d5b5972612c9fabbde 35a30fe41bb0481f999a0e6f912a3689 - - default default] Successfully bumped revision number for resource 0e85db25-8a40-47af-9df6-b18f5ddcd1d6 (type: ports) to 1
2026-07-15 06:07:35.260 10 INFO neutron.wsgi [None req-1018df09-b7f3-434b-81aa-929ea3c4d93a 57ac23190f5049d5b5972612c9fabbde 35a30fe41bb0481f999a0e6f912a3689 - - default default] 10.0.0.181 "POST /v2.0/networks HTTP/1.1" status: 201 len: 929 time: 1.7986884 /var/lib/openstack/lib/python3.10/site-packages/pycadf/identifier.py:71: UserWarning: Invalid uuid: neutron. To ensure interoperability, identifiers should be a valid uuid. warnings.warn(('Invalid uuid: %s. To ensure interoperability, '
2026-07-15 06:07:35.469 10 WARNING neutron.scheduler.dhcp_agent_scheduler [None req-b6c74bc4-9075-4572-b421-057fddb15176 57ac23190f5049d5b5972612c9fabbde 35a30fe41bb0481f999a0e6f912a3689 - - default default] No more DHCP agents
2026-07-15 06:07:35.472 10 WARNING neutron.api.rpc.agentnotifiers.dhcp_rpc_agent_api [None req-b6c74bc4-9075-4572-b421-057fddb15176 57ac23190f5049d5b5972612c9fabbde 35a30fe41bb0481f999a0e6f912a3689 - - default default] Unable to schedule network 445346d1-6a95-4bd7-824a-485f75071d9e: no agents available; will retry on subsequent port and subnet creation events.
2026-07-15 06:07:35.492 9 INFO neutron.wsgi [req-70470a96-7d63-4828-b903-016c901724c6 req-d8677281-aa1c-476a-9015-997970f428de e3a796f079c947aca155d350f8ff4036 4b2371c4cbe84eaabf89af1e172d33d7 - - default default] 10.0.0.240 "GET /v2.0/ports?device_id=fe596eb8-c6d8-4c26-a182-d0cf9604a082 HTTP/1.1" status: 200 len: 1170 time: 0.1701431
2026-07-15 06:07:35.569 9 INFO neutron.wsgi [req-70470a96-7d63-4828-b903-016c901724c6 req-98ab034c-167e-496b-8f35-c08ad0ea9a60 e3a796f079c947aca155d350f8ff4036 4b2371c4cbe84eaabf89af1e172d33d7 - - default default] 10.0.0.240 "GET /v2.0/security-groups?id=238ff934-3e2f-4510-b2eb-c7b51bb44329&fields=id&fields=name HTTP/1.1" status: 200 len: 312 time: 0.0669267
2026-07-15 06:07:35.666 9 INFO neutron.services.segments.plugin [-] Segment d82d63f0-98df-4796-b19f-a554e57c8f2c resource provider aggregate not found
2026-07-15 06:07:35.672 9 INFO neutron.services.segments.plugin [-] Segment d82d63f0-98df-4796-b19f-a554e57c8f2c resource provider aggregate not found
2026-07-15 06:07:35.693 9 INFO neutron.services.segments.plugin [-] Segment d82d63f0-98df-4796-b19f-a554e57c8f2c resource provider not found; error: Placement Client Error (4xx): {"errors": [{"status": 404, "title": "Not Found", "detail": "The resource could not be found.\n\n No resource provider with uuid d82d63f0-98df-4796-b19f-a554e57c8f2c found for delete ", "request_id": "req-0da0fe13-53d2-4bf8-90f3-f526fd9519b8"}]}
2026-07-15 06:07:35.694 9 INFO neutron.services.segments.plugin [-] Segment d82d63f0-98df-4796-b19f-a554e57c8f2c resource provider not found; error: Placement Client Error (4xx): {"errors": [{"status": 404, "title": "Not Found", "detail": "The resource could not be found.\n\n No resource provider with uuid d82d63f0-98df-4796-b19f-a554e57c8f2c found for delete ", "request_id": "req-5be6247f-7b0f-4905-a1f5-6e11c3c352bc"}]}
2026-07-15 06:07:35.712 9 INFO neutron.wsgi [None req-25672889-8e0d-4176-8167-1873b8a8c701 26cdc5f24e3f4ed79fcb343d7b3ea378 7b5323c0ad7a4881acc827c83a2b03f7 - - default default] 10.0.0.181 "DELETE /v2.0/networks/a75f59a0-9ec6-46fa-8c9a-cee59edd24ff HTTP/1.1" status: 204 len: 168 time: 0.5205851
2026-07-15 06:07:35.793 10 INFO neutron.notifiers.nova [-] Nova event matching ['req-b6f2c642-50bf-46de-825c-ad8afcfff31b'] response: {'server_uuid': 'fe596eb8-c6d8-4c26-a182-d0cf9604a082', 'name': 'network-vif-plugged', 'status': 'completed', 'tag': '14b1c7d8-ec57-45a7-a862-e3270dfffce6', 'code': 200}
2026-07-15 06:07:35.793 10 INFO neutron.notifiers.nova [-] Nova event matching ['req-b6f2c642-50bf-46de-825c-ad8afcfff31b'] response: {'server_uuid': 'fe596eb8-c6d8-4c26-a182-d0cf9604a082', 'name': 'network-vif-plugged', 'status': 'completed', 'tag': '14b1c7d8-ec57-45a7-a862-e3270dfffce6', 'code': 200}
2026-07-15 06:07:36.033 10 WARNING neutron_lib.context [None req-6b90d358-d3a3-43fd-8c3d-8a5e6fe0fd07 5421fe5faf6549a299b627f980a5e43f 07ac9dc90e324e3fa4a76a82b8e7f45f - - default default] Method 'is_advsvc' is deprecated since 2023.2 release (neutron-lib 3.8.0) and will be removed once support for the old RBAC API policies will be removed from Neutron. Please use method 'is_service_role' instead.
2026-07-15 06:07:36.124 9 INFO neutron.wsgi [None req-1a9af25d-e85d-477d-aa03-151661858ac6 26cdc5f24e3f4ed79fcb343d7b3ea378 7b5323c0ad7a4881acc827c83a2b03f7 - - default default] 10.0.0.181 "DELETE /v2.0/networks/c6223a83-d72a-49f6-b728-b09a15ff07e8 HTTP/1.1" status: 204 len: 168 time: 0.4011841
2026-07-15 06:07:36.188 10 INFO neutron.wsgi [None req-6b90d358-d3a3-43fd-8c3d-8a5e6fe0fd07 5421fe5faf6549a299b627f980a5e43f 07ac9dc90e324e3fa4a76a82b8e7f45f - - default default] 10.0.0.181 "POST /v2.0/subnetpools HTTP/1.1" status: 201 len: 715 time: 0.3565423
2026-07-15 06:07:36.199 10 INFO neutron.db.ovn_revision_numbers_db [None req-b6c74bc4-9075-4572-b421-057fddb15176 57ac23190f5049d5b5972612c9fabbde 35a30fe41bb0481f999a0e6f912a3689 - - default default] Successfully bumped revision number for resource 0e85db25-8a40-47af-9df6-b18f5ddcd1d6 (type: ports) to 2
2026-07-15 06:07:36.201 9 WARNING neutron_lib.context [None req-6ff1e046-cb28-42b1-8b5f-284893494061 5421fe5faf6549a299b627f980a5e43f 07ac9dc90e324e3fa4a76a82b8e7f45f - - default default] Method 'is_advsvc' is deprecated since 2023.2 release (neutron-lib 3.8.0) and will be removed once support for the old RBAC API policies will be removed from Neutron. Please use method 'is_service_role' instead.
2026-07-15 06:07:36.244 10 INFO neutron.db.ovn_revision_numbers_db [None req-b6c74bc4-9075-4572-b421-057fddb15176 57ac23190f5049d5b5972612c9fabbde 35a30fe41bb0481f999a0e6f912a3689 - - default default] Successfully bumped revision number for resource faaf7345-ae5a-4848-9c8d-2d17ae0ccb2e (type: subnets) to 0
2026-07-15 06:07:36.263 10 INFO neutron.wsgi [None req-b6c74bc4-9075-4572-b421-057fddb15176 57ac23190f5049d5b5972612c9fabbde 35a30fe41bb0481f999a0e6f912a3689 - - default default] 10.0.0.181 "POST /v2.0/subnets HTTP/1.1" status: 201 len: 819 time: 0.9957969
2026-07-15 06:07:36.278 9 INFO neutron.wsgi [None req-6ff1e046-cb28-42b1-8b5f-284893494061 5421fe5faf6549a299b627f980a5e43f 07ac9dc90e324e3fa4a76a82b8e7f45f - - default default] 10.0.0.181 "POST /v2.0/subnetpools HTTP/1.1" status: 201 len: 715 time: 0.0827100
2026-07-15 06:07:36.291 9 WARNING neutron_lib.context [None req-fbc21b74-d029-4341-8163-109d0b0bb64b 5421fe5faf6549a299b627f980a5e43f 07ac9dc90e324e3fa4a76a82b8e7f45f - - default default] Method 'is_advsvc' is deprecated since 2023.2 release (neutron-lib 3.8.0) and will be removed once support for the old RBAC API policies will be removed from Neutron. Please use method 'is_service_role' instead.
2026-07-15 06:07:36.292 10 WARNING neutron.api.v2.base [None req-37c41ba8-3a61-411d-9cff-1fc3f279bb18 57ac23190f5049d5b5972612c9fabbde 35a30fe41bb0481f999a0e6f912a3689 - - default default] An exception happened while processing the request body. The exception message is [Invalid input for target_tenant. Reason: 'None' is not a valid string.].: webob.exc.HTTPBadRequest: Invalid input for target_tenant. Reason: 'None' is not a valid string.
2026-07-15 06:07:36.293 10 INFO neutron.api.v2.resource [None req-37c41ba8-3a61-411d-9cff-1fc3f279bb18 57ac23190f5049d5b5972612c9fabbde 35a30fe41bb0481f999a0e6f912a3689 - - default default] create failed (client error): Invalid input for target_tenant. Reason: 'None' is not a valid string.
2026-07-15 06:07:36.295 10 INFO neutron.wsgi [None req-37c41ba8-3a61-411d-9cff-1fc3f279bb18 57ac23190f5049d5b5972612c9fabbde 35a30fe41bb0481f999a0e6f912a3689 - - default default] 10.0.0.181 "POST /v2.0/rbac-policies HTTP/1.1" status: 400 len: 346 time: 0.0235887
2026-07-15 06:07:36.384 9 INFO neutron.wsgi [None req-fbc21b74-d029-4341-8163-109d0b0bb64b 5421fe5faf6549a299b627f980a5e43f 07ac9dc90e324e3fa4a76a82b8e7f45f - - default default] 10.0.0.181 "POST /v2.0/subnetpools HTTP/1.1" status: 201 len: 715 time: 0.0998991
2026-07-15 06:07:36.400 9 WARNING neutron_lib.context [None req-aafae877-65c1-406d-86a6-d65e82550a76 5421fe5faf6549a299b627f980a5e43f 07ac9dc90e324e3fa4a76a82b8e7f45f - - default default] Method 'is_advsvc' is deprecated since 2023.2 release (neutron-lib 3.8.0) and will be removed once support for the old RBAC API policies will be removed from Neutron. Please use method 'is_service_role' instead.
2026-07-15 06:07:36.501 9 INFO neutron.wsgi [None req-aafae877-65c1-406d-86a6-d65e82550a76 5421fe5faf6549a299b627f980a5e43f 07ac9dc90e324e3fa4a76a82b8e7f45f - - default default] 10.0.0.181 "POST /v2.0/subnetpools HTTP/1.1" status: 201 len: 715 time: 0.1091421
2026-07-15 06:07:36.515 10 WARNING neutron_lib.context [None req-1aa986d6-3282-4973-bc96-457dd04513e6 5421fe5faf6549a299b627f980a5e43f 07ac9dc90e324e3fa4a76a82b8e7f45f - - default default] Method 'is_advsvc' is deprecated since 2023.2 release (neutron-lib 3.8.0) and will be removed once support for the old RBAC API policies will be removed from Neutron. Please use method 'is_service_role' instead.
2026-07-15 06:07:36.608 10 INFO neutron.services.segments.plugin [-] Segment 1b0f3a15-52d7-4aa1-8dba-6dbd0f0870fc resource provider aggregate not found
2026-07-15 06:07:36.612 10 INFO neutron.services.segments.plugin [-] Segment 1b0f3a15-52d7-4aa1-8dba-6dbd0f0870fc resource provider aggregate not found
2026-07-15 06:07:36.631 10 INFO neutron.wsgi [None req-1aa986d6-3282-4973-bc96-457dd04513e6 5421fe5faf6549a299b627f980a5e43f 07ac9dc90e324e3fa4a76a82b8e7f45f - - default default] 10.0.0.181 "POST /v2.0/subnetpools HTTP/1.1" status: 201 len: 715 time: 0.1239955
2026-07-15 06:07:36.636 10 INFO neutron.services.segments.plugin [-] Segment 1b0f3a15-52d7-4aa1-8dba-6dbd0f0870fc resource provider not found; error: Placement Client Error (4xx): {"errors": [{"status": 404, "title": "Not Found", "detail": "The resource could not be found.\n\n No resource provider with uuid 1b0f3a15-52d7-4aa1-8dba-6dbd0f0870fc found for delete ", "request_id": "req-3f60a8b3-9d03-46cc-80b3-967b17661793"}]}
2026-07-15 06:07:36.666 10 INFO neutron.wsgi [None req-ad328785-bddf-4aa2-98f9-e6657a6e4e2c 26cdc5f24e3f4ed79fcb343d7b3ea378 7b5323c0ad7a4881acc827c83a2b03f7 - - default default] 10.0.0.181 "DELETE /v2.0/networks/ed38efcb-71da-4468-acb3-65e276aff8ef HTTP/1.1" status: 204 len: 168 time: 0.5349419
2026-07-15 06:07:36.736 10 INFO neutron.services.segments.plugin [-] Segment 1b0f3a15-52d7-4aa1-8dba-6dbd0f0870fc resource provider not found; error: Placement Client Error (4xx): {"errors": [{"status": 404, "title": "Not Found", "detail": "The resource could not be found.\n\n No resource provider with uuid 1b0f3a15-52d7-4aa1-8dba-6dbd0f0870fc found for delete ", "request_id": "req-b946801c-0837-4ac4-8ce1-79dd4d99adcb"}]}
2026-07-15 06:07:36.767 9 INFO neutron.wsgi [req-2d0aa467-ceb1-48f6-85af-bfdb3339849b req-f46e6a0c-2e5e-4f07-94b7-75869b4edef6 e3a796f079c947aca155d350f8ff4036 4b2371c4cbe84eaabf89af1e172d33d7 - - default default] 10.0.0.240 "GET /v2.0/ports?device_id=fe596eb8-c6d8-4c26-a182-d0cf9604a082 HTTP/1.1" status: 200 len: 1170 time: 0.0987782
2026-07-15 06:07:36.776 10 INFO neutron.wsgi [None req-30fe1274-3a8c-4a31-a98f-b4694ddb8b1f 5421fe5faf6549a299b627f980a5e43f 07ac9dc90e324e3fa4a76a82b8e7f45f - - default default] 10.0.0.181 "PUT /v2.0/subnetpools/805c3ba0-5005-484b-a928-b4ec87fc3625/tags HTTP/1.1" status: 200 len: 210 time: 0.1394536
2026-07-15 06:07:36.820 10 INFO neutron.wsgi [None req-fdd26d2a-5513-423c-9c80-70536e365bf4 5421fe5faf6549a299b627f980a5e43f 07ac9dc90e324e3fa4a76a82b8e7f45f - - default default] 10.0.0.181 "PUT /v2.0/subnetpools/9f8c1862-9dd6-4815-b0aa-507e52a15588/tags HTTP/1.1" status: 200 len: 218 time: 0.0371780
2026-07-15 06:07:36.849 9 INFO neutron.wsgi [req-2d0aa467-ceb1-48f6-85af-bfdb3339849b req-878fbf99-e062-43b3-a821-3f76a2a985c0 e3a796f079c947aca155d350f8ff4036 4b2371c4cbe84eaabf89af1e172d33d7 - - default default] 10.0.0.240 "GET /v2.0/security-groups?id=238ff934-3e2f-4510-b2eb-c7b51bb44329&fields=id&fields=name HTTP/1.1" status: 200 len: 312 time: 0.0646851
2026-07-15 06:07:36.875 10 INFO neutron.wsgi [None req-5233e529-35ec-49f9-95d2-5c4ed4fd0f5f 5421fe5faf6549a299b627f980a5e43f 07ac9dc90e324e3fa4a76a82b8e7f45f - - default default] 10.0.0.181 "PUT /v2.0/subnetpools/fe6105ec-43f7-4d87-92b0-14e2f51eed9e/tags HTTP/1.1" status: 200 len: 227 time: 0.0499070
2026-07-15 06:07:36.921 10 INFO neutron.wsgi [None req-a689ad8b-1ec3-4414-9687-da88ed5c9cba 5421fe5faf6549a299b627f980a5e43f 07ac9dc90e324e3fa4a76a82b8e7f45f - - default default] 10.0.0.181 "PUT /v2.0/subnetpools/9a51747d-64ce-45e0-8976-24a2a23258bc/tags HTTP/1.1" status: 200 len: 212 time: 0.0386078
2026-07-15 06:07:36.951 10 INFO neutron.wsgi [None req-8ba66fae-e563-4395-8250-ae5620d7a019 5421fe5faf6549a299b627f980a5e43f 07ac9dc90e324e3fa4a76a82b8e7f45f - - default default] 10.0.0.181 "GET /v2.0/subnetpools?tags=red HTTP/1.1" status: 200 len: 1758 time: 0.0241113
2026-07-15 06:07:36.985 10 INFO neutron.wsgi [None req-4791d9c5-4535-4af7-b04d-87e3752f732d 5421fe5faf6549a299b627f980a5e43f 07ac9dc90e324e3fa4a76a82b8e7f45f - - default default] 10.0.0.181 "GET /v2.0/subnetpools?tags=red%2Cblue HTTP/1.1" status: 200 len: 1251 time: 0.0291595
2026-07-15 06:07:37.004 9 INFO neutron.wsgi [req-b98b3b96-28b3-43ac-8724-3553d4838386 req-6ce3c2f0-d405-4f9f-bdda-c47195e2a78e e3a796f079c947aca155d350f8ff4036 4b2371c4cbe84eaabf89af1e172d33d7 - - default default] 10.0.0.240 "GET /v2.0/ports?device_id=fe596eb8-c6d8-4c26-a182-d0cf9604a082 HTTP/1.1" status: 200 len: 1170 time: 0.0641260
2026-07-15 06:07:37.041 10 INFO neutron.wsgi [None req-8b8f80ba-f202-4974-b8d7-ae9125bebbdc 5421fe5faf6549a299b627f980a5e43f 07ac9dc90e324e3fa4a76a82b8e7f45f - - default default] 10.0.0.181 "GET /v2.0/subnetpools?tags-any=blue HTTP/1.1" status: 200 len: 1251 time: 0.0499678
2026-07-15 06:07:37.069 10 INFO neutron.wsgi [None req-1d16dac1-9eca-4823-8f19-a4ed8b748185 5421fe5faf6549a299b627f980a5e43f 07ac9dc90e324e3fa4a76a82b8e7f45f - - default default] 10.0.0.181 "GET /v2.0/subnetpools?tags-any=red%2Cblue HTTP/1.1" status: 200 len: 1758 time: 0.0222392
2026-07-15 06:07:37.076 9 INFO neutron.wsgi [req-b98b3b96-28b3-43ac-8724-3553d4838386 req-51d00600-61ae-4d74-a7e3-fb8b22a31f20 e3a796f079c947aca155d350f8ff4036 4b2371c4cbe84eaabf89af1e172d33d7 - - default default] 10.0.0.240 "GET /v2.0/security-groups?id=238ff934-3e2f-4510-b2eb-c7b51bb44329&fields=id&fields=name HTTP/1.1" status: 200 len: 312 time: 0.0623772
2026-07-15 06:07:37.105 10 INFO neutron.wsgi [None req-30a2e91e-a2bc-40a7-bfc8-d760f84394fd 5421fe5faf6549a299b627f980a5e43f 07ac9dc90e324e3fa4a76a82b8e7f45f - - default default] 10.0.0.181 "GET /v2.0/subnetpools?not-tags=red HTTP/1.1" status: 200 len: 1223 time: 0.0292046
2026-07-15 06:07:37.142 10 INFO neutron.wsgi [None req-69f1cf0d-c866-43b5-95a1-39184a446ead ab78b2258bb04c22ba6db3c95d874cfd 27cfb0559bdb47b7a49cbbf8cef7481f - - default default] 10.0.0.181 "GET /v2.0/ports?device_id=fe596eb8-c6d8-4c26-a182-d0cf9604a082 HTTP/1.1" status: 200 len: 1404 time: 0.0356402
2026-07-15 06:07:37.634 9 INFO neutron.wsgi [None req-df165512-ff9b-41d6-93b4-0cdaaecd859b 5421fe5faf6549a299b627f980a5e43f 07ac9dc90e324e3fa4a76a82b8e7f45f - - default default] 10.0.0.181 "GET /v2.0/subnetpools?not-tags=red%2Cblue HTTP/1.1" status: 200 len: 1730 time: 0.5216174
2026-07-15 06:07:37.692 9 INFO neutron.wsgi [None req-6b1f0429-b943-423a-aac2-b54cd59a226f 5421fe5faf6549a299b627f980a5e43f 07ac9dc90e324e3fa4a76a82b8e7f45f - - default default] 10.0.0.181 "GET /v2.0/subnetpools?not-tags-any=blue HTTP/1.1" status: 200 len: 1730 time: 0.0517776
2026-07-15 06:07:37.720 9 INFO neutron.services.segments.plugin [-] Segment e8454d93-db0d-40f1-8852-2c0eb48e9e74 resource provider aggregate not found
2026-07-15 06:07:37.725 9 INFO neutron.services.segments.plugin [-] Segment e8454d93-db0d-40f1-8852-2c0eb48e9e74 resource provider aggregate not found
2026-07-15 06:07:37.745 9 INFO neutron.services.segments.plugin [-] Segment e8454d93-db0d-40f1-8852-2c0eb48e9e74 resource provider not found; error: Placement Client Error (4xx): {"errors": [{"status": 404, "title": "Not Found", "detail": "The resource could not be found.\n\n No resource provider with uuid e8454d93-db0d-40f1-8852-2c0eb48e9e74 found for delete ", "request_id": "req-5b305a63-ec1b-4f36-a148-56dfe86d41ec"}]}
2026-07-15 06:07:37.748 9 INFO neutron.services.segments.plugin [-] Segment e8454d93-db0d-40f1-8852-2c0eb48e9e74 resource provider not found; error: Placement Client Error (4xx): {"errors": [{"status": 404, "title": "Not Found", "detail": "The resource could not be found.\n\n No resource provider with uuid e8454d93-db0d-40f1-8852-2c0eb48e9e74 found for delete ", "request_id": "req-777dc070-ea43-49ca-9f79-24cb81e74a11"}]}
2026-07-15 06:07:37.750 10 INFO neutron.wsgi [None req-0e6bfbcc-2477-4401-a97d-ced8000560ad 5421fe5faf6549a299b627f980a5e43f 07ac9dc90e324e3fa4a76a82b8e7f45f - - default default] 10.0.0.181 "GET /v2.0/subnetpools?not-tags-any=red%2Cblue HTTP/1.1" status: 200 len: 1223 time: 0.0488908
2026-07-15 06:07:37.832 10 INFO neutron.db.l3_db [None req-721ac658-560c-4df5-9e75-7bceccc02330 e3a796f079c947aca155d350f8ff4036 4b2371c4cbe84eaabf89af1e172d33d7 - - default default] Floating IP a5234c47-8dcd-4952-adf2-cc5a8cededf7 associated. External IP: 10.96.250.210, port: 14b1c7d8-ec57-45a7-a862-e3270dfffce6.
2026-07-15 06:07:37.844 9 INFO neutron.wsgi [None req-2a052c33-a5de-4f69-beaa-d88685ed1e88 57ac23190f5049d5b5972612c9fabbde 35a30fe41bb0481f999a0e6f912a3689 - - default default] 10.0.0.181 "DELETE /v2.0/networks/445346d1-6a95-4bd7-824a-485f75071d9e HTTP/1.1" status: 204 len: 168 time: 1.5412722
2026-07-15 06:07:37.850 9 INFO neutron.wsgi [None req-77fe2d36-8340-4df9-993b-66fb33ddffc7 26cdc5f24e3f4ed79fcb343d7b3ea378 7b5323c0ad7a4881acc827c83a2b03f7 - - default default] 10.0.0.181 "DELETE /v2.0/networks/356b1af6-edd6-484d-90f6-9c2d9809926f HTTP/1.1" status: 204 len: 168 time: 1.1771605
2026-07-15 06:07:37.901 10 INFO neutron.wsgi [None req-4c17a838-fc4c-4487-a8ac-9837c2acbb9b 5421fe5faf6549a299b627f980a5e43f 07ac9dc90e324e3fa4a76a82b8e7f45f - - default default] 10.0.0.181 "DELETE /v2.0/subnetpools/805c3ba0-5005-484b-a928-b4ec87fc3625 HTTP/1.1" status: 204 len: 168 time: 0.1447539
2026-07-15 06:07:37.968 9 INFO neutron.db.segments_db [None req-2522690d-dc46-40b3-a6b8-ca2728997fdd 57ac23190f5049d5b5972612c9fabbde 35a30fe41bb0481f999a0e6f912a3689 - - default default] Added segment 70d6bea4-2db8-4488-8191-cb3ee6dfd4db of type geneve for network d1a3c967-226d-4991-bb3a-b9422be2d846
2026-07-15 06:07:38.001 10 INFO neutron.wsgi [None req-eaf55e48-409a-48d0-abd6-82eaaadf5ec1 5421fe5faf6549a299b627f980a5e43f 07ac9dc90e324e3fa4a76a82b8e7f45f - - default default] 10.0.0.181 "DELETE /v2.0/subnetpools/9f8c1862-9dd6-4815-b0aa-507e52a15588 HTTP/1.1" status: 204 len: 168 time: 0.0904417
2026-07-15 06:07:38.086 10 INFO neutron.wsgi [None req-4ae33430-3c03-4a00-9f51-a7e687b91ad7 5421fe5faf6549a299b627f980a5e43f 07ac9dc90e324e3fa4a76a82b8e7f45f - - default default] 10.0.0.181 "DELETE /v2.0/subnetpools/fe6105ec-43f7-4d87-92b0-14e2f51eed9e HTTP/1.1" status: 204 len: 168 time: 0.0804327
2026-07-15 06:07:38.159 10 INFO neutron.db.ovn_revision_numbers_db [None req-721ac658-560c-4df5-9e75-7bceccc02330 e3a796f079c947aca155d350f8ff4036 4b2371c4cbe84eaabf89af1e172d33d7 - - default default] Successfully bumped revision number for resource a5234c47-8dcd-4952-adf2-cc5a8cededf7 (type: floatingips) to 4
2026-07-15 06:07:38.181 10 INFO neutron.wsgi [None req-17a460a2-a0dc-4337-b951-3259b4f72428 5421fe5faf6549a299b627f980a5e43f 07ac9dc90e324e3fa4a76a82b8e7f45f - - default default] 10.0.0.181 "DELETE /v2.0/subnetpools/9a51747d-64ce-45e0-8976-24a2a23258bc HTTP/1.1" status: 204 len: 168 time: 0.0843310
2026-07-15 06:07:38.244 9 INFO neutron.db.ovn_revision_numbers_db [None req-2522690d-dc46-40b3-a6b8-ca2728997fdd 57ac23190f5049d5b5972612c9fabbde 35a30fe41bb0481f999a0e6f912a3689 - - default default] Successfully bumped revision number for resource d1a3c967-226d-4991-bb3a-b9422be2d846 (type: networks) to 1
2026-07-15 06:07:38.255 10 INFO neutron.wsgi [None req-a790ce80-547f-47c3-9e7a-3d48684ca214 5421fe5faf6549a299b627f980a5e43f 07ac9dc90e324e3fa4a76a82b8e7f45f - - default default] 10.0.0.181 "DELETE /v2.0/subnetpools/cd33e8f6-56c8-403c-bc36-f28e8b651296 HTTP/1.1" status: 204 len: 168 time: 0.0660608
2026-07-15 06:07:38.290 10 INFO neutron.db.ovn_revision_numbers_db [None req-721ac658-560c-4df5-9e75-7bceccc02330 e3a796f079c947aca155d350f8ff4036 4b2371c4cbe84eaabf89af1e172d33d7 - - default default] Successfully bumped revision number for resource a5234c47-8dcd-4952-adf2-cc5a8cededf7 (type: floatingips) to 5
2026-07-15 06:07:38.311 10 INFO neutron.wsgi [None req-721ac658-560c-4df5-9e75-7bceccc02330 e3a796f079c947aca155d350f8ff4036 4b2371c4cbe84eaabf89af1e172d33d7 - - default default] 10.0.0.181 "PUT /v2.0/floatingips/a5234c47-8dcd-4952-adf2-cc5a8cededf7 HTTP/1.1" status: 200 len: 1049 time: 1.1627030
2026-07-15 06:07:38.350 10 INFO neutron.notifiers.nova [-] Nova event matching ['req-57cadfb8-e85c-4efd-a62f-24da3de37954'] response: {'name': 'network-changed', 'server_uuid': 'fe596eb8-c6d8-4c26-a182-d0cf9604a082', 'tag': '14b1c7d8-ec57-45a7-a862-e3270dfffce6', 'status': 'completed', 'code': 200}
2026-07-15 06:07:38.365 10 INFO neutron.wsgi [None req-d0d58e49-9023-4121-90f4-3c6d5847411d e3a796f079c947aca155d350f8ff4036 4b2371c4cbe84eaabf89af1e172d33d7 - - default default] 10.0.0.181 "GET /v2.0/floatingips/a5234c47-8dcd-4952-adf2-cc5a8cededf7 HTTP/1.1" status: 200 len: 1051 time: 0.0482218
2026-07-15 06:07:38.419 10 INFO neutron.wsgi [req-b07b13b9-1c53-4f55-8802-aad96c0a7eb1 req-1312fd2a-209b-4589-819f-25debcab89b2 f6874e0a7cdd4670a81148cd0d9e005d e1876e7429b34c7381d13da8019991be - - 0c8a729e6dab4f17a284c6fa56afbc8a 0c8a729e6dab4f17a284c6fa56afbc8a] 199.204.45.116 "GET /v2.0/ports?tenant_id=4b2371c4cbe84eaabf89af1e172d33d7&device_id=fe596eb8-c6d8-4c26-a182-d0cf9604a082 HTTP/1.1" status: 200 len: 1409 time: 0.0438418
2026-07-15 06:07:38.485 9 INFO neutron.wsgi [None req-fbfd6fdd-d1c9-49dd-9479-0f63376d478d 26cdc5f24e3f4ed79fcb343d7b3ea378 7b5323c0ad7a4881acc827c83a2b03f7 - - default default] 10.0.0.181 "DELETE /v2.0/networks/f037c11a-abce-450d-8574-fefeb2c7357c HTTP/1.1" status: 204 len: 168 time: 0.6302772
2026-07-15 06:07:38.488 10 INFO neutron.wsgi [req-b07b13b9-1c53-4f55-8802-aad96c0a7eb1 req-a3c81fbe-d01c-4b5a-9d29-9547f6c9db28 f6874e0a7cdd4670a81148cd0d9e005d e1876e7429b34c7381d13da8019991be - - 0c8a729e6dab4f17a284c6fa56afbc8a 0c8a729e6dab4f17a284c6fa56afbc8a] 199.204.45.116 "GET /v2.0/networks?id=1f140499-2c96-4b08-816f-8ff1089bb765 HTTP/1.1" status: 200 len: 958 time: 0.0639515
2026-07-15 06:07:38.513 9 WARNING neutron.scheduler.dhcp_agent_scheduler [None req-2522690d-dc46-40b3-a6b8-ca2728997fdd 57ac23190f5049d5b5972612c9fabbde 35a30fe41bb0481f999a0e6f912a3689 - - default default] No more DHCP agents
2026-07-15 06:07:38.523 9 WARNING neutron.api.rpc.agentnotifiers.dhcp_rpc_agent_api [None req-2522690d-dc46-40b3-a6b8-ca2728997fdd 57ac23190f5049d5b5972612c9fabbde 35a30fe41bb0481f999a0e6f912a3689 - - default default] Unable to schedule network d1a3c967-226d-4991-bb3a-b9422be2d846: no agents available; will retry on subsequent port and subnet creation events.
2026-07-15 06:07:38.568 10 INFO neutron.wsgi [req-b07b13b9-1c53-4f55-8802-aad96c0a7eb1 req-bd093d77-9df9-4ba2-8840-7cd92455d53d f6874e0a7cdd4670a81148cd0d9e005d e1876e7429b34c7381d13da8019991be - - 0c8a729e6dab4f17a284c6fa56afbc8a 0c8a729e6dab4f17a284c6fa56afbc8a] 199.204.45.116 "GET /v2.0/floatingips?fixed_ip_address=10.100.0.3&port_id=14b1c7d8-ec57-45a7-a862-e3270dfffce6 HTTP/1.1" status: 200 len: 1059 time: 0.0717852
2026-07-15 06:07:38.623 10 INFO neutron.wsgi [req-b07b13b9-1c53-4f55-8802-aad96c0a7eb1 req-7ef4d992-ffd8-4a7a-9b0c-5d4ad1d12a24 f6874e0a7cdd4670a81148cd0d9e005d e1876e7429b34c7381d13da8019991be - - 0c8a729e6dab4f17a284c6fa56afbc8a 0c8a729e6dab4f17a284c6fa56afbc8a] 199.204.45.116 "GET /v2.0/subnets?id=bada0a51-b247-4f4f-a9e0-6e950aa67a63 HTTP/1.1" status: 200 len: 853 time: 0.0492351
2026-07-15 06:07:38.638 9 INFO neutron.db.ovn_revision_numbers_db [None req-2522690d-dc46-40b3-a6b8-ca2728997fdd 57ac23190f5049d5b5972612c9fabbde 35a30fe41bb0481f999a0e6f912a3689 - - default default] Successfully bumped revision number for resource f1a9c103-aefa-4f1e-bda4-749333ed9e9a (type: ports) to 1
2026-07-15 06:07:38.653 10 INFO neutron.wsgi [req-b07b13b9-1c53-4f55-8802-aad96c0a7eb1 req-8b7430ad-0640-426a-af91-4c31802614a9 f6874e0a7cdd4670a81148cd0d9e005d e1876e7429b34c7381d13da8019991be - - 0c8a729e6dab4f17a284c6fa56afbc8a 0c8a729e6dab4f17a284c6fa56afbc8a] 199.204.45.116 "GET /v2.0/ports?network_id=1f140499-2c96-4b08-816f-8ff1089bb765&device_owner=network%3Adhcp HTTP/1.1" status: 200 len: 210 time: 0.0237906
2026-07-15 06:07:38.668 9 INFO neutron.wsgi [None req-2522690d-dc46-40b3-a6b8-ca2728997fdd 57ac23190f5049d5b5972612c9fabbde 35a30fe41bb0481f999a0e6f912a3689 - - default default] 10.0.0.181 "POST /v2.0/networks HTTP/1.1" status: 201 len: 929 time: 0.8136756 /var/lib/openstack/lib/python3.10/site-packages/pycadf/identifier.py:71: UserWarning: Invalid uuid: neutron. To ensure interoperability, identifiers should be a valid uuid. warnings.warn(('Invalid uuid: %s. To ensure interoperability, '
2026-07-15 06:07:38.727 10 INFO neutron.wsgi [req-b07b13b9-1c53-4f55-8802-aad96c0a7eb1 req-71b3a612-f187-4432-9850-06c36330e0ce f6874e0a7cdd4670a81148cd0d9e005d e1876e7429b34c7381d13da8019991be - - 0c8a729e6dab4f17a284c6fa56afbc8a 0c8a729e6dab4f17a284c6fa56afbc8a] 199.204.45.116 "GET /v2.0/networks/1f140499-2c96-4b08-816f-8ff1089bb765?fields=segments HTTP/1.1" status: 200 len: 212 time: 0.0600204
2026-07-15 06:07:38.798 10 INFO neutron.wsgi [req-b07b13b9-1c53-4f55-8802-aad96c0a7eb1 req-1a318617-3e56-42de-93ef-607167bb5d31 f6874e0a7cdd4670a81148cd0d9e005d e1876e7429b34c7381d13da8019991be - - 0c8a729e6dab4f17a284c6fa56afbc8a 0c8a729e6dab4f17a284c6fa56afbc8a] 199.204.45.116 "GET /v2.0/networks/1f140499-2c96-4b08-816f-8ff1089bb765?fields=provider%3Aphysical_network&fields=provider%3Anetwork_type HTTP/1.1" status: 200 len: 277 time: 0.0613556
2026-07-15 06:07:38.826 9 WARNING neutron.scheduler.dhcp_agent_scheduler [None req-7c42b568-6d36-43fc-9703-08028698f948 57ac23190f5049d5b5972612c9fabbde 35a30fe41bb0481f999a0e6f912a3689 - - default default] No more DHCP agents
