2026-07-15 06:05:55.899 10 INFO neutron.db.ovn_revision_numbers_db [None req-340b6586-7403-4d55-a1f4-74687de85aba b74d0f6850a24e4db72747476cff5a28 793826d128cb404e972d2611e7ca6d6f - - default default] Successfully bumped revision number for resource a770e378-a7f2-4dd4-8bf5-e05adb9c9e94 (type: security_group_rules) to 0
2026-07-15 06:05:55.929 10 INFO neutron.db.ovn_revision_numbers_db [None req-340b6586-7403-4d55-a1f4-74687de85aba b74d0f6850a24e4db72747476cff5a28 793826d128cb404e972d2611e7ca6d6f - - default default] Successfully bumped revision number for resource a79874a5-d59c-4769-8642-31632ee7f5e8 (type: security_group_rules) to 0
2026-07-15 06:05:55.966 10 INFO neutron.wsgi [None req-340b6586-7403-4d55-a1f4-74687de85aba b74d0f6850a24e4db72747476cff5a28 793826d128cb404e972d2611e7ca6d6f - - default default] 10.0.0.181 "GET /v2.0/security-groups?tenant_id=b313dcfa5ffc4f018daabc8c29fb6150&name=default HTTP/1.1" status: 200 len: 2996 time: 0.3034694
2026-07-15 06:05:56.033 9 INFO neutron.db.ovn_revision_numbers_db [None req-cf4eb04c-26b7-4393-b89e-7f7bd64a5b87 26847d42f0dd4cc2a6357062cf82c6ad a8e4129026684815b3e6ece18e23dc65 - - default default] Successfully bumped revision number for resource 74bc922c-9b12-449f-82e4-dc847600c9be (type: ports) to 1
2026-07-15 06:05:56.066 9 INFO neutron.wsgi [None req-cf4eb04c-26b7-4393-b89e-7f7bd64a5b87 26847d42f0dd4cc2a6357062cf82c6ad a8e4129026684815b3e6ece18e23dc65 - - default default] 10.0.0.181 "POST /v2.0/networks HTTP/1.1" status: 201 len: 833 time: 0.8503573
2026-07-15 06:05:56.080 10 WARNING neutron_lib.context [None req-47758347-3f71-4cd5-aa5a-5914eea158a2 26847d42f0dd4cc2a6357062cf82c6ad a8e4129026684815b3e6ece18e23dc65 - - default default] Method 'is_advsvc' is deprecated since 2023.2 release (neutron-lib 3.8.0) and will be removed once support for the old RBAC API policies will be removed from Neutron. Please use method 'is_service_role' instead.
2026-07-15 06:05:56.238 9 INFO neutron.wsgi [None req-df501ac6-eb45-4a17-94e1-db2ead904cc7 dc4a0e51047c43b089261c7997724bd1 463c5a5cecc64334ae5aa6eeae55d682 - - default default] 10.0.0.181 "DELETE /v2.0/networks/90211ca9-07e7-47b5-b90a-a20eb21b8f6a HTTP/1.1" status: 204 len: 168 time: 0.4912446
2026-07-15 06:05:56.390 10 INFO neutron.wsgi [None req-aa67d0de-ffea-4553-8234-473cb72ea675 b74d0f6850a24e4db72747476cff5a28 793826d128cb404e972d2611e7ca6d6f - - default default] 10.0.0.181 "DELETE /v2.0/security-groups/8e046b4a-2213-4b93-bcc8-6e9ddcdd753c HTTP/1.1" status: 204 len: 168 time: 0.4173028
2026-07-15 06:05:56.433 10 WARNING neutron.scheduler.dhcp_agent_scheduler [None req-47758347-3f71-4cd5-aa5a-5914eea158a2 26847d42f0dd4cc2a6357062cf82c6ad a8e4129026684815b3e6ece18e23dc65 - - default default] No more DHCP agents
2026-07-15 06:05:56.436 10 WARNING neutron.api.rpc.agentnotifiers.dhcp_rpc_agent_api [None req-47758347-3f71-4cd5-aa5a-5914eea158a2 26847d42f0dd4cc2a6357062cf82c6ad a8e4129026684815b3e6ece18e23dc65 - - default default] Unable to schedule network 2f1d1487-7dfd-49a9-9025-5b256f077ad9: no agents available; will retry on subsequent port and subnet creation events.
2026-07-15 06:05:56.494 10 INFO neutron.db.ovn_revision_numbers_db [None req-47758347-3f71-4cd5-aa5a-5914eea158a2 26847d42f0dd4cc2a6357062cf82c6ad a8e4129026684815b3e6ece18e23dc65 - - default default] Successfully bumped revision number for resource f3e8e65a-fe70-4c2b-a8a6-ddb9605adee4 (type: subnets) to 0
2026-07-15 06:05:56.509 10 INFO neutron.db.l3_db [None req-fb2ffd9a-1634-4c8f-a81d-95a0755e5152 b09fc6469ad1420ba0a76a0f9aa98ed3 9d365a68fede48d3a42b0d8a7aea8fe4 - - default default] Floating IP d6f0736c-4301-47a6-9a20-5f2086f5b03c associated. External IP: 10.96.250.207, port: 1d3a641c-14c8-424d-90c7-9c247b717010.
2026-07-15 06:05:56.513 10 INFO neutron.wsgi [None req-47758347-3f71-4cd5-aa5a-5914eea158a2 26847d42f0dd4cc2a6357062cf82c6ad a8e4129026684815b3e6ece18e23dc65 - - default default] 10.0.0.181 "POST /v2.0/subnets HTTP/1.1" status: 201 len: 821 time: 0.4385402
2026-07-15 06:05:56.527 9 WARNING neutron_lib.context [None req-8987f344-e025-42cd-a5ba-822a7a775568 26847d42f0dd4cc2a6357062cf82c6ad a8e4129026684815b3e6ece18e23dc65 - - default default] Method 'is_advsvc' is deprecated since 2023.2 release (neutron-lib 3.8.0) and will be removed once support for the old RBAC API policies will be removed from Neutron. Please use method 'is_service_role' instead.
2026-07-15 06:05:56.627 9 INFO neutron.wsgi [None req-53426635-8a81-48ec-aac0-d02a8a909c50 dc4a0e51047c43b089261c7997724bd1 463c5a5cecc64334ae5aa6eeae55d682 - - default default] 10.0.0.181 "DELETE /v2.0/networks/251a8d16-2b50-4292-a648-7e7674520465 HTTP/1.1" status: 204 len: 168 time: 0.3831632
2026-07-15 06:05:56.706 9 INFO neutron.db.ovn_revision_numbers_db [None req-8987f344-e025-42cd-a5ba-822a7a775568 26847d42f0dd4cc2a6357062cf82c6ad a8e4129026684815b3e6ece18e23dc65 - - default default] Successfully bumped revision number for resource 12abd5cf-096b-4f7b-9a6b-dfab40527db6 (type: routers) to 1
2026-07-15 06:05:56.719 9 INFO neutron.wsgi [None req-8987f344-e025-42cd-a5ba-822a7a775568 26847d42f0dd4cc2a6357062cf82c6ad a8e4129026684815b3e6ece18e23dc65 - - default default] 10.0.0.181 "POST /v2.0/routers HTTP/1.1" status: 201 len: 691 time: 0.1994035
2026-07-15 06:05:56.780 10 INFO neutron.db.ovn_revision_numbers_db [None req-fb2ffd9a-1634-4c8f-a81d-95a0755e5152 b09fc6469ad1420ba0a76a0f9aa98ed3 9d365a68fede48d3a42b0d8a7aea8fe4 - - default default] Successfully bumped revision number for resource d6f0736c-4301-47a6-9a20-5f2086f5b03c (type: floatingips) to 0
2026-07-15 06:05:56.926 10 INFO neutron.db.ovn_revision_numbers_db [None req-fb2ffd9a-1634-4c8f-a81d-95a0755e5152 b09fc6469ad1420ba0a76a0f9aa98ed3 9d365a68fede48d3a42b0d8a7aea8fe4 - - default default] Successfully bumped revision number for resource d6f0736c-4301-47a6-9a20-5f2086f5b03c (type: floatingips) to 1
2026-07-15 06:05:56.968 10 INFO neutron.wsgi [None req-fb2ffd9a-1634-4c8f-a81d-95a0755e5152 b09fc6469ad1420ba0a76a0f9aa98ed3 9d365a68fede48d3a42b0d8a7aea8fe4 - - default default] 10.0.0.181 "POST /v2.0/floatingips HTTP/1.1" status: 201 len: 1042 time: 1.4015841
2026-07-15 06:05:57.041 9 INFO neutron.wsgi [None req-d877f20d-fff6-4e24-afcc-7e9d5ac02928 b09fc6469ad1420ba0a76a0f9aa98ed3 9d365a68fede48d3a42b0d8a7aea8fe4 - - default default] 10.0.0.181 "GET /v2.0/floatingips/d6f0736c-4301-47a6-9a20-5f2086f5b03c HTTP/1.1" status: 200 len: 1039 time: 0.0671875
2026-07-15 06:05:57.115 10 INFO neutron.services.segments.plugin [-] Segment b7a37d3e-bf61-4a25-b2ee-f0d7ae739070 resource provider aggregate not found
2026-07-15 06:05:57.124 10 INFO neutron.services.segments.plugin [-] Segment b7a37d3e-bf61-4a25-b2ee-f0d7ae739070 resource provider aggregate not found
2026-07-15 06:05:57.137 10 INFO neutron.services.segments.plugin [-] Segment b7a37d3e-bf61-4a25-b2ee-f0d7ae739070 resource provider not found; error: Placement Client Error (4xx): {"errors": [{"status": 404, "title": "Not Found", "detail": "The resource could not be found.\n\n No resource provider with uuid b7a37d3e-bf61-4a25-b2ee-f0d7ae739070 found for delete ", "request_id": "req-2464b13a-55d5-4e03-9e8a-5b9266add8a8"}]}
2026-07-15 06:05:57.150 10 INFO neutron.services.segments.plugin [-] Segment b7a37d3e-bf61-4a25-b2ee-f0d7ae739070 resource provider not found; error: Placement Client Error (4xx): {"errors": [{"status": 404, "title": "Not Found", "detail": "The resource could not be found.\n\n No resource provider with uuid b7a37d3e-bf61-4a25-b2ee-f0d7ae739070 found for delete ", "request_id": "req-f28802cc-6242-4789-969d-f4fd2ca0c0da"}]}
2026-07-15 06:05:57.152 9 INFO neutron.wsgi [None req-161a3079-dc4e-483b-a309-a328428d5c76 b09fc6469ad1420ba0a76a0f9aa98ed3 9d365a68fede48d3a42b0d8a7aea8fe4 - - default default] 10.0.0.181 "GET /v2.0/floatingips HTTP/1.1" status: 200 len: 1042 time: 0.1055689 /var/lib/openstack/lib/python3.10/site-packages/pycadf/identifier.py:71: UserWarning: Invalid uuid: neutron. To ensure interoperability, identifiers should be a valid uuid. warnings.warn(('Invalid uuid: %s. To ensure interoperability, '
2026-07-15 06:05:57.325 9 WARNING neutron.scheduler.dhcp_agent_scheduler [None req-2319b867-7fdf-4a4c-86fc-a7676a34a1f5 26847d42f0dd4cc2a6357062cf82c6ad a8e4129026684815b3e6ece18e23dc65 - - default default] No more DHCP agents
2026-07-15 06:05:57.331 10 INFO neutron.wsgi [None req-bc4739c0-743a-4412-b5b8-ac1857876793 b74d0f6850a24e4db72747476cff5a28 793826d128cb404e972d2611e7ca6d6f - - default default] 10.0.0.181 "GET /v2.0/security-groups?tenant_id=463c5a5cecc64334ae5aa6eeae55d682&name=default HTTP/1.1" status: 200 len: 2996 time: 0.1526792
2026-07-15 06:05:57.332 9 WARNING neutron.api.rpc.agentnotifiers.dhcp_rpc_agent_api [None req-2319b867-7fdf-4a4c-86fc-a7676a34a1f5 26847d42f0dd4cc2a6357062cf82c6ad a8e4129026684815b3e6ece18e23dc65 - - default default] Unable to schedule network 2f1d1487-7dfd-49a9-9025-5b256f077ad9: no agents available; will retry on subsequent port and subnet creation events.
2026-07-15 06:05:57.504 9 INFO neutron.db.ovn_revision_numbers_db [None req-2319b867-7fdf-4a4c-86fc-a7676a34a1f5 26847d42f0dd4cc2a6357062cf82c6ad a8e4129026684815b3e6ece18e23dc65 - - default default] Successfully bumped revision number for resource 838d092d-1b5b-47b9-a971-125cf42f1911 (type: ports) to 1
2026-07-15 06:05:57.515 9 INFO neutron.db.l3_db [None req-f18d5ff6-3050-4187-9d11-836fa5e524fd b09fc6469ad1420ba0a76a0f9aa98ed3 9d365a68fede48d3a42b0d8a7aea8fe4 - - default default] Floating IP d6f0736c-4301-47a6-9a20-5f2086f5b03c associated. External IP: 10.96.250.207, port: 1d3a641c-14c8-424d-90c7-9c247b717010.
2026-07-15 06:05:57.559 10 INFO neutron.wsgi [None req-0c4e7ea4-1acf-4d92-bf27-514056aca05d b74d0f6850a24e4db72747476cff5a28 793826d128cb404e972d2611e7ca6d6f - - default default] 10.0.0.181 "DELETE /v2.0/security-groups/69335303-cfb2-434b-9640-4828c49bcbf1 HTTP/1.1" status: 204 len: 168 time: 0.2181213
2026-07-15 06:05:58.052 9 INFO neutron.services.segments.plugin [-] Segment db08571c-ff80-4898-aec0-59653faa157b resource provider aggregate not found
2026-07-15 06:05:58.065 9 INFO neutron.services.segments.plugin [-] Segment db08571c-ff80-4898-aec0-59653faa157b resource provider aggregate not found
2026-07-15 06:05:58.078 9 INFO neutron.services.segments.plugin [-] Segment db08571c-ff80-4898-aec0-59653faa157b resource provider not found; error: Placement Client Error (4xx): {"errors": [{"status": 404, "title": "Not Found", "detail": "The resource could not be found.\n\n No resource provider with uuid db08571c-ff80-4898-aec0-59653faa157b found for delete ", "request_id": "req-0117aa5c-9394-4bf5-bfb7-6bf719c9b6e1"}]}
2026-07-15 06:05:58.090 9 INFO neutron.services.segments.plugin [-] Segment db08571c-ff80-4898-aec0-59653faa157b resource provider not found; error: Placement Client Error (4xx): {"errors": [{"status": 404, "title": "Not Found", "detail": "The resource could not be found.\n\n No resource provider with uuid db08571c-ff80-4898-aec0-59653faa157b found for delete ", "request_id": "req-71b48bb3-ff53-43c4-a027-74f8abd411d8"}]}
2026-07-15 06:05:58.098 9 INFO neutron.services.segments.plugin [-] Segment bcd896f0-9f8b-4d01-8768-357c0131e79d resource provider aggregate not found
2026-07-15 06:05:58.115 9 INFO neutron.services.segments.plugin [-] Segment bcd896f0-9f8b-4d01-8768-357c0131e79d resource provider aggregate not found
2026-07-15 06:05:58.126 9 INFO neutron.services.segments.plugin [-] Segment bcd896f0-9f8b-4d01-8768-357c0131e79d resource provider not found; error: Placement Client Error (4xx): {"errors": [{"status": 404, "title": "Not Found", "detail": "The resource could not be found.\n\n No resource provider with uuid bcd896f0-9f8b-4d01-8768-357c0131e79d found for delete ", "request_id": "req-78729438-f7c6-46b0-9cec-70470b4c8613"}]}
2026-07-15 06:05:58.131 9 INFO neutron.services.segments.plugin [-] Segment bcd896f0-9f8b-4d01-8768-357c0131e79d resource provider not found; error: Placement Client Error (4xx): {"errors": [{"status": 404, "title": "Not Found", "detail": "The resource could not be found.\n\n No resource provider with uuid bcd896f0-9f8b-4d01-8768-357c0131e79d found for delete ", "request_id": "req-ab7c048a-9e8c-4a0b-95ab-6b10f191b13b"}]}
2026-07-15 06:05:58.255 9 INFO neutron.db.ovn_revision_numbers_db [None req-f18d5ff6-3050-4187-9d11-836fa5e524fd b09fc6469ad1420ba0a76a0f9aa98ed3 9d365a68fede48d3a42b0d8a7aea8fe4 - - default default] Successfully bumped revision number for resource d6f0736c-4301-47a6-9a20-5f2086f5b03c (type: floatingips) to 2
2026-07-15 06:05:58.438 9 INFO neutron.db.ovn_revision_numbers_db [None req-f18d5ff6-3050-4187-9d11-836fa5e524fd b09fc6469ad1420ba0a76a0f9aa98ed3 9d365a68fede48d3a42b0d8a7aea8fe4 - - default default] Successfully bumped revision number for resource d6f0736c-4301-47a6-9a20-5f2086f5b03c (type: floatingips) to 2
2026-07-15 06:05:58.458 9 INFO neutron.db.ovn_revision_numbers_db [None req-2319b867-7fdf-4a4c-86fc-a7676a34a1f5 26847d42f0dd4cc2a6357062cf82c6ad a8e4129026684815b3e6ece18e23dc65 - - default default] Successfully bumped revision number for resource 838d092d-1b5b-47b9-a971-125cf42f1911 (type: router_ports) to 1
2026-07-15 06:05:58.515 9 INFO neutron.wsgi [None req-f18d5ff6-3050-4187-9d11-836fa5e524fd b09fc6469ad1420ba0a76a0f9aa98ed3 9d365a68fede48d3a42b0d8a7aea8fe4 - - default default] 10.0.0.181 "PUT /v2.0/floatingips/d6f0736c-4301-47a6-9a20-5f2086f5b03c HTTP/1.1" status: 200 len: 1036 time: 1.3562994 /var/lib/openstack/lib/python3.10/site-packages/pycadf/identifier.py:71: UserWarning: Invalid uuid: neutron. To ensure interoperability, identifiers should be a valid uuid. warnings.warn(('Invalid uuid: %s. To ensure interoperability, '
2026-07-15 06:05:58.620 9 INFO neutron.db.ovn_revision_numbers_db [None req-2319b867-7fdf-4a4c-86fc-a7676a34a1f5 26847d42f0dd4cc2a6357062cf82c6ad a8e4129026684815b3e6ece18e23dc65 - - default default] Successfully bumped revision number for resource 838d092d-1b5b-47b9-a971-125cf42f1911 (type: ports) to 1
2026-07-15 06:05:58.690 9 WARNING neutron.scheduler.dhcp_agent_scheduler [None req-2319b867-7fdf-4a4c-86fc-a7676a34a1f5 26847d42f0dd4cc2a6357062cf82c6ad a8e4129026684815b3e6ece18e23dc65 - - default default] No more DHCP agents
2026-07-15 06:05:58.691 9 WARNING neutron.api.rpc.agentnotifiers.dhcp_rpc_agent_api [None req-2319b867-7fdf-4a4c-86fc-a7676a34a1f5 26847d42f0dd4cc2a6357062cf82c6ad a8e4129026684815b3e6ece18e23dc65 - - default default] Unable to schedule network 2f1d1487-7dfd-49a9-9025-5b256f077ad9: no agents available; will retry on subsequent port and subnet creation events.
2026-07-15 06:05:58.705 10 INFO neutron.db.l3_db [None req-ac445e7f-7b13-424c-b01e-4758f59faf16 b09fc6469ad1420ba0a76a0f9aa98ed3 9d365a68fede48d3a42b0d8a7aea8fe4 - - default default] Floating IP d6f0736c-4301-47a6-9a20-5f2086f5b03c disassociated. External IP: 10.96.250.207, port: f70bdf23-b6c3-4c07-bd41-aa9184dd1894.
2026-07-15 06:05:58.778 10 INFO neutron.db.ovn_revision_numbers_db [None req-ac445e7f-7b13-424c-b01e-4758f59faf16 b09fc6469ad1420ba0a76a0f9aa98ed3 9d365a68fede48d3a42b0d8a7aea8fe4 - - default default] Successfully bumped revision number for resource d6f0736c-4301-47a6-9a20-5f2086f5b03c (type: floatingips) to 3
2026-07-15 06:05:58.867 9 INFO neutron.db.ovn_revision_numbers_db [None req-2319b867-7fdf-4a4c-86fc-a7676a34a1f5 26847d42f0dd4cc2a6357062cf82c6ad a8e4129026684815b3e6ece18e23dc65 - - default default] Successfully bumped revision number for resource 838d092d-1b5b-47b9-a971-125cf42f1911 (type: router_ports) to 1
2026-07-15 06:05:58.870 9 INFO neutron.wsgi [None req-2319b867-7fdf-4a4c-86fc-a7676a34a1f5 26847d42f0dd4cc2a6357062cf82c6ad a8e4129026684815b3e6ece18e23dc65 - - default default] 10.0.0.181 "PUT /v2.0/routers/12abd5cf-096b-4f7b-9a6b-dfab40527db6/add_router_interface HTTP/1.1" status: 200 len: 503 time: 2.1445513
2026-07-15 06:05:58.886 10 INFO neutron.wsgi [None req-ac445e7f-7b13-424c-b01e-4758f59faf16 b09fc6469ad1420ba0a76a0f9aa98ed3 9d365a68fede48d3a42b0d8a7aea8fe4 - - default default] 10.0.0.181 "PUT /v2.0/floatingips/d6f0736c-4301-47a6-9a20-5f2086f5b03c HTTP/1.1" status: 200 len: 748 time: 0.3550317 /var/lib/openstack/lib/python3.10/site-packages/pycadf/identifier.py:71: UserWarning: Invalid uuid: neutron. To ensure interoperability, identifiers should be a valid uuid. warnings.warn(('Invalid uuid: %s. To ensure interoperability, '
2026-07-15 06:05:58.950 9 INFO neutron.wsgi [None req-9b15651f-e82b-4e4f-9a2f-2702c284b27e 26847d42f0dd4cc2a6357062cf82c6ad a8e4129026684815b3e6ece18e23dc65 - - default default] 10.0.0.181 "GET /v2.0/ports/838d092d-1b5b-47b9-a971-125cf42f1911 HTTP/1.1" status: 200 len: 1139 time: 0.0758016
2026-07-15 06:05:58.992 9 INFO neutron.wsgi [None req-65243953-1c28-451c-a77a-f68daee270bb 26847d42f0dd4cc2a6357062cf82c6ad a8e4129026684815b3e6ece18e23dc65 - - default default] 10.0.0.181 "GET /v2.0/ports/838d092d-1b5b-47b9-a971-125cf42f1911 HTTP/1.1" status: 200 len: 1139 time: 0.0340376
2026-07-15 06:05:59.150 9 INFO neutron.db.ovn_revision_numbers_db [None req-10aaef50-889d-42e6-b214-0ab478f98c4a b74d0f6850a24e4db72747476cff5a28 793826d128cb404e972d2611e7ca6d6f - - default default] Successfully bumped revision number for resource 0d84169f-5985-4b9c-b241-13406906aeb5 (type: security_groups) to 1
2026-07-15 06:05:59.163 9 INFO neutron.db.ovn_revision_numbers_db [None req-10aaef50-889d-42e6-b214-0ab478f98c4a b74d0f6850a24e4db72747476cff5a28 793826d128cb404e972d2611e7ca6d6f - - default default] Successfully bumped revision number for resource 165c277e-b84c-43ce-a030-7fa0fe7c418e (type: security_group_rules) to 0
2026-07-15 06:05:59.177 9 INFO neutron.db.ovn_revision_numbers_db [None req-10aaef50-889d-42e6-b214-0ab478f98c4a b74d0f6850a24e4db72747476cff5a28 793826d128cb404e972d2611e7ca6d6f - - default default] Successfully bumped revision number for resource 964d62d4-f388-4f48-8b05-261b7a30bc00 (type: security_group_rules) to 0
2026-07-15 06:05:59.194 9 INFO neutron.db.ovn_revision_numbers_db [None req-10aaef50-889d-42e6-b214-0ab478f98c4a b74d0f6850a24e4db72747476cff5a28 793826d128cb404e972d2611e7ca6d6f - - default default] Successfully bumped revision number for resource cebb7a81-eb23-42f1-9457-8fed9e11ad6c (type: security_group_rules) to 0
2026-07-15 06:05:59.211 9 INFO neutron.db.ovn_revision_numbers_db [None req-10aaef50-889d-42e6-b214-0ab478f98c4a b74d0f6850a24e4db72747476cff5a28 793826d128cb404e972d2611e7ca6d6f - - default default] Successfully bumped revision number for resource dada5057-0357-4535-8cdb-1318ebdbfd81 (type: security_group_rules) to 0
2026-07-15 06:05:59.235 9 INFO neutron.wsgi [None req-10aaef50-889d-42e6-b214-0ab478f98c4a b74d0f6850a24e4db72747476cff5a28 793826d128cb404e972d2611e7ca6d6f - - default default] 10.0.0.181 "GET /v2.0/security-groups?tenant_id=185395bccf744da98ba3e2c989ffb1fa&name=default HTTP/1.1" status: 200 len: 2996 time: 0.3939600
2026-07-15 06:05:59.264 10 INFO neutron.wsgi [None req-205e7908-e4ba-44e1-afac-6a575fea9ee3 b09fc6469ad1420ba0a76a0f9aa98ed3 9d365a68fede48d3a42b0d8a7aea8fe4 - - default default] 10.0.0.181 "DELETE /v2.0/floatingips/d6f0736c-4301-47a6-9a20-5f2086f5b03c HTTP/1.1" status: 204 len: 168 time: 0.3731508
2026-07-15 06:05:59.296 10 INFO neutron.api.v2.resource [None req-8a5c9126-3c7b-4936-bf2a-fb19425d5d09 b09fc6469ad1420ba0a76a0f9aa98ed3 9d365a68fede48d3a42b0d8a7aea8fe4 - - default default] delete failed (client error): The resource could not be found.
2026-07-15 06:05:59.297 10 INFO neutron.wsgi [None req-8a5c9126-3c7b-4936-bf2a-fb19425d5d09 b09fc6469ad1420ba0a76a0f9aa98ed3 9d365a68fede48d3a42b0d8a7aea8fe4 - - default default] 10.0.0.181 "DELETE /v2.0/floatingips/d6f0736c-4301-47a6-9a20-5f2086f5b03c HTTP/1.1" status: 404 len: 345 time: 0.0272737
2026-07-15 06:05:59.417 9 WARNING neutron.plugins.ml2.drivers.ovn.mech_driver.ovsdb.ovn_client [None req-90dd9e58-103f-4dbc-b23f-33cab62070df - - - - - -] No hosting information found for port 34538bf8-0774-4e5b-9fc7-3bc69d3f138b: RuntimeError: No hosting information found for port 34538bf8-0774-4e5b-9fc7-3bc69d3f138b
2026-07-15 06:05:59.483 9 INFO neutron.plugins.ml2.drivers.ovn.mech_driver.mech_driver [None req-90dd9e58-103f-4dbc-b23f-33cab62070df - - - - - -] OVN reports status up for port: 838d092d-1b5b-47b9-a971-125cf42f1911
2026-07-15 06:05:59.497 9 INFO neutron.plugins.ml2.plugin [None req-90dd9e58-103f-4dbc-b23f-33cab62070df - - - - - -] Attempt 1 to provision port 838d092d-1b5b-47b9-a971-125cf42f1911
2026-07-15 06:05:59.558 9 INFO neutron.wsgi [None req-3525afcb-a3f9-46df-a16c-794cc12bfb29 b74d0f6850a24e4db72747476cff5a28 793826d128cb404e972d2611e7ca6d6f - - default default] 10.0.0.181 "DELETE /v2.0/security-groups/0d84169f-5985-4b9c-b241-13406906aeb5 HTTP/1.1" status: 204 len: 168 time: 0.3172958
2026-07-15 06:05:59.565 10 WARNING neutron_lib.context [None req-5914eeb4-82c2-45ac-9d93-3f6017dd15ce 53cecbe0abb64bb7bb2f1ad57ec10849 376ec9c5856a401ba4f818e0c353d00e - - default default] Method 'is_advsvc' is deprecated since 2023.2 release (neutron-lib 3.8.0) and will be removed once support for the old RBAC API policies will be removed from Neutron. Please use method 'is_service_role' instead.
2026-07-15 06:05:59.565 10 WARNING neutron_lib.context [None req-5914eeb4-82c2-45ac-9d93-3f6017dd15ce 53cecbe0abb64bb7bb2f1ad57ec10849 376ec9c5856a401ba4f818e0c353d00e - - default default] Method 'is_advsvc' is deprecated since 2023.2 release (neutron-lib 3.8.0) and will be removed once support for the old RBAC API policies will be removed from Neutron. Please use method 'is_service_role' instead.
2026-07-15 06:05:59.758 10 INFO neutron.wsgi [None req-70d89a6e-b062-4ca4-a5f6-6490d06883e8 b09fc6469ad1420ba0a76a0f9aa98ed3 9d365a68fede48d3a42b0d8a7aea8fe4 - - default default] 10.0.0.181 "DELETE /v2.0/ports/f70bdf23-b6c3-4c07-bd41-aa9184dd1894 HTTP/1.1" status: 204 len: 168 time: 0.4548414 /var/lib/openstack/lib/python3.10/site-packages/pycadf/identifier.py:71: UserWarning: Invalid uuid: neutron. To ensure interoperability, identifiers should be a valid uuid. warnings.warn(('Invalid uuid: %s. To ensure interoperability, '
2026-07-15 06:05:59.805 10 INFO neutron.db.ovn_revision_numbers_db [None req-5914eeb4-82c2-45ac-9d93-3f6017dd15ce 53cecbe0abb64bb7bb2f1ad57ec10849 376ec9c5856a401ba4f818e0c353d00e - - default default] Successfully bumped revision number for resource 7e1b95ee-9d08-4e2f-910e-5ff1e5adc677 (type: security_groups) to 1
2026-07-15 06:05:59.819 10 INFO neutron.db.ovn_revision_numbers_db [None req-5914eeb4-82c2-45ac-9d93-3f6017dd15ce 53cecbe0abb64bb7bb2f1ad57ec10849 376ec9c5856a401ba4f818e0c353d00e - - default default] Successfully bumped revision number for resource 09db05e0-2445-4e8b-9566-9e01cdf48085 (type: security_group_rules) to 0
2026-07-15 06:05:59.839 10 INFO neutron.db.ovn_revision_numbers_db [None req-5914eeb4-82c2-45ac-9d93-3f6017dd15ce 53cecbe0abb64bb7bb2f1ad57ec10849 376ec9c5856a401ba4f818e0c353d00e - - default default] Successfully bumped revision number for resource 5d75525e-23c8-460c-859a-98c56780d78e (type: security_group_rules) to 0
2026-07-15 06:05:59.847 9 INFO neutron.db.ovn_revision_numbers_db [None req-90dd9e58-103f-4dbc-b23f-33cab62070df - - - - - -] Successfully bumped revision number for resource 838d092d-1b5b-47b9-a971-125cf42f1911 (type: ports) to 2
2026-07-15 06:05:59.861 10 INFO neutron.db.ovn_revision_numbers_db [None req-5914eeb4-82c2-45ac-9d93-3f6017dd15ce 53cecbe0abb64bb7bb2f1ad57ec10849 376ec9c5856a401ba4f818e0c353d00e - - default default] Successfully bumped revision number for resource 877f98e6-9f07-4d8c-bc88-62c687658ad4 (type: security_group_rules) to 0
2026-07-15 06:05:59.879 10 INFO neutron.db.ovn_revision_numbers_db [None req-5914eeb4-82c2-45ac-9d93-3f6017dd15ce 53cecbe0abb64bb7bb2f1ad57ec10849 376ec9c5856a401ba4f818e0c353d00e - - default default] Successfully bumped revision number for resource 96f83902-3972-4faa-92d7-4fb1f51ed74f (type: security_group_rules) to 0
2026-07-15 06:05:59.953 10 INFO neutron.db.segments_db [None req-5914eeb4-82c2-45ac-9d93-3f6017dd15ce 53cecbe0abb64bb7bb2f1ad57ec10849 376ec9c5856a401ba4f818e0c353d00e - - default default] Added segment 4933e912-17c8-458c-a91a-69d3a523afcd of type geneve for network d6fa0d7b-daf0-45da-b5c8-0820de1129a6
2026-07-15 06:05:59.966 9 INFO neutron.db.ovn_revision_numbers_db [None req-90dd9e58-103f-4dbc-b23f-33cab62070df - - - - - -] Successfully bumped revision number for resource 838d092d-1b5b-47b9-a971-125cf42f1911 (type: router_ports) to 2
2026-07-15 06:06:00.065 10 INFO neutron.wsgi [None req-7f203461-5fae-4d1b-ad90-8fe440dcec33 26847d42f0dd4cc2a6357062cf82c6ad a8e4129026684815b3e6ece18e23dc65 - - default default] 10.0.0.181 "GET /v2.0/ports/838d092d-1b5b-47b9-a971-125cf42f1911 HTTP/1.1" status: 200 len: 1141 time: 0.0647645
2026-07-15 06:06:00.110 10 INFO neutron.db.segments_db [None req-5914eeb4-82c2-45ac-9d93-3f6017dd15ce 53cecbe0abb64bb7bb2f1ad57ec10849 376ec9c5856a401ba4f818e0c353d00e - - default default] Added segment 3da35249-f949-4c09-b0e4-f11030bd4066 of type geneve for network 2a5802a6-b6d6-41f6-a1ef-48b88eb03270
2026-07-15 06:06:00.208 9 INFO neutron.wsgi [None req-325687b6-02ee-4bfa-91ed-a8eaab41fa97 b09fc6469ad1420ba0a76a0f9aa98ed3 9d365a68fede48d3a42b0d8a7aea8fe4 - - default default] 10.0.0.181 "DELETE /v2.0/ports/1d3a641c-14c8-424d-90c7-9c247b717010 HTTP/1.1" status: 204 len: 168 time: 0.4445670
2026-07-15 06:06:00.323 10 INFO neutron.db.ovn_revision_numbers_db [None req-5914eeb4-82c2-45ac-9d93-3f6017dd15ce 53cecbe0abb64bb7bb2f1ad57ec10849 376ec9c5856a401ba4f818e0c353d00e - - default default] Successfully bumped revision number for resource d6fa0d7b-daf0-45da-b5c8-0820de1129a6 (type: networks) to 1
2026-07-15 06:06:00.325 9 INFO neutron.wsgi [None req-d049eb80-17a0-47c9-b58f-64049a587881 b09fc6469ad1420ba0a76a0f9aa98ed3 9d365a68fede48d3a42b0d8a7aea8fe4 - - default default] 10.0.0.181 "GET /v2.0/ports?device_id=7cb714a2-3414-4fb7-be07-4cc579390ea1 HTTP/1.1" status: 200 len: 1140 time: 0.1093001
2026-07-15 06:06:00.581 9 INFO neutron.wsgi [-] 10.0.0.150 "GET / HTTP/1.1" status: 200 len: 247 time: 0.0018353
2026-07-15 06:06:00.582 9 INFO neutron.wsgi [-] 10.0.0.150 "GET / HTTP/1.1" status: 200 len: 247 time: 0.0009665
2026-07-15 06:06:00.935 10 WARNING neutron.scheduler.dhcp_agent_scheduler [None req-5914eeb4-82c2-45ac-9d93-3f6017dd15ce 53cecbe0abb64bb7bb2f1ad57ec10849 376ec9c5856a401ba4f818e0c353d00e - - default default] No more DHCP agents
2026-07-15 06:06:00.938 10 WARNING neutron.api.rpc.agentnotifiers.dhcp_rpc_agent_api [None req-5914eeb4-82c2-45ac-9d93-3f6017dd15ce 53cecbe0abb64bb7bb2f1ad57ec10849 376ec9c5856a401ba4f818e0c353d00e - - default default] Unable to schedule network d6fa0d7b-daf0-45da-b5c8-0820de1129a6: no agents available; will retry on subsequent port and subnet creation events.
2026-07-15 06:06:01.067 10 INFO neutron.db.ovn_revision_numbers_db [None req-5914eeb4-82c2-45ac-9d93-3f6017dd15ce 53cecbe0abb64bb7bb2f1ad57ec10849 376ec9c5856a401ba4f818e0c353d00e - - default default] Successfully bumped revision number for resource c647b60c-88ad-4594-9f2f-19f5a1a4226e (type: ports) to 1
2026-07-15 06:06:01.171 10 INFO neutron.db.ovn_revision_numbers_db [None req-5914eeb4-82c2-45ac-9d93-3f6017dd15ce 53cecbe0abb64bb7bb2f1ad57ec10849 376ec9c5856a401ba4f818e0c353d00e - - default default] Successfully bumped revision number for resource 2a5802a6-b6d6-41f6-a1ef-48b88eb03270 (type: networks) to 1
2026-07-15 06:06:01.358 10 INFO neutron.wsgi [None req-fa72a2ca-1e82-4aef-9c4b-ec6a716ad6df 26847d42f0dd4cc2a6357062cf82c6ad a8e4129026684815b3e6ece18e23dc65 - - default default] 10.0.0.181 "PUT /v2.0/routers/12abd5cf-096b-4f7b-9a6b-dfab40527db6/remove_router_interface HTTP/1.1" status: 200 len: 503 time: 1.2862155 /var/lib/openstack/lib/python3.10/site-packages/pycadf/identifier.py:71: UserWarning: Invalid uuid: neutron. To ensure interoperability, identifiers should be a valid uuid. warnings.warn(('Invalid uuid: %s. To ensure interoperability, '
2026-07-15 06:06:01.387 10 INFO neutron.wsgi [None req-b9132ad6-4655-4c84-8278-3bde34b2381f 26847d42f0dd4cc2a6357062cf82c6ad a8e4129026684815b3e6ece18e23dc65 - - default default] 10.0.0.181 "GET /v2.0/ports?device_id=12abd5cf-096b-4f7b-9a6b-dfab40527db6 HTTP/1.1" status: 200 len: 205 time: 0.0227566
2026-07-15 06:06:01.507 10 WARNING neutron.scheduler.dhcp_agent_scheduler [None req-5914eeb4-82c2-45ac-9d93-3f6017dd15ce 53cecbe0abb64bb7bb2f1ad57ec10849 376ec9c5856a401ba4f818e0c353d00e - - default default] No more DHCP agents
2026-07-15 06:06:01.510 10 WARNING neutron.api.rpc.agentnotifiers.dhcp_rpc_agent_api [None req-5914eeb4-82c2-45ac-9d93-3f6017dd15ce 53cecbe0abb64bb7bb2f1ad57ec10849 376ec9c5856a401ba4f818e0c353d00e - - default default] Unable to schedule network 2a5802a6-b6d6-41f6-a1ef-48b88eb03270: no agents available; will retry on subsequent port and subnet creation events.
2026-07-15 06:06:01.689 10 INFO neutron.db.ovn_revision_numbers_db [None req-5914eeb4-82c2-45ac-9d93-3f6017dd15ce 53cecbe0abb64bb7bb2f1ad57ec10849 376ec9c5856a401ba4f818e0c353d00e - - default default] Successfully bumped revision number for resource 0857dba6-9a28-46a8-8acf-59b3a1370991 (type: ports) to 1
2026-07-15 06:06:01.742 9 INFO neutron.wsgi [None req-8b62038d-0079-4813-8f50-08c387c5393b b09fc6469ad1420ba0a76a0f9aa98ed3 9d365a68fede48d3a42b0d8a7aea8fe4 - - default default] 10.0.0.181 "PUT /v2.0/routers/7cb714a2-3414-4fb7-be07-4cc579390ea1/remove_router_interface HTTP/1.1" status: 200 len: 503 time: 1.4100263
2026-07-15 06:06:01.744 10 INFO neutron.wsgi [None req-5914eeb4-82c2-45ac-9d93-3f6017dd15ce 53cecbe0abb64bb7bb2f1ad57ec10849 376ec9c5856a401ba4f818e0c353d00e - - default default] 10.0.0.181 "POST /v2.0/networks HTTP/1.1" status: 201 len: 1443 time: 2.2888894 /var/lib/openstack/lib/python3.10/site-packages/pycadf/identifier.py:71: UserWarning: Invalid uuid: neutron. To ensure interoperability, identifiers should be a valid uuid. warnings.warn(('Invalid uuid: %s. To ensure interoperability, '
2026-07-15 06:06:01.763 10 INFO neutron.wsgi [None req-c4517d44-4dfe-44d3-a1a1-1ce9a357a7fa 26847d42f0dd4cc2a6357062cf82c6ad a8e4129026684815b3e6ece18e23dc65 - - default default] 10.0.0.181 "DELETE /v2.0/routers/12abd5cf-096b-4f7b-9a6b-dfab40527db6 HTTP/1.1" status: 204 len: 168 time: 0.3695080
2026-07-15 06:06:01.849 9 INFO neutron.wsgi [None req-b9173128-ec72-4488-a823-b1ca3fffa114 ecc9f8ed911147e184820e571c671e1a 92b5086e5fe94ca8a8da52fa7023451f - - default default] 10.0.0.181 "GET /v2.0/extensions HTTP/1.1" status: 200 len: 16975 time: 0.2066905
2026-07-15 06:06:01.864 9 INFO neutron.wsgi [None req-2b384e33-e3ec-4fdb-8fe7-76141f131c62 ecc9f8ed911147e184820e571c671e1a 92b5086e5fe94ca8a8da52fa7023451f - - default default] 10.0.0.181 "GET /v2.0/extensions/address-group HTTP/1.1" status: 200 len: 353 time: 0.0066724
2026-07-15 06:06:01.875 9 INFO neutron.wsgi [None req-901f518b-f670-4462-82b8-242446a1abb4 53cecbe0abb64bb7bb2f1ad57ec10849 376ec9c5856a401ba4f818e0c353d00e - - default default] 10.0.0.181 "GET /v2.0/networks HTTP/1.1" status: 200 len: 2049 time: 0.1262319
2026-07-15 06:06:01.881 10 INFO neutron.wsgi [None req-e33befb2-e355-4708-a579-e2e67ac4484d ecc9f8ed911147e184820e571c671e1a 92b5086e5fe94ca8a8da52fa7023451f - - default default] 10.0.0.181 "GET /v2.0/extensions/address-scope HTTP/1.1" status: 200 len: 357 time: 0.0069098
2026-07-15 06:06:01.896 10 INFO neutron.wsgi [None req-bf337b2d-b63a-4db0-ba6a-f0fe255d837f ecc9f8ed911147e184820e571c671e1a 92b5086e5fe94ca8a8da52fa7023451f - - default default] 10.0.0.181 "GET /v2.0/extensions/agent HTTP/1.1" status: 200 len: 347 time: 0.0044978
2026-07-15 06:06:01.909 10 INFO neutron.wsgi [None req-47208445-22ea-4569-b4f0-b8b0466e3cfa ecc9f8ed911147e184820e571c671e1a 92b5086e5fe94ca8a8da52fa7023451f - - default default] 10.0.0.181 "GET /v2.0/extensions/allowed-address-pairs HTTP/1.1" status: 200 len: 378 time: 0.0048039
2026-07-15 06:06:01.919 9 INFO neutron.wsgi [None req-11ab3b44-1bb3-40e9-8867-0ffd899d8933 ecc9f8ed911147e184820e571c671e1a 92b5086e5fe94ca8a8da52fa7023451f - - default default] 10.0.0.181 "GET /v2.0/extensions/auto-allocated-topology HTTP/1.1" status: 200 len: 394 time: 0.0052187
2026-07-15 06:06:01.928 9 INFO neutron.wsgi [None req-062966e5-30b2-414f-beba-86335ce17751 ecc9f8ed911147e184820e571c671e1a 92b5086e5fe94ca8a8da52fa7023451f - - default default] 10.0.0.181 "GET /v2.0/extensions/availability_zone HTTP/1.1" status: 200 len: 372 time: 0.0033927
2026-07-15 06:06:01.937 9 INFO neutron.wsgi [None req-e5d1748c-bbdf-49ae-9d7c-352387fb6351 ecc9f8ed911147e184820e571c671e1a 92b5086e5fe94ca8a8da52fa7023451f - - default default] 10.0.0.181 "GET /v2.0/extensions/default-subnetpools HTTP/1.1" status: 200 len: 405 time: 0.0041597
2026-07-15 06:06:01.946 9 INFO neutron.wsgi [None req-648db1c5-fba8-4139-b856-31ccbb8040b5 ecc9f8ed911147e184820e571c671e1a 92b5086e5fe94ca8a8da52fa7023451f - - default default] 10.0.0.181 "GET /v2.0/extensions/dhcp_agent_scheduler HTTP/1.1" status: 200 len: 381 time: 0.0031700
2026-07-15 06:06:01.958 9 INFO neutron.wsgi [None req-55ae76d8-4dc1-43c1-9d84-0f22fe14c48e ecc9f8ed911147e184820e571c671e1a 92b5086e5fe94ca8a8da52fa7023451f - - default default] 10.0.0.181 "GET /v2.0/extensions/dns-integration HTTP/1.1" status: 200 len: 366 time: 0.0062017
2026-07-15 06:06:01.967 10 INFO neutron.wsgi [None req-bbdc94ac-e063-4aa2-ae7e-f4152407af67 ecc9f8ed911147e184820e571c671e1a 92b5086e5fe94ca8a8da52fa7023451f - - default default] 10.0.0.181 "GET /v2.0/extensions/dns-domain-ports HTTP/1.1" status: 200 len: 399 time: 0.0043466
2026-07-15 06:06:01.976 10 INFO neutron.wsgi [None req-3a923076-41d5-4ccf-ae43-4b475e4ba264 ecc9f8ed911147e184820e571c671e1a 92b5086e5fe94ca8a8da52fa7023451f - - default default] 10.0.0.181 "GET /v2.0/extensions/dns-integration-domain-keywords HTTP/1.1" status: 200 len: 477 time: 0.0031304
2026-07-15 06:06:01.987 9 INFO neutron.wsgi [None req-f4d63847-584a-41f8-9031-a9cf9fecc70d ecc9f8ed911147e184820e571c671e1a 92b5086e5fe94ca8a8da52fa7023451f - - default default] 10.0.0.181 "GET /v2.0/extensions/empty-string-filtering HTTP/1.1" status: 200 len: 413 time: 0.0051880
2026-07-15 06:06:01.995 10 INFO neutron.wsgi [None req-2be591cd-47d5-4aad-94a2-d9d8de02376e ecc9f8ed911147e184820e571c671e1a 92b5086e5fe94ca8a8da52fa7023451f - - default default] 10.0.0.181 "GET /v2.0/extensions/external-net HTTP/1.1" status: 200 len: 394 time: 0.0044107
2026-07-15 06:06:02.008 10 INFO neutron.wsgi [None req-0e54e95a-5ef9-4ba1-bea0-942e51138b65 ecc9f8ed911147e184820e571c671e1a 92b5086e5fe94ca8a8da52fa7023451f - - default default] 10.0.0.181 "GET /v2.0/extensions/extra_dhcp_opt HTTP/1.1" status: 200 len: 498 time: 0.0062551
2026-07-15 06:06:02.017 9 INFO neutron.wsgi [None req-2a259174-dc6a-492b-96a6-8881a53104c1 ecc9f8ed911147e184820e571c671e1a 92b5086e5fe94ca8a8da52fa7023451f - - default default] 10.0.0.181 "GET /v2.0/extensions/extraroute HTTP/1.1" status: 200 len: 375 time: 0.0044570
2026-07-15 06:06:02.025 10 INFO neutron.wsgi [None req-3bb2540c-940c-4222-936d-cca3219f9e2f 26847d42f0dd4cc2a6357062cf82c6ad a8e4129026684815b3e6ece18e23dc65 - - default default] 10.0.0.181 "DELETE /v2.0/subnets/f3e8e65a-fe70-4c2b-a8a6-ddb9605adee4 HTTP/1.1" status: 204 len: 168 time: 0.2572486
2026-07-15 06:06:02.026 9 INFO neutron.wsgi [None req-e3557f2d-3e77-4827-84ec-8206bd1c360d ecc9f8ed911147e184820e571c671e1a 92b5086e5fe94ca8a8da52fa7023451f - - default default] 10.0.0.181 "GET /v2.0/extensions/filter-validation HTTP/1.1" status: 200 len: 392 time: 0.0046380
2026-07-15 06:06:02.034 9 INFO neutron.wsgi [None req-448676fd-3247-47fc-bbbf-9d31ff7edc71 ecc9f8ed911147e184820e571c671e1a 92b5086e5fe94ca8a8da52fa7023451f - - default default] 10.0.0.181 "GET /v2.0/extensions/floating-ip-port-forwarding-detail HTTP/1.1" status: 200 len: 465 time: 0.0036819
2026-07-15 06:06:02.048 9 INFO neutron.wsgi [None req-332a8364-e690-4d7f-b208-2db5d9d91a27 ecc9f8ed911147e184820e571c671e1a 92b5086e5fe94ca8a8da52fa7023451f - - default default] 10.0.0.181 "GET /v2.0/extensions/fip-port-details HTTP/1.1" status: 200 len: 406 time: 0.0079980
2026-07-15 06:06:02.056 9 INFO neutron.wsgi [None req-bc1cde60-d395-4231-8d22-d610b158fbfa ecc9f8ed911147e184820e571c671e1a 92b5086e5fe94ca8a8da52fa7023451f - - default default] 10.0.0.181 "GET /v2.0/extensions/flavors HTTP/1.1" status: 200 len: 387 time: 0.0038416
2026-07-15 06:06:02.062 9 INFO neutron.wsgi [None req-25e90fb4-0808-429d-9d1e-5044fc835066 ecc9f8ed911147e184820e571c671e1a 92b5086e5fe94ca8a8da52fa7023451f - - default default] 10.0.0.181 "GET /v2.0/extensions/floatingip-pools HTTP/1.1" status: 200 len: 382 time: 0.0035021
2026-07-15 06:06:02.074 10 INFO neutron.wsgi [None req-1f9a77b0-d72a-44a3-929e-69a526200ded ecc9f8ed911147e184820e571c671e1a 92b5086e5fe94ca8a8da52fa7023451f - - default default] 10.0.0.181 "GET /v2.0/extensions/ip_allocation HTTP/1.1" status: 200 len: 356 time: 0.0069199
2026-07-15 06:06:02.086 9 INFO neutron.wsgi [None req-f06c04af-db80-4a43-a641-9c02941d7dec ecc9f8ed911147e184820e571c671e1a 92b5086e5fe94ca8a8da52fa7023451f - - default default] 10.0.0.181 "GET /v2.0/extensions/l2_adjacency HTTP/1.1" status: 200 len: 372 time: 0.0058556
2026-07-15 06:06:02.098 10 INFO neutron.wsgi [None req-4f48dc59-2848-45f3-a536-7caaa9b23125 ecc9f8ed911147e184820e571c671e1a 92b5086e5fe94ca8a8da52fa7023451f - - default default] 10.0.0.181 "GET /v2.0/extensions/router HTTP/1.1" status: 200 len: 450 time: 0.0068426
2026-07-15 06:06:02.110 10 INFO neutron.wsgi [None req-57cd94fd-22f6-440f-a70e-db7c9234946c ecc9f8ed911147e184820e571c671e1a 92b5086e5fe94ca8a8da52fa7023451f - - default default] 10.0.0.181 "GET /v2.0/extensions/ext-gw-mode HTTP/1.1" status: 200 len: 462 time: 0.0050781
2026-07-15 06:06:02.123 9 INFO neutron.wsgi [None req-9cd33825-db68-4b48-8f9f-d035008d8d0b ecc9f8ed911147e184820e571c671e1a 92b5086e5fe94ca8a8da52fa7023451f - - default default] 10.0.0.181 "GET /v2.0/extensions/logging HTTP/1.1" status: 200 len: 407 time: 0.0050199
2026-07-15 06:06:02.134 10 INFO neutron.wsgi [None req-e852721c-9199-487f-8f70-654d2a07c3c7 ecc9f8ed911147e184820e571c671e1a 92b5086e5fe94ca8a8da52fa7023451f - - default default] 10.0.0.181 "GET /v2.0/extensions/multi-provider HTTP/1.1" status: 200 len: 406 time: 0.0071721
2026-07-15 06:06:02.143 10 INFO neutron.wsgi [None req-96547fdf-568e-47b2-bb92-e8cfe35b56bd ecc9f8ed911147e184820e571c671e1a 92b5086e5fe94ca8a8da52fa7023451f - - default default] 10.0.0.181 "GET /v2.0/extensions/net-mtu HTTP/1.1" status: 200 len: 370 time: 0.0052629
2026-07-15 06:06:02.163 10 INFO neutron.wsgi [None req-a33d683f-24c3-4cd4-831f-ef2cc5ba071d ecc9f8ed911147e184820e571c671e1a 92b5086e5fe94ca8a8da52fa7023451f - - default default] 10.0.0.181 "GET /v2.0/extensions/net-mtu-writable HTTP/1.1" status: 200 len: 401 time: 0.0157990
2026-07-15 06:06:02.172 9 INFO neutron.wsgi [None req-6b4d79e0-0928-4ee0-8404-48a188ad7058 ecc9f8ed911147e184820e571c671e1a 92b5086e5fe94ca8a8da52fa7023451f - - default default] 10.0.0.181 "GET /v2.0/extensions/network_availability_zone HTTP/1.1" status: 200 len: 394 time: 0.0049012
2026-07-15 06:06:02.180 9 INFO neutron.wsgi [None req-a037e050-4c0d-4bb8-a5e3-95f468f3ae59 ecc9f8ed911147e184820e571c671e1a 92b5086e5fe94ca8a8da52fa7023451f - - default default] 10.0.0.181 "GET /v2.0/extensions/network-ip-availability HTTP/1.1" status: 200 len: 410 time: 0.0047760
2026-07-15 06:06:02.187 9 INFO neutron.wsgi [None req-b42f41e3-6e40-4312-aeaf-f45a43350a23 ecc9f8ed911147e184820e571c671e1a 92b5086e5fe94ca8a8da52fa7023451f - - default default] 10.0.0.181 "GET /v2.0/extensions/pagination HTTP/1.1" status: 200 len: 386 time: 0.0036228
2026-07-15 06:06:02.193 9 INFO neutron.wsgi [None req-a3c6907e-a7fb-4e94-a08e-3dd210994d10 ecc9f8ed911147e184820e571c671e1a 92b5086e5fe94ca8a8da52fa7023451f - - default default] 10.0.0.181 "GET /v2.0/extensions/port-device-profile HTTP/1.1" status: 200 len: 383 time: 0.0030141
2026-07-15 06:06:02.201 10 INFO neutron.wsgi [None req-2e443729-8e9c-4fa3-8a25-9593b0160bf7 ecc9f8ed911147e184820e571c671e1a 92b5086e5fe94ca8a8da52fa7023451f - - default default] 10.0.0.181 "GET /v2.0/extensions/port-mac-address-regenerate HTTP/1.1" status: 200 len: 403 time: 0.0046105
2026-07-15 06:06:02.218 10 INFO neutron.wsgi [None req-26e2be49-48b5-4e1b-bff7-948bf747c58e ecc9f8ed911147e184820e571c671e1a 92b5086e5fe94ca8a8da52fa7023451f - - default default] 10.0.0.181 "GET /v2.0/extensions/port-numa-affinity-policy HTTP/1.1" status: 200 len: 392 time: 0.0052357
2026-07-15 06:06:02.226 9 INFO neutron.wsgi [None req-ddb548aa-cc99-4955-938c-4864db8f73e2 ecc9f8ed911147e184820e571c671e1a 92b5086e5fe94ca8a8da52fa7023451f - - default default] 10.0.0.181 "GET /v2.0/extensions/port-resource-request HTTP/1.1" status: 200 len: 379 time: 0.0047395
2026-07-15 06:06:02.241 10 INFO neutron.wsgi [None req-21a345ce-2810-4462-bc37-f9d3b6ae0a29 ecc9f8ed911147e184820e571c671e1a 92b5086e5fe94ca8a8da52fa7023451f - - default default] 10.0.0.181 "GET /v2.0/extensions/port-resource-request-groups HTTP/1.1" status: 200 len: 465 time: 0.0054817
2026-07-15 06:06:02.249 9 INFO neutron.wsgi [None req-a1d3a671-9373-49d5-93c8-71a1b5e90201 ecc9f8ed911147e184820e571c671e1a 92b5086e5fe94ca8a8da52fa7023451f - - default default] 10.0.0.181 "GET /v2.0/extensions/binding HTTP/1.1" status: 200 len: 387 time: 0.0042329
2026-07-15 06:06:02.256 9 INFO neutron.wsgi [None req-5e3afebb-e860-4a4d-999d-4efe084f124f ecc9f8ed911147e184820e571c671e1a 92b5086e5fe94ca8a8da52fa7023451f - - default default] 10.0.0.181 "GET /v2.0/extensions/binding-extended HTTP/1.1" status: 200 len: 406 time: 0.0030909
2026-07-15 06:06:02.267 9 INFO neutron.wsgi [None req-65090701-b90a-4a32-bc1c-d08a8389681e ecc9f8ed911147e184820e571c671e1a 92b5086e5fe94ca8a8da52fa7023451f - - default default] 10.0.0.181 "GET /v2.0/extensions/port-security HTTP/1.1" status: 200 len: 354 time: 0.0062742
2026-07-15 06:06:02.278 10 INFO neutron.wsgi [None req-907656f3-94dc-4850-90c1-48d59f29d432 ecc9f8ed911147e184820e571c671e1a 92b5086e5fe94ca8a8da52fa7023451f - - default default] 10.0.0.181 "GET /v2.0/extensions/project-id HTTP/1.1" status: 200 len: 398 time: 0.0063767
2026-07-15 06:06:02.286 9 INFO neutron.wsgi [None req-abf3679c-44a9-4f19-8600-97bdde1d3716 ecc9f8ed911147e184820e571c671e1a 92b5086e5fe94ca8a8da52fa7023451f - - default default] 10.0.0.181 "GET /v2.0/extensions/provider HTTP/1.1" status: 200 len: 385 time: 0.0042465
2026-07-15 06:06:02.295 9 INFO neutron.wsgi [None req-3f03a73a-6c98-43fe-ace8-19199d12247a ecc9f8ed911147e184820e571c671e1a 92b5086e5fe94ca8a8da52fa7023451f - - default default] 10.0.0.181 "GET /v2.0/extensions/qos HTTP/1.1" status: 200 len: 360 time: 0.0039587
2026-07-15 06:06:02.306 9 INFO neutron.wsgi [None req-11f7ca21-56ef-4612-b1c3-6a173b59a86f ecc9f8ed911147e184820e571c671e1a 92b5086e5fe94ca8a8da52fa7023451f - - default default] 10.0.0.181 "GET /v2.0/extensions/qos-bw-limit-direction HTTP/1.1" status: 200 len: 452 time: 0.0044472
2026-07-15 06:06:02.314 9 INFO neutron.wsgi [None req-f100867f-c7e9-4661-98ed-7280c06c2fa2 ecc9f8ed911147e184820e571c671e1a 92b5086e5fe94ca8a8da52fa7023451f - - default default] 10.0.0.181 "GET /v2.0/extensions/qos-bw-minimum-ingress HTTP/1.1" status: 200 len: 445 time: 0.0048103
2026-07-15 06:06:02.322 9 INFO neutron.wsgi [None req-0aa28e56-76b4-4c98-9e57-0ce00e974790 ecc9f8ed911147e184820e571c671e1a 92b5086e5fe94ca8a8da52fa7023451f - - default default] 10.0.0.181 "GET /v2.0/extensions/qos-default HTTP/1.1" status: 200 len: 377 time: 0.0045092
2026-07-15 06:06:02.340 9 INFO neutron.wsgi [None req-8fcd5582-fe10-4519-92af-f757bea52180 ecc9f8ed911147e184820e571c671e1a 92b5086e5fe94ca8a8da52fa7023451f - - default default] 10.0.0.181 "GET /v2.0/extensions/qos-fip HTTP/1.1" status: 200 len: 372 time: 0.0044768
2026-07-15 06:06:02.349 9 INFO neutron.wsgi [None req-5bb0c00a-358e-4766-9063-eb160db8e7f4 ecc9f8ed911147e184820e571c671e1a 92b5086e5fe94ca8a8da52fa7023451f - - default default] 10.0.0.181 "GET /v2.0/extensions/qos-gateway-ip HTTP/1.1" status: 200 len: 391 time: 0.0038004
2026-07-15 06:06:02.362 10 INFO neutron.wsgi [None req-2bc4a834-6b10-4ece-ac87-9a2fd0b063ea ecc9f8ed911147e184820e571c671e1a 92b5086e5fe94ca8a8da52fa7023451f - - default default] 10.0.0.181 "GET /v2.0/extensions/qos-port-network-policy HTTP/1.1" status: 200 len: 403 time: 0.0073688
2026-07-15 06:06:02.374 9 INFO neutron.wsgi [None req-09d6c586-46c2-40c4-8035-e796254a3457 ecc9f8ed911147e184820e571c671e1a 92b5086e5fe94ca8a8da52fa7023451f - - default default] 10.0.0.181 "GET /v2.0/extensions/qos-pps-minimum HTTP/1.1" status: 200 len: 397 time: 0.0056682
2026-07-15 06:06:02.382 9 INFO neutron.wsgi [None req-784ab64f-0275-4377-a361-7a24c87c5964 ecc9f8ed911147e184820e571c671e1a 92b5086e5fe94ca8a8da52fa7023451f - - default default] 10.0.0.181 "GET /v2.0/extensions/qos-pps-minimum-rule-alias HTTP/1.1" status: 200 len: 471 time: 0.0044463
2026-07-15 06:06:02.389 9 INFO neutron.wsgi [None req-af43d7ec-54c6-4177-a9d8-2fd3b855af32 ecc9f8ed911147e184820e571c671e1a 92b5086e5fe94ca8a8da52fa7023451f - - default default] 10.0.0.181 "GET /v2.0/extensions/qos-pps HTTP/1.1" status: 200 len: 389 time: 0.0038319
2026-07-15 06:06:02.413 9 INFO neutron.wsgi [None req-a48de17d-6ebc-4a40-8702-f143491e4324 ecc9f8ed911147e184820e571c671e1a 92b5086e5fe94ca8a8da52fa7023451f - - default default] 10.0.0.181 "GET /v2.0/extensions/qos-rule-type-details HTTP/1.1" status: 200 len: 423 time: 0.0216918
2026-07-15 06:06:02.427 9 INFO neutron.wsgi [None req-66496ab3-f61d-485e-806b-140b70fae1dc ecc9f8ed911147e184820e571c671e1a 92b5086e5fe94ca8a8da52fa7023451f - - default default] 10.0.0.181 "GET /v2.0/extensions/qos-rule-type-filter HTTP/1.1" status: 200 len: 567 time: 0.0067041
2026-07-15 06:06:02.435 9 INFO neutron.wsgi [None req-c50abc42-7b53-42df-a59c-4872fd55263e ecc9f8ed911147e184820e571c671e1a 92b5086e5fe94ca8a8da52fa7023451f - - default default] 10.0.0.181 "GET /v2.0/extensions/qos-rules-alias HTTP/1.1" status: 200 len: 448 time: 0.0042114
2026-07-15 06:06:02.444 9 INFO neutron.wsgi [None req-fef195a9-6521-4424-beb4-5460313b0585 ecc9f8ed911147e184820e571c671e1a 92b5086e5fe94ca8a8da52fa7023451f - - default default] 10.0.0.181 "GET /v2.0/extensions/quota-check-limit HTTP/1.1" status: 200 len: 420 time: 0.0043390
2026-07-15 06:06:02.448 10 INFO neutron.services.segments.plugin [-] Segment 4933e912-17c8-458c-a91a-69d3a523afcd resource provider aggregate not found
2026-07-15 06:06:02.453 10 INFO neutron.services.segments.plugin [-] Segment 4933e912-17c8-458c-a91a-69d3a523afcd resource provider aggregate not found
2026-07-15 06:06:02.453 9 INFO neutron.wsgi [None req-f3314045-b0e0-41fd-a213-a6a87d978c7d ecc9f8ed911147e184820e571c671e1a 92b5086e5fe94ca8a8da52fa7023451f - - default default] 10.0.0.181 "GET /v2.0/extensions/quotas HTTP/1.1" status: 200 len: 386 time: 0.0044577
2026-07-15 06:06:02.468 9 INFO neutron.wsgi [None req-c09a1c8b-f9e6-4598-ae87-5a0d2c9761a5 ecc9f8ed911147e184820e571c671e1a 92b5086e5fe94ca8a8da52fa7023451f - - default default] 10.0.0.181 "GET /v2.0/extensions/quota_details HTTP/1.1" status: 200 len: 407 time: 0.0105672
2026-07-15 06:06:02.483 10 INFO neutron.services.segments.plugin [-] Segment 4933e912-17c8-458c-a91a-69d3a523afcd resource provider not found; error: Placement Client Error (4xx): {"errors": [{"status": 404, "title": "Not Found", "detail": "The resource could not be found.\n\n No resource provider with uuid 4933e912-17c8-458c-a91a-69d3a523afcd found for delete ", "request_id": "req-8f89c4a7-b21a-43ab-8926-a1aa6ffbab5b"}]}
2026-07-15 06:06:02.488 10 INFO neutron.wsgi [None req-15c07740-c4a0-4fa1-b497-00d0e5942007 ecc9f8ed911147e184820e571c671e1a 92b5086e5fe94ca8a8da52fa7023451f - - default default] 10.0.0.181 "GET /v2.0/extensions/rbac-policies HTTP/1.1" status: 200 len: 417 time: 0.0096989
2026-07-15 06:06:02.488 10 INFO neutron.services.segments.plugin [-] Segment 4933e912-17c8-458c-a91a-69d3a523afcd resource provider not found; error: Placement Client Error (4xx): {"errors": [{"status": 404, "title": "Not Found", "detail": "The resource could not be found.\n\n No resource provider with uuid 4933e912-17c8-458c-a91a-69d3a523afcd found for delete ", "request_id": "req-49ad7b5f-1b7c-4b14-bfc5-ff23ac85193c"}]}
2026-07-15 06:06:02.499 10 INFO neutron.wsgi [None req-c8d4bf17-1164-449d-a3b5-ab054b14eafb ecc9f8ed911147e184820e571c671e1a 92b5086e5fe94ca8a8da52fa7023451f - - default default] 10.0.0.181 "GET /v2.0/extensions/rbac-address-scope HTTP/1.1" status: 200 len: 384 time: 0.0042787
2026-07-15 06:06:02.506 10 INFO neutron.wsgi [None req-8485b8cb-5f90-4a08-82d6-fb053f60af58 53cecbe0abb64bb7bb2f1ad57ec10849 376ec9c5856a401ba4f818e0c353d00e - - default default] 10.0.0.181 "DELETE /v2.0/networks/d6fa0d7b-daf0-45da-b5c8-0820de1129a6 HTTP/1.1" status: 204 len: 168 time: 0.6225221
2026-07-15 06:06:02.515 9 INFO neutron.wsgi [None req-d90215b4-7712-4bd1-9fae-a4868668197a ecc9f8ed911147e184820e571c671e1a 92b5086e5fe94ca8a8da52fa7023451f - - default default] 10.0.0.181 "GET /v2.0/extensions/rbac-security-groups HTTP/1.1" status: 200 len: 404 time: 0.0056038
2026-07-15 06:06:02.524 9 INFO neutron.wsgi [None req-3c4affbc-e392-484a-a26c-3aac9623c9cd ecc9f8ed911147e184820e571c671e1a 92b5086e5fe94ca8a8da52fa7023451f - - default default] 10.0.0.181 "GET /v2.0/extensions/revision-if-match HTTP/1.1" status: 200 len: 441 time: 0.0032265
2026-07-15 06:06:02.547 10 INFO neutron.wsgi [None req-1fcd37d3-bd6a-4502-aa5e-870080a6d1f5 ecc9f8ed911147e184820e571c671e1a 92b5086e5fe94ca8a8da52fa7023451f - - default default] 10.0.0.181 "GET /v2.0/extensions/standard-attr-revisions HTTP/1.1" status: 200 len: 423 time: 0.0197873
2026-07-15 06:06:02.568 10 INFO neutron.wsgi [None req-ff130204-e201-4968-aaac-b84797ea2183 ecc9f8ed911147e184820e571c671e1a 92b5086e5fe94ca8a8da52fa7023451f - - default default] 10.0.0.181 "GET /v2.0/extensions/router_availability_zone HTTP/1.1" status: 200 len: 391 time: 0.0140557
