2026-07-15 06:04:13.276 10 INFO neutron.wsgi [None req-bf9f69bd-1b4a-4377-b0e0-8572f14a9ef6 f985aa3010194e83b70008b6d7670d86 1833f64013694363a973c43391d4eeb5 - - default default] 10.0.0.181 "POST /v2.0/security-groups HTTP/1.1" status: 201 len: 1795 time: 0.3748951
2026-07-15 06:04:13.287 10 WARNING neutron_lib.context [None req-ca7833d8-c458-4312-92cc-f4e277bad429 f985aa3010194e83b70008b6d7670d86 1833f64013694363a973c43391d4eeb5 - - default default] Method 'is_advsvc' is deprecated since 2023.2 release (neutron-lib 3.8.0) and will be removed once support for the old RBAC API policies will be removed from Neutron. Please use method 'is_service_role' instead.
2026-07-15 06:04:13.436 10 INFO neutron.db.ovn_revision_numbers_db [None req-55b5ff49-87fc-4744-b209-f93edb697905 b74d0f6850a24e4db72747476cff5a28 793826d128cb404e972d2611e7ca6d6f - - default default] Successfully bumped revision number for resource 8bc07523-46a8-4bf0-a0cb-75f0f95c463e (type: router_ports) to 1
2026-07-15 06:04:13.438 10 INFO neutron.wsgi [None req-55b5ff49-87fc-4744-b209-f93edb697905 b74d0f6850a24e4db72747476cff5a28 793826d128cb404e972d2611e7ca6d6f - - default default] 10.0.0.181 "PUT /v2.0/routers/f8f63c42-8601-4196-9bb6-aa8a2c27dc1f/add_router_interface HTTP/1.1" status: 200 len: 503 time: 4.1837957
2026-07-15 06:04:13.448 9 INFO neutron.db.ovn_revision_numbers_db [req-a71c08f4-8b70-45a9-bdef-cd79688d337c req-79c5e713-a206-484c-8854-daf7bb126a9d 6c745e20337d497badb5b9e71cea3755 efaf55332bf846089e741d0c63ca6c23 - - default default] Successfully bumped revision number for resource 3933b307-cd1f-4146-a6c0-6f4ac940c5d2 (type: security_groups) to 1
2026-07-15 06:04:13.473 9 INFO neutron.db.ovn_revision_numbers_db [req-a71c08f4-8b70-45a9-bdef-cd79688d337c req-79c5e713-a206-484c-8854-daf7bb126a9d 6c745e20337d497badb5b9e71cea3755 efaf55332bf846089e741d0c63ca6c23 - - default default] Successfully bumped revision number for resource 0d5f9fbb-8df2-45c9-b6d1-eb45c2d72932 (type: security_group_rules) to 0
2026-07-15 06:04:13.488 9 INFO neutron.db.ovn_revision_numbers_db [req-a71c08f4-8b70-45a9-bdef-cd79688d337c req-79c5e713-a206-484c-8854-daf7bb126a9d 6c745e20337d497badb5b9e71cea3755 efaf55332bf846089e741d0c63ca6c23 - - default default] Successfully bumped revision number for resource 87925c9d-a4ca-47b0-9b96-51954ece120b (type: security_group_rules) to 0
2026-07-15 06:04:13.536 9 INFO neutron.wsgi [req-a71c08f4-8b70-45a9-bdef-cd79688d337c req-79c5e713-a206-484c-8854-daf7bb126a9d 6c745e20337d497badb5b9e71cea3755 efaf55332bf846089e741d0c63ca6c23 - - default default] 10.0.0.240 "POST /v2.0/security-groups HTTP/1.1" status: 201 len: 1826 time: 0.3163676
2026-07-15 06:04:13.544 10 INFO neutron.db.ovn_revision_numbers_db [None req-ca7833d8-c458-4312-92cc-f4e277bad429 f985aa3010194e83b70008b6d7670d86 1833f64013694363a973c43391d4eeb5 - - default default] Successfully bumped revision number for resource e144b12e-6b49-48c9-8afd-45d38666f06d (type: security_group_rules) to 0
2026-07-15 06:04:13.564 10 INFO neutron.db.ovn_revision_numbers_db [None req-cfe4ec0f-e9eb-4022-ad5a-132c55c521e2 - - - - - -] Successfully bumped revision number for resource 0f749d83-8760-4f14-9bda-d37e9ea5ce22 (type: router_ports) to 3
2026-07-15 06:04:13.584 10 INFO neutron.wsgi [None req-ca7833d8-c458-4312-92cc-f4e277bad429 f985aa3010194e83b70008b6d7670d86 1833f64013694363a973c43391d4eeb5 - - default default] 10.0.0.181 "POST /v2.0/security-group-rules HTTP/1.1" status: 201 len: 764 time: 0.3014011
2026-07-15 06:04:13.603 9 WARNING neutron_lib.context [None req-a15d5a9b-2391-4fee-b0de-38d0f2182e77 f985aa3010194e83b70008b6d7670d86 1833f64013694363a973c43391d4eeb5 - - default default] Method 'is_advsvc' is deprecated since 2023.2 release (neutron-lib 3.8.0) and will be removed once support for the old RBAC API policies will be removed from Neutron. Please use method 'is_service_role' instead.
2026-07-15 06:04:13.673 9 INFO neutron.wsgi [req-c0545e2d-286b-41ce-90a8-cd024874b6eb req-bafb7800-c401-42bb-a06e-ea627ed70b0e 6c745e20337d497badb5b9e71cea3755 efaf55332bf846089e741d0c63ca6c23 - - default default] 10.0.0.240 "GET /v2.0/security-groups/3933b307-cd1f-4146-a6c0-6f4ac940c5d2 HTTP/1.1" status: 200 len: 1821 time: 0.1025424
2026-07-15 06:04:13.693 9 WARNING neutron_lib.context [req-c0545e2d-286b-41ce-90a8-cd024874b6eb req-d94ee7ad-e828-4977-b465-c31de62a2dec 6c745e20337d497badb5b9e71cea3755 efaf55332bf846089e741d0c63ca6c23 - - default default] Method 'is_advsvc' is deprecated since 2023.2 release (neutron-lib 3.8.0) and will be removed once support for the old RBAC API policies will be removed from Neutron. Please use method 'is_service_role' instead.
2026-07-15 06:04:13.804 9 INFO neutron.db.ovn_revision_numbers_db [None req-4d5c244b-b65e-4af1-a417-36960d6b9d4c b74d0f6850a24e4db72747476cff5a28 793826d128cb404e972d2611e7ca6d6f - - default default] Successfully bumped revision number for resource c10d0317-023b-42f2-a02a-0baa510ce01a (type: router_ports) to 1
2026-07-15 06:04:13.874 10 INFO neutron.db.ovn_revision_numbers_db [None req-cfe4ec0f-e9eb-4022-ad5a-132c55c521e2 - - - - - -] Successfully bumped revision number for resource 0f749d83-8760-4f14-9bda-d37e9ea5ce22 (type: ports) to 2
2026-07-15 06:04:13.947 9 INFO neutron.db.ovn_revision_numbers_db [None req-4d5c244b-b65e-4af1-a417-36960d6b9d4c b74d0f6850a24e4db72747476cff5a28 793826d128cb404e972d2611e7ca6d6f - - default default] Successfully bumped revision number for resource 301a6747-063e-4a1c-998e-8af2ebe37832 (type: routers) to 2
2026-07-15 06:04:13.957 9 INFO neutron.db.ovn_revision_numbers_db [None req-a15d5a9b-2391-4fee-b0de-38d0f2182e77 f985aa3010194e83b70008b6d7670d86 1833f64013694363a973c43391d4eeb5 - - default default] Successfully bumped revision number for resource cac916b8-2163-44fd-b785-5fb9c1032674 (type: security_group_rules) to 0
2026-07-15 06:04:13.973 9 INFO neutron.wsgi [None req-4d5c244b-b65e-4af1-a417-36960d6b9d4c b74d0f6850a24e4db72747476cff5a28 793826d128cb404e972d2611e7ca6d6f - - default default] 10.0.0.181 "POST /v2.0/routers HTTP/1.1" status: 201 len: 877 time: 2.6736064
2026-07-15 06:04:14.002 9 WARNING neutron_lib.context [None req-f2e587a9-1149-47f2-a906-35aa9d27cbf9 790d91c8e69f48c9ab1d50f4b3e9ba66 622300c07078479294ac93fc764baee1 - - default default] Method 'is_advsvc' is deprecated since 2023.2 release (neutron-lib 3.8.0) and will be removed once support for the old RBAC API policies will be removed from Neutron. Please use method 'is_service_role' instead.
2026-07-15 06:04:14.012 9 INFO neutron.wsgi [None req-a15d5a9b-2391-4fee-b0de-38d0f2182e77 f985aa3010194e83b70008b6d7670d86 1833f64013694363a973c43391d4eeb5 - - default default] 10.0.0.181 "POST /v2.0/security-group-rules HTTP/1.1" status: 201 len: 769 time: 0.4236155
2026-07-15 06:04:14.015 9 INFO neutron.db.ovn_revision_numbers_db [req-c0545e2d-286b-41ce-90a8-cd024874b6eb req-d94ee7ad-e828-4977-b465-c31de62a2dec 6c745e20337d497badb5b9e71cea3755 efaf55332bf846089e741d0c63ca6c23 - - default default] Successfully bumped revision number for resource 1a375152-d8cf-446d-ac30-1f729d88d4e1 (type: security_group_rules) to 0
2026-07-15 06:04:14.027 10 WARNING neutron_lib.context [None req-e570af5d-80ee-4a2e-93e7-ec0f92584028 f985aa3010194e83b70008b6d7670d86 1833f64013694363a973c43391d4eeb5 - - default default] Method 'is_advsvc' is deprecated since 2023.2 release (neutron-lib 3.8.0) and will be removed once support for the old RBAC API policies will be removed from Neutron. Please use method 'is_service_role' instead.
2026-07-15 06:04:14.044 9 INFO neutron.wsgi [req-c0545e2d-286b-41ce-90a8-cd024874b6eb req-d94ee7ad-e828-4977-b465-c31de62a2dec 6c745e20337d497badb5b9e71cea3755 efaf55332bf846089e741d0c63ca6c23 - - default default] 10.0.0.240 "POST /v2.0/security-group-rules HTTP/1.1" status: 201 len: 786 time: 0.3617914
2026-07-15 06:04:14.112 9 INFO neutron.wsgi [req-cea49f81-f4e8-4670-8b3a-c6736d5699b8 req-41b62d5c-6526-4e4b-b5b4-791d567fba2d 6c745e20337d497badb5b9e71cea3755 efaf55332bf846089e741d0c63ca6c23 - - default default] 10.0.0.240 "GET /v2.0/security-groups/3933b307-cd1f-4146-a6c0-6f4ac940c5d2 HTTP/1.1" status: 200 len: 2414 time: 0.0390625
2026-07-15 06:04:14.132 9 WARNING neutron_lib.context [req-cea49f81-f4e8-4670-8b3a-c6736d5699b8 req-ae5d7e96-bb0e-4b7f-8866-480978327589 6c745e20337d497badb5b9e71cea3755 efaf55332bf846089e741d0c63ca6c23 - - default default] Method 'is_advsvc' is deprecated since 2023.2 release (neutron-lib 3.8.0) and will be removed once support for the old RBAC API policies will be removed from Neutron. Please use method 'is_service_role' instead.
2026-07-15 06:04:14.209 9 INFO neutron.db.ovn_revision_numbers_db [None req-f2e587a9-1149-47f2-a906-35aa9d27cbf9 790d91c8e69f48c9ab1d50f4b3e9ba66 622300c07078479294ac93fc764baee1 - - default default] Successfully bumped revision number for resource f046b03b-6b7e-414a-9525-ed647d35356f (type: security_groups) to 1
2026-07-15 06:04:14.235 9 INFO neutron.db.ovn_revision_numbers_db [None req-f2e587a9-1149-47f2-a906-35aa9d27cbf9 790d91c8e69f48c9ab1d50f4b3e9ba66 622300c07078479294ac93fc764baee1 - - default default] Successfully bumped revision number for resource 08ed91ed-654e-42a8-abc5-0d559bd628d8 (type: security_group_rules) to 0
2026-07-15 06:04:14.259 9 INFO neutron.db.ovn_revision_numbers_db [None req-f2e587a9-1149-47f2-a906-35aa9d27cbf9 790d91c8e69f48c9ab1d50f4b3e9ba66 622300c07078479294ac93fc764baee1 - - default default] Successfully bumped revision number for resource 138d4fe0-0a5b-4bc4-9c3c-66f3d5b191ef (type: security_group_rules) to 0
2026-07-15 06:04:14.290 9 INFO neutron.wsgi [None req-f2e587a9-1149-47f2-a906-35aa9d27cbf9 790d91c8e69f48c9ab1d50f4b3e9ba66 622300c07078479294ac93fc764baee1 - - default default] 10.0.0.181 "POST /v2.0/security-groups HTTP/1.1" status: 201 len: 1797 time: 0.2959528
2026-07-15 06:04:14.302 9 WARNING neutron_lib.context [None req-d3f5046f-2383-4fa5-83ec-45911fdf976b 790d91c8e69f48c9ab1d50f4b3e9ba66 622300c07078479294ac93fc764baee1 - - default default] Method 'is_advsvc' is deprecated since 2023.2 release (neutron-lib 3.8.0) and will be removed once support for the old RBAC API policies will be removed from Neutron. Please use method 'is_service_role' instead.
2026-07-15 06:04:14.332 10 INFO neutron.db.ovn_revision_numbers_db [None req-cfe4ec0f-e9eb-4022-ad5a-132c55c521e2 - - - - - -] Successfully bumped revision number for resource 0f749d83-8760-4f14-9bda-d37e9ea5ce22 (type: ports) to 4
2026-07-15 06:04:14.342 9 INFO neutron.db.ovn_revision_numbers_db [req-cea49f81-f4e8-4670-8b3a-c6736d5699b8 req-ae5d7e96-bb0e-4b7f-8866-480978327589 6c745e20337d497badb5b9e71cea3755 efaf55332bf846089e741d0c63ca6c23 - - default default] Successfully bumped revision number for resource a2c16f20-ba48-47a0-a78f-e1dce0c25657 (type: security_group_rules) to 0
2026-07-15 06:04:14.371 9 INFO neutron.wsgi [req-cea49f81-f4e8-4670-8b3a-c6736d5699b8 req-ae5d7e96-bb0e-4b7f-8866-480978327589 6c745e20337d497badb5b9e71cea3755 efaf55332bf846089e741d0c63ca6c23 - - default default] 10.0.0.240 "POST /v2.0/security-group-rules HTTP/1.1" status: 201 len: 791 time: 0.2500997
2026-07-15 06:04:14.439 9 INFO neutron.wsgi [req-cf6d76d1-9203-4604-a917-2c15ed7f81fb req-dd3b900a-c791-4cb4-9371-e7cd4d3d9867 6c745e20337d497badb5b9e71cea3755 efaf55332bf846089e741d0c63ca6c23 - - default default] 10.0.0.240 "GET /v2.0/security-groups/3933b307-cd1f-4146-a6c0-6f4ac940c5d2 HTTP/1.1" status: 200 len: 3012 time: 0.0412405
2026-07-15 06:04:14.471 9 INFO neutron.db.ovn_revision_numbers_db [None req-d3f5046f-2383-4fa5-83ec-45911fdf976b 790d91c8e69f48c9ab1d50f4b3e9ba66 622300c07078479294ac93fc764baee1 - - default default] Successfully bumped revision number for resource a2c9e1f0-98d6-4ccd-ac3b-ebf457ec144d (type: security_group_rules) to 0
2026-07-15 06:04:14.487 9 INFO neutron.wsgi [req-778006f0-7d02-4b11-99c6-a0324aa68e98 req-910a1808-30ef-4c02-8aec-b068b3a56e46 6c745e20337d497badb5b9e71cea3755 efaf55332bf846089e741d0c63ca6c23 - - default default] 10.0.0.240 "GET /v2.0/security-group-rules/a2c16f20-ba48-47a0-a78f-e1dce0c25657 HTTP/1.1" status: 200 len: 783 time: 0.0237312
2026-07-15 06:04:14.501 9 INFO neutron.wsgi [None req-d3f5046f-2383-4fa5-83ec-45911fdf976b 790d91c8e69f48c9ab1d50f4b3e9ba66 622300c07078479294ac93fc764baee1 - - default default] 10.0.0.181 "POST /v2.0/security-group-rules HTTP/1.1" status: 201 len: 764 time: 0.2047362
2026-07-15 06:04:14.517 9 WARNING neutron_lib.context [None req-9cb05287-d921-4f6a-aac7-51b6e1f5d13b 790d91c8e69f48c9ab1d50f4b3e9ba66 622300c07078479294ac93fc764baee1 - - default default] Method 'is_advsvc' is deprecated since 2023.2 release (neutron-lib 3.8.0) and will be removed once support for the old RBAC API policies will be removed from Neutron. Please use method 'is_service_role' instead.
2026-07-15 06:04:14.537 9 INFO neutron.wsgi [req-778006f0-7d02-4b11-99c6-a0324aa68e98 req-201055c4-3478-4978-be99-44fa9e7e0715 6c745e20337d497badb5b9e71cea3755 efaf55332bf846089e741d0c63ca6c23 - - default default] 10.0.0.240 "GET /v2.0/security-groups/3933b307-cd1f-4146-a6c0-6f4ac940c5d2 HTTP/1.1" status: 200 len: 3012 time: 0.0445743
2026-07-15 06:04:14.569 10 WARNING neutron.scheduler.dhcp_agent_scheduler [None req-e570af5d-80ee-4a2e-93e7-ec0f92584028 f985aa3010194e83b70008b6d7670d86 1833f64013694363a973c43391d4eeb5 - - default default] No more DHCP agents
2026-07-15 06:04:14.576 10 WARNING neutron.api.rpc.agentnotifiers.dhcp_rpc_agent_api [None req-e570af5d-80ee-4a2e-93e7-ec0f92584028 f985aa3010194e83b70008b6d7670d86 1833f64013694363a973c43391d4eeb5 - - default default] Unable to schedule network 85d8c101-1625-4351-9175-849136598975: no agents available; will retry on subsequent port and subnet creation events.
2026-07-15 06:04:14.722 9 INFO neutron.db.ovn_revision_numbers_db [None req-9cb05287-d921-4f6a-aac7-51b6e1f5d13b 790d91c8e69f48c9ab1d50f4b3e9ba66 622300c07078479294ac93fc764baee1 - - default default] Successfully bumped revision number for resource b87fcd90-3a2a-4d05-8845-8a9c21b671bc (type: security_group_rules) to 0
2026-07-15 06:04:14.744 9 INFO neutron.wsgi [req-778006f0-7d02-4b11-99c6-a0324aa68e98 req-ee3ad98e-f1bc-4a80-8148-4624d7b84eb5 6c745e20337d497badb5b9e71cea3755 efaf55332bf846089e741d0c63ca6c23 - - default default] 10.0.0.240 "DELETE /v2.0/security-group-rules/a2c16f20-ba48-47a0-a78f-e1dce0c25657 HTTP/1.1" status: 204 len: 173 time: 0.2010093
2026-07-15 06:04:14.757 9 INFO neutron.wsgi [None req-9cb05287-d921-4f6a-aac7-51b6e1f5d13b 790d91c8e69f48c9ab1d50f4b3e9ba66 622300c07078479294ac93fc764baee1 - - default default] 10.0.0.181 "POST /v2.0/security-group-rules HTTP/1.1" status: 201 len: 769 time: 0.2455420
2026-07-15 06:04:14.767 9 WARNING neutron_lib.context [None req-bf3fc53d-aba8-4630-8791-851e9bbbc710 790d91c8e69f48c9ab1d50f4b3e9ba66 622300c07078479294ac93fc764baee1 - - default default] Method 'is_advsvc' is deprecated since 2023.2 release (neutron-lib 3.8.0) and will be removed once support for the old RBAC API policies will be removed from Neutron. Please use method 'is_service_role' instead.
2026-07-15 06:04:14.771 10 INFO neutron.db.ovn_revision_numbers_db [None req-cfe4ec0f-e9eb-4022-ad5a-132c55c521e2 - - - - - -] Successfully bumped revision number for resource 0f749d83-8760-4f14-9bda-d37e9ea5ce22 (type: router_ports) to 4
2026-07-15 06:04:14.840 9 INFO neutron.wsgi [req-c5cf842c-1b4c-4d87-aa39-fe193c4b4e49 req-f7f843b6-1e35-4c0c-af0c-c98218cb59a7 6c745e20337d497badb5b9e71cea3755 efaf55332bf846089e741d0c63ca6c23 - - default default] 10.0.0.240 "GET /v2.0/security-groups/3933b307-cd1f-4146-a6c0-6f4ac940c5d2 HTTP/1.1" status: 200 len: 2414 time: 0.0680208
2026-07-15 06:04:14.895 9 INFO neutron.plugins.ml2.drivers.ovn.mech_driver.mech_driver [None req-90dd9e58-103f-4dbc-b23f-33cab62070df - - - - - -] OVN reports status up for port: c10d0317-023b-42f2-a02a-0baa510ce01a
2026-07-15 06:04:14.906 9 INFO neutron.plugins.ml2.plugin [None req-90dd9e58-103f-4dbc-b23f-33cab62070df - - - - - -] Attempt 1 to provision port c10d0317-023b-42f2-a02a-0baa510ce01a
2026-07-15 06:04:14.949 10 INFO neutron.plugins.ml2.drivers.ovn.mech_driver.ovsdb.ovsdb_monitor [None req-cfe4ec0f-e9eb-4022-ad5a-132c55c521e2 - - - - - -] Router 301a6747-063e-4a1c-998e-8af2ebe37832 is bound to host instance
2026-07-15 06:04:15.055 10 WARNING neutron.scheduler.dhcp_agent_scheduler [None req-92a90ea7-c6eb-460a-9360-754642514b7c b74d0f6850a24e4db72747476cff5a28 793826d128cb404e972d2611e7ca6d6f - - default default] No more DHCP agents
2026-07-15 06:04:15.061 10 WARNING neutron.api.rpc.agentnotifiers.dhcp_rpc_agent_api [None req-92a90ea7-c6eb-460a-9360-754642514b7c b74d0f6850a24e4db72747476cff5a28 793826d128cb404e972d2611e7ca6d6f - - default default] Unable to schedule network 1cd9fbc4-2894-4840-8b07-6f5fbacd0cf7: no agents available; will retry on subsequent port and subnet creation events.
2026-07-15 06:04:15.297 10 INFO neutron.db.ovn_revision_numbers_db [None req-e570af5d-80ee-4a2e-93e7-ec0f92584028 f985aa3010194e83b70008b6d7670d86 1833f64013694363a973c43391d4eeb5 - - default default] Successfully bumped revision number for resource 33ba0340-b2d2-49df-aa62-bdb576136329 (type: floatingips) to 0
2026-07-15 06:04:15.327 9 INFO neutron.wsgi [req-c5cf842c-1b4c-4d87-aa39-fe193c4b4e49 req-47c2be3f-7373-497f-b3f3-bdb30509ed29 6c745e20337d497badb5b9e71cea3755 efaf55332bf846089e741d0c63ca6c23 - - default default] 10.0.0.240 "DELETE /v2.0/security-groups/3933b307-cd1f-4146-a6c0-6f4ac940c5d2 HTTP/1.1" status: 204 len: 173 time: 0.4741271
2026-07-15 06:04:15.339 10 INFO neutron.wsgi [None req-e570af5d-80ee-4a2e-93e7-ec0f92584028 f985aa3010194e83b70008b6d7670d86 1833f64013694363a973c43391d4eeb5 - - default default] 10.0.0.181 "POST /v2.0/floatingips HTTP/1.1" status: 201 len: 751 time: 1.3190377
2026-07-15 06:04:15.341 10 INFO neutron.db.ovn_revision_numbers_db [None req-92a90ea7-c6eb-460a-9360-754642514b7c b74d0f6850a24e4db72747476cff5a28 793826d128cb404e972d2611e7ca6d6f - - default default] Successfully bumped revision number for resource 3e1edf2d-9f89-4497-8e0b-20e1919193c5 (type: ports) to 1
2026-07-15 06:04:15.408 9 INFO neutron.wsgi [req-263c661f-64ee-443e-9b08-267899b3ce7b req-2794608e-fbc0-4175-a5c3-ab5a111b82b6 6c745e20337d497badb5b9e71cea3755 efaf55332bf846089e741d0c63ca6c23 - - default default] 10.0.0.240 "GET /v2.0/security-groups/14619637-d7ee-4b73-a399-adf92436f3b6 HTTP/1.1" status: 200 len: 2413 time: 0.0520692
2026-07-15 06:04:15.422 9 WARNING neutron.scheduler.dhcp_agent_scheduler [None req-bf3fc53d-aba8-4630-8791-851e9bbbc710 790d91c8e69f48c9ab1d50f4b3e9ba66 622300c07078479294ac93fc764baee1 - - default default] No more DHCP agents
2026-07-15 06:04:15.429 9 WARNING neutron.api.rpc.agentnotifiers.dhcp_rpc_agent_api [None req-bf3fc53d-aba8-4630-8791-851e9bbbc710 790d91c8e69f48c9ab1d50f4b3e9ba66 622300c07078479294ac93fc764baee1 - - default default] Unable to schedule network 85d8c101-1625-4351-9175-849136598975: no agents available; will retry on subsequent port and subnet creation events.
2026-07-15 06:04:15.581 10 INFO neutron.wsgi [-] 10.0.0.150 "GET / HTTP/1.1" status: 200 len: 247 time: 0.0017643
2026-07-15 06:04:15.582 9 INFO neutron.wsgi [-] 10.0.0.150 "GET / HTTP/1.1" status: 200 len: 247 time: 0.0023603
2026-07-15 06:04:15.603 9 INFO neutron.wsgi [req-263c661f-64ee-443e-9b08-267899b3ce7b req-861b6b2e-2e9b-46e8-b339-d0897ee69b24 6c745e20337d497badb5b9e71cea3755 efaf55332bf846089e741d0c63ca6c23 - - default default] 10.0.0.240 "DELETE /v2.0/security-groups/14619637-d7ee-4b73-a399-adf92436f3b6 HTTP/1.1" status: 204 len: 173 time: 0.1835322
2026-07-15 06:04:15.772 10 INFO neutron.db.ovn_revision_numbers_db [None req-cfe4ec0f-e9eb-4022-ad5a-132c55c521e2 - - - - - -] Successfully bumped revision number for resource c10d0317-023b-42f2-a02a-0baa510ce01a (type: ports) to 1
2026-07-15 06:04:15.902 9 INFO neutron.wsgi [req-7690c85b-bd3d-4ae8-b8bf-4f23ab9b95ed req-1fffd276-ac87-403b-b4c3-3d1af1fcf116 f985aa3010194e83b70008b6d7670d86 1833f64013694363a973c43391d4eeb5 - - default default] 10.0.0.240 "GET /v2.0/security-groups?name=tempest-securitygroup--882647067&fields=id&tenant_id=1833f64013694363a973c43391d4eeb5 HTTP/1.1" status: 200 len: 267 time: 0.1043117
2026-07-15 06:04:15.905 9 INFO neutron.db.ovn_revision_numbers_db [None req-bf3fc53d-aba8-4630-8791-851e9bbbc710 790d91c8e69f48c9ab1d50f4b3e9ba66 622300c07078479294ac93fc764baee1 - - default default] Successfully bumped revision number for resource 58ba8aad-c9e1-4339-bb05-ea973f8b71f3 (type: floatingips) to 0
2026-07-15 06:04:15.930 9 INFO neutron.wsgi [None req-bf3fc53d-aba8-4630-8791-851e9bbbc710 790d91c8e69f48c9ab1d50f4b3e9ba66 622300c07078479294ac93fc764baee1 - - default default] 10.0.0.181 "POST /v2.0/floatingips HTTP/1.1" status: 201 len: 751 time: 1.1682782
2026-07-15 06:04:16.019 9 INFO neutron.wsgi [req-7690c85b-bd3d-4ae8-b8bf-4f23ab9b95ed req-fabb5904-1415-4d07-b605-954dd674e60c f985aa3010194e83b70008b6d7670d86 1833f64013694363a973c43391d4eeb5 - - default default] 10.0.0.240 "GET /v2.0/networks?id=3c151412-f467-4ff5-be17-d8b88db604d7 HTTP/1.1" status: 200 len: 883 time: 0.1053274
2026-07-15 06:04:16.039 9 INFO neutron.wsgi [req-7690c85b-bd3d-4ae8-b8bf-4f23ab9b95ed req-06f4c3e3-b11b-4589-9aa1-a809404de37a f985aa3010194e83b70008b6d7670d86 1833f64013694363a973c43391d4eeb5 - - default default] 10.0.0.240 "GET /v2.0/quotas/1833f64013694363a973c43391d4eeb5 HTTP/1.1" status: 200 len: 386 time: 0.0110812
2026-07-15 06:04:16.188 10 INFO neutron.db.ovn_revision_numbers_db [None req-92a90ea7-c6eb-460a-9360-754642514b7c b74d0f6850a24e4db72747476cff5a28 793826d128cb404e972d2611e7ca6d6f - - default default] Successfully bumped revision number for resource 3e1edf2d-9f89-4497-8e0b-20e1919193c5 (type: router_ports) to 1
2026-07-15 06:04:16.331 10 WARNING neutron.plugins.ml2.drivers.ovn.mech_driver.ovsdb.ovn_client [None req-80fc0f6d-713c-4715-9cb0-d8a907150370 - - - - - -] No hosting information found for port bd448e6d-cc92-411c-9dc4-c6b801e38960: RuntimeError: No hosting information found for port bd448e6d-cc92-411c-9dc4-c6b801e38960
2026-07-15 06:04:16.332 10 INFO neutron.plugins.ml2.drivers.ovn.mech_driver.mech_driver [None req-80fc0f6d-713c-4715-9cb0-d8a907150370 - - - - - -] OVN reports status up for port: 811ada60-8567-4cce-8f48-dcb4d782a11d
2026-07-15 06:04:16.342 9 INFO neutron.wsgi [req-7690c85b-bd3d-4ae8-b8bf-4f23ab9b95ed req-8cb6d131-8c09-4d09-9e25-a4b4f64e520d f985aa3010194e83b70008b6d7670d86 1833f64013694363a973c43391d4eeb5 - - default default] 10.0.0.240 "GET /v2.0/ports?tenant_id=1833f64013694363a973c43391d4eeb5&fields=id HTTP/1.1" status: 200 len: 302 time: 0.2901454
2026-07-15 06:04:16.355 10 INFO neutron.plugins.ml2.plugin [None req-80fc0f6d-713c-4715-9cb0-d8a907150370 - - - - - -] Attempt 1 to provision port 811ada60-8567-4cce-8f48-dcb4d782a11d
2026-07-15 06:04:16.357 10 INFO neutron.db.ovn_revision_numbers_db [None req-cfe4ec0f-e9eb-4022-ad5a-132c55c521e2 - - - - - -] Successfully bumped revision number for resource c10d0317-023b-42f2-a02a-0baa510ce01a (type: router_ports) to 3
2026-07-15 06:04:16.404 10 INFO neutron.db.ovn_revision_numbers_db [None req-92a90ea7-c6eb-460a-9360-754642514b7c b74d0f6850a24e4db72747476cff5a28 793826d128cb404e972d2611e7ca6d6f - - default default] Successfully bumped revision number for resource 3e1edf2d-9f89-4497-8e0b-20e1919193c5 (type: ports) to 1
2026-07-15 06:04:16.421 9 INFO neutron.wsgi [req-9014a453-bbf7-46ba-804a-2d27c95377fb req-446ac813-fbf8-41a7-9ee6-07b1da79896a 790d91c8e69f48c9ab1d50f4b3e9ba66 622300c07078479294ac93fc764baee1 - - default default] 10.0.0.240 "GET /v2.0/security-groups?name=tempest-securitygroup--1015205141&fields=id&tenant_id=622300c07078479294ac93fc764baee1 HTTP/1.1" status: 200 len: 267 time: 0.0629199
2026-07-15 06:04:16.516 9 INFO neutron.wsgi [req-9014a453-bbf7-46ba-804a-2d27c95377fb req-de3508de-0797-4396-b9c6-65a7769d84c6 790d91c8e69f48c9ab1d50f4b3e9ba66 622300c07078479294ac93fc764baee1 - - default default] 10.0.0.240 "GET /v2.0/networks?id=65a34de4-be46-43a6-8a2f-268a47558ad1 HTTP/1.1" status: 200 len: 875 time: 0.0820401
2026-07-15 06:04:16.542 9 INFO neutron.wsgi [req-9014a453-bbf7-46ba-804a-2d27c95377fb req-262472cb-cdf9-414f-a791-7ca7bbef2602 790d91c8e69f48c9ab1d50f4b3e9ba66 622300c07078479294ac93fc764baee1 - - default default] 10.0.0.240 "GET /v2.0/quotas/622300c07078479294ac93fc764baee1 HTTP/1.1" status: 200 len: 386 time: 0.0179539
2026-07-15 06:04:16.566 10 WARNING neutron.scheduler.dhcp_agent_scheduler [None req-92a90ea7-c6eb-460a-9360-754642514b7c b74d0f6850a24e4db72747476cff5a28 793826d128cb404e972d2611e7ca6d6f - - default default] No more DHCP agents
2026-07-15 06:04:16.575 10 WARNING neutron.api.rpc.agentnotifiers.dhcp_rpc_agent_api [None req-92a90ea7-c6eb-460a-9360-754642514b7c b74d0f6850a24e4db72747476cff5a28 793826d128cb404e972d2611e7ca6d6f - - default default] Unable to schedule network 1cd9fbc4-2894-4840-8b07-6f5fbacd0cf7: no agents available; will retry on subsequent port and subnet creation events.
2026-07-15 06:04:16.652 10 INFO neutron.db.ovn_revision_numbers_db [None req-cfe4ec0f-e9eb-4022-ad5a-132c55c521e2 - - - - - -] Successfully bumped revision number for resource c10d0317-023b-42f2-a02a-0baa510ce01a (type: ports) to 2
2026-07-15 06:04:16.690 9 INFO neutron.wsgi [req-9014a453-bbf7-46ba-804a-2d27c95377fb req-12a42208-516b-4e07-a121-319b6beed091 790d91c8e69f48c9ab1d50f4b3e9ba66 622300c07078479294ac93fc764baee1 - - default default] 10.0.0.240 "GET /v2.0/ports?tenant_id=622300c07078479294ac93fc764baee1&fields=id HTTP/1.1" status: 200 len: 302 time: 0.1395063
2026-07-15 06:04:16.830 9 INFO neutron.wsgi [req-7690c85b-bd3d-4ae8-b8bf-4f23ab9b95ed req-50549d87-a5b7-4700-9a56-11ca02f14956 f6874e0a7cdd4670a81148cd0d9e005d e1876e7429b34c7381d13da8019991be - - 0c8a729e6dab4f17a284c6fa56afbc8a 0c8a729e6dab4f17a284c6fa56afbc8a] 10.0.0.240 "GET /v2.0/extensions HTTP/1.1" status: 200 len: 16980 time: 0.0658908
2026-07-15 06:04:16.945 9 INFO neutron.wsgi [None req-9a00b04f-314a-4c70-a827-45120108c583 b74d0f6850a24e4db72747476cff5a28 793826d128cb404e972d2611e7ca6d6f - - default default] 10.0.0.119 "GET /v2.0/routers HTTP/1.1" status: 200 len: 2898 time: 0.2703941
2026-07-15 06:04:16.946 10 INFO neutron.db.ovn_revision_numbers_db [None req-80fc0f6d-713c-4715-9cb0-d8a907150370 - - - - - -] Successfully bumped revision number for resource 811ada60-8567-4cce-8f48-dcb4d782a11d (type: ports) to 2
2026-07-15 06:04:16.972 9 INFO neutron.wsgi [None req-35883a4d-16cb-4dfd-98a3-c9715d859732 b74d0f6850a24e4db72747476cff5a28 793826d128cb404e972d2611e7ca6d6f - - default default] 10.0.0.119 "GET /v2.0/agents?binary=ovn-controller HTTP/1.1" status: 200 len: 591 time: 0.0173790
2026-07-15 06:04:16.998 9 INFO neutron.wsgi [req-7690c85b-bd3d-4ae8-b8bf-4f23ab9b95ed req-d95c5075-f981-4be6-b8cc-1eac3accb5f4 f6874e0a7cdd4670a81148cd0d9e005d e1876e7429b34c7381d13da8019991be - - 0c8a729e6dab4f17a284c6fa56afbc8a 0c8a729e6dab4f17a284c6fa56afbc8a] 10.0.0.240 "GET /v2.0/networks/3c151412-f467-4ff5-be17-d8b88db604d7?fields=segments HTTP/1.1" status: 200 len: 212 time: 0.1580145
2026-07-15 06:04:17.045 9 INFO neutron.wsgi [None req-46e6e588-d8d4-4123-8b89-329c10ed469e b74d0f6850a24e4db72747476cff5a28 793826d128cb404e972d2611e7ca6d6f - - default default] 10.0.0.119 "GET /v2.0/subnets HTTP/1.1" status: 200 len: 4078 time: 0.0711699
2026-07-15 06:04:17.141 10 INFO neutron.db.ovn_revision_numbers_db [None req-80fc0f6d-713c-4715-9cb0-d8a907150370 - - - - - -] Successfully bumped revision number for resource 811ada60-8567-4cce-8f48-dcb4d782a11d (type: router_ports) to 2
2026-07-15 06:04:17.244 9 INFO neutron.wsgi [req-9014a453-bbf7-46ba-804a-2d27c95377fb req-5181e532-2739-4310-83dc-f36c3be1b973 f6874e0a7cdd4670a81148cd0d9e005d e1876e7429b34c7381d13da8019991be - - 0c8a729e6dab4f17a284c6fa56afbc8a 0c8a729e6dab4f17a284c6fa56afbc8a] 10.0.0.240 "GET /v2.0/extensions HTTP/1.1" status: 200 len: 16980 time: 0.1982064
2026-07-15 06:04:17.246 9 INFO neutron.wsgi [None req-1bd7146a-205c-43d8-b040-aac9ab9990a4 b74d0f6850a24e4db72747476cff5a28 793826d128cb404e972d2611e7ca6d6f - - default default] 10.0.0.119 "GET /v2.0/subnetpools HTTP/1.1" status: 200 len: 193 time: 0.1969464
2026-07-15 06:04:17.323 9 INFO neutron.wsgi [req-7690c85b-bd3d-4ae8-b8bf-4f23ab9b95ed req-10c9eb47-3ff7-4bea-8c85-0ddc2b97ecb2 f6874e0a7cdd4670a81148cd0d9e005d e1876e7429b34c7381d13da8019991be - - 0c8a729e6dab4f17a284c6fa56afbc8a 0c8a729e6dab4f17a284c6fa56afbc8a] 10.0.0.240 "GET /v2.0/networks/3c151412-f467-4ff5-be17-d8b88db604d7?fields=provider%3Aphysical_network&fields=provider%3Anetwork_type HTTP/1.1" status: 200 len: 277 time: 0.3156209
2026-07-15 06:04:17.333 9 INFO neutron.wsgi [None req-b8345f12-abcf-4161-9bd7-23d232f0be44 b74d0f6850a24e4db72747476cff5a28 793826d128cb404e972d2611e7ca6d6f - - default default] 10.0.0.119 "GET /v2.0/subnets HTTP/1.1" status: 200 len: 4078 time: 0.0859075
2026-07-15 06:04:17.361 9 INFO neutron.wsgi [None req-ccf236f9-9aeb-43d1-b269-45e1b934c983 b74d0f6850a24e4db72747476cff5a28 793826d128cb404e972d2611e7ca6d6f - - default default] 10.0.0.119 "GET /v2.0/network-ip-availabilities HTTP/1.1" status: 200 len: 3218 time: 0.0251808
2026-07-15 06:04:17.376 9 INFO neutron.wsgi [req-9014a453-bbf7-46ba-804a-2d27c95377fb req-b37e462d-e6cf-473f-b93e-e6b43b59f4ef f6874e0a7cdd4670a81148cd0d9e005d e1876e7429b34c7381d13da8019991be - - 0c8a729e6dab4f17a284c6fa56afbc8a 0c8a729e6dab4f17a284c6fa56afbc8a] 10.0.0.240 "GET /v2.0/networks/65a34de4-be46-43a6-8a2f-268a47558ad1?fields=segments HTTP/1.1" status: 200 len: 212 time: 0.1211214
2026-07-15 06:04:17.422 9 INFO neutron.wsgi [None req-150e564a-3ad1-4fa5-8721-61cba1d5adae b74d0f6850a24e4db72747476cff5a28 793826d128cb404e972d2611e7ca6d6f - - default default] 10.0.0.119 "GET /v2.0/floatingips HTTP/1.1" status: 200 len: 1269 time: 0.0582016
2026-07-15 06:04:17.447 10 INFO neutron.db.ovn_revision_numbers_db [None req-cfe4ec0f-e9eb-4022-ad5a-132c55c521e2 - - - - - -] Successfully bumped revision number for resource c10d0317-023b-42f2-a02a-0baa510ce01a (type: ports) to 4
2026-07-15 06:04:17.558 9 INFO neutron.wsgi [req-187fa812-cce8-48b6-a385-1d3fa507cd23 req-0aa7e6d1-34b7-4ae6-8dce-7a6b733c3ba3 f985aa3010194e83b70008b6d7670d86 1833f64013694363a973c43391d4eeb5 - - default default] 10.0.0.240 "GET /v2.0/ports?device_id=8366399a-de97-4b37-97cc-d2dfb860d8bd HTTP/1.1" status: 200 len: 210 time: 0.0445645
2026-07-15 06:04:17.571 9 INFO neutron.wsgi [req-9014a453-bbf7-46ba-804a-2d27c95377fb req-abc6bbda-c5d8-4ef1-b55b-4696584832e2 f6874e0a7cdd4670a81148cd0d9e005d e1876e7429b34c7381d13da8019991be - - 0c8a729e6dab4f17a284c6fa56afbc8a 0c8a729e6dab4f17a284c6fa56afbc8a] 10.0.0.240 "GET /v2.0/networks/65a34de4-be46-43a6-8a2f-268a47558ad1?fields=provider%3Aphysical_network&fields=provider%3Anetwork_type HTTP/1.1" status: 200 len: 277 time: 0.1718163
2026-07-15 06:04:17.591 9 INFO neutron.wsgi [None req-6fa7bd67-d1e1-4cc8-af3a-8c90e931ffd5 b74d0f6850a24e4db72747476cff5a28 793826d128cb404e972d2611e7ca6d6f - - default default] 10.0.0.119 "GET /v2.0/networks HTTP/1.1" status: 200 len: 5406 time: 0.1643770
2026-07-15 06:04:17.686 9 INFO neutron.wsgi [None req-b3b131bc-f978-4a4c-a709-998057823588 b74d0f6850a24e4db72747476cff5a28 793826d128cb404e972d2611e7ca6d6f - - default default] 10.0.0.119 "GET /v2.0/security-groups HTTP/1.1" status: 200 len: 33389 time: 0.0920105
2026-07-15 06:04:17.763 10 INFO neutron.db.ovn_revision_numbers_db [None req-cfe4ec0f-e9eb-4022-ad5a-132c55c521e2 - - - - - -] Successfully bumped revision number for resource c10d0317-023b-42f2-a02a-0baa510ce01a (type: router_ports) to 4
2026-07-15 06:04:17.810 9 INFO neutron.wsgi [None req-a4d57c48-4ba0-4cb6-8de6-ecf0bf033818 b74d0f6850a24e4db72747476cff5a28 793826d128cb404e972d2611e7ca6d6f - - default default] 10.0.0.119 "GET /v2.0/ports HTTP/1.1" status: 200 len: 19181 time: 0.1060495
2026-07-15 06:04:17.840 9 INFO neutron.wsgi [req-590ca832-8f42-42c1-823e-2db65944dae7 req-f78a5632-71d6-4208-a1a8-2fd1e41018fa 790d91c8e69f48c9ab1d50f4b3e9ba66 622300c07078479294ac93fc764baee1 - - default default] 10.0.0.240 "GET /v2.0/ports?device_id=570c581d-e355-437f-940f-6b07d12cb370 HTTP/1.1" status: 200 len: 210 time: 0.0299807
2026-07-15 06:04:17.847 9 INFO neutron.wsgi [None req-d1c2421f-42c3-44e8-8097-f1eec2bd06ae b74d0f6850a24e4db72747476cff5a28 793826d128cb404e972d2611e7ca6d6f - - default default] 10.0.0.119 "GET /v2.0/agents HTTP/1.1" status: 200 len: 997 time: 0.0140052
2026-07-15 06:04:17.999 10 INFO neutron.db.ovn_revision_numbers_db [None req-92a90ea7-c6eb-460a-9360-754642514b7c b74d0f6850a24e4db72747476cff5a28 793826d128cb404e972d2611e7ca6d6f - - default default] Successfully bumped revision number for resource 3e1edf2d-9f89-4497-8e0b-20e1919193c5 (type: router_ports) to 1
2026-07-15 06:04:18.003 10 INFO neutron.wsgi [None req-92a90ea7-c6eb-460a-9360-754642514b7c b74d0f6850a24e4db72747476cff5a28 793826d128cb404e972d2611e7ca6d6f - - default default] 10.0.0.181 "PUT /v2.0/routers/301a6747-063e-4a1c-998e-8af2ebe37832/add_router_interface HTTP/1.1" status: 200 len: 503 time: 4.0228813
2026-07-15 06:04:18.113 9 INFO neutron.wsgi [None req-21fb669e-e56a-44f7-9ece-06199cda5e05 b74d0f6850a24e4db72747476cff5a28 793826d128cb404e972d2611e7ca6d6f - - default default] 10.0.0.181 "PUT /v2.0/routers/01d4117e-7de5-48d5-a1f7-abed6538b7ec/remove_router_interface HTTP/1.1" status: 200 len: 503 time: 2.5011559 /var/lib/openstack/lib/python3.10/site-packages/pycadf/identifier.py:71: UserWarning: Invalid uuid: neutron. To ensure interoperability, identifiers should be a valid uuid. warnings.warn(('Invalid uuid: %s. To ensure interoperability, '
2026-07-15 06:04:18.505 10 WARNING neutron_lib.context [None req-6dd5921c-a705-47b1-aaeb-f86ffdb6ab4d 5d4ab65dc0444805955eeed521cede77 63bc865daf3e47a599fe84ad6a88665b - - default default] Method 'is_advsvc' is deprecated since 2023.2 release (neutron-lib 3.8.0) and will be removed once support for the old RBAC API policies will be removed from Neutron. Please use method 'is_service_role' instead.
2026-07-15 06:04:18.681 10 INFO neutron.db.ovn_revision_numbers_db [None req-6dd5921c-a705-47b1-aaeb-f86ffdb6ab4d 5d4ab65dc0444805955eeed521cede77 63bc865daf3e47a599fe84ad6a88665b - - default default] Successfully bumped revision number for resource fa9f2109-9968-4fd7-b968-a7d3b4b43a16 (type: security_groups) to 1
2026-07-15 06:04:18.703 10 INFO neutron.db.ovn_revision_numbers_db [None req-6dd5921c-a705-47b1-aaeb-f86ffdb6ab4d 5d4ab65dc0444805955eeed521cede77 63bc865daf3e47a599fe84ad6a88665b - - default default] Successfully bumped revision number for resource 90829e36-80e9-40d9-acab-f4a8a399f972 (type: security_group_rules) to 0
2026-07-15 06:04:18.730 10 INFO neutron.db.ovn_revision_numbers_db [None req-6dd5921c-a705-47b1-aaeb-f86ffdb6ab4d 5d4ab65dc0444805955eeed521cede77 63bc865daf3e47a599fe84ad6a88665b - - default default] Successfully bumped revision number for resource f2552664-3a69-416c-aed0-2376676cb0fd (type: security_group_rules) to 0
2026-07-15 06:04:18.761 10 INFO neutron.wsgi [None req-6dd5921c-a705-47b1-aaeb-f86ffdb6ab4d 5d4ab65dc0444805955eeed521cede77 63bc865daf3e47a599fe84ad6a88665b - - default default] 10.0.0.181 "POST /v2.0/security-groups HTTP/1.1" status: 201 len: 1796 time: 0.2626579
2026-07-15 06:04:18.772 10 WARNING neutron_lib.context [None req-fc0f0bc4-7f47-408e-aaf8-443f3cb91ad9 5d4ab65dc0444805955eeed521cede77 63bc865daf3e47a599fe84ad6a88665b - - default default] Method 'is_advsvc' is deprecated since 2023.2 release (neutron-lib 3.8.0) and will be removed once support for the old RBAC API policies will be removed from Neutron. Please use method 'is_service_role' instead.
2026-07-15 06:04:18.907 10 INFO neutron.db.ovn_revision_numbers_db [None req-fc0f0bc4-7f47-408e-aaf8-443f3cb91ad9 5d4ab65dc0444805955eeed521cede77 63bc865daf3e47a599fe84ad6a88665b - - default default] Successfully bumped revision number for resource 2898e716-72c2-4ca9-aeb0-51ece47c13e6 (type: security_group_rules) to 0
2026-07-15 06:04:18.939 10 INFO neutron.wsgi [None req-fc0f0bc4-7f47-408e-aaf8-443f3cb91ad9 5d4ab65dc0444805955eeed521cede77 63bc865daf3e47a599fe84ad6a88665b - - default default] 10.0.0.181 "POST /v2.0/security-group-rules HTTP/1.1" status: 201 len: 764 time: 0.1703930
2026-07-15 06:04:18.948 10 WARNING neutron_lib.context [None req-dd4c96f2-cfdc-4e6d-b63e-51106ef6eaff 5d4ab65dc0444805955eeed521cede77 63bc865daf3e47a599fe84ad6a88665b - - default default] Method 'is_advsvc' is deprecated since 2023.2 release (neutron-lib 3.8.0) and will be removed once support for the old RBAC API policies will be removed from Neutron. Please use method 'is_service_role' instead.
2026-07-15 06:04:19.012 9 INFO neutron.wsgi [req-ff33c5a1-97ba-47ad-80d1-2406fd94408e req-5a75b48f-5e1a-4984-9c33-fee95a101f91 f985aa3010194e83b70008b6d7670d86 1833f64013694363a973c43391d4eeb5 - - default default] 10.0.0.240 "GET /v2.0/ports?device_id=8366399a-de97-4b37-97cc-d2dfb860d8bd HTTP/1.1" status: 200 len: 210 time: 0.0331607
2026-07-15 06:04:19.100 10 INFO neutron.db.ovn_revision_numbers_db [None req-dd4c96f2-cfdc-4e6d-b63e-51106ef6eaff 5d4ab65dc0444805955eeed521cede77 63bc865daf3e47a599fe84ad6a88665b - - default default] Successfully bumped revision number for resource 98859c86-f30d-436a-b598-f2465c22a861 (type: security_group_rules) to 0
2026-07-15 06:04:19.159 10 INFO neutron.wsgi [None req-dd4c96f2-cfdc-4e6d-b63e-51106ef6eaff 5d4ab65dc0444805955eeed521cede77 63bc865daf3e47a599fe84ad6a88665b - - default default] 10.0.0.181 "POST /v2.0/security-group-rules HTTP/1.1" status: 201 len: 769 time: 0.2150199
2026-07-15 06:04:19.185 10 WARNING neutron_lib.context [None req-a2651f2f-21fb-4980-9635-c4d696a39a42 5d4ab65dc0444805955eeed521cede77 63bc865daf3e47a599fe84ad6a88665b - - default default] Method 'is_advsvc' is deprecated since 2023.2 release (neutron-lib 3.8.0) and will be removed once support for the old RBAC API policies will be removed from Neutron. Please use method 'is_service_role' instead.
2026-07-15 06:04:19.269 9 INFO neutron.wsgi [req-36fe20e0-5b5b-47f3-a35e-ab1bbcad8fb7 req-fadc25c5-e622-4859-9474-e6a5d79aeb23 790d91c8e69f48c9ab1d50f4b3e9ba66 622300c07078479294ac93fc764baee1 - - default default] 10.0.0.240 "GET /v2.0/ports?device_id=570c581d-e355-437f-940f-6b07d12cb370 HTTP/1.1" status: 200 len: 210 time: 0.2989156
2026-07-15 06:04:19.328 10 INFO neutron.wsgi [req-7690c85b-bd3d-4ae8-b8bf-4f23ab9b95ed req-bfb6aaa7-791d-45e9-a90a-a88191d84a06 f985aa3010194e83b70008b6d7670d86 1833f64013694363a973c43391d4eeb5 - - default default] 199.204.45.116 "GET /v2.0/networks?id=3c151412-f467-4ff5-be17-d8b88db604d7 HTTP/1.1" status: 200 len: 883 time: 0.2519503
2026-07-15 06:04:19.339 10 INFO neutron.wsgi [req-9014a453-bbf7-46ba-804a-2d27c95377fb req-0bf44bd5-7aa5-47ff-8d10-40a19a752d01 790d91c8e69f48c9ab1d50f4b3e9ba66 622300c07078479294ac93fc764baee1 - - default default] 199.204.45.116 "GET /v2.0/networks?id=65a34de4-be46-43a6-8a2f-268a47558ad1 HTTP/1.1" status: 200 len: 875 time: 0.2534094
2026-07-15 06:04:19.357 9 INFO neutron.wsgi [None req-e6b77a78-761f-40b7-9450-f2b7b9cfff32 b74d0f6850a24e4db72747476cff5a28 793826d128cb404e972d2611e7ca6d6f - - default default] 10.0.0.181 "DELETE /v2.0/routers/01d4117e-7de5-48d5-a1f7-abed6538b7ec HTTP/1.1" status: 204 len: 168 time: 1.2385898
2026-07-15 06:04:19.461 10 INFO neutron.wsgi [req-9014a453-bbf7-46ba-804a-2d27c95377fb req-18c1b4aa-6420-468c-b796-5920f91bd08f 790d91c8e69f48c9ab1d50f4b3e9ba66 622300c07078479294ac93fc764baee1 - - default default] 199.204.45.116 "GET /v2.0/security-groups?fields=id&fields=name&tenant_id=622300c07078479294ac93fc764baee1 HTTP/1.1" status: 200 len: 380 time: 0.1014640
2026-07-15 06:04:19.467 10 INFO neutron.wsgi [req-7690c85b-bd3d-4ae8-b8bf-4f23ab9b95ed req-51d43a91-ad36-4749-a739-21a598c9d696 f985aa3010194e83b70008b6d7670d86 1833f64013694363a973c43391d4eeb5 - - default default] 199.204.45.116 "GET /v2.0/security-groups?fields=id&fields=name&tenant_id=1833f64013694363a973c43391d4eeb5 HTTP/1.1" status: 200 len: 379 time: 0.1086998
2026-07-15 06:04:19.477 10 WARNING neutron_lib.context [req-9014a453-bbf7-46ba-804a-2d27c95377fb req-4a6d1c66-591b-4cd4-87a8-248d811b95e4 790d91c8e69f48c9ab1d50f4b3e9ba66 622300c07078479294ac93fc764baee1 - - default default] Method 'is_advsvc' is deprecated since 2023.2 release (neutron-lib 3.8.0) and will be removed once support for the old RBAC API policies will be removed from Neutron. Please use method 'is_service_role' instead.
2026-07-15 06:04:19.482 10 WARNING neutron_lib.context [req-7690c85b-bd3d-4ae8-b8bf-4f23ab9b95ed req-c268a8b7-3521-461c-bfe1-63acf9428b76 f985aa3010194e83b70008b6d7670d86 1833f64013694363a973c43391d4eeb5 - - default default] Method 'is_advsvc' is deprecated since 2023.2 release (neutron-lib 3.8.0) and will be removed once support for the old RBAC API policies will be removed from Neutron. Please use method 'is_service_role' instead.
2026-07-15 06:04:19.596 9 INFO neutron.wsgi [None req-cad50584-fb4c-4d2e-8c33-774cccffbd2d b74d0f6850a24e4db72747476cff5a28 793826d128cb404e972d2611e7ca6d6f - - default default] 10.0.0.181 "DELETE /v2.0/subnets/6766f9f3-9ddb-43ae-9ce8-28c4e97ab065 HTTP/1.1" status: 204 len: 168 time: 0.2291522
2026-07-15 06:04:19.967 10 WARNING neutron.scheduler.dhcp_agent_scheduler [None req-a2651f2f-21fb-4980-9635-c4d696a39a42 5d4ab65dc0444805955eeed521cede77 63bc865daf3e47a599fe84ad6a88665b - - default default] No more DHCP agents
2026-07-15 06:04:19.974 10 WARNING neutron.api.rpc.agentnotifiers.dhcp_rpc_agent_api [None req-a2651f2f-21fb-4980-9635-c4d696a39a42 5d4ab65dc0444805955eeed521cede77 63bc865daf3e47a599fe84ad6a88665b - - default default] Unable to schedule network 85d8c101-1625-4351-9175-849136598975: no agents available; will retry on subsequent port and subnet creation events.
2026-07-15 06:04:20.129 9 INFO neutron.wsgi [None req-fc897f01-5cf3-49e8-a5ee-ff18b22fc571 b74d0f6850a24e4db72747476cff5a28 793826d128cb404e972d2611e7ca6d6f - - default default] 10.0.0.181 "DELETE /v2.0/networks/6eea1157-b85f-4ffa-8b7e-a2b758fe038f HTTP/1.1" status: 204 len: 168 time: 0.5257885
2026-07-15 06:04:20.159 9 INFO neutron.wsgi [req-eb525f95-fa9e-4480-af65-e9b4f0c5ad60 req-ebe4e6f0-d5e5-46b0-9242-30abd75a7123 f985aa3010194e83b70008b6d7670d86 1833f64013694363a973c43391d4eeb5 - - default default] 10.0.0.240 "GET /v2.0/ports?device_id=8366399a-de97-4b37-97cc-d2dfb860d8bd HTTP/1.1" status: 200 len: 210 time: 0.0285997
2026-07-15 06:04:20.315 9 INFO neutron.wsgi [None req-2c0837cc-6f56-410c-bae2-dd3f8ae2b7b4 b74d0f6850a24e4db72747476cff5a28 793826d128cb404e972d2611e7ca6d6f - - default default] 10.0.0.181 "GET /v2.0/security-groups?tenant_id=efaf55332bf846089e741d0c63ca6c23&name=default HTTP/1.1" status: 200 len: 2992 time: 0.0411448
2026-07-15 06:04:20.371 10 WARNING neutron.scheduler.dhcp_agent_scheduler [req-9014a453-bbf7-46ba-804a-2d27c95377fb req-4a6d1c66-591b-4cd4-87a8-248d811b95e4 790d91c8e69f48c9ab1d50f4b3e9ba66 622300c07078479294ac93fc764baee1 - - default default] No more DHCP agents
2026-07-15 06:04:20.380 10 WARNING neutron.api.rpc.agentnotifiers.dhcp_rpc_agent_api [req-9014a453-bbf7-46ba-804a-2d27c95377fb req-4a6d1c66-591b-4cd4-87a8-248d811b95e4 790d91c8e69f48c9ab1d50f4b3e9ba66 622300c07078479294ac93fc764baee1 - - default default] Unable to schedule network 65a34de4-be46-43a6-8a2f-268a47558ad1: no agents available; will retry on subsequent port and subnet creation events.
2026-07-15 06:04:20.414 10 WARNING neutron.scheduler.dhcp_agent_scheduler [req-7690c85b-bd3d-4ae8-b8bf-4f23ab9b95ed req-c268a8b7-3521-461c-bfe1-63acf9428b76 f985aa3010194e83b70008b6d7670d86 1833f64013694363a973c43391d4eeb5 - - default default] No more DHCP agents
2026-07-15 06:04:20.416 9 INFO neutron.wsgi [req-8c5b8d08-69c3-460e-8ba2-9f39fd4b1e42 req-59a28356-74bb-4ef3-a6e1-c71f99922996 790d91c8e69f48c9ab1d50f4b3e9ba66 622300c07078479294ac93fc764baee1 - - default default] 10.0.0.240 "GET /v2.0/ports?device_id=570c581d-e355-437f-940f-6b07d12cb370 HTTP/1.1" status: 200 len: 1160 time: 0.0599880
2026-07-15 06:04:20.420 10 WARNING neutron.api.rpc.agentnotifiers.dhcp_rpc_agent_api [req-7690c85b-bd3d-4ae8-b8bf-4f23ab9b95ed req-c268a8b7-3521-461c-bfe1-63acf9428b76 f985aa3010194e83b70008b6d7670d86 1833f64013694363a973c43391d4eeb5 - - default default] Unable to schedule network 3c151412-f467-4ff5-be17-d8b88db604d7: no agents available; will retry on subsequent port and subnet creation events.
2026-07-15 06:04:20.506 9 INFO neutron.wsgi [req-8c5b8d08-69c3-460e-8ba2-9f39fd4b1e42 req-70379ad4-6f38-460a-9b27-c7d6af99609b 790d91c8e69f48c9ab1d50f4b3e9ba66 622300c07078479294ac93fc764baee1 - - default default] 10.0.0.240 "GET /v2.0/security-groups?id=f046b03b-6b7e-414a-9525-ed647d35356f&fields=id&fields=name HTTP/1.1" status: 200 len: 313 time: 0.0792873
2026-07-15 06:04:20.599 10 INFO neutron.db.ovn_revision_numbers_db [None req-a2651f2f-21fb-4980-9635-c4d696a39a42 5d4ab65dc0444805955eeed521cede77 63bc865daf3e47a599fe84ad6a88665b - - default default] Successfully bumped revision number for resource 6a35fc94-9b94-4f8f-a214-ac5bcb0f4960 (type: floatingips) to 0
2026-07-15 06:04:20.633 10 INFO neutron.wsgi [None req-a2651f2f-21fb-4980-9635-c4d696a39a42 5d4ab65dc0444805955eeed521cede77 63bc865daf3e47a599fe84ad6a88665b - - default default] 10.0.0.181 "POST /v2.0/floatingips HTTP/1.1" status: 201 len: 751 time: 1.4536967
2026-07-15 06:04:20.661 10 INFO neutron.db.ovn_revision_numbers_db [req-9014a453-bbf7-46ba-804a-2d27c95377fb req-4a6d1c66-591b-4cd4-87a8-248d811b95e4 790d91c8e69f48c9ab1d50f4b3e9ba66 622300c07078479294ac93fc764baee1 - - default default] Successfully bumped revision number for resource a8658917-ea25-460c-ad99-b3b1fd9f6166 (type: ports) to 1
2026-07-15 06:04:20.669 10 INFO neutron.db.ovn_revision_numbers_db [req-7690c85b-bd3d-4ae8-b8bf-4f23ab9b95ed req-c268a8b7-3521-461c-bfe1-63acf9428b76 f985aa3010194e83b70008b6d7670d86 1833f64013694363a973c43391d4eeb5 - - default default] Successfully bumped revision number for resource 809b46d5-c4d8-4abe-93bc-58d717ef282c (type: ports) to 1
2026-07-15 06:04:20.670 9 INFO neutron.wsgi [None req-a56f16c7-c541-4daa-83a3-35690e592a9a b74d0f6850a24e4db72747476cff5a28 793826d128cb404e972d2611e7ca6d6f - - default default] 10.0.0.181 "DELETE /v2.0/security-groups/5d15728e-15f2-4ab6-b6af-1fa2f2aa4c2e HTTP/1.1" status: 204 len: 168 time: 0.3485751
2026-07-15 06:04:20.686 9 INFO neutron.services.segments.plugin [-] Segment a579011c-59f7-43c9-ac73-5f9c6b203606 resource provider aggregate not found
2026-07-15 06:04:20.690 10 INFO neutron.wsgi [req-9014a453-bbf7-46ba-804a-2d27c95377fb req-4a6d1c66-591b-4cd4-87a8-248d811b95e4 790d91c8e69f48c9ab1d50f4b3e9ba66 622300c07078479294ac93fc764baee1 - - default default] 199.204.45.116 "POST /v2.0/ports HTTP/1.1" status: 201 len: 1162 time: 1.2222464
2026-07-15 06:04:20.695 9 INFO neutron.services.segments.plugin [-] Segment a579011c-59f7-43c9-ac73-5f9c6b203606 resource provider aggregate not found
2026-07-15 06:04:20.706 10 INFO neutron.wsgi [req-7690c85b-bd3d-4ae8-b8bf-4f23ab9b95ed req-c268a8b7-3521-461c-bfe1-63acf9428b76 f985aa3010194e83b70008b6d7670d86 1833f64013694363a973c43391d4eeb5 - - default default] 199.204.45.116 "POST /v2.0/ports HTTP/1.1" status: 201 len: 1158 time: 1.2339735 /var/lib/openstack/lib/python3.10/site-packages/pycadf/identifier.py:71: UserWarning: Invalid uuid: neutron. To ensure interoperability, identifiers should be a valid uuid. warnings.warn(('Invalid uuid: %s. To ensure interoperability, '
2026-07-15 06:04:20.711 10 INFO neutron.wsgi [req-9014a453-bbf7-46ba-804a-2d27c95377fb req-6da96395-f6e1-45bf-adae-72d8daaaad02 790d91c8e69f48c9ab1d50f4b3e9ba66 622300c07078479294ac93fc764baee1 - - default default] 199.204.45.116 "GET /v2.0/extensions HTTP/1.1" status: 200 len: 16980 time: 0.0114954
2026-07-15 06:04:20.719 10 INFO neutron.wsgi [req-7690c85b-bd3d-4ae8-b8bf-4f23ab9b95ed req-64006661-4afc-44d0-a7ba-6f6d7432eb08 f985aa3010194e83b70008b6d7670d86 1833f64013694363a973c43391d4eeb5 - - default default] 199.204.45.116 "GET /v2.0/extensions HTTP/1.1" status: 200 len: 16980 time: 0.0079253
2026-07-15 06:04:20.723 9 INFO neutron.services.segments.plugin [-] Segment a579011c-59f7-43c9-ac73-5f9c6b203606 resource provider not found; error: Placement Client Error (4xx): {"errors": [{"status": 404, "title": "Not Found", "detail": "The resource could not be found.\n\n No resource provider with uuid a579011c-59f7-43c9-ac73-5f9c6b203606 found for delete ", "request_id": "req-36972b7d-024c-42e9-b357-072ef7406f3e"}]}
2026-07-15 06:04:20.725 9 INFO neutron.services.segments.plugin [-] Segment a579011c-59f7-43c9-ac73-5f9c6b203606 resource provider not found; error: Placement Client Error (4xx): {"errors": [{"status": 404, "title": "Not Found", "detail": "The resource could not be found.\n\n No resource provider with uuid a579011c-59f7-43c9-ac73-5f9c6b203606 found for delete ", "request_id": "req-5e4c7b48-72c3-49ea-8f6e-e23980507313"}]}
2026-07-15 06:04:21.150 9 INFO neutron.wsgi [req-b0fcc9c5-2702-478f-b915-57582c2d5199 req-50824b1d-9b4c-411b-ab98-0635fc866a1d 5d4ab65dc0444805955eeed521cede77 63bc865daf3e47a599fe84ad6a88665b - - default default] 10.0.0.240 "GET /v2.0/security-groups?name=tempest-securitygroup--636778728&fields=id&tenant_id=63bc865daf3e47a599fe84ad6a88665b HTTP/1.1" status: 200 len: 267 time: 0.0616512
2026-07-15 06:04:21.231 9 INFO neutron.wsgi [req-b0fcc9c5-2702-478f-b915-57582c2d5199 req-e3aa9045-1c5e-44f1-9a0d-c338dee5b771 5d4ab65dc0444805955eeed521cede77 63bc865daf3e47a599fe84ad6a88665b - - default default] 10.0.0.240 "GET /v2.0/networks?id=1cd9fbc4-2894-4840-8b07-6f5fbacd0cf7 HTTP/1.1" status: 200 len: 875 time: 0.0737009
2026-07-15 06:04:21.256 9 INFO neutron.wsgi [req-b0fcc9c5-2702-478f-b915-57582c2d5199 req-29035cc1-1e40-4cf1-b8e7-170cf7334ff2 5d4ab65dc0444805955eeed521cede77 63bc865daf3e47a599fe84ad6a88665b - - default default] 10.0.0.240 "GET /v2.0/quotas/63bc865daf3e47a599fe84ad6a88665b HTTP/1.1" status: 200 len: 386 time: 0.0162001
