2026-07-15 06:06:02.582 9 INFO neutron.wsgi [None req-58ebe4bf-677f-44b9-97f9-56093d2a412a ecc9f8ed911147e184820e571c671e1a 92b5086e5fe94ca8a8da52fa7023451f - - default default] 10.0.0.181 "GET /v2.0/extensions/security-groups-default-rules HTTP/1.1" status: 200 len: 456 time: 0.0088942
2026-07-15 06:06:02.593 9 INFO neutron.wsgi [None req-5a3829a1-0c9e-4447-a0d3-f71cbdfa24f4 ecc9f8ed911147e184820e571c671e1a 92b5086e5fe94ca8a8da52fa7023451f - - default default] 10.0.0.181 "GET /v2.0/extensions/security-groups-normalized-cidr HTTP/1.1" status: 200 len: 445 time: 0.0053816
2026-07-15 06:06:02.607 9 INFO neutron.wsgi [None req-2b2805c7-4a62-47bb-b4e3-4ac32d4bc593 ecc9f8ed911147e184820e571c671e1a 92b5086e5fe94ca8a8da52fa7023451f - - default default] 10.0.0.181 "GET /v2.0/extensions/security-groups-remote-address-group HTTP/1.1" status: 200 len: 448 time: 0.0065377
2026-07-15 06:06:02.615 9 INFO neutron.wsgi [None req-953e986e-c05b-4689-a6a2-e2f173af8297 ecc9f8ed911147e184820e571c671e1a 92b5086e5fe94ca8a8da52fa7023451f - - default default] 10.0.0.181 "GET /v2.0/extensions/security-groups-shared-filtering HTTP/1.1" status: 200 len: 435 time: 0.0032787
2026-07-15 06:06:02.625 9 INFO neutron.wsgi [None req-62f18e5b-e6ff-4fad-8a5c-75d97c529a3d ecc9f8ed911147e184820e571c671e1a 92b5086e5fe94ca8a8da52fa7023451f - - default default] 10.0.0.181 "GET /v2.0/extensions/security-group HTTP/1.1" status: 200 len: 364 time: 0.0044641
2026-07-15 06:06:02.656 9 INFO neutron.wsgi [None req-19955630-4513-4598-a4f1-407d840a4a2e ecc9f8ed911147e184820e571c671e1a 92b5086e5fe94ca8a8da52fa7023451f - - default default] 10.0.0.181 "GET /v2.0/extensions/segment HTTP/1.1" status: 200 len: 339 time: 0.0077348
2026-07-15 06:06:02.667 10 INFO neutron.wsgi [None req-1a0da3a0-4fa9-41cb-9b96-13fbc339cc59 ecc9f8ed911147e184820e571c671e1a 92b5086e5fe94ca8a8da52fa7023451f - - default default] 10.0.0.181 "GET /v2.0/extensions/segments-peer-subnet-host-routes HTTP/1.1" status: 200 len: 427 time: 0.0047305
2026-07-15 06:06:02.683 10 INFO neutron.wsgi [None req-3ab0edb0-2625-4d61-9e8a-da146e7906e6 ecc9f8ed911147e184820e571c671e1a 92b5086e5fe94ca8a8da52fa7023451f - - default default] 10.0.0.181 "GET /v2.0/extensions/service-type HTTP/1.1" status: 200 len: 415 time: 0.0070729
2026-07-15 06:06:02.702 10 INFO neutron.wsgi [None req-0b9f8b65-952d-446d-9150-a987cf347baa ecc9f8ed911147e184820e571c671e1a 92b5086e5fe94ca8a8da52fa7023451f - - default default] 10.0.0.181 "GET /v2.0/extensions/sorting HTTP/1.1" status: 200 len: 377 time: 0.0140975
2026-07-15 06:06:02.715 9 INFO neutron.wsgi [None req-17eb60ef-3653-4e90-8e1e-06f2ca5cbecd ecc9f8ed911147e184820e571c671e1a 92b5086e5fe94ca8a8da52fa7023451f - - default default] 10.0.0.181 "GET /v2.0/extensions/standard-attr-segment HTTP/1.1" status: 200 len: 406 time: 0.0070269
2026-07-15 06:06:02.722 9 INFO neutron.wsgi [None req-10e27d87-4ef4-4cc5-9bd7-ccbe96df27c3 ecc9f8ed911147e184820e571c671e1a 92b5086e5fe94ca8a8da52fa7023451f - - default default] 10.0.0.181 "GET /v2.0/extensions/standard-attr-description HTTP/1.1" status: 200 len: 408 time: 0.0034592
2026-07-15 06:06:02.724 10 INFO neutron.wsgi [None req-c1129387-3432-436e-86b7-4cc69d0e28f6 26847d42f0dd4cc2a6357062cf82c6ad a8e4129026684815b3e6ece18e23dc65 - - default default] 10.0.0.181 "DELETE /v2.0/networks/2f1d1487-7dfd-49a9-9025-5b256f077ad9 HTTP/1.1" status: 204 len: 168 time: 0.6903572
2026-07-15 06:06:02.737 9 WARNING neutron_lib.context [None req-2529c34b-c33c-4b13-9822-71c06cc3509b 26847d42f0dd4cc2a6357062cf82c6ad a8e4129026684815b3e6ece18e23dc65 - - default default] Method 'is_advsvc' is deprecated since 2023.2 release (neutron-lib 3.8.0) and will be removed once support for the old RBAC API policies will be removed from Neutron. Please use method 'is_service_role' instead.
2026-07-15 06:06:02.738 10 INFO neutron.wsgi [None req-c4e71171-ce53-4e59-bf85-d57687b6506c ecc9f8ed911147e184820e571c671e1a 92b5086e5fe94ca8a8da52fa7023451f - - default default] 10.0.0.181 "GET /v2.0/extensions/stateful-security-group HTTP/1.1" status: 200 len: 402 time: 0.0093682
2026-07-15 06:06:02.760 10 INFO neutron.wsgi [None req-08c55902-71df-440b-a306-39d2106dd2d4 ecc9f8ed911147e184820e571c671e1a 92b5086e5fe94ca8a8da52fa7023451f - - default default] 10.0.0.181 "GET /v2.0/extensions/subnet-dns-publish-fixed-ip HTTP/1.1" status: 200 len: 421 time: 0.0157993
2026-07-15 06:06:02.770 10 INFO neutron.wsgi [None req-2e4fdc8c-f853-4f4c-8313-267e2cbaa351 ecc9f8ed911147e184820e571c671e1a 92b5086e5fe94ca8a8da52fa7023451f - - default default] 10.0.0.181 "GET /v2.0/extensions/subnet-segmentid-writable HTTP/1.1" status: 200 len: 421 time: 0.0060654
2026-07-15 06:06:02.779 10 INFO neutron.wsgi [None req-b1d83ef0-6464-4a76-b0a8-9bb9985540f9 ecc9f8ed911147e184820e571c671e1a 92b5086e5fe94ca8a8da52fa7023451f - - default default] 10.0.0.181 "GET /v2.0/extensions/subnet-service-types HTTP/1.1" status: 200 len: 400 time: 0.0046411
2026-07-15 06:06:02.808 9 INFO neutron.wsgi [None req-ccba6ecb-8e8a-4b69-ba02-018c86ceaa78 ecc9f8ed911147e184820e571c671e1a 92b5086e5fe94ca8a8da52fa7023451f - - default default] 10.0.0.181 "GET /v2.0/extensions/subnet_allocation HTTP/1.1" status: 200 len: 388 time: 0.0219648
2026-07-15 06:06:02.819 10 INFO neutron.wsgi [None req-73ac29c4-befe-49f4-9ac8-77def878b433 ecc9f8ed911147e184820e571c671e1a 92b5086e5fe94ca8a8da52fa7023451f - - default default] 10.0.0.181 "GET /v2.0/extensions/subnetpool-prefix-ops HTTP/1.1" status: 200 len: 418 time: 0.0056732
2026-07-15 06:06:02.827 10 INFO neutron.wsgi [None req-dd79f09e-3b3e-4827-9dc1-139aac3e08ac ecc9f8ed911147e184820e571c671e1a 92b5086e5fe94ca8a8da52fa7023451f - - default default] 10.0.0.181 "GET /v2.0/extensions/standard-attr-tag HTTP/1.1" status: 200 len: 537 time: 0.0039587
2026-07-15 06:06:02.837 10 INFO neutron.wsgi [None req-c71e2346-8e77-4b2d-9f78-ed4ede88567d ecc9f8ed911147e184820e571c671e1a 92b5086e5fe94ca8a8da52fa7023451f - - default default] 10.0.0.181 "GET /v2.0/extensions/standard-attr-timestamp HTTP/1.1" status: 200 len: 449 time: 0.0061796
2026-07-15 06:06:02.849 9 INFO neutron.wsgi [None req-b8ca2f97-5c9a-43ad-a844-f0ede84fb89d ecc9f8ed911147e184820e571c671e1a 92b5086e5fe94ca8a8da52fa7023451f - - default default] 10.0.0.181 "GET /v2.0/extensions/trunk HTTP/1.1" status: 200 len: 358 time: 0.0064719
2026-07-15 06:06:02.893 9 INFO neutron.wsgi [None req-fa00ce86-8388-4328-ad89-26d31e3819f3 ecc9f8ed911147e184820e571c671e1a 92b5086e5fe94ca8a8da52fa7023451f - - default default] 10.0.0.181 "GET /v2.0/extensions/trunk-details HTTP/1.1" status: 200 len: 362 time: 0.0200191
2026-07-15 06:06:02.940 9 INFO neutron.wsgi [None req-c3044bc1-b982-4018-a2bb-5364344e54aa b09fc6469ad1420ba0a76a0f9aa98ed3 9d365a68fede48d3a42b0d8a7aea8fe4 - - default default] 10.0.0.181 "DELETE /v2.0/routers/7cb714a2-3414-4fb7-be07-4cc579390ea1 HTTP/1.1" status: 204 len: 168 time: 1.1921797
2026-07-15 06:06:03.027 10 INFO neutron.wsgi [None req-a20fff27-2f9b-40bf-8e5b-05d02dde0061 53cecbe0abb64bb7bb2f1ad57ec10849 376ec9c5856a401ba4f818e0c353d00e - - default default] 10.0.0.181 "DELETE /v2.0/networks/2a5802a6-b6d6-41f6-a1ef-48b88eb03270 HTTP/1.1" status: 204 len: 168 time: 0.5116725
2026-07-15 06:06:03.164 10 INFO neutron.wsgi [None req-59584901-fd90-4a39-bdeb-9676cefc0046 b09fc6469ad1420ba0a76a0f9aa98ed3 9d365a68fede48d3a42b0d8a7aea8fe4 - - default default] 10.0.0.181 "DELETE /v2.0/subnets/c1ee7798-786e-40f2-a95a-d03de04fee20 HTTP/1.1" status: 204 len: 168 time: 0.2151213
2026-07-15 06:06:03.362 9 INFO neutron.wsgi [None req-6e565a5e-1add-4b8b-bdb6-919ee1be545e 53cecbe0abb64bb7bb2f1ad57ec10849 376ec9c5856a401ba4f818e0c353d00e - - default default] 10.0.0.181 "GET /v2.0/networks HTTP/1.1" status: 200 len: 845 time: 0.3298275
2026-07-15 06:06:03.381 10 WARNING neutron_lib.context [None req-d2ea489c-825b-45ce-a27a-18cb8dfcc8e8 53cecbe0abb64bb7bb2f1ad57ec10849 376ec9c5856a401ba4f818e0c353d00e - - default default] Method 'is_advsvc' is deprecated since 2023.2 release (neutron-lib 3.8.0) and will be removed once support for the old RBAC API policies will be removed from Neutron. Please use method 'is_service_role' instead.
2026-07-15 06:06:03.506 10 INFO neutron.db.segments_db [None req-d2ea489c-825b-45ce-a27a-18cb8dfcc8e8 53cecbe0abb64bb7bb2f1ad57ec10849 376ec9c5856a401ba4f818e0c353d00e - - default default] Added segment 61e70df9-79a7-4b9e-8ba5-91479d4e554c of type geneve for network 3dd3dc78-adb7-493b-b5a8-f73760c2f0b6
2026-07-15 06:06:03.633 10 INFO neutron.wsgi [None req-04f07f26-334e-4e6b-b415-779bb5d9e3f1 b09fc6469ad1420ba0a76a0f9aa98ed3 9d365a68fede48d3a42b0d8a7aea8fe4 - - default default] 10.0.0.181 "DELETE /v2.0/networks/e1868421-e76a-4035-acfd-f056a25f139e HTTP/1.1" status: 204 len: 168 time: 0.4636240
2026-07-15 06:06:03.724 10 INFO neutron.db.ovn_revision_numbers_db [None req-d2ea489c-825b-45ce-a27a-18cb8dfcc8e8 53cecbe0abb64bb7bb2f1ad57ec10849 376ec9c5856a401ba4f818e0c353d00e - - default default] Successfully bumped revision number for resource 3dd3dc78-adb7-493b-b5a8-f73760c2f0b6 (type: networks) to 1
2026-07-15 06:06:03.727 9 WARNING neutron.scheduler.dhcp_agent_scheduler [None req-2529c34b-c33c-4b13-9822-71c06cc3509b 26847d42f0dd4cc2a6357062cf82c6ad a8e4129026684815b3e6ece18e23dc65 - - default default] No more DHCP agents
2026-07-15 06:06:03.729 9 WARNING neutron.api.rpc.agentnotifiers.dhcp_rpc_agent_api [None req-2529c34b-c33c-4b13-9822-71c06cc3509b 26847d42f0dd4cc2a6357062cf82c6ad a8e4129026684815b3e6ece18e23dc65 - - default default] Unable to schedule network 85d8c101-1625-4351-9175-849136598975: no agents available; will retry on subsequent port and subnet creation events.
2026-07-15 06:06:03.905 9 INFO neutron.db.ovn_revision_numbers_db [None req-2529c34b-c33c-4b13-9822-71c06cc3509b 26847d42f0dd4cc2a6357062cf82c6ad a8e4129026684815b3e6ece18e23dc65 - - default default] Successfully bumped revision number for resource 59d2b564-a7bd-46c0-b212-5920c59f0454 (type: ports) to 1
2026-07-15 06:06:03.934 10 WARNING neutron.scheduler.dhcp_agent_scheduler [None req-d2ea489c-825b-45ce-a27a-18cb8dfcc8e8 53cecbe0abb64bb7bb2f1ad57ec10849 376ec9c5856a401ba4f818e0c353d00e - - default default] No more DHCP agents
2026-07-15 06:06:03.937 10 WARNING neutron.api.rpc.agentnotifiers.dhcp_rpc_agent_api [None req-d2ea489c-825b-45ce-a27a-18cb8dfcc8e8 53cecbe0abb64bb7bb2f1ad57ec10849 376ec9c5856a401ba4f818e0c353d00e - - default default] Unable to schedule network 3dd3dc78-adb7-493b-b5a8-f73760c2f0b6: no agents available; will retry on subsequent port and subnet creation events.
2026-07-15 06:06:03.940 10 INFO neutron.db.ovn_revision_numbers_db [None req-774f0234-9126-40a0-bdb9-659102ed7a53 b74d0f6850a24e4db72747476cff5a28 793826d128cb404e972d2611e7ca6d6f - - default default] Successfully bumped revision number for resource 71f104d9-17e3-40a2-b0df-1b46e3b07caa (type: security_groups) to 1
2026-07-15 06:06:03.985 10 INFO neutron.db.ovn_revision_numbers_db [None req-774f0234-9126-40a0-bdb9-659102ed7a53 b74d0f6850a24e4db72747476cff5a28 793826d128cb404e972d2611e7ca6d6f - - default default] Successfully bumped revision number for resource 14aa761a-496f-444b-a048-e68c959c9dce (type: security_group_rules) to 0
2026-07-15 06:06:04.014 10 INFO neutron.db.ovn_revision_numbers_db [None req-774f0234-9126-40a0-bdb9-659102ed7a53 b74d0f6850a24e4db72747476cff5a28 793826d128cb404e972d2611e7ca6d6f - - default default] Successfully bumped revision number for resource 690a3793-15f9-4096-a35b-628df64b0559 (type: security_group_rules) to 0
2026-07-15 06:06:04.043 10 INFO neutron.db.ovn_revision_numbers_db [None req-774f0234-9126-40a0-bdb9-659102ed7a53 b74d0f6850a24e4db72747476cff5a28 793826d128cb404e972d2611e7ca6d6f - - default default] Successfully bumped revision number for resource b73e3066-70c3-4c92-9412-d1fd557ce156 (type: security_group_rules) to 0
2026-07-15 06:06:04.047 10 INFO neutron.db.ovn_revision_numbers_db [None req-d2ea489c-825b-45ce-a27a-18cb8dfcc8e8 53cecbe0abb64bb7bb2f1ad57ec10849 376ec9c5856a401ba4f818e0c353d00e - - default default] Successfully bumped revision number for resource 35927355-0f8f-45cd-8aa7-b4da53f65001 (type: ports) to 1
2026-07-15 06:06:04.084 10 INFO neutron.db.ovn_revision_numbers_db [None req-774f0234-9126-40a0-bdb9-659102ed7a53 b74d0f6850a24e4db72747476cff5a28 793826d128cb404e972d2611e7ca6d6f - - default default] Successfully bumped revision number for resource c83daee8-153e-44c3-8d49-9f06eae0baec (type: security_group_rules) to 0
2026-07-15 06:06:04.103 10 INFO neutron.wsgi [None req-d2ea489c-825b-45ce-a27a-18cb8dfcc8e8 53cecbe0abb64bb7bb2f1ad57ec10849 376ec9c5856a401ba4f818e0c353d00e - - default default] 10.0.0.181 "POST /v2.0/networks HTTP/1.1" status: 201 len: 849 time: 0.7268658
2026-07-15 06:06:04.115 10 INFO neutron.wsgi [None req-774f0234-9126-40a0-bdb9-659102ed7a53 b74d0f6850a24e4db72747476cff5a28 793826d128cb404e972d2611e7ca6d6f - - default default] 10.0.0.181 "GET /v2.0/security-groups?tenant_id=92b5086e5fe94ca8a8da52fa7023451f&name=default HTTP/1.1" status: 200 len: 2996 time: 0.5611422
2026-07-15 06:06:04.117 9 WARNING neutron_lib.context [None req-f99476b3-42c7-4151-b496-51e6a6915745 53cecbe0abb64bb7bb2f1ad57ec10849 376ec9c5856a401ba4f818e0c353d00e - - default default] Method 'is_advsvc' is deprecated since 2023.2 release (neutron-lib 3.8.0) and will be removed once support for the old RBAC API policies will be removed from Neutron. Please use method 'is_service_role' instead.
2026-07-15 06:06:04.271 9 INFO neutron.db.segments_db [None req-f99476b3-42c7-4151-b496-51e6a6915745 53cecbe0abb64bb7bb2f1ad57ec10849 376ec9c5856a401ba4f818e0c353d00e - - default default] Added segment dcd97af2-33de-41d7-aef0-dd27c0cb3f0a of type geneve for network 8209c896-389c-4c07-a557-e8574c2187f0
2026-07-15 06:06:04.380 10 INFO neutron.wsgi [None req-e4ba00bd-b161-4745-95dc-5eecc00af04f b74d0f6850a24e4db72747476cff5a28 793826d128cb404e972d2611e7ca6d6f - - default default] 10.0.0.181 "GET /v2.0/security-groups?tenant_id=9d365a68fede48d3a42b0d8a7aea8fe4&name=default HTTP/1.1" status: 200 len: 2996 time: 0.1693733
2026-07-15 06:06:04.398 10 INFO neutron.wsgi [None req-9861a37d-04bf-44b5-849e-b3b1a1302bc1 b74d0f6850a24e4db72747476cff5a28 793826d128cb404e972d2611e7ca6d6f - - default default] 10.0.0.181 "DELETE /v2.0/security-groups/71f104d9-17e3-40a2-b0df-1b46e3b07caa HTTP/1.1" status: 204 len: 168 time: 0.2741742
2026-07-15 06:06:04.510 10 INFO neutron.services.segments.plugin [-] Segment 88a839d8-d592-4b25-8d84-43415b2aa29a resource provider aggregate not found
2026-07-15 06:06:04.519 10 INFO neutron.services.segments.plugin [-] Segment 88a839d8-d592-4b25-8d84-43415b2aa29a resource provider aggregate not found
2026-07-15 06:06:04.520 9 INFO neutron.db.ovn_revision_numbers_db [None req-f99476b3-42c7-4151-b496-51e6a6915745 53cecbe0abb64bb7bb2f1ad57ec10849 376ec9c5856a401ba4f818e0c353d00e - - default default] Successfully bumped revision number for resource 8209c896-389c-4c07-a557-e8574c2187f0 (type: networks) to 1
2026-07-15 06:06:04.530 10 INFO neutron.services.segments.plugin [-] Segment 88a839d8-d592-4b25-8d84-43415b2aa29a resource provider not found; error: Placement Client Error (4xx): {"errors": [{"status": 404, "title": "Not Found", "detail": "The resource could not be found.\n\n No resource provider with uuid 88a839d8-d592-4b25-8d84-43415b2aa29a found for delete ", "request_id": "req-17d896eb-9ada-4ba8-894e-6ed86002791d"}]}
2026-07-15 06:06:04.542 10 INFO neutron.services.segments.plugin [-] Segment 88a839d8-d592-4b25-8d84-43415b2aa29a resource provider not found; error: Placement Client Error (4xx): {"errors": [{"status": 404, "title": "Not Found", "detail": "The resource could not be found.\n\n No resource provider with uuid 88a839d8-d592-4b25-8d84-43415b2aa29a found for delete ", "request_id": "req-56ae3433-3fe0-4739-b465-2ef5b557ae0d"}]}
2026-07-15 06:06:04.551 10 INFO neutron.services.segments.plugin [-] Segment 3da35249-f949-4c09-b0e4-f11030bd4066 resource provider aggregate not found
2026-07-15 06:06:04.567 10 INFO neutron.services.segments.plugin [-] Segment 3da35249-f949-4c09-b0e4-f11030bd4066 resource provider aggregate not found
2026-07-15 06:06:04.576 10 INFO neutron.services.segments.plugin [-] Segment 3da35249-f949-4c09-b0e4-f11030bd4066 resource provider not found; error: Placement Client Error (4xx): {"errors": [{"status": 404, "title": "Not Found", "detail": "The resource could not be found.\n\n No resource provider with uuid 3da35249-f949-4c09-b0e4-f11030bd4066 found for delete ", "request_id": "req-e85fa7f1-0239-466f-a86e-b0ce75ba700e"}]}
2026-07-15 06:06:04.592 10 INFO neutron.services.segments.plugin [-] Segment 3da35249-f949-4c09-b0e4-f11030bd4066 resource provider not found; error: Placement Client Error (4xx): {"errors": [{"status": 404, "title": "Not Found", "detail": "The resource could not be found.\n\n No resource provider with uuid 3da35249-f949-4c09-b0e4-f11030bd4066 found for delete ", "request_id": "req-aa35e872-ba6f-4211-9a26-dd8bacbdba33"}]}
2026-07-15 06:06:04.600 10 INFO neutron.services.segments.plugin [-] Segment 15922a99-e3b4-4296-be6b-7e9f0853337d resource provider aggregate not found
2026-07-15 06:06:04.619 10 INFO neutron.services.segments.plugin [-] Segment 15922a99-e3b4-4296-be6b-7e9f0853337d resource provider aggregate not found
2026-07-15 06:06:04.626 10 INFO neutron.services.segments.plugin [-] Segment 15922a99-e3b4-4296-be6b-7e9f0853337d resource provider not found; error: Placement Client Error (4xx): {"errors": [{"status": 404, "title": "Not Found", "detail": "The resource could not be found.\n\n No resource provider with uuid 15922a99-e3b4-4296-be6b-7e9f0853337d found for delete ", "request_id": "req-498e1739-7cf0-411e-8d89-c8268b1ca7f6"}]}
2026-07-15 06:06:04.637 10 INFO neutron.services.segments.plugin [-] Segment 15922a99-e3b4-4296-be6b-7e9f0853337d resource provider not found; error: Placement Client Error (4xx): {"errors": [{"status": 404, "title": "Not Found", "detail": "The resource could not be found.\n\n No resource provider with uuid 15922a99-e3b4-4296-be6b-7e9f0853337d found for delete ", "request_id": "req-c5e34237-115f-4167-8798-43fc326789b7"}]}
2026-07-15 06:06:04.787 9 WARNING neutron.scheduler.dhcp_agent_scheduler [None req-f99476b3-42c7-4151-b496-51e6a6915745 53cecbe0abb64bb7bb2f1ad57ec10849 376ec9c5856a401ba4f818e0c353d00e - - default default] No more DHCP agents
2026-07-15 06:06:04.796 9 WARNING neutron.api.rpc.agentnotifiers.dhcp_rpc_agent_api [None req-f99476b3-42c7-4151-b496-51e6a6915745 53cecbe0abb64bb7bb2f1ad57ec10849 376ec9c5856a401ba4f818e0c353d00e - - default default] Unable to schedule network 8209c896-389c-4c07-a557-e8574c2187f0: no agents available; will retry on subsequent port and subnet creation events.
2026-07-15 06:06:04.801 9 INFO neutron.wsgi [None req-1c0e6f58-b871-498c-964b-a5a3efa9c837 b74d0f6850a24e4db72747476cff5a28 793826d128cb404e972d2611e7ca6d6f - - default default] 10.0.0.181 "DELETE /v2.0/security-groups/fe405ac2-efdf-493b-a1a8-8bd16bc4f5ba HTTP/1.1" status: 204 len: 168 time: 0.4149492
2026-07-15 06:06:04.862 9 WARNING neutron.plugins.ml2.drivers.ovn.mech_driver.ovsdb.ovn_client [None req-90dd9e58-103f-4dbc-b23f-33cab62070df - - - - - -] No port found with ID 838d092d-1b5b-47b9-a971-125cf42f1911: RuntimeError: No port found with ID 838d092d-1b5b-47b9-a971-125cf42f1911
2026-07-15 06:06:04.862 9 INFO neutron.plugins.ml2.drivers.ovn.mech_driver.mech_driver [None req-90dd9e58-103f-4dbc-b23f-33cab62070df - - - - - -] OVN reports status up for port: 59d2b564-a7bd-46c0-b212-5920c59f0454
2026-07-15 06:06:04.864 9 INFO neutron.db.ovn_revision_numbers_db [None req-2529c34b-c33c-4b13-9822-71c06cc3509b 26847d42f0dd4cc2a6357062cf82c6ad a8e4129026684815b3e6ece18e23dc65 - - default default] Successfully bumped revision number for resource 59d2b564-a7bd-46c0-b212-5920c59f0454 (type: router_ports) to 1
2026-07-15 06:06:04.891 9 INFO neutron.plugins.ml2.plugin [None req-90dd9e58-103f-4dbc-b23f-33cab62070df - - - - - -] Attempt 1 to provision port 59d2b564-a7bd-46c0-b212-5920c59f0454
2026-07-15 06:06:05.124 9 INFO neutron.db.ovn_revision_numbers_db [None req-f99476b3-42c7-4151-b496-51e6a6915745 53cecbe0abb64bb7bb2f1ad57ec10849 376ec9c5856a401ba4f818e0c353d00e - - default default] Successfully bumped revision number for resource 04974ab3-9527-4ea4-b02c-2b81c389304c (type: ports) to 1
2026-07-15 06:06:05.163 9 INFO neutron.wsgi [None req-f99476b3-42c7-4151-b496-51e6a6915745 53cecbe0abb64bb7bb2f1ad57ec10849 376ec9c5856a401ba4f818e0c353d00e - - default default] 10.0.0.181 "POST /v2.0/networks HTTP/1.1" status: 201 len: 848 time: 1.0532918
2026-07-15 06:06:05.175 9 WARNING neutron_lib.context [None req-21244de5-886e-46f8-920b-3c5069e3999e 53cecbe0abb64bb7bb2f1ad57ec10849 376ec9c5856a401ba4f818e0c353d00e - - default default] Method 'is_advsvc' is deprecated since 2023.2 release (neutron-lib 3.8.0) and will be removed once support for the old RBAC API policies will be removed from Neutron. Please use method 'is_service_role' instead.
2026-07-15 06:06:05.189 9 INFO neutron.db.ovn_revision_numbers_db [None req-2529c34b-c33c-4b13-9822-71c06cc3509b 26847d42f0dd4cc2a6357062cf82c6ad a8e4129026684815b3e6ece18e23dc65 - - default default] Successfully bumped revision number for resource 1c179747-b3f5-4151-8f93-ea4ab51486fb (type: routers) to 2
2026-07-15 06:06:05.224 9 INFO neutron.wsgi [None req-2529c34b-c33c-4b13-9822-71c06cc3509b 26847d42f0dd4cc2a6357062cf82c6ad a8e4129026684815b3e6ece18e23dc65 - - default default] 10.0.0.181 "POST /v2.0/routers HTTP/1.1" status: 201 len: 871 time: 2.4909332
2026-07-15 06:06:05.244 9 WARNING neutron_lib.context [None req-21244de5-886e-46f8-920b-3c5069e3999e 53cecbe0abb64bb7bb2f1ad57ec10849 376ec9c5856a401ba4f818e0c353d00e - - default default] Method 'is_advsvc' is deprecated since 2023.2 release (neutron-lib 3.8.0) and will be removed once support for the old RBAC API policies will be removed from Neutron. Please use method 'is_service_role' instead.
2026-07-15 06:06:05.327 9 INFO neutron.wsgi [None req-162e27f8-a231-4f67-966b-4acf33c8297b 26847d42f0dd4cc2a6357062cf82c6ad a8e4129026684815b3e6ece18e23dc65 - - default default] 10.0.0.181 "GET /v2.0/routers/1c179747-b3f5-4151-8f93-ea4ab51486fb HTTP/1.1" status: 200 len: 872 time: 0.0953667
2026-07-15 06:06:05.495 9 INFO neutron.wsgi [None req-e768973e-b6a3-4e78-853b-c6e67a3491d7 26847d42f0dd4cc2a6357062cf82c6ad a8e4129026684815b3e6ece18e23dc65 - - default default] 10.0.0.181 "GET /v2.0/routers HTTP/1.1" status: 200 len: 875 time: 0.1615553
2026-07-15 06:06:05.805 9 WARNING neutron.scheduler.dhcp_agent_scheduler [None req-21244de5-886e-46f8-920b-3c5069e3999e 53cecbe0abb64bb7bb2f1ad57ec10849 376ec9c5856a401ba4f818e0c353d00e - - default default] No more DHCP agents
2026-07-15 06:06:05.809 9 WARNING neutron.api.rpc.agentnotifiers.dhcp_rpc_agent_api [None req-21244de5-886e-46f8-920b-3c5069e3999e 53cecbe0abb64bb7bb2f1ad57ec10849 376ec9c5856a401ba4f818e0c353d00e - - default default] Unable to schedule network 3dd3dc78-adb7-493b-b5a8-f73760c2f0b6: no agents available; will retry on subsequent port and subnet creation events.
2026-07-15 06:06:05.929 9 INFO neutron.db.ovn_revision_numbers_db [None req-21244de5-886e-46f8-920b-3c5069e3999e 53cecbe0abb64bb7bb2f1ad57ec10849 376ec9c5856a401ba4f818e0c353d00e - - default default] Successfully bumped revision number for resource a058ad83-5fd7-4f79-8592-2d524875fe4e (type: ports) to 1
2026-07-15 06:06:05.971 9 WARNING neutron.scheduler.dhcp_agent_scheduler [None req-21244de5-886e-46f8-920b-3c5069e3999e 53cecbe0abb64bb7bb2f1ad57ec10849 376ec9c5856a401ba4f818e0c353d00e - - default default] No more DHCP agents
2026-07-15 06:06:05.974 9 WARNING neutron.api.rpc.agentnotifiers.dhcp_rpc_agent_api [None req-21244de5-886e-46f8-920b-3c5069e3999e 53cecbe0abb64bb7bb2f1ad57ec10849 376ec9c5856a401ba4f818e0c353d00e - - default default] Unable to schedule network 8209c896-389c-4c07-a557-e8574c2187f0: no agents available; will retry on subsequent port and subnet creation events.
2026-07-15 06:06:06.090 9 INFO neutron.db.ovn_revision_numbers_db [None req-21244de5-886e-46f8-920b-3c5069e3999e 53cecbe0abb64bb7bb2f1ad57ec10849 376ec9c5856a401ba4f818e0c353d00e - - default default] Successfully bumped revision number for resource 08b9b880-fa34-45a8-8cfe-e6479993e23b (type: ports) to 1
2026-07-15 06:06:06.118 9 INFO neutron.wsgi [None req-21244de5-886e-46f8-920b-3c5069e3999e 53cecbe0abb64bb7bb2f1ad57ec10849 376ec9c5856a401ba4f818e0c353d00e - - default default] 10.0.0.181 "POST /v2.0/ports HTTP/1.1" status: 201 len: 1706 time: 0.9472198 /var/lib/openstack/lib/python3.10/site-packages/pycadf/identifier.py:71: UserWarning: Invalid uuid: neutron. To ensure interoperability, identifiers should be a valid uuid. warnings.warn(('Invalid uuid: %s. To ensure interoperability, '
2026-07-15 06:06:06.270 9 INFO neutron.wsgi [None req-514849ab-a982-4a61-904b-619be9344ad1 53cecbe0abb64bb7bb2f1ad57ec10849 376ec9c5856a401ba4f818e0c353d00e - - default default] 10.0.0.181 "GET /v2.0/ports HTTP/1.1" status: 200 len: 3213 time: 0.1462886
2026-07-15 06:06:06.319 10 INFO neutron.db.ovn_revision_numbers_db [None req-344c8a51-6f5b-4abe-bd3c-701b372d8dad 26847d42f0dd4cc2a6357062cf82c6ad a8e4129026684815b3e6ece18e23dc65 - - default default] Successfully bumped revision number for resource 1c179747-b3f5-4151-8f93-ea4ab51486fb (type: routers) to 3
2026-07-15 06:06:06.323 10 INFO neutron.wsgi [None req-344c8a51-6f5b-4abe-bd3c-701b372d8dad 26847d42f0dd4cc2a6357062cf82c6ad a8e4129026684815b3e6ece18e23dc65 - - default default] 10.0.0.181 "PUT /v2.0/routers/1c179747-b3f5-4151-8f93-ea4ab51486fb HTTP/1.1" status: 200 len: 879 time: 0.8216445
2026-07-15 06:06:06.419 10 INFO neutron.wsgi [None req-4948c818-75d0-4e0a-901d-c122e42cb8b7 26847d42f0dd4cc2a6357062cf82c6ad a8e4129026684815b3e6ece18e23dc65 - - default default] 10.0.0.181 "GET /v2.0/routers/1c179747-b3f5-4151-8f93-ea4ab51486fb HTTP/1.1" status: 200 len: 879 time: 0.0906119
2026-07-15 06:06:06.446 10 INFO neutron.wsgi [None req-53544b37-bc89-416f-aaac-0669c2cf1e27 26847d42f0dd4cc2a6357062cf82c6ad a8e4129026684815b3e6ece18e23dc65 - - default default] 10.0.0.181 "GET /v2.0/ports?device_id=1c179747-b3f5-4151-8f93-ea4ab51486fb HTTP/1.1" status: 200 len: 205 time: 0.0214221
2026-07-15 06:06:06.530 9 INFO neutron.wsgi [None req-a3d4ca54-1c8f-441b-b586-13e69951dd74 53cecbe0abb64bb7bb2f1ad57ec10849 376ec9c5856a401ba4f818e0c353d00e - - default default] 10.0.0.181 "DELETE /v2.0/ports/a058ad83-5fd7-4f79-8592-2d524875fe4e HTTP/1.1" status: 204 len: 168 time: 0.2532802
2026-07-15 06:06:06.904 10 INFO neutron.wsgi [None req-73ee92aa-d64f-4b0e-8350-9fc120f788b1 53cecbe0abb64bb7bb2f1ad57ec10849 376ec9c5856a401ba4f818e0c353d00e - - default default] 10.0.0.181 "DELETE /v2.0/ports/08b9b880-fa34-45a8-8cfe-e6479993e23b HTTP/1.1" status: 204 len: 168 time: 0.3668528
2026-07-15 06:06:06.929 10 WARNING neutron_lib.context [None req-e9648d09-50cd-445a-a5e0-dbee185a6178 32f4c6f567d748e09bf6a44d24e24b69 452dfe8526bf486b866bf0bd2b1b92f2 - - default default] Method 'is_advsvc' is deprecated since 2023.2 release (neutron-lib 3.8.0) and will be removed once support for the old RBAC API policies will be removed from Neutron. Please use method 'is_service_role' instead.
2026-07-15 06:06:06.956 9 INFO neutron.wsgi [None req-ae8d8488-e1d0-415c-bd2e-893bc8cfb0e9 53cecbe0abb64bb7bb2f1ad57ec10849 376ec9c5856a401ba4f818e0c353d00e - - default default] 10.0.0.181 "GET /v2.0/ports HTTP/1.1" status: 200 len: 1718 time: 0.0477531
2026-07-15 06:06:06.967 9 WARNING neutron_lib.context [None req-1bf02538-0a59-4824-9e5e-325b513a7e41 53cecbe0abb64bb7bb2f1ad57ec10849 376ec9c5856a401ba4f818e0c353d00e - - default default] Method 'is_advsvc' is deprecated since 2023.2 release (neutron-lib 3.8.0) and will be removed once support for the old RBAC API policies will be removed from Neutron. Please use method 'is_service_role' instead.
2026-07-15 06:06:07.057 9 INFO neutron.db.segments_db [None req-1bf02538-0a59-4824-9e5e-325b513a7e41 53cecbe0abb64bb7bb2f1ad57ec10849 376ec9c5856a401ba4f818e0c353d00e - - default default] Added segment 2b6d4872-cbe3-4c29-ad36-5b314abff836 of type geneve for network ee0755f5-3954-4fe4-865d-42abb8face82
2026-07-15 06:06:07.123 10 INFO neutron.db.ovn_revision_numbers_db [None req-e9648d09-50cd-445a-a5e0-dbee185a6178 32f4c6f567d748e09bf6a44d24e24b69 452dfe8526bf486b866bf0bd2b1b92f2 - - default default] Successfully bumped revision number for resource 255aec74-f0ba-420b-a5a1-07a84be6d3a7 (type: security_groups) to 1
2026-07-15 06:06:07.140 10 INFO neutron.db.ovn_revision_numbers_db [None req-e9648d09-50cd-445a-a5e0-dbee185a6178 32f4c6f567d748e09bf6a44d24e24b69 452dfe8526bf486b866bf0bd2b1b92f2 - - default default] Successfully bumped revision number for resource 3914ad9e-c5aa-44bd-941b-fbcd2822a134 (type: security_group_rules) to 0
2026-07-15 06:06:07.177 10 INFO neutron.db.ovn_revision_numbers_db [None req-e9648d09-50cd-445a-a5e0-dbee185a6178 32f4c6f567d748e09bf6a44d24e24b69 452dfe8526bf486b866bf0bd2b1b92f2 - - default default] Successfully bumped revision number for resource 99b5b050-f702-4b67-9d4f-b0e0686ed77b (type: security_group_rules) to 0
2026-07-15 06:06:07.205 10 INFO neutron.db.ovn_revision_numbers_db [None req-e9648d09-50cd-445a-a5e0-dbee185a6178 32f4c6f567d748e09bf6a44d24e24b69 452dfe8526bf486b866bf0bd2b1b92f2 - - default default] Successfully bumped revision number for resource be5f99db-d08e-4e37-9cbc-937c8c2210d2 (type: security_group_rules) to 0
2026-07-15 06:06:07.229 9 INFO neutron.db.ovn_revision_numbers_db [None req-1bf02538-0a59-4824-9e5e-325b513a7e41 53cecbe0abb64bb7bb2f1ad57ec10849 376ec9c5856a401ba4f818e0c353d00e - - default default] Successfully bumped revision number for resource ee0755f5-3954-4fe4-865d-42abb8face82 (type: networks) to 1
2026-07-15 06:06:07.248 10 INFO neutron.db.ovn_revision_numbers_db [None req-e9648d09-50cd-445a-a5e0-dbee185a6178 32f4c6f567d748e09bf6a44d24e24b69 452dfe8526bf486b866bf0bd2b1b92f2 - - default default] Successfully bumped revision number for resource d1b366bd-bb42-4556-b10e-c354b480ee6b (type: security_group_rules) to 0
2026-07-15 06:06:07.325 10 INFO neutron.db.segments_db [None req-e9648d09-50cd-445a-a5e0-dbee185a6178 32f4c6f567d748e09bf6a44d24e24b69 452dfe8526bf486b866bf0bd2b1b92f2 - - default default] Added segment 8507654c-e927-4010-89f3-8776953e153e of type geneve for network 4ad0b56e-ac23-4b8d-a5dc-814e5cdf7d9d
2026-07-15 06:06:07.432 9 WARNING neutron.scheduler.dhcp_agent_scheduler [None req-1bf02538-0a59-4824-9e5e-325b513a7e41 53cecbe0abb64bb7bb2f1ad57ec10849 376ec9c5856a401ba4f818e0c353d00e - - default default] No more DHCP agents
2026-07-15 06:06:07.436 9 WARNING neutron.api.rpc.agentnotifiers.dhcp_rpc_agent_api [None req-1bf02538-0a59-4824-9e5e-325b513a7e41 53cecbe0abb64bb7bb2f1ad57ec10849 376ec9c5856a401ba4f818e0c353d00e - - default default] Unable to schedule network ee0755f5-3954-4fe4-865d-42abb8face82: no agents available; will retry on subsequent port and subnet creation events.
2026-07-15 06:06:07.547 9 INFO neutron.db.ovn_revision_numbers_db [None req-1bf02538-0a59-4824-9e5e-325b513a7e41 53cecbe0abb64bb7bb2f1ad57ec10849 376ec9c5856a401ba4f818e0c353d00e - - default default] Successfully bumped revision number for resource 11c4a26c-e001-4794-a0bf-145679aa445a (type: ports) to 1
2026-07-15 06:06:07.577 9 INFO neutron.wsgi [None req-1bf02538-0a59-4824-9e5e-325b513a7e41 53cecbe0abb64bb7bb2f1ad57ec10849 376ec9c5856a401ba4f818e0c353d00e - - default default] 10.0.0.181 "POST /v2.0/networks HTTP/1.1" status: 201 len: 848 time: 0.6158984
2026-07-15 06:06:07.592 9 WARNING neutron_lib.context [None req-2ac2f336-51f8-441a-ab0f-1467b825d06b 53cecbe0abb64bb7bb2f1ad57ec10849 376ec9c5856a401ba4f818e0c353d00e - - default default] Method 'is_advsvc' is deprecated since 2023.2 release (neutron-lib 3.8.0) and will be removed once support for the old RBAC API policies will be removed from Neutron. Please use method 'is_service_role' instead.
2026-07-15 06:06:07.641 10 INFO neutron.db.ovn_revision_numbers_db [None req-e9648d09-50cd-445a-a5e0-dbee185a6178 32f4c6f567d748e09bf6a44d24e24b69 452dfe8526bf486b866bf0bd2b1b92f2 - - default default] Successfully bumped revision number for resource 4ad0b56e-ac23-4b8d-a5dc-814e5cdf7d9d (type: networks) to 1
2026-07-15 06:06:07.693 9 INFO neutron.db.segments_db [None req-2ac2f336-51f8-441a-ab0f-1467b825d06b 53cecbe0abb64bb7bb2f1ad57ec10849 376ec9c5856a401ba4f818e0c353d00e - - default default] Added segment 9ca4eb86-0c46-40c8-bba0-9fd19cf0f1b1 of type geneve for network c688ce37-b48d-445b-99a8-225b03c7baec
2026-07-15 06:06:07.714 10 INFO neutron.wsgi [None req-a11176e8-aa95-49f8-81bb-2524708a7958 26847d42f0dd4cc2a6357062cf82c6ad a8e4129026684815b3e6ece18e23dc65 - - default default] 10.0.0.181 "DELETE /v2.0/routers/1c179747-b3f5-4151-8f93-ea4ab51486fb HTTP/1.1" status: 204 len: 168 time: 1.2637024
2026-07-15 06:06:07.752 9 INFO neutron.wsgi [None req-a0cab692-2065-4a1b-9488-8f90bac241b6 26847d42f0dd4cc2a6357062cf82c6ad a8e4129026684815b3e6ece18e23dc65 - - default default] 10.0.0.181 "GET /v2.0/ports?device_id=1c179747-b3f5-4151-8f93-ea4ab51486fb HTTP/1.1" status: 200 len: 205 time: 0.0276363
2026-07-15 06:06:07.790 10 INFO neutron.api.v2.resource [None req-8c402582-fb43-45b0-b72e-2085a68c6b0d 26847d42f0dd4cc2a6357062cf82c6ad a8e4129026684815b3e6ece18e23dc65 - - default default] delete failed (client error): The resource could not be found.
2026-07-15 06:06:07.792 10 INFO neutron.wsgi [None req-8c402582-fb43-45b0-b72e-2085a68c6b0d 26847d42f0dd4cc2a6357062cf82c6ad a8e4129026684815b3e6ece18e23dc65 - - default default] 10.0.0.181 "DELETE /v2.0/routers/1c179747-b3f5-4151-8f93-ea4ab51486fb HTTP/1.1" status: 404 len: 336 time: 0.0282533
2026-07-15 06:06:07.836 10 INFO neutron.wsgi [None req-27e2aacc-9709-422f-9fe6-8ef6a459c014 26847d42f0dd4cc2a6357062cf82c6ad a8e4129026684815b3e6ece18e23dc65 - - default default] 10.0.0.181 "GET /v2.0/ports?device_id=12abd5cf-096b-4f7b-9a6b-dfab40527db6 HTTP/1.1" status: 200 len: 205 time: 0.0373278
2026-07-15 06:06:07.863 9 INFO neutron.api.v2.resource [None req-93a5442b-3208-463c-8bdc-7fa193b50caf 26847d42f0dd4cc2a6357062cf82c6ad a8e4129026684815b3e6ece18e23dc65 - - default default] delete failed (client error): The resource could not be found.
2026-07-15 06:06:07.865 9 INFO neutron.wsgi [None req-93a5442b-3208-463c-8bdc-7fa193b50caf 26847d42f0dd4cc2a6357062cf82c6ad a8e4129026684815b3e6ece18e23dc65 - - default default] 10.0.0.181 "DELETE /v2.0/routers/12abd5cf-096b-4f7b-9a6b-dfab40527db6 HTTP/1.1" status: 404 len: 336 time: 0.0233533
2026-07-15 06:06:07.873 9 INFO neutron.db.ovn_revision_numbers_db [None req-2ac2f336-51f8-441a-ab0f-1467b825d06b 53cecbe0abb64bb7bb2f1ad57ec10849 376ec9c5856a401ba4f818e0c353d00e - - default default] Successfully bumped revision number for resource c688ce37-b48d-445b-99a8-225b03c7baec (type: networks) to 1
2026-07-15 06:06:07.886 10 WARNING neutron.scheduler.dhcp_agent_scheduler [None req-e9648d09-50cd-445a-a5e0-dbee185a6178 32f4c6f567d748e09bf6a44d24e24b69 452dfe8526bf486b866bf0bd2b1b92f2 - - default default] No more DHCP agents
2026-07-15 06:06:07.893 10 WARNING neutron.api.rpc.agentnotifiers.dhcp_rpc_agent_api [None req-e9648d09-50cd-445a-a5e0-dbee185a6178 32f4c6f567d748e09bf6a44d24e24b69 452dfe8526bf486b866bf0bd2b1b92f2 - - default default] Unable to schedule network 4ad0b56e-ac23-4b8d-a5dc-814e5cdf7d9d: no agents available; will retry on subsequent port and subnet creation events.
2026-07-15 06:06:07.896 10 INFO neutron.pecan_wsgi.hooks.translation [None req-16f89657-8ec9-4c4c-8988-a29352499b44 26847d42f0dd4cc2a6357062cf82c6ad a8e4129026684815b3e6ece18e23dc65 - - default default] DELETE failed (client error): The resource could not be found.
2026-07-15 06:06:07.898 10 INFO neutron.wsgi [None req-16f89657-8ec9-4c4c-8988-a29352499b44 26847d42f0dd4cc2a6357062cf82c6ad a8e4129026684815b3e6ece18e23dc65 - - default default] 10.0.0.181 "DELETE /v2.0/subnets/f3e8e65a-fe70-4c2b-a8a6-ddb9605adee4 HTTP/1.1" status: 404 len: 337 time: 0.0226912
2026-07-15 06:06:07.927 10 INFO neutron.wsgi [None req-fdd952f2-215f-4a0f-9447-5e2fafef6131 26847d42f0dd4cc2a6357062cf82c6ad a8e4129026684815b3e6ece18e23dc65 - - default default] 10.0.0.181 "GET /v2.0/ports?device_id=a1ad5da3-86a0-4429-a67b-57b4865b0dca HTTP/1.1" status: 200 len: 205 time: 0.0222421
2026-07-15 06:06:07.963 10 INFO neutron.api.v2.resource [None req-188abfdb-c1a1-4b44-9293-b3a4b079f0bd 26847d42f0dd4cc2a6357062cf82c6ad a8e4129026684815b3e6ece18e23dc65 - - default default] delete failed (client error): The resource could not be found.
2026-07-15 06:06:07.964 10 INFO neutron.wsgi [None req-188abfdb-c1a1-4b44-9293-b3a4b079f0bd 26847d42f0dd4cc2a6357062cf82c6ad a8e4129026684815b3e6ece18e23dc65 - - default default] 10.0.0.181 "DELETE /v2.0/routers/a1ad5da3-86a0-4429-a67b-57b4865b0dca HTTP/1.1" status: 404 len: 336 time: 0.0310636
2026-07-15 06:06:07.988 10 INFO neutron.pecan_wsgi.hooks.translation [None req-d9d8b821-14a2-436f-b5f6-88c595c039c9 26847d42f0dd4cc2a6357062cf82c6ad a8e4129026684815b3e6ece18e23dc65 - - default default] DELETE failed (client error): The resource could not be found.
2026-07-15 06:06:07.991 10 INFO neutron.wsgi [None req-d9d8b821-14a2-436f-b5f6-88c595c039c9 26847d42f0dd4cc2a6357062cf82c6ad a8e4129026684815b3e6ece18e23dc65 - - default default] 10.0.0.181 "DELETE /v2.0/subnets/9887e170-1ee1-40d8-8722-969a9283d23c HTTP/1.1" status: 404 len: 337 time: 0.0202165
2026-07-15 06:06:08.018 10 INFO neutron.db.ovn_revision_numbers_db [None req-e9648d09-50cd-445a-a5e0-dbee185a6178 32f4c6f567d748e09bf6a44d24e24b69 452dfe8526bf486b866bf0bd2b1b92f2 - - default default] Successfully bumped revision number for resource 9debd677-7878-460e-961a-2b7ee720af89 (type: ports) to 1
2026-07-15 06:06:08.023 9 INFO neutron.wsgi [None req-2981edda-e23f-4ecf-bdff-6964bde59038 26847d42f0dd4cc2a6357062cf82c6ad a8e4129026684815b3e6ece18e23dc65 - - default default] 10.0.0.181 "GET /v2.0/ports?device_id=930cc4c9-60f2-424d-b363-5381b3678977 HTTP/1.1" status: 200 len: 205 time: 0.0227096
2026-07-15 06:06:08.057 10 INFO neutron.api.v2.resource [None req-9a80c239-9267-4353-8c41-ed026cbb7ccc 26847d42f0dd4cc2a6357062cf82c6ad a8e4129026684815b3e6ece18e23dc65 - - default default] delete failed (client error): The resource could not be found.
2026-07-15 06:06:08.058 10 INFO neutron.wsgi [None req-9a80c239-9267-4353-8c41-ed026cbb7ccc 26847d42f0dd4cc2a6357062cf82c6ad a8e4129026684815b3e6ece18e23dc65 - - default default] 10.0.0.181 "DELETE /v2.0/routers/930cc4c9-60f2-424d-b363-5381b3678977 HTTP/1.1" status: 404 len: 336 time: 0.0252268
2026-07-15 06:06:08.060 10 INFO neutron.wsgi [None req-e9648d09-50cd-445a-a5e0-dbee185a6178 32f4c6f567d748e09bf6a44d24e24b69 452dfe8526bf486b866bf0bd2b1b92f2 - - default default] 10.0.0.181 "POST /v2.0/networks HTTP/1.1" status: 201 len: 847 time: 1.3315856
2026-07-15 06:06:08.076 10 WARNING neutron_lib.context [None req-06e93695-7efb-4283-aefb-3f941b892ee6 32f4c6f567d748e09bf6a44d24e24b69 452dfe8526bf486b866bf0bd2b1b92f2 - - default default] Method 'is_advsvc' is deprecated since 2023.2 release (neutron-lib 3.8.0) and will be removed once support for the old RBAC API policies will be removed from Neutron. Please use method 'is_service_role' instead.
2026-07-15 06:06:08.088 10 INFO neutron.pecan_wsgi.hooks.translation [None req-47dead13-8864-4ef0-ab9d-34e7ec89dd02 26847d42f0dd4cc2a6357062cf82c6ad a8e4129026684815b3e6ece18e23dc65 - - default default] DELETE failed (client error): The resource could not be found.
2026-07-15 06:06:08.089 10 INFO neutron.wsgi [None req-47dead13-8864-4ef0-ab9d-34e7ec89dd02 26847d42f0dd4cc2a6357062cf82c6ad a8e4129026684815b3e6ece18e23dc65 - - default default] 10.0.0.181 "DELETE /v2.0/subnets/8effa6af-3e03-4d10-bda5-ff7689d2b0b5 HTTP/1.1" status: 404 len: 337 time: 0.0243094
2026-07-15 06:06:08.116 9 WARNING neutron.scheduler.dhcp_agent_scheduler [None req-2ac2f336-51f8-441a-ab0f-1467b825d06b 53cecbe0abb64bb7bb2f1ad57ec10849 376ec9c5856a401ba4f818e0c353d00e - - default default] No more DHCP agents
2026-07-15 06:06:08.120 9 WARNING neutron.api.rpc.agentnotifiers.dhcp_rpc_agent_api [None req-2ac2f336-51f8-441a-ab0f-1467b825d06b 53cecbe0abb64bb7bb2f1ad57ec10849 376ec9c5856a401ba4f818e0c353d00e - - default default] Unable to schedule network c688ce37-b48d-445b-99a8-225b03c7baec: no agents available; will retry on subsequent port and subnet creation events.
2026-07-15 06:06:08.125 10 INFO neutron.pecan_wsgi.hooks.translation [None req-3f71e698-7180-421d-b2ee-84daa4ade3af 26847d42f0dd4cc2a6357062cf82c6ad a8e4129026684815b3e6ece18e23dc65 - - default default] DELETE failed (client error): The resource could not be found.
2026-07-15 06:06:08.127 10 INFO neutron.wsgi [None req-3f71e698-7180-421d-b2ee-84daa4ade3af 26847d42f0dd4cc2a6357062cf82c6ad a8e4129026684815b3e6ece18e23dc65 - - default default] 10.0.0.181 "DELETE /v2.0/subnets/f7b5a6aa-b665-4002-a6c1-ed906372135f HTTP/1.1" status: 404 len: 337 time: 0.0313349
2026-07-15 06:06:08.239 9 INFO neutron.db.ovn_revision_numbers_db [None req-2ac2f336-51f8-441a-ab0f-1467b825d06b 53cecbe0abb64bb7bb2f1ad57ec10849 376ec9c5856a401ba4f818e0c353d00e - - default default] Successfully bumped revision number for resource 98b2d000-29e4-472a-91c4-909df7fbd386 (type: ports) to 1
2026-07-15 06:06:08.263 9 INFO neutron.wsgi [None req-2ac2f336-51f8-441a-ab0f-1467b825d06b 53cecbe0abb64bb7bb2f1ad57ec10849 376ec9c5856a401ba4f818e0c353d00e - - default default] 10.0.0.181 "POST /v2.0/networks HTTP/1.1" status: 201 len: 848 time: 0.6760094
2026-07-15 06:06:08.313 9 WARNING neutron_lib.context [None req-2d3e77a6-e2f7-4d43-b44e-cba0de845359 53cecbe0abb64bb7bb2f1ad57ec10849 376ec9c5856a401ba4f818e0c353d00e - - default default] Method 'is_advsvc' is deprecated since 2023.2 release (neutron-lib 3.8.0) and will be removed once support for the old RBAC API policies will be removed from Neutron. Please use method 'is_service_role' instead.
2026-07-15 06:06:08.377 9 WARNING neutron_lib.context [None req-2d3e77a6-e2f7-4d43-b44e-cba0de845359 53cecbe0abb64bb7bb2f1ad57ec10849 376ec9c5856a401ba4f818e0c353d00e - - default default] Method 'is_advsvc' is deprecated since 2023.2 release (neutron-lib 3.8.0) and will be removed once support for the old RBAC API policies will be removed from Neutron. Please use method 'is_service_role' instead.
2026-07-15 06:06:08.392 10 WARNING neutron.scheduler.dhcp_agent_scheduler [None req-06e93695-7efb-4283-aefb-3f941b892ee6 32f4c6f567d748e09bf6a44d24e24b69 452dfe8526bf486b866bf0bd2b1b92f2 - - default default] No more DHCP agents
2026-07-15 06:06:08.394 10 WARNING neutron.api.rpc.agentnotifiers.dhcp_rpc_agent_api [None req-06e93695-7efb-4283-aefb-3f941b892ee6 32f4c6f567d748e09bf6a44d24e24b69 452dfe8526bf486b866bf0bd2b1b92f2 - - default default] Unable to schedule network 4ad0b56e-ac23-4b8d-a5dc-814e5cdf7d9d: no agents available; will retry on subsequent port and subnet creation events.
2026-07-15 06:06:08.489 10 INFO neutron.db.ovn_revision_numbers_db [None req-06e93695-7efb-4283-aefb-3f941b892ee6 32f4c6f567d748e09bf6a44d24e24b69 452dfe8526bf486b866bf0bd2b1b92f2 - - default default] Successfully bumped revision number for resource 7ed38cdc-7c04-48c0-99e1-74e2d10c2d57 (type: ports) to 1
2026-07-15 06:06:08.519 10 INFO neutron.wsgi [None req-06e93695-7efb-4283-aefb-3f941b892ee6 32f4c6f567d748e09bf6a44d24e24b69 452dfe8526bf486b866bf0bd2b1b92f2 - - default default] 10.0.0.181 "POST /v2.0/ports HTTP/1.1" status: 201 len: 978 time: 0.4535298
2026-07-15 06:06:08.535 9 WARNING neutron_lib.context [None req-330b6b26-e1ad-47bc-9a3a-77da20a638a2 32f4c6f567d748e09bf6a44d24e24b69 452dfe8526bf486b866bf0bd2b1b92f2 - - default default] Method 'is_advsvc' is deprecated since 2023.2 release (neutron-lib 3.8.0) and will be removed once support for the old RBAC API policies will be removed from Neutron. Please use method 'is_service_role' instead.
2026-07-15 06:06:08.672 9 INFO neutron.db.segments_db [None req-330b6b26-e1ad-47bc-9a3a-77da20a638a2 32f4c6f567d748e09bf6a44d24e24b69 452dfe8526bf486b866bf0bd2b1b92f2 - - default default] Added segment 24e6f2f9-e874-4ba2-a15a-208a837a7765 of type geneve for network 6a13d588-7c20-4e56-8ab2-8f7d933d3a44 /var/lib/openstack/lib/python3.10/site-packages/pycadf/identifier.py:71: UserWarning: Invalid uuid: neutron. To ensure interoperability, identifiers should be a valid uuid. warnings.warn(('Invalid uuid: %s. To ensure interoperability, '
2026-07-15 06:06:08.901 10 INFO neutron.wsgi [None req-108f5857-90fd-45a3-a0e9-060d35ad8976 b74d0f6850a24e4db72747476cff5a28 793826d128cb404e972d2611e7ca6d6f - - default default] 10.0.0.181 "GET /v2.0/security-groups?tenant_id=a8e4129026684815b3e6ece18e23dc65&name=default HTTP/1.1" status: 200 len: 2996 time: 0.2459178
2026-07-15 06:06:09.087 9 INFO neutron.db.ovn_revision_numbers_db [None req-330b6b26-e1ad-47bc-9a3a-77da20a638a2 32f4c6f567d748e09bf6a44d24e24b69 452dfe8526bf486b866bf0bd2b1b92f2 - - default default] Successfully bumped revision number for resource 6a13d588-7c20-4e56-8ab2-8f7d933d3a44 (type: networks) to 1
2026-07-15 06:06:09.130 10 INFO neutron.wsgi [None req-36c3861e-7e51-4e04-a4fb-a6c1354d651b b74d0f6850a24e4db72747476cff5a28 793826d128cb404e972d2611e7ca6d6f - - default default] 10.0.0.181 "DELETE /v2.0/security-groups/e8356acc-202f-4b86-95e4-c9ce985c7648 HTTP/1.1" status: 204 len: 168 time: 0.2223740
2026-07-15 06:06:09.143 9 WARNING neutron.scheduler.dhcp_agent_scheduler [None req-2d3e77a6-e2f7-4d43-b44e-cba0de845359 53cecbe0abb64bb7bb2f1ad57ec10849 376ec9c5856a401ba4f818e0c353d00e - - default default] No more DHCP agents
2026-07-15 06:06:09.147 9 WARNING neutron.api.rpc.agentnotifiers.dhcp_rpc_agent_api [None req-2d3e77a6-e2f7-4d43-b44e-cba0de845359 53cecbe0abb64bb7bb2f1ad57ec10849 376ec9c5856a401ba4f818e0c353d00e - - default default] Unable to schedule network ee0755f5-3954-4fe4-865d-42abb8face82: no agents available; will retry on subsequent port and subnet creation events.
2026-07-15 06:06:09.355 9 WARNING neutron.scheduler.dhcp_agent_scheduler [None req-330b6b26-e1ad-47bc-9a3a-77da20a638a2 32f4c6f567d748e09bf6a44d24e24b69 452dfe8526bf486b866bf0bd2b1b92f2 - - default default] No more DHCP agents
2026-07-15 06:06:09.361 9 WARNING neutron.api.rpc.agentnotifiers.dhcp_rpc_agent_api [None req-330b6b26-e1ad-47bc-9a3a-77da20a638a2 32f4c6f567d748e09bf6a44d24e24b69 452dfe8526bf486b866bf0bd2b1b92f2 - - default default] Unable to schedule network 6a13d588-7c20-4e56-8ab2-8f7d933d3a44: no agents available; will retry on subsequent port and subnet creation events.
2026-07-15 06:06:09.499 9 INFO neutron.db.ovn_revision_numbers_db [None req-330b6b26-e1ad-47bc-9a3a-77da20a638a2 32f4c6f567d748e09bf6a44d24e24b69 452dfe8526bf486b866bf0bd2b1b92f2 - - default default] Successfully bumped revision number for resource c2ca262a-14e9-4652-9824-8682b52318b4 (type: ports) to 1
2026-07-15 06:06:09.542 9 INFO neutron.wsgi [None req-330b6b26-e1ad-47bc-9a3a-77da20a638a2 32f4c6f567d748e09bf6a44d24e24b69 452dfe8526bf486b866bf0bd2b1b92f2 - - default default] 10.0.0.181 "POST /v2.0/networks HTTP/1.1" status: 201 len: 835 time: 1.0130267
2026-07-15 06:06:09.559 10 WARNING neutron_lib.context [None req-e9c7e1e2-b27b-424a-9949-dc79f480c704 32f4c6f567d748e09bf6a44d24e24b69 452dfe8526bf486b866bf0bd2b1b92f2 - - default default] Method 'is_advsvc' is deprecated since 2023.2 release (neutron-lib 3.8.0) and will be removed once support for the old RBAC API policies will be removed from Neutron. Please use method 'is_service_role' instead.
2026-07-15 06:06:09.675 9 INFO neutron.db.ovn_revision_numbers_db [None req-36d6d08e-c683-476b-87cc-d3277ed69b98 b74d0f6850a24e4db72747476cff5a28 793826d128cb404e972d2611e7ca6d6f - - default default] Successfully bumped revision number for resource c36cba69-a62f-4c10-a45d-16641e20bc7f (type: security_groups) to 1
2026-07-15 06:06:09.697 9 INFO neutron.db.ovn_revision_numbers_db [None req-36d6d08e-c683-476b-87cc-d3277ed69b98 b74d0f6850a24e4db72747476cff5a28 793826d128cb404e972d2611e7ca6d6f - - default default] Successfully bumped revision number for resource 126a7cce-482d-4a4e-912b-cfda255f46bb (type: security_group_rules) to 0
2026-07-15 06:06:09.720 9 INFO neutron.db.ovn_revision_numbers_db [None req-36d6d08e-c683-476b-87cc-d3277ed69b98 b74d0f6850a24e4db72747476cff5a28 793826d128cb404e972d2611e7ca6d6f - - default default] Successfully bumped revision number for resource 1b59c7d6-12a9-4bca-a350-abae875393a5 (type: security_group_rules) to 0
2026-07-15 06:06:09.736 9 INFO neutron.db.ovn_revision_numbers_db [None req-36d6d08e-c683-476b-87cc-d3277ed69b98 b74d0f6850a24e4db72747476cff5a28 793826d128cb404e972d2611e7ca6d6f - - default default] Successfully bumped revision number for resource 608df0e2-dfa9-4fcd-99de-8bf2f9396b67 (type: security_group_rules) to 0
2026-07-15 06:06:09.753 9 INFO neutron.db.ovn_revision_numbers_db [None req-36d6d08e-c683-476b-87cc-d3277ed69b98 b74d0f6850a24e4db72747476cff5a28 793826d128cb404e972d2611e7ca6d6f - - default default] Successfully bumped revision number for resource a3806d8d-ac47-4436-9620-f4f20b1afede (type: security_group_rules) to 0
2026-07-15 06:06:09.779 9 INFO neutron.wsgi [None req-36d6d08e-c683-476b-87cc-d3277ed69b98 b74d0f6850a24e4db72747476cff5a28 793826d128cb404e972d2611e7ca6d6f - - default default] 10.0.0.181 "GET /v2.0/security-groups?tenant_id=b0921342c78a41b8ac5dd49d8cacbedc&name=default HTTP/1.1" status: 200 len: 2996 time: 0.5333042
2026-07-15 06:06:09.867 9 INFO neutron.db.ovn_revision_numbers_db [None req-2d3e77a6-e2f7-4d43-b44e-cba0de845359 53cecbe0abb64bb7bb2f1ad57ec10849 376ec9c5856a401ba4f818e0c353d00e - - default default] Successfully bumped revision number for resource 11c4a26c-e001-4794-a0bf-145679aa445a (type: ports) to 2
2026-07-15 06:06:09.906 9 INFO neutron.db.ovn_revision_numbers_db [None req-2d3e77a6-e2f7-4d43-b44e-cba0de845359 53cecbe0abb64bb7bb2f1ad57ec10849 376ec9c5856a401ba4f818e0c353d00e - - default default] Successfully bumped revision number for resource d3fff21e-5cda-459c-a2cf-0edcd7c69462 (type: subnets) to 0
