2026-07-15 06:06:31.599 9 INFO neutron.wsgi [req-29d59b45-88bb-4cf3-b981-305ab7920270 req-f9965613-77da-4926-925e-1794ce7f55b3 872f974aa7114f31866bd0ef5562982e 58ee556947d1408198fa2f4d961ce90e - - default default] 10.0.0.240 "GET /v2.0/ports?device_id=c36ecf0e-90b7-4ca3-8af5-5a5117a42267 HTTP/1.1" status: 200 len: 1172 time: 0.0465403
2026-07-15 06:06:31.684 10 INFO neutron.wsgi [req-afedf902-5c7f-4620-b54d-45e81fe5978b req-8760a781-7c48-43ae-abf8-e4051f965571 f6874e0a7cdd4670a81148cd0d9e005d e1876e7429b34c7381d13da8019991be - - 0c8a729e6dab4f17a284c6fa56afbc8a 0c8a729e6dab4f17a284c6fa56afbc8a] 199.204.45.116 "GET /v2.0/ports?tenant_id=58ee556947d1408198fa2f4d961ce90e&device_id=c36ecf0e-90b7-4ca3-8af5-5a5117a42267 HTTP/1.1" status: 200 len: 1411 time: 0.0614231
2026-07-15 06:06:31.696 9 INFO neutron.wsgi [req-29d59b45-88bb-4cf3-b981-305ab7920270 req-849c4b49-b279-403d-a8eb-0444cbc0bea2 872f974aa7114f31866bd0ef5562982e 58ee556947d1408198fa2f4d961ce90e - - default default] 10.0.0.240 "GET /v2.0/security-groups?id=b237c3b2-c55b-4735-a1b3-44960bb51380&fields=id&fields=name HTTP/1.1" status: 200 len: 286 time: 0.0857773
2026-07-15 06:06:31.711 10 INFO neutron.wsgi [None req-7cd78576-290d-45dd-b4a0-2e9efde7326e f9f761aea1644e32aa772afdf360e6fa 42cda0d620ff4707b672f72e172b26aa - - default default] 10.0.0.181 "DELETE /v2.0/ports/05a7a131-30a1-4021-a66e-e7df6b11bee3 HTTP/1.1" status: 204 len: 168 time: 0.5641205
2026-07-15 06:06:31.735 9 WARNING neutron.scheduler.dhcp_agent_scheduler [None req-903ac900-1851-4484-acb1-cc89436b6158 b6dc89422b6745d591dba560b4a8ae1f c69d0ea86238450cb8bbaf0be893abd3 - - default default] No more DHCP agents
2026-07-15 06:06:31.737 9 WARNING neutron.api.rpc.agentnotifiers.dhcp_rpc_agent_api [None req-903ac900-1851-4484-acb1-cc89436b6158 b6dc89422b6745d591dba560b4a8ae1f c69d0ea86238450cb8bbaf0be893abd3 - - default default] Unable to schedule network c2e6bdb8-358c-479f-a5f8-52b9c6d6f3d3: no agents available; will retry on subsequent port and subnet creation events.
2026-07-15 06:06:31.805 9 INFO neutron.plugins.ml2.drivers.ovn.mech_driver.mech_driver [None req-90dd9e58-103f-4dbc-b23f-33cab62070df - - - - - -] OVN reports status up for port: 89f6ebdd-c785-4f3c-910c-ff70761ab038
2026-07-15 06:06:31.821 9 INFO neutron.plugins.ml2.plugin [None req-90dd9e58-103f-4dbc-b23f-33cab62070df - - - - - -] Attempt 1 to provision port 89f6ebdd-c785-4f3c-910c-ff70761ab038
2026-07-15 06:06:31.856 10 INFO neutron.wsgi [req-afedf902-5c7f-4620-b54d-45e81fe5978b req-29b90dc6-bbbd-41f6-9cfc-681df086b05b f6874e0a7cdd4670a81148cd0d9e005d e1876e7429b34c7381d13da8019991be - - 0c8a729e6dab4f17a284c6fa56afbc8a 0c8a729e6dab4f17a284c6fa56afbc8a] 199.204.45.116 "GET /v2.0/networks?id=7874f882-9874-40f0-9640-64cea29e72bd HTTP/1.1" status: 200 len: 971 time: 0.1630726
2026-07-15 06:06:31.904 10 INFO neutron.wsgi [req-afedf902-5c7f-4620-b54d-45e81fe5978b req-7f9fe432-10db-4846-ac4d-e39739060b2d f6874e0a7cdd4670a81148cd0d9e005d e1876e7429b34c7381d13da8019991be - - 0c8a729e6dab4f17a284c6fa56afbc8a 0c8a729e6dab4f17a284c6fa56afbc8a] 199.204.45.116 "GET /v2.0/floatingips?fixed_ip_address=10.100.0.13&port_id=89f6ebdd-c785-4f3c-910c-ff70761ab038 HTTP/1.1" status: 200 len: 217 time: 0.0349882
2026-07-15 06:06:31.914 10 INFO neutron.wsgi [None req-fa3e8079-4a3f-485e-a741-306dffbdf62c f9f761aea1644e32aa772afdf360e6fa 42cda0d620ff4707b672f72e172b26aa - - default default] 10.0.0.181 "GET /v2.0/ports HTTP/1.1" status: 200 len: 1729 time: 0.1924880
2026-07-15 06:06:31.950 10 INFO neutron.pecan_wsgi.hooks.translation [None req-3f41f8b2-ac32-41be-a2e3-49af8b248147 f9f761aea1644e32aa772afdf360e6fa 42cda0d620ff4707b672f72e172b26aa - - default default] GET failed (client error): The resource could not be found.
2026-07-15 06:06:31.952 10 INFO neutron.wsgi [None req-3f41f8b2-ac32-41be-a2e3-49af8b248147 f9f761aea1644e32aa772afdf360e6fa 42cda0d620ff4707b672f72e172b26aa - - default default] 10.0.0.181 "GET /v2.0/ports/05a7a131-30a1-4021-a66e-e7df6b11bee3 HTTP/1.1" status: 404 len: 333 time: 0.0273085
2026-07-15 06:06:31.982 10 INFO neutron.wsgi [req-afedf902-5c7f-4620-b54d-45e81fe5978b req-e60f5355-0b1f-4390-855d-f01b0f30a42f f6874e0a7cdd4670a81148cd0d9e005d e1876e7429b34c7381d13da8019991be - - 0c8a729e6dab4f17a284c6fa56afbc8a 0c8a729e6dab4f17a284c6fa56afbc8a] 199.204.45.116 "GET /v2.0/subnets?id=c60485d2-ec46-4145-beaa-89dc5cae2671 HTTP/1.1" status: 200 len: 866 time: 0.0674329
2026-07-15 06:06:32.000 9 INFO neutron.notifiers.nova [-] Nova event matching ['req-b175a99c-5891-4da1-acaa-0da443190bfc'] response: {'server_uuid': 'c36ecf0e-90b7-4ca3-8af5-5a5117a42267', 'name': 'network-vif-plugged', 'status': 'completed', 'tag': '89f6ebdd-c785-4f3c-910c-ff70761ab038', 'code': 200}
2026-07-15 06:06:32.021 10 INFO neutron.wsgi [req-afedf902-5c7f-4620-b54d-45e81fe5978b req-e5b68984-86de-4a78-ac46-c42cebf7a55a f6874e0a7cdd4670a81148cd0d9e005d e1876e7429b34c7381d13da8019991be - - 0c8a729e6dab4f17a284c6fa56afbc8a 0c8a729e6dab4f17a284c6fa56afbc8a] 199.204.45.116 "GET /v2.0/ports?network_id=7874f882-9874-40f0-9640-64cea29e72bd&device_owner=network%3Adhcp HTTP/1.1" status: 200 len: 210 time: 0.0261497
2026-07-15 06:06:32.036 10 INFO neutron.wsgi [None req-fd67861b-63a9-4cf8-bfba-565c9afb84da f9f761aea1644e32aa772afdf360e6fa 42cda0d620ff4707b672f72e172b26aa - - default default] 10.0.0.181 "GET /v2.0/ports HTTP/1.1" status: 200 len: 1729 time: 0.0683036
2026-07-15 06:06:32.128 10 INFO neutron.wsgi [req-afedf902-5c7f-4620-b54d-45e81fe5978b req-cedc3dc8-1820-4071-987c-0736034dff61 f6874e0a7cdd4670a81148cd0d9e005d e1876e7429b34c7381d13da8019991be - - 0c8a729e6dab4f17a284c6fa56afbc8a 0c8a729e6dab4f17a284c6fa56afbc8a] 199.204.45.116 "GET /v2.0/networks/7874f882-9874-40f0-9640-64cea29e72bd?fields=segments HTTP/1.1" status: 200 len: 212 time: 0.1016698
2026-07-15 06:06:32.165 10 WARNING neutron.scheduler.dhcp_agent_scheduler [None req-925b6cc8-7195-4f64-9dd5-44e6c26e11fa b74d0f6850a24e4db72747476cff5a28 793826d128cb404e972d2611e7ca6d6f - - default default] No more DHCP agents
2026-07-15 06:06:32.175 10 WARNING neutron.api.rpc.agentnotifiers.dhcp_rpc_agent_api [None req-925b6cc8-7195-4f64-9dd5-44e6c26e11fa b74d0f6850a24e4db72747476cff5a28 793826d128cb404e972d2611e7ca6d6f - - default default] Unable to schedule network 85d8c101-1625-4351-9175-849136598975: no agents available; will retry on subsequent port and subnet creation events.
2026-07-15 06:06:32.197 9 INFO neutron.wsgi [None req-b3c188fa-d245-4398-9b54-eff71826a1a8 f9f761aea1644e32aa772afdf360e6fa 42cda0d620ff4707b672f72e172b26aa - - default default] 10.0.0.181 "GET /v2.0/ports/6f50754d-ce3c-4e1e-a571-64688cfc374b HTTP/1.1" status: 200 len: 969 time: 0.1499724
2026-07-15 06:06:32.224 10 INFO neutron.wsgi [req-afedf902-5c7f-4620-b54d-45e81fe5978b req-2fc84dc5-c4ff-41ee-870a-9cb499ea2cf9 f6874e0a7cdd4670a81148cd0d9e005d e1876e7429b34c7381d13da8019991be - - 0c8a729e6dab4f17a284c6fa56afbc8a 0c8a729e6dab4f17a284c6fa56afbc8a] 199.204.45.116 "GET /v2.0/networks/7874f882-9874-40f0-9640-64cea29e72bd?fields=provider%3Aphysical_network&fields=provider%3Anetwork_type HTTP/1.1" status: 200 len: 277 time: 0.0851343
2026-07-15 06:06:32.244 9 INFO neutron.pecan_wsgi.hooks.translation [None req-caa95e7d-7146-4362-991d-f857877d31b1 f9f761aea1644e32aa772afdf360e6fa 42cda0d620ff4707b672f72e172b26aa - - default default] DELETE failed (client error): The resource could not be found.
2026-07-15 06:06:32.247 9 INFO neutron.wsgi [None req-caa95e7d-7146-4362-991d-f857877d31b1 f9f761aea1644e32aa772afdf360e6fa 42cda0d620ff4707b672f72e172b26aa - - default default] 10.0.0.181 "DELETE /v2.0/ports/620b7082-b791-41cf-babc-3a42d03e8b00 HTTP/1.1" status: 404 len: 333 time: 0.0374746
2026-07-15 06:06:32.288 10 INFO neutron.pecan_wsgi.hooks.translation [None req-d8f2c643-3177-45cb-808d-c1f920b6bdf9 f9f761aea1644e32aa772afdf360e6fa 42cda0d620ff4707b672f72e172b26aa - - default default] DELETE failed (client error): The resource could not be found.
2026-07-15 06:06:32.295 10 INFO neutron.wsgi [None req-d8f2c643-3177-45cb-808d-c1f920b6bdf9 f9f761aea1644e32aa772afdf360e6fa 42cda0d620ff4707b672f72e172b26aa - - default default] 10.0.0.181 "DELETE /v2.0/subnets/d5fd5ec2-1caa-4e98-90fa-814d20c35cd0 HTTP/1.1" status: 404 len: 337 time: 0.0375195
2026-07-15 06:06:32.322 10 INFO neutron.pecan_wsgi.hooks.translation [None req-922b6782-efcb-48e5-a652-d1ee9ca38f28 f9f761aea1644e32aa772afdf360e6fa 42cda0d620ff4707b672f72e172b26aa - - default default] DELETE failed (client error): The resource could not be found.
2026-07-15 06:06:32.325 10 INFO neutron.wsgi [None req-922b6782-efcb-48e5-a652-d1ee9ca38f28 f9f761aea1644e32aa772afdf360e6fa 42cda0d620ff4707b672f72e172b26aa - - default default] 10.0.0.181 "DELETE /v2.0/subnets/081b13c2-5d18-4f5b-a02c-11355ea99171 HTTP/1.1" status: 404 len: 337 time: 0.0236881
2026-07-15 06:06:32.366 9 INFO neutron.db.ovn_revision_numbers_db [None req-90dd9e58-103f-4dbc-b23f-33cab62070df - - - - - -] Successfully bumped revision number for resource 89f6ebdd-c785-4f3c-910c-ff70761ab038 (type: ports) to 4
2026-07-15 06:06:32.454 10 INFO neutron.db.ovn_revision_numbers_db [None req-925b6cc8-7195-4f64-9dd5-44e6c26e11fa b74d0f6850a24e4db72747476cff5a28 793826d128cb404e972d2611e7ca6d6f - - default default] Successfully bumped revision number for resource 3b6d258e-8d05-4422-b1a3-9469f6b2e3e9 (type: ports) to 1
2026-07-15 06:06:32.959 9 INFO neutron.wsgi [req-348cb4ee-2afe-49d2-aeb1-4d4eed2e947f req-1ecb894a-b8a4-4722-9887-24ff0f671715 872f974aa7114f31866bd0ef5562982e 58ee556947d1408198fa2f4d961ce90e - - default default] 10.0.0.240 "GET /v2.0/ports?device_id=c36ecf0e-90b7-4ca3-8af5-5a5117a42267 HTTP/1.1" status: 200 len: 1174 time: 0.1875112 /var/lib/openstack/lib/python3.10/site-packages/pycadf/identifier.py:71: UserWarning: Invalid uuid: neutron. To ensure interoperability, identifiers should be a valid uuid. warnings.warn(('Invalid uuid: %s. To ensure interoperability, '
2026-07-15 06:06:33.000 9 INFO neutron.db.ovn_revision_numbers_db [None req-903ac900-1851-4484-acb1-cc89436b6158 b6dc89422b6745d591dba560b4a8ae1f c69d0ea86238450cb8bbaf0be893abd3 - - default default] Successfully bumped revision number for resource 20f36c50-1a53-415f-a437-f7a72e74dfc5 (type: ports) to 2
2026-07-15 06:06:33.055 9 INFO neutron.wsgi [req-348cb4ee-2afe-49d2-aeb1-4d4eed2e947f req-060dc1e2-3876-4470-86a7-7353d7e116a8 872f974aa7114f31866bd0ef5562982e 58ee556947d1408198fa2f4d961ce90e - - default default] 10.0.0.240 "GET /v2.0/security-groups?id=b237c3b2-c55b-4735-a1b3-44960bb51380&fields=id&fields=name HTTP/1.1" status: 200 len: 286 time: 0.0882967
2026-07-15 06:06:33.071 9 INFO neutron.db.ovn_revision_numbers_db [None req-903ac900-1851-4484-acb1-cc89436b6158 b6dc89422b6745d591dba560b4a8ae1f c69d0ea86238450cb8bbaf0be893abd3 - - default default] Successfully bumped revision number for resource 9e26b88c-9105-456d-83bc-fd1ccad63c10 (type: subnets) to 0
2026-07-15 06:06:33.096 9 INFO neutron.wsgi [None req-903ac900-1851-4484-acb1-cc89436b6158 b6dc89422b6745d591dba560b4a8ae1f c69d0ea86238450cb8bbaf0be893abd3 - - default default] 10.0.0.181 "POST /v2.0/subnets HTTP/1.1" status: 201 len: 801 time: 1.7127526
2026-07-15 06:06:33.109 9 WARNING neutron_lib.context [None req-858bd1f6-d8e9-4dc2-9b2b-7e823af1814d b6dc89422b6745d591dba560b4a8ae1f c69d0ea86238450cb8bbaf0be893abd3 - - default default] Method 'is_advsvc' is deprecated since 2023.2 release (neutron-lib 3.8.0) and will be removed once support for the old RBAC API policies will be removed from Neutron. Please use method 'is_service_role' instead.
2026-07-15 06:06:33.164 9 INFO neutron.plugins.ml2.drivers.ovn.mech_driver.mech_driver [None req-90dd9e58-103f-4dbc-b23f-33cab62070df - - - - - -] OVN reports status up for port: 3b6d258e-8d05-4422-b1a3-9469f6b2e3e9
2026-07-15 06:06:33.173 9 INFO neutron.plugins.ml2.drivers.ovn.mech_driver.ovsdb.ovsdb_monitor [None req-70f390f3-cbe5-4a83-b2b5-8228a29745e9 - - - - - -] Router 8e3d0db7-1318-4a18-bfd3-b68e0746216c is bound to host instance
2026-07-15 06:06:33.192 9 INFO neutron.plugins.ml2.plugin [None req-90dd9e58-103f-4dbc-b23f-33cab62070df - - - - - -] Attempt 1 to provision port 3b6d258e-8d05-4422-b1a3-9469f6b2e3e9
2026-07-15 06:06:33.203 10 INFO neutron.db.ovn_revision_numbers_db [None req-925b6cc8-7195-4f64-9dd5-44e6c26e11fa b74d0f6850a24e4db72747476cff5a28 793826d128cb404e972d2611e7ca6d6f - - default default] Successfully bumped revision number for resource 3b6d258e-8d05-4422-b1a3-9469f6b2e3e9 (type: router_ports) to 1
2026-07-15 06:06:33.220 9 INFO neutron.wsgi [None req-7d6992ee-14bb-427f-bec2-f794e9240ab6 f9f761aea1644e32aa772afdf360e6fa 42cda0d620ff4707b672f72e172b26aa - - default default] 10.0.0.181 "DELETE /v2.0/ports/6f50754d-ce3c-4e1e-a571-64688cfc374b HTTP/1.1" status: 204 len: 168 time: 0.8880789
2026-07-15 06:06:33.282 10 INFO neutron.db.ovn_revision_numbers_db [None req-925b6cc8-7195-4f64-9dd5-44e6c26e11fa b74d0f6850a24e4db72747476cff5a28 793826d128cb404e972d2611e7ca6d6f - - default default] Successfully bumped revision number for resource 8e3d0db7-1318-4a18-bfd3-b68e0746216c (type: routers) to 2
2026-07-15 06:06:33.302 10 INFO neutron.wsgi [None req-925b6cc8-7195-4f64-9dd5-44e6c26e11fa b74d0f6850a24e4db72747476cff5a28 793826d128cb404e972d2611e7ca6d6f - - default default] 10.0.0.181 "POST /v2.0/routers HTTP/1.1" status: 201 len: 874 time: 2.0778196
2026-07-15 06:06:33.602 9 WARNING neutron.scheduler.dhcp_agent_scheduler [None req-858bd1f6-d8e9-4dc2-9b2b-7e823af1814d b6dc89422b6745d591dba560b4a8ae1f c69d0ea86238450cb8bbaf0be893abd3 - - default default] No more DHCP agents
2026-07-15 06:06:33.618 9 WARNING neutron.api.rpc.agentnotifiers.dhcp_rpc_agent_api [None req-858bd1f6-d8e9-4dc2-9b2b-7e823af1814d b6dc89422b6745d591dba560b4a8ae1f c69d0ea86238450cb8bbaf0be893abd3 - - default default] Unable to schedule network 03494630-7ea6-4509-800f-7c66a5eb3a6a: no agents available; will retry on subsequent port and subnet creation events.
2026-07-15 06:06:33.726 9 INFO neutron.wsgi [req-4870f410-27aa-41ce-a2d9-b9c1bf7c68ec req-92ac011e-940f-469b-8e3b-658bee37e771 872f974aa7114f31866bd0ef5562982e 58ee556947d1408198fa2f4d961ce90e - - default default] 10.0.0.240 "GET /v2.0/ports?device_id=c36ecf0e-90b7-4ca3-8af5-5a5117a42267 HTTP/1.1" status: 200 len: 1174 time: 0.0904324
2026-07-15 06:06:33.828 9 INFO neutron.wsgi [req-4870f410-27aa-41ce-a2d9-b9c1bf7c68ec req-97b80ec9-3e38-47fd-ba55-8fa3958bbc9b 872f974aa7114f31866bd0ef5562982e 58ee556947d1408198fa2f4d961ce90e - - default default] 10.0.0.240 "GET /v2.0/security-groups?id=b237c3b2-c55b-4735-a1b3-44960bb51380&fields=id&fields=name HTTP/1.1" status: 200 len: 286 time: 0.0857801
2026-07-15 06:06:34.037 9 INFO neutron.services.segments.plugin [-] Segment 7a30c831-4aa3-4582-a2a7-4fcb3754927e resource provider aggregate not found
2026-07-15 06:06:34.043 9 INFO neutron.services.segments.plugin [-] Segment 7a30c831-4aa3-4582-a2a7-4fcb3754927e resource provider aggregate not found
2026-07-15 06:06:34.061 9 INFO neutron.notifiers.nova [-] Nova event matching ['req-7a1278a5-3514-4f2a-90e3-596e0d16ca9b'] response: {'server_uuid': 'c36ecf0e-90b7-4ca3-8af5-5a5117a42267', 'name': 'network-vif-plugged', 'status': 'completed', 'tag': '89f6ebdd-c785-4f3c-910c-ff70761ab038', 'code': 200}
2026-07-15 06:06:34.070 9 INFO neutron.services.segments.plugin [-] Segment 7a30c831-4aa3-4582-a2a7-4fcb3754927e resource provider not found; error: Placement Client Error (4xx): {"errors": [{"status": 404, "title": "Not Found", "detail": "The resource could not be found.\n\n No resource provider with uuid 7a30c831-4aa3-4582-a2a7-4fcb3754927e found for delete ", "request_id": "req-846f2074-74c5-47f0-9ac2-666fc2df9f66"}]}
2026-07-15 06:06:34.071 10 INFO neutron.wsgi [req-c345bd7d-9c84-47b0-ab2a-9b744122e7c7 req-83efbe3b-9401-4341-bb6e-64d7f5adc42d 872f974aa7114f31866bd0ef5562982e 58ee556947d1408198fa2f4d961ce90e - - default default] 199.204.45.116 "GET /v2.0/ports?device_id=c36ecf0e-90b7-4ca3-8af5-5a5117a42267 HTTP/1.1" status: 200 len: 1174 time: 0.1282201
2026-07-15 06:06:34.080 9 INFO neutron.services.segments.plugin [-] Segment 7a30c831-4aa3-4582-a2a7-4fcb3754927e resource provider not found; error: Placement Client Error (4xx): {"errors": [{"status": 404, "title": "Not Found", "detail": "The resource could not be found.\n\n No resource provider with uuid 7a30c831-4aa3-4582-a2a7-4fcb3754927e found for delete ", "request_id": "req-7d3f34db-dd25-4eff-9af3-3c43b2364356"}]}
2026-07-15 06:06:34.128 9 INFO neutron.wsgi [None req-48329eaf-f361-4f6f-81cf-e59290dd6fd1 f9f761aea1644e32aa772afdf360e6fa 42cda0d620ff4707b672f72e172b26aa - - default default] 10.0.0.181 "DELETE /v2.0/networks/dd9a89f4-5810-405e-af7f-d33aea47a30e HTTP/1.1" status: 204 len: 168 time: 0.8917580
2026-07-15 06:06:34.199 9 INFO neutron.db.ovn_revision_numbers_db [None req-70f390f3-cbe5-4a83-b2b5-8228a29745e9 - - - - - -] Successfully bumped revision number for resource 3b6d258e-8d05-4422-b1a3-9469f6b2e3e9 (type: ports) to 1
2026-07-15 06:06:34.307 10 WARNING neutron.scheduler.dhcp_agent_scheduler [None req-6c439893-d2a3-4959-be80-3e8fb23a34b0 b74d0f6850a24e4db72747476cff5a28 793826d128cb404e972d2611e7ca6d6f - - default default] No more DHCP agents
2026-07-15 06:06:34.309 10 WARNING neutron.api.rpc.agentnotifiers.dhcp_rpc_agent_api [None req-6c439893-d2a3-4959-be80-3e8fb23a34b0 b74d0f6850a24e4db72747476cff5a28 793826d128cb404e972d2611e7ca6d6f - - default default] Unable to schedule network 2040be7f-439c-46df-89ab-5dc465868321: no agents available; will retry on subsequent port and subnet creation events.
2026-07-15 06:06:34.497 10 INFO neutron.wsgi [req-c345bd7d-9c84-47b0-ab2a-9b744122e7c7 req-7b437646-9414-4da0-ba8c-f8b26172077c 872f974aa7114f31866bd0ef5562982e 58ee556947d1408198fa2f4d961ce90e - - default default] 199.204.45.116 "DELETE /v2.0/ports/89f6ebdd-c785-4f3c-910c-ff70761ab038 HTTP/1.1" status: 204 len: 173 time: 0.4232092
2026-07-15 06:06:34.516 10 INFO neutron.db.ovn_revision_numbers_db [None req-6c439893-d2a3-4959-be80-3e8fb23a34b0 b74d0f6850a24e4db72747476cff5a28 793826d128cb404e972d2611e7ca6d6f - - default default] Successfully bumped revision number for resource e67c1f9f-a0d2-4c40-a35b-6141629c8f49 (type: ports) to 1
2026-07-15 06:06:34.528 9 INFO neutron.db.ovn_revision_numbers_db [None req-70f390f3-cbe5-4a83-b2b5-8228a29745e9 - - - - - -] Successfully bumped revision number for resource 3b6d258e-8d05-4422-b1a3-9469f6b2e3e9 (type: router_ports) to 3
2026-07-15 06:06:34.550 10 INFO neutron.notifiers.nova [-] Nova event matching ['req-d43990c8-ffa2-4f7e-a272-425126731349'] response: {'server_uuid': 'c36ecf0e-90b7-4ca3-8af5-5a5117a42267', 'name': 'network-vif-deleted', 'tag': '89f6ebdd-c785-4f3c-910c-ff70761ab038', 'status': 'completed', 'code': 200}
2026-07-15 06:06:34.559 9 INFO neutron.db.ovn_revision_numbers_db [None req-858bd1f6-d8e9-4dc2-9b2b-7e823af1814d b6dc89422b6745d591dba560b4a8ae1f c69d0ea86238450cb8bbaf0be893abd3 - - default default] Successfully bumped revision number for resource 9504f581-009c-4d4d-9bd1-15e848922b81 (type: ports) to 2
2026-07-15 06:06:34.611 9 INFO neutron.db.ovn_revision_numbers_db [None req-858bd1f6-d8e9-4dc2-9b2b-7e823af1814d b6dc89422b6745d591dba560b4a8ae1f c69d0ea86238450cb8bbaf0be893abd3 - - default default] Successfully bumped revision number for resource 3033f1c0-d1cb-4d46-b180-f3e6947d4a32 (type: subnets) to 0
2026-07-15 06:06:34.637 9 INFO neutron.wsgi [None req-858bd1f6-d8e9-4dc2-9b2b-7e823af1814d b6dc89422b6745d591dba560b4a8ae1f c69d0ea86238450cb8bbaf0be893abd3 - - default default] 10.0.0.181 "POST /v2.0/subnets HTTP/1.1" status: 201 len: 801 time: 1.5340662
2026-07-15 06:06:34.649 10 WARNING neutron_lib.context [None req-9236b606-f924-49e6-bbfd-a53739717109 b6dc89422b6745d591dba560b4a8ae1f c69d0ea86238450cb8bbaf0be893abd3 - - default default] Method 'is_advsvc' is deprecated since 2023.2 release (neutron-lib 3.8.0) and will be removed once support for the old RBAC API policies will be removed from Neutron. Please use method 'is_service_role' instead.
2026-07-15 06:06:34.739 9 INFO neutron.db.ovn_revision_numbers_db [None req-70f390f3-cbe5-4a83-b2b5-8228a29745e9 - - - - - -] Successfully bumped revision number for resource 3b6d258e-8d05-4422-b1a3-9469f6b2e3e9 (type: ports) to 2
2026-07-15 06:06:34.890 10 INFO neutron.db.ovn_revision_numbers_db [None req-9236b606-f924-49e6-bbfd-a53739717109 b6dc89422b6745d591dba560b4a8ae1f c69d0ea86238450cb8bbaf0be893abd3 - - default default] Successfully bumped revision number for resource 4da524fe-dcb5-4856-bf94-7232c7fb1026 (type: routers) to 1
2026-07-15 06:06:34.907 10 INFO neutron.wsgi [None req-5655ee8b-e937-48d3-89bf-648b1e9c0cbe b74d0f6850a24e4db72747476cff5a28 793826d128cb404e972d2611e7ca6d6f - - default default] 10.0.0.181 "GET /v2.0/security-groups?tenant_id=42cda0d620ff4707b672f72e172b26aa&name=default HTTP/1.1" status: 200 len: 2996 time: 0.2272429
2026-07-15 06:06:34.923 10 INFO neutron.wsgi [None req-9236b606-f924-49e6-bbfd-a53739717109 b6dc89422b6745d591dba560b4a8ae1f c69d0ea86238450cb8bbaf0be893abd3 - - default default] 10.0.0.181 "POST /v2.0/routers HTTP/1.1" status: 201 len: 687 time: 0.2793171
2026-07-15 06:06:34.969 9 INFO neutron.wsgi [req-c0d60e6e-5352-4363-9bc7-48356d78a486 req-49c4805a-bf4c-47ca-8a49-dd4aedb57b92 872f974aa7114f31866bd0ef5562982e 58ee556947d1408198fa2f4d961ce90e - - default default] 10.0.0.240 "GET /v2.0/ports?device_id=c36ecf0e-90b7-4ca3-8af5-5a5117a42267 HTTP/1.1" status: 200 len: 210 time: 0.0301468
2026-07-15 06:06:35.095 9 INFO neutron.db.ovn_revision_numbers_db [None req-70f390f3-cbe5-4a83-b2b5-8228a29745e9 - - - - - -] Successfully bumped revision number for resource 3b6d258e-8d05-4422-b1a3-9469f6b2e3e9 (type: ports) to 4
2026-07-15 06:06:35.200 10 INFO neutron.plugins.ml2.drivers.ovn.mech_driver.mech_driver [None req-80fc0f6d-713c-4715-9cb0-d8a907150370 - - - - - -] OVN reports status up for port: e67c1f9f-a0d2-4c40-a35b-6141629c8f49
2026-07-15 06:06:35.229 10 INFO neutron.plugins.ml2.plugin [None req-80fc0f6d-713c-4715-9cb0-d8a907150370 - - - - - -] Attempt 1 to provision port e67c1f9f-a0d2-4c40-a35b-6141629c8f49
2026-07-15 06:06:35.267 10 INFO neutron.db.ovn_revision_numbers_db [None req-6c439893-d2a3-4959-be80-3e8fb23a34b0 b74d0f6850a24e4db72747476cff5a28 793826d128cb404e972d2611e7ca6d6f - - default default] Successfully bumped revision number for resource e67c1f9f-a0d2-4c40-a35b-6141629c8f49 (type: router_ports) to 1
2026-07-15 06:06:35.539 9 INFO neutron.wsgi [None req-4ec96371-9f1d-46d8-9e4e-104542efc37d b74d0f6850a24e4db72747476cff5a28 793826d128cb404e972d2611e7ca6d6f - - default default] 10.0.0.181 "DELETE /v2.0/security-groups/3a0b440f-005f-4288-b4ac-b995fb71a0d7 HTTP/1.1" status: 204 len: 168 time: 0.6231363
2026-07-15 06:06:35.578 10 INFO neutron.db.ovn_revision_numbers_db [None req-6c439893-d2a3-4959-be80-3e8fb23a34b0 b74d0f6850a24e4db72747476cff5a28 793826d128cb404e972d2611e7ca6d6f - - default default] Successfully bumped revision number for resource e67c1f9f-a0d2-4c40-a35b-6141629c8f49 (type: ports) to 1
2026-07-15 06:06:35.587 9 INFO neutron.db.ovn_revision_numbers_db [None req-70f390f3-cbe5-4a83-b2b5-8228a29745e9 - - - - - -] Successfully bumped revision number for resource 3b6d258e-8d05-4422-b1a3-9469f6b2e3e9 (type: router_ports) to 4
2026-07-15 06:06:35.596 10 WARNING neutron.scheduler.dhcp_agent_scheduler [None req-1d841e4f-c397-4d49-84a4-b9f88d1ffa55 b6dc89422b6745d591dba560b4a8ae1f c69d0ea86238450cb8bbaf0be893abd3 - - default default] No more DHCP agents
2026-07-15 06:06:35.603 10 WARNING neutron.api.rpc.agentnotifiers.dhcp_rpc_agent_api [None req-1d841e4f-c397-4d49-84a4-b9f88d1ffa55 b6dc89422b6745d591dba560b4a8ae1f c69d0ea86238450cb8bbaf0be893abd3 - - default default] Unable to schedule network c2e6bdb8-358c-479f-a5f8-52b9c6d6f3d3: no agents available; will retry on subsequent port and subnet creation events.
2026-07-15 06:06:35.963 10 WARNING neutron.scheduler.dhcp_agent_scheduler [None req-6c439893-d2a3-4959-be80-3e8fb23a34b0 b74d0f6850a24e4db72747476cff5a28 793826d128cb404e972d2611e7ca6d6f - - default default] No more DHCP agents
2026-07-15 06:06:35.967 10 WARNING neutron.api.rpc.agentnotifiers.dhcp_rpc_agent_api [None req-6c439893-d2a3-4959-be80-3e8fb23a34b0 b74d0f6850a24e4db72747476cff5a28 793826d128cb404e972d2611e7ca6d6f - - default default] Unable to schedule network 2040be7f-439c-46df-89ab-5dc465868321: no agents available; will retry on subsequent port and subnet creation events.
2026-07-15 06:06:36.029 9 INFO neutron.plugins.ml2.drivers.ovn.mech_driver.mech_driver [None req-90dd9e58-103f-4dbc-b23f-33cab62070df - - - - - -] OVN reports status down for port: 89f6ebdd-c785-4f3c-910c-ff70761ab038
2026-07-15 06:06:36.118 10 INFO neutron.db.ovn_revision_numbers_db [None req-80fc0f6d-713c-4715-9cb0-d8a907150370 - - - - - -] Successfully bumped revision number for resource e67c1f9f-a0d2-4c40-a35b-6141629c8f49 (type: ports) to 2
2026-07-15 06:06:36.253 10 INFO neutron.db.ovn_revision_numbers_db [None req-1d841e4f-c397-4d49-84a4-b9f88d1ffa55 b6dc89422b6745d591dba560b4a8ae1f c69d0ea86238450cb8bbaf0be893abd3 - - default default] Successfully bumped revision number for resource 50bdadfa-bf3b-450a-811f-7fc3db42f8c6 (type: ports) to 1
2026-07-15 06:06:36.261 10 INFO neutron.db.ovn_revision_numbers_db [None req-80fc0f6d-713c-4715-9cb0-d8a907150370 - - - - - -] Successfully bumped revision number for resource e67c1f9f-a0d2-4c40-a35b-6141629c8f49 (type: router_ports) to 2
2026-07-15 06:06:36.761 9 INFO neutron.plugins.ml2.drivers.ovn.mech_driver.mech_driver [None req-90dd9e58-103f-4dbc-b23f-33cab62070df - - - - - -] OVN reports status up for port: 50bdadfa-bf3b-450a-811f-7fc3db42f8c6
2026-07-15 06:06:36.771 9 INFO neutron.plugins.ml2.plugin [None req-90dd9e58-103f-4dbc-b23f-33cab62070df - - - - - -] Attempt 1 to provision port 50bdadfa-bf3b-450a-811f-7fc3db42f8c6
2026-07-15 06:06:36.812 10 INFO neutron.db.ovn_revision_numbers_db [None req-1d841e4f-c397-4d49-84a4-b9f88d1ffa55 b6dc89422b6745d591dba560b4a8ae1f c69d0ea86238450cb8bbaf0be893abd3 - - default default] Successfully bumped revision number for resource 50bdadfa-bf3b-450a-811f-7fc3db42f8c6 (type: router_ports) to 1
2026-07-15 06:06:36.878 10 INFO neutron.db.ovn_revision_numbers_db [None req-6c439893-d2a3-4959-be80-3e8fb23a34b0 b74d0f6850a24e4db72747476cff5a28 793826d128cb404e972d2611e7ca6d6f - - default default] Successfully bumped revision number for resource e67c1f9f-a0d2-4c40-a35b-6141629c8f49 (type: router_ports) to 2
2026-07-15 06:06:36.880 10 INFO neutron.wsgi [None req-6c439893-d2a3-4959-be80-3e8fb23a34b0 b74d0f6850a24e4db72747476cff5a28 793826d128cb404e972d2611e7ca6d6f - - default default] 10.0.0.181 "PUT /v2.0/routers/8e3d0db7-1318-4a18-bfd3-b68e0746216c/add_router_interface HTTP/1.1" status: 200 len: 503 time: 3.5605776
2026-07-15 06:06:37.003 10 INFO neutron.db.ovn_revision_numbers_db [None req-1d841e4f-c397-4d49-84a4-b9f88d1ffa55 b6dc89422b6745d591dba560b4a8ae1f c69d0ea86238450cb8bbaf0be893abd3 - - default default] Successfully bumped revision number for resource 50bdadfa-bf3b-450a-811f-7fc3db42f8c6 (type: ports) to 1
2026-07-15 06:06:37.085 10 WARNING neutron.scheduler.dhcp_agent_scheduler [None req-1d841e4f-c397-4d49-84a4-b9f88d1ffa55 b6dc89422b6745d591dba560b4a8ae1f c69d0ea86238450cb8bbaf0be893abd3 - - default default] No more DHCP agents
2026-07-15 06:06:37.087 10 WARNING neutron.api.rpc.agentnotifiers.dhcp_rpc_agent_api [None req-1d841e4f-c397-4d49-84a4-b9f88d1ffa55 b6dc89422b6745d591dba560b4a8ae1f c69d0ea86238450cb8bbaf0be893abd3 - - default default] Unable to schedule network c2e6bdb8-358c-479f-a5f8-52b9c6d6f3d3: no agents available; will retry on subsequent port and subnet creation events.
2026-07-15 06:06:37.109 9 INFO neutron.db.ovn_revision_numbers_db [None req-90dd9e58-103f-4dbc-b23f-33cab62070df - - - - - -] Successfully bumped revision number for resource 50bdadfa-bf3b-450a-811f-7fc3db42f8c6 (type: ports) to 2
2026-07-15 06:06:37.192 9 INFO neutron.db.ovn_revision_numbers_db [None req-90dd9e58-103f-4dbc-b23f-33cab62070df - - - - - -] Successfully bumped revision number for resource 50bdadfa-bf3b-450a-811f-7fc3db42f8c6 (type: router_ports) to 2
2026-07-15 06:06:37.243 10 INFO neutron.db.ovn_revision_numbers_db [None req-1d841e4f-c397-4d49-84a4-b9f88d1ffa55 b6dc89422b6745d591dba560b4a8ae1f c69d0ea86238450cb8bbaf0be893abd3 - - default default] Successfully bumped revision number for resource 50bdadfa-bf3b-450a-811f-7fc3db42f8c6 (type: router_ports) to 2
2026-07-15 06:06:37.246 10 INFO neutron.wsgi [None req-1d841e4f-c397-4d49-84a4-b9f88d1ffa55 b6dc89422b6745d591dba560b4a8ae1f c69d0ea86238450cb8bbaf0be893abd3 - - default default] 10.0.0.181 "PUT /v2.0/routers/4da524fe-dcb5-4856-bf94-7232c7fb1026/add_router_interface HTTP/1.1" status: 200 len: 503 time: 2.3172381
2026-07-15 06:06:37.359 9 INFO neutron.wsgi [None req-9c9d0d18-d67a-425f-80ff-7e5833cdc456 b6dc89422b6745d591dba560b4a8ae1f c69d0ea86238450cb8bbaf0be893abd3 - - default default] 10.0.0.181 "GET /v2.0/ports/50bdadfa-bf3b-450a-811f-7fc3db42f8c6 HTTP/1.1" status: 200 len: 1137 time: 0.1055253
2026-07-15 06:06:37.688 9 WARNING neutron_lib.context [None req-98a15ff4-16fc-400c-b6a5-e22ec285371a 41f564813be64f1a9546aa0a2d071807 36a607ebb38c43b292abb3ef09bd0e09 - - default default] Method 'is_advsvc' is deprecated since 2023.2 release (neutron-lib 3.8.0) and will be removed once support for the old RBAC API policies will be removed from Neutron. Please use method 'is_service_role' instead.
2026-07-15 06:06:37.760 9 INFO neutron.wsgi [None req-98a15ff4-16fc-400c-b6a5-e22ec285371a 41f564813be64f1a9546aa0a2d071807 36a607ebb38c43b292abb3ef09bd0e09 - - default default] 10.0.0.181 "POST /v2.0/subnetpools HTTP/1.1" status: 201 len: 747 time: 0.3649061
2026-07-15 06:06:37.789 9 INFO neutron.wsgi [None req-4ebaf0a8-c8b7-4b3d-88bf-c23978398f2e 41f564813be64f1a9546aa0a2d071807 36a607ebb38c43b292abb3ef09bd0e09 - - default default] 10.0.0.181 "GET /v2.0/subnetpools/dc4fd9a6-7b1f-462c-ae68-b8be24b78ddf HTTP/1.1" status: 200 len: 742 time: 0.0235643
2026-07-15 06:06:37.866 9 INFO neutron.wsgi [None req-4aec0b1f-aa62-4975-b30f-adcc2b20bcba 41f564813be64f1a9546aa0a2d071807 36a607ebb38c43b292abb3ef09bd0e09 - - default default] 10.0.0.181 "PUT /v2.0/subnetpools/dc4fd9a6-7b1f-462c-ae68-b8be24b78ddf HTTP/1.1" status: 200 len: 695 time: 0.0720816
2026-07-15 06:06:37.923 9 INFO neutron.wsgi [None req-2f11061d-2580-4378-a969-ff4852e1ffa0 41f564813be64f1a9546aa0a2d071807 36a607ebb38c43b292abb3ef09bd0e09 - - default default] 10.0.0.181 "DELETE /v2.0/subnetpools/dc4fd9a6-7b1f-462c-ae68-b8be24b78ddf HTTP/1.1" status: 204 len: 168 time: 0.0512486
2026-07-15 06:06:37.939 9 INFO neutron.api.v2.resource [None req-a5797a61-5af4-4d7c-b581-98417599f343 41f564813be64f1a9546aa0a2d071807 36a607ebb38c43b292abb3ef09bd0e09 - - default default] show failed (client error): The resource could not be found.
2026-07-15 06:06:37.940 9 INFO neutron.wsgi [None req-a5797a61-5af4-4d7c-b581-98417599f343 41f564813be64f1a9546aa0a2d071807 36a607ebb38c43b292abb3ef09bd0e09 - - default default] 10.0.0.181 "GET /v2.0/subnetpools/dc4fd9a6-7b1f-462c-ae68-b8be24b78ddf HTTP/1.1" status: 404 len: 346 time: 0.0113130
2026-07-15 06:06:37.956 9 INFO neutron.api.v2.resource [None req-4291397e-fd6b-40f1-b4a4-87715cc37b08 41f564813be64f1a9546aa0a2d071807 36a607ebb38c43b292abb3ef09bd0e09 - - default default] delete failed (client error): The resource could not be found.
2026-07-15 06:06:37.957 9 INFO neutron.wsgi [None req-4291397e-fd6b-40f1-b4a4-87715cc37b08 41f564813be64f1a9546aa0a2d071807 36a607ebb38c43b292abb3ef09bd0e09 - - default default] 10.0.0.181 "DELETE /v2.0/subnetpools/dc4fd9a6-7b1f-462c-ae68-b8be24b78ddf HTTP/1.1" status: 404 len: 346 time: 0.0109887
2026-07-15 06:06:38.193 9 INFO neutron.db.ovn_revision_numbers_db [None req-0aa4bec9-4fe0-4227-b5df-5ebd908548a9 b74d0f6850a24e4db72747476cff5a28 793826d128cb404e972d2611e7ca6d6f - - default default] Successfully bumped revision number for resource 14675320-3052-422c-9fbf-963541379ddf (type: security_groups) to 1
2026-07-15 06:06:38.215 9 INFO neutron.db.ovn_revision_numbers_db [None req-0aa4bec9-4fe0-4227-b5df-5ebd908548a9 b74d0f6850a24e4db72747476cff5a28 793826d128cb404e972d2611e7ca6d6f - - default default] Successfully bumped revision number for resource 20ef0bc6-10c8-44ab-82f1-9742c029712f (type: security_group_rules) to 0
2026-07-15 06:06:38.236 9 INFO neutron.db.ovn_revision_numbers_db [None req-0aa4bec9-4fe0-4227-b5df-5ebd908548a9 b74d0f6850a24e4db72747476cff5a28 793826d128cb404e972d2611e7ca6d6f - - default default] Successfully bumped revision number for resource 42e8432d-a3cc-4fdd-9731-1e8e1a333585 (type: security_group_rules) to 0
2026-07-15 06:06:38.251 9 INFO neutron.db.ovn_revision_numbers_db [None req-0aa4bec9-4fe0-4227-b5df-5ebd908548a9 b74d0f6850a24e4db72747476cff5a28 793826d128cb404e972d2611e7ca6d6f - - default default] Successfully bumped revision number for resource ddec5fdd-9b29-4eff-9d71-3273215ef2fd (type: security_group_rules) to 0
2026-07-15 06:06:38.279 9 INFO neutron.db.ovn_revision_numbers_db [None req-0aa4bec9-4fe0-4227-b5df-5ebd908548a9 b74d0f6850a24e4db72747476cff5a28 793826d128cb404e972d2611e7ca6d6f - - default default] Successfully bumped revision number for resource e609b95e-76d2-4d9a-8f79-ec3107185aaf (type: security_group_rules) to 0
2026-07-15 06:06:38.333 9 INFO neutron.db.segments_db [None req-0aa4bec9-4fe0-4227-b5df-5ebd908548a9 b74d0f6850a24e4db72747476cff5a28 793826d128cb404e972d2611e7ca6d6f - - default default] Added segment d1c7e585-4d78-4a92-b405-14a556a67e7e of type geneve for network 7485957d-1ab5-45dc-aa46-7336f0cab313
2026-07-15 06:06:38.395 10 WARNING neutron.scheduler.dhcp_agent_scheduler [None req-d2cf64af-ede6-44cd-80a4-3d32ce87e6d6 b6dc89422b6745d591dba560b4a8ae1f c69d0ea86238450cb8bbaf0be893abd3 - - default default] No more DHCP agents
2026-07-15 06:06:38.401 10 WARNING neutron.api.rpc.agentnotifiers.dhcp_rpc_agent_api [None req-d2cf64af-ede6-44cd-80a4-3d32ce87e6d6 b6dc89422b6745d591dba560b4a8ae1f c69d0ea86238450cb8bbaf0be893abd3 - - default default] Unable to schedule network 03494630-7ea6-4509-800f-7c66a5eb3a6a: no agents available; will retry on subsequent port and subnet creation events.
2026-07-15 06:06:38.485 9 INFO neutron.db.ovn_revision_numbers_db [None req-0aa4bec9-4fe0-4227-b5df-5ebd908548a9 b74d0f6850a24e4db72747476cff5a28 793826d128cb404e972d2611e7ca6d6f - - default default] Successfully bumped revision number for resource 7485957d-1ab5-45dc-aa46-7336f0cab313 (type: networks) to 1
2026-07-15 06:06:38.692 9 WARNING neutron.scheduler.dhcp_agent_scheduler [None req-0aa4bec9-4fe0-4227-b5df-5ebd908548a9 b74d0f6850a24e4db72747476cff5a28 793826d128cb404e972d2611e7ca6d6f - - default default] No more DHCP agents
2026-07-15 06:06:38.695 9 WARNING neutron.api.rpc.agentnotifiers.dhcp_rpc_agent_api [None req-0aa4bec9-4fe0-4227-b5df-5ebd908548a9 b74d0f6850a24e4db72747476cff5a28 793826d128cb404e972d2611e7ca6d6f - - default default] Unable to schedule network 7485957d-1ab5-45dc-aa46-7336f0cab313: no agents available; will retry on subsequent port and subnet creation events.
2026-07-15 06:06:38.726 10 INFO neutron.db.ovn_revision_numbers_db [None req-d2cf64af-ede6-44cd-80a4-3d32ce87e6d6 b6dc89422b6745d591dba560b4a8ae1f c69d0ea86238450cb8bbaf0be893abd3 - - default default] Successfully bumped revision number for resource 52bc4221-63a2-449f-8381-8fad35555746 (type: ports) to 1
2026-07-15 06:06:38.797 9 INFO neutron.db.ovn_revision_numbers_db [None req-0aa4bec9-4fe0-4227-b5df-5ebd908548a9 b74d0f6850a24e4db72747476cff5a28 793826d128cb404e972d2611e7ca6d6f - - default default] Successfully bumped revision number for resource 24a8249f-efc8-4f62-a843-91054da0decd (type: ports) to 1
2026-07-15 06:06:38.821 9 INFO neutron.wsgi [None req-0aa4bec9-4fe0-4227-b5df-5ebd908548a9 b74d0f6850a24e4db72747476cff5a28 793826d128cb404e972d2611e7ca6d6f - - default default] 10.0.0.181 "POST /v2.0/networks HTTP/1.1" status: 201 len: 942 time: 0.7844255
2026-07-15 06:06:38.900 9 INFO neutron.db.ovn_revision_numbers_db [None req-8a315d0d-2370-4045-963a-b5040bb2e8f4 b74d0f6850a24e4db72747476cff5a28 793826d128cb404e972d2611e7ca6d6f - - default default] Successfully bumped revision number for resource b3e33136-4e8c-4352-80fd-cc58db9d1279 (type: security_groups) to 1
2026-07-15 06:06:38.917 9 INFO neutron.db.ovn_revision_numbers_db [None req-8a315d0d-2370-4045-963a-b5040bb2e8f4 b74d0f6850a24e4db72747476cff5a28 793826d128cb404e972d2611e7ca6d6f - - default default] Successfully bumped revision number for resource 294da0a0-4d69-4875-aa30-a0162c0ac1b1 (type: security_group_rules) to 0
2026-07-15 06:06:38.938 9 INFO neutron.db.ovn_revision_numbers_db [None req-8a315d0d-2370-4045-963a-b5040bb2e8f4 b74d0f6850a24e4db72747476cff5a28 793826d128cb404e972d2611e7ca6d6f - - default default] Successfully bumped revision number for resource 5bc4deea-b8d7-4d98-bdcd-ff9a1c15d48b (type: security_group_rules) to 0
2026-07-15 06:06:38.954 9 INFO neutron.db.ovn_revision_numbers_db [None req-8a315d0d-2370-4045-963a-b5040bb2e8f4 b74d0f6850a24e4db72747476cff5a28 793826d128cb404e972d2611e7ca6d6f - - default default] Successfully bumped revision number for resource 882c9058-917a-438e-8cb8-b9bbca8ed53d (type: security_group_rules) to 0
2026-07-15 06:06:38.977 9 INFO neutron.db.ovn_revision_numbers_db [None req-8a315d0d-2370-4045-963a-b5040bb2e8f4 b74d0f6850a24e4db72747476cff5a28 793826d128cb404e972d2611e7ca6d6f - - default default] Successfully bumped revision number for resource e78c9715-3a8f-4e36-b1be-b6d074c15e2f (type: security_group_rules) to 0
2026-07-15 06:06:39.007 9 INFO neutron.wsgi [None req-8a315d0d-2370-4045-963a-b5040bb2e8f4 b74d0f6850a24e4db72747476cff5a28 793826d128cb404e972d2611e7ca6d6f - - default default] 10.0.0.181 "GET /v2.0/security-groups?tenant_id=36a607ebb38c43b292abb3ef09bd0e09&name=default HTTP/1.1" status: 200 len: 2996 time: 0.4633787
2026-07-15 06:06:39.016 9 WARNING neutron.scheduler.dhcp_agent_scheduler [None req-cc532977-2d0c-42f4-9c05-15dc1d911f93 b74d0f6850a24e4db72747476cff5a28 793826d128cb404e972d2611e7ca6d6f - - default default] No more DHCP agents
2026-07-15 06:06:39.020 9 WARNING neutron.api.rpc.agentnotifiers.dhcp_rpc_agent_api [None req-cc532977-2d0c-42f4-9c05-15dc1d911f93 b74d0f6850a24e4db72747476cff5a28 793826d128cb404e972d2611e7ca6d6f - - default default] Unable to schedule network 7485957d-1ab5-45dc-aa46-7336f0cab313: no agents available; will retry on subsequent port and subnet creation events.
2026-07-15 06:06:39.515 9 INFO neutron.db.ovn_revision_numbers_db [None req-cc532977-2d0c-42f4-9c05-15dc1d911f93 b74d0f6850a24e4db72747476cff5a28 793826d128cb404e972d2611e7ca6d6f - - default default] Successfully bumped revision number for resource 24a8249f-efc8-4f62-a843-91054da0decd (type: ports) to 2
2026-07-15 06:06:39.552 9 INFO neutron.db.ovn_revision_numbers_db [None req-cc532977-2d0c-42f4-9c05-15dc1d911f93 b74d0f6850a24e4db72747476cff5a28 793826d128cb404e972d2611e7ca6d6f - - default default] Successfully bumped revision number for resource e1b8d2c7-dd28-4758-b211-d341273ae8b7 (type: subnets) to 0
2026-07-15 06:06:39.573 9 INFO neutron.wsgi [None req-cc532977-2d0c-42f4-9c05-15dc1d911f93 b74d0f6850a24e4db72747476cff5a28 793826d128cb404e972d2611e7ca6d6f - - default default] 10.0.0.181 "POST /v2.0/subnets HTTP/1.1" status: 201 len: 862 time: 0.7464495
2026-07-15 06:06:39.771 10 INFO neutron.wsgi [None req-792be5b6-cc4d-4b31-b806-bbae820311c3 b74d0f6850a24e4db72747476cff5a28 793826d128cb404e972d2611e7ca6d6f - - default default] 10.0.0.181 "PUT /v2.0/routers/8df84faf-dead-4b40-a5e7-8d05ab969126/remove_router_interface HTTP/1.1" status: 200 len: 503 time: 2.5024843
2026-07-15 06:06:39.883 10 INFO neutron.db.ovn_revision_numbers_db [None req-d2cf64af-ede6-44cd-80a4-3d32ce87e6d6 b6dc89422b6745d591dba560b4a8ae1f c69d0ea86238450cb8bbaf0be893abd3 - - default default] Successfully bumped revision number for resource 52bc4221-63a2-449f-8381-8fad35555746 (type: router_ports) to 1
2026-07-15 06:06:39.917 10 INFO neutron.wsgi [None req-5de95870-334a-45ff-a04a-4eaaa90b750c b74d0f6850a24e4db72747476cff5a28 793826d128cb404e972d2611e7ca6d6f - - default default] 10.0.0.181 "DELETE /v2.0/security-groups/b3e33136-4e8c-4352-80fd-cc58db9d1279 HTTP/1.1" status: 204 len: 168 time: 0.8994150
2026-07-15 06:06:40.057 10 INFO neutron.db.ovn_revision_numbers_db [None req-d2cf64af-ede6-44cd-80a4-3d32ce87e6d6 b6dc89422b6745d591dba560b4a8ae1f c69d0ea86238450cb8bbaf0be893abd3 - - default default] Successfully bumped revision number for resource 52bc4221-63a2-449f-8381-8fad35555746 (type: ports) to 1
2026-07-15 06:06:40.139 10 WARNING neutron.scheduler.dhcp_agent_scheduler [None req-d2cf64af-ede6-44cd-80a4-3d32ce87e6d6 b6dc89422b6745d591dba560b4a8ae1f c69d0ea86238450cb8bbaf0be893abd3 - - default default] No more DHCP agents
2026-07-15 06:06:40.145 10 WARNING neutron.api.rpc.agentnotifiers.dhcp_rpc_agent_api [None req-d2cf64af-ede6-44cd-80a4-3d32ce87e6d6 b6dc89422b6745d591dba560b4a8ae1f c69d0ea86238450cb8bbaf0be893abd3 - - default default] Unable to schedule network 03494630-7ea6-4509-800f-7c66a5eb3a6a: no agents available; will retry on subsequent port and subnet creation events.
2026-07-15 06:06:40.187 9 WARNING neutron.scheduler.dhcp_agent_scheduler [None req-3970318a-54b7-4113-be67-573262873014 b74d0f6850a24e4db72747476cff5a28 793826d128cb404e972d2611e7ca6d6f - - default default] No more DHCP agents
2026-07-15 06:06:40.188 9 WARNING neutron.api.rpc.agentnotifiers.dhcp_rpc_agent_api [None req-3970318a-54b7-4113-be67-573262873014 b74d0f6850a24e4db72747476cff5a28 793826d128cb404e972d2611e7ca6d6f - - default default] Unable to schedule network 85d8c101-1625-4351-9175-849136598975: no agents available; will retry on subsequent port and subnet creation events.
2026-07-15 06:06:40.294 10 INFO neutron.db.ovn_revision_numbers_db [None req-d2cf64af-ede6-44cd-80a4-3d32ce87e6d6 b6dc89422b6745d591dba560b4a8ae1f c69d0ea86238450cb8bbaf0be893abd3 - - default default] Successfully bumped revision number for resource 52bc4221-63a2-449f-8381-8fad35555746 (type: router_ports) to 1
2026-07-15 06:06:40.297 10 INFO neutron.wsgi [None req-d2cf64af-ede6-44cd-80a4-3d32ce87e6d6 b6dc89422b6745d591dba560b4a8ae1f c69d0ea86238450cb8bbaf0be893abd3 - - default default] 10.0.0.181 "PUT /v2.0/routers/4da524fe-dcb5-4856-bf94-7232c7fb1026/add_router_interface HTTP/1.1" status: 200 len: 503 time: 2.9319212 /var/lib/openstack/lib/python3.10/site-packages/pycadf/identifier.py:71: UserWarning: Invalid uuid: neutron. To ensure interoperability, identifiers should be a valid uuid. warnings.warn(('Invalid uuid: %s. To ensure interoperability, '
2026-07-15 06:06:40.442 10 INFO neutron.wsgi [None req-3d222e25-26cc-4fbd-909d-3c8df6a63f52 b6dc89422b6745d591dba560b4a8ae1f c69d0ea86238450cb8bbaf0be893abd3 - - default default] 10.0.0.181 "GET /v2.0/ports/52bc4221-63a2-449f-8381-8fad35555746 HTTP/1.1" status: 200 len: 1135 time: 0.1280453
2026-07-15 06:06:40.444 9 INFO neutron.db.ovn_revision_numbers_db [None req-3970318a-54b7-4113-be67-573262873014 b74d0f6850a24e4db72747476cff5a28 793826d128cb404e972d2611e7ca6d6f - - default default] Successfully bumped revision number for resource 8bf19233-bc4c-4688-b752-b6a78d47300a (type: ports) to 1
2026-07-15 06:06:40.497 10 INFO neutron.wsgi [None req-439363d1-a5bc-4a44-8464-3c86634f4d78 b6dc89422b6745d591dba560b4a8ae1f c69d0ea86238450cb8bbaf0be893abd3 - - default default] 10.0.0.181 "GET /v2.0/ports/52bc4221-63a2-449f-8381-8fad35555746 HTTP/1.1" status: 200 len: 1135 time: 0.0441306
2026-07-15 06:06:41.260 10 WARNING neutron.plugins.ml2.drivers.ovn.mech_driver.ovsdb.ovn_client [None req-80fc0f6d-713c-4715-9cb0-d8a907150370 - - - - - -] No hosting information found for port e67c1f9f-a0d2-4c40-a35b-6141629c8f49: RuntimeError: No hosting information found for port e67c1f9f-a0d2-4c40-a35b-6141629c8f49
2026-07-15 06:06:41.261 10 INFO neutron.plugins.ml2.drivers.ovn.mech_driver.mech_driver [None req-80fc0f6d-713c-4715-9cb0-d8a907150370 - - - - - -] OVN reports status up for port: 52bc4221-63a2-449f-8381-8fad35555746
2026-07-15 06:06:41.272 10 INFO neutron.plugins.ml2.plugin [None req-80fc0f6d-713c-4715-9cb0-d8a907150370 - - - - - -] Attempt 1 to provision port 52bc4221-63a2-449f-8381-8fad35555746
2026-07-15 06:06:41.384 9 INFO neutron.wsgi [None req-f9f93930-98da-41c2-b786-56e4f7ced9b3 b74d0f6850a24e4db72747476cff5a28 793826d128cb404e972d2611e7ca6d6f - - default default] 10.0.0.181 "DELETE /v2.0/routers/8df84faf-dead-4b40-a5e7-8d05ab969126 HTTP/1.1" status: 204 len: 168 time: 1.6079743
2026-07-15 06:06:41.631 10 INFO neutron.db.ovn_revision_numbers_db [None req-80fc0f6d-713c-4715-9cb0-d8a907150370 - - - - - -] Successfully bumped revision number for resource 52bc4221-63a2-449f-8381-8fad35555746 (type: ports) to 2
2026-07-15 06:06:41.716 10 INFO neutron.db.ovn_revision_numbers_db [None req-80fc0f6d-713c-4715-9cb0-d8a907150370 - - - - - -] Successfully bumped revision number for resource 52bc4221-63a2-449f-8381-8fad35555746 (type: router_ports) to 2
2026-07-15 06:06:41.726 9 INFO neutron.wsgi [None req-4d55c20b-d59d-4f8a-876d-85447db41d03 b6dc89422b6745d591dba560b4a8ae1f c69d0ea86238450cb8bbaf0be893abd3 - - default default] 10.0.0.181 "GET /v2.0/ports/52bc4221-63a2-449f-8381-8fad35555746 HTTP/1.1" status: 200 len: 1137 time: 0.2055829
2026-07-15 06:06:41.743 9 INFO neutron.wsgi [None req-101c6c92-15fb-46b0-8cd1-edf7d5c0a55f b74d0f6850a24e4db72747476cff5a28 793826d128cb404e972d2611e7ca6d6f - - default default] 10.0.0.181 "DELETE /v2.0/subnets/c60485d2-ec46-4145-beaa-89dc5cae2671 HTTP/1.1" status: 204 len: 168 time: 0.3528969
2026-07-15 06:06:41.846 9 INFO neutron.plugins.ml2.drivers.ovn.mech_driver.ovsdb.ovsdb_monitor [None req-70f390f3-cbe5-4a83-b2b5-8228a29745e9 - - - - - -] Router 8b9ba951-7deb-409e-8847-d5c8581ef0a7 is bound to host instance
2026-07-15 06:06:41.914 9 INFO neutron.db.ovn_revision_numbers_db [None req-3970318a-54b7-4113-be67-573262873014 b74d0f6850a24e4db72747476cff5a28 793826d128cb404e972d2611e7ca6d6f - - default default] Successfully bumped revision number for resource 8bf19233-bc4c-4688-b752-b6a78d47300a (type: router_ports) to 1
2026-07-15 06:06:41.988 9 INFO neutron.wsgi [-] 10.0.0.181 "GET / HTTP/1.1" status: 200 len: 279 time: 0.0017464
2026-07-15 06:06:42.084 9 INFO neutron.db.ovn_revision_numbers_db [None req-3970318a-54b7-4113-be67-573262873014 b74d0f6850a24e4db72747476cff5a28 793826d128cb404e972d2611e7ca6d6f - - default default] Successfully bumped revision number for resource 8b9ba951-7deb-409e-8847-d5c8581ef0a7 (type: routers) to 2
2026-07-15 06:06:42.113 9 INFO neutron.wsgi [None req-3970318a-54b7-4113-be67-573262873014 b74d0f6850a24e4db72747476cff5a28 793826d128cb404e972d2611e7ca6d6f - - default default] 10.0.0.181 "POST /v2.0/routers HTTP/1.1" status: 201 len: 873 time: 2.5334020
2026-07-15 06:06:42.200 9 INFO neutron.wsgi [None req-d1586207-b3ed-41a0-978b-e046b9ea6746 c3feef85eb9e44f4943147b6c5166abb b1ac4f26c7f24209923fdbc2ce1eaa80 - - default default] 10.0.0.181 "GET /v2.0/ HTTP/1.1" status: 200 len: 826 time: 0.2049816
2026-07-15 06:06:42.233 10 INFO neutron.services.segments.plugin [-] Segment d9e646f3-7842-46ed-ac86-b45ac7fea3c4 resource provider aggregate not found
2026-07-15 06:06:42.239 10 INFO neutron.services.segments.plugin [-] Segment d9e646f3-7842-46ed-ac86-b45ac7fea3c4 resource provider aggregate not found
2026-07-15 06:06:42.275 10 INFO neutron.services.segments.plugin [-] Segment d9e646f3-7842-46ed-ac86-b45ac7fea3c4 resource provider not found; error: Placement Client Error (4xx): {"errors": [{"status": 404, "title": "Not Found", "detail": "The resource could not be found.\n\n No resource provider with uuid d9e646f3-7842-46ed-ac86-b45ac7fea3c4 found for delete ", "request_id": "req-c0c70fda-b306-49a6-98f0-490a72a86ebc"}]}
2026-07-15 06:06:42.281 10 INFO neutron.services.segments.plugin [-] Segment d9e646f3-7842-46ed-ac86-b45ac7fea3c4 resource provider not found; error: Placement Client Error (4xx): {"errors": [{"status": 404, "title": "Not Found", "detail": "The resource could not be found.\n\n No resource provider with uuid d9e646f3-7842-46ed-ac86-b45ac7fea3c4 found for delete ", "request_id": "req-7f3ad106-7688-41e4-8220-5b93118f3c31"}]}
2026-07-15 06:06:42.334 10 INFO neutron.wsgi [None req-d28e475b-0248-485f-a0a7-b44665d3335d b74d0f6850a24e4db72747476cff5a28 793826d128cb404e972d2611e7ca6d6f - - default default] 10.0.0.181 "DELETE /v2.0/networks/7874f882-9874-40f0-9640-64cea29e72bd HTTP/1.1" status: 204 len: 168 time: 0.5832202
2026-07-15 06:06:42.589 10 INFO neutron.wsgi [None req-4774f0f1-6d46-4f62-a8e9-01940204441a b74d0f6850a24e4db72747476cff5a28 793826d128cb404e972d2611e7ca6d6f - - default default] 10.0.0.181 "GET /v2.0/security-groups?tenant_id=58ee556947d1408198fa2f4d961ce90e&name=default HTTP/1.1" status: 200 len: 2996 time: 0.0487549
2026-07-15 06:06:42.755 10 WARNING neutron.scheduler.dhcp_agent_scheduler [None req-6e4d383f-be39-43db-99ec-bf71d3ae4d87 b74d0f6850a24e4db72747476cff5a28 793826d128cb404e972d2611e7ca6d6f - - default default] No more DHCP agents
2026-07-15 06:06:42.761 10 WARNING neutron.api.rpc.agentnotifiers.dhcp_rpc_agent_api [None req-6e4d383f-be39-43db-99ec-bf71d3ae4d87 b74d0f6850a24e4db72747476cff5a28 793826d128cb404e972d2611e7ca6d6f - - default default] Unable to schedule network 7485957d-1ab5-45dc-aa46-7336f0cab313: no agents available; will retry on subsequent port and subnet creation events.
2026-07-15 06:06:42.895 10 INFO neutron.wsgi [None req-7d30496d-91e9-4bd2-a66a-3afe47c3383f b74d0f6850a24e4db72747476cff5a28 793826d128cb404e972d2611e7ca6d6f - - default default] 10.0.0.181 "DELETE /v2.0/security-groups/b237c3b2-c55b-4735-a1b3-44960bb51380 HTTP/1.1" status: 204 len: 168 time: 0.2967873
