2026-07-15 05:44:26.069 9 INFO neutron.db.ovn_revision_numbers_db [None req-ac45bfcc-a9f3-4335-ab77-de43652c77a4 b74d0f6850a24e4db72747476cff5a28 793826d128cb404e972d2611e7ca6d6f - - default default] Successfully bumped revision number for resource a9c5043b-b52a-40ef-a9f7-2c556f4e416f (type: security_group_rules) to 0
2026-07-15 05:44:26.088 9 INFO neutron.wsgi [None req-ac45bfcc-a9f3-4335-ab77-de43652c77a4 b74d0f6850a24e4db72747476cff5a28 793826d128cb404e972d2611e7ca6d6f - - default default] 199.204.45.116,10.0.0.150 "POST /v2.0/security-groups HTTP/1.1" status: 201 len: 1741 time: 0.2034202
2026-07-15 05:44:27.160 9 INFO neutron.wsgi [None req-46425706-c00a-4bd6-8037-861cc07bb1a9 b74d0f6850a24e4db72747476cff5a28 793826d128cb404e972d2611e7ca6d6f - - default default] 199.204.45.116,10.0.0.150 "GET /v2.0/security-groups/ffe92d4a-b968-4686-94f7-d815f064020b?project_id=e1876e7429b34c7381d13da8019991be HTTP/1.1" status: 200 len: 1736 time: 0.0693419
2026-07-15 05:44:27.190 9 INFO neutron.wsgi [None req-f0bc3790-26ae-4f24-a55e-e1c4cb026e2f b74d0f6850a24e4db72747476cff5a28 793826d128cb404e972d2611e7ca6d6f - - default default] 199.204.45.116,10.0.0.150 "GET /v2.0/security-groups/ffe92d4a-b968-4686-94f7-d815f064020b HTTP/1.1" status: 200 len: 1736 time: 0.0219789
2026-07-15 05:44:27.310 9 INFO neutron.wsgi [None req-bb92ca4d-8573-4004-9cf1-5ff2fa50cdb0 b74d0f6850a24e4db72747476cff5a28 793826d128cb404e972d2611e7ca6d6f - - default default] 199.204.45.116,10.0.0.150 "GET /v2.0/security-groups/ffe92d4a-b968-4686-94f7-d815f064020b?project_id=e1876e7429b34c7381d13da8019991be HTTP/1.1" status: 200 len: 1736 time: 0.0354953
2026-07-15 05:44:27.443 9 INFO neutron.db.ovn_revision_numbers_db [None req-8322a40f-f2fa-444d-ad62-d598be72623e b74d0f6850a24e4db72747476cff5a28 793826d128cb404e972d2611e7ca6d6f - - default default] Successfully bumped revision number for resource 6616d83f-8375-496b-9328-d90b31cc7764 (type: security_group_rules) to 0
2026-07-15 05:44:27.475 9 INFO neutron.wsgi [None req-8322a40f-f2fa-444d-ad62-d598be72623e b74d0f6850a24e4db72747476cff5a28 793826d128cb404e972d2611e7ca6d6f - - default default] 199.204.45.116,10.0.0.150 "POST /v2.0/security-group-rules HTTP/1.1" status: 201 len: 745 time: 0.1567497
2026-07-15 05:44:28.488 9 INFO neutron.wsgi [None req-a42155ec-0bf4-4dcb-9309-6e6ec5b9ce99 b74d0f6850a24e4db72747476cff5a28 793826d128cb404e972d2611e7ca6d6f - - default default] 199.204.45.116,10.0.0.150 "GET /v2.0/security-groups/ffe92d4a-b968-4686-94f7-d815f064020b?project_id=e1876e7429b34c7381d13da8019991be HTTP/1.1" status: 200 len: 2314 time: 0.0869706
2026-07-15 05:44:28.543 9 INFO neutron.wsgi [None req-2ba7bfd3-2515-4fd5-8b1b-273b6349ceac b74d0f6850a24e4db72747476cff5a28 793826d128cb404e972d2611e7ca6d6f - - default default] 199.204.45.116,10.0.0.150 "GET /v2.0/security-groups/ffe92d4a-b968-4686-94f7-d815f064020b HTTP/1.1" status: 200 len: 2314 time: 0.0464921
2026-07-15 05:44:28.665 9 INFO neutron.wsgi [None req-5e552115-5392-433f-9df7-3ee9185a9a61 b74d0f6850a24e4db72747476cff5a28 793826d128cb404e972d2611e7ca6d6f - - default default] 199.204.45.116,10.0.0.150 "GET /v2.0/security-groups/ffe92d4a-b968-4686-94f7-d815f064020b?project_id=e1876e7429b34c7381d13da8019991be HTTP/1.1" status: 200 len: 2314 time: 0.0227962
2026-07-15 05:44:28.781 9 INFO neutron.db.ovn_revision_numbers_db [None req-dcce76f5-84fa-4080-a3fe-e85631017645 b74d0f6850a24e4db72747476cff5a28 793826d128cb404e972d2611e7ca6d6f - - default default] Successfully bumped revision number for resource 49e54003-de5b-455a-812d-0ae3839e8802 (type: security_group_rules) to 0
2026-07-15 05:44:28.805 9 INFO neutron.wsgi [None req-dcce76f5-84fa-4080-a3fe-e85631017645 b74d0f6850a24e4db72747476cff5a28 793826d128cb404e972d2611e7ca6d6f - - default default] 199.204.45.116,10.0.0.150 "POST /v2.0/security-group-rules HTTP/1.1" status: 201 len: 747 time: 0.1342118
2026-07-15 05:44:29.854 9 INFO neutron.wsgi [None req-023ba0ad-2865-4563-91cb-d90996811897 b74d0f6850a24e4db72747476cff5a28 793826d128cb404e972d2611e7ca6d6f - - default default] 199.204.45.116,10.0.0.150 "GET /v2.0/security-groups/ffe92d4a-b968-4686-94f7-d815f064020b?project_id=e1876e7429b34c7381d13da8019991be HTTP/1.1" status: 200 len: 2894 time: 0.0767708
2026-07-15 05:44:29.894 9 INFO neutron.wsgi [None req-799afb9f-34ff-437a-98b3-c6f7870520f3 b74d0f6850a24e4db72747476cff5a28 793826d128cb404e972d2611e7ca6d6f - - default default] 199.204.45.116,10.0.0.150 "GET /v2.0/security-groups/ffe92d4a-b968-4686-94f7-d815f064020b HTTP/1.1" status: 200 len: 2894 time: 0.0316968
2026-07-15 05:44:30.014 9 INFO neutron.wsgi [None req-f380826d-7b01-44e4-a435-a7db00ccec7d b74d0f6850a24e4db72747476cff5a28 793826d128cb404e972d2611e7ca6d6f - - default default] 199.204.45.116,10.0.0.150 "GET /v2.0/security-groups/ffe92d4a-b968-4686-94f7-d815f064020b?project_id=e1876e7429b34c7381d13da8019991be HTTP/1.1" status: 200 len: 2894 time: 0.0341716
2026-07-15 05:44:30.168 9 INFO neutron.db.ovn_revision_numbers_db [None req-e1b9dbc5-0676-4c1f-ba0e-6231f29276eb b74d0f6850a24e4db72747476cff5a28 793826d128cb404e972d2611e7ca6d6f - - default default] Successfully bumped revision number for resource 8a6124e5-e180-4902-95fa-6935713a0c7c (type: security_group_rules) to 0
2026-07-15 05:44:30.193 9 INFO neutron.wsgi [None req-e1b9dbc5-0676-4c1f-ba0e-6231f29276eb b74d0f6850a24e4db72747476cff5a28 793826d128cb404e972d2611e7ca6d6f - - default default] 199.204.45.116,10.0.0.150 "POST /v2.0/security-group-rules HTTP/1.1" status: 201 len: 749 time: 0.1712580
2026-07-15 05:44:30.581 10 INFO neutron.wsgi [-] 10.0.0.150 "GET / HTTP/1.1" status: 200 len: 247 time: 0.0022702
2026-07-15 05:44:30.584 10 INFO neutron.wsgi [-] 10.0.0.150 "GET / HTTP/1.1" status: 200 len: 247 time: 0.0022404
2026-07-15 05:44:31.280 9 INFO neutron.wsgi [None req-a746bbf8-1b9d-4b35-8bb9-4c89e11c85ac b74d0f6850a24e4db72747476cff5a28 793826d128cb404e972d2611e7ca6d6f - - default default] 199.204.45.116,10.0.0.150 "GET /v2.0/security-groups/ffe92d4a-b968-4686-94f7-d815f064020b?project_id=e1876e7429b34c7381d13da8019991be HTTP/1.1" status: 200 len: 3476 time: 0.0708396
2026-07-15 05:44:31.318 9 INFO neutron.wsgi [None req-03126032-7fad-49cb-b062-a4604eb9dafb b74d0f6850a24e4db72747476cff5a28 793826d128cb404e972d2611e7ca6d6f - - default default] 199.204.45.116,10.0.0.150 "GET /v2.0/security-groups/ffe92d4a-b968-4686-94f7-d815f064020b HTTP/1.1" status: 200 len: 3476 time: 0.0290108
2026-07-15 05:44:31.431 9 INFO neutron.wsgi [None req-ea80d59b-3ba3-4a5d-a13a-a36a1cd27dba b74d0f6850a24e4db72747476cff5a28 793826d128cb404e972d2611e7ca6d6f - - default default] 199.204.45.116,10.0.0.150 "GET /v2.0/security-groups/ffe92d4a-b968-4686-94f7-d815f064020b?project_id=e1876e7429b34c7381d13da8019991be HTTP/1.1" status: 200 len: 3476 time: 0.0305002
2026-07-15 05:44:31.560 9 INFO neutron.db.ovn_revision_numbers_db [None req-62a3f459-471f-41be-9456-4d9e89b50cba b74d0f6850a24e4db72747476cff5a28 793826d128cb404e972d2611e7ca6d6f - - default default] Successfully bumped revision number for resource 1ecf92fa-e6c7-4fda-b582-a94c6d4c813c (type: security_group_rules) to 0
2026-07-15 05:44:31.586 9 INFO neutron.wsgi [None req-62a3f459-471f-41be-9456-4d9e89b50cba b74d0f6850a24e4db72747476cff5a28 793826d128cb404e972d2611e7ca6d6f - - default default] 199.204.45.116,10.0.0.150 "POST /v2.0/security-group-rules HTTP/1.1" status: 201 len: 750 time: 0.1482580
2026-07-15 05:44:45.581 9 INFO neutron.wsgi [-] 10.0.0.150 "GET / HTTP/1.1" status: 200 len: 247 time: 0.0018184
2026-07-15 05:44:45.581 10 INFO neutron.wsgi [-] 10.0.0.150 "GET / HTTP/1.1" status: 200 len: 247 time: 0.0019007
2026-07-15 05:45:00.581 9 INFO neutron.wsgi [-] 10.0.0.150 "GET / HTTP/1.1" status: 200 len: 247 time: 0.0014112
2026-07-15 05:45:00.583 10 INFO neutron.wsgi [-] 10.0.0.150 "GET / HTTP/1.1" status: 200 len: 247 time: 0.0023878
2026-07-15 05:45:15.584 9 INFO neutron.wsgi [-] 10.0.0.150 "GET / HTTP/1.1" status: 200 len: 247 time: 0.0043049
2026-07-15 05:45:15.588 9 INFO neutron.wsgi [-] 10.0.0.150 "GET / HTTP/1.1" status: 200 len: 247 time: 0.0028226
2026-07-15 05:45:30.583 10 INFO neutron.wsgi [-] 10.0.0.150 "GET / HTTP/1.1" status: 200 len: 247 time: 0.0030265
2026-07-15 05:45:30.584 10 INFO neutron.wsgi [-] 10.0.0.150 "GET / HTTP/1.1" status: 200 len: 247 time: 0.0009198
2026-07-15 05:45:45.582 10 INFO neutron.wsgi [-] 10.0.0.150 "GET / HTTP/1.1" status: 200 len: 247 time: 0.0022519
2026-07-15 05:45:45.584 9 INFO neutron.wsgi [-] 10.0.0.150 "GET / HTTP/1.1" status: 200 len: 247 time: 0.0036914
2026-07-15 05:46:00.581 10 INFO neutron.wsgi [-] 10.0.0.150 "GET / HTTP/1.1" status: 200 len: 247 time: 0.0020509
2026-07-15 05:46:00.586 9 INFO neutron.wsgi [-] 10.0.0.150 "GET / HTTP/1.1" status: 200 len: 247 time: 0.0067036
2026-07-15 05:46:15.582 10 INFO neutron.wsgi [-] 10.0.0.150 "GET / HTTP/1.1" status: 200 len: 247 time: 0.0021169
2026-07-15 05:46:15.585 10 INFO neutron.wsgi [-] 10.0.0.150 "GET / HTTP/1.1" status: 200 len: 247 time: 0.0018089
2026-07-15 05:46:30.583 10 INFO neutron.wsgi [-] 10.0.0.150 "GET / HTTP/1.1" status: 200 len: 247 time: 0.0040991
2026-07-15 05:46:30.583 9 INFO neutron.wsgi [-] 10.0.0.150 "GET / HTTP/1.1" status: 200 len: 247 time: 0.0042374
2026-07-15 05:46:45.120 9 INFO neutron.wsgi [None req-4f7419cc-7af8-4045-ba6f-0aa0e2058a07 7326a3899216473989aa780f935c996b e1876e7429b34c7381d13da8019991be - - 0c8a729e6dab4f17a284c6fa56afbc8a 0c8a729e6dab4f17a284c6fa56afbc8a] 199.204.45.116 "GET /v2.0/networks?tenant_id=e1876e7429b34c7381d13da8019991be&shared=False HTTP/1.1" status: 200 len: 213 time: 0.1530373
2026-07-15 05:46:45.216 9 INFO neutron.db.segments_db [None req-1a748291-d9db-43d3-bd21-6dc7b262b255 7326a3899216473989aa780f935c996b e1876e7429b34c7381d13da8019991be - - 0c8a729e6dab4f17a284c6fa56afbc8a 0c8a729e6dab4f17a284c6fa56afbc8a] Added segment 9b3a5e25-2f46-4547-b799-c5262ca29dc9 of type geneve for network 2c56528d-1267-4313-9d56-48a588f8284f
2026-07-15 05:46:45.383 9 INFO neutron.db.ovn_revision_numbers_db [None req-1a748291-d9db-43d3-bd21-6dc7b262b255 7326a3899216473989aa780f935c996b e1876e7429b34c7381d13da8019991be - - 0c8a729e6dab4f17a284c6fa56afbc8a 0c8a729e6dab4f17a284c6fa56afbc8a] Successfully bumped revision number for resource 2c56528d-1267-4313-9d56-48a588f8284f (type: networks) to 1
2026-07-15 05:46:45.584 10 INFO neutron.wsgi [-] 10.0.0.150 "GET / HTTP/1.1" status: 200 len: 247 time: 0.0026612
2026-07-15 05:46:45.587 10 INFO neutron.wsgi [-] 10.0.0.150 "GET / HTTP/1.1" status: 200 len: 247 time: 0.0022056
2026-07-15 05:46:45.604 9 WARNING neutron.scheduler.dhcp_agent_scheduler [None req-1a748291-d9db-43d3-bd21-6dc7b262b255 7326a3899216473989aa780f935c996b e1876e7429b34c7381d13da8019991be - - 0c8a729e6dab4f17a284c6fa56afbc8a 0c8a729e6dab4f17a284c6fa56afbc8a] No more DHCP agents
2026-07-15 05:46:45.606 9 WARNING neutron.api.rpc.agentnotifiers.dhcp_rpc_agent_api [None req-1a748291-d9db-43d3-bd21-6dc7b262b255 7326a3899216473989aa780f935c996b e1876e7429b34c7381d13da8019991be - - 0c8a729e6dab4f17a284c6fa56afbc8a 0c8a729e6dab4f17a284c6fa56afbc8a] Unable to schedule network 2c56528d-1267-4313-9d56-48a588f8284f: no agents available; will retry on subsequent port and subnet creation events.
2026-07-15 05:46:45.784 9 INFO neutron.db.ovn_revision_numbers_db [None req-1a748291-d9db-43d3-bd21-6dc7b262b255 7326a3899216473989aa780f935c996b e1876e7429b34c7381d13da8019991be - - 0c8a729e6dab4f17a284c6fa56afbc8a 0c8a729e6dab4f17a284c6fa56afbc8a] Successfully bumped revision number for resource 413f3f66-e10a-457d-a05e-c4ebc0dc1c0b (type: ports) to 1
2026-07-15 05:46:45.808 9 INFO neutron.wsgi [None req-1a748291-d9db-43d3-bd21-6dc7b262b255 7326a3899216473989aa780f935c996b e1876e7429b34c7381d13da8019991be - - 0c8a729e6dab4f17a284c6fa56afbc8a 0c8a729e6dab4f17a284c6fa56afbc8a] 199.204.45.116 "POST /v2.0/networks HTTP/1.1" status: 201 len: 925 time: 0.6802146
2026-07-15 05:46:45.847 9 INFO neutron.wsgi [None req-181b6b7d-d7a3-4bac-8672-11b552bb95a8 7326a3899216473989aa780f935c996b e1876e7429b34c7381d13da8019991be - - 0c8a729e6dab4f17a284c6fa56afbc8a 0c8a729e6dab4f17a284c6fa56afbc8a] 199.204.45.116 "GET /v2.0/ports?device_id=manila-share&binding%3Ahost_id=instance HTTP/1.1" status: 200 len: 210 time: 0.0293448
2026-07-15 05:46:45.863 9 INFO neutron.wsgi [None req-2327cab5-b038-48c2-ae77-f16632f926b3 7326a3899216473989aa780f935c996b e1876e7429b34c7381d13da8019991be - - 0c8a729e6dab4f17a284c6fa56afbc8a 0c8a729e6dab4f17a284c6fa56afbc8a] 199.204.45.116 "GET /v2.0/extensions HTTP/1.1" status: 200 len: 16980 time: 0.0084796
2026-07-15 05:46:46.097 9 WARNING neutron.scheduler.dhcp_agent_scheduler [None req-fc57c7c1-4540-40cc-98ba-71442b3d98da 7326a3899216473989aa780f935c996b e1876e7429b34c7381d13da8019991be - - 0c8a729e6dab4f17a284c6fa56afbc8a 0c8a729e6dab4f17a284c6fa56afbc8a] No more DHCP agents
2026-07-15 05:46:46.100 9 WARNING neutron.api.rpc.agentnotifiers.dhcp_rpc_agent_api [None req-fc57c7c1-4540-40cc-98ba-71442b3d98da 7326a3899216473989aa780f935c996b e1876e7429b34c7381d13da8019991be - - 0c8a729e6dab4f17a284c6fa56afbc8a 0c8a729e6dab4f17a284c6fa56afbc8a] Unable to schedule network 2c56528d-1267-4313-9d56-48a588f8284f: no agents available; will retry on subsequent port and subnet creation events.
2026-07-15 05:46:46.187 9 INFO neutron.db.ovn_revision_numbers_db [None req-fc57c7c1-4540-40cc-98ba-71442b3d98da 7326a3899216473989aa780f935c996b e1876e7429b34c7381d13da8019991be - - 0c8a729e6dab4f17a284c6fa56afbc8a 0c8a729e6dab4f17a284c6fa56afbc8a] Successfully bumped revision number for resource 4572c661-86cb-4c5c-bc76-111dcc3e39c7 (type: ports) to 1
2026-07-15 05:46:46.416 9 INFO neutron.db.ovn_revision_numbers_db [None req-fc57c7c1-4540-40cc-98ba-71442b3d98da 7326a3899216473989aa780f935c996b e1876e7429b34c7381d13da8019991be - - 0c8a729e6dab4f17a284c6fa56afbc8a 0c8a729e6dab4f17a284c6fa56afbc8a] Successfully bumped revision number for resource 4572c661-86cb-4c5c-bc76-111dcc3e39c7 (type: ports) to 1
2026-07-15 05:46:46.445 9 INFO neutron.wsgi [None req-fc57c7c1-4540-40cc-98ba-71442b3d98da 7326a3899216473989aa780f935c996b e1876e7429b34c7381d13da8019991be - - 0c8a729e6dab4f17a284c6fa56afbc8a 0c8a729e6dab4f17a284c6fa56afbc8a] 199.204.45.116 "POST /v2.0/ports HTTP/1.1" status: 201 len: 1144 time: 0.5778058
2026-07-15 05:46:46.500 9 INFO neutron.wsgi [None req-7125d5be-384e-423f-b69d-8ca82e212c9c 7326a3899216473989aa780f935c996b e1876e7429b34c7381d13da8019991be - - 0c8a729e6dab4f17a284c6fa56afbc8a 0c8a729e6dab4f17a284c6fa56afbc8a] 199.204.45.116 "GET /v2.0/networks/2c56528d-1267-4313-9d56-48a588f8284f HTTP/1.1" status: 200 len: 907 time: 0.0445321
2026-07-15 05:46:47.326 10 INFO neutron.plugins.ml2.drivers.ovn.mech_driver.mech_driver [None req-80fc0f6d-713c-4715-9cb0-d8a907150370 - - - - - -] OVN reports status up for port: 4572c661-86cb-4c5c-bc76-111dcc3e39c7
2026-07-15 05:46:47.339 10 INFO neutron.plugins.ml2.plugin [None req-80fc0f6d-713c-4715-9cb0-d8a907150370 - - - - - -] Attempt 1 to provision port 4572c661-86cb-4c5c-bc76-111dcc3e39c7
2026-07-15 05:46:47.581 10 INFO neutron.db.ovn_revision_numbers_db [None req-80fc0f6d-713c-4715-9cb0-d8a907150370 - - - - - -] Successfully bumped revision number for resource 4572c661-86cb-4c5c-bc76-111dcc3e39c7 (type: ports) to 3
2026-07-15 05:46:49.247 9 INFO neutron.wsgi [None req-836699e2-78d2-4355-84a0-bab52c173568 7326a3899216473989aa780f935c996b e1876e7429b34c7381d13da8019991be - - 0c8a729e6dab4f17a284c6fa56afbc8a 0c8a729e6dab4f17a284c6fa56afbc8a] 199.204.45.116 "GET /v2.0/ports?device_id=manila-share&binding%3Ahost_id=instance HTTP/1.1" status: 200 len: 1172 time: 0.0680437
2026-07-15 05:46:49.313 9 INFO neutron.wsgi [None req-8cf94940-5acd-4acd-95aa-f4f84cd281e1 7326a3899216473989aa780f935c996b e1876e7429b34c7381d13da8019991be - - 0c8a729e6dab4f17a284c6fa56afbc8a 0c8a729e6dab4f17a284c6fa56afbc8a] 199.204.45.116 "GET /v2.0/networks/2c56528d-1267-4313-9d56-48a588f8284f HTTP/1.1" status: 200 len: 907 time: 0.0586429
2026-07-15 05:47:00.581 10 INFO neutron.wsgi [-] 10.0.0.150 "GET / HTTP/1.1" status: 200 len: 247 time: 0.0020082
2026-07-15 05:47:00.583 9 INFO neutron.wsgi [-] 10.0.0.150 "GET / HTTP/1.1" status: 200 len: 247 time: 0.0034990 /var/lib/openstack/lib/python3.10/site-packages/pycadf/identifier.py:71: UserWarning: Invalid uuid: unknown. To ensure interoperability, identifiers should be a valid uuid. warnings.warn(('Invalid uuid: %s. To ensure interoperability, '
2026-07-15 05:47:05.435 10 INFO neutron.wsgi [None req-0f49631a-5487-4016-ba50-2220532ddd54 b74d0f6850a24e4db72747476cff5a28 793826d128cb404e972d2611e7ca6d6f - - default default] 199.204.45.116,10.0.0.150 "GET /v2.0/quotas/e1876e7429b34c7381d13da8019991be HTTP/1.1" status: 200 len: 362 time: 0.0189197 /var/lib/openstack/lib/python3.10/site-packages/neutron/extensions/quotasv2.py:139: UserWarning: Neutron quota engine will require "--force" parameter to set a quota limit without checking the resource usage. warnings.warn('Neutron quota engine will require "--force" '
2026-07-15 05:47:06.022 10 INFO neutron.wsgi [None req-def6c72d-90f8-4b1a-bfd0-16a80a16b7d7 b74d0f6850a24e4db72747476cff5a28 793826d128cb404e972d2611e7ca6d6f - - default default] 199.204.45.116,10.0.0.150 "PUT /v2.0/quotas/e1876e7429b34c7381d13da8019991be HTTP/1.1" status: 200 len: 361 time: 0.0414960
2026-07-15 05:47:15.586 10 INFO neutron.wsgi [-] 10.0.0.150 "GET / HTTP/1.1" status: 200 len: 247 time: 0.0044737
2026-07-15 05:47:15.590 10 INFO neutron.wsgi [-] 10.0.0.150 "GET / HTTP/1.1" status: 200 len: 247 time: 0.0030813
2026-07-15 05:47:30.582 9 INFO neutron.wsgi [-] 10.0.0.150 "GET / HTTP/1.1" status: 200 len: 247 time: 0.0022595
2026-07-15 05:47:30.584 10 INFO neutron.wsgi [-] 10.0.0.150 "GET / HTTP/1.1" status: 200 len: 247 time: 0.0031459
2026-07-15 05:47:45.586 9 INFO neutron.wsgi [-] 10.0.0.150 "GET / HTTP/1.1" status: 200 len: 247 time: 0.0055969
2026-07-15 05:47:45.591 9 INFO neutron.wsgi [-] 10.0.0.150 "GET / HTTP/1.1" status: 200 len: 247 time: 0.0022678
2026-07-15 05:48:00.583 9 INFO neutron.wsgi [-] 10.0.0.150 "GET / HTTP/1.1" status: 200 len: 247 time: 0.0027945
2026-07-15 05:48:00.587 9 INFO neutron.wsgi [-] 10.0.0.150 "GET / HTTP/1.1" status: 200 len: 247 time: 0.0024571
2026-07-15 05:48:15.582 10 INFO neutron.wsgi [-] 10.0.0.150 "GET / HTTP/1.1" status: 200 len: 247 time: 0.0028446
2026-07-15 05:48:15.586 9 INFO neutron.wsgi [-] 10.0.0.150 "GET / HTTP/1.1" status: 200 len: 247 time: 0.0064762
2026-07-15 05:48:16.754 9 INFO neutron.wsgi [None req-7f89b263-be77-460a-8ecd-bcbc1552c8b8 b74d0f6850a24e4db72747476cff5a28 793826d128cb404e972d2611e7ca6d6f - - default default] 10.0.0.119 "GET /v2.0/floatingips HTTP/1.1" status: 200 len: 193 time: 0.0801053
2026-07-15 05:48:16.790 9 INFO neutron.wsgi [None req-48fff233-33ec-4d6c-aaaa-d04945c3e1db b74d0f6850a24e4db72747476cff5a28 793826d128cb404e972d2611e7ca6d6f - - default default] 10.0.0.119 "GET /v2.0/routers HTTP/1.1" status: 200 len: 189 time: 0.0346417
2026-07-15 05:48:16.834 9 INFO neutron.wsgi [None req-88c1a0f7-66db-460c-9c69-accb632d06de b74d0f6850a24e4db72747476cff5a28 793826d128cb404e972d2611e7ca6d6f - - default default] 10.0.0.119 "GET /v2.0/agents?binary=ovn-controller HTTP/1.1" status: 200 len: 591 time: 0.0429146
2026-07-15 05:48:16.847 9 INFO neutron.wsgi [None req-86c4e679-7fe3-442e-8925-a74e31fd0c78 b74d0f6850a24e4db72747476cff5a28 793826d128cb404e972d2611e7ca6d6f - - default default] 10.0.0.119 "GET /v2.0/agents HTTP/1.1" status: 200 len: 997 time: 0.0120187
2026-07-15 05:48:16.906 9 INFO neutron.wsgi [None req-d26f8a20-7c9a-42e0-a0e7-809a8cb486cc b74d0f6850a24e4db72747476cff5a28 793826d128cb404e972d2611e7ca6d6f - - default default] 10.0.0.119 "GET /v2.0/security-groups HTTP/1.1" status: 200 len: 16803 time: 0.0573695
2026-07-15 05:48:16.977 9 INFO neutron.wsgi [None req-cfdd01c2-a578-42a8-a302-ddeec3303881 b74d0f6850a24e4db72747476cff5a28 793826d128cb404e972d2611e7ca6d6f - - default default] 10.0.0.119 "GET /v2.0/ports HTTP/1.1" status: 200 len: 5351 time: 0.0616615
2026-07-15 05:48:16.997 9 INFO neutron.wsgi [None req-2248b184-b8b1-4d4e-8155-faf6ade81913 b74d0f6850a24e4db72747476cff5a28 793826d128cb404e972d2611e7ca6d6f - - default default] 10.0.0.119 "GET /v2.0/network-ip-availabilities HTTP/1.1" status: 200 len: 1280 time: 0.0145559
2026-07-15 05:48:17.072 9 INFO neutron.wsgi [None req-b5870153-37d1-4f6f-9a94-17bb1da8dc5a b74d0f6850a24e4db72747476cff5a28 793826d128cb404e972d2611e7ca6d6f - - default default] 10.0.0.119 "GET /v2.0/networks HTTP/1.1" status: 200 len: 2350 time: 0.0733240
2026-07-15 05:48:17.111 9 INFO neutron.wsgi [None req-98e45771-7d12-4a8a-9094-19914a46635e b74d0f6850a24e4db72747476cff5a28 793826d128cb404e972d2611e7ca6d6f - - default default] 10.0.0.119 "GET /v2.0/subnets HTTP/1.1" status: 200 len: 1437 time: 0.0370994
2026-07-15 05:48:17.141 9 INFO neutron.wsgi [None req-7ba2d48f-6481-4a9f-b519-e4fd4bf52171 b74d0f6850a24e4db72747476cff5a28 793826d128cb404e972d2611e7ca6d6f - - default default] 10.0.0.119 "GET /v2.0/subnets HTTP/1.1" status: 200 len: 1437 time: 0.0285242
2026-07-15 05:48:17.153 9 INFO neutron.wsgi [None req-135d3c47-0bdc-4e15-87fb-8c8c873a3223 b74d0f6850a24e4db72747476cff5a28 793826d128cb404e972d2611e7ca6d6f - - default default] 10.0.0.119 "GET /v2.0/subnetpools HTTP/1.1" status: 200 len: 193 time: 0.0106452
2026-07-15 05:48:30.580 10 INFO neutron.wsgi [-] 10.0.0.150 "GET / HTTP/1.1" status: 200 len: 247 time: 0.0017221
2026-07-15 05:48:30.581 9 INFO neutron.wsgi [-] 10.0.0.150 "GET / HTTP/1.1" status: 200 len: 247 time: 0.0017965
2026-07-15 05:48:45.585 9 INFO neutron.wsgi [-] 10.0.0.150 "GET / HTTP/1.1" status: 200 len: 247 time: 0.0041974
2026-07-15 05:48:45.588 9 INFO neutron.wsgi [-] 10.0.0.150 "GET / HTTP/1.1" status: 200 len: 247 time: 0.0017715
2026-07-15 05:49:00.582 10 INFO neutron.wsgi [-] 10.0.0.150 "GET / HTTP/1.1" status: 200 len: 247 time: 0.0023091
2026-07-15 05:49:00.584 10 INFO neutron.wsgi [-] 10.0.0.150 "GET / HTTP/1.1" status: 200 len: 247 time: 0.0012541
2026-07-15 05:49:15.582 9 INFO neutron.wsgi [-] 10.0.0.150 "GET / HTTP/1.1" status: 200 len: 247 time: 0.0031505
2026-07-15 05:49:15.584 10 INFO neutron.wsgi [-] 10.0.0.150 "GET / HTTP/1.1" status: 200 len: 247 time: 0.0027928
2026-07-15 05:49:16.764 9 INFO neutron.wsgi [None req-cf0eacf1-1d32-448e-b8cd-8453746ca7d4 b74d0f6850a24e4db72747476cff5a28 793826d128cb404e972d2611e7ca6d6f - - default default] 10.0.0.119 "GET /v2.0/networks HTTP/1.1" status: 200 len: 2350 time: 0.1101961
2026-07-15 05:49:16.812 9 INFO neutron.wsgi [None req-acdb32d9-e60b-4997-966e-ff3e998bf2ef b74d0f6850a24e4db72747476cff5a28 793826d128cb404e972d2611e7ca6d6f - - default default] 10.0.0.119 "GET /v2.0/security-groups HTTP/1.1" status: 200 len: 16803 time: 0.0454621
2026-07-15 05:49:16.836 9 INFO neutron.wsgi [None req-00bd2c8a-57a2-4905-9875-6c89a6cee4f3 b74d0f6850a24e4db72747476cff5a28 793826d128cb404e972d2611e7ca6d6f - - default default] 10.0.0.119 "GET /v2.0/routers HTTP/1.1" status: 200 len: 189 time: 0.0198240
2026-07-15 05:49:16.874 9 INFO neutron.wsgi [None req-3fdc663c-91d3-48d5-b2f1-2c33938fd7ee b74d0f6850a24e4db72747476cff5a28 793826d128cb404e972d2611e7ca6d6f - - default default] 10.0.0.119 "GET /v2.0/agents?binary=ovn-controller HTTP/1.1" status: 200 len: 591 time: 0.0376222
2026-07-15 05:49:16.988 9 INFO neutron.wsgi [None req-c9a618c6-03be-4d90-8fe3-ef8e03a18a25 b74d0f6850a24e4db72747476cff5a28 793826d128cb404e972d2611e7ca6d6f - - default default] 10.0.0.119 "GET /v2.0/ports HTTP/1.1" status: 200 len: 5351 time: 0.1128139
2026-07-15 05:49:17.007 9 INFO neutron.wsgi [None req-6c3a4e96-be2c-4ccd-ba33-bd298f3d4a55 b74d0f6850a24e4db72747476cff5a28 793826d128cb404e972d2611e7ca6d6f - - default default] 10.0.0.119 "GET /v2.0/agents HTTP/1.1" status: 200 len: 997 time: 0.0134521
2026-07-15 05:49:17.037 9 INFO neutron.wsgi [None req-3308bf93-8922-46c4-90cb-71c9eb627078 b74d0f6850a24e4db72747476cff5a28 793826d128cb404e972d2611e7ca6d6f - - default default] 10.0.0.119 "GET /v2.0/subnets HTTP/1.1" status: 200 len: 1437 time: 0.0281782
2026-07-15 05:49:17.047 9 INFO neutron.wsgi [None req-9039302b-c761-4e8e-b252-0d6360c0a8ff b74d0f6850a24e4db72747476cff5a28 793826d128cb404e972d2611e7ca6d6f - - default default] 10.0.0.119 "GET /v2.0/subnetpools HTTP/1.1" status: 200 len: 193 time: 0.0080638
2026-07-15 05:49:17.078 9 INFO neutron.wsgi [None req-75b33622-fa17-4def-96fc-faeae090fae6 b74d0f6850a24e4db72747476cff5a28 793826d128cb404e972d2611e7ca6d6f - - default default] 10.0.0.119 "GET /v2.0/subnets HTTP/1.1" status: 200 len: 1437 time: 0.0302813
2026-07-15 05:49:17.091 9 INFO neutron.wsgi [None req-edefb837-cec9-433c-9fa3-0dd8a4eaf427 b74d0f6850a24e4db72747476cff5a28 793826d128cb404e972d2611e7ca6d6f - - default default] 10.0.0.119 "GET /v2.0/network-ip-availabilities HTTP/1.1" status: 200 len: 1280 time: 0.0115337
2026-07-15 05:49:17.115 9 INFO neutron.wsgi [None req-2f3847fa-c04d-4917-894f-523fd4b13be9 b74d0f6850a24e4db72747476cff5a28 793826d128cb404e972d2611e7ca6d6f - - default default] 10.0.0.119 "GET /v2.0/floatingips HTTP/1.1" status: 200 len: 193 time: 0.0227857
2026-07-15 05:49:30.580 9 INFO neutron.wsgi [-] 10.0.0.150 "GET / HTTP/1.1" status: 200 len: 247 time: 0.0013547
2026-07-15 05:49:30.582 9 INFO neutron.wsgi [-] 10.0.0.150 "GET / HTTP/1.1" status: 200 len: 247 time: 0.0008943
2026-07-15 05:49:45.583 9 INFO neutron.wsgi [-] 10.0.0.150 "GET / HTTP/1.1" status: 200 len: 247 time: 0.0031149
2026-07-15 05:49:45.587 9 INFO neutron.wsgi [-] 10.0.0.150 "GET / HTTP/1.1" status: 200 len: 247 time: 0.0033777
2026-07-15 05:49:47.348 15 INFO neutron.db.ovn_revision_numbers_db [None req-74d4f888-f095-45fe-ab2f-a81ebad5a504 - - - - - -] Successfully bumped revision number for resource ffe92d4a-b968-4686-94f7-d815f064020b (type: security_groups) to 5
2026-07-15 05:49:47.349 15 INFO neutron.plugins.ml2.drivers.ovn.mech_driver.ovsdb.maintenance [None req-74d4f888-f095-45fe-ab2f-a81ebad5a504 - - - - - -] Maintenance task: Synchronization finished (took 0.04 seconds)
2026-07-15 05:50:00.585 10 INFO neutron.wsgi [-] 10.0.0.150 "GET / HTTP/1.1" status: 200 len: 247 time: 0.0013764
2026-07-15 05:50:00.588 10 INFO neutron.wsgi [-] 10.0.0.150 "GET / HTTP/1.1" status: 200 len: 247 time: 0.0019612
2026-07-15 05:50:15.585 9 INFO neutron.wsgi [-] 10.0.0.150 "GET / HTTP/1.1" status: 200 len: 247 time: 0.0013633
2026-07-15 05:50:15.595 9 INFO neutron.wsgi [-] 10.0.0.150 "GET / HTTP/1.1" status: 200 len: 247 time: 0.0023110
2026-07-15 05:50:16.778 9 INFO neutron.wsgi [None req-8979a503-5ee2-44c8-982a-e116aa41627f b74d0f6850a24e4db72747476cff5a28 793826d128cb404e972d2611e7ca6d6f - - default default] 10.0.0.119 "GET /v2.0/security-groups HTTP/1.1" status: 200 len: 16803 time: 0.1107628
2026-07-15 05:50:16.822 9 INFO neutron.wsgi [None req-b3ae0a9b-96d4-427c-8a74-0f5c68d9d254 b74d0f6850a24e4db72747476cff5a28 793826d128cb404e972d2611e7ca6d6f - - default default] 10.0.0.119 "GET /v2.0/subnets HTTP/1.1" status: 200 len: 1437 time: 0.0380952
2026-07-15 05:50:16.890 9 INFO neutron.wsgi [None req-0687deeb-86d2-4750-bc9e-d5af9af4cc2b b74d0f6850a24e4db72747476cff5a28 793826d128cb404e972d2611e7ca6d6f - - default default] 10.0.0.119 "GET /v2.0/networks HTTP/1.1" status: 200 len: 2350 time: 0.0665004
2026-07-15 05:50:16.933 9 INFO neutron.wsgi [None req-4017afc5-e1a2-4ff2-a586-196147a8cdde b74d0f6850a24e4db72747476cff5a28 793826d128cb404e972d2611e7ca6d6f - - default default] 10.0.0.119 "GET /v2.0/subnets HTTP/1.1" status: 200 len: 1437 time: 0.0411334
2026-07-15 05:50:16.944 9 INFO neutron.wsgi [None req-7c018ce2-2d78-4887-b2d6-bd8c83327f01 b74d0f6850a24e4db72747476cff5a28 793826d128cb404e972d2611e7ca6d6f - - default default] 10.0.0.119 "GET /v2.0/subnetpools HTTP/1.1" status: 200 len: 193 time: 0.0095885
2026-07-15 05:50:16.965 9 INFO neutron.wsgi [None req-e2c7056d-10ac-42d7-bdd7-0416568f8a64 b74d0f6850a24e4db72747476cff5a28 793826d128cb404e972d2611e7ca6d6f - - default default] 10.0.0.119 "GET /v2.0/floatingips HTTP/1.1" status: 200 len: 193 time: 0.0199914
2026-07-15 05:50:17.024 9 INFO neutron.wsgi [None req-5e7f73e7-e3bb-4d8a-9a7e-215b7b18a8a7 b74d0f6850a24e4db72747476cff5a28 793826d128cb404e972d2611e7ca6d6f - - default default] 10.0.0.119 "GET /v2.0/ports HTTP/1.1" status: 200 len: 5351 time: 0.0576181
2026-07-15 05:50:17.064 9 INFO neutron.wsgi [None req-e36b9341-e81a-4e33-b276-bad3c75afc14 b74d0f6850a24e4db72747476cff5a28 793826d128cb404e972d2611e7ca6d6f - - default default] 10.0.0.119 "GET /v2.0/routers HTTP/1.1" status: 200 len: 189 time: 0.0353374
2026-07-15 05:50:17.102 9 INFO neutron.wsgi [None req-29fdd3e0-f460-4530-94e6-685bfa5aaf70 b74d0f6850a24e4db72747476cff5a28 793826d128cb404e972d2611e7ca6d6f - - default default] 10.0.0.119 "GET /v2.0/agents?binary=ovn-controller HTTP/1.1" status: 200 len: 591 time: 0.0369661
2026-07-15 05:50:17.114 9 INFO neutron.wsgi [None req-9c4aeb04-f99e-46fa-8bd7-f746fda0347a b74d0f6850a24e4db72747476cff5a28 793826d128cb404e972d2611e7ca6d6f - - default default] 10.0.0.119 "GET /v2.0/agents HTTP/1.1" status: 200 len: 997 time: 0.0111990
2026-07-15 05:50:17.124 9 INFO neutron.wsgi [None req-016951c0-8d98-4cb5-82f5-5f25a03c74c1 b74d0f6850a24e4db72747476cff5a28 793826d128cb404e972d2611e7ca6d6f - - default default] 10.0.0.119 "GET /v2.0/network-ip-availabilities HTTP/1.1" status: 200 len: 1280 time: 0.0092766
2026-07-15 05:50:30.581 10 INFO neutron.wsgi [-] 10.0.0.150 "GET / HTTP/1.1" status: 200 len: 247 time: 0.0024109
2026-07-15 05:50:30.584 10 INFO neutron.wsgi [-] 10.0.0.150 "GET / HTTP/1.1" status: 200 len: 247 time: 0.0015028
2026-07-15 05:50:45.583 9 INFO neutron.wsgi [-] 10.0.0.150 "GET / HTTP/1.1" status: 200 len: 247 time: 0.0027070
2026-07-15 05:50:45.585 10 INFO neutron.wsgi [-] 10.0.0.150 "GET / HTTP/1.1" status: 200 len: 247 time: 0.0048437
2026-07-15 05:51:00.581 10 INFO neutron.wsgi [-] 10.0.0.150 "GET / HTTP/1.1" status: 200 len: 247 time: 0.0017214
2026-07-15 05:51:00.582 9 INFO neutron.wsgi [-] 10.0.0.150 "GET / HTTP/1.1" status: 200 len: 247 time: 0.0025246
2026-07-15 05:51:15.582 10 INFO neutron.wsgi [-] 10.0.0.150 "GET / HTTP/1.1" status: 200 len: 247 time: 0.0017347
2026-07-15 05:51:15.584 10 INFO neutron.wsgi [-] 10.0.0.150 "GET / HTTP/1.1" status: 200 len: 247 time: 0.0012646
2026-07-15 05:51:16.805 9 INFO neutron.wsgi [None req-7ecc30d7-78da-40ed-a00f-e9ca9539df0a b74d0f6850a24e4db72747476cff5a28 793826d128cb404e972d2611e7ca6d6f - - default default] 10.0.0.119 "GET /v2.0/security-groups HTTP/1.1" status: 200 len: 16803 time: 0.1093063
2026-07-15 05:51:16.826 9 INFO neutron.wsgi [None req-0a8b100a-5d2b-4710-8134-61b8d4f7ea01 b74d0f6850a24e4db72747476cff5a28 793826d128cb404e972d2611e7ca6d6f - - default default] 10.0.0.119 "GET /v2.0/network-ip-availabilities HTTP/1.1" status: 200 len: 1280 time: 0.0155036
2026-07-15 05:51:16.866 9 INFO neutron.wsgi [None req-fe0e7b58-a536-4688-927e-f83ea3ee223a b74d0f6850a24e4db72747476cff5a28 793826d128cb404e972d2611e7ca6d6f - - default default] 10.0.0.119 "GET /v2.0/subnets HTTP/1.1" status: 200 len: 1437 time: 0.0390725
2026-07-15 05:51:16.877 9 INFO neutron.wsgi [None req-d94bd207-97e8-4327-9749-c058621d1d7e b74d0f6850a24e4db72747476cff5a28 793826d128cb404e972d2611e7ca6d6f - - default default] 10.0.0.119 "GET /v2.0/subnetpools HTTP/1.1" status: 200 len: 193 time: 0.0094397
2026-07-15 05:51:16.908 9 INFO neutron.wsgi [None req-f9c8e56b-26b9-4fb7-be66-eb706dd23e17 b74d0f6850a24e4db72747476cff5a28 793826d128cb404e972d2611e7ca6d6f - - default default] 10.0.0.119 "GET /v2.0/subnets HTTP/1.1" status: 200 len: 1437 time: 0.0307169
2026-07-15 05:51:16.950 9 INFO neutron.wsgi [None req-57fee03a-8f0b-4fe2-abc7-abfacc27ca93 b74d0f6850a24e4db72747476cff5a28 793826d128cb404e972d2611e7ca6d6f - - default default] 10.0.0.119 "GET /v2.0/ports HTTP/1.1" status: 200 len: 5351 time: 0.0395894
2026-07-15 05:51:16.979 9 INFO neutron.wsgi [None req-71b834a0-0a3c-4263-a055-698cd401519a b74d0f6850a24e4db72747476cff5a28 793826d128cb404e972d2611e7ca6d6f - - default default] 10.0.0.119 "GET /v2.0/routers HTTP/1.1" status: 200 len: 189 time: 0.0246823
2026-07-15 05:51:17.025 9 INFO neutron.wsgi [None req-17b16ef6-f0ed-4ba9-a0ce-da83143e27e5 b74d0f6850a24e4db72747476cff5a28 793826d128cb404e972d2611e7ca6d6f - - default default] 10.0.0.119 "GET /v2.0/agents?binary=ovn-controller HTTP/1.1" status: 200 len: 591 time: 0.0459154
2026-07-15 05:51:17.101 9 INFO neutron.wsgi [None req-1d36c515-f13c-464b-a6b2-9b0e751392da b74d0f6850a24e4db72747476cff5a28 793826d128cb404e972d2611e7ca6d6f - - default default] 10.0.0.119 "GET /v2.0/networks HTTP/1.1" status: 200 len: 2350 time: 0.0749474
2026-07-15 05:51:17.123 9 INFO neutron.wsgi [None req-6507cee5-f338-416e-b16b-67451bb9373d b74d0f6850a24e4db72747476cff5a28 793826d128cb404e972d2611e7ca6d6f - - default default] 10.0.0.119 "GET /v2.0/floatingips HTTP/1.1" status: 200 len: 193 time: 0.0173101
2026-07-15 05:51:17.133 9 INFO neutron.wsgi [None req-64c8b4ca-4a50-4b16-90c9-4a8633b7e154 b74d0f6850a24e4db72747476cff5a28 793826d128cb404e972d2611e7ca6d6f - - default default] 10.0.0.119 "GET /v2.0/agents HTTP/1.1" status: 200 len: 997 time: 0.0087509
2026-07-15 05:51:30.582 9 INFO neutron.wsgi [-] 10.0.0.150 "GET / HTTP/1.1" status: 200 len: 247 time: 0.0026739
2026-07-15 05:51:30.583 10 INFO neutron.wsgi [-] 10.0.0.150 "GET / HTTP/1.1" status: 200 len: 247 time: 0.0033207
2026-07-15 05:51:45.581 10 INFO neutron.wsgi [-] 10.0.0.150 "GET / HTTP/1.1" status: 200 len: 247 time: 0.0019610
2026-07-15 05:51:45.582 9 INFO neutron.wsgi [-] 10.0.0.150 "GET / HTTP/1.1" status: 200 len: 247 time: 0.0025790
2026-07-15 05:52:00.581 10 INFO neutron.wsgi [-] 10.0.0.150 "GET / HTTP/1.1" status: 200 len: 247 time: 0.0022576
2026-07-15 05:52:00.584 10 INFO neutron.wsgi [-] 10.0.0.150 "GET / HTTP/1.1" status: 200 len: 247 time: 0.0022664
2026-07-15 05:52:15.583 9 INFO neutron.wsgi [-] 10.0.0.150 "GET / HTTP/1.1" status: 200 len: 247 time: 0.0028036
2026-07-15 05:52:15.584 10 INFO neutron.wsgi [-] 10.0.0.150 "GET / HTTP/1.1" status: 200 len: 247 time: 0.0024869
2026-07-15 05:52:16.775 9 INFO neutron.wsgi [None req-650be241-a986-4b0d-b13d-52797f09e2d7 b74d0f6850a24e4db72747476cff5a28 793826d128cb404e972d2611e7ca6d6f - - default default] 10.0.0.119 "GET /v2.0/agents HTTP/1.1" status: 200 len: 997 time: 0.1217434
2026-07-15 05:52:16.813 9 INFO neutron.wsgi [None req-f124ebc0-427c-4f14-8524-8ce79ff34dd0 b74d0f6850a24e4db72747476cff5a28 793826d128cb404e972d2611e7ca6d6f - - default default] 10.0.0.119 "GET /v2.0/subnets HTTP/1.1" status: 200 len: 1437 time: 0.0374858
2026-07-15 05:52:16.825 9 INFO neutron.wsgi [None req-520f3531-b8e0-4721-98a1-4bbb883b3573 b74d0f6850a24e4db72747476cff5a28 793826d128cb404e972d2611e7ca6d6f - - default default] 10.0.0.119 "GET /v2.0/subnetpools HTTP/1.1" status: 200 len: 193 time: 0.0108662
2026-07-15 05:52:16.889 9 INFO neutron.wsgi [None req-25158fae-ab65-4816-ad21-d6bf35dbc5e7 b74d0f6850a24e4db72747476cff5a28 793826d128cb404e972d2611e7ca6d6f - - default default] 10.0.0.119 "GET /v2.0/networks HTTP/1.1" status: 200 len: 2350 time: 0.0632961
2026-07-15 05:52:16.957 9 INFO neutron.wsgi [None req-e82906fb-6048-4f58-ac8e-870c81858090 b74d0f6850a24e4db72747476cff5a28 793826d128cb404e972d2611e7ca6d6f - - default default] 10.0.0.119 "GET /v2.0/security-groups HTTP/1.1" status: 200 len: 16803 time: 0.0638616
2026-07-15 05:52:16.986 9 INFO neutron.wsgi [None req-e004df54-16b0-4afe-aa84-811a00c0cd64 b74d0f6850a24e4db72747476cff5a28 793826d128cb404e972d2611e7ca6d6f - - default default] 10.0.0.119 "GET /v2.0/routers HTTP/1.1" status: 200 len: 189 time: 0.0235271
2026-07-15 05:52:16.999 9 INFO neutron.wsgi [None req-de85e56e-53ba-4d0b-9cff-0bc36d3ebc32 b74d0f6850a24e4db72747476cff5a28 793826d128cb404e972d2611e7ca6d6f - - default default] 10.0.0.119 "GET /v2.0/agents?binary=ovn-controller HTTP/1.1" status: 200 len: 591 time: 0.0126920
2026-07-15 05:52:17.015 9 INFO neutron.wsgi [None req-caf4e992-4720-417d-b098-b2deaa89bc16 b74d0f6850a24e4db72747476cff5a28 793826d128cb404e972d2611e7ca6d6f - - default default] 10.0.0.119 "GET /v2.0/network-ip-availabilities HTTP/1.1" status: 200 len: 1280 time: 0.0142477
2026-07-15 05:52:17.063 9 INFO neutron.wsgi [None req-59203f43-14a6-4990-a36f-c36f327ea641 b74d0f6850a24e4db72747476cff5a28 793826d128cb404e972d2611e7ca6d6f - - default default] 10.0.0.119 "GET /v2.0/ports HTTP/1.1" status: 200 len: 5351 time: 0.0476050
2026-07-15 05:52:17.093 9 INFO neutron.wsgi [None req-14460de9-9bb9-466e-9833-d9bf50cfc867 b74d0f6850a24e4db72747476cff5a28 793826d128cb404e972d2611e7ca6d6f - - default default] 10.0.0.119 "GET /v2.0/floatingips HTTP/1.1" status: 200 len: 193 time: 0.0253167
2026-07-15 05:52:17.126 9 INFO neutron.wsgi [None req-9f3efeba-a4d6-4fcb-b94f-ac18d62f86e4 b74d0f6850a24e4db72747476cff5a28 793826d128cb404e972d2611e7ca6d6f - - default default] 10.0.0.119 "GET /v2.0/subnets HTTP/1.1" status: 200 len: 1437 time: 0.0318637
2026-07-15 05:52:30.581 9 INFO neutron.wsgi [-] 10.0.0.150 "GET / HTTP/1.1" status: 200 len: 247 time: 0.0017326
2026-07-15 05:52:30.581 10 INFO neutron.wsgi [-] 10.0.0.150 "GET / HTTP/1.1" status: 200 len: 247 time: 0.0023389
2026-07-15 05:52:45.582 9 INFO neutron.wsgi [-] 10.0.0.150 "GET / HTTP/1.1" status: 200 len: 247 time: 0.0026064
2026-07-15 05:52:45.583 10 INFO neutron.wsgi [-] 10.0.0.150 "GET / HTTP/1.1" status: 200 len: 247 time: 0.0036089
2026-07-15 05:53:00.581 10 INFO neutron.wsgi [-] 10.0.0.150 "GET / HTTP/1.1" status: 200 len: 247 time: 0.0019133
2026-07-15 05:53:00.583 9 INFO neutron.wsgi [-] 10.0.0.150 "GET / HTTP/1.1" status: 200 len: 247 time: 0.0032678
2026-07-15 05:53:15.585 9 INFO neutron.wsgi [-] 10.0.0.150 "GET / HTTP/1.1" status: 200 len: 247 time: 0.0029244
2026-07-15 05:53:15.591 9 INFO neutron.wsgi [-] 10.0.0.150 "GET / HTTP/1.1" status: 200 len: 247 time: 0.0026960
2026-07-15 05:53:16.788 9 INFO neutron.wsgi [None req-ef7ef3a1-a356-4c5d-83c4-b8c9abd3d115 b74d0f6850a24e4db72747476cff5a28 793826d128cb404e972d2611e7ca6d6f - - default default] 10.0.0.119 "GET /v2.0/security-groups HTTP/1.1" status: 200 len: 16803 time: 0.1262431
2026-07-15 05:53:16.824 9 INFO neutron.wsgi [None req-e57e4da6-3c09-4fff-be5b-bc5891b34036 b74d0f6850a24e4db72747476cff5a28 793826d128cb404e972d2611e7ca6d6f - - default default] 10.0.0.119 "GET /v2.0/routers HTTP/1.1" status: 200 len: 189 time: 0.0283518
2026-07-15 05:53:16.856 9 INFO neutron.wsgi [None req-c6d7c2bf-1df7-447f-9257-24eb92eb154a b74d0f6850a24e4db72747476cff5a28 793826d128cb404e972d2611e7ca6d6f - - default default] 10.0.0.119 "GET /v2.0/agents?binary=ovn-controller HTTP/1.1" status: 200 len: 591 time: 0.0308857
2026-07-15 05:53:16.875 9 INFO neutron.wsgi [None req-ccb6a002-6354-4d7a-a989-95099fc25fff b74d0f6850a24e4db72747476cff5a28 793826d128cb404e972d2611e7ca6d6f - - default default] 10.0.0.119 "GET /v2.0/floatingips HTTP/1.1" status: 200 len: 193 time: 0.0178781
2026-07-15 05:53:16.887 9 INFO neutron.wsgi [None req-4f4bcec2-1cca-4d21-8955-6ba0f89fd0ac b74d0f6850a24e4db72747476cff5a28 793826d128cb404e972d2611e7ca6d6f - - default default] 10.0.0.119 "GET /v2.0/network-ip-availabilities HTTP/1.1" status: 200 len: 1280 time: 0.0117297
2026-07-15 05:53:16.915 9 INFO neutron.wsgi [None req-992cae34-2e7c-4db2-b399-adc29b6c6d39 b74d0f6850a24e4db72747476cff5a28 793826d128cb404e972d2611e7ca6d6f - - default default] 10.0.0.119 "GET /v2.0/subnets HTTP/1.1" status: 200 len: 1437 time: 0.0268562
2026-07-15 05:53:16.924 9 INFO neutron.wsgi [None req-139e254e-8ba7-4d61-938f-6173eccc9cec b74d0f6850a24e4db72747476cff5a28 793826d128cb404e972d2611e7ca6d6f - - default default] 10.0.0.119 "GET /v2.0/subnetpools HTTP/1.1" status: 200 len: 193 time: 0.0079482
2026-07-15 05:53:16.997 9 INFO neutron.wsgi [None req-a45c49ce-3ea1-4212-8d7e-8b509d62bc32 b74d0f6850a24e4db72747476cff5a28 793826d128cb404e972d2611e7ca6d6f - - default default] 10.0.0.119 "GET /v2.0/networks HTTP/1.1" status: 200 len: 2350 time: 0.0721142
2026-07-15 05:53:17.031 9 INFO neutron.wsgi [None req-66eb32ab-700c-499b-bbb3-d75688f39a65 b74d0f6850a24e4db72747476cff5a28 793826d128cb404e972d2611e7ca6d6f - - default default] 10.0.0.119 "GET /v2.0/subnets HTTP/1.1" status: 200 len: 1437 time: 0.0313866
2026-07-15 05:53:17.085 9 INFO neutron.wsgi [None req-4fb4a25d-ea03-4b5e-a5a7-6a5422d0bd54 b74d0f6850a24e4db72747476cff5a28 793826d128cb404e972d2611e7ca6d6f - - default default] 10.0.0.119 "GET /v2.0/ports HTTP/1.1" status: 200 len: 5351 time: 0.0525048
2026-07-15 05:53:17.102 9 INFO neutron.wsgi [None req-64cb9987-8dfd-41a0-a123-2504b204924b b74d0f6850a24e4db72747476cff5a28 793826d128cb404e972d2611e7ca6d6f - - default default] 10.0.0.119 "GET /v2.0/agents HTTP/1.1" status: 200 len: 997 time: 0.0116520
2026-07-15 05:53:30.583 9 INFO neutron.wsgi [-] 10.0.0.150 "GET / HTTP/1.1" status: 200 len: 247 time: 0.0030956
2026-07-15 05:53:30.587 9 INFO neutron.wsgi [-] 10.0.0.150 "GET / HTTP/1.1" status: 200 len: 247 time: 0.0014827
2026-07-15 05:53:45.584 10 INFO neutron.wsgi [-] 10.0.0.150 "GET / HTTP/1.1" status: 200 len: 247 time: 0.0024645
2026-07-15 05:53:45.588 10 INFO neutron.wsgi [-] 10.0.0.150 "GET / HTTP/1.1" status: 200 len: 247 time: 0.0021169
2026-07-15 05:54:00.583 9 INFO neutron.wsgi [-] 10.0.0.150 "GET / HTTP/1.1" status: 200 len: 247 time: 0.0031888
2026-07-15 05:54:00.586 9 INFO neutron.wsgi [-] 10.0.0.150 "GET / HTTP/1.1" status: 200 len: 247 time: 0.0016654
2026-07-15 05:54:15.582 10 INFO neutron.wsgi [-] 10.0.0.150 "GET / HTTP/1.1" status: 200 len: 247 time: 0.0019209
2026-07-15 05:54:15.584 9 INFO neutron.wsgi [-] 10.0.0.150 "GET / HTTP/1.1" status: 200 len: 247 time: 0.0046582
2026-07-15 05:54:16.777 9 INFO neutron.wsgi [None req-b1de2acc-0f16-45b5-ae1b-c556c2c77103 b74d0f6850a24e4db72747476cff5a28 793826d128cb404e972d2611e7ca6d6f - - default default] 10.0.0.119 "GET /v2.0/security-groups HTTP/1.1" status: 200 len: 16803 time: 0.1075504
2026-07-15 05:54:16.831 9 INFO neutron.wsgi [None req-428fc18a-9346-4a35-ae52-6e76c0476164 b74d0f6850a24e4db72747476cff5a28 793826d128cb404e972d2611e7ca6d6f - - default default] 10.0.0.119 "GET /v2.0/ports HTTP/1.1" status: 200 len: 5351 time: 0.0487089
2026-07-15 05:54:16.873 9 INFO neutron.wsgi [None req-c0208ac3-9361-49f4-95a8-9d63526f6212 b74d0f6850a24e4db72747476cff5a28 793826d128cb404e972d2611e7ca6d6f - - default default] 10.0.0.119 "GET /v2.0/routers HTTP/1.1" status: 200 len: 189 time: 0.0294359
2026-07-15 05:54:16.915 9 INFO neutron.wsgi [None req-d0872272-9a78-489f-8e4a-bde9566933b4 b74d0f6850a24e4db72747476cff5a28 793826d128cb404e972d2611e7ca6d6f - - default default] 10.0.0.119 "GET /v2.0/agents?binary=ovn-controller HTTP/1.1" status: 200 len: 591 time: 0.0405242
2026-07-15 05:54:16.929 9 INFO neutron.wsgi [None req-8fd5e64b-be21-4d71-b0fa-db087486cb16 b74d0f6850a24e4db72747476cff5a28 793826d128cb404e972d2611e7ca6d6f - - default default] 10.0.0.119 "GET /v2.0/agents HTTP/1.1" status: 200 len: 997 time: 0.0123236
2026-07-15 05:54:16.940 9 INFO neutron.wsgi [None req-200d9605-0895-49d5-bf0e-c01162ba655a b74d0f6850a24e4db72747476cff5a28 793826d128cb404e972d2611e7ca6d6f - - default default] 10.0.0.119 "GET /v2.0/network-ip-availabilities HTTP/1.1" status: 200 len: 1280 time: 0.0100157
2026-07-15 05:54:17.000 9 INFO neutron.wsgi [None req-d8590402-a1b7-41b6-b5ee-2fdb1e0a8d95 b74d0f6850a24e4db72747476cff5a28 793826d128cb404e972d2611e7ca6d6f - - default default] 10.0.0.119 "GET /v2.0/networks HTTP/1.1" status: 200 len: 2350 time: 0.0589857
2026-07-15 05:54:17.036 9 INFO neutron.wsgi [None req-075b6163-dcf5-4fc8-b9b5-e8010e428fb6 b74d0f6850a24e4db72747476cff5a28 793826d128cb404e972d2611e7ca6d6f - - default default] 10.0.0.119 "GET /v2.0/subnets HTTP/1.1" status: 200 len: 1437 time: 0.0331633
2026-07-15 05:54:17.069 9 INFO neutron.wsgi [None req-9f6f1ec0-7740-4a40-990c-1329ed96f446 b74d0f6850a24e4db72747476cff5a28 793826d128cb404e972d2611e7ca6d6f - - default default] 10.0.0.119 "GET /v2.0/subnets HTTP/1.1" status: 200 len: 1437 time: 0.0321109
2026-07-15 05:54:17.078 9 INFO neutron.wsgi [None req-64224cc4-dcd6-4a23-95e7-609d5d783c0d b74d0f6850a24e4db72747476cff5a28 793826d128cb404e972d2611e7ca6d6f - - default default] 10.0.0.119 "GET /v2.0/subnetpools HTTP/1.1" status: 200 len: 193 time: 0.0076559
2026-07-15 05:54:17.096 9 INFO neutron.wsgi [None req-27d794a2-4b04-4bc2-8a21-ee7686cd333b b74d0f6850a24e4db72747476cff5a28 793826d128cb404e972d2611e7ca6d6f - - default default] 10.0.0.119 "GET /v2.0/floatingips HTTP/1.1" status: 200 len: 193 time: 0.0176742
2026-07-15 05:54:30.582 10 INFO neutron.wsgi [-] 10.0.0.150 "GET / HTTP/1.1" status: 200 len: 247 time: 0.0025666
2026-07-15 05:54:30.583 9 INFO neutron.wsgi [-] 10.0.0.150 "GET / HTTP/1.1" status: 200 len: 247 time: 0.0029659
2026-07-15 05:54:45.582 10 INFO neutron.wsgi [-] 10.0.0.150 "GET / HTTP/1.1" status: 200 len: 247 time: 0.0025198
2026-07-15 05:54:45.584 9 INFO neutron.wsgi [-] 10.0.0.150 "GET / HTTP/1.1" status: 200 len: 247 time: 0.0029976
2026-07-15 05:55:00.582 9 INFO neutron.wsgi [-] 10.0.0.150 "GET / HTTP/1.1" status: 200 len: 247 time: 0.0028350
2026-07-15 05:55:00.584 10 INFO neutron.wsgi [-] 10.0.0.150 "GET / HTTP/1.1" status: 200 len: 247 time: 0.0035329
2026-07-15 05:55:15.592 9 INFO neutron.wsgi [-] 10.0.0.150 "GET / HTTP/1.1" status: 200 len: 247 time: 0.0117137
2026-07-15 05:55:15.594 9 INFO neutron.wsgi [-] 10.0.0.150 "GET / HTTP/1.1" status: 200 len: 247 time: 0.0012119
2026-07-15 05:55:16.757 9 INFO neutron.wsgi [None req-bfb425ee-9341-4be8-8607-d9591f885bdd b74d0f6850a24e4db72747476cff5a28 793826d128cb404e972d2611e7ca6d6f - - default default] 10.0.0.119 "GET /v2.0/agents HTTP/1.1" status: 200 len: 997 time: 0.0975158
2026-07-15 05:55:16.804 9 INFO neutron.wsgi [None req-c0e7df96-ac91-4e7c-95f8-7d2eb4be5151 b74d0f6850a24e4db72747476cff5a28 793826d128cb404e972d2611e7ca6d6f - - default default] 10.0.0.119 "GET /v2.0/security-groups HTTP/1.1" status: 200 len: 16803 time: 0.0456746
2026-07-15 05:55:16.828 9 INFO neutron.wsgi [None req-268bc808-47d3-4843-b186-b27d1e9ca74f b74d0f6850a24e4db72747476cff5a28 793826d128cb404e972d2611e7ca6d6f - - default default] 10.0.0.119 "GET /v2.0/network-ip-availabilities HTTP/1.1" status: 200 len: 1280 time: 0.0211382
2026-07-15 05:55:16.857 9 INFO neutron.wsgi [None req-db029658-a35b-4f4b-b427-07ef65ccb0be b74d0f6850a24e4db72747476cff5a28 793826d128cb404e972d2611e7ca6d6f - - default default] 10.0.0.119 "GET /v2.0/subnets HTTP/1.1" status: 200 len: 1437 time: 0.0284374
2026-07-15 05:55:16.894 9 INFO neutron.wsgi [None req-38e624e1-04df-4d54-9b5f-497565f36933 b74d0f6850a24e4db72747476cff5a28 793826d128cb404e972d2611e7ca6d6f - - default default] 10.0.0.119 "GET /v2.0/subnets HTTP/1.1" status: 200 len: 1437 time: 0.0347638
2026-07-15 05:55:16.903 9 INFO neutron.wsgi [None req-96c153f4-a4ff-4985-b0e1-7d5664a12491 b74d0f6850a24e4db72747476cff5a28 793826d128cb404e972d2611e7ca6d6f - - default default] 10.0.0.119 "GET /v2.0/subnetpools HTTP/1.1" status: 200 len: 193 time: 0.0079505
2026-07-15 05:55:16.920 9 INFO neutron.wsgi [None req-3682f2b7-d604-4e5e-91df-a17b949daa39 b74d0f6850a24e4db72747476cff5a28 793826d128cb404e972d2611e7ca6d6f - - default default] 10.0.0.119 "GET /v2.0/floatingips HTTP/1.1" status: 200 len: 193 time: 0.0161586
2026-07-15 05:55:16.992 9 INFO neutron.wsgi [None req-481fcfae-3966-449b-af96-f82487f137ca b74d0f6850a24e4db72747476cff5a28 793826d128cb404e972d2611e7ca6d6f - - default default] 10.0.0.119 "GET /v2.0/networks HTTP/1.1" status: 200 len: 2350 time: 0.0709178
2026-07-15 05:55:17.127 9 INFO neutron.wsgi [None req-352659ab-d969-48fb-aea8-3d6ccffe3d7d b74d0f6850a24e4db72747476cff5a28 793826d128cb404e972d2611e7ca6d6f - - default default] 10.0.0.119 "GET /v2.0/ports HTTP/1.1" status: 200 len: 5351 time: 0.1332037
2026-07-15 05:55:17.155 9 INFO neutron.wsgi [None req-4c81ee8f-8034-403c-9ed2-1c998623940e b74d0f6850a24e4db72747476cff5a28 793826d128cb404e972d2611e7ca6d6f - - default default] 10.0.0.119 "GET /v2.0/routers HTTP/1.1" status: 200 len: 189 time: 0.0248971
2026-07-15 05:55:17.166 9 INFO neutron.wsgi [None req-6e5f6286-b191-4c67-bb5d-698967282df2 b74d0f6850a24e4db72747476cff5a28 793826d128cb404e972d2611e7ca6d6f - - default default] 10.0.0.119 "GET /v2.0/agents?binary=ovn-controller HTTP/1.1" status: 200 len: 591 time: 0.0099876
2026-07-15 05:55:30.582 9 INFO neutron.wsgi [-] 10.0.0.150 "GET / HTTP/1.1" status: 200 len: 247 time: 0.0022624
2026-07-15 05:55:30.586 9 INFO neutron.wsgi [-] 10.0.0.150 "GET / HTTP/1.1" status: 200 len: 247 time: 0.0038924
2026-07-15 05:55:45.582 10 INFO neutron.wsgi [-] 10.0.0.150 "GET / HTTP/1.1" status: 200 len: 247 time: 0.0020559
2026-07-15 05:55:45.584 9 INFO neutron.wsgi [-] 10.0.0.150 "GET / HTTP/1.1" status: 200 len: 247 time: 0.0039029
2026-07-15 05:56:00.581 9 INFO neutron.wsgi [-] 10.0.0.150 "GET / HTTP/1.1" status: 200 len: 247 time: 0.0020416
2026-07-15 05:56:00.583 10 INFO neutron.wsgi [-] 10.0.0.150 "GET / HTTP/1.1" status: 200 len: 247 time: 0.0038922
2026-07-15 05:56:15.583 9 INFO neutron.wsgi [-] 10.0.0.150 "GET / HTTP/1.1" status: 200 len: 247 time: 0.0029328
2026-07-15 05:56:15.586 10 INFO neutron.wsgi [-] 10.0.0.150 "GET / HTTP/1.1" status: 200 len: 247 time: 0.0035086
2026-07-15 05:56:16.747 9 INFO neutron.wsgi [None req-dff3c3b8-c7db-4e22-a07f-59c6b4cddc8f b74d0f6850a24e4db72747476cff5a28 793826d128cb404e972d2611e7ca6d6f - - default default] 10.0.0.119 "GET /v2.0/subnets HTTP/1.1" status: 200 len: 1437 time: 0.0833406
2026-07-15 05:56:16.814 9 INFO neutron.wsgi [None req-fc660277-257e-4fa0-b545-3050e0425c28 b74d0f6850a24e4db72747476cff5a28 793826d128cb404e972d2611e7ca6d6f - - default default] 10.0.0.119 "GET /v2.0/networks HTTP/1.1" status: 200 len: 2350 time: 0.0658007
2026-07-15 05:56:16.859 9 INFO neutron.wsgi [None req-277274b9-6719-4c68-b862-a59c2df09516 b74d0f6850a24e4db72747476cff5a28 793826d128cb404e972d2611e7ca6d6f - - default default] 10.0.0.119 "GET /v2.0/ports HTTP/1.1" status: 200 len: 5351 time: 0.0429771
