2026-07-15 06:06:42.935 10 INFO neutron.db.ovn_revision_numbers_db [None req-6e4d383f-be39-43db-99ec-bf71d3ae4d87 b74d0f6850a24e4db72747476cff5a28 793826d128cb404e972d2611e7ca6d6f - - default default] Successfully bumped revision number for resource 432d158d-c133-40b8-a55e-82f7f9980349 (type: ports) to 1
2026-07-15 06:06:43.102 9 INFO neutron.db.ovn_revision_numbers_db [None req-70f390f3-cbe5-4a83-b2b5-8228a29745e9 - - - - - -] Successfully bumped revision number for resource 8bf19233-bc4c-4688-b752-b6a78d47300a (type: ports) to 1
2026-07-15 06:06:43.158 10 INFO neutron.db.ovn_revision_numbers_db [None req-b94b5013-f0b3-4183-b10e-37de079f54d8 b74d0f6850a24e4db72747476cff5a28 793826d128cb404e972d2611e7ca6d6f - - default default] Successfully bumped revision number for resource 8aa008bb-1098-4700-81ab-ce31cdd6d886 (type: security_groups) to 1
2026-07-15 06:06:43.186 10 INFO neutron.db.ovn_revision_numbers_db [None req-b94b5013-f0b3-4183-b10e-37de079f54d8 b74d0f6850a24e4db72747476cff5a28 793826d128cb404e972d2611e7ca6d6f - - default default] Successfully bumped revision number for resource 18e316bb-d558-470d-b99f-e3f968fbd6d9 (type: security_group_rules) to 0
2026-07-15 06:06:43.213 10 INFO neutron.db.ovn_revision_numbers_db [None req-b94b5013-f0b3-4183-b10e-37de079f54d8 b74d0f6850a24e4db72747476cff5a28 793826d128cb404e972d2611e7ca6d6f - - default default] Successfully bumped revision number for resource 970187dc-5f10-42b1-85e9-b92ea90b74d2 (type: security_group_rules) to 0
2026-07-15 06:06:43.241 10 INFO neutron.db.ovn_revision_numbers_db [None req-b94b5013-f0b3-4183-b10e-37de079f54d8 b74d0f6850a24e4db72747476cff5a28 793826d128cb404e972d2611e7ca6d6f - - default default] Successfully bumped revision number for resource cfc69b9d-2386-4ed3-8109-58f8a6fcc918 (type: security_group_rules) to 0
2026-07-15 06:06:43.268 10 INFO neutron.db.ovn_revision_numbers_db [None req-b94b5013-f0b3-4183-b10e-37de079f54d8 b74d0f6850a24e4db72747476cff5a28 793826d128cb404e972d2611e7ca6d6f - - default default] Successfully bumped revision number for resource f8f76635-1097-4d10-92e6-4a1ad991579d (type: security_group_rules) to 0
2026-07-15 06:06:43.298 10 INFO neutron.wsgi [None req-b94b5013-f0b3-4183-b10e-37de079f54d8 b74d0f6850a24e4db72747476cff5a28 793826d128cb404e972d2611e7ca6d6f - - default default] 10.0.0.181 "GET /v2.0/security-groups?tenant_id=b1ac4f26c7f24209923fdbc2ce1eaa80&name=default HTTP/1.1" status: 200 len: 2996 time: 0.4549112
2026-07-15 06:06:43.318 9 INFO neutron.wsgi [None req-63a22cc1-e7cf-42a3-a075-06f5143f91f1 b6dc89422b6745d591dba560b4a8ae1f c69d0ea86238450cb8bbaf0be893abd3 - - default default] 10.0.0.181 "PUT /v2.0/routers/4da524fe-dcb5-4856-bf94-7232c7fb1026/remove_router_interface HTTP/1.1" status: 200 len: 503 time: 1.5822484
2026-07-15 06:06:43.379 9 WARNING neutron.plugins.ml2.drivers.ovn.mech_driver.ovsdb.ovn_client [None req-90dd9e58-103f-4dbc-b23f-33cab62070df - - - - - -] No hosting information found for port 50bdadfa-bf3b-450a-811f-7fc3db42f8c6: RuntimeError: No hosting information found for port 50bdadfa-bf3b-450a-811f-7fc3db42f8c6
2026-07-15 06:06:43.380 9 INFO neutron.plugins.ml2.drivers.ovn.mech_driver.mech_driver [None req-90dd9e58-103f-4dbc-b23f-33cab62070df - - - - - -] OVN reports status up for port: 8bf19233-bc4c-4688-b752-b6a78d47300a
2026-07-15 06:06:43.399 9 INFO neutron.plugins.ml2.plugin [None req-90dd9e58-103f-4dbc-b23f-33cab62070df - - - - - -] Attempt 1 to provision port 8bf19233-bc4c-4688-b752-b6a78d47300a
2026-07-15 06:06:43.482 10 INFO neutron.db.ovn_revision_numbers_db [None req-6e4d383f-be39-43db-99ec-bf71d3ae4d87 b74d0f6850a24e4db72747476cff5a28 793826d128cb404e972d2611e7ca6d6f - - default default] Successfully bumped revision number for resource 432d158d-c133-40b8-a55e-82f7f9980349 (type: router_ports) to 1
2026-07-15 06:06:43.505 10 INFO neutron.wsgi [None req-d843de70-f57c-4ace-a66a-1958affc2287 b6dc89422b6745d591dba560b4a8ae1f c69d0ea86238450cb8bbaf0be893abd3 - - default default] 10.0.0.181 "GET /v2.0/ports/50bdadfa-bf3b-450a-811f-7fc3db42f8c6 HTTP/1.1" status: 200 len: 1137 time: 0.1792362
2026-07-15 06:06:43.543 9 INFO neutron.db.ovn_revision_numbers_db [None req-70f390f3-cbe5-4a83-b2b5-8228a29745e9 - - - - - -] Successfully bumped revision number for resource 8bf19233-bc4c-4688-b752-b6a78d47300a (type: router_ports) to 3
2026-07-15 06:06:43.728 9 ERROR ovsdbapp.backend.ovs_idl.transaction [None req-70f390f3-cbe5-4a83-b2b5-8228a29745e9 - - - - - -]
Traceback (most recent call last): File "/var/lib/openstack/lib/python3.10/site-packages/ovsdbapp/backend/ovs_idl/connection.py", line 118, in run txn.results.put(txn.do_commit())
File "/var/lib/openstack/lib/python3.10/site-packages/ovsdbapp/backend/ovs_idl/transaction.py", line 92, in do_commit command.run_idl(txn)
File "/var/lib/openstack/lib/python3.10/site-packages/neutron/plugins/ml2/drivers/ovn/mech_driver/ovsdb/commands.py", line 823, in run_idl raise ovn_exc.RevisionConflict( neutron.common.ovn.exceptions.RevisionConflict: OVN revision number for 8bf19233-bc4c-4688-b752-b6a78d47300a (type: ports) is higher than the given resource. Skipping update 
2026-07-15 06:06:43.728 9 INFO neutron.plugins.ml2.drivers.ovn.mech_driver.ovsdb.impl_idl_ovn [None req-70f390f3-cbe5-4a83-b2b5-8228a29745e9 - - - - - -] Transaction aborted. Reason: OVN revision number for 8bf19233-bc4c-4688-b752-b6a78d47300a (type: ports) is higher than the given resource. Skipping update
2026-07-15 06:06:43.763 9 INFO neutron.db.ovn_revision_numbers_db [None req-90dd9e58-103f-4dbc-b23f-33cab62070df - - - - - -] Successfully bumped revision number for resource 8bf19233-bc4c-4688-b752-b6a78d47300a (type: ports) to 4
2026-07-15 06:06:43.961 9 INFO neutron.db.ovn_revision_numbers_db [None req-90dd9e58-103f-4dbc-b23f-33cab62070df - - - - - -] Successfully bumped revision number for resource 8bf19233-bc4c-4688-b752-b6a78d47300a (type: router_ports) to 4
2026-07-15 06:06:44.028 10 INFO neutron.wsgi [None req-cff6855f-3dc2-4cb2-9411-e45dbffd5312 b74d0f6850a24e4db72747476cff5a28 793826d128cb404e972d2611e7ca6d6f - - default default] 10.0.0.181 "DELETE /v2.0/security-groups/8aa008bb-1098-4700-81ab-ce31cdd6d886 HTTP/1.1" status: 204 len: 168 time: 0.7232258
2026-07-15 06:06:44.031 10 INFO neutron.db.ovn_revision_numbers_db [None req-6e4d383f-be39-43db-99ec-bf71d3ae4d87 b74d0f6850a24e4db72747476cff5a28 793826d128cb404e972d2611e7ca6d6f - - default default] Successfully bumped revision number for resource 432d158d-c133-40b8-a55e-82f7f9980349 (type: ports) to 1
2026-07-15 06:06:44.124 10 WARNING neutron.scheduler.dhcp_agent_scheduler [None req-6e4d383f-be39-43db-99ec-bf71d3ae4d87 b74d0f6850a24e4db72747476cff5a28 793826d128cb404e972d2611e7ca6d6f - - default default] No more DHCP agents
2026-07-15 06:06:44.125 10 WARNING neutron.api.rpc.agentnotifiers.dhcp_rpc_agent_api [None req-6e4d383f-be39-43db-99ec-bf71d3ae4d87 b74d0f6850a24e4db72747476cff5a28 793826d128cb404e972d2611e7ca6d6f - - default default] Unable to schedule network 7485957d-1ab5-45dc-aa46-7336f0cab313: no agents available; will retry on subsequent port and subnet creation events.
2026-07-15 06:06:44.696 10 INFO neutron.wsgi [None req-30bade23-cc06-4578-96cc-aef08a7ea3ae b6dc89422b6745d591dba560b4a8ae1f c69d0ea86238450cb8bbaf0be893abd3 - - default default] 10.0.0.181 "PUT /v2.0/routers/4da524fe-dcb5-4856-bf94-7232c7fb1026/remove_router_interface HTTP/1.1" status: 200 len: 503 time: 1.1826491 /var/lib/openstack/lib/python3.10/site-packages/pycadf/identifier.py:71: UserWarning: Invalid uuid: neutron. To ensure interoperability, identifiers should be a valid uuid. warnings.warn(('Invalid uuid: %s. To ensure interoperability, '
2026-07-15 06:06:44.726 10 INFO neutron.wsgi [None req-77a95a67-4696-4d4b-a7c8-0f421a320c47 b6dc89422b6745d591dba560b4a8ae1f c69d0ea86238450cb8bbaf0be893abd3 - - default default] 10.0.0.181 "GET /v2.0/ports?device_id=4da524fe-dcb5-4856-bf94-7232c7fb1026 HTTP/1.1" status: 200 len: 205 time: 0.0251610
2026-07-15 06:06:44.977 10 INFO neutron.db.ovn_revision_numbers_db [None req-6e4d383f-be39-43db-99ec-bf71d3ae4d87 b74d0f6850a24e4db72747476cff5a28 793826d128cb404e972d2611e7ca6d6f - - default default] Successfully bumped revision number for resource 432d158d-c133-40b8-a55e-82f7f9980349 (type: router_ports) to 1
2026-07-15 06:06:44.980 10 INFO neutron.wsgi [None req-6e4d383f-be39-43db-99ec-bf71d3ae4d87 b74d0f6850a24e4db72747476cff5a28 793826d128cb404e972d2611e7ca6d6f - - default default] 10.0.0.181 "PUT /v2.0/routers/8b9ba951-7deb-409e-8847-d5c8581ef0a7/add_router_interface HTTP/1.1" status: 200 len: 503 time: 2.8614433
2026-07-15 06:06:45.033 10 INFO neutron.wsgi [None req-e022c56b-16ca-4707-afbd-0ff27824a5ed b6dc89422b6745d591dba560b4a8ae1f c69d0ea86238450cb8bbaf0be893abd3 - - default default] 10.0.0.181 "DELETE /v2.0/routers/4da524fe-dcb5-4856-bf94-7232c7fb1026 HTTP/1.1" status: 204 len: 168 time: 0.3008194
2026-07-15 06:06:45.294 10 INFO neutron.wsgi [None req-d9903707-abcd-4421-bc9a-982994e34500 b6dc89422b6745d591dba560b4a8ae1f c69d0ea86238450cb8bbaf0be893abd3 - - default default] 10.0.0.181 "DELETE /v2.0/subnets/3033f1c0-d1cb-4d46-b180-f3e6947d4a32 HTTP/1.1" status: 204 len: 168 time: 0.2567685
2026-07-15 06:06:45.551 10 INFO neutron.wsgi [None req-157edd38-f670-46bf-90ee-290911b9fe5f b6dc89422b6745d591dba560b4a8ae1f c69d0ea86238450cb8bbaf0be893abd3 - - default default] 10.0.0.181 "DELETE /v2.0/subnets/9e26b88c-9105-456d-83bc-fd1ccad63c10 HTTP/1.1" status: 204 len: 168 time: 0.2505760 /var/lib/openstack/lib/python3.10/site-packages/pycadf/identifier.py:71: UserWarning: Invalid uuid: neutron. To ensure interoperability, identifiers should be a valid uuid. warnings.warn(('Invalid uuid: %s. To ensure interoperability, '
2026-07-15 06:06:45.584 10 INFO neutron.wsgi [-] 10.0.0.150 "GET / HTTP/1.1" status: 200 len: 247 time: 0.0035226
2026-07-15 06:06:45.586 10 INFO neutron.wsgi [-] 10.0.0.150 "GET / HTTP/1.1" status: 200 len: 247 time: 0.0014372
2026-07-15 06:06:45.955 10 WARNING neutron_lib.context [None req-cf597c9a-09a9-448f-950f-d9a8ba9ef7b0 a4b9d0472d8c464f8a3a8a9fd54aabc6 3627fc2ae5e44311a571f17ed794249c - - default default] Method 'is_advsvc' is deprecated since 2023.2 release (neutron-lib 3.8.0) and will be removed once support for the old RBAC API policies will be removed from Neutron. Please use method 'is_service_role' instead.
2026-07-15 06:06:45.988 9 INFO neutron.services.segments.plugin [-] Segment 11b9a03c-ae29-42e0-8fae-c0df82a1d10e resource provider aggregate not found
2026-07-15 06:06:45.995 9 INFO neutron.services.segments.plugin [-] Segment 11b9a03c-ae29-42e0-8fae-c0df82a1d10e resource provider aggregate not found
2026-07-15 06:06:46.024 9 INFO neutron.services.segments.plugin [-] Segment 11b9a03c-ae29-42e0-8fae-c0df82a1d10e resource provider not found; error: Placement Client Error (4xx): {"errors": [{"status": 404, "title": "Not Found", "detail": "The resource could not be found.\n\n No resource provider with uuid 11b9a03c-ae29-42e0-8fae-c0df82a1d10e found for delete ", "request_id": "req-7aa61c1a-7241-4e15-a223-5361989e1efc"}]}
2026-07-15 06:06:46.029 9 INFO neutron.services.segments.plugin [-] Segment 11b9a03c-ae29-42e0-8fae-c0df82a1d10e resource provider not found; error: Placement Client Error (4xx): {"errors": [{"status": 404, "title": "Not Found", "detail": "The resource could not be found.\n\n No resource provider with uuid 11b9a03c-ae29-42e0-8fae-c0df82a1d10e found for delete ", "request_id": "req-30ce99ae-7d2c-458a-a6c8-e2f45d7281b3"}]}
2026-07-15 06:06:46.055 9 INFO neutron.wsgi [None req-81e7f4e8-e2ad-419b-94c1-2abef84fe2d6 b6dc89422b6745d591dba560b4a8ae1f c69d0ea86238450cb8bbaf0be893abd3 - - default default] 10.0.0.181 "DELETE /v2.0/networks/03494630-7ea6-4509-800f-7c66a5eb3a6a HTTP/1.1" status: 204 len: 168 time: 0.4950316
2026-07-15 06:06:46.131 10 INFO neutron.db.ovn_revision_numbers_db [None req-cf597c9a-09a9-448f-950f-d9a8ba9ef7b0 a4b9d0472d8c464f8a3a8a9fd54aabc6 3627fc2ae5e44311a571f17ed794249c - - default default] Successfully bumped revision number for resource 4a9b03ad-62d1-46cc-ad13-679f5a329999 (type: security_groups) to 1
2026-07-15 06:06:46.156 10 INFO neutron.db.ovn_revision_numbers_db [None req-cf597c9a-09a9-448f-950f-d9a8ba9ef7b0 a4b9d0472d8c464f8a3a8a9fd54aabc6 3627fc2ae5e44311a571f17ed794249c - - default default] Successfully bumped revision number for resource 0fd143c1-c393-4442-81d9-631ed50c91fb (type: security_group_rules) to 0
2026-07-15 06:06:46.172 10 INFO neutron.db.ovn_revision_numbers_db [None req-cf597c9a-09a9-448f-950f-d9a8ba9ef7b0 a4b9d0472d8c464f8a3a8a9fd54aabc6 3627fc2ae5e44311a571f17ed794249c - - default default] Successfully bumped revision number for resource 19afacfd-3384-40ea-b50c-0682dd8aca69 (type: security_group_rules) to 0
2026-07-15 06:06:46.191 10 INFO neutron.wsgi [None req-cf597c9a-09a9-448f-950f-d9a8ba9ef7b0 a4b9d0472d8c464f8a3a8a9fd54aabc6 3627fc2ae5e44311a571f17ed794249c - - default default] 10.0.0.181 "POST /v2.0/security-groups HTTP/1.1" status: 201 len: 1811 time: 0.2424414
2026-07-15 06:06:46.205 9 WARNING neutron_lib.context [None req-6ea32ee3-fb16-423c-abbf-405d2c642f31 a4b9d0472d8c464f8a3a8a9fd54aabc6 3627fc2ae5e44311a571f17ed794249c - - default default] Method 'is_advsvc' is deprecated since 2023.2 release (neutron-lib 3.8.0) and will be removed once support for the old RBAC API policies will be removed from Neutron. Please use method 'is_service_role' instead.
2026-07-15 06:06:46.335 9 INFO neutron.db.ovn_revision_numbers_db [None req-6ea32ee3-fb16-423c-abbf-405d2c642f31 a4b9d0472d8c464f8a3a8a9fd54aabc6 3627fc2ae5e44311a571f17ed794249c - - default default] Successfully bumped revision number for resource cc3faa46-ad0e-4fba-8edf-c0dc03000d57 (type: security_group_rules) to 0
2026-07-15 06:06:46.376 9 INFO neutron.wsgi [None req-6ea32ee3-fb16-423c-abbf-405d2c642f31 a4b9d0472d8c464f8a3a8a9fd54aabc6 3627fc2ae5e44311a571f17ed794249c - - default default] 10.0.0.181 "POST /v2.0/security-group-rules HTTP/1.1" status: 201 len: 764 time: 0.1784730
2026-07-15 06:06:46.387 9 WARNING neutron_lib.context [None req-b8a4dd10-1b14-4200-b47d-1bdd53121cb4 a4b9d0472d8c464f8a3a8a9fd54aabc6 3627fc2ae5e44311a571f17ed794249c - - default default] Method 'is_advsvc' is deprecated since 2023.2 release (neutron-lib 3.8.0) and will be removed once support for the old RBAC API policies will be removed from Neutron. Please use method 'is_service_role' instead.
2026-07-15 06:06:46.477 10 INFO neutron.services.segments.plugin [-] Segment 143ac5be-7559-4349-b530-96ba6f43ba7d resource provider aggregate not found
2026-07-15 06:06:46.482 10 INFO neutron.services.segments.plugin [-] Segment 143ac5be-7559-4349-b530-96ba6f43ba7d resource provider aggregate not found
2026-07-15 06:06:46.499 10 INFO neutron.services.segments.plugin [-] Segment 143ac5be-7559-4349-b530-96ba6f43ba7d resource provider not found; error: Placement Client Error (4xx): {"errors": [{"status": 404, "title": "Not Found", "detail": "The resource could not be found.\n\n No resource provider with uuid 143ac5be-7559-4349-b530-96ba6f43ba7d found for delete ", "request_id": "req-a919805f-a76b-4318-8fb8-c5817594c9e9"}]}
2026-07-15 06:06:46.503 10 INFO neutron.services.segments.plugin [-] Segment 143ac5be-7559-4349-b530-96ba6f43ba7d resource provider not found; error: Placement Client Error (4xx): {"errors": [{"status": 404, "title": "Not Found", "detail": "The resource could not be found.\n\n No resource provider with uuid 143ac5be-7559-4349-b530-96ba6f43ba7d found for delete ", "request_id": "req-9cbdbe95-3643-44b2-8c86-ac0d4cfac34c"}]}
2026-07-15 06:06:46.532 9 INFO neutron.db.ovn_revision_numbers_db [None req-b8a4dd10-1b14-4200-b47d-1bdd53121cb4 a4b9d0472d8c464f8a3a8a9fd54aabc6 3627fc2ae5e44311a571f17ed794249c - - default default] Successfully bumped revision number for resource 6ab677cb-83c3-4625-a44d-94038ce14c3d (type: security_group_rules) to 0
2026-07-15 06:06:46.537 10 INFO neutron.wsgi [None req-c46a5fe8-e64d-4ca4-98d9-9139aa5c7b52 b6dc89422b6745d591dba560b4a8ae1f c69d0ea86238450cb8bbaf0be893abd3 - - default default] 10.0.0.181 "DELETE /v2.0/networks/c2e6bdb8-358c-479f-a5f8-52b9c6d6f3d3 HTTP/1.1" status: 204 len: 168 time: 0.4728746
2026-07-15 06:06:46.555 10 WARNING neutron_lib.context [None req-089fb210-0035-4df8-b9b0-47486f2432b6 b6dc89422b6745d591dba560b4a8ae1f c69d0ea86238450cb8bbaf0be893abd3 - - default default] Method 'is_advsvc' is deprecated since 2023.2 release (neutron-lib 3.8.0) and will be removed once support for the old RBAC API policies will be removed from Neutron. Please use method 'is_service_role' instead.
2026-07-15 06:06:46.562 9 INFO neutron.wsgi [None req-b8a4dd10-1b14-4200-b47d-1bdd53121cb4 a4b9d0472d8c464f8a3a8a9fd54aabc6 3627fc2ae5e44311a571f17ed794249c - - default default] 10.0.0.181 "POST /v2.0/security-group-rules HTTP/1.1" status: 201 len: 763 time: 0.1790450
2026-07-15 06:06:46.577 9 WARNING neutron_lib.context [None req-ec11abba-3aed-45bf-b0e5-149f00fd0996 a4b9d0472d8c464f8a3a8a9fd54aabc6 3627fc2ae5e44311a571f17ed794249c - - default default] Method 'is_advsvc' is deprecated since 2023.2 release (neutron-lib 3.8.0) and will be removed once support for the old RBAC API policies will be removed from Neutron. Please use method 'is_service_role' instead.
2026-07-15 06:06:46.647 10 INFO neutron.db.segments_db [None req-089fb210-0035-4df8-b9b0-47486f2432b6 b6dc89422b6745d591dba560b4a8ae1f c69d0ea86238450cb8bbaf0be893abd3 - - default default] Added segment 345e3a7f-b56f-4eb7-ab30-268b82ca5bff of type geneve for network 3cdf044c-b2de-4b18-801b-f724e4f7083b
2026-07-15 06:06:46.712 9 INFO neutron.db.ovn_revision_numbers_db [None req-ec11abba-3aed-45bf-b0e5-149f00fd0996 a4b9d0472d8c464f8a3a8a9fd54aabc6 3627fc2ae5e44311a571f17ed794249c - - default default] Successfully bumped revision number for resource 0bcd62d2-089a-4480-918f-609735fdb3c1 (type: security_group_rules) to 0
2026-07-15 06:06:46.738 9 INFO neutron.wsgi [None req-ec11abba-3aed-45bf-b0e5-149f00fd0996 a4b9d0472d8c464f8a3a8a9fd54aabc6 3627fc2ae5e44311a571f17ed794249c - - default default] 10.0.0.181 "POST /v2.0/security-group-rules HTTP/1.1" status: 201 len: 769 time: 0.1678476
2026-07-15 06:06:46.752 9 WARNING neutron_lib.context [None req-252f7e12-dc53-446a-8a1a-30218cbe15d8 a4b9d0472d8c464f8a3a8a9fd54aabc6 3627fc2ae5e44311a571f17ed794249c - - default default] Method 'is_advsvc' is deprecated since 2023.2 release (neutron-lib 3.8.0) and will be removed once support for the old RBAC API policies will be removed from Neutron. Please use method 'is_service_role' instead.
2026-07-15 06:06:46.818 10 INFO neutron.db.ovn_revision_numbers_db [None req-089fb210-0035-4df8-b9b0-47486f2432b6 b6dc89422b6745d591dba560b4a8ae1f c69d0ea86238450cb8bbaf0be893abd3 - - default default] Successfully bumped revision number for resource 3cdf044c-b2de-4b18-801b-f724e4f7083b (type: networks) to 1
2026-07-15 06:06:46.916 9 INFO neutron.db.ovn_revision_numbers_db [None req-252f7e12-dc53-446a-8a1a-30218cbe15d8 a4b9d0472d8c464f8a3a8a9fd54aabc6 3627fc2ae5e44311a571f17ed794249c - - default default] Successfully bumped revision number for resource c132d948-aba5-4731-82de-874f0e4cdf06 (type: security_group_rules) to 0
2026-07-15 06:06:46.946 9 INFO neutron.wsgi [None req-252f7e12-dc53-446a-8a1a-30218cbe15d8 a4b9d0472d8c464f8a3a8a9fd54aabc6 3627fc2ae5e44311a571f17ed794249c - - default default] 10.0.0.181 "POST /v2.0/security-group-rules HTTP/1.1" status: 201 len: 768 time: 0.1983533
2026-07-15 06:06:46.959 9 WARNING neutron_lib.context [None req-9c81eefc-8f8f-409e-955b-9b80af6c6398 a4b9d0472d8c464f8a3a8a9fd54aabc6 3627fc2ae5e44311a571f17ed794249c - - default default] Method 'is_advsvc' is deprecated since 2023.2 release (neutron-lib 3.8.0) and will be removed once support for the old RBAC API policies will be removed from Neutron. Please use method 'is_service_role' instead.
2026-07-15 06:06:46.977 9 INFO neutron.db.securitygroups_db [None req-9c81eefc-8f8f-409e-955b-9b80af6c6398 a4b9d0472d8c464f8a3a8a9fd54aabc6 3627fc2ae5e44311a571f17ed794249c - - default default] Project 3627fc2ae5e44311a571f17ed794249c added a security group rule with legacy IPv6 ICMP protocol name icmp, ipv6-icmp should be used instead. It was automatically converted.
2026-07-15 06:06:47.005 10 WARNING neutron.scheduler.dhcp_agent_scheduler [None req-089fb210-0035-4df8-b9b0-47486f2432b6 b6dc89422b6745d591dba560b4a8ae1f c69d0ea86238450cb8bbaf0be893abd3 - - default default] No more DHCP agents
2026-07-15 06:06:47.008 10 WARNING neutron.api.rpc.agentnotifiers.dhcp_rpc_agent_api [None req-089fb210-0035-4df8-b9b0-47486f2432b6 b6dc89422b6745d591dba560b4a8ae1f c69d0ea86238450cb8bbaf0be893abd3 - - default default] Unable to schedule network 3cdf044c-b2de-4b18-801b-f724e4f7083b: no agents available; will retry on subsequent port and subnet creation events.
2026-07-15 06:06:47.091 10 WARNING neutron.plugins.ml2.drivers.ovn.mech_driver.ovsdb.ovn_client [None req-80fc0f6d-713c-4715-9cb0-d8a907150370 - - - - - -] No port found with ID 52bc4221-63a2-449f-8381-8fad35555746: RuntimeError: No port found with ID 52bc4221-63a2-449f-8381-8fad35555746
2026-07-15 06:06:47.091 10 INFO neutron.plugins.ml2.drivers.ovn.mech_driver.mech_driver [None req-80fc0f6d-713c-4715-9cb0-d8a907150370 - - - - - -] OVN reports status up for port: 432d158d-c133-40b8-a55e-82f7f9980349
2026-07-15 06:06:47.100 10 INFO neutron.plugins.ml2.plugin [None req-80fc0f6d-713c-4715-9cb0-d8a907150370 - - - - - -] Attempt 1 to provision port 432d158d-c133-40b8-a55e-82f7f9980349
2026-07-15 06:06:47.107 9 INFO neutron.db.ovn_revision_numbers_db [None req-9c81eefc-8f8f-409e-955b-9b80af6c6398 a4b9d0472d8c464f8a3a8a9fd54aabc6 3627fc2ae5e44311a571f17ed794249c - - default default] Successfully bumped revision number for resource df4f5ed9-4d95-4a3e-8b6e-9ddbabfbc931 (type: security_group_rules) to 0
2026-07-15 06:06:47.113 10 INFO neutron.db.ovn_revision_numbers_db [None req-089fb210-0035-4df8-b9b0-47486f2432b6 b6dc89422b6745d591dba560b4a8ae1f c69d0ea86238450cb8bbaf0be893abd3 - - default default] Successfully bumped revision number for resource e10d6f24-62b3-4b93-b95f-392ae6a6f569 (type: ports) to 1
2026-07-15 06:06:47.137 9 INFO neutron.wsgi [None req-9c81eefc-8f8f-409e-955b-9b80af6c6398 a4b9d0472d8c464f8a3a8a9fd54aabc6 3627fc2ae5e44311a571f17ed794249c - - default default] 10.0.0.181 "POST /v2.0/security-group-rules HTTP/1.1" status: 201 len: 774 time: 0.1846862
2026-07-15 06:06:47.142 10 INFO neutron.wsgi [None req-089fb210-0035-4df8-b9b0-47486f2432b6 b6dc89422b6745d591dba560b4a8ae1f c69d0ea86238450cb8bbaf0be893abd3 - - default default] 10.0.0.181 "POST /v2.0/networks HTTP/1.1" status: 201 len: 829 time: 0.5944197
2026-07-15 06:06:47.151 9 WARNING neutron_lib.context [None req-cb2e5e02-e391-4544-9ce4-12d57c9c0dbf a4b9d0472d8c464f8a3a8a9fd54aabc6 3627fc2ae5e44311a571f17ed794249c - - default default] Method 'is_advsvc' is deprecated since 2023.2 release (neutron-lib 3.8.0) and will be removed once support for the old RBAC API policies will be removed from Neutron. Please use method 'is_service_role' instead.
2026-07-15 06:06:47.152 10 WARNING neutron_lib.context [None req-7e740897-4ee7-40be-8419-883643a10661 b6dc89422b6745d591dba560b4a8ae1f c69d0ea86238450cb8bbaf0be893abd3 - - default default] Method 'is_advsvc' is deprecated since 2023.2 release (neutron-lib 3.8.0) and will be removed once support for the old RBAC API policies will be removed from Neutron. Please use method 'is_service_role' instead.
2026-07-15 06:06:47.170 9 INFO neutron.db.securitygroups_db [None req-cb2e5e02-e391-4544-9ce4-12d57c9c0dbf a4b9d0472d8c464f8a3a8a9fd54aabc6 3627fc2ae5e44311a571f17ed794249c - - default default] Project 3627fc2ae5e44311a571f17ed794249c added a security group rule with legacy IPv6 ICMP protocol name icmp, ipv6-icmp should be used instead. It was automatically converted.
2026-07-15 06:06:47.287 9 INFO neutron.db.ovn_revision_numbers_db [None req-cb2e5e02-e391-4544-9ce4-12d57c9c0dbf a4b9d0472d8c464f8a3a8a9fd54aabc6 3627fc2ae5e44311a571f17ed794249c - - default default] Successfully bumped revision number for resource 823f15be-2ef0-4507-bae0-5a9fa7fa02ae (type: security_group_rules) to 0
2026-07-15 06:06:47.313 9 INFO neutron.wsgi [None req-cb2e5e02-e391-4544-9ce4-12d57c9c0dbf a4b9d0472d8c464f8a3a8a9fd54aabc6 3627fc2ae5e44311a571f17ed794249c - - default default] 10.0.0.181 "POST /v2.0/security-group-rules HTTP/1.1" status: 201 len: 773 time: 0.1697946
2026-07-15 06:06:47.782 9 WARNING neutron_lib.context [None req-8a078356-e25f-47d3-bccb-47bf49d3da13 a4b9d0472d8c464f8a3a8a9fd54aabc6 3627fc2ae5e44311a571f17ed794249c - - default default] Method 'is_advsvc' is deprecated since 2023.2 release (neutron-lib 3.8.0) and will be removed once support for the old RBAC API policies will be removed from Neutron. Please use method 'is_service_role' instead.
2026-07-15 06:06:47.814 10 WARNING neutron.scheduler.dhcp_agent_scheduler [None req-7e740897-4ee7-40be-8419-883643a10661 b6dc89422b6745d591dba560b4a8ae1f c69d0ea86238450cb8bbaf0be893abd3 - - default default] No more DHCP agents
2026-07-15 06:06:47.819 10 WARNING neutron.api.rpc.agentnotifiers.dhcp_rpc_agent_api [None req-7e740897-4ee7-40be-8419-883643a10661 b6dc89422b6745d591dba560b4a8ae1f c69d0ea86238450cb8bbaf0be893abd3 - - default default] Unable to schedule network 3cdf044c-b2de-4b18-801b-f724e4f7083b: no agents available; will retry on subsequent port and subnet creation events.
2026-07-15 06:06:47.837 10 INFO neutron.db.ovn_revision_numbers_db [None req-80fc0f6d-713c-4715-9cb0-d8a907150370 - - - - - -] Successfully bumped revision number for resource 432d158d-c133-40b8-a55e-82f7f9980349 (type: ports) to 2
2026-07-15 06:06:47.900 9 INFO neutron.db.ovn_revision_numbers_db [None req-8a078356-e25f-47d3-bccb-47bf49d3da13 a4b9d0472d8c464f8a3a8a9fd54aabc6 3627fc2ae5e44311a571f17ed794249c - - default default] Successfully bumped revision number for resource 4ecb9cf8-37bf-48a6-87f4-3f50c4171eaa (type: security_groups) to 1
2026-07-15 06:06:47.919 9 INFO neutron.db.ovn_revision_numbers_db [None req-8a078356-e25f-47d3-bccb-47bf49d3da13 a4b9d0472d8c464f8a3a8a9fd54aabc6 3627fc2ae5e44311a571f17ed794249c - - default default] Successfully bumped revision number for resource 3ca8ca49-2b92-492a-a97e-f7674cbbe932 (type: security_group_rules) to 0
2026-07-15 06:06:47.936 9 INFO neutron.db.ovn_revision_numbers_db [None req-8a078356-e25f-47d3-bccb-47bf49d3da13 a4b9d0472d8c464f8a3a8a9fd54aabc6 3627fc2ae5e44311a571f17ed794249c - - default default] Successfully bumped revision number for resource d26bd507-127d-4f27-b564-74c9d4824b22 (type: security_group_rules) to 0
2026-07-15 06:06:47.937 10 INFO neutron.db.ovn_revision_numbers_db [None req-80fc0f6d-713c-4715-9cb0-d8a907150370 - - - - - -] Successfully bumped revision number for resource 432d158d-c133-40b8-a55e-82f7f9980349 (type: router_ports) to 2
2026-07-15 06:06:47.960 9 INFO neutron.wsgi [None req-8a078356-e25f-47d3-bccb-47bf49d3da13 a4b9d0472d8c464f8a3a8a9fd54aabc6 3627fc2ae5e44311a571f17ed794249c - - default default] 10.0.0.181 "POST /v2.0/security-groups HTTP/1.1" status: 201 len: 1793 time: 0.1817114
2026-07-15 06:06:47.970 9 WARNING neutron_lib.context [None req-d107c9e2-4d1c-4284-b4da-cecd7af7c22a a4b9d0472d8c464f8a3a8a9fd54aabc6 3627fc2ae5e44311a571f17ed794249c - - default default] Method 'is_advsvc' is deprecated since 2023.2 release (neutron-lib 3.8.0) and will be removed once support for the old RBAC API policies will be removed from Neutron. Please use method 'is_service_role' instead.
2026-07-15 06:06:48.090 9 INFO neutron.db.ovn_revision_numbers_db [None req-d107c9e2-4d1c-4284-b4da-cecd7af7c22a a4b9d0472d8c464f8a3a8a9fd54aabc6 3627fc2ae5e44311a571f17ed794249c - - default default] Successfully bumped revision number for resource 017914c9-958e-4d34-a9fc-f7b36a3c9151 (type: security_group_rules) to 0
2026-07-15 06:06:48.123 9 INFO neutron.wsgi [None req-d107c9e2-4d1c-4284-b4da-cecd7af7c22a a4b9d0472d8c464f8a3a8a9fd54aabc6 3627fc2ae5e44311a571f17ed794249c - - default default] 10.0.0.181 "POST /v2.0/security-group-rules HTTP/1.1" status: 201 len: 764 time: 0.1567926
2026-07-15 06:06:48.134 9 WARNING neutron_lib.context [None req-7002b1c7-dc86-4191-9f92-bf324af54314 a4b9d0472d8c464f8a3a8a9fd54aabc6 3627fc2ae5e44311a571f17ed794249c - - default default] Method 'is_advsvc' is deprecated since 2023.2 release (neutron-lib 3.8.0) and will be removed once support for the old RBAC API policies will be removed from Neutron. Please use method 'is_service_role' instead.
2026-07-15 06:06:48.275 9 INFO neutron.db.ovn_revision_numbers_db [None req-7002b1c7-dc86-4191-9f92-bf324af54314 a4b9d0472d8c464f8a3a8a9fd54aabc6 3627fc2ae5e44311a571f17ed794249c - - default default] Successfully bumped revision number for resource aa117af2-5b79-478a-b0ce-9dff61d1830d (type: security_group_rules) to 0
2026-07-15 06:06:48.305 9 INFO neutron.wsgi [None req-7002b1c7-dc86-4191-9f92-bf324af54314 a4b9d0472d8c464f8a3a8a9fd54aabc6 3627fc2ae5e44311a571f17ed794249c - - default default] 10.0.0.181 "POST /v2.0/security-group-rules HTTP/1.1" status: 201 len: 769 time: 0.1775706
2026-07-15 06:06:48.323 10 WARNING neutron_lib.context [None req-4949e1eb-6cdb-425e-aaa3-b4e0caff0380 a4b9d0472d8c464f8a3a8a9fd54aabc6 3627fc2ae5e44311a571f17ed794249c - - default default] Method 'is_advsvc' is deprecated since 2023.2 release (neutron-lib 3.8.0) and will be removed once support for the old RBAC API policies will be removed from Neutron. Please use method 'is_service_role' instead.
2026-07-15 06:06:48.402 10 INFO neutron.db.ovn_revision_numbers_db [None req-7e740897-4ee7-40be-8419-883643a10661 b6dc89422b6745d591dba560b4a8ae1f c69d0ea86238450cb8bbaf0be893abd3 - - default default] Successfully bumped revision number for resource e10d6f24-62b3-4b93-b95f-392ae6a6f569 (type: ports) to 2
2026-07-15 06:06:48.456 10 INFO neutron.db.ovn_revision_numbers_db [None req-7e740897-4ee7-40be-8419-883643a10661 b6dc89422b6745d591dba560b4a8ae1f c69d0ea86238450cb8bbaf0be893abd3 - - default default] Successfully bumped revision number for resource 0adc8c24-1671-438b-9842-012bcc288d63 (type: subnets) to 0
2026-07-15 06:06:48.479 10 INFO neutron.wsgi [None req-7e740897-4ee7-40be-8419-883643a10661 b6dc89422b6745d591dba560b4a8ae1f c69d0ea86238450cb8bbaf0be893abd3 - - default default] 10.0.0.181 "POST /v2.0/subnets HTTP/1.1" status: 201 len: 801 time: 1.3316154
2026-07-15 06:06:48.488 10 WARNING neutron_lib.context [None req-0919c656-39ab-4101-a484-ac732dc1e110 b6dc89422b6745d591dba560b4a8ae1f c69d0ea86238450cb8bbaf0be893abd3 - - default default] Method 'is_advsvc' is deprecated since 2023.2 release (neutron-lib 3.8.0) and will be removed once support for the old RBAC API policies will be removed from Neutron. Please use method 'is_service_role' instead.
2026-07-15 06:06:48.708 10 INFO neutron.db.ovn_revision_numbers_db [None req-0919c656-39ab-4101-a484-ac732dc1e110 b6dc89422b6745d591dba560b4a8ae1f c69d0ea86238450cb8bbaf0be893abd3 - - default default] Successfully bumped revision number for resource 59330c61-b275-4d33-b69b-3a2aaae0d879 (type: routers) to 1
2026-07-15 06:06:48.730 10 INFO neutron.wsgi [None req-0919c656-39ab-4101-a484-ac732dc1e110 b6dc89422b6745d591dba560b4a8ae1f c69d0ea86238450cb8bbaf0be893abd3 - - default default] 10.0.0.181 "POST /v2.0/routers HTTP/1.1" status: 201 len: 687 time: 0.2459583
2026-07-15 06:06:48.740 10 WARNING neutron.scheduler.dhcp_agent_scheduler [None req-4949e1eb-6cdb-425e-aaa3-b4e0caff0380 a4b9d0472d8c464f8a3a8a9fd54aabc6 3627fc2ae5e44311a571f17ed794249c - - default default] No more DHCP agents
2026-07-15 06:06:48.742 10 WARNING neutron.api.rpc.agentnotifiers.dhcp_rpc_agent_api [None req-4949e1eb-6cdb-425e-aaa3-b4e0caff0380 a4b9d0472d8c464f8a3a8a9fd54aabc6 3627fc2ae5e44311a571f17ed794249c - - default default] Unable to schedule network 85d8c101-1625-4351-9175-849136598975: no agents available; will retry on subsequent port and subnet creation events.
2026-07-15 06:06:48.744 9 WARNING neutron_lib.context [None req-fe793b9e-de47-4556-9c70-5b1f66e71076 b6dc89422b6745d591dba560b4a8ae1f c69d0ea86238450cb8bbaf0be893abd3 - - default default] Method 'is_advsvc' is deprecated since 2023.2 release (neutron-lib 3.8.0) and will be removed once support for the old RBAC API policies will be removed from Neutron. Please use method 'is_service_role' instead.
2026-07-15 06:06:49.109 9 WARNING neutron.scheduler.dhcp_agent_scheduler [None req-fe793b9e-de47-4556-9c70-5b1f66e71076 b6dc89422b6745d591dba560b4a8ae1f c69d0ea86238450cb8bbaf0be893abd3 - - default default] No more DHCP agents
2026-07-15 06:06:49.113 9 WARNING neutron.api.rpc.agentnotifiers.dhcp_rpc_agent_api [None req-fe793b9e-de47-4556-9c70-5b1f66e71076 b6dc89422b6745d591dba560b4a8ae1f c69d0ea86238450cb8bbaf0be893abd3 - - default default] Unable to schedule network 3cdf044c-b2de-4b18-801b-f724e4f7083b: no agents available; will retry on subsequent port and subnet creation events.
2026-07-15 06:06:49.113 10 INFO neutron.db.ovn_revision_numbers_db [None req-4949e1eb-6cdb-425e-aaa3-b4e0caff0380 a4b9d0472d8c464f8a3a8a9fd54aabc6 3627fc2ae5e44311a571f17ed794249c - - default default] Successfully bumped revision number for resource db12890d-5acd-4af6-934b-5a28a9a9a71b (type: floatingips) to 0
2026-07-15 06:06:49.126 10 INFO neutron.wsgi [None req-4949e1eb-6cdb-425e-aaa3-b4e0caff0380 a4b9d0472d8c464f8a3a8a9fd54aabc6 3627fc2ae5e44311a571f17ed794249c - - default default] 10.0.0.181 "POST /v2.0/floatingips HTTP/1.1" status: 201 len: 751 time: 0.8159726 /var/lib/openstack/lib/python3.10/site-packages/pycadf/identifier.py:71: UserWarning: Invalid uuid: neutron. To ensure interoperability, identifiers should be a valid uuid. warnings.warn(('Invalid uuid: %s. To ensure interoperability, '
2026-07-15 06:06:49.292 9 INFO neutron.wsgi [req-81eaa312-0433-4478-aaca-94a9a819caf7 req-22ba1214-18e2-408e-a093-36bfa30a02b9 a4b9d0472d8c464f8a3a8a9fd54aabc6 3627fc2ae5e44311a571f17ed794249c - - default default] 10.0.0.240 "GET /v2.0/security-groups?name=tempest-secgroup-smoke-2080808346&fields=id&tenant_id=3627fc2ae5e44311a571f17ed794249c HTTP/1.1" status: 200 len: 267 time: 0.0850646
2026-07-15 06:06:49.368 9 INFO neutron.wsgi [req-81eaa312-0433-4478-aaca-94a9a819caf7 req-5d2c9132-940e-4e40-990f-bff743a7c079 a4b9d0472d8c464f8a3a8a9fd54aabc6 3627fc2ae5e44311a571f17ed794249c - - default default] 10.0.0.240 "GET /v2.0/security-groups?name=tempest-securitygroup--72711542&fields=id&tenant_id=3627fc2ae5e44311a571f17ed794249c HTTP/1.1" status: 200 len: 267 time: 0.0666943
2026-07-15 06:06:49.369 9 INFO neutron.db.ovn_revision_numbers_db [None req-fe793b9e-de47-4556-9c70-5b1f66e71076 b6dc89422b6745d591dba560b4a8ae1f c69d0ea86238450cb8bbaf0be893abd3 - - default default] Successfully bumped revision number for resource 8c768d5e-2b00-46ea-95b7-472e74ee76f1 (type: ports) to 1
2026-07-15 06:06:49.417 9 INFO neutron.wsgi [None req-fe793b9e-de47-4556-9c70-5b1f66e71076 b6dc89422b6745d591dba560b4a8ae1f c69d0ea86238450cb8bbaf0be893abd3 - - default default] 10.0.0.181 "POST /v2.0/ports HTTP/1.1" status: 201 len: 1151 time: 0.6796229
2026-07-15 06:06:49.458 9 INFO neutron.wsgi [req-81eaa312-0433-4478-aaca-94a9a819caf7 req-e8f2ab67-91af-49da-9aaa-38f6038aace9 a4b9d0472d8c464f8a3a8a9fd54aabc6 3627fc2ae5e44311a571f17ed794249c - - default default] 10.0.0.240 "GET /v2.0/networks?id=2040be7f-439c-46df-89ab-5dc465868321 HTTP/1.1" status: 200 len: 872 time: 0.0827308
2026-07-15 06:06:49.478 9 INFO neutron.wsgi [req-81eaa312-0433-4478-aaca-94a9a819caf7 req-21678bbb-c601-4df2-8bdd-c9559774d568 a4b9d0472d8c464f8a3a8a9fd54aabc6 3627fc2ae5e44311a571f17ed794249c - - default default] 10.0.0.240 "GET /v2.0/quotas/3627fc2ae5e44311a571f17ed794249c HTTP/1.1" status: 200 len: 386 time: 0.0119200
2026-07-15 06:06:49.592 9 INFO neutron.wsgi [req-81eaa312-0433-4478-aaca-94a9a819caf7 req-b0f01524-28c7-4f40-a6fe-50243943943e a4b9d0472d8c464f8a3a8a9fd54aabc6 3627fc2ae5e44311a571f17ed794249c - - default default] 10.0.0.240 "GET /v2.0/ports?tenant_id=3627fc2ae5e44311a571f17ed794249c&fields=id HTTP/1.1" status: 200 len: 302 time: 0.1091673
2026-07-15 06:06:49.687 9 INFO neutron.wsgi [req-81eaa312-0433-4478-aaca-94a9a819caf7 req-c4088cb7-ee98-42e0-b343-9f532ab9e569 f6874e0a7cdd4670a81148cd0d9e005d e1876e7429b34c7381d13da8019991be - - 0c8a729e6dab4f17a284c6fa56afbc8a 0c8a729e6dab4f17a284c6fa56afbc8a] 10.0.0.240 "GET /v2.0/networks/2040be7f-439c-46df-89ab-5dc465868321?fields=segments HTTP/1.1" status: 200 len: 212 time: 0.0765717
2026-07-15 06:06:49.786 9 INFO neutron.wsgi [req-81eaa312-0433-4478-aaca-94a9a819caf7 req-8c7f14dc-da41-45bd-8625-d103ecb34179 f6874e0a7cdd4670a81148cd0d9e005d e1876e7429b34c7381d13da8019991be - - 0c8a729e6dab4f17a284c6fa56afbc8a 0c8a729e6dab4f17a284c6fa56afbc8a] 10.0.0.240 "GET /v2.0/networks/2040be7f-439c-46df-89ab-5dc465868321?fields=provider%3Aphysical_network&fields=provider%3Anetwork_type HTTP/1.1" status: 200 len: 277 time: 0.0850027
2026-07-15 06:06:49.800 9 INFO neutron.db.ovn_revision_numbers_db [None req-d282c2d9-24fc-4475-8fef-24a95fb9d692 b74d0f6850a24e4db72747476cff5a28 793826d128cb404e972d2611e7ca6d6f - - default default] Successfully bumped revision number for resource f547ad30-40de-4860-b3c3-a9f39b9ad6e2 (type: security_groups) to 1
2026-07-15 06:06:49.816 9 INFO neutron.db.ovn_revision_numbers_db [None req-d282c2d9-24fc-4475-8fef-24a95fb9d692 b74d0f6850a24e4db72747476cff5a28 793826d128cb404e972d2611e7ca6d6f - - default default] Successfully bumped revision number for resource 82f6818b-7eb8-4dd8-8724-09a681dec564 (type: security_group_rules) to 0
2026-07-15 06:06:49.829 9 INFO neutron.db.ovn_revision_numbers_db [None req-d282c2d9-24fc-4475-8fef-24a95fb9d692 b74d0f6850a24e4db72747476cff5a28 793826d128cb404e972d2611e7ca6d6f - - default default] Successfully bumped revision number for resource 8b185897-a652-4fc4-9d2b-a7cdd196e0c7 (type: security_group_rules) to 0
2026-07-15 06:06:49.844 9 INFO neutron.db.ovn_revision_numbers_db [None req-d282c2d9-24fc-4475-8fef-24a95fb9d692 b74d0f6850a24e4db72747476cff5a28 793826d128cb404e972d2611e7ca6d6f - - default default] Successfully bumped revision number for resource a75fc724-de23-4639-be5b-af8a68f074a5 (type: security_group_rules) to 0
2026-07-15 06:06:49.858 9 INFO neutron.plugins.ml2.drivers.ovn.mech_driver.mech_driver [None req-90dd9e58-103f-4dbc-b23f-33cab62070df - - - - - -] OVN reports status up for port: 8c768d5e-2b00-46ea-95b7-472e74ee76f1
2026-07-15 06:06:49.865 9 INFO neutron.db.ovn_revision_numbers_db [None req-d282c2d9-24fc-4475-8fef-24a95fb9d692 b74d0f6850a24e4db72747476cff5a28 793826d128cb404e972d2611e7ca6d6f - - default default] Successfully bumped revision number for resource b3d02e23-dd03-4d8a-be3c-00363be9de59 (type: security_group_rules) to 0
2026-07-15 06:06:49.868 9 INFO neutron.plugins.ml2.plugin [None req-90dd9e58-103f-4dbc-b23f-33cab62070df - - - - - -] Attempt 1 to provision port 8c768d5e-2b00-46ea-95b7-472e74ee76f1
2026-07-15 06:06:49.883 10 INFO neutron.db.ovn_revision_numbers_db [None req-ae115b31-2f07-4934-b4a5-c4329c58c63e b6dc89422b6745d591dba560b4a8ae1f c69d0ea86238450cb8bbaf0be893abd3 - - default default] Successfully bumped revision number for resource 8c768d5e-2b00-46ea-95b7-472e74ee76f1 (type: router_ports) to 2
2026-07-15 06:06:49.894 9 INFO neutron.wsgi [None req-d282c2d9-24fc-4475-8fef-24a95fb9d692 b74d0f6850a24e4db72747476cff5a28 793826d128cb404e972d2611e7ca6d6f - - default default] 10.0.0.181 "GET /v2.0/security-groups?tenant_id=4de688df27574059ade48e8049b1e2c6&name=default HTTP/1.1" status: 200 len: 2996 time: 0.4732528
2026-07-15 06:06:49.958 9 INFO neutron.wsgi [req-961fb07e-4302-4a31-8138-6e44fadbbab0 req-18d5d079-e2cf-4c88-89ab-cb25ea54e5d6 a4b9d0472d8c464f8a3a8a9fd54aabc6 3627fc2ae5e44311a571f17ed794249c - - default default] 10.0.0.240 "GET /v2.0/ports?device_id=16573610-27f9-47c2-accb-16a05408efba HTTP/1.1" status: 200 len: 210 time: 0.0456376
2026-07-15 06:06:50.110 10 INFO neutron.db.ovn_revision_numbers_db [None req-ae115b31-2f07-4934-b4a5-c4329c58c63e b6dc89422b6745d591dba560b4a8ae1f c69d0ea86238450cb8bbaf0be893abd3 - - default default] Successfully bumped revision number for resource 8c768d5e-2b00-46ea-95b7-472e74ee76f1 (type: ports) to 2
2026-07-15 06:06:50.230 9 INFO neutron.wsgi [None req-af2e5bbc-6334-42bc-b72d-be9769c163e8 b74d0f6850a24e4db72747476cff5a28 793826d128cb404e972d2611e7ca6d6f - - default default] 10.0.0.181 "DELETE /v2.0/security-groups/f547ad30-40de-4860-b3c3-a9f39b9ad6e2 HTTP/1.1" status: 204 len: 168 time: 0.3294988
2026-07-15 06:06:50.245 9 INFO neutron.db.ovn_revision_numbers_db [None req-90dd9e58-103f-4dbc-b23f-33cab62070df - - - - - -] Successfully bumped revision number for resource 8c768d5e-2b00-46ea-95b7-472e74ee76f1 (type: ports) to 3
2026-07-15 06:06:50.332 9 INFO neutron.db.ovn_revision_numbers_db [None req-90dd9e58-103f-4dbc-b23f-33cab62070df - - - - - -] Successfully bumped revision number for resource 8c768d5e-2b00-46ea-95b7-472e74ee76f1 (type: router_ports) to 3 /var/lib/openstack/lib/python3.10/site-packages/pycadf/identifier.py:71: UserWarning: Invalid uuid: neutron. To ensure interoperability, identifiers should be a valid uuid. warnings.warn(('Invalid uuid: %s. To ensure interoperability, '
2026-07-15 06:06:50.765 10 INFO neutron.wsgi [req-81eaa312-0433-4478-aaca-94a9a819caf7 req-a4489b4b-c49b-432b-b3b5-d39c3e96ab2e a4b9d0472d8c464f8a3a8a9fd54aabc6 3627fc2ae5e44311a571f17ed794249c - - default default] 199.204.45.116 "GET /v2.0/networks?id=2040be7f-439c-46df-89ab-5dc465868321 HTTP/1.1" status: 200 len: 872 time: 0.1178770
2026-07-15 06:06:50.878 10 INFO neutron.wsgi [req-81eaa312-0433-4478-aaca-94a9a819caf7 req-f0798bb2-f955-4c81-8b48-70c579c65c07 a4b9d0472d8c464f8a3a8a9fd54aabc6 3627fc2ae5e44311a571f17ed794249c - - default default] 199.204.45.116 "GET /v2.0/security-groups?fields=id&fields=name&tenant_id=3627fc2ae5e44311a571f17ed794249c HTTP/1.1" status: 200 len: 471 time: 0.1061606
2026-07-15 06:06:50.891 10 INFO neutron.db.ovn_revision_numbers_db [None req-17d3177a-70ee-4218-a6da-9629a3009797 b74d0f6850a24e4db72747476cff5a28 793826d128cb404e972d2611e7ca6d6f - - default default] Successfully bumped revision number for resource 0a975d72-6a31-40f9-810d-285b21bc2c0e (type: security_groups) to 1 /var/lib/openstack/lib/python3.10/site-packages/pycadf/identifier.py:71: UserWarning: Invalid uuid: neutron. To ensure interoperability, identifiers should be a valid uuid. warnings.warn(('Invalid uuid: %s. To ensure interoperability, '
2026-07-15 06:06:50.895 10 WARNING neutron_lib.context [req-81eaa312-0433-4478-aaca-94a9a819caf7 req-0a7c061f-1d23-435e-82b0-39015a1b7736 a4b9d0472d8c464f8a3a8a9fd54aabc6 3627fc2ae5e44311a571f17ed794249c - - default default] Method 'is_advsvc' is deprecated since 2023.2 release (neutron-lib 3.8.0) and will be removed once support for the old RBAC API policies will be removed from Neutron. Please use method 'is_service_role' instead.
2026-07-15 06:06:50.944 10 INFO neutron.db.ovn_revision_numbers_db [None req-17d3177a-70ee-4218-a6da-9629a3009797 b74d0f6850a24e4db72747476cff5a28 793826d128cb404e972d2611e7ca6d6f - - default default] Successfully bumped revision number for resource 173066a1-0091-4990-8b68-b454d5cd434a (type: security_group_rules) to 0
2026-07-15 06:06:50.976 10 INFO neutron.db.ovn_revision_numbers_db [None req-17d3177a-70ee-4218-a6da-9629a3009797 b74d0f6850a24e4db72747476cff5a28 793826d128cb404e972d2611e7ca6d6f - - default default] Successfully bumped revision number for resource 385f44e4-0e46-493e-b1c9-3084153f3f7c (type: security_group_rules) to 0
2026-07-15 06:06:51.002 10 INFO neutron.db.ovn_revision_numbers_db [None req-17d3177a-70ee-4218-a6da-9629a3009797 b74d0f6850a24e4db72747476cff5a28 793826d128cb404e972d2611e7ca6d6f - - default default] Successfully bumped revision number for resource cb89fa3e-d267-4edf-8dda-58ad0b008606 (type: security_group_rules) to 0
2026-07-15 06:06:51.024 10 INFO neutron.db.ovn_revision_numbers_db [None req-17d3177a-70ee-4218-a6da-9629a3009797 b74d0f6850a24e4db72747476cff5a28 793826d128cb404e972d2611e7ca6d6f - - default default] Successfully bumped revision number for resource fcc46879-15ac-4d65-b39f-e135fbc50abf (type: security_group_rules) to 0 /var/lib/openstack/lib/python3.10/site-packages/pycadf/identifier.py:71: UserWarning: Invalid uuid: neutron. To ensure interoperability, identifiers should be a valid uuid. warnings.warn(('Invalid uuid: %s. To ensure interoperability, '
2026-07-15 06:06:51.069 10 INFO neutron.wsgi [None req-17d3177a-70ee-4218-a6da-9629a3009797 b74d0f6850a24e4db72747476cff5a28 793826d128cb404e972d2611e7ca6d6f - - default default] 10.0.0.181 "GET /v2.0/security-groups?tenant_id=b1b5e46b9e2c48cb94d88c385c78f22b&name=default HTTP/1.1" status: 200 len: 2996 time: 0.7284107
2026-07-15 06:06:51.085 9 INFO neutron.wsgi [req-b9ec0985-26ec-4f3f-845f-e9eaecb030f9 req-c58e7bca-9ea4-4d3d-b9e6-2d1198320a2c a4b9d0472d8c464f8a3a8a9fd54aabc6 3627fc2ae5e44311a571f17ed794249c - - default default] 10.0.0.240 "GET /v2.0/ports?device_id=16573610-27f9-47c2-accb-16a05408efba HTTP/1.1" status: 200 len: 210 time: 0.0312872
2026-07-15 06:06:51.147 10 INFO neutron.db.ovn_revision_numbers_db [None req-ae115b31-2f07-4934-b4a5-c4329c58c63e b6dc89422b6745d591dba560b4a8ae1f c69d0ea86238450cb8bbaf0be893abd3 - - default default] Successfully bumped revision number for resource 8c768d5e-2b00-46ea-95b7-472e74ee76f1 (type: ports) to 3
2026-07-15 06:06:51.237 10 WARNING neutron.scheduler.dhcp_agent_scheduler [None req-ae115b31-2f07-4934-b4a5-c4329c58c63e b6dc89422b6745d591dba560b4a8ae1f c69d0ea86238450cb8bbaf0be893abd3 - - default default] No more DHCP agents
2026-07-15 06:06:51.239 10 WARNING neutron.api.rpc.agentnotifiers.dhcp_rpc_agent_api [None req-ae115b31-2f07-4934-b4a5-c4329c58c63e b6dc89422b6745d591dba560b4a8ae1f c69d0ea86238450cb8bbaf0be893abd3 - - default default] Unable to schedule network 3cdf044c-b2de-4b18-801b-f724e4f7083b: no agents available; will retry on subsequent port and subnet creation events.
2026-07-15 06:06:51.279 9 INFO neutron.wsgi [None req-6f5a3ead-7549-41fe-9497-442459252318 b74d0f6850a24e4db72747476cff5a28 793826d128cb404e972d2611e7ca6d6f - - default default] 10.0.0.181 "DELETE /v2.0/security-groups/0a975d72-6a31-40f9-810d-285b21bc2c0e HTTP/1.1" status: 204 len: 168 time: 0.2033072
2026-07-15 06:06:51.349 10 WARNING neutron.scheduler.dhcp_agent_scheduler [req-81eaa312-0433-4478-aaca-94a9a819caf7 req-0a7c061f-1d23-435e-82b0-39015a1b7736 a4b9d0472d8c464f8a3a8a9fd54aabc6 3627fc2ae5e44311a571f17ed794249c - - default default] No more DHCP agents
2026-07-15 06:06:51.354 10 WARNING neutron.api.rpc.agentnotifiers.dhcp_rpc_agent_api [req-81eaa312-0433-4478-aaca-94a9a819caf7 req-0a7c061f-1d23-435e-82b0-39015a1b7736 a4b9d0472d8c464f8a3a8a9fd54aabc6 3627fc2ae5e44311a571f17ed794249c - - default default] Unable to schedule network 2040be7f-439c-46df-89ab-5dc465868321: no agents available; will retry on subsequent port and subnet creation events.
2026-07-15 06:06:51.412 10 INFO neutron.db.ovn_revision_numbers_db [None req-ae115b31-2f07-4934-b4a5-c4329c58c63e b6dc89422b6745d591dba560b4a8ae1f c69d0ea86238450cb8bbaf0be893abd3 - - default default] Successfully bumped revision number for resource 8c768d5e-2b00-46ea-95b7-472e74ee76f1 (type: router_ports) to 3
2026-07-15 06:06:51.414 10 INFO neutron.wsgi [None req-ae115b31-2f07-4934-b4a5-c4329c58c63e b6dc89422b6745d591dba560b4a8ae1f c69d0ea86238450cb8bbaf0be893abd3 - - default default] 10.0.0.181 "PUT /v2.0/routers/59330c61-b275-4d33-b69b-3a2aaae0d879/add_router_interface HTTP/1.1" status: 200 len: 503 time: 1.9923849
2026-07-15 06:06:51.515 9 INFO neutron.wsgi [None req-03700e33-d620-4a35-9409-8ce9fb4310ca b6dc89422b6745d591dba560b4a8ae1f c69d0ea86238450cb8bbaf0be893abd3 - - default default] 10.0.0.181 "GET /v2.0/ports/8c768d5e-2b00-46ea-95b7-472e74ee76f1 HTTP/1.1" status: 200 len: 1209 time: 0.0944247
2026-07-15 06:06:51.533 10 INFO neutron.db.ovn_revision_numbers_db [req-81eaa312-0433-4478-aaca-94a9a819caf7 req-0a7c061f-1d23-435e-82b0-39015a1b7736 a4b9d0472d8c464f8a3a8a9fd54aabc6 3627fc2ae5e44311a571f17ed794249c - - default default] Successfully bumped revision number for resource 78d365f4-dbdb-4322-b7df-cf78b219cfc0 (type: ports) to 1
2026-07-15 06:06:51.559 10 INFO neutron.wsgi [req-81eaa312-0433-4478-aaca-94a9a819caf7 req-0a7c061f-1d23-435e-82b0-39015a1b7736 a4b9d0472d8c464f8a3a8a9fd54aabc6 3627fc2ae5e44311a571f17ed794249c - - default default] 199.204.45.116 "POST /v2.0/ports HTTP/1.1" status: 201 len: 1197 time: 0.6732342 /var/lib/openstack/lib/python3.10/site-packages/pycadf/identifier.py:71: UserWarning: Invalid uuid: neutron. To ensure interoperability, identifiers should be a valid uuid. warnings.warn(('Invalid uuid: %s. To ensure interoperability, '
2026-07-15 06:06:52.077 10 INFO neutron.db.ovn_revision_numbers_db [req-81eaa312-0433-4478-aaca-94a9a819caf7 req-c5077417-8607-45ed-8ddf-e7b8d5771c5c f6874e0a7cdd4670a81148cd0d9e005d e1876e7429b34c7381d13da8019991be - - 0c8a729e6dab4f17a284c6fa56afbc8a 0c8a729e6dab4f17a284c6fa56afbc8a] Successfully bumped revision number for resource 78d365f4-dbdb-4322-b7df-cf78b219cfc0 (type: ports) to 2 /var/lib/openstack/lib/python3.10/site-packages/pycadf/identifier.py:71: UserWarning: Invalid uuid: neutron. To ensure interoperability, identifiers should be a valid uuid. warnings.warn(('Invalid uuid: %s. To ensure interoperability, '
2026-07-15 06:06:52.179 9 INFO neutron.wsgi [None req-d111f3ef-5886-4c22-9e22-9a3e7e71e4e5 b6dc89422b6745d591dba560b4a8ae1f c69d0ea86238450cb8bbaf0be893abd3 - - default default] 10.0.0.181 "PUT /v2.0/routers/59330c61-b275-4d33-b69b-3a2aaae0d879/remove_router_interface HTTP/1.1" status: 200 len: 503 time: 0.6584575
