2026-07-15 06:04:21.350 9 INFO neutron.wsgi [req-b0fcc9c5-2702-478f-b915-57582c2d5199 req-4d1ba81f-8af9-47f0-902f-d344354772eb 5d4ab65dc0444805955eeed521cede77 63bc865daf3e47a599fe84ad6a88665b - - default default] 10.0.0.240 "GET /v2.0/ports?tenant_id=63bc865daf3e47a599fe84ad6a88665b&fields=id HTTP/1.1" status: 200 len: 302 time: 0.0882394
2026-07-15 06:04:21.459 9 INFO neutron.wsgi [req-b0fcc9c5-2702-478f-b915-57582c2d5199 req-fd456c83-ea76-474f-9f20-cef909762bfc f6874e0a7cdd4670a81148cd0d9e005d e1876e7429b34c7381d13da8019991be - - 0c8a729e6dab4f17a284c6fa56afbc8a 0c8a729e6dab4f17a284c6fa56afbc8a] 10.0.0.240 "GET /v2.0/networks/1cd9fbc4-2894-4840-8b07-6f5fbacd0cf7?fields=segments HTTP/1.1" status: 200 len: 212 time: 0.0916517
2026-07-15 06:04:21.561 9 INFO neutron.wsgi [req-b0fcc9c5-2702-478f-b915-57582c2d5199 req-62890e0c-2049-4e0e-b179-7d469c4065db f6874e0a7cdd4670a81148cd0d9e005d e1876e7429b34c7381d13da8019991be - - 0c8a729e6dab4f17a284c6fa56afbc8a 0c8a729e6dab4f17a284c6fa56afbc8a] 10.0.0.240 "GET /v2.0/networks/1cd9fbc4-2894-4840-8b07-6f5fbacd0cf7?fields=provider%3Aphysical_network&fields=provider%3Anetwork_type HTTP/1.1" status: 200 len: 277 time: 0.0959394
2026-07-15 06:04:21.568 9 INFO neutron.wsgi [req-3f6fdd00-aa75-464e-a745-1082ad24c6e6 req-fc4b9148-26df-4aaa-92b3-86c86b382d47 f985aa3010194e83b70008b6d7670d86 1833f64013694363a973c43391d4eeb5 - - default default] 10.0.0.240 "GET /v2.0/ports?device_id=8366399a-de97-4b37-97cc-d2dfb860d8bd HTTP/1.1" status: 200 len: 1156 time: 0.1373944
2026-07-15 06:04:21.618 9 INFO neutron.wsgi [req-3f6fdd00-aa75-464e-a745-1082ad24c6e6 req-cdb5d640-d2df-41b3-9e8e-89a7937e3008 f985aa3010194e83b70008b6d7670d86 1833f64013694363a973c43391d4eeb5 - - default default] 10.0.0.240 "GET /v2.0/security-groups?id=d24ab26e-b59b-4534-b483-de5ae645261d&fields=id&fields=name HTTP/1.1" status: 200 len: 312 time: 0.0450029
2026-07-15 06:04:21.742 9 INFO neutron.wsgi [req-2b2c49a7-b13f-4bd3-b436-41d19bf38e94 req-adcaa168-4ad2-4d4f-8077-628aeb0ff937 5d4ab65dc0444805955eeed521cede77 63bc865daf3e47a599fe84ad6a88665b - - default default] 10.0.0.240 "GET /v2.0/ports?device_id=16103bef-8344-4661-a759-dc6f1fb4a91b HTTP/1.1" status: 200 len: 210 time: 0.0267301
2026-07-15 06:04:21.803 9 INFO neutron.wsgi [req-95c592df-c07c-4672-868b-d1de79720dd3 req-e249bbb6-5f1e-4414-bae4-0049f6d43834 790d91c8e69f48c9ab1d50f4b3e9ba66 622300c07078479294ac93fc764baee1 - - default default] 10.0.0.240 "GET /v2.0/ports?device_id=570c581d-e355-437f-940f-6b07d12cb370 HTTP/1.1" status: 200 len: 1160 time: 0.1263072
2026-07-15 06:04:21.857 9 INFO neutron.wsgi [req-95c592df-c07c-4672-868b-d1de79720dd3 req-2e02bb7c-7fd5-4646-99d8-c049b1207af7 790d91c8e69f48c9ab1d50f4b3e9ba66 622300c07078479294ac93fc764baee1 - - default default] 10.0.0.240 "GET /v2.0/security-groups?id=f046b03b-6b7e-414a-9525-ed647d35356f&fields=id&fields=name HTTP/1.1" status: 200 len: 313 time: 0.0454338
2026-07-15 06:04:21.980 10 INFO neutron.db.ovn_revision_numbers_db [req-9014a453-bbf7-46ba-804a-2d27c95377fb req-01e1cccb-ae1f-44ed-99b9-653debd452ee f6874e0a7cdd4670a81148cd0d9e005d e1876e7429b34c7381d13da8019991be - - 0c8a729e6dab4f17a284c6fa56afbc8a 0c8a729e6dab4f17a284c6fa56afbc8a] Successfully bumped revision number for resource a8658917-ea25-460c-ad99-b3b1fd9f6166 (type: ports) to 2
2026-07-15 06:04:22.019 10 INFO neutron.db.ovn_revision_numbers_db [req-7690c85b-bd3d-4ae8-b8bf-4f23ab9b95ed req-14589813-461e-48cf-a76c-f3f7d62d0653 f6874e0a7cdd4670a81148cd0d9e005d e1876e7429b34c7381d13da8019991be - - 0c8a729e6dab4f17a284c6fa56afbc8a 0c8a729e6dab4f17a284c6fa56afbc8a] Successfully bumped revision number for resource 809b46d5-c4d8-4abe-93bc-58d717ef282c (type: ports) to 2
2026-07-15 06:04:22.303 10 INFO neutron.db.ovn_revision_numbers_db [req-9014a453-bbf7-46ba-804a-2d27c95377fb req-01e1cccb-ae1f-44ed-99b9-653debd452ee f6874e0a7cdd4670a81148cd0d9e005d e1876e7429b34c7381d13da8019991be - - 0c8a729e6dab4f17a284c6fa56afbc8a 0c8a729e6dab4f17a284c6fa56afbc8a] Successfully bumped revision number for resource a8658917-ea25-460c-ad99-b3b1fd9f6166 (type: ports) to 2
2026-07-15 06:04:22.323 10 INFO neutron.wsgi [req-9014a453-bbf7-46ba-804a-2d27c95377fb req-01e1cccb-ae1f-44ed-99b9-653debd452ee f6874e0a7cdd4670a81148cd0d9e005d e1876e7429b34c7381d13da8019991be - - 0c8a729e6dab4f17a284c6fa56afbc8a 0c8a729e6dab4f17a284c6fa56afbc8a] 199.204.45.116 "PUT /v2.0/ports/a8658917-ea25-460c-ad99-b3b1fd9f6166 HTTP/1.1" status: 200 len: 1380 time: 1.2170961
2026-07-15 06:04:22.330 10 INFO neutron.db.ovn_revision_numbers_db [req-7690c85b-bd3d-4ae8-b8bf-4f23ab9b95ed req-14589813-461e-48cf-a76c-f3f7d62d0653 f6874e0a7cdd4670a81148cd0d9e005d e1876e7429b34c7381d13da8019991be - - 0c8a729e6dab4f17a284c6fa56afbc8a 0c8a729e6dab4f17a284c6fa56afbc8a] Successfully bumped revision number for resource 809b46d5-c4d8-4abe-93bc-58d717ef282c (type: ports) to 2
2026-07-15 06:04:22.349 10 INFO neutron.wsgi [req-7690c85b-bd3d-4ae8-b8bf-4f23ab9b95ed req-14589813-461e-48cf-a76c-f3f7d62d0653 f6874e0a7cdd4670a81148cd0d9e005d e1876e7429b34c7381d13da8019991be - - 0c8a729e6dab4f17a284c6fa56afbc8a 0c8a729e6dab4f17a284c6fa56afbc8a] 199.204.45.116 "PUT /v2.0/ports/809b46d5-c4d8-4abe-93bc-58d717ef282c HTTP/1.1" status: 200 len: 1376 time: 1.2421262 /var/lib/openstack/lib/python3.10/site-packages/pycadf/identifier.py:71: UserWarning: Invalid uuid: neutron. To ensure interoperability, identifiers should be a valid uuid. warnings.warn(('Invalid uuid: %s. To ensure interoperability, '
2026-07-15 06:04:22.481 10 WARNING neutron.plugins.ml2.drivers.ovn.mech_driver.ovsdb.ovn_client [None req-80fc0f6d-713c-4715-9cb0-d8a907150370 - - - - - -] No hosting information found for port 811ada60-8567-4cce-8f48-dcb4d782a11d: RuntimeError: No hosting information found for port 811ada60-8567-4cce-8f48-dcb4d782a11d
2026-07-15 06:04:22.482 10 INFO neutron.plugins.ml2.drivers.ovn.mech_driver.mech_driver [None req-80fc0f6d-713c-4715-9cb0-d8a907150370 - - - - - -] OVN reports status up for port: 8bc07523-46a8-4bf0-a0cb-75f0f95c463e
2026-07-15 06:04:22.500 10 INFO neutron.wsgi [req-9014a453-bbf7-46ba-804a-2d27c95377fb req-63cd9ea6-6de5-4b21-9fd8-97cce87f4e48 f6874e0a7cdd4670a81148cd0d9e005d e1876e7429b34c7381d13da8019991be - - 0c8a729e6dab4f17a284c6fa56afbc8a 0c8a729e6dab4f17a284c6fa56afbc8a] 199.204.45.116 "GET /v2.0/ports?tenant_id=622300c07078479294ac93fc764baee1&device_id=570c581d-e355-437f-940f-6b07d12cb370 HTTP/1.1" status: 200 len: 1411 time: 0.0855300
2026-07-15 06:04:22.502 10 INFO neutron.plugins.ml2.plugin [None req-80fc0f6d-713c-4715-9cb0-d8a907150370 - - - - - -] Attempt 1 to provision port 8bc07523-46a8-4bf0-a0cb-75f0f95c463e
2026-07-15 06:04:22.512 10 INFO neutron.wsgi [req-7690c85b-bd3d-4ae8-b8bf-4f23ab9b95ed req-e14b830c-5159-4da9-9a9a-91279c664d3c f6874e0a7cdd4670a81148cd0d9e005d e1876e7429b34c7381d13da8019991be - - 0c8a729e6dab4f17a284c6fa56afbc8a 0c8a729e6dab4f17a284c6fa56afbc8a] 199.204.45.116 "GET /v2.0/ports?tenant_id=1833f64013694363a973c43391d4eeb5&device_id=8366399a-de97-4b37-97cc-d2dfb860d8bd HTTP/1.1" status: 200 len: 1407 time: 0.0613585
2026-07-15 06:04:22.616 10 INFO neutron.wsgi [req-7690c85b-bd3d-4ae8-b8bf-4f23ab9b95ed req-09adfaf9-06cc-4737-9f1e-d2fac2ca55b6 f6874e0a7cdd4670a81148cd0d9e005d e1876e7429b34c7381d13da8019991be - - 0c8a729e6dab4f17a284c6fa56afbc8a 0c8a729e6dab4f17a284c6fa56afbc8a] 199.204.45.116 "GET /v2.0/floatingips?fixed_ip_address=10.100.0.8&port_id=809b46d5-c4d8-4abe-93bc-58d717ef282c HTTP/1.1" status: 200 len: 217 time: 0.0763495
2026-07-15 06:04:22.619 10 INFO neutron.wsgi [req-9014a453-bbf7-46ba-804a-2d27c95377fb req-486e7d29-429e-4340-bc5d-ad0cbb8c892f f6874e0a7cdd4670a81148cd0d9e005d e1876e7429b34c7381d13da8019991be - - 0c8a729e6dab4f17a284c6fa56afbc8a 0c8a729e6dab4f17a284c6fa56afbc8a] 199.204.45.116 "GET /v2.0/floatingips?fixed_ip_address=10.100.0.10&port_id=a8658917-ea25-460c-ad99-b3b1fd9f6166 HTTP/1.1" status: 200 len: 217 time: 0.0776677
2026-07-15 06:04:22.765 9 INFO neutron.wsgi [req-d9ecdfab-2074-4ff2-8f9a-d071c0a8f1cb req-1678dcef-9a96-4791-8278-b9a782a32e91 f985aa3010194e83b70008b6d7670d86 1833f64013694363a973c43391d4eeb5 - - default default] 10.0.0.240 "GET /v2.0/ports?device_id=8366399a-de97-4b37-97cc-d2dfb860d8bd HTTP/1.1" status: 200 len: 1168 time: 0.0556548
2026-07-15 06:04:22.800 10 INFO neutron.wsgi [req-7690c85b-bd3d-4ae8-b8bf-4f23ab9b95ed req-25d56d1b-47f1-4f42-9ebb-2897b0f2de51 f6874e0a7cdd4670a81148cd0d9e005d e1876e7429b34c7381d13da8019991be - - 0c8a729e6dab4f17a284c6fa56afbc8a 0c8a729e6dab4f17a284c6fa56afbc8a] 199.204.45.116 "GET /v2.0/subnets?id=e38a6823-a4f6-4405-afd2-b00c6c9cbe2a HTTP/1.1" status: 200 len: 877 time: 0.1300898
2026-07-15 06:04:22.813 10 INFO neutron.wsgi [req-9014a453-bbf7-46ba-804a-2d27c95377fb req-159275e5-06da-4b35-8dfa-a202df313189 f6874e0a7cdd4670a81148cd0d9e005d e1876e7429b34c7381d13da8019991be - - 0c8a729e6dab4f17a284c6fa56afbc8a 0c8a729e6dab4f17a284c6fa56afbc8a] 199.204.45.116 "GET /v2.0/subnets?id=aac839e1-776d-4269-ba2f-70a5a9086fce HTTP/1.1" status: 200 len: 869 time: 0.1480596
2026-07-15 06:04:22.819 9 INFO neutron.wsgi [req-d9ecdfab-2074-4ff2-8f9a-d071c0a8f1cb req-29f65790-8317-4d1a-bcac-f8b855e922ff f985aa3010194e83b70008b6d7670d86 1833f64013694363a973c43391d4eeb5 - - default default] 10.0.0.240 "GET /v2.0/security-groups?id=d24ab26e-b59b-4534-b483-de5ae645261d&fields=id&fields=name HTTP/1.1" status: 200 len: 312 time: 0.0449111
2026-07-15 06:04:22.884 10 INFO neutron.wsgi [req-9014a453-bbf7-46ba-804a-2d27c95377fb req-e97288fe-4e33-49ca-8781-8c11de037bba f6874e0a7cdd4670a81148cd0d9e005d e1876e7429b34c7381d13da8019991be - - 0c8a729e6dab4f17a284c6fa56afbc8a 0c8a729e6dab4f17a284c6fa56afbc8a] 199.204.45.116 "GET /v2.0/ports?network_id=65a34de4-be46-43a6-8a2f-268a47558ad1&device_owner=network%3Adhcp HTTP/1.1" status: 200 len: 210 time: 0.0561411
2026-07-15 06:04:22.889 10 INFO neutron.wsgi [req-b0fcc9c5-2702-478f-b915-57582c2d5199 req-cb037c12-c84d-4152-83d1-179866ab7158 5d4ab65dc0444805955eeed521cede77 63bc865daf3e47a599fe84ad6a88665b - - default default] 199.204.45.116 "GET /v2.0/networks?id=1cd9fbc4-2894-4840-8b07-6f5fbacd0cf7 HTTP/1.1" status: 200 len: 875 time: 0.2256660
2026-07-15 06:04:22.894 10 INFO neutron.wsgi [req-7690c85b-bd3d-4ae8-b8bf-4f23ab9b95ed req-871b5a1f-019b-4bca-906f-0d6b52d8b766 f6874e0a7cdd4670a81148cd0d9e005d e1876e7429b34c7381d13da8019991be - - 0c8a729e6dab4f17a284c6fa56afbc8a 0c8a729e6dab4f17a284c6fa56afbc8a] 199.204.45.116 "GET /v2.0/ports?network_id=3c151412-f467-4ff5-be17-d8b88db604d7&device_owner=network%3Adhcp HTTP/1.1" status: 200 len: 210 time: 0.0859957
2026-07-15 06:04:22.917 9 INFO neutron.wsgi [req-8c59b758-f0d3-4480-bfc0-222d78b6747c req-a9ac1ba9-8ed3-4cfd-8ed2-af2f4ca43a39 5d4ab65dc0444805955eeed521cede77 63bc865daf3e47a599fe84ad6a88665b - - default default] 10.0.0.240 "GET /v2.0/ports?device_id=16103bef-8344-4661-a759-dc6f1fb4a91b HTTP/1.1" status: 200 len: 210 time: 0.0393279
2026-07-15 06:04:22.926 10 INFO neutron.notifiers.nova [-] Nova event matching ['req-f712cd09-30cc-49d4-a4f3-789ec17c7e6e'] response: {'name': 'network-changed', 'server_uuid': '570c581d-e355-437f-940f-6b07d12cb370', 'tag': 'a8658917-ea25-460c-ad99-b3b1fd9f6166', 'status': 'completed', 'code': 200}
2026-07-15 06:04:23.019 9 INFO neutron.wsgi [req-13a01e13-a1eb-41e7-88e9-cf3d00d3421f req-12ef120e-35b1-4ad6-a279-930229a60142 790d91c8e69f48c9ab1d50f4b3e9ba66 622300c07078479294ac93fc764baee1 - - default default] 10.0.0.240 "GET /v2.0/ports?device_id=570c581d-e355-437f-940f-6b07d12cb370 HTTP/1.1" status: 200 len: 1172 time: 0.0542588
2026-07-15 06:04:23.108 9 INFO neutron.wsgi [req-13a01e13-a1eb-41e7-88e9-cf3d00d3421f req-1f6fcea3-37bd-4fc3-b095-356ea7ad2b0b 790d91c8e69f48c9ab1d50f4b3e9ba66 622300c07078479294ac93fc764baee1 - - default default] 10.0.0.240 "GET /v2.0/security-groups?id=f046b03b-6b7e-414a-9525-ed647d35356f&fields=id&fields=name HTTP/1.1" status: 200 len: 313 time: 0.0812948
2026-07-15 06:04:23.138 9 INFO neutron.db.ovn_revision_numbers_db [None req-2b976d53-f00e-4023-9060-9e29dd632ccf b74d0f6850a24e4db72747476cff5a28 793826d128cb404e972d2611e7ca6d6f - - default default] Successfully bumped revision number for resource 1e9cea9d-625b-4f14-a202-ee1e286a0185 (type: security_groups) to 1
2026-07-15 06:04:23.177 9 INFO neutron.db.ovn_revision_numbers_db [None req-2b976d53-f00e-4023-9060-9e29dd632ccf b74d0f6850a24e4db72747476cff5a28 793826d128cb404e972d2611e7ca6d6f - - default default] Successfully bumped revision number for resource 00d6462c-6e01-47aa-9f70-91c9753a517f (type: security_group_rules) to 0
2026-07-15 06:04:23.215 9 INFO neutron.db.ovn_revision_numbers_db [None req-2b976d53-f00e-4023-9060-9e29dd632ccf b74d0f6850a24e4db72747476cff5a28 793826d128cb404e972d2611e7ca6d6f - - default default] Successfully bumped revision number for resource 433e83ec-11a2-4cd6-ad17-51d8b8022f13 (type: security_group_rules) to 0
2026-07-15 06:04:23.234 9 INFO neutron.db.ovn_revision_numbers_db [None req-2b976d53-f00e-4023-9060-9e29dd632ccf b74d0f6850a24e4db72747476cff5a28 793826d128cb404e972d2611e7ca6d6f - - default default] Successfully bumped revision number for resource 5eff9d81-8660-4715-98eb-af0c86b6c06b (type: security_group_rules) to 0
2026-07-15 06:04:23.247 10 INFO neutron.wsgi [req-9014a453-bbf7-46ba-804a-2d27c95377fb req-0c7712c4-586a-410d-b9be-61eae6256611 f6874e0a7cdd4670a81148cd0d9e005d e1876e7429b34c7381d13da8019991be - - 0c8a729e6dab4f17a284c6fa56afbc8a 0c8a729e6dab4f17a284c6fa56afbc8a] 199.204.45.116 "GET /v2.0/networks/65a34de4-be46-43a6-8a2f-268a47558ad1?fields=segments HTTP/1.1" status: 200 len: 212 time: 0.3507009
2026-07-15 06:04:23.252 10 INFO neutron.wsgi [req-7690c85b-bd3d-4ae8-b8bf-4f23ab9b95ed req-c26e8ef5-e20d-4046-90d6-bd8238026ab7 f6874e0a7cdd4670a81148cd0d9e005d e1876e7429b34c7381d13da8019991be - - 0c8a729e6dab4f17a284c6fa56afbc8a 0c8a729e6dab4f17a284c6fa56afbc8a] 199.204.45.116 "GET /v2.0/networks/3c151412-f467-4ff5-be17-d8b88db604d7?fields=segments HTTP/1.1" status: 200 len: 212 time: 0.3309460
2026-07-15 06:04:23.264 10 INFO neutron.wsgi [req-b0fcc9c5-2702-478f-b915-57582c2d5199 req-defbdb41-2e6f-4f94-9a94-b9ba98669890 5d4ab65dc0444805955eeed521cede77 63bc865daf3e47a599fe84ad6a88665b - - default default] 199.204.45.116 "GET /v2.0/security-groups?fields=id&fields=name&tenant_id=63bc865daf3e47a599fe84ad6a88665b HTTP/1.1" status: 200 len: 379 time: 0.3436065
2026-07-15 06:04:23.265 9 INFO neutron.db.ovn_revision_numbers_db [None req-2b976d53-f00e-4023-9060-9e29dd632ccf b74d0f6850a24e4db72747476cff5a28 793826d128cb404e972d2611e7ca6d6f - - default default] Successfully bumped revision number for resource 99f8ce6d-7c1f-4cfb-8eeb-47d9c491ce20 (type: security_group_rules) to 0
2026-07-15 06:04:23.282 10 WARNING neutron_lib.context [req-b0fcc9c5-2702-478f-b915-57582c2d5199 req-4eed3d58-a98a-4f24-b8be-9fd551dabb81 5d4ab65dc0444805955eeed521cede77 63bc865daf3e47a599fe84ad6a88665b - - default default] Method 'is_advsvc' is deprecated since 2023.2 release (neutron-lib 3.8.0) and will be removed once support for the old RBAC API policies will be removed from Neutron. Please use method 'is_service_role' instead.
2026-07-15 06:04:23.324 9 INFO neutron.db.segments_db [None req-2b976d53-f00e-4023-9060-9e29dd632ccf b74d0f6850a24e4db72747476cff5a28 793826d128cb404e972d2611e7ca6d6f - - default default] Added segment 242f8126-f123-49c8-9c3a-3be146c10a84 of type geneve for network bbca3117-99ad-4292-a8ca-da0ac13a685a
2026-07-15 06:04:23.390 10 INFO neutron.wsgi [req-7690c85b-bd3d-4ae8-b8bf-4f23ab9b95ed req-01a614d8-8580-495b-9320-290c59d73c2f f6874e0a7cdd4670a81148cd0d9e005d e1876e7429b34c7381d13da8019991be - - 0c8a729e6dab4f17a284c6fa56afbc8a 0c8a729e6dab4f17a284c6fa56afbc8a] 199.204.45.116 "GET /v2.0/networks/3c151412-f467-4ff5-be17-d8b88db604d7?fields=provider%3Aphysical_network&fields=provider%3Anetwork_type HTTP/1.1" status: 200 len: 277 time: 0.1239469
2026-07-15 06:04:23.415 10 INFO neutron.wsgi [req-9014a453-bbf7-46ba-804a-2d27c95377fb req-831529da-2342-4a19-a767-1e3f2059cca7 f6874e0a7cdd4670a81148cd0d9e005d e1876e7429b34c7381d13da8019991be - - 0c8a729e6dab4f17a284c6fa56afbc8a 0c8a729e6dab4f17a284c6fa56afbc8a] 199.204.45.116 "GET /v2.0/networks/65a34de4-be46-43a6-8a2f-268a47558ad1?fields=provider%3Aphysical_network&fields=provider%3Anetwork_type HTTP/1.1" status: 200 len: 277 time: 0.1504822
2026-07-15 06:04:23.487 10 INFO neutron.db.ovn_revision_numbers_db [None req-80fc0f6d-713c-4715-9cb0-d8a907150370 - - - - - -] Successfully bumped revision number for resource 8bc07523-46a8-4bf0-a0cb-75f0f95c463e (type: ports) to 2
2026-07-15 06:04:23.529 9 INFO neutron.db.ovn_revision_numbers_db [None req-2b976d53-f00e-4023-9060-9e29dd632ccf b74d0f6850a24e4db72747476cff5a28 793826d128cb404e972d2611e7ca6d6f - - default default] Successfully bumped revision number for resource bbca3117-99ad-4292-a8ca-da0ac13a685a (type: networks) to 1
2026-07-15 06:04:23.552 10 INFO neutron.wsgi [req-0b983f85-4077-49d3-80d8-871305cd43f0 req-589e0a71-da44-4459-a271-9c6770a1422f f6874e0a7cdd4670a81148cd0d9e005d e1876e7429b34c7381d13da8019991be - - 0c8a729e6dab4f17a284c6fa56afbc8a 0c8a729e6dab4f17a284c6fa56afbc8a] 199.204.45.116 "GET /v2.0/ports?tenant_id=622300c07078479294ac93fc764baee1&device_id=570c581d-e355-437f-940f-6b07d12cb370 HTTP/1.1" status: 200 len: 1411 time: 0.0809741
2026-07-15 06:04:23.638 10 INFO neutron.db.ovn_revision_numbers_db [None req-80fc0f6d-713c-4715-9cb0-d8a907150370 - - - - - -] Successfully bumped revision number for resource 8bc07523-46a8-4bf0-a0cb-75f0f95c463e (type: router_ports) to 2
2026-07-15 06:04:23.706 9 WARNING neutron.scheduler.dhcp_agent_scheduler [None req-2b976d53-f00e-4023-9060-9e29dd632ccf b74d0f6850a24e4db72747476cff5a28 793826d128cb404e972d2611e7ca6d6f - - default default] No more DHCP agents
2026-07-15 06:04:23.710 9 WARNING neutron.api.rpc.agentnotifiers.dhcp_rpc_agent_api [None req-2b976d53-f00e-4023-9060-9e29dd632ccf b74d0f6850a24e4db72747476cff5a28 793826d128cb404e972d2611e7ca6d6f - - default default] Unable to schedule network bbca3117-99ad-4292-a8ca-da0ac13a685a: no agents available; will retry on subsequent port and subnet creation events.
2026-07-15 06:04:23.775 10 INFO neutron.wsgi [req-0b983f85-4077-49d3-80d8-871305cd43f0 req-6292bd65-ce40-4710-a62a-9ca8423aeafe f6874e0a7cdd4670a81148cd0d9e005d e1876e7429b34c7381d13da8019991be - - 0c8a729e6dab4f17a284c6fa56afbc8a 0c8a729e6dab4f17a284c6fa56afbc8a] 199.204.45.116 "GET /v2.0/networks?id=65a34de4-be46-43a6-8a2f-268a47558ad1 HTTP/1.1" status: 200 len: 974 time: 0.1119750
2026-07-15 06:04:23.814 9 INFO neutron.db.ovn_revision_numbers_db [None req-2b976d53-f00e-4023-9060-9e29dd632ccf b74d0f6850a24e4db72747476cff5a28 793826d128cb404e972d2611e7ca6d6f - - default default] Successfully bumped revision number for resource da120177-3a96-4c4f-bb16-0b8ca17f6d0d (type: ports) to 1
2026-07-15 06:04:23.815 10 INFO neutron.wsgi [req-0b983f85-4077-49d3-80d8-871305cd43f0 req-ef91dcc0-9e20-4eda-9498-398114f36fb7 f6874e0a7cdd4670a81148cd0d9e005d e1876e7429b34c7381d13da8019991be - - 0c8a729e6dab4f17a284c6fa56afbc8a 0c8a729e6dab4f17a284c6fa56afbc8a] 199.204.45.116 "GET /v2.0/floatingips?fixed_ip_address=10.100.0.10&port_id=a8658917-ea25-460c-ad99-b3b1fd9f6166 HTTP/1.1" status: 200 len: 217 time: 0.0315757
2026-07-15 06:04:23.840 9 INFO neutron.wsgi [None req-2b976d53-f00e-4023-9060-9e29dd632ccf b74d0f6850a24e4db72747476cff5a28 793826d128cb404e972d2611e7ca6d6f - - default default] 10.0.0.181 "POST /v2.0/networks HTTP/1.1" status: 201 len: 947 time: 1.1010549
2026-07-15 06:04:23.869 10 WARNING neutron.scheduler.dhcp_agent_scheduler [req-b0fcc9c5-2702-478f-b915-57582c2d5199 req-4eed3d58-a98a-4f24-b8be-9fd551dabb81 5d4ab65dc0444805955eeed521cede77 63bc865daf3e47a599fe84ad6a88665b - - default default] No more DHCP agents
2026-07-15 06:04:23.872 10 WARNING neutron.api.rpc.agentnotifiers.dhcp_rpc_agent_api [req-b0fcc9c5-2702-478f-b915-57582c2d5199 req-4eed3d58-a98a-4f24-b8be-9fd551dabb81 5d4ab65dc0444805955eeed521cede77 63bc865daf3e47a599fe84ad6a88665b - - default default] Unable to schedule network 1cd9fbc4-2894-4840-8b07-6f5fbacd0cf7: no agents available; will retry on subsequent port and subnet creation events.
2026-07-15 06:04:23.876 10 INFO neutron.wsgi [req-0b983f85-4077-49d3-80d8-871305cd43f0 req-602c330c-7d88-45ae-ab71-a3a01eefae4a f6874e0a7cdd4670a81148cd0d9e005d e1876e7429b34c7381d13da8019991be - - 0c8a729e6dab4f17a284c6fa56afbc8a 0c8a729e6dab4f17a284c6fa56afbc8a] 199.204.45.116 "GET /v2.0/subnets?id=aac839e1-776d-4269-ba2f-70a5a9086fce HTTP/1.1" status: 200 len: 869 time: 0.0531287 /var/lib/openstack/lib/python3.10/site-packages/pycadf/identifier.py:71: UserWarning: Invalid uuid: neutron. To ensure interoperability, identifiers should be a valid uuid. warnings.warn(('Invalid uuid: %s. To ensure interoperability, '
2026-07-15 06:04:23.907 10 INFO neutron.wsgi [req-0b983f85-4077-49d3-80d8-871305cd43f0 req-c682c24b-55fc-4423-9de4-a27ef91104ca f6874e0a7cdd4670a81148cd0d9e005d e1876e7429b34c7381d13da8019991be - - 0c8a729e6dab4f17a284c6fa56afbc8a 0c8a729e6dab4f17a284c6fa56afbc8a] 199.204.45.116 "GET /v2.0/ports?network_id=65a34de4-be46-43a6-8a2f-268a47558ad1&device_owner=network%3Adhcp HTTP/1.1" status: 200 len: 210 time: 0.0233674
2026-07-15 06:04:23.952 9 INFO neutron.wsgi [req-c9270a0b-fc32-4486-9154-e73aa08d9627 req-cd20a3a4-fdcc-4255-980d-29ab0a602d4b f985aa3010194e83b70008b6d7670d86 1833f64013694363a973c43391d4eeb5 - - default default] 10.0.0.240 "GET /v2.0/ports?device_id=8366399a-de97-4b37-97cc-d2dfb860d8bd HTTP/1.1" status: 200 len: 1168 time: 0.0591848
2026-07-15 06:04:23.997 10 INFO neutron.wsgi [req-0b983f85-4077-49d3-80d8-871305cd43f0 req-5c4f07e4-4129-4e10-89e9-03c2ffb4ab6f f6874e0a7cdd4670a81148cd0d9e005d e1876e7429b34c7381d13da8019991be - - 0c8a729e6dab4f17a284c6fa56afbc8a 0c8a729e6dab4f17a284c6fa56afbc8a] 199.204.45.116 "GET /v2.0/networks/65a34de4-be46-43a6-8a2f-268a47558ad1?fields=segments HTTP/1.1" status: 200 len: 212 time: 0.0807607
2026-07-15 06:04:24.019 9 INFO neutron.wsgi [req-c9270a0b-fc32-4486-9154-e73aa08d9627 req-243223ce-b325-4288-b360-8e284479817d f985aa3010194e83b70008b6d7670d86 1833f64013694363a973c43391d4eeb5 - - default default] 10.0.0.240 "GET /v2.0/security-groups?id=d24ab26e-b59b-4534-b483-de5ae645261d&fields=id&fields=name HTTP/1.1" status: 200 len: 312 time: 0.0591788
2026-07-15 06:04:24.075 10 INFO neutron.wsgi [req-0b983f85-4077-49d3-80d8-871305cd43f0 req-73d63d9e-a7f0-4748-8636-b7d772cc5eaa f6874e0a7cdd4670a81148cd0d9e005d e1876e7429b34c7381d13da8019991be - - 0c8a729e6dab4f17a284c6fa56afbc8a 0c8a729e6dab4f17a284c6fa56afbc8a] 199.204.45.116 "GET /v2.0/networks/65a34de4-be46-43a6-8a2f-268a47558ad1?fields=provider%3Aphysical_network&fields=provider%3Anetwork_type HTTP/1.1" status: 200 len: 277 time: 0.0704172
2026-07-15 06:04:24.076 10 INFO neutron.db.ovn_revision_numbers_db [req-b0fcc9c5-2702-478f-b915-57582c2d5199 req-4eed3d58-a98a-4f24-b8be-9fd551dabb81 5d4ab65dc0444805955eeed521cede77 63bc865daf3e47a599fe84ad6a88665b - - default default] Successfully bumped revision number for resource 8d9bca55-6327-436d-8388-d4c343f693ef (type: ports) to 1
2026-07-15 06:04:24.080 9 INFO neutron.wsgi [req-5a25950d-b375-49cd-ba74-7e9439f30b60 req-282405f9-5847-41a9-baa0-2acad05289ed 5d4ab65dc0444805955eeed521cede77 63bc865daf3e47a599fe84ad6a88665b - - default default] 10.0.0.240 "GET /v2.0/ports?device_id=16103bef-8344-4661-a759-dc6f1fb4a91b HTTP/1.1" status: 200 len: 1160 time: 0.0592737
2026-07-15 06:04:24.096 10 INFO neutron.wsgi [req-b0fcc9c5-2702-478f-b915-57582c2d5199 req-4eed3d58-a98a-4f24-b8be-9fd551dabb81 5d4ab65dc0444805955eeed521cede77 63bc865daf3e47a599fe84ad6a88665b - - default default] 199.204.45.116 "POST /v2.0/ports HTTP/1.1" status: 201 len: 1162 time: 0.8228347
2026-07-15 06:04:24.137 9 WARNING neutron.scheduler.dhcp_agent_scheduler [None req-e983ffda-976d-4736-b7eb-3b747800212f b74d0f6850a24e4db72747476cff5a28 793826d128cb404e972d2611e7ca6d6f - - default default] No more DHCP agents
2026-07-15 06:04:24.140 9 WARNING neutron.api.rpc.agentnotifiers.dhcp_rpc_agent_api [None req-e983ffda-976d-4736-b7eb-3b747800212f b74d0f6850a24e4db72747476cff5a28 793826d128cb404e972d2611e7ca6d6f - - default default] Unable to schedule network bbca3117-99ad-4292-a8ca-da0ac13a685a: no agents available; will retry on subsequent port and subnet creation events.
2026-07-15 06:04:24.147 9 INFO neutron.wsgi [req-5a25950d-b375-49cd-ba74-7e9439f30b60 req-fa301e50-6c02-4266-af84-cfa7a7359f26 5d4ab65dc0444805955eeed521cede77 63bc865daf3e47a599fe84ad6a88665b - - default default] 10.0.0.240 "GET /v2.0/security-groups?id=fa9f2109-9968-4fd7-b968-a7d3b4b43a16&fields=id&fields=name HTTP/1.1" status: 200 len: 312 time: 0.0580087
2026-07-15 06:04:24.243 9 INFO neutron.wsgi [req-2fe16d79-fb96-4836-957b-691bd9a29eb2 req-8987459b-ad18-4278-875e-24f854b5aec0 790d91c8e69f48c9ab1d50f4b3e9ba66 622300c07078479294ac93fc764baee1 - - default default] 10.0.0.240 "GET /v2.0/ports?device_id=570c581d-e355-437f-940f-6b07d12cb370 HTTP/1.1" status: 200 len: 1172 time: 0.0466108
2026-07-15 06:04:24.313 9 INFO neutron.wsgi [req-2fe16d79-fb96-4836-957b-691bd9a29eb2 req-c803adfc-9aa5-4e08-a1ae-596bb068efca 790d91c8e69f48c9ab1d50f4b3e9ba66 622300c07078479294ac93fc764baee1 - - default default] 10.0.0.240 "GET /v2.0/security-groups?id=f046b03b-6b7e-414a-9525-ed647d35356f&fields=id&fields=name HTTP/1.1" status: 200 len: 313 time: 0.0602319
2026-07-15 06:04:24.479 10 INFO neutron.db.ovn_revision_numbers_db [req-b0fcc9c5-2702-478f-b915-57582c2d5199 req-718b67d8-a3fc-46cc-a9c5-a02c6352a7ec f6874e0a7cdd4670a81148cd0d9e005d e1876e7429b34c7381d13da8019991be - - 0c8a729e6dab4f17a284c6fa56afbc8a 0c8a729e6dab4f17a284c6fa56afbc8a] Successfully bumped revision number for resource 8d9bca55-6327-436d-8388-d4c343f693ef (type: ports) to 2
2026-07-15 06:04:24.725 10 INFO neutron.db.ovn_revision_numbers_db [req-b0fcc9c5-2702-478f-b915-57582c2d5199 req-718b67d8-a3fc-46cc-a9c5-a02c6352a7ec f6874e0a7cdd4670a81148cd0d9e005d e1876e7429b34c7381d13da8019991be - - 0c8a729e6dab4f17a284c6fa56afbc8a 0c8a729e6dab4f17a284c6fa56afbc8a] Successfully bumped revision number for resource 8d9bca55-6327-436d-8388-d4c343f693ef (type: ports) to 2
2026-07-15 06:04:24.749 9 INFO neutron.db.ovn_revision_numbers_db [None req-e983ffda-976d-4736-b7eb-3b747800212f b74d0f6850a24e4db72747476cff5a28 793826d128cb404e972d2611e7ca6d6f - - default default] Successfully bumped revision number for resource da120177-3a96-4c4f-bb16-0b8ca17f6d0d (type: ports) to 2
2026-07-15 06:04:24.749 10 INFO neutron.wsgi [req-b0fcc9c5-2702-478f-b915-57582c2d5199 req-718b67d8-a3fc-46cc-a9c5-a02c6352a7ec f6874e0a7cdd4670a81148cd0d9e005d e1876e7429b34c7381d13da8019991be - - 0c8a729e6dab4f17a284c6fa56afbc8a 0c8a729e6dab4f17a284c6fa56afbc8a] 199.204.45.116 "PUT /v2.0/ports/8d9bca55-6327-436d-8388-d4c343f693ef HTTP/1.1" status: 200 len: 1380 time: 0.6493309 /var/lib/openstack/lib/python3.10/site-packages/pycadf/identifier.py:71: UserWarning: Invalid uuid: neutron. To ensure interoperability, identifiers should be a valid uuid. warnings.warn(('Invalid uuid: %s. To ensure interoperability, '
2026-07-15 06:04:24.791 9 INFO neutron.db.ovn_revision_numbers_db [None req-e983ffda-976d-4736-b7eb-3b747800212f b74d0f6850a24e4db72747476cff5a28 793826d128cb404e972d2611e7ca6d6f - - default default] Successfully bumped revision number for resource 4f7b2f49-d3fc-4d7f-8202-17283f6a91ad (type: subnets) to 0
2026-07-15 06:04:24.814 9 INFO neutron.wsgi [None req-e983ffda-976d-4736-b7eb-3b747800212f b74d0f6850a24e4db72747476cff5a28 793826d128cb404e972d2611e7ca6d6f - - default default] 10.0.0.181 "POST /v2.0/subnets HTTP/1.1" status: 201 len: 867 time: 0.9675670
2026-07-15 06:04:24.828 10 INFO neutron.wsgi [req-b0fcc9c5-2702-478f-b915-57582c2d5199 req-bba07cea-ab0d-4a72-b640-531b130e642d f6874e0a7cdd4670a81148cd0d9e005d e1876e7429b34c7381d13da8019991be - - 0c8a729e6dab4f17a284c6fa56afbc8a 0c8a729e6dab4f17a284c6fa56afbc8a] 199.204.45.116 "GET /v2.0/ports?tenant_id=63bc865daf3e47a599fe84ad6a88665b&device_id=16103bef-8344-4661-a759-dc6f1fb4a91b HTTP/1.1" status: 200 len: 1411 time: 0.0436678
2026-07-15 06:04:24.859 10 INFO neutron.wsgi [req-b0fcc9c5-2702-478f-b915-57582c2d5199 req-1c8e5060-b6e3-42ab-be05-5c3738af893e f6874e0a7cdd4670a81148cd0d9e005d e1876e7429b34c7381d13da8019991be - - 0c8a729e6dab4f17a284c6fa56afbc8a 0c8a729e6dab4f17a284c6fa56afbc8a] 199.204.45.116 "GET /v2.0/floatingips?fixed_ip_address=10.100.0.10&port_id=8d9bca55-6327-436d-8388-d4c343f693ef HTTP/1.1" status: 200 len: 217 time: 0.0253630
2026-07-15 06:04:24.906 10 INFO neutron.wsgi [req-b0fcc9c5-2702-478f-b915-57582c2d5199 req-c800eb1e-12dd-4d42-86fb-d3c743b61526 f6874e0a7cdd4670a81148cd0d9e005d e1876e7429b34c7381d13da8019991be - - 0c8a729e6dab4f17a284c6fa56afbc8a 0c8a729e6dab4f17a284c6fa56afbc8a] 199.204.45.116 "GET /v2.0/subnets?id=9bbf5b06-e4cc-4bf7-a094-aa8f06616608 HTTP/1.1" status: 200 len: 869 time: 0.0382986
2026-07-15 06:04:24.948 10 INFO neutron.wsgi [req-b0fcc9c5-2702-478f-b915-57582c2d5199 req-68b3c29a-c76a-4af6-9713-983afed2ec02 f6874e0a7cdd4670a81148cd0d9e005d e1876e7429b34c7381d13da8019991be - - 0c8a729e6dab4f17a284c6fa56afbc8a 0c8a729e6dab4f17a284c6fa56afbc8a] 199.204.45.116 "GET /v2.0/ports?network_id=1cd9fbc4-2894-4840-8b07-6f5fbacd0cf7&device_owner=network%3Adhcp HTTP/1.1" status: 200 len: 210 time: 0.0333307
2026-07-15 06:04:24.976 10 INFO neutron.notifiers.nova [-] Nova event matching ['req-f4fec72d-52bd-46c4-a355-44e7b57a7e12'] response: {'name': 'network-changed', 'server_uuid': '8366399a-de97-4b37-97cc-d2dfb860d8bd', 'tag': '809b46d5-c4d8-4abe-93bc-58d717ef282c', 'status': 'completed', 'code': 200}
2026-07-15 06:04:24.977 10 INFO neutron.notifiers.nova [-] Nova event matching ['req-f4fec72d-52bd-46c4-a355-44e7b57a7e12'] response: {'name': 'network-changed', 'server_uuid': '16103bef-8344-4661-a759-dc6f1fb4a91b', 'tag': '8d9bca55-6327-436d-8388-d4c343f693ef', 'status': 'completed', 'code': 200}
2026-07-15 06:04:25.042 10 INFO neutron.wsgi [req-0a987c78-194d-48f0-baa3-623b72efa1c4 req-563f79b1-8e14-455d-a784-58be273ba946 f6874e0a7cdd4670a81148cd0d9e005d e1876e7429b34c7381d13da8019991be - - 0c8a729e6dab4f17a284c6fa56afbc8a 0c8a729e6dab4f17a284c6fa56afbc8a] 199.204.45.116 "GET /v2.0/ports?tenant_id=1833f64013694363a973c43391d4eeb5&device_id=8366399a-de97-4b37-97cc-d2dfb860d8bd HTTP/1.1" status: 200 len: 1407 time: 0.0437310
2026-07-15 06:04:25.053 10 INFO neutron.wsgi [req-b0fcc9c5-2702-478f-b915-57582c2d5199 req-3531fd10-5b65-42e9-a9a2-6de85db6d85e f6874e0a7cdd4670a81148cd0d9e005d e1876e7429b34c7381d13da8019991be - - 0c8a729e6dab4f17a284c6fa56afbc8a 0c8a729e6dab4f17a284c6fa56afbc8a] 199.204.45.116 "GET /v2.0/networks/1cd9fbc4-2894-4840-8b07-6f5fbacd0cf7?fields=segments HTTP/1.1" status: 200 len: 212 time: 0.0976961
2026-07-15 06:04:25.130 10 INFO neutron.wsgi [req-0a987c78-194d-48f0-baa3-623b72efa1c4 req-d1058f1f-7cda-47cd-9c0d-a4c7580845ca f6874e0a7cdd4670a81148cd0d9e005d e1876e7429b34c7381d13da8019991be - - 0c8a729e6dab4f17a284c6fa56afbc8a 0c8a729e6dab4f17a284c6fa56afbc8a] 199.204.45.116 "GET /v2.0/networks?id=3c151412-f467-4ff5-be17-d8b88db604d7 HTTP/1.1" status: 200 len: 981 time: 0.0765471
2026-07-15 06:04:25.137 10 INFO neutron.wsgi [req-b0fcc9c5-2702-478f-b915-57582c2d5199 req-bf055628-7fbc-4951-8f6b-84c4a57603fa f6874e0a7cdd4670a81148cd0d9e005d e1876e7429b34c7381d13da8019991be - - 0c8a729e6dab4f17a284c6fa56afbc8a 0c8a729e6dab4f17a284c6fa56afbc8a] 199.204.45.116 "GET /v2.0/networks/1cd9fbc4-2894-4840-8b07-6f5fbacd0cf7?fields=provider%3Aphysical_network&fields=provider%3Anetwork_type HTTP/1.1" status: 200 len: 277 time: 0.0759451
2026-07-15 06:04:25.167 10 INFO neutron.wsgi [req-0a987c78-194d-48f0-baa3-623b72efa1c4 req-81195030-a34b-4b70-a11f-ab509bd013cd f6874e0a7cdd4670a81148cd0d9e005d e1876e7429b34c7381d13da8019991be - - 0c8a729e6dab4f17a284c6fa56afbc8a 0c8a729e6dab4f17a284c6fa56afbc8a] 199.204.45.116 "GET /v2.0/floatingips?fixed_ip_address=10.100.0.8&port_id=809b46d5-c4d8-4abe-93bc-58d717ef282c HTTP/1.1" status: 200 len: 217 time: 0.0290060
2026-07-15 06:04:25.208 10 INFO neutron.wsgi [req-0a987c78-194d-48f0-baa3-623b72efa1c4 req-5f522af3-45d4-4d77-a303-911f4bf44be9 f6874e0a7cdd4670a81148cd0d9e005d e1876e7429b34c7381d13da8019991be - - 0c8a729e6dab4f17a284c6fa56afbc8a 0c8a729e6dab4f17a284c6fa56afbc8a] 199.204.45.116 "GET /v2.0/subnets?id=e38a6823-a4f6-4405-afd2-b00c6c9cbe2a HTTP/1.1" status: 200 len: 877 time: 0.0325778
2026-07-15 06:04:25.238 10 INFO neutron.wsgi [req-0a987c78-194d-48f0-baa3-623b72efa1c4 req-684e6bff-efc4-40ed-9b14-0ef02c841f42 f6874e0a7cdd4670a81148cd0d9e005d e1876e7429b34c7381d13da8019991be - - 0c8a729e6dab4f17a284c6fa56afbc8a 0c8a729e6dab4f17a284c6fa56afbc8a] 199.204.45.116 "GET /v2.0/ports?network_id=3c151412-f467-4ff5-be17-d8b88db604d7&device_owner=network%3Adhcp HTTP/1.1" status: 200 len: 210 time: 0.0262454
2026-07-15 06:04:25.312 10 INFO neutron.wsgi [req-0a987c78-194d-48f0-baa3-623b72efa1c4 req-a31985c5-e427-40ae-802c-d7c5d1e932e6 f6874e0a7cdd4670a81148cd0d9e005d e1876e7429b34c7381d13da8019991be - - 0c8a729e6dab4f17a284c6fa56afbc8a 0c8a729e6dab4f17a284c6fa56afbc8a] 199.204.45.116 "GET /v2.0/networks/3c151412-f467-4ff5-be17-d8b88db604d7?fields=segments HTTP/1.1" status: 200 len: 212 time: 0.0649004
2026-07-15 06:04:25.341 9 INFO neutron.wsgi [req-1f54ccff-f911-4243-b6c6-8fe87343b53c req-e7aef506-7622-4971-a11d-1d985d6f1900 f985aa3010194e83b70008b6d7670d86 1833f64013694363a973c43391d4eeb5 - - default default] 10.0.0.240 "GET /v2.0/ports?device_id=8366399a-de97-4b37-97cc-d2dfb860d8bd HTTP/1.1" status: 200 len: 1168 time: 0.2386956
2026-07-15 06:04:25.362 9 INFO neutron.wsgi [req-54298f58-9cae-4b0c-99f3-5b61ca29bf98 req-396c97d0-de8b-427c-9038-a624762bb155 5d4ab65dc0444805955eeed521cede77 63bc865daf3e47a599fe84ad6a88665b - - default default] 10.0.0.240 "GET /v2.0/ports?device_id=16103bef-8344-4661-a759-dc6f1fb4a91b HTTP/1.1" status: 200 len: 1172 time: 0.0615277
2026-07-15 06:04:25.387 10 INFO neutron.wsgi [req-0a987c78-194d-48f0-baa3-623b72efa1c4 req-fcd3811b-7333-4fb1-8dfc-715700d5b320 f6874e0a7cdd4670a81148cd0d9e005d e1876e7429b34c7381d13da8019991be - - 0c8a729e6dab4f17a284c6fa56afbc8a 0c8a729e6dab4f17a284c6fa56afbc8a] 199.204.45.116 "GET /v2.0/networks/3c151412-f467-4ff5-be17-d8b88db604d7?fields=provider%3Aphysical_network&fields=provider%3Anetwork_type HTTP/1.1" status: 200 len: 277 time: 0.0691872
2026-07-15 06:04:25.449 9 INFO neutron.wsgi [req-1f54ccff-f911-4243-b6c6-8fe87343b53c req-de5a083e-ab50-49a5-a182-648699c6ae3a f985aa3010194e83b70008b6d7670d86 1833f64013694363a973c43391d4eeb5 - - default default] 10.0.0.240 "GET /v2.0/security-groups?id=d24ab26e-b59b-4534-b483-de5ae645261d&fields=id&fields=name HTTP/1.1" status: 200 len: 312 time: 0.0973318
2026-07-15 06:04:25.451 9 INFO neutron.wsgi [req-54298f58-9cae-4b0c-99f3-5b61ca29bf98 req-bda50f87-284b-49ad-a7f9-65c128bffe93 5d4ab65dc0444805955eeed521cede77 63bc865daf3e47a599fe84ad6a88665b - - default default] 10.0.0.240 "GET /v2.0/security-groups?id=fa9f2109-9968-4fd7-b968-a7d3b4b43a16&fields=id&fields=name HTTP/1.1" status: 200 len: 312 time: 0.0825036
2026-07-15 06:04:25.481 10 INFO neutron.wsgi [req-0a987c78-194d-48f0-baa3-623b72efa1c4 req-900d1669-463b-4e1c-84aa-6ca8858b8f3f f6874e0a7cdd4670a81148cd0d9e005d e1876e7429b34c7381d13da8019991be - - 0c8a729e6dab4f17a284c6fa56afbc8a 0c8a729e6dab4f17a284c6fa56afbc8a] 199.204.45.116 "GET /v2.0/ports?tenant_id=63bc865daf3e47a599fe84ad6a88665b&device_id=16103bef-8344-4661-a759-dc6f1fb4a91b HTTP/1.1" status: 200 len: 1411 time: 0.0415857
2026-07-15 06:04:25.547 9 INFO neutron.wsgi [req-bbb52f32-4d85-4bea-9207-70b68f23e71e req-ebf585d7-4399-44e2-8e91-7e776f47f0ce 790d91c8e69f48c9ab1d50f4b3e9ba66 622300c07078479294ac93fc764baee1 - - default default] 10.0.0.240 "GET /v2.0/ports?device_id=570c581d-e355-437f-940f-6b07d12cb370 HTTP/1.1" status: 200 len: 1172 time: 0.0434678
2026-07-15 06:04:25.579 9 WARNING neutron.scheduler.dhcp_agent_scheduler [None req-9b028d5d-c920-4371-a47e-49e2410c6d92 b74d0f6850a24e4db72747476cff5a28 793826d128cb404e972d2611e7ca6d6f - - default default] No more DHCP agents
2026-07-15 06:04:25.583 9 WARNING neutron.api.rpc.agentnotifiers.dhcp_rpc_agent_api [None req-9b028d5d-c920-4371-a47e-49e2410c6d92 b74d0f6850a24e4db72747476cff5a28 793826d128cb404e972d2611e7ca6d6f - - default default] Unable to schedule network 85d8c101-1625-4351-9175-849136598975: no agents available; will retry on subsequent port and subnet creation events.
2026-07-15 06:04:25.609 9 INFO neutron.wsgi [req-bbb52f32-4d85-4bea-9207-70b68f23e71e req-c634b461-382d-4fec-b0ea-7d72de07d9bf 790d91c8e69f48c9ab1d50f4b3e9ba66 622300c07078479294ac93fc764baee1 - - default default] 10.0.0.240 "GET /v2.0/security-groups?id=f046b03b-6b7e-414a-9525-ed647d35356f&fields=id&fields=name HTTP/1.1" status: 200 len: 313 time: 0.0481107
2026-07-15 06:04:25.797 9 INFO neutron.db.ovn_revision_numbers_db [None req-9b028d5d-c920-4371-a47e-49e2410c6d92 b74d0f6850a24e4db72747476cff5a28 793826d128cb404e972d2611e7ca6d6f - - default default] Successfully bumped revision number for resource f8874d84-b0e1-421a-9f1b-aac1944b9790 (type: ports) to 1
2026-07-15 06:04:25.806 10 INFO neutron.wsgi [req-0a987c78-194d-48f0-baa3-623b72efa1c4 req-4a6c67f1-db36-49fe-802b-1245c1843d3b f6874e0a7cdd4670a81148cd0d9e005d e1876e7429b34c7381d13da8019991be - - 0c8a729e6dab4f17a284c6fa56afbc8a 0c8a729e6dab4f17a284c6fa56afbc8a] 199.204.45.116 "GET /v2.0/networks?id=1cd9fbc4-2894-4840-8b07-6f5fbacd0cf7 HTTP/1.1" status: 200 len: 974 time: 0.3185995
2026-07-15 06:04:25.841 10 INFO neutron.wsgi [req-0a987c78-194d-48f0-baa3-623b72efa1c4 req-0b24e5f7-e88c-4023-b2a1-31b209f8949d f6874e0a7cdd4670a81148cd0d9e005d e1876e7429b34c7381d13da8019991be - - 0c8a729e6dab4f17a284c6fa56afbc8a 0c8a729e6dab4f17a284c6fa56afbc8a] 199.204.45.116 "GET /v2.0/floatingips?fixed_ip_address=10.100.0.10&port_id=8d9bca55-6327-436d-8388-d4c343f693ef HTTP/1.1" status: 200 len: 217 time: 0.0269253
2026-07-15 06:04:25.882 10 INFO neutron.wsgi [req-0a987c78-194d-48f0-baa3-623b72efa1c4 req-976e8344-bfb1-4e5e-b6e9-efa499c07925 f6874e0a7cdd4670a81148cd0d9e005d e1876e7429b34c7381d13da8019991be - - 0c8a729e6dab4f17a284c6fa56afbc8a 0c8a729e6dab4f17a284c6fa56afbc8a] 199.204.45.116 "GET /v2.0/subnets?id=9bbf5b06-e4cc-4bf7-a094-aa8f06616608 HTTP/1.1" status: 200 len: 869 time: 0.0351980
2026-07-15 06:04:25.906 10 INFO neutron.wsgi [req-0a987c78-194d-48f0-baa3-623b72efa1c4 req-e566dabc-839d-45b8-aa59-cdb8c2a4ed61 f6874e0a7cdd4670a81148cd0d9e005d e1876e7429b34c7381d13da8019991be - - 0c8a729e6dab4f17a284c6fa56afbc8a 0c8a729e6dab4f17a284c6fa56afbc8a] 199.204.45.116 "GET /v2.0/ports?network_id=1cd9fbc4-2894-4840-8b07-6f5fbacd0cf7&device_owner=network%3Adhcp HTTP/1.1" status: 200 len: 210 time: 0.0176296
2026-07-15 06:04:25.991 10 INFO neutron.wsgi [req-0a987c78-194d-48f0-baa3-623b72efa1c4 req-3f730f8c-c242-411c-bd4c-b496d203d407 f6874e0a7cdd4670a81148cd0d9e005d e1876e7429b34c7381d13da8019991be - - 0c8a729e6dab4f17a284c6fa56afbc8a 0c8a729e6dab4f17a284c6fa56afbc8a] 199.204.45.116 "GET /v2.0/networks/1cd9fbc4-2894-4840-8b07-6f5fbacd0cf7?fields=segments HTTP/1.1" status: 200 len: 212 time: 0.0768313
2026-07-15 06:04:26.067 10 INFO neutron.wsgi [req-0a987c78-194d-48f0-baa3-623b72efa1c4 req-3e5961de-73e6-4e22-8d9a-96eda9108ce6 f6874e0a7cdd4670a81148cd0d9e005d e1876e7429b34c7381d13da8019991be - - 0c8a729e6dab4f17a284c6fa56afbc8a 0c8a729e6dab4f17a284c6fa56afbc8a] 199.204.45.116 "GET /v2.0/networks/1cd9fbc4-2894-4840-8b07-6f5fbacd0cf7?fields=provider%3Aphysical_network&fields=provider%3Anetwork_type HTTP/1.1" status: 200 len: 277 time: 0.0687084
2026-07-15 06:04:26.453 10 INFO neutron.plugins.ml2.drivers.ovn.mech_driver.ovsdb.ovsdb_monitor [None req-cfe4ec0f-e9eb-4022-ad5a-132c55c521e2 - - - - - -] Router fc5c2982-3f11-4a15-a9d3-939c7a50698d is bound to host instance
2026-07-15 06:04:26.516 9 INFO neutron.db.ovn_revision_numbers_db [None req-9b028d5d-c920-4371-a47e-49e2410c6d92 b74d0f6850a24e4db72747476cff5a28 793826d128cb404e972d2611e7ca6d6f - - default default] Successfully bumped revision number for resource f8874d84-b0e1-421a-9f1b-aac1944b9790 (type: router_ports) to 1
2026-07-15 06:04:26.567 9 INFO neutron.plugins.ml2.drivers.ovn.mech_driver.mech_driver [None req-90dd9e58-103f-4dbc-b23f-33cab62070df - - - - - -] OVN reports status up for port: a8658917-ea25-460c-ad99-b3b1fd9f6166
2026-07-15 06:04:26.636 9 INFO neutron.plugins.ml2.plugin [None req-90dd9e58-103f-4dbc-b23f-33cab62070df - - - - - -] Attempt 1 to provision port a8658917-ea25-460c-ad99-b3b1fd9f6166
2026-07-15 06:04:26.744 9 INFO neutron.db.ovn_revision_numbers_db [None req-9b028d5d-c920-4371-a47e-49e2410c6d92 b74d0f6850a24e4db72747476cff5a28 793826d128cb404e972d2611e7ca6d6f - - default default] Successfully bumped revision number for resource fc5c2982-3f11-4a15-a9d3-939c7a50698d (type: routers) to 2
2026-07-15 06:04:26.757 9 INFO neutron.wsgi [req-ea1c292e-69cf-47e4-8e07-e15574a0d397 req-7047e0e1-da6b-49b8-bc15-3cb6fa5a9a08 f985aa3010194e83b70008b6d7670d86 1833f64013694363a973c43391d4eeb5 - - default default] 10.0.0.240 "GET /v2.0/ports?device_id=8366399a-de97-4b37-97cc-d2dfb860d8bd HTTP/1.1" status: 200 len: 1168 time: 0.2051136
2026-07-15 06:04:26.764 9 INFO neutron.wsgi [req-7f261ed7-95ed-48c6-8c88-cab590de8eb5 req-78474674-6bf7-4a9d-acc8-055b8c9dcaa1 5d4ab65dc0444805955eeed521cede77 63bc865daf3e47a599fe84ad6a88665b - - default default] 10.0.0.240 "GET /v2.0/ports?device_id=16103bef-8344-4661-a759-dc6f1fb4a91b HTTP/1.1" status: 200 len: 1172 time: 0.2442405
2026-07-15 06:04:26.777 9 INFO neutron.wsgi [None req-9b028d5d-c920-4371-a47e-49e2410c6d92 b74d0f6850a24e4db72747476cff5a28 793826d128cb404e972d2611e7ca6d6f - - default default] 10.0.0.181 "POST /v2.0/routers HTTP/1.1" status: 201 len: 878 time: 1.9574142
2026-07-15 06:04:26.835 9 INFO neutron.wsgi [req-7f261ed7-95ed-48c6-8c88-cab590de8eb5 req-2ba20acd-0f75-4aa6-ad4f-dec3bb5b80f0 5d4ab65dc0444805955eeed521cede77 63bc865daf3e47a599fe84ad6a88665b - - default default] 10.0.0.240 "GET /v2.0/security-groups?id=fa9f2109-9968-4fd7-b968-a7d3b4b43a16&fields=id&fields=name HTTP/1.1" status: 200 len: 312 time: 0.0626023
2026-07-15 06:04:26.839 9 INFO neutron.wsgi [req-ea1c292e-69cf-47e4-8e07-e15574a0d397 req-3f87cea6-db53-4d3c-b724-24b6d2cb9a6e f985aa3010194e83b70008b6d7670d86 1833f64013694363a973c43391d4eeb5 - - default default] 10.0.0.240 "GET /v2.0/security-groups?id=d24ab26e-b59b-4534-b483-de5ae645261d&fields=id&fields=name HTTP/1.1" status: 200 len: 312 time: 0.0653946
2026-07-15 06:04:27.002 9 INFO neutron.wsgi [req-2b08dd64-acf0-456f-a866-c253d1dd1370 req-cf6ce333-fc8f-4e97-9965-33cc2c32da82 790d91c8e69f48c9ab1d50f4b3e9ba66 622300c07078479294ac93fc764baee1 - - default default] 10.0.0.240 "GET /v2.0/ports?device_id=570c581d-e355-437f-940f-6b07d12cb370 HTTP/1.1" status: 200 len: 1174 time: 0.1215975
2026-07-15 06:04:27.072 9 INFO neutron.wsgi [req-2b08dd64-acf0-456f-a866-c253d1dd1370 req-48ca4cd9-f1fa-4ccf-a492-30f368e0defd 790d91c8e69f48c9ab1d50f4b3e9ba66 622300c07078479294ac93fc764baee1 - - default default] 10.0.0.240 "GET /v2.0/security-groups?id=f046b03b-6b7e-414a-9525-ed647d35356f&fields=id&fields=name HTTP/1.1" status: 200 len: 313 time: 0.0512979
2026-07-15 06:04:27.124 9 INFO neutron.db.ovn_revision_numbers_db [None req-90dd9e58-103f-4dbc-b23f-33cab62070df - - - - - -] Successfully bumped revision number for resource a8658917-ea25-460c-ad99-b3b1fd9f6166 (type: ports) to 4
2026-07-15 06:04:27.275 10 INFO neutron.db.ovn_revision_numbers_db [None req-cfe4ec0f-e9eb-4022-ad5a-132c55c521e2 - - - - - -] Successfully bumped revision number for resource f8874d84-b0e1-421a-9f1b-aac1944b9790 (type: ports) to 1
2026-07-15 06:04:27.300 9 INFO neutron.notifiers.nova [-] Nova event matching ['req-94ab2d58-b7fe-40c8-b443-13f12eab50a0'] response: {'server_uuid': '570c581d-e355-437f-940f-6b07d12cb370', 'name': 'network-vif-plugged', 'status': 'completed', 'tag': 'a8658917-ea25-460c-ad99-b3b1fd9f6166', 'code': 200}
2026-07-15 06:04:27.648 10 WARNING neutron.scheduler.dhcp_agent_scheduler [None req-d57dea8a-8017-4358-81b9-7db3fa881bce b74d0f6850a24e4db72747476cff5a28 793826d128cb404e972d2611e7ca6d6f - - default default] No more DHCP agents
2026-07-15 06:04:27.651 10 WARNING neutron.api.rpc.agentnotifiers.dhcp_rpc_agent_api [None req-d57dea8a-8017-4358-81b9-7db3fa881bce b74d0f6850a24e4db72747476cff5a28 793826d128cb404e972d2611e7ca6d6f - - default default] Unable to schedule network bbca3117-99ad-4292-a8ca-da0ac13a685a: no agents available; will retry on subsequent port and subnet creation events.
2026-07-15 06:04:27.653 10 INFO neutron.db.ovn_revision_numbers_db [None req-cfe4ec0f-e9eb-4022-ad5a-132c55c521e2 - - - - - -] Successfully bumped revision number for resource f8874d84-b0e1-421a-9f1b-aac1944b9790 (type: router_ports) to 3
2026-07-15 06:04:27.819 10 INFO neutron.db.ovn_revision_numbers_db [None req-d57dea8a-8017-4358-81b9-7db3fa881bce b74d0f6850a24e4db72747476cff5a28 793826d128cb404e972d2611e7ca6d6f - - default default] Successfully bumped revision number for resource 859a9884-ebf5-464c-8aa5-6c9edfabda68 (type: ports) to 1
2026-07-15 06:04:27.895 10 INFO neutron.db.ovn_revision_numbers_db [None req-cfe4ec0f-e9eb-4022-ad5a-132c55c521e2 - - - - - -] Successfully bumped revision number for resource f8874d84-b0e1-421a-9f1b-aac1944b9790 (type: ports) to 2 /var/lib/openstack/lib/python3.10/site-packages/pycadf/identifier.py:71: UserWarning: Invalid uuid: neutron. To ensure interoperability, identifiers should be a valid uuid. warnings.warn(('Invalid uuid: %s. To ensure interoperability, '
2026-07-15 06:04:27.988 9 INFO neutron.wsgi [req-f6840687-d581-4a95-80c6-d5b0fd2d86b9 req-dc46b191-83bd-411c-b3ee-11b87b3ec584 f985aa3010194e83b70008b6d7670d86 1833f64013694363a973c43391d4eeb5 - - default default] 10.0.0.240 "GET /v2.0/ports?device_id=8366399a-de97-4b37-97cc-d2dfb860d8bd HTTP/1.1" status: 200 len: 1168 time: 0.0748973
2026-07-15 06:04:27.997 9 INFO neutron.wsgi [req-8d3b7850-c92b-442f-824a-240277a14cd3 req-348e7f57-90db-4b10-b6ef-789a518a4ca1 5d4ab65dc0444805955eeed521cede77 63bc865daf3e47a599fe84ad6a88665b - - default default] 10.0.0.240 "GET /v2.0/ports?device_id=16103bef-8344-4661-a759-dc6f1fb4a91b HTTP/1.1" status: 200 len: 1172 time: 0.0780237
2026-07-15 06:04:28.064 9 INFO neutron.wsgi [req-f6840687-d581-4a95-80c6-d5b0fd2d86b9 req-3ecbca16-a460-4bad-9ce7-aaa2c453c586 f985aa3010194e83b70008b6d7670d86 1833f64013694363a973c43391d4eeb5 - - default default] 10.0.0.240 "GET /v2.0/security-groups?id=d24ab26e-b59b-4534-b483-de5ae645261d&fields=id&fields=name HTTP/1.1" status: 200 len: 312 time: 0.0662239
2026-07-15 06:04:28.079 9 INFO neutron.wsgi [req-8d3b7850-c92b-442f-824a-240277a14cd3 req-4ca26380-669e-47dc-bc38-56a1bbea7c05 5d4ab65dc0444805955eeed521cede77 63bc865daf3e47a599fe84ad6a88665b - - default default] 10.0.0.240 "GET /v2.0/security-groups?id=fa9f2109-9968-4fd7-b968-a7d3b4b43a16&fields=id&fields=name HTTP/1.1" status: 200 len: 312 time: 0.0731955
2026-07-15 06:04:28.190 9 INFO neutron.wsgi [req-e0401757-037e-48e9-a151-1bcc02ac318e req-0deca123-2723-41a8-915a-362a1011d91a 790d91c8e69f48c9ab1d50f4b3e9ba66 622300c07078479294ac93fc764baee1 - - default default] 10.0.0.240 "GET /v2.0/ports?device_id=570c581d-e355-437f-940f-6b07d12cb370 HTTP/1.1" status: 200 len: 1174 time: 0.0445499
2026-07-15 06:04:28.239 9 INFO neutron.wsgi [req-e0401757-037e-48e9-a151-1bcc02ac318e req-e907cad9-29b6-4ddc-a27d-93ad4c389fcc 790d91c8e69f48c9ab1d50f4b3e9ba66 622300c07078479294ac93fc764baee1 - - default default] 10.0.0.240 "GET /v2.0/security-groups?id=f046b03b-6b7e-414a-9525-ed647d35356f&fields=id&fields=name HTTP/1.1" status: 200 len: 313 time: 0.0405235
2026-07-15 06:04:28.330 10 INFO neutron.db.ovn_revision_numbers_db [None req-cfe4ec0f-e9eb-4022-ad5a-132c55c521e2 - - - - - -] Successfully bumped revision number for resource f8874d84-b0e1-421a-9f1b-aac1944b9790 (type: ports) to 4
2026-07-15 06:04:28.392 9 INFO neutron.plugins.ml2.drivers.ovn.mech_driver.mech_driver [None req-90dd9e58-103f-4dbc-b23f-33cab62070df - - - - - -] OVN reports status up for port: 859a9884-ebf5-464c-8aa5-6c9edfabda68
2026-07-15 06:04:28.406 9 INFO neutron.plugins.ml2.plugin [None req-90dd9e58-103f-4dbc-b23f-33cab62070df - - - - - -] Attempt 1 to provision port 859a9884-ebf5-464c-8aa5-6c9edfabda68
2026-07-15 06:04:28.660 10 INFO neutron.db.ovn_revision_numbers_db [None req-d57dea8a-8017-4358-81b9-7db3fa881bce b74d0f6850a24e4db72747476cff5a28 793826d128cb404e972d2611e7ca6d6f - - default default] Successfully bumped revision number for resource 859a9884-ebf5-464c-8aa5-6c9edfabda68 (type: router_ports) to 1
2026-07-15 06:04:28.818 10 INFO neutron.db.ovn_revision_numbers_db [None req-d57dea8a-8017-4358-81b9-7db3fa881bce b74d0f6850a24e4db72747476cff5a28 793826d128cb404e972d2611e7ca6d6f - - default default] Successfully bumped revision number for resource 859a9884-ebf5-464c-8aa5-6c9edfabda68 (type: ports) to 1
2026-07-15 06:04:28.835 10 INFO neutron.db.ovn_revision_numbers_db [None req-cfe4ec0f-e9eb-4022-ad5a-132c55c521e2 - - - - - -] Successfully bumped revision number for resource f8874d84-b0e1-421a-9f1b-aac1944b9790 (type: router_ports) to 4
2026-07-15 06:04:28.889 10 WARNING neutron.scheduler.dhcp_agent_scheduler [None req-d57dea8a-8017-4358-81b9-7db3fa881bce b74d0f6850a24e4db72747476cff5a28 793826d128cb404e972d2611e7ca6d6f - - default default] No more DHCP agents
2026-07-15 06:04:28.890 10 WARNING neutron.api.rpc.agentnotifiers.dhcp_rpc_agent_api [None req-d57dea8a-8017-4358-81b9-7db3fa881bce b74d0f6850a24e4db72747476cff5a28 793826d128cb404e972d2611e7ca6d6f - - default default] Unable to schedule network bbca3117-99ad-4292-a8ca-da0ac13a685a: no agents available; will retry on subsequent port and subnet creation events.
2026-07-15 06:04:29.054 9 INFO neutron.db.ovn_revision_numbers_db [None req-90dd9e58-103f-4dbc-b23f-33cab62070df - - - - - -] Successfully bumped revision number for resource 859a9884-ebf5-464c-8aa5-6c9edfabda68 (type: ports) to 2
