2026-07-21 07:54:46.753 8 INFO placement.requestlog [None req-656044d8-29bd-44b9-a874-40560e039401 1acb8cef78b84fd29b94fd43e7d897e2 646330afc62e4033a48dc8e15f814bba - - 83e7173bbba246e48f0ddfa3e5669c25 83e7173bbba246e48f0ddfa3e5669c25] 10.0.0.73 "GET /resource_providers/22bb2353-6886-4cdf-9531-2d39ebf3c4a4/aggregates" status: 404 len: 235 microversion: 1.1 [pid: 8|app: 0|req: 423/844] 10.0.0.73 () {32 vars in 815 bytes} [Tue Jul 21 07:54:46 2026] GET /resource_providers/22bb2353-6886-4cdf-9531-2d39ebf3c4a4/aggregates => generated 235 bytes in 8 msecs (HTTP/1.1 404) 5 headers in 202 bytes (1 switches on core 0)
2026-07-21 07:54:46.777 7 INFO placement.requestlog [None req-af4297b0-8315-4ef6-96e5-24f3e482cf8e 1acb8cef78b84fd29b94fd43e7d897e2 646330afc62e4033a48dc8e15f814bba - - 83e7173bbba246e48f0ddfa3e5669c25 83e7173bbba246e48f0ddfa3e5669c25] 10.0.0.73 "DELETE /resource_providers/22bb2353-6886-4cdf-9531-2d39ebf3c4a4" status: 404 len: 246 microversion: 1.1 [pid: 7|app: 0|req: 422/845] 10.0.0.73 () {34 vars in 815 bytes} [Tue Jul 21 07:54:46 2026] DELETE /resource_providers/22bb2353-6886-4cdf-9531-2d39ebf3c4a4 => generated 246 bytes in 13 msecs (HTTP/1.1 404) 6 headers in 231 bytes (1 switches on core 0)
2026-07-21 07:54:46.781 8 INFO placement.requestlog [None req-a8b9cdab-4617-4c50-9bad-57e56f10315e 1acb8cef78b84fd29b94fd43e7d897e2 646330afc62e4033a48dc8e15f814bba - - 83e7173bbba246e48f0ddfa3e5669c25 83e7173bbba246e48f0ddfa3e5669c25] 10.0.0.73 "DELETE /resource_providers/22bb2353-6886-4cdf-9531-2d39ebf3c4a4" status: 404 len: 246 microversion: 1.1 [pid: 8|app: 0|req: 424/846] 10.0.0.73 () {34 vars in 815 bytes} [Tue Jul 21 07:54:46 2026] DELETE /resource_providers/22bb2353-6886-4cdf-9531-2d39ebf3c4a4 => generated 246 bytes in 17 msecs (HTTP/1.1 404) 6 headers in 231 bytes (1 switches on core 0)
2026-07-21 07:54:46.915 7 INFO placement.requestlog [None req-44f17103-aed7-419a-bfcb-c68f659c810a 1acb8cef78b84fd29b94fd43e7d897e2 646330afc62e4033a48dc8e15f814bba - - 83e7173bbba246e48f0ddfa3e5669c25 83e7173bbba246e48f0ddfa3e5669c25] 10.0.0.73 "GET /resource_providers/35ed1635-6edc-46c9-8f06-a593f316e823/aggregates" status: 404 len: 235 microversion: 1.1 [pid: 7|app: 0|req: 423/847] 10.0.0.73 () {32 vars in 815 bytes} [Tue Jul 21 07:54:46 2026] GET /resource_providers/35ed1635-6edc-46c9-8f06-a593f316e823/aggregates => generated 235 bytes in 9 msecs (HTTP/1.1 404) 5 headers in 202 bytes (1 switches on core 0)
2026-07-21 07:54:46.915 8 INFO placement.requestlog [None req-6b38edb6-94d6-4d09-84b5-b92e6fef231c 1acb8cef78b84fd29b94fd43e7d897e2 646330afc62e4033a48dc8e15f814bba - - 83e7173bbba246e48f0ddfa3e5669c25 83e7173bbba246e48f0ddfa3e5669c25] 10.0.0.73 "GET /resource_providers/35ed1635-6edc-46c9-8f06-a593f316e823/aggregates" status: 404 len: 235 microversion: 1.1 [pid: 8|app: 0|req: 425/848] 10.0.0.73 () {32 vars in 815 bytes} [Tue Jul 21 07:54:46 2026] GET /resource_providers/35ed1635-6edc-46c9-8f06-a593f316e823/aggregates => generated 235 bytes in 9 msecs (HTTP/1.1 404) 5 headers in 202 bytes (1 switches on core 0)
2026-07-21 07:54:46.938 7 INFO placement.requestlog [None req-9f155ccb-abcd-4719-858f-335cb17d7f9f 1acb8cef78b84fd29b94fd43e7d897e2 646330afc62e4033a48dc8e15f814bba - - 83e7173bbba246e48f0ddfa3e5669c25 83e7173bbba246e48f0ddfa3e5669c25] 10.0.0.73 "DELETE /resource_providers/35ed1635-6edc-46c9-8f06-a593f316e823" status: 404 len: 246 microversion: 1.1 [pid: 7|app: 0|req: 424/849] 10.0.0.73 () {34 vars in 815 bytes} [Tue Jul 21 07:54:46 2026] DELETE /resource_providers/35ed1635-6edc-46c9-8f06-a593f316e823 => generated 246 bytes in 9 msecs (HTTP/1.1 404) 6 headers in 231 bytes (1 switches on core 0)
2026-07-21 07:54:46.944 8 INFO placement.requestlog [None req-764f3698-8e8c-4043-b4e5-8de8974121f7 1acb8cef78b84fd29b94fd43e7d897e2 646330afc62e4033a48dc8e15f814bba - - 83e7173bbba246e48f0ddfa3e5669c25 83e7173bbba246e48f0ddfa3e5669c25] 10.0.0.73 "DELETE /resource_providers/35ed1635-6edc-46c9-8f06-a593f316e823" status: 404 len: 246 microversion: 1.1 [pid: 8|app: 0|req: 426/850] 10.0.0.73 () {34 vars in 815 bytes} [Tue Jul 21 07:54:46 2026] DELETE /resource_providers/35ed1635-6edc-46c9-8f06-a593f316e823 => generated 246 bytes in 12 msecs (HTTP/1.1 404) 6 headers in 231 bytes (1 switches on core 0)
2026-07-21 07:54:49.883 8 INFO placement.requestlog [None req-80772ba7-3758-4285-8241-7843be2a0818 1acb8cef78b84fd29b94fd43e7d897e2 646330afc62e4033a48dc8e15f814bba - - 83e7173bbba246e48f0ddfa3e5669c25 83e7173bbba246e48f0ddfa3e5669c25] 10.0.0.73 "GET /resource_providers/414ba39b-f524-4b27-b21d-8eef73b66200/aggregates" status: 404 len: 235 microversion: 1.1 [pid: 8|app: 0|req: 427/851] 10.0.0.73 () {32 vars in 815 bytes} [Tue Jul 21 07:54:49 2026] GET /resource_providers/414ba39b-f524-4b27-b21d-8eef73b66200/aggregates => generated 235 bytes in 10 msecs (HTTP/1.1 404) 5 headers in 202 bytes (1 switches on core 0)
2026-07-21 07:54:49.889 7 INFO placement.requestlog [None req-a70dcd3e-8420-4f9d-94fe-d821c7440fd7 1acb8cef78b84fd29b94fd43e7d897e2 646330afc62e4033a48dc8e15f814bba - - 83e7173bbba246e48f0ddfa3e5669c25 83e7173bbba246e48f0ddfa3e5669c25] 10.0.0.73 "GET /resource_providers/414ba39b-f524-4b27-b21d-8eef73b66200/aggregates" status: 404 len: 235 microversion: 1.1 [pid: 7|app: 0|req: 425/852] 10.0.0.73 () {32 vars in 815 bytes} [Tue Jul 21 07:54:49 2026] GET /resource_providers/414ba39b-f524-4b27-b21d-8eef73b66200/aggregates => generated 235 bytes in 18 msecs (HTTP/1.1 404) 5 headers in 202 bytes (1 switches on core 0)
2026-07-21 07:54:49.906 8 INFO placement.requestlog [None req-6cb4e4d1-e2bb-43ca-a8c0-1d38c5068b6e 1acb8cef78b84fd29b94fd43e7d897e2 646330afc62e4033a48dc8e15f814bba - - 83e7173bbba246e48f0ddfa3e5669c25 83e7173bbba246e48f0ddfa3e5669c25] 10.0.0.73 "DELETE /resource_providers/414ba39b-f524-4b27-b21d-8eef73b66200" status: 404 len: 246 microversion: 1.1 [pid: 8|app: 0|req: 428/853] 10.0.0.73 () {34 vars in 815 bytes} [Tue Jul 21 07:54:49 2026] DELETE /resource_providers/414ba39b-f524-4b27-b21d-8eef73b66200 => generated 246 bytes in 12 msecs (HTTP/1.1 404) 6 headers in 231 bytes (1 switches on core 0)
2026-07-21 07:54:49.908 7 INFO placement.requestlog [None req-90b322ea-73c0-48c4-9417-0e1b3539e5a8 1acb8cef78b84fd29b94fd43e7d897e2 646330afc62e4033a48dc8e15f814bba - - 83e7173bbba246e48f0ddfa3e5669c25 83e7173bbba246e48f0ddfa3e5669c25] 10.0.0.73 "DELETE /resource_providers/414ba39b-f524-4b27-b21d-8eef73b66200" status: 404 len: 246 microversion: 1.1 [pid: 7|app: 0|req: 426/854] 10.0.0.73 () {34 vars in 815 bytes} [Tue Jul 21 07:54:49 2026] DELETE /resource_providers/414ba39b-f524-4b27-b21d-8eef73b66200 => generated 246 bytes in 13 msecs (HTTP/1.1 404) 6 headers in 231 bytes (1 switches on core 0)
2026-07-21 07:54:50.032 8 INFO placement.requestlog [None req-16932682-d5a0-4158-acc4-e8f4ae47825b 1acb8cef78b84fd29b94fd43e7d897e2 646330afc62e4033a48dc8e15f814bba - - 83e7173bbba246e48f0ddfa3e5669c25 83e7173bbba246e48f0ddfa3e5669c25] 10.0.0.73 "GET /resource_providers/db59cd40-9095-46dd-bff9-87d227298f75/aggregates" status: 404 len: 235 microversion: 1.1 [pid: 8|app: 0|req: 429/855] 10.0.0.73 () {32 vars in 815 bytes} [Tue Jul 21 07:54:50 2026] GET /resource_providers/db59cd40-9095-46dd-bff9-87d227298f75/aggregates => generated 235 bytes in 16 msecs (HTTP/1.1 404) 5 headers in 202 bytes (1 switches on core 0)
2026-07-21 07:54:50.035 7 INFO placement.requestlog [None req-47f72df9-d54d-46bf-99e0-bbb7a48f0c5c 1acb8cef78b84fd29b94fd43e7d897e2 646330afc62e4033a48dc8e15f814bba - - 83e7173bbba246e48f0ddfa3e5669c25 83e7173bbba246e48f0ddfa3e5669c25] 10.0.0.73 "GET /resource_providers/db59cd40-9095-46dd-bff9-87d227298f75/aggregates" status: 404 len: 235 microversion: 1.1 [pid: 7|app: 0|req: 427/856] 10.0.0.73 () {32 vars in 815 bytes} [Tue Jul 21 07:54:50 2026] GET /resource_providers/db59cd40-9095-46dd-bff9-87d227298f75/aggregates => generated 235 bytes in 19 msecs (HTTP/1.1 404) 5 headers in 202 bytes (1 switches on core 0)
2026-07-21 07:54:50.052 8 INFO placement.requestlog [None req-eaa45779-7d33-47dd-a91a-56f79bb57369 1acb8cef78b84fd29b94fd43e7d897e2 646330afc62e4033a48dc8e15f814bba - - 83e7173bbba246e48f0ddfa3e5669c25 83e7173bbba246e48f0ddfa3e5669c25] 10.0.0.73 "DELETE /resource_providers/db59cd40-9095-46dd-bff9-87d227298f75" status: 404 len: 246 microversion: 1.1 [pid: 8|app: 0|req: 430/857] 10.0.0.73 () {34 vars in 815 bytes} [Tue Jul 21 07:54:50 2026] DELETE /resource_providers/db59cd40-9095-46dd-bff9-87d227298f75 => generated 246 bytes in 6 msecs (HTTP/1.1 404) 6 headers in 231 bytes (1 switches on core 0)
2026-07-21 07:54:50.055 7 INFO placement.requestlog [None req-1861073b-5ae4-4d44-9269-2ba76b8f3fbc 1acb8cef78b84fd29b94fd43e7d897e2 646330afc62e4033a48dc8e15f814bba - - 83e7173bbba246e48f0ddfa3e5669c25 83e7173bbba246e48f0ddfa3e5669c25] 10.0.0.73 "DELETE /resource_providers/db59cd40-9095-46dd-bff9-87d227298f75" status: 404 len: 246 microversion: 1.1 [pid: 7|app: 0|req: 428/858] 10.0.0.73 () {34 vars in 815 bytes} [Tue Jul 21 07:54:50 2026] DELETE /resource_providers/db59cd40-9095-46dd-bff9-87d227298f75 => generated 246 bytes in 8 msecs (HTTP/1.1 404) 6 headers in 231 bytes (1 switches on core 0)
2026-07-21 07:54:50.542 8 INFO placement.requestlog [None req-bacada85-3a4f-4cfa-bfa6-aece1dcae217 - - - - - -] 10.0.0.84 "GET /" status: 200 len: 136 microversion: 1.0
2026-07-21 07:54:50.542 7 INFO placement.requestlog [None req-e04f4982-1b0b-460c-aa41-5680a26b8ce0 - - - - - -] 10.0.0.84 "GET /" status: 200 len: 136 microversion: 1.0
2026-07-21 07:54:51.933 7 INFO placement.requestlog [None req-628d72e3-f29e-488f-87d0-e89cc6708a33 1acb8cef78b84fd29b94fd43e7d897e2 646330afc62e4033a48dc8e15f814bba - - 83e7173bbba246e48f0ddfa3e5669c25 83e7173bbba246e48f0ddfa3e5669c25] 10.0.0.73 "GET /resource_providers/566a02f8-79f1-455e-88ca-5db452f42679/aggregates" status: 404 len: 235 microversion: 1.1
2026-07-21 07:54:51.933 8 INFO placement.requestlog [None req-a41eb019-d314-41c1-94c6-9025300ea8ec 1acb8cef78b84fd29b94fd43e7d897e2 646330afc62e4033a48dc8e15f814bba - - 83e7173bbba246e48f0ddfa3e5669c25 83e7173bbba246e48f0ddfa3e5669c25] 10.0.0.73 "GET /resource_providers/566a02f8-79f1-455e-88ca-5db452f42679/aggregates" status: 404 len: 235 microversion: 1.1 [pid: 7|app: 0|req: 430/861] 10.0.0.73 () {32 vars in 815 bytes} [Tue Jul 21 07:54:51 2026] GET /resource_providers/566a02f8-79f1-455e-88ca-5db452f42679/aggregates => generated 235 bytes in 13 msecs (HTTP/1.1 404) 5 headers in 202 bytes (1 switches on core 0) [pid: 8|app: 0|req: 432/862] 10.0.0.73 () {32 vars in 815 bytes} [Tue Jul 21 07:54:51 2026] GET /resource_providers/566a02f8-79f1-455e-88ca-5db452f42679/aggregates => generated 235 bytes in 15 msecs (HTTP/1.1 404) 5 headers in 202 bytes (1 switches on core 0)
2026-07-21 07:54:51.949 8 INFO placement.requestlog [None req-7c9937ed-85d0-4272-9dd5-459f69deb858 1acb8cef78b84fd29b94fd43e7d897e2 646330afc62e4033a48dc8e15f814bba - - 83e7173bbba246e48f0ddfa3e5669c25 83e7173bbba246e48f0ddfa3e5669c25] 10.0.0.73 "DELETE /resource_providers/566a02f8-79f1-455e-88ca-5db452f42679" status: 404 len: 246 microversion: 1.1
2026-07-21 07:54:51.950 7 INFO placement.requestlog [None req-6b411f8f-3069-41af-a42a-13400539010e 1acb8cef78b84fd29b94fd43e7d897e2 646330afc62e4033a48dc8e15f814bba - - 83e7173bbba246e48f0ddfa3e5669c25 83e7173bbba246e48f0ddfa3e5669c25] 10.0.0.73 "DELETE /resource_providers/566a02f8-79f1-455e-88ca-5db452f42679" status: 404 len: 246 microversion: 1.1 [pid: 8|app: 0|req: 433/863] 10.0.0.73 () {34 vars in 815 bytes} [Tue Jul 21 07:54:51 2026] DELETE /resource_providers/566a02f8-79f1-455e-88ca-5db452f42679 => generated 246 bytes in 8 msecs (HTTP/1.1 404) 6 headers in 231 bytes (1 switches on core 0) [pid: 7|app: 0|req: 431/864] 10.0.0.73 () {34 vars in 815 bytes} [Tue Jul 21 07:54:51 2026] DELETE /resource_providers/566a02f8-79f1-455e-88ca-5db452f42679 => generated 246 bytes in 10 msecs (HTTP/1.1 404) 6 headers in 231 bytes (1 switches on core 0)
2026-07-21 07:54:51.968 8 INFO placement.requestlog [None req-b6e7462a-619d-4262-82c5-2c75da60bbba 1acb8cef78b84fd29b94fd43e7d897e2 646330afc62e4033a48dc8e15f814bba - - 83e7173bbba246e48f0ddfa3e5669c25 83e7173bbba246e48f0ddfa3e5669c25] 10.0.0.73 "GET /resource_providers/ee707665-4872-45ac-9b2f-0ecd35a96901/aggregates" status: 404 len: 235 microversion: 1.1 [pid: 8|app: 0|req: 434/865] 10.0.0.73 () {32 vars in 815 bytes} [Tue Jul 21 07:54:51 2026] GET /resource_providers/ee707665-4872-45ac-9b2f-0ecd35a96901/aggregates => generated 235 bytes in 11 msecs (HTTP/1.1 404) 5 headers in 202 bytes (1 switches on core 0)
2026-07-21 07:54:51.972 7 INFO placement.requestlog [None req-ebdcd46e-4786-43a7-be23-301e1ac7ff55 1acb8cef78b84fd29b94fd43e7d897e2 646330afc62e4033a48dc8e15f814bba - - 83e7173bbba246e48f0ddfa3e5669c25 83e7173bbba246e48f0ddfa3e5669c25] 10.0.0.73 "GET /resource_providers/ee707665-4872-45ac-9b2f-0ecd35a96901/aggregates" status: 404 len: 235 microversion: 1.1 [pid: 7|app: 0|req: 432/866] 10.0.0.73 () {32 vars in 815 bytes} [Tue Jul 21 07:54:51 2026] GET /resource_providers/ee707665-4872-45ac-9b2f-0ecd35a96901/aggregates => generated 235 bytes in 11 msecs (HTTP/1.1 404) 5 headers in 202 bytes (1 switches on core 0)
2026-07-21 07:54:51.987 8 INFO placement.requestlog [None req-6396ed22-1c55-4260-b469-fe62721588c9 1acb8cef78b84fd29b94fd43e7d897e2 646330afc62e4033a48dc8e15f814bba - - 83e7173bbba246e48f0ddfa3e5669c25 83e7173bbba246e48f0ddfa3e5669c25] 10.0.0.73 "DELETE /resource_providers/ee707665-4872-45ac-9b2f-0ecd35a96901" status: 404 len: 246 microversion: 1.1 [pid: 8|app: 0|req: 435/867] 10.0.0.73 () {34 vars in 815 bytes} [Tue Jul 21 07:54:51 2026] DELETE /resource_providers/ee707665-4872-45ac-9b2f-0ecd35a96901 => generated 246 bytes in 10 msecs (HTTP/1.1 404) 6 headers in 231 bytes (1 switches on core 0)
2026-07-21 07:54:52.001 7 INFO placement.requestlog [None req-e14185f6-ad46-460c-8970-60d3593a8c8d 1acb8cef78b84fd29b94fd43e7d897e2 646330afc62e4033a48dc8e15f814bba - - 83e7173bbba246e48f0ddfa3e5669c25 83e7173bbba246e48f0ddfa3e5669c25] 10.0.0.73 "DELETE /resource_providers/ee707665-4872-45ac-9b2f-0ecd35a96901" status: 404 len: 246 microversion: 1.1 [pid: 7|app: 0|req: 433/868] 10.0.0.73 () {34 vars in 815 bytes} [Tue Jul 21 07:54:51 2026] DELETE /resource_providers/ee707665-4872-45ac-9b2f-0ecd35a96901 => generated 246 bytes in 12 msecs (HTTP/1.1 404) 6 headers in 231 bytes (1 switches on core 0)
2026-07-21 07:54:54.294 7 INFO placement.requestlog [None req-722e46e9-95bb-4abe-9b17-609cc4544540 1acb8cef78b84fd29b94fd43e7d897e2 646330afc62e4033a48dc8e15f814bba - - 83e7173bbba246e48f0ddfa3e5669c25 83e7173bbba246e48f0ddfa3e5669c25] 10.0.0.73 "GET /resource_providers/a3f2f8ad-8892-44af-be1c-484d4370e503/aggregates" status: 404 len: 235 microversion: 1.1 [pid: 7|app: 0|req: 434/869] 10.0.0.73 () {32 vars in 815 bytes} [Tue Jul 21 07:54:54 2026] GET /resource_providers/a3f2f8ad-8892-44af-be1c-484d4370e503/aggregates => generated 235 bytes in 11 msecs (HTTP/1.1 404) 5 headers in 202 bytes (1 switches on core 0)
2026-07-21 07:54:54.294 8 INFO placement.requestlog [None req-cb6437eb-cec8-428e-a37f-9d2998441082 1acb8cef78b84fd29b94fd43e7d897e2 646330afc62e4033a48dc8e15f814bba - - 83e7173bbba246e48f0ddfa3e5669c25 83e7173bbba246e48f0ddfa3e5669c25] 10.0.0.73 "GET /resource_providers/a3f2f8ad-8892-44af-be1c-484d4370e503/aggregates" status: 404 len: 235 microversion: 1.1 [pid: 8|app: 0|req: 436/870] 10.0.0.73 () {32 vars in 815 bytes} [Tue Jul 21 07:54:54 2026] GET /resource_providers/a3f2f8ad-8892-44af-be1c-484d4370e503/aggregates => generated 235 bytes in 13 msecs (HTTP/1.1 404) 5 headers in 202 bytes (1 switches on core 0)
2026-07-21 07:54:54.313 7 INFO placement.requestlog [None req-5494b5bf-2281-4917-b7ef-40feb6e244d3 1acb8cef78b84fd29b94fd43e7d897e2 646330afc62e4033a48dc8e15f814bba - - 83e7173bbba246e48f0ddfa3e5669c25 83e7173bbba246e48f0ddfa3e5669c25] 10.0.0.73 "DELETE /resource_providers/a3f2f8ad-8892-44af-be1c-484d4370e503" status: 404 len: 246 microversion: 1.1 [pid: 7|app: 0|req: 435/871] 10.0.0.73 () {34 vars in 815 bytes} [Tue Jul 21 07:54:54 2026] DELETE /resource_providers/a3f2f8ad-8892-44af-be1c-484d4370e503 => generated 246 bytes in 7 msecs (HTTP/1.1 404) 6 headers in 231 bytes (1 switches on core 0)
2026-07-21 07:54:54.315 8 INFO placement.requestlog [None req-d1ad32d9-0db6-4fa5-94b9-ef744d1e5ddb 1acb8cef78b84fd29b94fd43e7d897e2 646330afc62e4033a48dc8e15f814bba - - 83e7173bbba246e48f0ddfa3e5669c25 83e7173bbba246e48f0ddfa3e5669c25] 10.0.0.73 "DELETE /resource_providers/a3f2f8ad-8892-44af-be1c-484d4370e503" status: 404 len: 246 microversion: 1.1 [pid: 8|app: 0|req: 437/872] 10.0.0.73 () {34 vars in 815 bytes} [Tue Jul 21 07:54:54 2026] DELETE /resource_providers/a3f2f8ad-8892-44af-be1c-484d4370e503 => generated 246 bytes in 8 msecs (HTTP/1.1 404) 6 headers in 231 bytes (1 switches on core 0)
2026-07-21 07:54:54.887 8 INFO placement.requestlog [None req-ba09bc60-9b38-4c5a-af34-379abbd16981 1acb8cef78b84fd29b94fd43e7d897e2 646330afc62e4033a48dc8e15f814bba - - 83e7173bbba246e48f0ddfa3e5669c25 83e7173bbba246e48f0ddfa3e5669c25] 10.0.0.73 "GET /resource_providers/b675ea4e-75bf-499a-ab89-6e2aab267d11/aggregates" status: 404 len: 235 microversion: 1.1 [pid: 8|app: 0|req: 438/873] 10.0.0.73 () {32 vars in 815 bytes} [Tue Jul 21 07:54:54 2026] GET /resource_providers/b675ea4e-75bf-499a-ab89-6e2aab267d11/aggregates => generated 235 bytes in 9 msecs (HTTP/1.1 404) 5 headers in 202 bytes (1 switches on core 0)
2026-07-21 07:54:54.888 7 INFO placement.requestlog [None req-6c011657-eb06-4c20-b690-a84169ff1128 1acb8cef78b84fd29b94fd43e7d897e2 646330afc62e4033a48dc8e15f814bba - - 83e7173bbba246e48f0ddfa3e5669c25 83e7173bbba246e48f0ddfa3e5669c25] 10.0.0.73 "GET /resource_providers/b675ea4e-75bf-499a-ab89-6e2aab267d11/aggregates" status: 404 len: 235 microversion: 1.1 [pid: 7|app: 0|req: 436/874] 10.0.0.73 () {32 vars in 815 bytes} [Tue Jul 21 07:54:54 2026] GET /resource_providers/b675ea4e-75bf-499a-ab89-6e2aab267d11/aggregates => generated 235 bytes in 10 msecs (HTTP/1.1 404) 5 headers in 202 bytes (1 switches on core 0)
2026-07-21 07:54:54.906 8 INFO placement.requestlog [None req-edee07bf-6606-4764-bd47-7b4cdfe7125f 1acb8cef78b84fd29b94fd43e7d897e2 646330afc62e4033a48dc8e15f814bba - - 83e7173bbba246e48f0ddfa3e5669c25 83e7173bbba246e48f0ddfa3e5669c25] 10.0.0.73 "DELETE /resource_providers/b675ea4e-75bf-499a-ab89-6e2aab267d11" status: 404 len: 246 microversion: 1.1 [pid: 8|app: 0|req: 439/875] 10.0.0.73 () {34 vars in 815 bytes} [Tue Jul 21 07:54:54 2026] DELETE /resource_providers/b675ea4e-75bf-499a-ab89-6e2aab267d11 => generated 246 bytes in 10 msecs (HTTP/1.1 404) 6 headers in 231 bytes (1 switches on core 0)
2026-07-21 07:54:54.911 7 INFO placement.requestlog [None req-de05db96-b150-4190-bf62-b42fdbdd2c4d 1acb8cef78b84fd29b94fd43e7d897e2 646330afc62e4033a48dc8e15f814bba - - 83e7173bbba246e48f0ddfa3e5669c25 83e7173bbba246e48f0ddfa3e5669c25] 10.0.0.73 "DELETE /resource_providers/b675ea4e-75bf-499a-ab89-6e2aab267d11" status: 404 len: 246 microversion: 1.1 [pid: 7|app: 0|req: 437/876] 10.0.0.73 () {34 vars in 815 bytes} [Tue Jul 21 07:54:54 2026] DELETE /resource_providers/b675ea4e-75bf-499a-ab89-6e2aab267d11 => generated 246 bytes in 9 msecs (HTTP/1.1 404) 6 headers in 231 bytes (1 switches on core 0)
2026-07-21 07:54:58.860 8 INFO placement.requestlog [req-24f662e5-95ba-4184-a9ec-6c11739764a7 req-30b133e8-d5e3-4740-995b-577e4c00dcd8 e85c0e2052824d9ba2a6dfc3c484ef5a 646330afc62e4033a48dc8e15f814bba - - 83e7173bbba246e48f0ddfa3e5669c25 83e7173bbba246e48f0ddfa3e5669c25] 199.19.213.44 "GET /resource_providers/e13161f4-46f2-4eb7-930c-1dfa3d2903f7/allocations" status: 200 len: 252 microversion: 1.0 [pid: 8|app: 0|req: 440/877] 199.19.213.44 () {32 vars in 856 bytes} [Tue Jul 21 07:54:58 2026] GET /resource_providers/e13161f4-46f2-4eb7-930c-1dfa3d2903f7/allocations => generated 252 bytes in 24 msecs (HTTP/1.1 200) 6 headers in 224 bytes (1 switches on core 0)
2026-07-21 07:54:58.882 7 INFO placement.requestlog [req-24f662e5-95ba-4184-a9ec-6c11739764a7 req-b5534d8f-bf7d-4736-8d81-b1d8dd1c1692 e85c0e2052824d9ba2a6dfc3c484ef5a 646330afc62e4033a48dc8e15f814bba - - 83e7173bbba246e48f0ddfa3e5669c25 83e7173bbba246e48f0ddfa3e5669c25] 199.19.213.44 "GET /resource_providers/e13161f4-46f2-4eb7-930c-1dfa3d2903f7/allocations" status: 200 len: 252 microversion: 1.0 [pid: 7|app: 0|req: 438/878] 199.19.213.44 () {32 vars in 856 bytes} [Tue Jul 21 07:54:58 2026] GET /resource_providers/e13161f4-46f2-4eb7-930c-1dfa3d2903f7/allocations => generated 252 bytes in 16 msecs (HTTP/1.1 200) 6 headers in 224 bytes (1 switches on core 0)
2026-07-21 07:54:58.911 8 INFO placement.requestlog [req-24f662e5-95ba-4184-a9ec-6c11739764a7 req-130eaaa2-dfee-4a08-a572-bb0bd2e3d8f0 e85c0e2052824d9ba2a6dfc3c484ef5a 646330afc62e4033a48dc8e15f814bba - - 83e7173bbba246e48f0ddfa3e5669c25 83e7173bbba246e48f0ddfa3e5669c25] 199.19.213.44 "GET /allocations/8aae0f27-314b-4785-8785-2bd005c7ed43" status: 200 len: 257 microversion: 1.28 [pid: 8|app: 0|req: 441/879] 199.19.213.44 () {34 vars in 862 bytes} [Tue Jul 21 07:54:58 2026] GET /allocations/8aae0f27-314b-4785-8785-2bd005c7ed43 => generated 257 bytes in 22 msecs (HTTP/1.1 200) 8 headers in 296 bytes (1 switches on core 0)
2026-07-21 07:54:58.931 7 INFO placement.requestlog [req-24f662e5-95ba-4184-a9ec-6c11739764a7 req-c77b9d27-d993-41be-a73d-8a0a2a5bf308 e85c0e2052824d9ba2a6dfc3c484ef5a 646330afc62e4033a48dc8e15f814bba - - 83e7173bbba246e48f0ddfa3e5669c25 83e7173bbba246e48f0ddfa3e5669c25] 199.19.213.44 "GET /allocations/8636ae73-e575-43f9-ad97-bc0ab71a089f" status: 200 len: 257 microversion: 1.28 [pid: 7|app: 0|req: 439/880] 199.19.213.44 () {34 vars in 862 bytes} [Tue Jul 21 07:54:58 2026] GET /allocations/8636ae73-e575-43f9-ad97-bc0ab71a089f => generated 257 bytes in 13 msecs (HTTP/1.1 200) 8 headers in 296 bytes (1 switches on core 0)
2026-07-21 07:54:59.438 8 INFO placement.requestlog [None req-26aafc5f-87d2-4b2f-b618-0fa77289f71a 1acb8cef78b84fd29b94fd43e7d897e2 646330afc62e4033a48dc8e15f814bba - - 83e7173bbba246e48f0ddfa3e5669c25 83e7173bbba246e48f0ddfa3e5669c25] 10.0.0.73 "GET /resource_providers/90237467-5e60-4f7f-99a3-3c0dd62af7ef/aggregates" status: 404 len: 235 microversion: 1.1 [pid: 8|app: 0|req: 442/881] 10.0.0.73 () {32 vars in 815 bytes} [Tue Jul 21 07:54:59 2026] GET /resource_providers/90237467-5e60-4f7f-99a3-3c0dd62af7ef/aggregates => generated 235 bytes in 11 msecs (HTTP/1.1 404) 5 headers in 202 bytes (1 switches on core 0)
2026-07-21 07:54:59.443 7 INFO placement.requestlog [None req-da7537f3-8223-45ce-9f89-98c4df6a8351 1acb8cef78b84fd29b94fd43e7d897e2 646330afc62e4033a48dc8e15f814bba - - 83e7173bbba246e48f0ddfa3e5669c25 83e7173bbba246e48f0ddfa3e5669c25] 10.0.0.73 "GET /resource_providers/90237467-5e60-4f7f-99a3-3c0dd62af7ef/aggregates" status: 404 len: 235 microversion: 1.1 [pid: 7|app: 0|req: 440/882] 10.0.0.73 () {32 vars in 815 bytes} [Tue Jul 21 07:54:59 2026] GET /resource_providers/90237467-5e60-4f7f-99a3-3c0dd62af7ef/aggregates => generated 235 bytes in 16 msecs (HTTP/1.1 404) 5 headers in 202 bytes (1 switches on core 0)
2026-07-21 07:54:59.466 7 INFO placement.requestlog [None req-47ffaeab-ce80-4dea-939b-4b16fd4efbe2 1acb8cef78b84fd29b94fd43e7d897e2 646330afc62e4033a48dc8e15f814bba - - 83e7173bbba246e48f0ddfa3e5669c25 83e7173bbba246e48f0ddfa3e5669c25] 10.0.0.73 "DELETE /resource_providers/90237467-5e60-4f7f-99a3-3c0dd62af7ef" status: 404 len: 246 microversion: 1.1 [pid: 7|app: 0|req: 441/883] 10.0.0.73 () {34 vars in 815 bytes} [Tue Jul 21 07:54:59 2026] DELETE /resource_providers/90237467-5e60-4f7f-99a3-3c0dd62af7ef => generated 246 bytes in 8 msecs (HTTP/1.1 404) 6 headers in 231 bytes (1 switches on core 0)
2026-07-21 07:54:59.468 8 INFO placement.requestlog [None req-51bddd71-7686-488e-a9cd-d18fd1e87252 1acb8cef78b84fd29b94fd43e7d897e2 646330afc62e4033a48dc8e15f814bba - - 83e7173bbba246e48f0ddfa3e5669c25 83e7173bbba246e48f0ddfa3e5669c25] 10.0.0.73 "DELETE /resource_providers/90237467-5e60-4f7f-99a3-3c0dd62af7ef" status: 404 len: 246 microversion: 1.1 [pid: 8|app: 0|req: 443/884] 10.0.0.73 () {34 vars in 815 bytes} [Tue Jul 21 07:54:59 2026] DELETE /resource_providers/90237467-5e60-4f7f-99a3-3c0dd62af7ef => generated 246 bytes in 13 msecs (HTTP/1.1 404) 6 headers in 231 bytes (1 switches on core 0)
2026-07-21 07:55:00.541 7 INFO placement.requestlog [None req-e8f1b4a3-f5d4-4a9f-beeb-ae3bd3f3fe72 - - - - - -] 10.0.0.84 "GET /" status: 200 len: 136 microversion: 1.0
2026-07-21 07:55:00.542 8 INFO placement.requestlog [None req-64dadce5-5479-4c83-bcc4-d4e3e9183442 - - - - - -] 10.0.0.84 "GET /" status: 200 len: 136 microversion: 1.0
2026-07-21 07:55:01.497 8 INFO placement.requestlog [None req-1d2c2111-ced0-431c-8a55-4787fcc9bf0b 1acb8cef78b84fd29b94fd43e7d897e2 646330afc62e4033a48dc8e15f814bba - - 83e7173bbba246e48f0ddfa3e5669c25 83e7173bbba246e48f0ddfa3e5669c25] 10.0.0.73 "GET /resource_providers/83820913-2d94-4e40-8b4c-8bc888031182/aggregates" status: 404 len: 235 microversion: 1.1 [pid: 8|app: 0|req: 445/887] 10.0.0.73 () {32 vars in 815 bytes} [Tue Jul 21 07:55:01 2026] GET /resource_providers/83820913-2d94-4e40-8b4c-8bc888031182/aggregates => generated 235 bytes in 10 msecs (HTTP/1.1 404) 5 headers in 202 bytes (1 switches on core 0)
2026-07-21 07:55:01.498 7 INFO placement.requestlog [None req-65bb4b70-a456-4ef6-adca-d8f6646421f7 1acb8cef78b84fd29b94fd43e7d897e2 646330afc62e4033a48dc8e15f814bba - - 83e7173bbba246e48f0ddfa3e5669c25 83e7173bbba246e48f0ddfa3e5669c25] 10.0.0.73 "GET /resource_providers/83820913-2d94-4e40-8b4c-8bc888031182/aggregates" status: 404 len: 235 microversion: 1.1 [pid: 7|app: 0|req: 443/888] 10.0.0.73 () {32 vars in 815 bytes} [Tue Jul 21 07:55:01 2026] GET /resource_providers/83820913-2d94-4e40-8b4c-8bc888031182/aggregates => generated 235 bytes in 17 msecs (HTTP/1.1 404) 5 headers in 202 bytes (1 switches on core 0)
2026-07-21 07:55:01.535 8 INFO placement.requestlog [None req-376598fe-84f9-420d-b222-f3e983e1aea8 1acb8cef78b84fd29b94fd43e7d897e2 646330afc62e4033a48dc8e15f814bba - - 83e7173bbba246e48f0ddfa3e5669c25 83e7173bbba246e48f0ddfa3e5669c25] 10.0.0.73 "DELETE /resource_providers/83820913-2d94-4e40-8b4c-8bc888031182" status: 404 len: 246 microversion: 1.1
2026-07-21 07:55:01.536 7 INFO placement.requestlog [None req-4e7e8b59-399f-4c20-972d-7505d31ad025 1acb8cef78b84fd29b94fd43e7d897e2 646330afc62e4033a48dc8e15f814bba - - 83e7173bbba246e48f0ddfa3e5669c25 83e7173bbba246e48f0ddfa3e5669c25] 10.0.0.73 "DELETE /resource_providers/83820913-2d94-4e40-8b4c-8bc888031182" status: 404 len: 246 microversion: 1.1 [pid: 7|app: 0|req: 444/889] 10.0.0.73 () {34 vars in 815 bytes} [Tue Jul 21 07:55:01 2026] DELETE /resource_providers/83820913-2d94-4e40-8b4c-8bc888031182 => generated 246 bytes in 20 msecs (HTTP/1.1 404) 6 headers in 231 bytes (1 switches on core 0) [pid: 8|app: 0|req: 446/890] 10.0.0.73 () {34 vars in 815 bytes} [Tue Jul 21 07:55:01 2026] DELETE /resource_providers/83820913-2d94-4e40-8b4c-8bc888031182 => generated 246 bytes in 21 msecs (HTTP/1.1 404) 6 headers in 231 bytes (1 switches on core 0)
2026-07-21 07:55:03.562 7 INFO placement.requestlog [None req-6e74bbff-322f-4eb7-ba75-45cf1c9953d0 1acb8cef78b84fd29b94fd43e7d897e2 646330afc62e4033a48dc8e15f814bba - - 83e7173bbba246e48f0ddfa3e5669c25 83e7173bbba246e48f0ddfa3e5669c25] 10.0.0.73 "GET /resource_providers/99aada23-8bf6-40e4-93c3-fc94e38ef7ef/aggregates" status: 404 len: 235 microversion: 1.1 [pid: 7|app: 0|req: 445/891] 10.0.0.73 () {32 vars in 815 bytes} [Tue Jul 21 07:55:03 2026] GET /resource_providers/99aada23-8bf6-40e4-93c3-fc94e38ef7ef/aggregates => generated 235 bytes in 10 msecs (HTTP/1.1 404) 5 headers in 202 bytes (1 switches on core 0)
2026-07-21 07:55:03.575 8 INFO placement.requestlog [None req-3b92465f-f02b-44b8-b5ef-fbd092768964 1acb8cef78b84fd29b94fd43e7d897e2 646330afc62e4033a48dc8e15f814bba - - 83e7173bbba246e48f0ddfa3e5669c25 83e7173bbba246e48f0ddfa3e5669c25] 10.0.0.73 "GET /resource_providers/99aada23-8bf6-40e4-93c3-fc94e38ef7ef/aggregates" status: 404 len: 235 microversion: 1.1 [pid: 8|app: 0|req: 447/892] 10.0.0.73 () {32 vars in 815 bytes} [Tue Jul 21 07:55:03 2026] GET /resource_providers/99aada23-8bf6-40e4-93c3-fc94e38ef7ef/aggregates => generated 235 bytes in 16 msecs (HTTP/1.1 404) 5 headers in 202 bytes (1 switches on core 0)
2026-07-21 07:55:03.597 7 INFO placement.requestlog [None req-30f5fa5d-d56f-4404-904a-e91f2e4100aa 1acb8cef78b84fd29b94fd43e7d897e2 646330afc62e4033a48dc8e15f814bba - - 83e7173bbba246e48f0ddfa3e5669c25 83e7173bbba246e48f0ddfa3e5669c25] 10.0.0.73 "DELETE /resource_providers/99aada23-8bf6-40e4-93c3-fc94e38ef7ef" status: 404 len: 246 microversion: 1.1 [pid: 7|app: 0|req: 446/893] 10.0.0.73 () {34 vars in 815 bytes} [Tue Jul 21 07:55:03 2026] DELETE /resource_providers/99aada23-8bf6-40e4-93c3-fc94e38ef7ef => generated 246 bytes in 11 msecs (HTTP/1.1 404) 6 headers in 231 bytes (1 switches on core 0)
2026-07-21 07:55:03.601 8 INFO placement.requestlog [None req-1302352f-61f6-43cb-954a-9c4c02bf8d94 1acb8cef78b84fd29b94fd43e7d897e2 646330afc62e4033a48dc8e15f814bba - - 83e7173bbba246e48f0ddfa3e5669c25 83e7173bbba246e48f0ddfa3e5669c25] 10.0.0.73 "DELETE /resource_providers/99aada23-8bf6-40e4-93c3-fc94e38ef7ef" status: 404 len: 246 microversion: 1.1 [pid: 8|app: 0|req: 448/894] 10.0.0.73 () {34 vars in 815 bytes} [Tue Jul 21 07:55:03 2026] DELETE /resource_providers/99aada23-8bf6-40e4-93c3-fc94e38ef7ef => generated 246 bytes in 13 msecs (HTTP/1.1 404) 6 headers in 231 bytes (1 switches on core 0)
2026-07-21 07:55:06.127 7 INFO placement.requestlog [req-640b4f19-be31-42ce-ada8-6b5294c6fb39 req-6540fadc-7880-4764-aecc-89fb70172821 e85c0e2052824d9ba2a6dfc3c484ef5a 646330afc62e4033a48dc8e15f814bba - - 83e7173bbba246e48f0ddfa3e5669c25 83e7173bbba246e48f0ddfa3e5669c25] 10.0.0.162 "GET /allocation_candidates?limit=1000&resources=DISK_GB%3A1%2CMEMORY_MB%3A512%2CVCPU%3A1&root_required=%21COMPUTE_STATUS_DISABLED" status: 200 len: 2643 microversion: 1.36 [pid: 7|app: 0|req: 447/895] 10.0.0.162 () {34 vars in 1012 bytes} [Tue Jul 21 07:55:06 2026] GET /allocation_candidates?limit=1000&resources=DISK_GB%3A1%2CMEMORY_MB%3A512%2CVCPU%3A1&root_required=%21COMPUTE_STATUS_DISABLED => generated 2643 bytes in 56 msecs (HTTP/1.1 200) 8 headers in 297 bytes (1 switches on core 0)
2026-07-21 07:55:06.162 8 INFO placement.requestlog [req-640b4f19-be31-42ce-ada8-6b5294c6fb39 req-3ca17d14-1c2b-43f4-b745-0b9e202e1ed3 e85c0e2052824d9ba2a6dfc3c484ef5a 646330afc62e4033a48dc8e15f814bba - - 83e7173bbba246e48f0ddfa3e5669c25 83e7173bbba246e48f0ddfa3e5669c25] 10.0.0.162 "GET /allocations/161cc309-6eef-4486-894e-3f155837abe0" status: 200 len: 19 microversion: 1.28 [pid: 8|app: 0|req: 449/896] 10.0.0.162 () {34 vars in 861 bytes} [Tue Jul 21 07:55:06 2026] GET /allocations/161cc309-6eef-4486-894e-3f155837abe0 => generated 19 bytes in 13 msecs (HTTP/1.1 200) 8 headers in 295 bytes (1 switches on core 0)
2026-07-21 07:55:06.235 7 INFO placement.requestlog [req-640b4f19-be31-42ce-ada8-6b5294c6fb39 req-67b4b11f-b5c7-4cda-b87a-bc4b9dfca0a4 e85c0e2052824d9ba2a6dfc3c484ef5a 646330afc62e4033a48dc8e15f814bba - - 83e7173bbba246e48f0ddfa3e5669c25 83e7173bbba246e48f0ddfa3e5669c25] 10.0.0.162 "PUT /allocations/161cc309-6eef-4486-894e-3f155837abe0" status: 204 len: 0 microversion: 1.36 [pid: 7|app: 0|req: 448/897] 10.0.0.162 () {38 vars in 914 bytes} [Tue Jul 21 07:55:06 2026] PUT /allocations/161cc309-6eef-4486-894e-3f155837abe0 => generated 0 bytes in 67 msecs (HTTP/1.1 204) 5 headers in 199 bytes (1 switches on core 0)
2026-07-21 07:55:07.805 8 INFO placement.requestlog [req-640b4f19-be31-42ce-ada8-6b5294c6fb39 req-ff35aac5-7424-4555-9203-7198a7b9eb66 e85c0e2052824d9ba2a6dfc3c484ef5a 646330afc62e4033a48dc8e15f814bba - - 83e7173bbba246e48f0ddfa3e5669c25 83e7173bbba246e48f0ddfa3e5669c25] 199.19.213.44 "GET /allocations/161cc309-6eef-4486-894e-3f155837abe0" status: 200 len: 257 microversion: 1.28 [pid: 8|app: 0|req: 450/898] 199.19.213.44 () {34 vars in 862 bytes} [Tue Jul 21 07:55:07 2026] GET /allocations/161cc309-6eef-4486-894e-3f155837abe0 => generated 257 bytes in 22 msecs (HTTP/1.1 200) 8 headers in 296 bytes (1 switches on core 0)
2026-07-21 07:55:08.859 7 INFO placement.requestlog [req-640b4f19-be31-42ce-ada8-6b5294c6fb39 req-105e86c7-32d1-4ea6-9a4b-bf667ff36bd5 e85c0e2052824d9ba2a6dfc3c484ef5a 646330afc62e4033a48dc8e15f814bba - - 83e7173bbba246e48f0ddfa3e5669c25 83e7173bbba246e48f0ddfa3e5669c25] 199.19.213.44 "GET /resource_providers/e13161f4-46f2-4eb7-930c-1dfa3d2903f7/allocations" status: 200 len: 352 microversion: 1.0 [pid: 7|app: 0|req: 449/899] 199.19.213.44 () {32 vars in 856 bytes} [Tue Jul 21 07:55:08 2026] GET /resource_providers/e13161f4-46f2-4eb7-930c-1dfa3d2903f7/allocations => generated 352 bytes in 18 msecs (HTTP/1.1 200) 6 headers in 224 bytes (1 switches on core 0)
2026-07-21 07:55:08.877 8 INFO placement.requestlog [req-640b4f19-be31-42ce-ada8-6b5294c6fb39 req-2efd1701-b71f-4983-8629-77930cc2508f e85c0e2052824d9ba2a6dfc3c484ef5a 646330afc62e4033a48dc8e15f814bba - - 83e7173bbba246e48f0ddfa3e5669c25 83e7173bbba246e48f0ddfa3e5669c25] 199.19.213.44 "GET /allocations/8aae0f27-314b-4785-8785-2bd005c7ed43" status: 200 len: 257 microversion: 1.28 [pid: 8|app: 0|req: 451/900] 199.19.213.44 () {34 vars in 862 bytes} [Tue Jul 21 07:55:08 2026] GET /allocations/8aae0f27-314b-4785-8785-2bd005c7ed43 => generated 257 bytes in 11 msecs (HTTP/1.1 200) 8 headers in 296 bytes (1 switches on core 0)
2026-07-21 07:55:08.896 7 INFO placement.requestlog [req-640b4f19-be31-42ce-ada8-6b5294c6fb39 req-6b29e862-c430-4dc7-875c-0d52867dc4d4 e85c0e2052824d9ba2a6dfc3c484ef5a 646330afc62e4033a48dc8e15f814bba - - 83e7173bbba246e48f0ddfa3e5669c25 83e7173bbba246e48f0ddfa3e5669c25] 199.19.213.44 "GET /allocations/161cc309-6eef-4486-894e-3f155837abe0" status: 200 len: 257 microversion: 1.28 [pid: 7|app: 0|req: 450/901] 199.19.213.44 () {34 vars in 862 bytes} [Tue Jul 21 07:55:08 2026] GET /allocations/161cc309-6eef-4486-894e-3f155837abe0 => generated 257 bytes in 13 msecs (HTTP/1.1 200) 8 headers in 296 bytes (1 switches on core 0)
2026-07-21 07:55:08.924 8 INFO placement.requestlog [req-640b4f19-be31-42ce-ada8-6b5294c6fb39 req-2d533605-cadf-47d6-933d-ebcc14e7b096 e85c0e2052824d9ba2a6dfc3c484ef5a 646330afc62e4033a48dc8e15f814bba - - 83e7173bbba246e48f0ddfa3e5669c25 83e7173bbba246e48f0ddfa3e5669c25] 199.19.213.44 "GET /allocations/8636ae73-e575-43f9-ad97-bc0ab71a089f" status: 200 len: 257 microversion: 1.28 [pid: 8|app: 0|req: 452/902] 199.19.213.44 () {34 vars in 862 bytes} [Tue Jul 21 07:55:08 2026] GET /allocations/8636ae73-e575-43f9-ad97-bc0ab71a089f => generated 257 bytes in 21 msecs (HTTP/1.1 200) 8 headers in 296 bytes (1 switches on core 0)
2026-07-21 07:55:10.044 7 INFO placement.requestlog [req-ec351232-0afb-4ffd-9921-617404d84324 req-e75dfb14-80a4-40cf-985d-0c9f9a26e4d4 e85c0e2052824d9ba2a6dfc3c484ef5a 646330afc62e4033a48dc8e15f814bba - - 83e7173bbba246e48f0ddfa3e5669c25 83e7173bbba246e48f0ddfa3e5669c25] 199.19.213.44 "GET /resource_providers/e13161f4-46f2-4eb7-930c-1dfa3d2903f7/allocations" status: 200 len: 352 microversion: 1.0 [pid: 7|app: 0|req: 451/903] 199.19.213.44 () {32 vars in 856 bytes} [Tue Jul 21 07:55:10 2026] GET /resource_providers/e13161f4-46f2-4eb7-930c-1dfa3d2903f7/allocations => generated 352 bytes in 25 msecs (HTTP/1.1 200) 6 headers in 224 bytes (1 switches on core 0)
2026-07-21 07:55:10.069 8 INFO placement.requestlog [req-ec351232-0afb-4ffd-9921-617404d84324 req-19b94fc4-437a-42ca-9628-b42852fd193f e85c0e2052824d9ba2a6dfc3c484ef5a 646330afc62e4033a48dc8e15f814bba - - 83e7173bbba246e48f0ddfa3e5669c25 83e7173bbba246e48f0ddfa3e5669c25] 199.19.213.44 "GET /allocations/8aae0f27-314b-4785-8785-2bd005c7ed43" status: 200 len: 257 microversion: 1.28 [pid: 8|app: 0|req: 453/904] 199.19.213.44 () {34 vars in 862 bytes} [Tue Jul 21 07:55:10 2026] GET /allocations/8aae0f27-314b-4785-8785-2bd005c7ed43 => generated 257 bytes in 19 msecs (HTTP/1.1 200) 8 headers in 296 bytes (1 switches on core 0)
2026-07-21 07:55:10.092 7 INFO placement.requestlog [req-ec351232-0afb-4ffd-9921-617404d84324 req-49274ed2-c9d6-45c7-a89d-22a0f067a049 e85c0e2052824d9ba2a6dfc3c484ef5a 646330afc62e4033a48dc8e15f814bba - - 83e7173bbba246e48f0ddfa3e5669c25 83e7173bbba246e48f0ddfa3e5669c25] 199.19.213.44 "GET /allocations/161cc309-6eef-4486-894e-3f155837abe0" status: 200 len: 257 microversion: 1.28 [pid: 7|app: 0|req: 452/905] 199.19.213.44 () {34 vars in 862 bytes} [Tue Jul 21 07:55:10 2026] GET /allocations/161cc309-6eef-4486-894e-3f155837abe0 => generated 257 bytes in 16 msecs (HTTP/1.1 200) 8 headers in 296 bytes (1 switches on core 0)
2026-07-21 07:55:10.108 8 INFO placement.requestlog [req-ec351232-0afb-4ffd-9921-617404d84324 req-5381a680-0894-41dc-9ca0-46c7b5d1b611 e85c0e2052824d9ba2a6dfc3c484ef5a 646330afc62e4033a48dc8e15f814bba - - 83e7173bbba246e48f0ddfa3e5669c25 83e7173bbba246e48f0ddfa3e5669c25] 199.19.213.44 "GET /allocations/8636ae73-e575-43f9-ad97-bc0ab71a089f" status: 200 len: 257 microversion: 1.28 [pid: 8|app: 0|req: 454/906] 199.19.213.44 () {34 vars in 862 bytes} [Tue Jul 21 07:55:10 2026] GET /allocations/8636ae73-e575-43f9-ad97-bc0ab71a089f => generated 257 bytes in 11 msecs (HTTP/1.1 200) 8 headers in 296 bytes (1 switches on core 0)
2026-07-21 07:55:10.542 7 INFO placement.requestlog [None req-e746bb8d-fec3-4183-8c2f-d9f59e03017c - - - - - -] 10.0.0.84 "GET /" status: 200 len: 136 microversion: 1.0
2026-07-21 07:55:10.543 8 INFO placement.requestlog [None req-f4805a63-a361-4c10-a020-ad54864f95a4 - - - - - -] 10.0.0.84 "GET /" status: 200 len: 136 microversion: 1.0
2026-07-21 07:55:10.965 7 INFO placement.requestlog [None req-581aa9d9-cdf2-419b-ae34-e89d3981c804 1acb8cef78b84fd29b94fd43e7d897e2 646330afc62e4033a48dc8e15f814bba - - 83e7173bbba246e48f0ddfa3e5669c25 83e7173bbba246e48f0ddfa3e5669c25] 10.0.0.73 "GET /resource_providers/fb81f612-9fde-462f-b681-78866ecc752f/aggregates" status: 404 len: 235 microversion: 1.1 [pid: 7|app: 0|req: 454/909] 10.0.0.73 () {32 vars in 815 bytes} [Tue Jul 21 07:55:10 2026] GET /resource_providers/fb81f612-9fde-462f-b681-78866ecc752f/aggregates => generated 235 bytes in 14 msecs (HTTP/1.1 404) 5 headers in 202 bytes (1 switches on core 0)
2026-07-21 07:55:10.966 8 INFO placement.requestlog [None req-103541d3-22a3-4e99-8c00-aa430827bc19 1acb8cef78b84fd29b94fd43e7d897e2 646330afc62e4033a48dc8e15f814bba - - 83e7173bbba246e48f0ddfa3e5669c25 83e7173bbba246e48f0ddfa3e5669c25] 10.0.0.73 "GET /resource_providers/fb81f612-9fde-462f-b681-78866ecc752f/aggregates" status: 404 len: 235 microversion: 1.1 [pid: 8|app: 0|req: 456/910] 10.0.0.73 () {32 vars in 815 bytes} [Tue Jul 21 07:55:10 2026] GET /resource_providers/fb81f612-9fde-462f-b681-78866ecc752f/aggregates => generated 235 bytes in 12 msecs (HTTP/1.1 404) 5 headers in 202 bytes (1 switches on core 0)
2026-07-21 07:55:10.986 8 INFO placement.requestlog [None req-c2bf48c2-244b-4c43-8e19-c25ceb2550b1 1acb8cef78b84fd29b94fd43e7d897e2 646330afc62e4033a48dc8e15f814bba - - 83e7173bbba246e48f0ddfa3e5669c25 83e7173bbba246e48f0ddfa3e5669c25] 10.0.0.73 "DELETE /resource_providers/fb81f612-9fde-462f-b681-78866ecc752f" status: 404 len: 246 microversion: 1.1
2026-07-21 07:55:10.986 7 INFO placement.requestlog [None req-0998ff16-bf66-4aeb-8695-3ef1d6ab41d9 1acb8cef78b84fd29b94fd43e7d897e2 646330afc62e4033a48dc8e15f814bba - - 83e7173bbba246e48f0ddfa3e5669c25 83e7173bbba246e48f0ddfa3e5669c25] 10.0.0.73 "DELETE /resource_providers/fb81f612-9fde-462f-b681-78866ecc752f" status: 404 len: 246 microversion: 1.1 [pid: 8|app: 0|req: 457/911] 10.0.0.73 () {34 vars in 815 bytes} [Tue Jul 21 07:55:10 2026] DELETE /resource_providers/fb81f612-9fde-462f-b681-78866ecc752f => generated 246 bytes in 8 msecs (HTTP/1.1 404) 6 headers in 231 bytes (1 switches on core 0) [pid: 7|app: 0|req: 455/912] 10.0.0.73 () {34 vars in 815 bytes} [Tue Jul 21 07:55:10 2026] DELETE /resource_providers/fb81f612-9fde-462f-b681-78866ecc752f => generated 246 bytes in 9 msecs (HTTP/1.1 404) 6 headers in 231 bytes (1 switches on core 0)
2026-07-21 07:55:11.164 8 INFO placement.requestlog [req-ec351232-0afb-4ffd-9921-617404d84324 req-1182b032-8928-4a02-b4f0-f6b3236a28cc e85c0e2052824d9ba2a6dfc3c484ef5a 646330afc62e4033a48dc8e15f814bba - - 83e7173bbba246e48f0ddfa3e5669c25 83e7173bbba246e48f0ddfa3e5669c25] 199.19.213.44 "DELETE /allocations/8aae0f27-314b-4785-8785-2bd005c7ed43" status: 204 len: 0 microversion: 1.0 [pid: 8|app: 0|req: 458/913] 199.19.213.44 () {34 vars in 840 bytes} [Tue Jul 21 07:55:11 2026] DELETE /allocations/8aae0f27-314b-4785-8785-2bd005c7ed43 => generated 0 bytes in 35 msecs (HTTP/1.1 204) 5 headers in 198 bytes (1 switches on core 0)
2026-07-21 07:55:11.655 7 INFO placement.requestlog [None req-2a61ca51-9a57-4420-8fac-ac8c0c874278 1acb8cef78b84fd29b94fd43e7d897e2 646330afc62e4033a48dc8e15f814bba - - 83e7173bbba246e48f0ddfa3e5669c25 83e7173bbba246e48f0ddfa3e5669c25] 10.0.0.73 "GET /resource_providers/c8b79177-4555-490a-99bd-af76253d3511/aggregates" status: 404 len: 235 microversion: 1.1 [pid: 7|app: 0|req: 456/914] 10.0.0.73 () {32 vars in 815 bytes} [Tue Jul 21 07:55:11 2026] GET /resource_providers/c8b79177-4555-490a-99bd-af76253d3511/aggregates => generated 235 bytes in 10 msecs (HTTP/1.1 404) 5 headers in 202 bytes (1 switches on core 0)
2026-07-21 07:55:11.664 8 INFO placement.requestlog [None req-8cbe9a9e-7c87-4c2d-b204-8cfccc5fae9e 1acb8cef78b84fd29b94fd43e7d897e2 646330afc62e4033a48dc8e15f814bba - - 83e7173bbba246e48f0ddfa3e5669c25 83e7173bbba246e48f0ddfa3e5669c25] 10.0.0.73 "GET /resource_providers/c8b79177-4555-490a-99bd-af76253d3511/aggregates" status: 404 len: 235 microversion: 1.1 [pid: 8|app: 0|req: 459/915] 10.0.0.73 () {32 vars in 815 bytes} [Tue Jul 21 07:55:11 2026] GET /resource_providers/c8b79177-4555-490a-99bd-af76253d3511/aggregates => generated 235 bytes in 12 msecs (HTTP/1.1 404) 5 headers in 202 bytes (1 switches on core 0)
2026-07-21 07:55:11.679 7 INFO placement.requestlog [None req-32c917a2-bb3d-43b8-82c0-410663d9d7fa 1acb8cef78b84fd29b94fd43e7d897e2 646330afc62e4033a48dc8e15f814bba - - 83e7173bbba246e48f0ddfa3e5669c25 83e7173bbba246e48f0ddfa3e5669c25] 10.0.0.73 "DELETE /resource_providers/c8b79177-4555-490a-99bd-af76253d3511" status: 404 len: 246 microversion: 1.1 [pid: 7|app: 0|req: 457/916] 10.0.0.73 () {34 vars in 815 bytes} [Tue Jul 21 07:55:11 2026] DELETE /resource_providers/c8b79177-4555-490a-99bd-af76253d3511 => generated 246 bytes in 9 msecs (HTTP/1.1 404) 6 headers in 231 bytes (1 switches on core 0)
2026-07-21 07:55:11.680 8 INFO placement.requestlog [None req-595c4913-6c54-4b31-959c-909f1417a06e 1acb8cef78b84fd29b94fd43e7d897e2 646330afc62e4033a48dc8e15f814bba - - 83e7173bbba246e48f0ddfa3e5669c25 83e7173bbba246e48f0ddfa3e5669c25] 10.0.0.73 "DELETE /resource_providers/c8b79177-4555-490a-99bd-af76253d3511" status: 404 len: 246 microversion: 1.1 [pid: 8|app: 0|req: 460/917] 10.0.0.73 () {34 vars in 815 bytes} [Tue Jul 21 07:55:11 2026] DELETE /resource_providers/c8b79177-4555-490a-99bd-af76253d3511 => generated 246 bytes in 9 msecs (HTTP/1.1 404) 6 headers in 231 bytes (1 switches on core 0)
2026-07-21 07:55:13.764 7 INFO placement.requestlog [None req-3689bb2b-5c77-498e-a6ed-1b213b955c2d 1acb8cef78b84fd29b94fd43e7d897e2 646330afc62e4033a48dc8e15f814bba - - 83e7173bbba246e48f0ddfa3e5669c25 83e7173bbba246e48f0ddfa3e5669c25] 10.0.0.73 "GET /resource_providers/9765cfd9-3c2c-4fbd-9838-ac17036412a3/aggregates" status: 404 len: 235 microversion: 1.1 [pid: 7|app: 0|req: 458/918] 10.0.0.73 () {32 vars in 815 bytes} [Tue Jul 21 07:55:13 2026] GET /resource_providers/9765cfd9-3c2c-4fbd-9838-ac17036412a3/aggregates => generated 235 bytes in 7 msecs (HTTP/1.1 404) 5 headers in 202 bytes (1 switches on core 0)
2026-07-21 07:55:13.776 8 INFO placement.requestlog [None req-3ad3364f-5fea-4758-8e2d-382d1c68c751 1acb8cef78b84fd29b94fd43e7d897e2 646330afc62e4033a48dc8e15f814bba - - 83e7173bbba246e48f0ddfa3e5669c25 83e7173bbba246e48f0ddfa3e5669c25] 10.0.0.73 "GET /resource_providers/9765cfd9-3c2c-4fbd-9838-ac17036412a3/aggregates" status: 404 len: 235 microversion: 1.1 [pid: 8|app: 0|req: 461/919] 10.0.0.73 () {32 vars in 815 bytes} [Tue Jul 21 07:55:13 2026] GET /resource_providers/9765cfd9-3c2c-4fbd-9838-ac17036412a3/aggregates => generated 235 bytes in 13 msecs (HTTP/1.1 404) 5 headers in 202 bytes (1 switches on core 0)
2026-07-21 07:55:13.789 7 INFO placement.requestlog [None req-e98b175e-ca08-49f9-85cd-fecab67459f6 1acb8cef78b84fd29b94fd43e7d897e2 646330afc62e4033a48dc8e15f814bba - - 83e7173bbba246e48f0ddfa3e5669c25 83e7173bbba246e48f0ddfa3e5669c25] 10.0.0.73 "DELETE /resource_providers/9765cfd9-3c2c-4fbd-9838-ac17036412a3" status: 404 len: 246 microversion: 1.1 [pid: 7|app: 0|req: 459/920] 10.0.0.73 () {34 vars in 815 bytes} [Tue Jul 21 07:55:13 2026] DELETE /resource_providers/9765cfd9-3c2c-4fbd-9838-ac17036412a3 => generated 246 bytes in 12 msecs (HTTP/1.1 404) 6 headers in 231 bytes (1 switches on core 0)
2026-07-21 07:55:13.801 8 INFO placement.requestlog [None req-3d40b667-505a-4341-bf03-771d4bdc0875 1acb8cef78b84fd29b94fd43e7d897e2 646330afc62e4033a48dc8e15f814bba - - 83e7173bbba246e48f0ddfa3e5669c25 83e7173bbba246e48f0ddfa3e5669c25] 10.0.0.73 "DELETE /resource_providers/9765cfd9-3c2c-4fbd-9838-ac17036412a3" status: 404 len: 246 microversion: 1.1 [pid: 8|app: 0|req: 462/921] 10.0.0.73 () {34 vars in 815 bytes} [Tue Jul 21 07:55:13 2026] DELETE /resource_providers/9765cfd9-3c2c-4fbd-9838-ac17036412a3 => generated 246 bytes in 7 msecs (HTTP/1.1 404) 6 headers in 231 bytes (1 switches on core 0)
2026-07-21 07:55:15.811 7 INFO placement.requestlog [None req-21e501f6-0c58-4584-9832-64fc5be953e2 1acb8cef78b84fd29b94fd43e7d897e2 646330afc62e4033a48dc8e15f814bba - - 83e7173bbba246e48f0ddfa3e5669c25 83e7173bbba246e48f0ddfa3e5669c25] 10.0.0.73 "GET /resource_providers/a4c4230f-8371-4270-bee1-df1ea95e824a/aggregates" status: 404 len: 235 microversion: 1.1 [pid: 7|app: 0|req: 460/922] 10.0.0.73 () {32 vars in 815 bytes} [Tue Jul 21 07:55:15 2026] GET /resource_providers/a4c4230f-8371-4270-bee1-df1ea95e824a/aggregates => generated 235 bytes in 11 msecs (HTTP/1.1 404) 5 headers in 202 bytes (1 switches on core 0)
2026-07-21 07:55:15.823 8 INFO placement.requestlog [None req-09877a6c-a0b1-497a-9763-c6d81ca1801f 1acb8cef78b84fd29b94fd43e7d897e2 646330afc62e4033a48dc8e15f814bba - - 83e7173bbba246e48f0ddfa3e5669c25 83e7173bbba246e48f0ddfa3e5669c25] 10.0.0.73 "GET /resource_providers/a4c4230f-8371-4270-bee1-df1ea95e824a/aggregates" status: 404 len: 235 microversion: 1.1 [pid: 8|app: 0|req: 463/923] 10.0.0.73 () {32 vars in 815 bytes} [Tue Jul 21 07:55:15 2026] GET /resource_providers/a4c4230f-8371-4270-bee1-df1ea95e824a/aggregates => generated 235 bytes in 10 msecs (HTTP/1.1 404) 5 headers in 202 bytes (1 switches on core 0)
2026-07-21 07:55:15.830 7 INFO placement.requestlog [None req-6f5a4c7e-c577-4a3a-b81e-acaa80eb60a8 1acb8cef78b84fd29b94fd43e7d897e2 646330afc62e4033a48dc8e15f814bba - - 83e7173bbba246e48f0ddfa3e5669c25 83e7173bbba246e48f0ddfa3e5669c25] 10.0.0.73 "DELETE /resource_providers/a4c4230f-8371-4270-bee1-df1ea95e824a" status: 404 len: 246 microversion: 1.1 [pid: 7|app: 0|req: 461/924] 10.0.0.73 () {34 vars in 815 bytes} [Tue Jul 21 07:55:15 2026] DELETE /resource_providers/a4c4230f-8371-4270-bee1-df1ea95e824a => generated 246 bytes in 10 msecs (HTTP/1.1 404) 6 headers in 231 bytes (1 switches on core 0)
2026-07-21 07:55:15.844 7 INFO placement.requestlog [None req-19907a79-3089-4662-a918-214f3e5bd5dd 1acb8cef78b84fd29b94fd43e7d897e2 646330afc62e4033a48dc8e15f814bba - - 83e7173bbba246e48f0ddfa3e5669c25 83e7173bbba246e48f0ddfa3e5669c25] 10.0.0.73 "GET /resource_providers/ddd964f3-04dd-49c6-ac14-4e89fe2938ce/aggregates" status: 404 len: 235 microversion: 1.1 [pid: 7|app: 0|req: 462/925] 10.0.0.73 () {32 vars in 815 bytes} [Tue Jul 21 07:55:15 2026] GET /resource_providers/ddd964f3-04dd-49c6-ac14-4e89fe2938ce/aggregates => generated 235 bytes in 7 msecs (HTTP/1.1 404) 5 headers in 202 bytes (1 switches on core 0)
2026-07-21 07:55:15.845 8 INFO placement.requestlog [None req-62976123-a09b-40e5-87bc-e38ba8cc0ac3 1acb8cef78b84fd29b94fd43e7d897e2 646330afc62e4033a48dc8e15f814bba - - 83e7173bbba246e48f0ddfa3e5669c25 83e7173bbba246e48f0ddfa3e5669c25] 10.0.0.73 "DELETE /resource_providers/a4c4230f-8371-4270-bee1-df1ea95e824a" status: 404 len: 246 microversion: 1.1 [pid: 8|app: 0|req: 464/926] 10.0.0.73 () {34 vars in 815 bytes} [Tue Jul 21 07:55:15 2026] DELETE /resource_providers/a4c4230f-8371-4270-bee1-df1ea95e824a => generated 246 bytes in 10 msecs (HTTP/1.1 404) 6 headers in 231 bytes (1 switches on core 0)
2026-07-21 07:55:15.860 7 INFO placement.requestlog [None req-5d9572a0-f0aa-4450-8cbb-9e0ec0a5e35b 1acb8cef78b84fd29b94fd43e7d897e2 646330afc62e4033a48dc8e15f814bba - - 83e7173bbba246e48f0ddfa3e5669c25 83e7173bbba246e48f0ddfa3e5669c25] 10.0.0.73 "DELETE /resource_providers/ddd964f3-04dd-49c6-ac14-4e89fe2938ce" status: 404 len: 246 microversion: 1.1 [pid: 7|app: 0|req: 463/927] 10.0.0.73 () {34 vars in 815 bytes} [Tue Jul 21 07:55:15 2026] DELETE /resource_providers/ddd964f3-04dd-49c6-ac14-4e89fe2938ce => generated 246 bytes in 6 msecs (HTTP/1.1 404) 6 headers in 231 bytes (1 switches on core 0)
2026-07-21 07:55:15.865 8 INFO placement.requestlog [None req-48acb6eb-d7c9-4f62-9726-3c9ad5f9d351 1acb8cef78b84fd29b94fd43e7d897e2 646330afc62e4033a48dc8e15f814bba - - 83e7173bbba246e48f0ddfa3e5669c25 83e7173bbba246e48f0ddfa3e5669c25] 10.0.0.73 "GET /resource_providers/ddd964f3-04dd-49c6-ac14-4e89fe2938ce/aggregates" status: 404 len: 235 microversion: 1.1 [pid: 8|app: 0|req: 465/928] 10.0.0.73 () {32 vars in 815 bytes} [Tue Jul 21 07:55:15 2026] GET /resource_providers/ddd964f3-04dd-49c6-ac14-4e89fe2938ce/aggregates => generated 235 bytes in 7 msecs (HTTP/1.1 404) 5 headers in 202 bytes (1 switches on core 0)
