2026-07-21 07:57:00.970 7 INFO placement.requestlog [req-cbf68a5c-ec11-4a63-a480-338b8b0c4493 req-51a0e27f-8c65-4e46-8964-632315e4084a e85c0e2052824d9ba2a6dfc3c484ef5a 646330afc62e4033a48dc8e15f814bba - - 83e7173bbba246e48f0ddfa3e5669c25 83e7173bbba246e48f0ddfa3e5669c25] 199.19.213.44 "GET /resource_providers?in_tree=e13161f4-46f2-4eb7-930c-1dfa3d2903f7" status: 200 len: 798 microversion: 1.14 [pid: 7|app: 0|req: 549/1105] 199.19.213.44 () {34 vars in 891 bytes} [Tue Jul 21 07:57:00 2026] GET /resource_providers?in_tree=e13161f4-46f2-4eb7-930c-1dfa3d2903f7 => generated 798 bytes in 24 msecs (HTTP/1.1 200) 6 headers in 225 bytes (1 switches on core 0)
2026-07-21 07:57:00.989 8 INFO placement.requestlog [req-cbf68a5c-ec11-4a63-a480-338b8b0c4493 req-9c33228a-c959-44be-b9fc-23479078f069 e85c0e2052824d9ba2a6dfc3c484ef5a 646330afc62e4033a48dc8e15f814bba - - 83e7173bbba246e48f0ddfa3e5669c25 83e7173bbba246e48f0ddfa3e5669c25] 199.19.213.44 "GET /resource_providers/e13161f4-46f2-4eb7-930c-1dfa3d2903f7/inventories" status: 200 len: 401 microversion: 1.0 [pid: 8|app: 0|req: 557/1106] 199.19.213.44 () {32 vars in 856 bytes} [Tue Jul 21 07:57:00 2026] GET /resource_providers/e13161f4-46f2-4eb7-930c-1dfa3d2903f7/inventories => generated 401 bytes in 14 msecs (HTTP/1.1 200) 6 headers in 224 bytes (1 switches on core 0)
2026-07-21 07:57:01.023 7 INFO placement.requestlog [req-cbf68a5c-ec11-4a63-a480-338b8b0c4493 req-1e775bac-b60a-483c-817e-22924c9f1599 e85c0e2052824d9ba2a6dfc3c484ef5a 646330afc62e4033a48dc8e15f814bba - - 83e7173bbba246e48f0ddfa3e5669c25 83e7173bbba246e48f0ddfa3e5669c25] 199.19.213.44 "GET /resource_providers/e13161f4-46f2-4eb7-930c-1dfa3d2903f7/aggregates" status: 200 len: 54 microversion: 1.19 [pid: 7|app: 0|req: 550/1107] 199.19.213.44 () {34 vars in 898 bytes} [Tue Jul 21 07:57:01 2026] GET /resource_providers/e13161f4-46f2-4eb7-930c-1dfa3d2903f7/aggregates => generated 54 bytes in 18 msecs (HTTP/1.1 200) 8 headers in 295 bytes (1 switches on core 0)
2026-07-21 07:57:01.046 8 INFO placement.requestlog [req-cbf68a5c-ec11-4a63-a480-338b8b0c4493 req-b5128628-a9e7-4e05-afa8-b8684ab524d4 e85c0e2052824d9ba2a6dfc3c484ef5a 646330afc62e4033a48dc8e15f814bba - - 83e7173bbba246e48f0ddfa3e5669c25 83e7173bbba246e48f0ddfa3e5669c25] 199.19.213.44 "GET /resource_providers/e13161f4-46f2-4eb7-930c-1dfa3d2903f7/traits" status: 200 len: 2176 microversion: 1.6 [pid: 8|app: 0|req: 558/1108] 199.19.213.44 () {34 vars in 889 bytes} [Tue Jul 21 07:57:01 2026] GET /resource_providers/e13161f4-46f2-4eb7-930c-1dfa3d2903f7/traits => generated 2176 bytes in 17 msecs (HTTP/1.1 200) 6 headers in 225 bytes (1 switches on core 0)
2026-07-21 07:57:01.062 7 INFO placement.requestlog [req-cbf68a5c-ec11-4a63-a480-338b8b0c4493 req-634b8102-4a64-4a7e-91d2-a93a9e13a640 e85c0e2052824d9ba2a6dfc3c484ef5a 646330afc62e4033a48dc8e15f814bba - - 83e7173bbba246e48f0ddfa3e5669c25 83e7173bbba246e48f0ddfa3e5669c25] 199.19.213.44 "GET /resource_providers/e13161f4-46f2-4eb7-930c-1dfa3d2903f7/allocations" status: 200 len: 340 microversion: 1.0 [pid: 7|app: 0|req: 551/1109] 199.19.213.44 () {32 vars in 856 bytes} [Tue Jul 21 07:57:01 2026] GET /resource_providers/e13161f4-46f2-4eb7-930c-1dfa3d2903f7/allocations => generated 340 bytes in 11 msecs (HTTP/1.1 200) 6 headers in 224 bytes (1 switches on core 0)
2026-07-21 07:57:01.075 8 INFO placement.requestlog [req-cbf68a5c-ec11-4a63-a480-338b8b0c4493 req-65b7d91b-8788-4c59-95a1-c76a55490f6c e85c0e2052824d9ba2a6dfc3c484ef5a 646330afc62e4033a48dc8e15f814bba - - 83e7173bbba246e48f0ddfa3e5669c25 83e7173bbba246e48f0ddfa3e5669c25] 199.19.213.44 "GET /allocations/82fa58b2-d0f7-450f-b646-0d9e5ea780fb" status: 200 len: 258 microversion: 1.28 [pid: 8|app: 0|req: 559/1110] 199.19.213.44 () {34 vars in 862 bytes} [Tue Jul 21 07:57:01 2026] GET /allocations/82fa58b2-d0f7-450f-b646-0d9e5ea780fb => generated 258 bytes in 10 msecs (HTTP/1.1 200) 8 headers in 296 bytes (1 switches on core 0)
2026-07-21 07:57:01.090 7 INFO placement.requestlog [req-cbf68a5c-ec11-4a63-a480-338b8b0c4493 req-01e2801a-7729-4693-a13f-eec05b624096 e85c0e2052824d9ba2a6dfc3c484ef5a 646330afc62e4033a48dc8e15f814bba - - 83e7173bbba246e48f0ddfa3e5669c25 83e7173bbba246e48f0ddfa3e5669c25] 199.19.213.44 "GET /allocations/d7f5790d-0042-4483-a22d-347ec9df621d" status: 200 len: 245 microversion: 1.28 [pid: 7|app: 0|req: 552/1111] 199.19.213.44 () {34 vars in 862 bytes} [Tue Jul 21 07:57:01 2026] GET /allocations/d7f5790d-0042-4483-a22d-347ec9df621d => generated 245 bytes in 10 msecs (HTTP/1.1 200) 8 headers in 296 bytes (1 switches on core 0)
2026-07-21 07:57:01.105 8 INFO placement.requestlog [req-cbf68a5c-ec11-4a63-a480-338b8b0c4493 req-2770a5ad-a9c3-4644-8e3a-bd0f4d65d222 e85c0e2052824d9ba2a6dfc3c484ef5a 646330afc62e4033a48dc8e15f814bba - - 83e7173bbba246e48f0ddfa3e5669c25 83e7173bbba246e48f0ddfa3e5669c25] 199.19.213.44 "GET /allocations/161cc309-6eef-4486-894e-3f155837abe0" status: 200 len: 258 microversion: 1.28 [pid: 8|app: 0|req: 560/1112] 199.19.213.44 () {34 vars in 862 bytes} [Tue Jul 21 07:57:01 2026] GET /allocations/161cc309-6eef-4486-894e-3f155837abe0 => generated 258 bytes in 10 msecs (HTTP/1.1 200) 8 headers in 296 bytes (1 switches on core 0)
2026-07-21 07:57:04.750 7 INFO placement.requestlog [req-56c1982e-cc21-4e47-b3c8-3e4c02040d70 req-f74feae6-7dad-46ee-acef-8dc8a7742955 e85c0e2052824d9ba2a6dfc3c484ef5a 646330afc62e4033a48dc8e15f814bba - - 83e7173bbba246e48f0ddfa3e5669c25 83e7173bbba246e48f0ddfa3e5669c25] 10.0.0.162 "GET /allocation_candidates?limit=1000&resources=DISK_GB%3A1%2CMEMORY_MB%3A512%2CVCPU%3A1&root_required=%21COMPUTE_STATUS_DISABLED" status: 200 len: 2643 microversion: 1.36 [pid: 7|app: 0|req: 553/1113] 10.0.0.162 () {34 vars in 1012 bytes} [Tue Jul 21 07:57:04 2026] GET /allocation_candidates?limit=1000&resources=DISK_GB%3A1%2CMEMORY_MB%3A512%2CVCPU%3A1&root_required=%21COMPUTE_STATUS_DISABLED => generated 2643 bytes in 54 msecs (HTTP/1.1 200) 8 headers in 297 bytes (1 switches on core 0)
2026-07-21 07:57:04.775 8 INFO placement.requestlog [req-56c1982e-cc21-4e47-b3c8-3e4c02040d70 req-b04917be-9821-4273-ba58-eeb9d81a3286 e85c0e2052824d9ba2a6dfc3c484ef5a 646330afc62e4033a48dc8e15f814bba - - 83e7173bbba246e48f0ddfa3e5669c25 83e7173bbba246e48f0ddfa3e5669c25] 10.0.0.162 "GET /allocations/1422b8f4-8858-47cf-964e-f7fffbf17078" status: 200 len: 19 microversion: 1.28 [pid: 8|app: 0|req: 561/1114] 10.0.0.162 () {34 vars in 861 bytes} [Tue Jul 21 07:57:04 2026] GET /allocations/1422b8f4-8858-47cf-964e-f7fffbf17078 => generated 19 bytes in 10 msecs (HTTP/1.1 200) 8 headers in 295 bytes (1 switches on core 0)
2026-07-21 07:57:04.852 7 INFO placement.requestlog [req-56c1982e-cc21-4e47-b3c8-3e4c02040d70 req-4a011777-6e6e-46fa-862b-08070d73cb1f e85c0e2052824d9ba2a6dfc3c484ef5a 646330afc62e4033a48dc8e15f814bba - - 83e7173bbba246e48f0ddfa3e5669c25 83e7173bbba246e48f0ddfa3e5669c25] 10.0.0.162 "PUT /allocations/1422b8f4-8858-47cf-964e-f7fffbf17078" status: 204 len: 0 microversion: 1.36 [pid: 7|app: 0|req: 554/1115] 10.0.0.162 () {38 vars in 914 bytes} [Tue Jul 21 07:57:04 2026] PUT /allocations/1422b8f4-8858-47cf-964e-f7fffbf17078 => generated 0 bytes in 73 msecs (HTTP/1.1 204) 5 headers in 199 bytes (1 switches on core 0)
2026-07-21 07:57:06.354 8 INFO placement.requestlog [req-56c1982e-cc21-4e47-b3c8-3e4c02040d70 req-42ced01b-85e2-4d16-acd0-dfdcf1195151 e85c0e2052824d9ba2a6dfc3c484ef5a 646330afc62e4033a48dc8e15f814bba - - 83e7173bbba246e48f0ddfa3e5669c25 83e7173bbba246e48f0ddfa3e5669c25] 199.19.213.44 "GET /allocations/1422b8f4-8858-47cf-964e-f7fffbf17078" status: 200 len: 258 microversion: 1.28 [pid: 8|app: 0|req: 562/1116] 199.19.213.44 () {34 vars in 862 bytes} [Tue Jul 21 07:57:06 2026] GET /allocations/1422b8f4-8858-47cf-964e-f7fffbf17078 => generated 258 bytes in 15 msecs (HTTP/1.1 200) 8 headers in 296 bytes (1 switches on core 0)
2026-07-21 07:57:07.390 7 INFO placement.requestlog [req-56c1982e-cc21-4e47-b3c8-3e4c02040d70 req-d0858b3e-6fea-4f65-85be-adba345a1699 e85c0e2052824d9ba2a6dfc3c484ef5a 646330afc62e4033a48dc8e15f814bba - - 83e7173bbba246e48f0ddfa3e5669c25 83e7173bbba246e48f0ddfa3e5669c25] 199.19.213.44 "GET /resource_providers/e13161f4-46f2-4eb7-930c-1dfa3d2903f7/allocations" status: 200 len: 440 microversion: 1.0 [pid: 7|app: 0|req: 555/1117] 199.19.213.44 () {32 vars in 856 bytes} [Tue Jul 21 07:57:07 2026] GET /resource_providers/e13161f4-46f2-4eb7-930c-1dfa3d2903f7/allocations => generated 440 bytes in 16 msecs (HTTP/1.1 200) 6 headers in 224 bytes (1 switches on core 0)
2026-07-21 07:57:07.407 8 INFO placement.requestlog [req-56c1982e-cc21-4e47-b3c8-3e4c02040d70 req-5e0c60a4-8261-4a40-b91f-14eb84f2a49b e85c0e2052824d9ba2a6dfc3c484ef5a 646330afc62e4033a48dc8e15f814bba - - 83e7173bbba246e48f0ddfa3e5669c25 83e7173bbba246e48f0ddfa3e5669c25] 199.19.213.44 "GET /allocations/82fa58b2-d0f7-450f-b646-0d9e5ea780fb" status: 200 len: 258 microversion: 1.28 [pid: 8|app: 0|req: 563/1118] 199.19.213.44 () {34 vars in 862 bytes} [Tue Jul 21 07:57:07 2026] GET /allocations/82fa58b2-d0f7-450f-b646-0d9e5ea780fb => generated 258 bytes in 13 msecs (HTTP/1.1 200) 8 headers in 296 bytes (1 switches on core 0)
2026-07-21 07:57:07.421 7 INFO placement.requestlog [req-56c1982e-cc21-4e47-b3c8-3e4c02040d70 req-6034a211-e167-4635-8b31-c7b22419bf35 e85c0e2052824d9ba2a6dfc3c484ef5a 646330afc62e4033a48dc8e15f814bba - - 83e7173bbba246e48f0ddfa3e5669c25 83e7173bbba246e48f0ddfa3e5669c25] 199.19.213.44 "GET /allocations/d7f5790d-0042-4483-a22d-347ec9df621d" status: 200 len: 245 microversion: 1.28 [pid: 7|app: 0|req: 556/1119] 199.19.213.44 () {34 vars in 862 bytes} [Tue Jul 21 07:57:07 2026] GET /allocations/d7f5790d-0042-4483-a22d-347ec9df621d => generated 245 bytes in 11 msecs (HTTP/1.1 200) 8 headers in 296 bytes (1 switches on core 0)
2026-07-21 07:57:07.443 8 INFO placement.requestlog [req-56c1982e-cc21-4e47-b3c8-3e4c02040d70 req-1ec86f9f-3d44-45e9-bf39-df3fc6796c8f e85c0e2052824d9ba2a6dfc3c484ef5a 646330afc62e4033a48dc8e15f814bba - - 83e7173bbba246e48f0ddfa3e5669c25 83e7173bbba246e48f0ddfa3e5669c25] 199.19.213.44 "GET /allocations/1422b8f4-8858-47cf-964e-f7fffbf17078" status: 200 len: 258 microversion: 1.28 [pid: 8|app: 0|req: 564/1120] 199.19.213.44 () {34 vars in 862 bytes} [Tue Jul 21 07:57:07 2026] GET /allocations/1422b8f4-8858-47cf-964e-f7fffbf17078 => generated 258 bytes in 18 msecs (HTTP/1.1 200) 8 headers in 296 bytes (1 switches on core 0)
2026-07-21 07:57:07.467 7 INFO placement.requestlog [req-56c1982e-cc21-4e47-b3c8-3e4c02040d70 req-74ddc841-2d2d-4a2c-bf43-15f7c1e41764 e85c0e2052824d9ba2a6dfc3c484ef5a 646330afc62e4033a48dc8e15f814bba - - 83e7173bbba246e48f0ddfa3e5669c25 83e7173bbba246e48f0ddfa3e5669c25] 199.19.213.44 "GET /allocations/161cc309-6eef-4486-894e-3f155837abe0" status: 200 len: 258 microversion: 1.28 [pid: 7|app: 0|req: 557/1121] 199.19.213.44 () {34 vars in 862 bytes} [Tue Jul 21 07:57:07 2026] GET /allocations/161cc309-6eef-4486-894e-3f155837abe0 => generated 258 bytes in 17 msecs (HTTP/1.1 200) 8 headers in 296 bytes (1 switches on core 0)
2026-07-21 07:57:10.541 7 INFO placement.requestlog [None req-1ca17cb6-5dc0-4e2a-9867-1a26a762a2bc - - - - - -] 10.0.0.84 "GET /" status: 200 len: 136 microversion: 1.0
2026-07-21 07:57:10.541 8 INFO placement.requestlog [None req-4012ba0f-c652-419f-9953-fae391d47f95 - - - - - -] 10.0.0.84 "GET /" status: 200 len: 136 microversion: 1.0
2026-07-21 07:57:20.541 8 INFO placement.requestlog [None req-259057bf-5200-413c-a98a-bfcccb996d32 - - - - - -] 10.0.0.84 "GET /" status: 200 len: 136 microversion: 1.0
2026-07-21 07:57:20.541 7 INFO placement.requestlog [None req-2b6dd138-494d-4a66-8ab0-de8f73e83719 - - - - - -] 10.0.0.84 "GET /" status: 200 len: 136 microversion: 1.0
2026-07-21 07:57:24.083 8 INFO placement.requestlog [req-079ae3e5-37a5-487b-9022-44d1d7ec7844 req-8f2acbf6-1c29-4fb2-b037-b16051c8955d e85c0e2052824d9ba2a6dfc3c484ef5a 646330afc62e4033a48dc8e15f814bba - - 83e7173bbba246e48f0ddfa3e5669c25 83e7173bbba246e48f0ddfa3e5669c25] 199.19.213.44 "GET /resource_providers/e13161f4-46f2-4eb7-930c-1dfa3d2903f7/allocations" status: 200 len: 440 microversion: 1.0 [pid: 8|app: 0|req: 567/1126] 199.19.213.44 () {32 vars in 856 bytes} [Tue Jul 21 07:57:24 2026] GET /resource_providers/e13161f4-46f2-4eb7-930c-1dfa3d2903f7/allocations => generated 440 bytes in 13 msecs (HTTP/1.1 200) 6 headers in 224 bytes (1 switches on core 0)
2026-07-21 07:57:24.100 7 INFO placement.requestlog [req-079ae3e5-37a5-487b-9022-44d1d7ec7844 req-0e335683-a781-4047-b297-3b58ae189afc e85c0e2052824d9ba2a6dfc3c484ef5a 646330afc62e4033a48dc8e15f814bba - - 83e7173bbba246e48f0ddfa3e5669c25 83e7173bbba246e48f0ddfa3e5669c25] 199.19.213.44 "GET /allocations/82fa58b2-d0f7-450f-b646-0d9e5ea780fb" status: 200 len: 258 microversion: 1.28 [pid: 7|app: 0|req: 560/1127] 199.19.213.44 () {34 vars in 862 bytes} [Tue Jul 21 07:57:24 2026] GET /allocations/82fa58b2-d0f7-450f-b646-0d9e5ea780fb => generated 258 bytes in 13 msecs (HTTP/1.1 200) 8 headers in 296 bytes (1 switches on core 0)
2026-07-21 07:57:24.112 8 INFO placement.requestlog [req-079ae3e5-37a5-487b-9022-44d1d7ec7844 req-299ac27f-10a4-4b13-b721-f6bad4fc2fa5 e85c0e2052824d9ba2a6dfc3c484ef5a 646330afc62e4033a48dc8e15f814bba - - 83e7173bbba246e48f0ddfa3e5669c25 83e7173bbba246e48f0ddfa3e5669c25] 199.19.213.44 "GET /allocations/d7f5790d-0042-4483-a22d-347ec9df621d" status: 200 len: 245 microversion: 1.28 [pid: 8|app: 0|req: 568/1128] 199.19.213.44 () {34 vars in 862 bytes} [Tue Jul 21 07:57:24 2026] GET /allocations/d7f5790d-0042-4483-a22d-347ec9df621d => generated 245 bytes in 9 msecs (HTTP/1.1 200) 8 headers in 296 bytes (1 switches on core 0)
2026-07-21 07:57:24.130 7 INFO placement.requestlog [req-079ae3e5-37a5-487b-9022-44d1d7ec7844 req-b6851eb7-bc94-4dda-832c-d71b0294f2eb e85c0e2052824d9ba2a6dfc3c484ef5a 646330afc62e4033a48dc8e15f814bba - - 83e7173bbba246e48f0ddfa3e5669c25 83e7173bbba246e48f0ddfa3e5669c25] 199.19.213.44 "GET /allocations/1422b8f4-8858-47cf-964e-f7fffbf17078" status: 200 len: 258 microversion: 1.28 [pid: 7|app: 0|req: 561/1129] 199.19.213.44 () {34 vars in 862 bytes} [Tue Jul 21 07:57:24 2026] GET /allocations/1422b8f4-8858-47cf-964e-f7fffbf17078 => generated 258 bytes in 15 msecs (HTTP/1.1 200) 8 headers in 296 bytes (1 switches on core 0)
2026-07-21 07:57:24.141 8 INFO placement.requestlog [req-079ae3e5-37a5-487b-9022-44d1d7ec7844 req-5caa87ae-e7f4-4095-9cc5-e21359c20661 e85c0e2052824d9ba2a6dfc3c484ef5a 646330afc62e4033a48dc8e15f814bba - - 83e7173bbba246e48f0ddfa3e5669c25 83e7173bbba246e48f0ddfa3e5669c25] 199.19.213.44 "GET /allocations/161cc309-6eef-4486-894e-3f155837abe0" status: 200 len: 258 microversion: 1.28 [pid: 8|app: 0|req: 569/1130] 199.19.213.44 () {34 vars in 862 bytes} [Tue Jul 21 07:57:24 2026] GET /allocations/161cc309-6eef-4486-894e-3f155837abe0 => generated 258 bytes in 8 msecs (HTTP/1.1 200) 8 headers in 296 bytes (1 switches on core 0)
2026-07-21 07:57:25.186 7 INFO placement.requestlog [req-079ae3e5-37a5-487b-9022-44d1d7ec7844 req-689d6ff9-dc0f-444d-a377-d9506883cfb7 e85c0e2052824d9ba2a6dfc3c484ef5a 646330afc62e4033a48dc8e15f814bba - - 83e7173bbba246e48f0ddfa3e5669c25 83e7173bbba246e48f0ddfa3e5669c25] 199.19.213.44 "DELETE /allocations/1422b8f4-8858-47cf-964e-f7fffbf17078" status: 204 len: 0 microversion: 1.0 [pid: 7|app: 0|req: 562/1131] 199.19.213.44 () {34 vars in 840 bytes} [Tue Jul 21 07:57:25 2026] DELETE /allocations/1422b8f4-8858-47cf-964e-f7fffbf17078 => generated 0 bytes in 23 msecs (HTTP/1.1 204) 5 headers in 198 bytes (1 switches on core 0)
2026-07-21 07:57:29.662 7 INFO placement.requestlog [None req-0572402f-3b06-41f5-899b-64114cebe32b 1acb8cef78b84fd29b94fd43e7d897e2 646330afc62e4033a48dc8e15f814bba - - 83e7173bbba246e48f0ddfa3e5669c25 83e7173bbba246e48f0ddfa3e5669c25] 10.0.0.73 "GET /resource_providers/553072d5-6213-4797-8dcf-03dafcbbe8ef/aggregates" status: 404 len: 235 microversion: 1.1 [pid: 7|app: 0|req: 563/1132] 10.0.0.73 () {32 vars in 815 bytes} [Tue Jul 21 07:57:29 2026] GET /resource_providers/553072d5-6213-4797-8dcf-03dafcbbe8ef/aggregates => generated 235 bytes in 7 msecs (HTTP/1.1 404) 5 headers in 202 bytes (1 switches on core 0)
2026-07-21 07:57:29.663 8 INFO placement.requestlog [None req-fa92905e-5278-4927-a60b-c4960b2e85fa 1acb8cef78b84fd29b94fd43e7d897e2 646330afc62e4033a48dc8e15f814bba - - 83e7173bbba246e48f0ddfa3e5669c25 83e7173bbba246e48f0ddfa3e5669c25] 10.0.0.73 "GET /resource_providers/553072d5-6213-4797-8dcf-03dafcbbe8ef/aggregates" status: 404 len: 235 microversion: 1.1 [pid: 8|app: 0|req: 570/1133] 10.0.0.73 () {32 vars in 815 bytes} [Tue Jul 21 07:57:29 2026] GET /resource_providers/553072d5-6213-4797-8dcf-03dafcbbe8ef/aggregates => generated 235 bytes in 10 msecs (HTTP/1.1 404) 5 headers in 202 bytes (1 switches on core 0)
2026-07-21 07:57:29.684 7 INFO placement.requestlog [None req-11c87686-b8b0-4739-9402-ff384e6301ca 1acb8cef78b84fd29b94fd43e7d897e2 646330afc62e4033a48dc8e15f814bba - - 83e7173bbba246e48f0ddfa3e5669c25 83e7173bbba246e48f0ddfa3e5669c25] 10.0.0.73 "DELETE /resource_providers/553072d5-6213-4797-8dcf-03dafcbbe8ef" status: 404 len: 246 microversion: 1.1 [pid: 7|app: 0|req: 564/1134] 10.0.0.73 () {34 vars in 815 bytes} [Tue Jul 21 07:57:29 2026] DELETE /resource_providers/553072d5-6213-4797-8dcf-03dafcbbe8ef => generated 246 bytes in 6 msecs (HTTP/1.1 404) 6 headers in 231 bytes (1 switches on core 0)
2026-07-21 07:57:29.688 8 INFO placement.requestlog [None req-cdbc027e-1970-466d-95e0-3abc5adc74f6 1acb8cef78b84fd29b94fd43e7d897e2 646330afc62e4033a48dc8e15f814bba - - 83e7173bbba246e48f0ddfa3e5669c25 83e7173bbba246e48f0ddfa3e5669c25] 10.0.0.73 "DELETE /resource_providers/553072d5-6213-4797-8dcf-03dafcbbe8ef" status: 404 len: 246 microversion: 1.1 [pid: 8|app: 0|req: 571/1135] 10.0.0.73 () {34 vars in 815 bytes} [Tue Jul 21 07:57:29 2026] DELETE /resource_providers/553072d5-6213-4797-8dcf-03dafcbbe8ef => generated 246 bytes in 9 msecs (HTTP/1.1 404) 6 headers in 231 bytes (1 switches on core 0)
2026-07-21 07:57:30.541 7 INFO placement.requestlog [None req-9a27a3ad-585a-4249-a288-9d8ebaef4b41 - - - - - -] 10.0.0.84 "GET /" status: 200 len: 136 microversion: 1.0
2026-07-21 07:57:30.542 8 INFO placement.requestlog [None req-9f914d89-0ee7-4c72-bddd-bd11d0bda0a4 - - - - - -] 10.0.0.84 "GET /" status: 200 len: 136 microversion: 1.0
2026-07-21 07:57:31.701 7 INFO placement.requestlog [None req-a519968a-7f26-4fc6-ad36-b48702ff04f6 1acb8cef78b84fd29b94fd43e7d897e2 646330afc62e4033a48dc8e15f814bba - - 83e7173bbba246e48f0ddfa3e5669c25 83e7173bbba246e48f0ddfa3e5669c25] 10.0.0.73 "GET /resource_providers/7f826235-3bdf-4a6f-8203-f3afd6e16dee/aggregates" status: 404 len: 235 microversion: 1.1 [pid: 7|app: 0|req: 566/1138] 10.0.0.73 () {32 vars in 815 bytes} [Tue Jul 21 07:57:31 2026] GET /resource_providers/7f826235-3bdf-4a6f-8203-f3afd6e16dee/aggregates => generated 235 bytes in 9 msecs (HTTP/1.1 404) 5 headers in 202 bytes (1 switches on core 0)
2026-07-21 07:57:31.707 8 INFO placement.requestlog [None req-81372ae6-164c-406a-834b-ac5b3b78fb3e 1acb8cef78b84fd29b94fd43e7d897e2 646330afc62e4033a48dc8e15f814bba - - 83e7173bbba246e48f0ddfa3e5669c25 83e7173bbba246e48f0ddfa3e5669c25] 10.0.0.73 "GET /resource_providers/7f826235-3bdf-4a6f-8203-f3afd6e16dee/aggregates" status: 404 len: 235 microversion: 1.1 [pid: 8|app: 0|req: 573/1139] 10.0.0.73 () {32 vars in 815 bytes} [Tue Jul 21 07:57:31 2026] GET /resource_providers/7f826235-3bdf-4a6f-8203-f3afd6e16dee/aggregates => generated 235 bytes in 10 msecs (HTTP/1.1 404) 5 headers in 202 bytes (1 switches on core 0)
2026-07-21 07:57:31.721 7 INFO placement.requestlog [None req-7432d85e-f11f-4869-bdf5-c29e8fc39170 1acb8cef78b84fd29b94fd43e7d897e2 646330afc62e4033a48dc8e15f814bba - - 83e7173bbba246e48f0ddfa3e5669c25 83e7173bbba246e48f0ddfa3e5669c25] 10.0.0.73 "DELETE /resource_providers/7f826235-3bdf-4a6f-8203-f3afd6e16dee" status: 404 len: 246 microversion: 1.1 [pid: 7|app: 0|req: 567/1140] 10.0.0.73 () {34 vars in 815 bytes} [Tue Jul 21 07:57:31 2026] DELETE /resource_providers/7f826235-3bdf-4a6f-8203-f3afd6e16dee => generated 246 bytes in 10 msecs (HTTP/1.1 404) 6 headers in 231 bytes (1 switches on core 0)
2026-07-21 07:57:31.725 8 INFO placement.requestlog [None req-b1b99598-01e9-4b58-a7ac-c9df7edb1e7a 1acb8cef78b84fd29b94fd43e7d897e2 646330afc62e4033a48dc8e15f814bba - - 83e7173bbba246e48f0ddfa3e5669c25 83e7173bbba246e48f0ddfa3e5669c25] 10.0.0.73 "DELETE /resource_providers/7f826235-3bdf-4a6f-8203-f3afd6e16dee" status: 404 len: 246 microversion: 1.1 [pid: 8|app: 0|req: 574/1141] 10.0.0.73 () {34 vars in 815 bytes} [Tue Jul 21 07:57:31 2026] DELETE /resource_providers/7f826235-3bdf-4a6f-8203-f3afd6e16dee => generated 246 bytes in 7 msecs (HTTP/1.1 404) 6 headers in 231 bytes (1 switches on core 0)
2026-07-21 07:57:40.541 7 INFO placement.requestlog [None req-2491f065-b836-462d-8aad-3105f8ab8aa9 - - - - - -] 10.0.0.84 "GET /" status: 200 len: 136 microversion: 1.0
2026-07-21 07:57:40.541 8 INFO placement.requestlog [None req-48d54728-8616-4134-bf94-7af5c21daaad - - - - - -] 10.0.0.84 "GET /" status: 200 len: 136 microversion: 1.0
2026-07-21 07:57:49.920 7 INFO placement.requestlog [req-83133efa-2865-499a-90ff-9218e426caa5 req-7c432b86-c2d8-44f7-a8ac-c237d755d660 e85c0e2052824d9ba2a6dfc3c484ef5a 646330afc62e4033a48dc8e15f814bba - - 83e7173bbba246e48f0ddfa3e5669c25 83e7173bbba246e48f0ddfa3e5669c25] 10.0.0.162 "GET /allocation_candidates?limit=1000&resources=DISK_GB%3A1%2CMEMORY_MB%3A512%2CVCPU%3A1&root_required=%21COMPUTE_STATUS_DISABLED" status: 200 len: 2643 microversion: 1.36 [pid: 7|app: 0|req: 569/1144] 10.0.0.162 () {34 vars in 1012 bytes} [Tue Jul 21 07:57:49 2026] GET /allocation_candidates?limit=1000&resources=DISK_GB%3A1%2CMEMORY_MB%3A512%2CVCPU%3A1&root_required=%21COMPUTE_STATUS_DISABLED => generated 2643 bytes in 152 msecs (HTTP/1.1 200) 8 headers in 297 bytes (1 switches on core 0)
2026-07-21 07:57:49.965 8 INFO placement.requestlog [req-83133efa-2865-499a-90ff-9218e426caa5 req-db36a565-6999-49d1-8b5e-3023f05910a9 e85c0e2052824d9ba2a6dfc3c484ef5a 646330afc62e4033a48dc8e15f814bba - - 83e7173bbba246e48f0ddfa3e5669c25 83e7173bbba246e48f0ddfa3e5669c25] 10.0.0.162 "GET /allocations/22747e79-1da1-4e26-b1be-3062f651df41" status: 200 len: 19 microversion: 1.28 [pid: 8|app: 0|req: 576/1145] 10.0.0.162 () {34 vars in 861 bytes} [Tue Jul 21 07:57:49 2026] GET /allocations/22747e79-1da1-4e26-b1be-3062f651df41 => generated 19 bytes in 10 msecs (HTTP/1.1 200) 8 headers in 295 bytes (1 switches on core 0)
2026-07-21 07:57:50.029 7 INFO placement.requestlog [req-83133efa-2865-499a-90ff-9218e426caa5 req-64888fb3-c67b-4dfa-8acd-b5c012a1c50d e85c0e2052824d9ba2a6dfc3c484ef5a 646330afc62e4033a48dc8e15f814bba - - 83e7173bbba246e48f0ddfa3e5669c25 83e7173bbba246e48f0ddfa3e5669c25] 10.0.0.162 "PUT /allocations/22747e79-1da1-4e26-b1be-3062f651df41" status: 204 len: 0 microversion: 1.36 [pid: 7|app: 0|req: 570/1146] 10.0.0.162 () {38 vars in 914 bytes} [Tue Jul 21 07:57:49 2026] PUT /allocations/22747e79-1da1-4e26-b1be-3062f651df41 => generated 0 bytes in 58 msecs (HTTP/1.1 204) 5 headers in 199 bytes (1 switches on core 0)
2026-07-21 07:57:50.541 8 INFO placement.requestlog [None req-8c671b47-1637-45d2-a1e1-0255d67af1ed - - - - - -] 10.0.0.84 "GET /" status: 200 len: 136 microversion: 1.0
2026-07-21 07:57:50.542 7 INFO placement.requestlog [None req-0a7b9797-f2a5-4ad6-94b2-f4545ff89e7f - - - - - -] 10.0.0.84 "GET /" status: 200 len: 136 microversion: 1.0
2026-07-21 07:57:51.416 8 INFO placement.requestlog [req-83133efa-2865-499a-90ff-9218e426caa5 req-b5f00872-3372-4568-9537-dd7090f0ba75 e85c0e2052824d9ba2a6dfc3c484ef5a 646330afc62e4033a48dc8e15f814bba - - 83e7173bbba246e48f0ddfa3e5669c25 83e7173bbba246e48f0ddfa3e5669c25] 199.19.213.44 "GET /allocations/22747e79-1da1-4e26-b1be-3062f651df41" status: 200 len: 258 microversion: 1.28 [pid: 8|app: 0|req: 578/1149] 199.19.213.44 () {34 vars in 862 bytes} [Tue Jul 21 07:57:51 2026] GET /allocations/22747e79-1da1-4e26-b1be-3062f651df41 => generated 258 bytes in 10 msecs (HTTP/1.1 200) 8 headers in 296 bytes (1 switches on core 0)
2026-07-21 07:57:52.454 7 INFO placement.requestlog [req-83133efa-2865-499a-90ff-9218e426caa5 req-ee631bf2-5fff-4b8a-b901-4361b5ff16a2 e85c0e2052824d9ba2a6dfc3c484ef5a 646330afc62e4033a48dc8e15f814bba - - 83e7173bbba246e48f0ddfa3e5669c25 83e7173bbba246e48f0ddfa3e5669c25] 199.19.213.44 "GET /resource_providers/e13161f4-46f2-4eb7-930c-1dfa3d2903f7/allocations" status: 200 len: 440 microversion: 1.0 [pid: 7|app: 0|req: 572/1150] 199.19.213.44 () {32 vars in 856 bytes} [Tue Jul 21 07:57:52 2026] GET /resource_providers/e13161f4-46f2-4eb7-930c-1dfa3d2903f7/allocations => generated 440 bytes in 16 msecs (HTTP/1.1 200) 6 headers in 224 bytes (1 switches on core 0)
2026-07-21 07:57:52.470 8 INFO placement.requestlog [req-83133efa-2865-499a-90ff-9218e426caa5 req-52997e0d-1935-4adf-8e20-9cfeb2d7e6ee e85c0e2052824d9ba2a6dfc3c484ef5a 646330afc62e4033a48dc8e15f814bba - - 83e7173bbba246e48f0ddfa3e5669c25 83e7173bbba246e48f0ddfa3e5669c25] 199.19.213.44 "GET /allocations/82fa58b2-d0f7-450f-b646-0d9e5ea780fb" status: 200 len: 258 microversion: 1.28 [pid: 8|app: 0|req: 579/1151] 199.19.213.44 () {34 vars in 862 bytes} [Tue Jul 21 07:57:52 2026] GET /allocations/82fa58b2-d0f7-450f-b646-0d9e5ea780fb => generated 258 bytes in 12 msecs (HTTP/1.1 200) 8 headers in 296 bytes (1 switches on core 0)
2026-07-21 07:57:52.486 7 INFO placement.requestlog [req-83133efa-2865-499a-90ff-9218e426caa5 req-534a102b-1706-4adc-8be7-9583a68d713f e85c0e2052824d9ba2a6dfc3c484ef5a 646330afc62e4033a48dc8e15f814bba - - 83e7173bbba246e48f0ddfa3e5669c25 83e7173bbba246e48f0ddfa3e5669c25] 199.19.213.44 "GET /allocations/d7f5790d-0042-4483-a22d-347ec9df621d" status: 200 len: 245 microversion: 1.28 [pid: 7|app: 0|req: 573/1152] 199.19.213.44 () {34 vars in 862 bytes} [Tue Jul 21 07:57:52 2026] GET /allocations/d7f5790d-0042-4483-a22d-347ec9df621d => generated 245 bytes in 12 msecs (HTTP/1.1 200) 8 headers in 296 bytes (1 switches on core 0)
2026-07-21 07:57:52.500 8 INFO placement.requestlog [req-83133efa-2865-499a-90ff-9218e426caa5 req-0c2ca4f7-1d7d-4e69-8478-006ce10c6df4 e85c0e2052824d9ba2a6dfc3c484ef5a 646330afc62e4033a48dc8e15f814bba - - 83e7173bbba246e48f0ddfa3e5669c25 83e7173bbba246e48f0ddfa3e5669c25] 199.19.213.44 "GET /allocations/22747e79-1da1-4e26-b1be-3062f651df41" status: 200 len: 258 microversion: 1.28 [pid: 8|app: 0|req: 580/1153] 199.19.213.44 () {34 vars in 862 bytes} [Tue Jul 21 07:57:52 2026] GET /allocations/22747e79-1da1-4e26-b1be-3062f651df41 => generated 258 bytes in 10 msecs (HTTP/1.1 200) 8 headers in 296 bytes (1 switches on core 0)
2026-07-21 07:57:52.514 7 INFO placement.requestlog [req-83133efa-2865-499a-90ff-9218e426caa5 req-05333801-ec2c-4bbe-9581-e64581fb516e e85c0e2052824d9ba2a6dfc3c484ef5a 646330afc62e4033a48dc8e15f814bba - - 83e7173bbba246e48f0ddfa3e5669c25 83e7173bbba246e48f0ddfa3e5669c25] 199.19.213.44 "GET /allocations/161cc309-6eef-4486-894e-3f155837abe0" status: 200 len: 258 microversion: 1.28 [pid: 7|app: 0|req: 574/1154] 199.19.213.44 () {34 vars in 862 bytes} [Tue Jul 21 07:57:52 2026] GET /allocations/161cc309-6eef-4486-894e-3f155837abe0 => generated 258 bytes in 10 msecs (HTTP/1.1 200) 8 headers in 296 bytes (1 switches on core 0)
2026-07-21 07:58:00.541 7 INFO placement.requestlog [None req-b3cf1c73-13bc-41de-bb64-da95940bfea1 - - - - - -] 10.0.0.84 "GET /" status: 200 len: 136 microversion: 1.0
2026-07-21 07:58:00.541 8 INFO placement.requestlog [None req-fcd769f7-b902-43bb-bcdc-02bee0f2d995 - - - - - -] 10.0.0.84 "GET /" status: 200 len: 136 microversion: 1.0
2026-07-21 07:58:01.037 7 INFO placement.requestlog [req-83fa50d3-dbd5-4c5d-b0bb-b85460498cd3 req-a461f601-2c12-44ec-a981-9b0c2aac8098 e85c0e2052824d9ba2a6dfc3c484ef5a 646330afc62e4033a48dc8e15f814bba - - 83e7173bbba246e48f0ddfa3e5669c25 83e7173bbba246e48f0ddfa3e5669c25] 199.19.213.44 "GET /resource_providers/e13161f4-46f2-4eb7-930c-1dfa3d2903f7/allocations" status: 200 len: 440 microversion: 1.0 [pid: 7|app: 0|req: 576/1157] 199.19.213.44 () {32 vars in 856 bytes} [Tue Jul 21 07:58:01 2026] GET /resource_providers/e13161f4-46f2-4eb7-930c-1dfa3d2903f7/allocations => generated 440 bytes in 15 msecs (HTTP/1.1 200) 6 headers in 224 bytes (1 switches on core 0)
2026-07-21 07:58:01.075 8 INFO placement.requestlog [req-83fa50d3-dbd5-4c5d-b0bb-b85460498cd3 req-072639cb-1164-4bfa-9200-12dcf9a37c8b e85c0e2052824d9ba2a6dfc3c484ef5a 646330afc62e4033a48dc8e15f814bba - - 83e7173bbba246e48f0ddfa3e5669c25 83e7173bbba246e48f0ddfa3e5669c25] 199.19.213.44 "GET /resource_providers/e13161f4-46f2-4eb7-930c-1dfa3d2903f7/allocations" status: 200 len: 440 microversion: 1.0 [pid: 8|app: 0|req: 582/1158] 199.19.213.44 () {32 vars in 856 bytes} [Tue Jul 21 07:58:01 2026] GET /resource_providers/e13161f4-46f2-4eb7-930c-1dfa3d2903f7/allocations => generated 440 bytes in 29 msecs (HTTP/1.1 200) 6 headers in 224 bytes (1 switches on core 0)
2026-07-21 07:58:01.094 7 INFO placement.requestlog [req-83fa50d3-dbd5-4c5d-b0bb-b85460498cd3 req-fa333fe5-f7ea-4be9-9bee-882274a8ea80 e85c0e2052824d9ba2a6dfc3c484ef5a 646330afc62e4033a48dc8e15f814bba - - 83e7173bbba246e48f0ddfa3e5669c25 83e7173bbba246e48f0ddfa3e5669c25] 199.19.213.44 "GET /allocations/82fa58b2-d0f7-450f-b646-0d9e5ea780fb" status: 200 len: 258 microversion: 1.28 [pid: 7|app: 0|req: 577/1159] 199.19.213.44 () {34 vars in 862 bytes} [Tue Jul 21 07:58:01 2026] GET /allocations/82fa58b2-d0f7-450f-b646-0d9e5ea780fb => generated 258 bytes in 12 msecs (HTTP/1.1 200) 8 headers in 296 bytes (1 switches on core 0)
2026-07-21 07:58:01.123 8 INFO placement.requestlog [req-83fa50d3-dbd5-4c5d-b0bb-b85460498cd3 req-8a2cbd96-96d3-4243-9d8d-4716f5ef374c e85c0e2052824d9ba2a6dfc3c484ef5a 646330afc62e4033a48dc8e15f814bba - - 83e7173bbba246e48f0ddfa3e5669c25 83e7173bbba246e48f0ddfa3e5669c25] 199.19.213.44 "GET /allocations/d7f5790d-0042-4483-a22d-347ec9df621d" status: 200 len: 245 microversion: 1.28 [pid: 8|app: 0|req: 583/1160] 199.19.213.44 () {34 vars in 862 bytes} [Tue Jul 21 07:58:01 2026] GET /allocations/d7f5790d-0042-4483-a22d-347ec9df621d => generated 245 bytes in 25 msecs (HTTP/1.1 200) 8 headers in 296 bytes (1 switches on core 0)
2026-07-21 07:58:01.142 7 INFO placement.requestlog [req-83fa50d3-dbd5-4c5d-b0bb-b85460498cd3 req-306e543d-f709-4b76-8ceb-4741bc5656d6 e85c0e2052824d9ba2a6dfc3c484ef5a 646330afc62e4033a48dc8e15f814bba - - 83e7173bbba246e48f0ddfa3e5669c25 83e7173bbba246e48f0ddfa3e5669c25] 199.19.213.44 "GET /allocations/22747e79-1da1-4e26-b1be-3062f651df41" status: 200 len: 258 microversion: 1.28 [pid: 7|app: 0|req: 578/1161] 199.19.213.44 () {34 vars in 862 bytes} [Tue Jul 21 07:58:01 2026] GET /allocations/22747e79-1da1-4e26-b1be-3062f651df41 => generated 258 bytes in 14 msecs (HTTP/1.1 200) 8 headers in 296 bytes (1 switches on core 0)
2026-07-21 07:58:01.159 8 INFO placement.requestlog [req-83fa50d3-dbd5-4c5d-b0bb-b85460498cd3 req-2931386f-edbf-4ee7-8fbd-798760d59e0a e85c0e2052824d9ba2a6dfc3c484ef5a 646330afc62e4033a48dc8e15f814bba - - 83e7173bbba246e48f0ddfa3e5669c25 83e7173bbba246e48f0ddfa3e5669c25] 199.19.213.44 "GET /allocations/161cc309-6eef-4486-894e-3f155837abe0" status: 200 len: 258 microversion: 1.28 [pid: 8|app: 0|req: 584/1162] 199.19.213.44 () {34 vars in 862 bytes} [Tue Jul 21 07:58:01 2026] GET /allocations/161cc309-6eef-4486-894e-3f155837abe0 => generated 258 bytes in 11 msecs (HTTP/1.1 200) 8 headers in 296 bytes (1 switches on core 0)
2026-07-21 07:58:10.541 7 INFO placement.requestlog [None req-26c51894-a024-49cc-96ef-a82d6f94cd33 - - - - - -] 10.0.0.84 "GET /" status: 200 len: 136 microversion: 1.0
2026-07-21 07:58:10.541 8 INFO placement.requestlog [None req-f9a4555d-1f68-4244-b377-943fce89c5cd - - - - - -] 10.0.0.84 "GET /" status: 200 len: 136 microversion: 1.0
2026-07-21 07:58:20.540 8 INFO placement.requestlog [None req-c714f037-7ee1-42df-b884-9955403ebc40 - - - - - -] 10.0.0.84 "GET /" status: 200 len: 136 microversion: 1.0
2026-07-21 07:58:20.541 7 INFO placement.requestlog [None req-c8662d89-2d5b-477b-8856-acc3ea3bf8c1 - - - - - -] 10.0.0.84 "GET /" status: 200 len: 136 microversion: 1.0
2026-07-21 07:58:27.721 8 INFO placement.requestlog [req-083e16ad-8eca-4912-8e84-dc05e2def076 req-3bf64ef2-f7b0-462f-8d8c-2081d6032512 e85c0e2052824d9ba2a6dfc3c484ef5a 646330afc62e4033a48dc8e15f814bba - - 83e7173bbba246e48f0ddfa3e5669c25 83e7173bbba246e48f0ddfa3e5669c25] 10.0.0.162 "GET /allocation_candidates?limit=1000&resources=DISK_GB%3A1%2CMEMORY_MB%3A512%2CVCPU%3A1&root_required=%21COMPUTE_STATUS_DISABLED" status: 200 len: 2643 microversion: 1.36 [pid: 8|app: 0|req: 587/1167] 10.0.0.162 () {34 vars in 1012 bytes} [Tue Jul 21 07:58:27 2026] GET /allocation_candidates?limit=1000&resources=DISK_GB%3A1%2CMEMORY_MB%3A512%2CVCPU%3A1&root_required=%21COMPUTE_STATUS_DISABLED => generated 2643 bytes in 39 msecs (HTTP/1.1 200) 8 headers in 297 bytes (1 switches on core 0)
2026-07-21 07:58:27.749 7 INFO placement.requestlog [req-083e16ad-8eca-4912-8e84-dc05e2def076 req-8756b13a-a9c2-475b-957a-88efc4853f53 e85c0e2052824d9ba2a6dfc3c484ef5a 646330afc62e4033a48dc8e15f814bba - - 83e7173bbba246e48f0ddfa3e5669c25 83e7173bbba246e48f0ddfa3e5669c25] 10.0.0.162 "GET /allocations/a3ebc7e8-cef5-4a07-b783-49cf1564a5d9" status: 200 len: 19 microversion: 1.28 [pid: 7|app: 0|req: 581/1168] 10.0.0.162 () {34 vars in 861 bytes} [Tue Jul 21 07:58:27 2026] GET /allocations/a3ebc7e8-cef5-4a07-b783-49cf1564a5d9 => generated 19 bytes in 13 msecs (HTTP/1.1 200) 8 headers in 295 bytes (1 switches on core 0)
2026-07-21 07:58:27.798 8 INFO placement.requestlog [req-083e16ad-8eca-4912-8e84-dc05e2def076 req-515c69db-296a-4c16-b7e4-f17bde7d6669 e85c0e2052824d9ba2a6dfc3c484ef5a 646330afc62e4033a48dc8e15f814bba - - 83e7173bbba246e48f0ddfa3e5669c25 83e7173bbba246e48f0ddfa3e5669c25] 10.0.0.162 "PUT /allocations/a3ebc7e8-cef5-4a07-b783-49cf1564a5d9" status: 204 len: 0 microversion: 1.36 [pid: 8|app: 0|req: 588/1169] 10.0.0.162 () {38 vars in 914 bytes} [Tue Jul 21 07:58:27 2026] PUT /allocations/a3ebc7e8-cef5-4a07-b783-49cf1564a5d9 => generated 0 bytes in 43 msecs (HTTP/1.1 204) 5 headers in 199 bytes (1 switches on core 0)
2026-07-21 07:58:29.311 7 INFO placement.requestlog [req-083e16ad-8eca-4912-8e84-dc05e2def076 req-376a1631-20f0-4c21-a01d-60c75b75e8ad e85c0e2052824d9ba2a6dfc3c484ef5a 646330afc62e4033a48dc8e15f814bba - - 83e7173bbba246e48f0ddfa3e5669c25 83e7173bbba246e48f0ddfa3e5669c25] 199.19.213.44 "GET /allocations/a3ebc7e8-cef5-4a07-b783-49cf1564a5d9" status: 200 len: 258 microversion: 1.28 [pid: 7|app: 0|req: 582/1170] 199.19.213.44 () {34 vars in 862 bytes} [Tue Jul 21 07:58:29 2026] GET /allocations/a3ebc7e8-cef5-4a07-b783-49cf1564a5d9 => generated 258 bytes in 12 msecs (HTTP/1.1 200) 8 headers in 296 bytes (1 switches on core 0)
2026-07-21 07:58:30.348 8 INFO placement.requestlog [req-083e16ad-8eca-4912-8e84-dc05e2def076 req-7e3c4beb-cd98-498f-85b5-15fde9ab3e2f e85c0e2052824d9ba2a6dfc3c484ef5a 646330afc62e4033a48dc8e15f814bba - - 83e7173bbba246e48f0ddfa3e5669c25 83e7173bbba246e48f0ddfa3e5669c25] 199.19.213.44 "GET /resource_providers/e13161f4-46f2-4eb7-930c-1dfa3d2903f7/allocations" status: 200 len: 540 microversion: 1.0 [pid: 8|app: 0|req: 589/1171] 199.19.213.44 () {32 vars in 856 bytes} [Tue Jul 21 07:58:30 2026] GET /resource_providers/e13161f4-46f2-4eb7-930c-1dfa3d2903f7/allocations => generated 540 bytes in 17 msecs (HTTP/1.1 200) 6 headers in 224 bytes (1 switches on core 0)
2026-07-21 07:58:30.368 7 INFO placement.requestlog [req-083e16ad-8eca-4912-8e84-dc05e2def076 req-04ed9a00-64b6-432c-8159-0d064b8819db e85c0e2052824d9ba2a6dfc3c484ef5a 646330afc62e4033a48dc8e15f814bba - - 83e7173bbba246e48f0ddfa3e5669c25 83e7173bbba246e48f0ddfa3e5669c25] 199.19.213.44 "GET /allocations/82fa58b2-d0f7-450f-b646-0d9e5ea780fb" status: 200 len: 258 microversion: 1.28 [pid: 7|app: 0|req: 583/1172] 199.19.213.44 () {34 vars in 862 bytes} [Tue Jul 21 07:58:30 2026] GET /allocations/82fa58b2-d0f7-450f-b646-0d9e5ea780fb => generated 258 bytes in 12 msecs (HTTP/1.1 200) 8 headers in 296 bytes (1 switches on core 0)
2026-07-21 07:58:30.388 8 INFO placement.requestlog [req-083e16ad-8eca-4912-8e84-dc05e2def076 req-47cbcace-b83b-4ea7-bf85-7c6502f0edc1 e85c0e2052824d9ba2a6dfc3c484ef5a 646330afc62e4033a48dc8e15f814bba - - 83e7173bbba246e48f0ddfa3e5669c25 83e7173bbba246e48f0ddfa3e5669c25] 199.19.213.44 "GET /allocations/d7f5790d-0042-4483-a22d-347ec9df621d" status: 200 len: 245 microversion: 1.28 [pid: 8|app: 0|req: 590/1173] 199.19.213.44 () {34 vars in 862 bytes} [Tue Jul 21 07:58:30 2026] GET /allocations/d7f5790d-0042-4483-a22d-347ec9df621d => generated 245 bytes in 13 msecs (HTTP/1.1 200) 8 headers in 296 bytes (1 switches on core 0)
2026-07-21 07:58:30.408 7 INFO placement.requestlog [req-083e16ad-8eca-4912-8e84-dc05e2def076 req-e11d2afd-1e8b-486c-986c-6c232416e070 e85c0e2052824d9ba2a6dfc3c484ef5a 646330afc62e4033a48dc8e15f814bba - - 83e7173bbba246e48f0ddfa3e5669c25 83e7173bbba246e48f0ddfa3e5669c25] 199.19.213.44 "GET /allocations/22747e79-1da1-4e26-b1be-3062f651df41" status: 200 len: 258 microversion: 1.28 [pid: 7|app: 0|req: 584/1174] 199.19.213.44 () {34 vars in 862 bytes} [Tue Jul 21 07:58:30 2026] GET /allocations/22747e79-1da1-4e26-b1be-3062f651df41 => generated 258 bytes in 15 msecs (HTTP/1.1 200) 8 headers in 296 bytes (1 switches on core 0)
2026-07-21 07:58:30.428 8 INFO placement.requestlog [req-083e16ad-8eca-4912-8e84-dc05e2def076 req-483cc158-4789-4d75-88a1-b17c33f52c6b e85c0e2052824d9ba2a6dfc3c484ef5a 646330afc62e4033a48dc8e15f814bba - - 83e7173bbba246e48f0ddfa3e5669c25 83e7173bbba246e48f0ddfa3e5669c25] 199.19.213.44 "GET /allocations/a3ebc7e8-cef5-4a07-b783-49cf1564a5d9" status: 200 len: 258 microversion: 1.28 [pid: 8|app: 0|req: 591/1175] 199.19.213.44 () {34 vars in 862 bytes} [Tue Jul 21 07:58:30 2026] GET /allocations/a3ebc7e8-cef5-4a07-b783-49cf1564a5d9 => generated 258 bytes in 13 msecs (HTTP/1.1 200) 8 headers in 296 bytes (1 switches on core 0)
2026-07-21 07:58:30.445 7 INFO placement.requestlog [req-083e16ad-8eca-4912-8e84-dc05e2def076 req-d2c667f2-db69-4282-8284-dcef014611b1 e85c0e2052824d9ba2a6dfc3c484ef5a 646330afc62e4033a48dc8e15f814bba - - 83e7173bbba246e48f0ddfa3e5669c25 83e7173bbba246e48f0ddfa3e5669c25] 199.19.213.44 "GET /allocations/161cc309-6eef-4486-894e-3f155837abe0" status: 200 len: 258 microversion: 1.28 [pid: 7|app: 0|req: 585/1176] 199.19.213.44 () {34 vars in 862 bytes} [Tue Jul 21 07:58:30 2026] GET /allocations/161cc309-6eef-4486-894e-3f155837abe0 => generated 258 bytes in 11 msecs (HTTP/1.1 200) 8 headers in 296 bytes (1 switches on core 0)
2026-07-21 07:58:30.541 8 INFO placement.requestlog [None req-d0d814b3-37c8-4d3a-82a6-ed4e875ec2f5 - - - - - -] 10.0.0.84 "GET /" status: 200 len: 136 microversion: 1.0
2026-07-21 07:58:30.542 7 INFO placement.requestlog [None req-b0a7cef3-eeab-4bcd-b779-33a3138036db - - - - - -] 10.0.0.84 "GET /" status: 200 len: 136 microversion: 1.0
2026-07-21 07:58:40.542 7 INFO placement.requestlog [None req-6642eda6-1422-412b-910f-efaceeb0efd4 - - - - - -] 10.0.0.84 "GET /" status: 200 len: 136 microversion: 1.0
2026-07-21 07:58:40.544 8 INFO placement.requestlog [None req-01ebf686-0426-401d-829d-b612e04be798 - - - - - -] 10.0.0.84 "GET /" status: 200 len: 136 microversion: 1.0
2026-07-21 07:58:50.542 8 INFO placement.requestlog [None req-ce586e0b-b99e-45e5-bb52-cdd6a91c93ff - - - - - -] 10.0.0.84 "GET /" status: 200 len: 136 microversion: 1.0
2026-07-21 07:58:50.542 7 INFO placement.requestlog [None req-9386246a-3d0e-45b4-82ca-d9d21d3df244 - - - - - -] 10.0.0.84 "GET /" status: 200 len: 136 microversion: 1.0
2026-07-21 07:58:53.259 8 INFO placement.requestlog [req-d0064407-ffd5-404a-8979-642a1e718ea7 req-13c49d6d-cdde-4ac2-a39f-53673ab56e94 e85c0e2052824d9ba2a6dfc3c484ef5a 646330afc62e4033a48dc8e15f814bba - - 83e7173bbba246e48f0ddfa3e5669c25 83e7173bbba246e48f0ddfa3e5669c25] 199.19.213.44 "GET /resource_providers/e13161f4-46f2-4eb7-930c-1dfa3d2903f7/allocations" status: 200 len: 540 microversion: 1.0 [pid: 8|app: 0|req: 595/1183] 199.19.213.44 () {32 vars in 856 bytes} [Tue Jul 21 07:58:53 2026] GET /resource_providers/e13161f4-46f2-4eb7-930c-1dfa3d2903f7/allocations => generated 540 bytes in 17 msecs (HTTP/1.1 200) 6 headers in 224 bytes (1 switches on core 0)
2026-07-21 07:58:53.280 7 INFO placement.requestlog [req-d0064407-ffd5-404a-8979-642a1e718ea7 req-ab9f972f-6f68-4b04-9199-e226f03935a9 e85c0e2052824d9ba2a6dfc3c484ef5a 646330afc62e4033a48dc8e15f814bba - - 83e7173bbba246e48f0ddfa3e5669c25 83e7173bbba246e48f0ddfa3e5669c25] 199.19.213.44 "GET /allocations/82fa58b2-d0f7-450f-b646-0d9e5ea780fb" status: 200 len: 258 microversion: 1.28 [pid: 7|app: 0|req: 589/1184] 199.19.213.44 () {34 vars in 862 bytes} [Tue Jul 21 07:58:53 2026] GET /allocations/82fa58b2-d0f7-450f-b646-0d9e5ea780fb => generated 258 bytes in 13 msecs (HTTP/1.1 200) 8 headers in 296 bytes (1 switches on core 0)
2026-07-21 07:58:53.298 8 INFO placement.requestlog [req-d0064407-ffd5-404a-8979-642a1e718ea7 req-00baa00c-5b82-4579-97c6-20992bc4de89 e85c0e2052824d9ba2a6dfc3c484ef5a 646330afc62e4033a48dc8e15f814bba - - 83e7173bbba246e48f0ddfa3e5669c25 83e7173bbba246e48f0ddfa3e5669c25] 199.19.213.44 "GET /allocations/d7f5790d-0042-4483-a22d-347ec9df621d" status: 200 len: 245 microversion: 1.28 [pid: 8|app: 0|req: 596/1185] 199.19.213.44 () {34 vars in 862 bytes} [Tue Jul 21 07:58:53 2026] GET /allocations/d7f5790d-0042-4483-a22d-347ec9df621d => generated 245 bytes in 12 msecs (HTTP/1.1 200) 8 headers in 296 bytes (1 switches on core 0)
2026-07-21 07:58:53.314 7 INFO placement.requestlog [req-d0064407-ffd5-404a-8979-642a1e718ea7 req-7a2f5dfa-c6e3-402c-8289-ae16506506c9 e85c0e2052824d9ba2a6dfc3c484ef5a 646330afc62e4033a48dc8e15f814bba - - 83e7173bbba246e48f0ddfa3e5669c25 83e7173bbba246e48f0ddfa3e5669c25] 199.19.213.44 "GET /allocations/22747e79-1da1-4e26-b1be-3062f651df41" status: 200 len: 258 microversion: 1.28 [pid: 7|app: 0|req: 590/1186] 199.19.213.44 () {34 vars in 862 bytes} [Tue Jul 21 07:58:53 2026] GET /allocations/22747e79-1da1-4e26-b1be-3062f651df41 => generated 258 bytes in 9 msecs (HTTP/1.1 200) 8 headers in 296 bytes (1 switches on core 0)
2026-07-21 07:58:53.335 8 INFO placement.requestlog [req-d0064407-ffd5-404a-8979-642a1e718ea7 req-c0dd31fc-d18b-4b8f-bb3e-79a0cf6fdb3f e85c0e2052824d9ba2a6dfc3c484ef5a 646330afc62e4033a48dc8e15f814bba - - 83e7173bbba246e48f0ddfa3e5669c25 83e7173bbba246e48f0ddfa3e5669c25] 199.19.213.44 "GET /allocations/a3ebc7e8-cef5-4a07-b783-49cf1564a5d9" status: 200 len: 258 microversion: 1.28 [pid: 8|app: 0|req: 597/1187] 199.19.213.44 () {34 vars in 862 bytes} [Tue Jul 21 07:58:53 2026] GET /allocations/a3ebc7e8-cef5-4a07-b783-49cf1564a5d9 => generated 258 bytes in 16 msecs (HTTP/1.1 200) 8 headers in 296 bytes (1 switches on core 0)
2026-07-21 07:58:53.358 7 INFO placement.requestlog [req-d0064407-ffd5-404a-8979-642a1e718ea7 req-6603e060-dddb-41bd-9b5a-e3c6de27a14f e85c0e2052824d9ba2a6dfc3c484ef5a 646330afc62e4033a48dc8e15f814bba - - 83e7173bbba246e48f0ddfa3e5669c25 83e7173bbba246e48f0ddfa3e5669c25] 199.19.213.44 "GET /allocations/161cc309-6eef-4486-894e-3f155837abe0" status: 200 len: 258 microversion: 1.28 [pid: 7|app: 0|req: 591/1188] 199.19.213.44 () {34 vars in 862 bytes} [Tue Jul 21 07:58:53 2026] GET /allocations/161cc309-6eef-4486-894e-3f155837abe0 => generated 258 bytes in 11 msecs (HTTP/1.1 200) 8 headers in 296 bytes (1 switches on core 0)
2026-07-21 07:58:54.403 8 INFO placement.requestlog [req-d0064407-ffd5-404a-8979-642a1e718ea7 req-ff6fb8e9-99a9-4d47-924e-3375a06dbb95 e85c0e2052824d9ba2a6dfc3c484ef5a 646330afc62e4033a48dc8e15f814bba - - 83e7173bbba246e48f0ddfa3e5669c25 83e7173bbba246e48f0ddfa3e5669c25] 199.19.213.44 "DELETE /allocations/d7f5790d-0042-4483-a22d-347ec9df621d" status: 204 len: 0 microversion: 1.0 [pid: 8|app: 0|req: 598/1189] 199.19.213.44 () {34 vars in 840 bytes} [Tue Jul 21 07:58:54 2026] DELETE /allocations/d7f5790d-0042-4483-a22d-347ec9df621d => generated 0 bytes in 24 msecs (HTTP/1.1 204) 5 headers in 198 bytes (1 switches on core 0)
2026-07-21 07:58:57.474 7 INFO placement.requestlog [req-a1f91656-b126-4ad5-9891-838d3f5e3581 req-74418997-8852-41a0-a6ee-e46e6f7c4242 e85c0e2052824d9ba2a6dfc3c484ef5a 646330afc62e4033a48dc8e15f814bba - - 83e7173bbba246e48f0ddfa3e5669c25 83e7173bbba246e48f0ddfa3e5669c25] 199.19.213.44 "GET /resource_providers/e13161f4-46f2-4eb7-930c-1dfa3d2903f7/allocations" status: 200 len: 453 microversion: 1.0 [pid: 7|app: 0|req: 592/1190] 199.19.213.44 () {32 vars in 856 bytes} [Tue Jul 21 07:58:57 2026] GET /resource_providers/e13161f4-46f2-4eb7-930c-1dfa3d2903f7/allocations => generated 453 bytes in 19 msecs (HTTP/1.1 200) 6 headers in 224 bytes (1 switches on core 0)
2026-07-21 07:58:57.495 8 INFO placement.requestlog [req-a1f91656-b126-4ad5-9891-838d3f5e3581 req-b30ac2c0-d7a2-4352-822d-f614564e1d6b e85c0e2052824d9ba2a6dfc3c484ef5a 646330afc62e4033a48dc8e15f814bba - - 83e7173bbba246e48f0ddfa3e5669c25 83e7173bbba246e48f0ddfa3e5669c25] 199.19.213.44 "GET /allocations/82fa58b2-d0f7-450f-b646-0d9e5ea780fb" status: 200 len: 258 microversion: 1.28 [pid: 8|app: 0|req: 599/1191] 199.19.213.44 () {34 vars in 862 bytes} [Tue Jul 21 07:58:57 2026] GET /allocations/82fa58b2-d0f7-450f-b646-0d9e5ea780fb => generated 258 bytes in 16 msecs (HTTP/1.1 200) 8 headers in 296 bytes (1 switches on core 0)
2026-07-21 07:58:57.522 7 INFO placement.requestlog [req-a1f91656-b126-4ad5-9891-838d3f5e3581 req-ead9172e-7ca8-4b20-be28-70a01250724c e85c0e2052824d9ba2a6dfc3c484ef5a 646330afc62e4033a48dc8e15f814bba - - 83e7173bbba246e48f0ddfa3e5669c25 83e7173bbba246e48f0ddfa3e5669c25] 199.19.213.44 "GET /allocations/22747e79-1da1-4e26-b1be-3062f651df41" status: 200 len: 258 microversion: 1.28 [pid: 7|app: 0|req: 593/1192] 199.19.213.44 () {34 vars in 862 bytes} [Tue Jul 21 07:58:57 2026] GET /allocations/22747e79-1da1-4e26-b1be-3062f651df41 => generated 258 bytes in 22 msecs (HTTP/1.1 200) 8 headers in 296 bytes (1 switches on core 0)
2026-07-21 07:58:57.540 8 INFO placement.requestlog [req-a1f91656-b126-4ad5-9891-838d3f5e3581 req-5ae2990b-0474-4251-86eb-26f6ceed1ca6 e85c0e2052824d9ba2a6dfc3c484ef5a 646330afc62e4033a48dc8e15f814bba - - 83e7173bbba246e48f0ddfa3e5669c25 83e7173bbba246e48f0ddfa3e5669c25] 199.19.213.44 "GET /allocations/a3ebc7e8-cef5-4a07-b783-49cf1564a5d9" status: 200 len: 258 microversion: 1.28 [pid: 8|app: 0|req: 600/1193] 199.19.213.44 () {34 vars in 862 bytes} [Tue Jul 21 07:58:57 2026] GET /allocations/a3ebc7e8-cef5-4a07-b783-49cf1564a5d9 => generated 258 bytes in 13 msecs (HTTP/1.1 200) 8 headers in 296 bytes (1 switches on core 0)
2026-07-21 07:58:57.562 7 INFO placement.requestlog [req-a1f91656-b126-4ad5-9891-838d3f5e3581 req-1ed8f3d1-8a4e-471f-be3e-cb54d99da90c e85c0e2052824d9ba2a6dfc3c484ef5a 646330afc62e4033a48dc8e15f814bba - - 83e7173bbba246e48f0ddfa3e5669c25 83e7173bbba246e48f0ddfa3e5669c25] 199.19.213.44 "GET /allocations/161cc309-6eef-4486-894e-3f155837abe0" status: 200 len: 258 microversion: 1.28 [pid: 7|app: 0|req: 594/1194] 199.19.213.44 () {34 vars in 862 bytes} [Tue Jul 21 07:58:57 2026] GET /allocations/161cc309-6eef-4486-894e-3f155837abe0 => generated 258 bytes in 15 msecs (HTTP/1.1 200) 8 headers in 296 bytes (1 switches on core 0)
2026-07-21 07:58:58.618 8 INFO placement.requestlog [req-a1f91656-b126-4ad5-9891-838d3f5e3581 req-b9bd729a-990a-4c90-8c3f-329deeac4ffd e85c0e2052824d9ba2a6dfc3c484ef5a 646330afc62e4033a48dc8e15f814bba - - 83e7173bbba246e48f0ddfa3e5669c25 83e7173bbba246e48f0ddfa3e5669c25] 199.19.213.44 "DELETE /allocations/82fa58b2-d0f7-450f-b646-0d9e5ea780fb" status: 204 len: 0 microversion: 1.0 [pid: 8|app: 0|req: 601/1195] 199.19.213.44 () {34 vars in 840 bytes} [Tue Jul 21 07:58:58 2026] DELETE /allocations/82fa58b2-d0f7-450f-b646-0d9e5ea780fb => generated 0 bytes in 28 msecs (HTTP/1.1 204) 5 headers in 198 bytes (1 switches on core 0)
2026-07-21 07:59:00.542 8 INFO placement.requestlog [None req-14bcde15-c2c0-4dae-b36f-7a2ae374b40d - - - - - -] 10.0.0.84 "GET /" status: 200 len: 136 microversion: 1.0
2026-07-21 07:59:00.544 7 INFO placement.requestlog [None req-507b1f79-a46e-4fca-9923-9b14af5a2b9d - - - - - -] 10.0.0.84 "GET /" status: 200 len: 136 microversion: 1.0
2026-07-21 07:59:01.950 8 INFO placement.requestlog [req-8ccd5348-0be8-4e6f-aac7-04c65aacc8bc req-7e41b017-f60f-406a-a1c5-d076017aae29 e85c0e2052824d9ba2a6dfc3c484ef5a 646330afc62e4033a48dc8e15f814bba - - 83e7173bbba246e48f0ddfa3e5669c25 83e7173bbba246e48f0ddfa3e5669c25] 199.19.213.44 "GET /resource_providers/e13161f4-46f2-4eb7-930c-1dfa3d2903f7/allocations" status: 200 len: 353 microversion: 1.0 [pid: 8|app: 0|req: 603/1198] 199.19.213.44 () {32 vars in 856 bytes} [Tue Jul 21 07:59:01 2026] GET /resource_providers/e13161f4-46f2-4eb7-930c-1dfa3d2903f7/allocations => generated 353 bytes in 16 msecs (HTTP/1.1 200) 6 headers in 224 bytes (1 switches on core 0)
2026-07-21 07:59:01.974 7 INFO placement.requestlog [req-8ccd5348-0be8-4e6f-aac7-04c65aacc8bc req-c7fbe31e-b2cf-48f4-bd1d-a1a9687a3bd2 e85c0e2052824d9ba2a6dfc3c484ef5a 646330afc62e4033a48dc8e15f814bba - - 83e7173bbba246e48f0ddfa3e5669c25 83e7173bbba246e48f0ddfa3e5669c25] 199.19.213.44 "GET /resource_providers/e13161f4-46f2-4eb7-930c-1dfa3d2903f7/allocations" status: 200 len: 353 microversion: 1.0 [pid: 7|app: 0|req: 596/1199] 199.19.213.44 () {32 vars in 856 bytes} [Tue Jul 21 07:59:01 2026] GET /resource_providers/e13161f4-46f2-4eb7-930c-1dfa3d2903f7/allocations => generated 353 bytes in 17 msecs (HTTP/1.1 200) 6 headers in 224 bytes (1 switches on core 0)
