2026-07-22 23:17:03.440 10 INFO neutron.db.ovn_revision_numbers_db [None req-59eb50ae-e535-45e7-8e4d-9cbd911f476e ebbdda3948f148a492dd875a4ced6796 f2d0a8ebe7d244c18dc84a3e8f1419b4 - - default default] Successfully bumped revision number for resource 569fd98e-f4cf-4368-b438-6945e680a9d4 (type: security_group_rules) to 0
2026-07-22 23:17:03.445 10 INFO neutron.wsgi [None req-edd2d90b-ec46-4ca5-99a2-20aee47d0841 ebbdda3948f148a492dd875a4ced6796 f2d0a8ebe7d244c18dc84a3e8f1419b4 - - default default] 10.0.0.158 "DELETE /v2.0/subnets/6ff64f5f-174b-434e-8348-90e4dae9b398 HTTP/1.1" status: 204 len: 168 time: 0.3461151
2026-07-22 23:17:03.461 10 INFO neutron.db.ovn_revision_numbers_db [None req-59eb50ae-e535-45e7-8e4d-9cbd911f476e ebbdda3948f148a492dd875a4ced6796 f2d0a8ebe7d244c18dc84a3e8f1419b4 - - default default] Successfully bumped revision number for resource 92558250-165d-44a6-aeb2-4d6e4b9cd99f (type: security_group_rules) to 0
2026-07-22 23:17:03.476 10 INFO neutron.db.ovn_revision_numbers_db [None req-59eb50ae-e535-45e7-8e4d-9cbd911f476e ebbdda3948f148a492dd875a4ced6796 f2d0a8ebe7d244c18dc84a3e8f1419b4 - - default default] Successfully bumped revision number for resource a268d367-7cde-4222-8677-4b3345425c86 (type: security_group_rules) to 0
2026-07-22 23:17:03.498 10 INFO neutron.wsgi [None req-59eb50ae-e535-45e7-8e4d-9cbd911f476e ebbdda3948f148a492dd875a4ced6796 f2d0a8ebe7d244c18dc84a3e8f1419b4 - - default default] 10.0.0.158 "GET /v2.0/security-groups?tenant_id=19317589768643b792e95972fc7d547a&name=default HTTP/1.1" status: 200 len: 3120 time: 0.5289161
2026-07-22 23:17:03.733 10 INFO neutron.wsgi [None req-90ed9837-97e3-4403-9842-d21b740f7cd9 ebbdda3948f148a492dd875a4ced6796 f2d0a8ebe7d244c18dc84a3e8f1419b4 - - default default] 10.0.0.158 "DELETE /v2.0/security-groups/dbfd29b8-0931-4753-bd88-6008bd9e7fa8 HTTP/1.1" status: 204 len: 168 time: 0.2265503
2026-07-22 23:17:03.774 9 INFO neutron.services.segments.plugin [-] Segment 846e3b2f-9db4-45ab-bcd4-7826b8c571e5 resource provider aggregate not found
2026-07-22 23:17:03.787 9 INFO neutron.services.segments.plugin [-] Segment 846e3b2f-9db4-45ab-bcd4-7826b8c571e5 resource provider aggregate not found
2026-07-22 23:17:03.811 9 INFO neutron.services.segments.plugin [-] Segment 846e3b2f-9db4-45ab-bcd4-7826b8c571e5 resource provider not found; error: Placement Client Error (4xx): {"errors": [{"status": 404, "title": "Not Found", "detail": "The resource could not be found.\n\n No resource provider with uuid 846e3b2f-9db4-45ab-bcd4-7826b8c571e5 found for delete ", "request_id": "req-cbf0a614-7306-4581-b795-21b58e545ca7"}]}
2026-07-22 23:17:03.812 9 INFO neutron.services.segments.plugin [-] Segment 846e3b2f-9db4-45ab-bcd4-7826b8c571e5 resource provider not found; error: Placement Client Error (4xx): {"errors": [{"status": 404, "title": "Not Found", "detail": "The resource could not be found.\n\n No resource provider with uuid 846e3b2f-9db4-45ab-bcd4-7826b8c571e5 found for delete ", "request_id": "req-c8e60557-c7b0-4350-9610-2f22392a0af3"}]}
2026-07-22 23:17:03.826 9 INFO neutron.wsgi [None req-1855c7e9-baef-4324-bede-7397cd2cf0a0 e97040f56ad940e391f9140f0cdaed4f cb723615aa1a437e98c64b37933d6756 - - default default] 10.0.0.158 "DELETE /v2.0/networks/ea4602e2-1ff9-4f23-b928-09b35e8e2b1e HTTP/1.1" status: 204 len: 168 time: 0.5548489
2026-07-22 23:17:04.033 9 INFO neutron.wsgi [None req-ec126466-a78b-4b9a-8675-7cac9b129545 ebbdda3948f148a492dd875a4ced6796 f2d0a8ebe7d244c18dc84a3e8f1419b4 - - default default] 10.0.0.158 "DELETE /v2.0/networks/d8bf75f3-c35f-40de-90d9-5878b990e764 HTTP/1.1" status: 204 len: 168 time: 0.5799081
2026-07-22 23:17:04.309 10 INFO neutron.services.segments.plugin [-] Segment 5edb5515-206f-4267-bfe8-5f37f12bdfca resource provider aggregate not found
2026-07-22 23:17:04.319 10 INFO neutron.services.segments.plugin [-] Segment 5edb5515-206f-4267-bfe8-5f37f12bdfca resource provider aggregate not found
2026-07-22 23:17:04.332 10 INFO neutron.services.segments.plugin [-] Segment 5edb5515-206f-4267-bfe8-5f37f12bdfca resource provider not found; error: Placement Client Error (4xx): {"errors": [{"status": 404, "title": "Not Found", "detail": "The resource could not be found.\n\n No resource provider with uuid 5edb5515-206f-4267-bfe8-5f37f12bdfca found for delete ", "request_id": "req-4f987d26-b109-43de-ad80-161564059a09"}]}
2026-07-22 23:17:04.341 10 INFO neutron.services.segments.plugin [-] Segment 5edb5515-206f-4267-bfe8-5f37f12bdfca resource provider not found; error: Placement Client Error (4xx): {"errors": [{"status": 404, "title": "Not Found", "detail": "The resource could not be found.\n\n No resource provider with uuid 5edb5515-206f-4267-bfe8-5f37f12bdfca found for delete ", "request_id": "req-3a151067-b22e-4ea4-b215-058edf851f19"}]}
2026-07-22 23:17:04.358 10 INFO neutron.services.segments.plugin [-] Segment 15a5855f-2386-4862-97bd-c5fcbaee5f4f resource provider aggregate not found
2026-07-22 23:17:04.364 10 INFO neutron.services.segments.plugin [-] Segment 15a5855f-2386-4862-97bd-c5fcbaee5f4f resource provider aggregate not found
2026-07-22 23:17:04.383 10 INFO neutron.services.segments.plugin [-] Segment 15a5855f-2386-4862-97bd-c5fcbaee5f4f resource provider not found; error: Placement Client Error (4xx): {"errors": [{"status": 404, "title": "Not Found", "detail": "The resource could not be found.\n\n No resource provider with uuid 15a5855f-2386-4862-97bd-c5fcbaee5f4f found for delete ", "request_id": "req-168d29c4-9ea3-41b0-a6d1-6dbd488d6515"}]}
2026-07-22 23:17:04.384 9 INFO neutron.wsgi [None req-428d7a0c-8434-4595-b9f5-e93f8420c4f7 ebbdda3948f148a492dd875a4ced6796 f2d0a8ebe7d244c18dc84a3e8f1419b4 - - default default] 10.0.0.158 "GET /v2.0/security-groups?tenant_id=a3b7b0580d334251b3af5be7b333da1d&name=default HTTP/1.1" status: 200 len: 3120 time: 0.0658967
2026-07-22 23:17:04.385 10 INFO neutron.services.segments.plugin [-] Segment 15a5855f-2386-4862-97bd-c5fcbaee5f4f resource provider not found; error: Placement Client Error (4xx): {"errors": [{"status": 404, "title": "Not Found", "detail": "The resource could not be found.\n\n No resource provider with uuid 15a5855f-2386-4862-97bd-c5fcbaee5f4f found for delete ", "request_id": "req-c48a8ed6-5a02-489c-ac69-692e1a61cb26"}]}
2026-07-22 23:17:04.616 9 INFO neutron.wsgi [None req-46e84073-9119-4899-9543-a51d2815e28f ebbdda3948f148a492dd875a4ced6796 f2d0a8ebe7d244c18dc84a3e8f1419b4 - - default default] 10.0.0.158 "DELETE /v2.0/security-groups/eb47101c-7801-4ccc-bdd0-d08193a41a45 HTTP/1.1" status: 204 len: 168 time: 0.2276258
2026-07-22 23:17:05.219 9 INFO neutron.db.ovn_revision_numbers_db [None req-a27bf206-a27a-4f6b-a615-0341570c457e ebbdda3948f148a492dd875a4ced6796 f2d0a8ebe7d244c18dc84a3e8f1419b4 - - default default] Successfully bumped revision number for resource 006c79b6-269d-4a86-8fd3-d291659fb2d0 (type: security_groups) to 1
2026-07-22 23:17:05.236 9 INFO neutron.db.ovn_revision_numbers_db [None req-a27bf206-a27a-4f6b-a615-0341570c457e ebbdda3948f148a492dd875a4ced6796 f2d0a8ebe7d244c18dc84a3e8f1419b4 - - default default] Successfully bumped revision number for resource 4dbb9fdc-4b73-4bfb-b8ca-a2cee9aa955e (type: security_group_rules) to 0
2026-07-22 23:17:05.250 9 INFO neutron.db.ovn_revision_numbers_db [None req-a27bf206-a27a-4f6b-a615-0341570c457e ebbdda3948f148a492dd875a4ced6796 f2d0a8ebe7d244c18dc84a3e8f1419b4 - - default default] Successfully bumped revision number for resource 73ebf7e4-07be-4370-88af-1f67f5beb9b9 (type: security_group_rules) to 0
2026-07-22 23:17:05.265 9 INFO neutron.db.ovn_revision_numbers_db [None req-a27bf206-a27a-4f6b-a615-0341570c457e ebbdda3948f148a492dd875a4ced6796 f2d0a8ebe7d244c18dc84a3e8f1419b4 - - default default] Successfully bumped revision number for resource 9105c0fe-06cf-4fc3-ac55-ac7444f0eacf (type: security_group_rules) to 0
2026-07-22 23:17:05.280 9 INFO neutron.db.ovn_revision_numbers_db [None req-a27bf206-a27a-4f6b-a615-0341570c457e ebbdda3948f148a492dd875a4ced6796 f2d0a8ebe7d244c18dc84a3e8f1419b4 - - default default] Successfully bumped revision number for resource d67ab0fc-e5e0-4036-88bd-a5797b507441 (type: security_group_rules) to 0
2026-07-22 23:17:05.302 9 INFO neutron.wsgi [None req-a27bf206-a27a-4f6b-a615-0341570c457e ebbdda3948f148a492dd875a4ced6796 f2d0a8ebe7d244c18dc84a3e8f1419b4 - - default default] 10.0.0.158 "GET /v2.0/security-groups?tenant_id=f8beee3bf67142569c693a37114c0256&name=default HTTP/1.1" status: 200 len: 3120 time: 0.4016995
2026-07-22 23:17:05.726 10 INFO neutron.wsgi [None req-82126421-35b4-4b4e-8835-7e038df8ae69 ebbdda3948f148a492dd875a4ced6796 f2d0a8ebe7d244c18dc84a3e8f1419b4 - - default default] 10.0.0.158 "DELETE /v2.0/security-groups/006c79b6-269d-4a86-8fd3-d291659fb2d0 HTTP/1.1" status: 204 len: 168 time: 0.4157352
2026-07-22 23:17:05.828 9 INFO neutron.services.segments.plugin [-] Segment 306baee6-6b52-46fd-8157-902fbb48cfd7 resource provider aggregate not found
2026-07-22 23:17:05.842 9 INFO neutron.services.segments.plugin [-] Segment 306baee6-6b52-46fd-8157-902fbb48cfd7 resource provider aggregate not found
2026-07-22 23:17:05.848 9 INFO neutron.services.segments.plugin [-] Segment 306baee6-6b52-46fd-8157-902fbb48cfd7 resource provider not found; error: Placement Client Error (4xx): {"errors": [{"status": 404, "title": "Not Found", "detail": "The resource could not be found.\n\n No resource provider with uuid 306baee6-6b52-46fd-8157-902fbb48cfd7 found for delete ", "request_id": "req-25815835-3144-4a63-8a79-d562f7017c9c"}]}
2026-07-22 23:17:05.858 9 INFO neutron.services.segments.plugin [-] Segment 306baee6-6b52-46fd-8157-902fbb48cfd7 resource provider not found; error: Placement Client Error (4xx): {"errors": [{"status": 404, "title": "Not Found", "detail": "The resource could not be found.\n\n No resource provider with uuid 306baee6-6b52-46fd-8157-902fbb48cfd7 found for delete ", "request_id": "req-3f97f016-b7e8-42aa-a5c3-cc287d408e92"}]}
2026-07-22 23:17:06.087 9 INFO neutron.db.ovn_revision_numbers_db [None req-79246e39-9472-4376-9829-a40e77623357 ebbdda3948f148a492dd875a4ced6796 f2d0a8ebe7d244c18dc84a3e8f1419b4 - - default default] Successfully bumped revision number for resource b7df8b4a-4014-4287-be8b-7a5a6f1d0097 (type: security_groups) to 1
2026-07-22 23:17:06.103 9 INFO neutron.db.ovn_revision_numbers_db [None req-79246e39-9472-4376-9829-a40e77623357 ebbdda3948f148a492dd875a4ced6796 f2d0a8ebe7d244c18dc84a3e8f1419b4 - - default default] Successfully bumped revision number for resource 088e55c7-2735-4242-8159-5ff8e628c230 (type: security_group_rules) to 0
2026-07-22 23:17:06.119 9 INFO neutron.db.ovn_revision_numbers_db [None req-79246e39-9472-4376-9829-a40e77623357 ebbdda3948f148a492dd875a4ced6796 f2d0a8ebe7d244c18dc84a3e8f1419b4 - - default default] Successfully bumped revision number for resource 9d7c968f-78f0-4c80-a555-103c4edc676e (type: security_group_rules) to 0
2026-07-22 23:17:06.135 9 INFO neutron.db.ovn_revision_numbers_db [None req-79246e39-9472-4376-9829-a40e77623357 ebbdda3948f148a492dd875a4ced6796 f2d0a8ebe7d244c18dc84a3e8f1419b4 - - default default] Successfully bumped revision number for resource e1149e11-a433-454f-95a3-beec20e9d3b9 (type: security_group_rules) to 0
2026-07-22 23:17:06.155 9 INFO neutron.db.ovn_revision_numbers_db [None req-79246e39-9472-4376-9829-a40e77623357 ebbdda3948f148a492dd875a4ced6796 f2d0a8ebe7d244c18dc84a3e8f1419b4 - - default default] Successfully bumped revision number for resource e9780447-4ea5-4cce-8abc-b03ffe171549 (type: security_group_rules) to 0
2026-07-22 23:17:06.178 9 WARNING neutron_lib.context [None req-8818d9c7-2fae-406a-addf-b1e762e0cb44 aeb2e9c08e944a7bb863ef50c12e7a40 4c1d1499aa9d4e7d929730053844de6f - - default default] Method 'is_advsvc' is deprecated since 2023.2 release (neutron-lib 3.8.0) and will be removed once support for the old RBAC API policies will be removed from Neutron. Please use method 'is_service_role' instead.
2026-07-22 23:17:06.201 9 INFO neutron.wsgi [None req-79246e39-9472-4376-9829-a40e77623357 ebbdda3948f148a492dd875a4ced6796 f2d0a8ebe7d244c18dc84a3e8f1419b4 - - default default] 10.0.0.158 "GET /v2.0/security-groups?tenant_id=fdb96ef6f6344ae18bea9786a82ec2be&name=default HTTP/1.1" status: 200 len: 3120 time: 0.2240887
2026-07-22 23:17:06.344 9 INFO neutron.db.ovn_revision_numbers_db [None req-8818d9c7-2fae-406a-addf-b1e762e0cb44 aeb2e9c08e944a7bb863ef50c12e7a40 4c1d1499aa9d4e7d929730053844de6f - - default default] Successfully bumped revision number for resource 3c9de103-f45c-4240-8ada-eefb1ae37a4a (type: security_groups) to 1
2026-07-22 23:17:06.365 9 INFO neutron.db.ovn_revision_numbers_db [None req-8818d9c7-2fae-406a-addf-b1e762e0cb44 aeb2e9c08e944a7bb863ef50c12e7a40 4c1d1499aa9d4e7d929730053844de6f - - default default] Successfully bumped revision number for resource 3eb6ecb9-ff02-49ab-aa59-ce198af8d1c5 (type: security_group_rules) to 0
2026-07-22 23:17:06.378 9 INFO neutron.db.ovn_revision_numbers_db [None req-8818d9c7-2fae-406a-addf-b1e762e0cb44 aeb2e9c08e944a7bb863ef50c12e7a40 4c1d1499aa9d4e7d929730053844de6f - - default default] Successfully bumped revision number for resource 8cea0b62-42c2-45e1-b81a-c5e98cece8ad (type: security_group_rules) to 0
2026-07-22 23:17:06.393 9 INFO neutron.db.ovn_revision_numbers_db [None req-8818d9c7-2fae-406a-addf-b1e762e0cb44 aeb2e9c08e944a7bb863ef50c12e7a40 4c1d1499aa9d4e7d929730053844de6f - - default default] Successfully bumped revision number for resource a3106393-8a9f-4f75-adc3-7a0ea6b672f2 (type: security_group_rules) to 0
2026-07-22 23:17:06.414 9 INFO neutron.db.ovn_revision_numbers_db [None req-8818d9c7-2fae-406a-addf-b1e762e0cb44 aeb2e9c08e944a7bb863ef50c12e7a40 4c1d1499aa9d4e7d929730053844de6f - - default default] Successfully bumped revision number for resource a3e2aca9-e855-4655-8844-b939868ae76e (type: security_group_rules) to 0
2026-07-22 23:17:06.465 10 INFO neutron.wsgi [None req-740b8234-b27f-4365-99bb-7c37a5fd081e ebbdda3948f148a492dd875a4ced6796 f2d0a8ebe7d244c18dc84a3e8f1419b4 - - default default] 10.0.0.158 "DELETE /v2.0/security-groups/b7df8b4a-4014-4287-be8b-7a5a6f1d0097 HTTP/1.1" status: 204 len: 168 time: 0.2556267
2026-07-22 23:17:06.508 9 INFO neutron.db.ovn_revision_numbers_db [None req-8818d9c7-2fae-406a-addf-b1e762e0cb44 aeb2e9c08e944a7bb863ef50c12e7a40 4c1d1499aa9d4e7d929730053844de6f - - default default] Successfully bumped revision number for resource 9a7c4421-223c-405d-a285-98d81487899b (type: security_groups) to 1
2026-07-22 23:17:06.525 9 INFO neutron.db.ovn_revision_numbers_db [None req-8818d9c7-2fae-406a-addf-b1e762e0cb44 aeb2e9c08e944a7bb863ef50c12e7a40 4c1d1499aa9d4e7d929730053844de6f - - default default] Successfully bumped revision number for resource 1ebe3ddb-8977-40f5-ab8e-1f0a27775612 (type: security_group_rules) to 0
2026-07-22 23:17:06.539 9 INFO neutron.db.ovn_revision_numbers_db [None req-8818d9c7-2fae-406a-addf-b1e762e0cb44 aeb2e9c08e944a7bb863ef50c12e7a40 4c1d1499aa9d4e7d929730053844de6f - - default default] Successfully bumped revision number for resource c920600d-e872-44d8-a8d2-2adf1c079d6f (type: security_group_rules) to 0
2026-07-22 23:17:06.561 9 INFO neutron.wsgi [None req-8818d9c7-2fae-406a-addf-b1e762e0cb44 aeb2e9c08e944a7bb863ef50c12e7a40 4c1d1499aa9d4e7d929730053844de6f - - default default] 10.0.0.158 "POST /v2.0/security-groups HTTP/1.1" status: 201 len: 1801 time: 0.6318343
2026-07-22 23:17:06.607 9 INFO neutron.wsgi [None req-e5de5091-dd00-418f-9648-8df28c4659ef aeb2e9c08e944a7bb863ef50c12e7a40 4c1d1499aa9d4e7d929730053844de6f - - default default] 10.0.0.158 "PUT /v2.0/security-groups/9a7c4421-223c-405d-a285-98d81487899b/tags HTTP/1.1" status: 200 len: 218 time: 0.0388582
2026-07-22 23:17:06.631 9 INFO neutron.wsgi [None req-cce4ef70-e636-44fd-96ae-480bb259ca72 aeb2e9c08e944a7bb863ef50c12e7a40 4c1d1499aa9d4e7d929730053844de6f - - default default] 10.0.0.158 "GET /v2.0/security-groups/9a7c4421-223c-405d-a285-98d81487899b/tags HTTP/1.1" status: 200 len: 218 time: 0.0189121
2026-07-22 23:17:06.676 9 INFO neutron.wsgi [None req-ac5be775-a9f8-456c-a3b1-e486a603a1ab aeb2e9c08e944a7bb863ef50c12e7a40 4c1d1499aa9d4e7d929730053844de6f - - default default] 10.0.0.158 "PUT /v2.0/security-groups/9a7c4421-223c-405d-a285-98d81487899b/tags/green HTTP/1.1" status: 201 len: 201 time: 0.0410841
2026-07-22 23:17:06.679 9 INFO neutron.wsgi [None req-6d33a3a5-b1d4-4db9-a985-0980e9eb200d ebbdda3948f148a492dd875a4ced6796 f2d0a8ebe7d244c18dc84a3e8f1419b4 - - default default] 10.0.0.158 "GET /v2.0/security-groups?tenant_id=cb723615aa1a437e98c64b37933d6756&name=default HTTP/1.1" status: 200 len: 3120 time: 0.0395710
2026-07-22 23:17:06.712 10 INFO neutron.wsgi [None req-414f7a06-7171-4b8b-92bb-8ee9e9817747 aeb2e9c08e944a7bb863ef50c12e7a40 4c1d1499aa9d4e7d929730053844de6f - - default default] 10.0.0.158 "GET /v2.0/security-groups/9a7c4421-223c-405d-a285-98d81487899b/tags HTTP/1.1" status: 200 len: 227 time: 0.0302742
2026-07-22 23:17:06.748 9 INFO neutron.wsgi [None req-d1e6f9e9-efae-4d33-b6ed-64911b1c6275 aeb2e9c08e944a7bb863ef50c12e7a40 4c1d1499aa9d4e7d929730053844de6f - - default default] 10.0.0.158 "PUT /v2.0/security-groups/9a7c4421-223c-405d-a285-98d81487899b/tags/red HTTP/1.1" status: 201 len: 201 time: 0.0314381
2026-07-22 23:17:06.785 10 INFO neutron.wsgi [None req-ad290068-5356-407c-a966-0f8d1b59cfa1 aeb2e9c08e944a7bb863ef50c12e7a40 4c1d1499aa9d4e7d929730053844de6f - - default default] 10.0.0.158 "GET /v2.0/security-groups/9a7c4421-223c-405d-a285-98d81487899b/tags HTTP/1.1" status: 200 len: 227 time: 0.0318880
2026-07-22 23:17:06.839 10 INFO neutron.wsgi [None req-954d47e2-f840-4ae0-90fd-c237a79ac30f aeb2e9c08e944a7bb863ef50c12e7a40 4c1d1499aa9d4e7d929730053844de6f - - default default] 10.0.0.158 "PUT /v2.0/security-groups/9a7c4421-223c-405d-a285-98d81487899b/tags/black.or.white HTTP/1.1" status: 201 len: 201 time: 0.0486465
2026-07-22 23:17:06.870 10 INFO neutron.wsgi [None req-11db300d-b214-4bff-b1f7-f1a6a6cc069a aeb2e9c08e944a7bb863ef50c12e7a40 4c1d1499aa9d4e7d929730053844de6f - - default default] 10.0.0.158 "GET /v2.0/security-groups/9a7c4421-223c-405d-a285-98d81487899b/tags HTTP/1.1" status: 200 len: 245 time: 0.0249140
2026-07-22 23:17:06.910 9 INFO neutron.wsgi [None req-8912471e-8982-4786-a6d9-5d1d447eb377 ebbdda3948f148a492dd875a4ced6796 f2d0a8ebe7d244c18dc84a3e8f1419b4 - - default default] 10.0.0.158 "DELETE /v2.0/security-groups/84f9234d-7798-4612-b242-1e8abeb140e4 HTTP/1.1" status: 204 len: 168 time: 0.2273510
2026-07-22 23:17:06.913 9 INFO neutron.wsgi [None req-92f2ae09-9289-492f-b450-93431c6278b4 aeb2e9c08e944a7bb863ef50c12e7a40 4c1d1499aa9d4e7d929730053844de6f - - default default] 10.0.0.158 "PUT /v2.0/security-groups/9a7c4421-223c-405d-a285-98d81487899b/tags HTTP/1.1" status: 200 len: 230 time: 0.0390456
2026-07-22 23:17:06.942 9 INFO neutron.wsgi [None req-b2899210-f1b5-4e70-a7e3-4af7c03c73f1 aeb2e9c08e944a7bb863ef50c12e7a40 4c1d1499aa9d4e7d929730053844de6f - - default default] 10.0.0.158 "GET /v2.0/security-groups/9a7c4421-223c-405d-a285-98d81487899b/tags HTTP/1.1" status: 200 len: 230 time: 0.0243006
2026-07-22 23:17:06.969 9 INFO neutron.wsgi [None req-b897ed43-1b5f-40e9-b1d6-567070c1357a aeb2e9c08e944a7bb863ef50c12e7a40 4c1d1499aa9d4e7d929730053844de6f - - default default] 10.0.0.158 "GET /v2.0/security-groups/9a7c4421-223c-405d-a285-98d81487899b/tags/red HTTP/1.1" status: 204 len: 168 time: 0.0217597
2026-07-22 23:17:06.997 9 INFO neutron.api.v2.resource [None req-e337e7d4-17bf-4cb6-9036-e3b7c5b85b41 aeb2e9c08e944a7bb863ef50c12e7a40 4c1d1499aa9d4e7d929730053844de6f - - default default] show failed (client error): The resource could not be found.
2026-07-22 23:17:06.999 9 INFO neutron.wsgi [None req-e337e7d4-17bf-4cb6-9036-e3b7c5b85b41 aeb2e9c08e944a7bb863ef50c12e7a40 4c1d1499aa9d4e7d929730053844de6f - - default default] 10.0.0.158 "GET /v2.0/security-groups/9a7c4421-223c-405d-a285-98d81487899b/tags/green HTTP/1.1" status: 404 len: 299 time: 0.0251186
2026-07-22 23:17:07.043 9 INFO neutron.wsgi [None req-9e4fb030-57bc-4600-bed0-a8e71339c511 aeb2e9c08e944a7bb863ef50c12e7a40 4c1d1499aa9d4e7d929730053844de6f - - default default] 10.0.0.158 "DELETE /v2.0/security-groups/9a7c4421-223c-405d-a285-98d81487899b/tags/red HTTP/1.1" status: 204 len: 168 time: 0.0385048
2026-07-22 23:17:07.070 9 INFO neutron.wsgi [None req-cf43f700-bee1-40e1-8571-80a5d166717d aeb2e9c08e944a7bb863ef50c12e7a40 4c1d1499aa9d4e7d929730053844de6f - - default default] 10.0.0.158 "GET /v2.0/security-groups/9a7c4421-223c-405d-a285-98d81487899b/tags HTTP/1.1" status: 200 len: 223 time: 0.0229065
2026-07-22 23:17:07.115 10 INFO neutron.api.v2.resource [None req-9002eb3b-8265-4ec2-b9c2-bf5327518558 aeb2e9c08e944a7bb863ef50c12e7a40 4c1d1499aa9d4e7d929730053844de6f - - default default] delete failed (client error): The resource could not be found.
2026-07-22 23:17:07.117 10 INFO neutron.wsgi [None req-9002eb3b-8265-4ec2-b9c2-bf5327518558 aeb2e9c08e944a7bb863ef50c12e7a40 4c1d1499aa9d4e7d929730053844de6f - - default default] 10.0.0.158 "DELETE /v2.0/security-groups/9a7c4421-223c-405d-a285-98d81487899b/tags/green HTTP/1.1" status: 404 len: 299 time: 0.0404422
2026-07-22 23:17:07.169 10 INFO neutron.wsgi [None req-8c4ae644-975d-40ae-a18b-a87d466744ee aeb2e9c08e944a7bb863ef50c12e7a40 4c1d1499aa9d4e7d929730053844de6f - - default default] 10.0.0.158 "DELETE /v2.0/security-groups/9a7c4421-223c-405d-a285-98d81487899b/tags HTTP/1.1" status: 204 len: 168 time: 0.0472987
2026-07-22 23:17:07.198 9 INFO neutron.wsgi [None req-f385c679-a919-4fdc-8176-1f40916fcd02 aeb2e9c08e944a7bb863ef50c12e7a40 4c1d1499aa9d4e7d929730053844de6f - - default default] 10.0.0.158 "GET /v2.0/security-groups/9a7c4421-223c-405d-a285-98d81487899b/tags HTTP/1.1" status: 200 len: 205 time: 0.0228128
2026-07-22 23:17:07.212 10 WARNING neutron_lib.context [None req-0269f00b-483e-494f-b4b9-eaf574ba1d71 bbb5386feca548d99e0952061416e291 d8134e3f70c54c2a8f4adb2bf5e11002 - - default default] Method 'is_advsvc' is deprecated since 2023.2 release (neutron-lib 3.8.0) and will be removed once support for the old RBAC API policies will be removed from Neutron. Please use method 'is_service_role' instead.
2026-07-22 23:17:07.353 9 INFO neutron.wsgi [None req-6e3fb69d-6b06-4f61-923c-ddd48c4a3b9a aeb2e9c08e944a7bb863ef50c12e7a40 4c1d1499aa9d4e7d929730053844de6f - - default default] 10.0.0.158 "DELETE /v2.0/security-groups/9a7c4421-223c-405d-a285-98d81487899b HTTP/1.1" status: 204 len: 168 time: 0.1450956
2026-07-22 23:17:07.401 10 INFO neutron.db.ovn_revision_numbers_db [None req-0269f00b-483e-494f-b4b9-eaf574ba1d71 bbb5386feca548d99e0952061416e291 d8134e3f70c54c2a8f4adb2bf5e11002 - - default default] Successfully bumped revision number for resource b1b3a172-3ca3-4055-8d58-d9295f352e72 (type: security_groups) to 1
2026-07-22 23:17:07.416 10 INFO neutron.db.ovn_revision_numbers_db [None req-0269f00b-483e-494f-b4b9-eaf574ba1d71 bbb5386feca548d99e0952061416e291 d8134e3f70c54c2a8f4adb2bf5e11002 - - default default] Successfully bumped revision number for resource 09c201ce-9fdb-470e-a094-82ab282a3c97 (type: security_group_rules) to 0
2026-07-22 23:17:07.430 10 INFO neutron.db.ovn_revision_numbers_db [None req-0269f00b-483e-494f-b4b9-eaf574ba1d71 bbb5386feca548d99e0952061416e291 d8134e3f70c54c2a8f4adb2bf5e11002 - - default default] Successfully bumped revision number for resource 2c8d2c7c-abc8-4ffc-861f-c0b561ce8265 (type: security_group_rules) to 0
2026-07-22 23:17:07.444 10 INFO neutron.db.ovn_revision_numbers_db [None req-0269f00b-483e-494f-b4b9-eaf574ba1d71 bbb5386feca548d99e0952061416e291 d8134e3f70c54c2a8f4adb2bf5e11002 - - default default] Successfully bumped revision number for resource 39e00b91-a396-49a9-8ef8-7b1550ce6347 (type: security_group_rules) to 0
2026-07-22 23:17:07.459 10 INFO neutron.db.ovn_revision_numbers_db [None req-0269f00b-483e-494f-b4b9-eaf574ba1d71 bbb5386feca548d99e0952061416e291 d8134e3f70c54c2a8f4adb2bf5e11002 - - default default] Successfully bumped revision number for resource 7b150ca5-785d-4166-ae66-df0f92c6db29 (type: security_group_rules) to 0
2026-07-22 23:17:07.507 10 INFO neutron.db.segments_db [None req-0269f00b-483e-494f-b4b9-eaf574ba1d71 bbb5386feca548d99e0952061416e291 d8134e3f70c54c2a8f4adb2bf5e11002 - - default default] Added segment 3a066796-556a-4718-9ef3-651020c504e3 of type geneve for network 179d9b2d-f486-4c77-9e9a-0d555ba6696d
2026-07-22 23:17:07.639 10 INFO neutron.db.ovn_revision_numbers_db [None req-0269f00b-483e-494f-b4b9-eaf574ba1d71 bbb5386feca548d99e0952061416e291 d8134e3f70c54c2a8f4adb2bf5e11002 - - default default] Successfully bumped revision number for resource 179d9b2d-f486-4c77-9e9a-0d555ba6696d (type: networks) to 1
2026-07-22 23:17:07.794 10 WARNING neutron.scheduler.dhcp_agent_scheduler [None req-0269f00b-483e-494f-b4b9-eaf574ba1d71 bbb5386feca548d99e0952061416e291 d8134e3f70c54c2a8f4adb2bf5e11002 - - default default] No more DHCP agents
2026-07-22 23:17:07.797 10 WARNING neutron.api.rpc.agentnotifiers.dhcp_rpc_agent_api [None req-0269f00b-483e-494f-b4b9-eaf574ba1d71 bbb5386feca548d99e0952061416e291 d8134e3f70c54c2a8f4adb2bf5e11002 - - default default] Unable to schedule network 179d9b2d-f486-4c77-9e9a-0d555ba6696d: no agents available; will retry on subsequent port and subnet creation events.
2026-07-22 23:17:07.881 10 INFO neutron.db.ovn_revision_numbers_db [None req-0269f00b-483e-494f-b4b9-eaf574ba1d71 bbb5386feca548d99e0952061416e291 d8134e3f70c54c2a8f4adb2bf5e11002 - - default default] Successfully bumped revision number for resource 47dc3cbf-24e6-4856-b946-bdcaff977023 (type: ports) to 1
2026-07-22 23:17:07.905 10 INFO neutron.wsgi [None req-0269f00b-483e-494f-b4b9-eaf574ba1d71 bbb5386feca548d99e0952061416e291 d8134e3f70c54c2a8f4adb2bf5e11002 - - default default] 10.0.0.158 "POST /v2.0/networks HTTP/1.1" status: 201 len: 832 time: 0.9209816
2026-07-22 23:17:07.920 10 WARNING neutron_lib.context [None req-a2917f90-5193-4a91-8e6b-46ba9e18691d bbb5386feca548d99e0952061416e291 d8134e3f70c54c2a8f4adb2bf5e11002 - - default default] Method 'is_advsvc' is deprecated since 2023.2 release (neutron-lib 3.8.0) and will be removed once support for the old RBAC API policies will be removed from Neutron. Please use method 'is_service_role' instead.
2026-07-22 23:17:08.239 9 INFO neutron.wsgi [None req-e4af29bc-5771-485e-9793-2ffbe7c12f15 ebbdda3948f148a492dd875a4ced6796 f2d0a8ebe7d244c18dc84a3e8f1419b4 - - default default] 10.0.0.158 "GET /v2.0/security-groups?tenant_id=4c1d1499aa9d4e7d929730053844de6f&name=default HTTP/1.1" status: 200 len: 3120 time: 0.2350898
2026-07-22 23:17:08.497 9 INFO neutron.wsgi [None req-25284131-5f74-4cfc-a54c-7754b1e3d8f0 ebbdda3948f148a492dd875a4ced6796 f2d0a8ebe7d244c18dc84a3e8f1419b4 - - default default] 10.0.0.158 "DELETE /v2.0/security-groups/3c9de103-f45c-4240-8ada-eefb1ae37a4a HTTP/1.1" status: 204 len: 168 time: 0.2525189
2026-07-22 23:17:08.708 10 WARNING neutron.scheduler.dhcp_agent_scheduler [None req-a2917f90-5193-4a91-8e6b-46ba9e18691d bbb5386feca548d99e0952061416e291 d8134e3f70c54c2a8f4adb2bf5e11002 - - default default] No more DHCP agents
2026-07-22 23:17:08.712 10 WARNING neutron.api.rpc.agentnotifiers.dhcp_rpc_agent_api [None req-a2917f90-5193-4a91-8e6b-46ba9e18691d bbb5386feca548d99e0952061416e291 d8134e3f70c54c2a8f4adb2bf5e11002 - - default default] Unable to schedule network bf4d9735-a477-438d-a56d-0935727297ff: no agents available; will retry on subsequent port and subnet creation events.
2026-07-22 23:17:08.785 9 INFO neutron.db.ovn_revision_numbers_db [None req-990ffdda-e508-4adb-87e7-63f765ce9dd4 ebbdda3948f148a492dd875a4ced6796 f2d0a8ebe7d244c18dc84a3e8f1419b4 - - default default] Successfully bumped revision number for resource b821dcdb-d4d2-4617-a4d7-ee832bb42730 (type: security_groups) to 1
2026-07-22 23:17:08.797 9 INFO neutron.db.ovn_revision_numbers_db [None req-990ffdda-e508-4adb-87e7-63f765ce9dd4 ebbdda3948f148a492dd875a4ced6796 f2d0a8ebe7d244c18dc84a3e8f1419b4 - - default default] Successfully bumped revision number for resource 13796461-502d-417c-b9a6-d901f16d30bd (type: security_group_rules) to 0
2026-07-22 23:17:08.815 9 INFO neutron.db.ovn_revision_numbers_db [None req-990ffdda-e508-4adb-87e7-63f765ce9dd4 ebbdda3948f148a492dd875a4ced6796 f2d0a8ebe7d244c18dc84a3e8f1419b4 - - default default] Successfully bumped revision number for resource 7ca05a99-4f56-49b1-8faa-1ce39bb91c33 (type: security_group_rules) to 0
2026-07-22 23:17:08.828 9 INFO neutron.db.ovn_revision_numbers_db [None req-990ffdda-e508-4adb-87e7-63f765ce9dd4 ebbdda3948f148a492dd875a4ced6796 f2d0a8ebe7d244c18dc84a3e8f1419b4 - - default default] Successfully bumped revision number for resource baf19cc6-2cc8-43c8-b508-be1a75afb701 (type: security_group_rules) to 0
2026-07-22 23:17:08.840 9 INFO neutron.db.ovn_revision_numbers_db [None req-990ffdda-e508-4adb-87e7-63f765ce9dd4 ebbdda3948f148a492dd875a4ced6796 f2d0a8ebe7d244c18dc84a3e8f1419b4 - - default default] Successfully bumped revision number for resource d84596b3-7cc1-4947-83cb-df2e695800b2 (type: security_group_rules) to 0
2026-07-22 23:17:08.865 9 INFO neutron.wsgi [None req-990ffdda-e508-4adb-87e7-63f765ce9dd4 ebbdda3948f148a492dd875a4ced6796 f2d0a8ebe7d244c18dc84a3e8f1419b4 - - default default] 10.0.0.158 "GET /v2.0/security-groups?tenant_id=b49d7fac1a5e4e48a74ec59004d26197&name=default HTTP/1.1" status: 200 len: 3120 time: 0.1902897
2026-07-22 23:17:08.886 10 INFO neutron.db.ovn_revision_numbers_db [None req-a2917f90-5193-4a91-8e6b-46ba9e18691d bbb5386feca548d99e0952061416e291 d8134e3f70c54c2a8f4adb2bf5e11002 - - default default] Successfully bumped revision number for resource 2e871de5-86b9-4f5c-9300-c9cb26b154c5 (type: ports) to 1
2026-07-22 23:17:09.100 9 INFO neutron.wsgi [None req-5f94d1a9-0a8f-433e-abfe-2079d7dfae82 ebbdda3948f148a492dd875a4ced6796 f2d0a8ebe7d244c18dc84a3e8f1419b4 - - default default] 10.0.0.158 "DELETE /v2.0/security-groups/b821dcdb-d4d2-4617-a4d7-ee832bb42730 HTTP/1.1" status: 204 len: 168 time: 0.2299471
2026-07-22 23:17:09.691 10 INFO neutron.plugins.ml2.drivers.ovn.mech_driver.ovsdb.commands [None req-5ed7c81e-d2d8-4ccd-a4fc-57ec07a3f679 - - - - - -] Schedule LRP lrp-2e871de5-86b9-4f5c-9300-c9cb26b154c5 on gateway 29c9d2a8-b421-488d-8da2-2727d29b50d3 with priority 1
2026-07-22 23:17:09.700 10 INFO neutron.plugins.ml2.drivers.ovn.mech_driver.mech_driver [None req-a8bdee5e-8c9c-4de5-8966-45d7ee8c5aef - - - - - -] OVN reports status up for port: 2e871de5-86b9-4f5c-9300-c9cb26b154c5
2026-07-22 23:17:09.718 10 INFO neutron.plugins.ml2.drivers.ovn.mech_driver.ovsdb.ovsdb_monitor [None req-0ae7225b-6cd6-4c32-b391-d20474edc710 - - - - - -] Router f8691bba-ff3a-4d7c-bb58-6da559f62850 is bound to host instance
2026-07-22 23:17:09.743 10 INFO neutron.plugins.ml2.plugin [None req-a8bdee5e-8c9c-4de5-8966-45d7ee8c5aef - - - - - -] Attempt 1 to provision port 2e871de5-86b9-4f5c-9300-c9cb26b154c5
2026-07-22 23:17:09.776 10 INFO neutron.db.ovn_revision_numbers_db [None req-a2917f90-5193-4a91-8e6b-46ba9e18691d bbb5386feca548d99e0952061416e291 d8134e3f70c54c2a8f4adb2bf5e11002 - - default default] Successfully bumped revision number for resource 2e871de5-86b9-4f5c-9300-c9cb26b154c5 (type: router_ports) to 1
2026-07-22 23:17:10.134 10 INFO neutron.db.ovn_revision_numbers_db [None req-a2917f90-5193-4a91-8e6b-46ba9e18691d bbb5386feca548d99e0952061416e291 d8134e3f70c54c2a8f4adb2bf5e11002 - - default default] Successfully bumped revision number for resource f8691bba-ff3a-4d7c-bb58-6da559f62850 (type: routers) to 2
2026-07-22 23:17:10.161 10 INFO neutron.wsgi [None req-a2917f90-5193-4a91-8e6b-46ba9e18691d bbb5386feca548d99e0952061416e291 d8134e3f70c54c2a8f4adb2bf5e11002 - - default default] 10.0.0.158 "POST /v2.0/routers HTTP/1.1" status: 201 len: 1153 time: 2.2474043
2026-07-22 23:17:10.456 9 INFO neutron.wsgi [None req-be9ce2ab-719a-4f82-9595-8af361051488 cdfa1883ad254a619f82d10a7a618f37 5a02f0d3cc184458bcb06d0b0325cb72 - - default default] 10.0.0.158 "GET /v2.0/subnets?project_id=d8134e3f70c54c2a8f4adb2bf5e11002&cidr=10.100.0.0%2F28 HTTP/1.1" status: 200 len: 207 time: 0.2894897
2026-07-22 23:17:10.556 9 INFO neutron.wsgi [None req-8e9b34dd-dab7-4dad-b1a0-3fe76e54ca2b cdfa1883ad254a619f82d10a7a618f37 5a02f0d3cc184458bcb06d0b0325cb72 - - default default] 10.0.0.158 "GET /v2.0/networks?router%3Aexternal=True HTTP/1.1" status: 200 len: 947 time: 0.0954835
2026-07-22 23:17:10.582 10 INFO neutron.wsgi [None req-6322508d-c54b-471d-99cd-5f826948cdf7 cdfa1883ad254a619f82d10a7a618f37 5a02f0d3cc184458bcb06d0b0325cb72 - - default default] 10.0.0.158 "GET /v2.0/subnets?network_id=bf4d9735-a477-438d-a56d-0935727297ff&cidr=10.100.0.0%2F28 HTTP/1.1" status: 200 len: 207 time: 0.0210183
2026-07-22 23:17:10.592 10 WARNING neutron_lib.context [None req-ee1a81de-7ad8-4c93-b853-9915b3b58a59 bbb5386feca548d99e0952061416e291 d8134e3f70c54c2a8f4adb2bf5e11002 - - default default] Method 'is_advsvc' is deprecated since 2023.2 release (neutron-lib 3.8.0) and will be removed once support for the old RBAC API policies will be removed from Neutron. Please use method 'is_service_role' instead.
2026-07-22 23:17:10.903 10 INFO neutron.db.ovn_revision_numbers_db [None req-0ae7225b-6cd6-4c32-b391-d20474edc710 - - - - - -] Successfully bumped revision number for resource 2e871de5-86b9-4f5c-9300-c9cb26b154c5 (type: ports) to 1
2026-07-22 23:17:10.930 10 WARNING neutron.scheduler.dhcp_agent_scheduler [None req-ee1a81de-7ad8-4c93-b853-9915b3b58a59 bbb5386feca548d99e0952061416e291 d8134e3f70c54c2a8f4adb2bf5e11002 - - default default] No more DHCP agents
2026-07-22 23:17:10.933 10 WARNING neutron.api.rpc.agentnotifiers.dhcp_rpc_agent_api [None req-ee1a81de-7ad8-4c93-b853-9915b3b58a59 bbb5386feca548d99e0952061416e291 d8134e3f70c54c2a8f4adb2bf5e11002 - - default default] Unable to schedule network 179d9b2d-f486-4c77-9e9a-0d555ba6696d: no agents available; will retry on subsequent port and subnet creation events.
2026-07-22 23:17:11.433 9 WARNING neutron_lib.context [None req-21ce51a0-de50-4ce8-8e7b-a1ab9224c889 d4afe5349fb344038731249a07b6e91c 4d91cd1261df4077b1e8b85daedb1e9d - - default default] Method 'is_advsvc' is deprecated since 2023.2 release (neutron-lib 3.8.0) and will be removed once support for the old RBAC API policies will be removed from Neutron. Please use method 'is_service_role' instead.
2026-07-22 23:17:11.436 10 INFO neutron.db.ovn_revision_numbers_db [None req-0ae7225b-6cd6-4c32-b391-d20474edc710 - - - - - -] Successfully bumped revision number for resource 2e871de5-86b9-4f5c-9300-c9cb26b154c5 (type: router_ports) to 3
2026-07-22 23:17:11.508 9 INFO neutron.wsgi [None req-21ce51a0-de50-4ce8-8e7b-a1ab9224c889 d4afe5349fb344038731249a07b6e91c 4d91cd1261df4077b1e8b85daedb1e9d - - default default] 10.0.0.158 "POST /v2.0/subnetpools HTTP/1.1" status: 201 len: 715 time: 0.1165349
2026-07-22 23:17:11.509 9 INFO neutron.db.ovn_revision_numbers_db [None req-8330ae7b-c079-4af3-97da-2abfb876b683 ebbdda3948f148a492dd875a4ced6796 f2d0a8ebe7d244c18dc84a3e8f1419b4 - - default default] Successfully bumped revision number for resource 5697dcd9-e162-4495-ad63-7901a582ada6 (type: security_groups) to 1
2026-07-22 23:17:11.518 10 WARNING neutron_lib.context [None req-55afa426-aa42-4b1f-a0c4-3347bdd812f5 d4afe5349fb344038731249a07b6e91c 4d91cd1261df4077b1e8b85daedb1e9d - - default default] Method 'is_advsvc' is deprecated since 2023.2 release (neutron-lib 3.8.0) and will be removed once support for the old RBAC API policies will be removed from Neutron. Please use method 'is_service_role' instead.
2026-07-22 23:17:11.524 9 INFO neutron.db.ovn_revision_numbers_db [None req-8330ae7b-c079-4af3-97da-2abfb876b683 ebbdda3948f148a492dd875a4ced6796 f2d0a8ebe7d244c18dc84a3e8f1419b4 - - default default] Successfully bumped revision number for resource 0fd1116d-8543-4f70-a8c1-2867eb89ad04 (type: security_group_rules) to 0
2026-07-22 23:17:11.540 9 INFO neutron.db.ovn_revision_numbers_db [None req-8330ae7b-c079-4af3-97da-2abfb876b683 ebbdda3948f148a492dd875a4ced6796 f2d0a8ebe7d244c18dc84a3e8f1419b4 - - default default] Successfully bumped revision number for resource 1d856577-97ff-478a-9594-e3f524eb13b7 (type: security_group_rules) to 0
2026-07-22 23:17:11.551 9 INFO neutron.db.ovn_revision_numbers_db [None req-8330ae7b-c079-4af3-97da-2abfb876b683 ebbdda3948f148a492dd875a4ced6796 f2d0a8ebe7d244c18dc84a3e8f1419b4 - - default default] Successfully bumped revision number for resource a01113e8-2e6b-408b-afe2-52aa537915a0 (type: security_group_rules) to 0
2026-07-22 23:17:11.563 9 INFO neutron.db.ovn_revision_numbers_db [None req-8330ae7b-c079-4af3-97da-2abfb876b683 ebbdda3948f148a492dd875a4ced6796 f2d0a8ebe7d244c18dc84a3e8f1419b4 - - default default] Successfully bumped revision number for resource fe5028cd-444b-4d1e-ac39-3ae313c19ce7 (type: security_group_rules) to 0
2026-07-22 23:17:11.584 9 INFO neutron.wsgi [None req-8330ae7b-c079-4af3-97da-2abfb876b683 ebbdda3948f148a492dd875a4ced6796 f2d0a8ebe7d244c18dc84a3e8f1419b4 - - default default] 10.0.0.158 "GET /v2.0/security-groups?tenant_id=da78020b32bd4b6e9a49faa1af8dc689&name=default HTTP/1.1" status: 200 len: 3120 time: 0.3429863
2026-07-22 23:17:11.649 10 INFO neutron.wsgi [None req-55afa426-aa42-4b1f-a0c4-3347bdd812f5 d4afe5349fb344038731249a07b6e91c 4d91cd1261df4077b1e8b85daedb1e9d - - default default] 10.0.0.158 "POST /v2.0/subnetpools HTTP/1.1" status: 201 len: 715 time: 0.1351411
2026-07-22 23:17:11.661 9 WARNING neutron_lib.context [None req-5bb01507-8116-4079-909f-494761e74d34 d4afe5349fb344038731249a07b6e91c 4d91cd1261df4077b1e8b85daedb1e9d - - default default] Method 'is_advsvc' is deprecated since 2023.2 release (neutron-lib 3.8.0) and will be removed once support for the old RBAC API policies will be removed from Neutron. Please use method 'is_service_role' instead.
2026-07-22 23:17:11.732 9 INFO neutron.wsgi [None req-5bb01507-8116-4079-909f-494761e74d34 d4afe5349fb344038731249a07b6e91c 4d91cd1261df4077b1e8b85daedb1e9d - - default default] 10.0.0.158 "POST /v2.0/subnetpools HTTP/1.1" status: 201 len: 715 time: 0.0778837
2026-07-22 23:17:11.742 9 WARNING neutron_lib.context [None req-017d6544-b675-40c8-a6c4-a364d4dee921 d4afe5349fb344038731249a07b6e91c 4d91cd1261df4077b1e8b85daedb1e9d - - default default] Method 'is_advsvc' is deprecated since 2023.2 release (neutron-lib 3.8.0) and will be removed once support for the old RBAC API policies will be removed from Neutron. Please use method 'is_service_role' instead.
2026-07-22 23:17:11.771 10 INFO neutron.db.ovn_revision_numbers_db [None req-ee1a81de-7ad8-4c93-b853-9915b3b58a59 bbb5386feca548d99e0952061416e291 d8134e3f70c54c2a8f4adb2bf5e11002 - - default default] Successfully bumped revision number for resource 47dc3cbf-24e6-4856-b946-bdcaff977023 (type: ports) to 2
2026-07-22 23:17:11.776 10 INFO neutron.db.ovn_revision_numbers_db [None req-0ae7225b-6cd6-4c32-b391-d20474edc710 - - - - - -] Successfully bumped revision number for resource 2e871de5-86b9-4f5c-9300-c9cb26b154c5 (type: ports) to 2
2026-07-22 23:17:11.793 9 INFO neutron.wsgi [None req-017d6544-b675-40c8-a6c4-a364d4dee921 d4afe5349fb344038731249a07b6e91c 4d91cd1261df4077b1e8b85daedb1e9d - - default default] 10.0.0.158 "POST /v2.0/subnetpools HTTP/1.1" status: 201 len: 715 time: 0.0571213
2026-07-22 23:17:11.803 9 WARNING neutron_lib.context [None req-79951633-0008-4c5b-97f8-e0926db75888 d4afe5349fb344038731249a07b6e91c 4d91cd1261df4077b1e8b85daedb1e9d - - default default] Method 'is_advsvc' is deprecated since 2023.2 release (neutron-lib 3.8.0) and will be removed once support for the old RBAC API policies will be removed from Neutron. Please use method 'is_service_role' instead.
2026-07-22 23:17:11.818 10 INFO neutron.db.ovn_revision_numbers_db [None req-ee1a81de-7ad8-4c93-b853-9915b3b58a59 bbb5386feca548d99e0952061416e291 d8134e3f70c54c2a8f4adb2bf5e11002 - - default default] Successfully bumped revision number for resource a99c2699-64bc-48c7-a469-a012c9568875 (type: subnets) to 0
2026-07-22 23:17:11.850 9 INFO neutron.wsgi [None req-dd1e04a0-a6c5-4399-88ce-743b18d9b7e9 ebbdda3948f148a492dd875a4ced6796 f2d0a8ebe7d244c18dc84a3e8f1419b4 - - default default] 10.0.0.158 "DELETE /v2.0/security-groups/5697dcd9-e162-4495-ad63-7901a582ada6 HTTP/1.1" status: 204 len: 168 time: 0.2603002
2026-07-22 23:17:11.853 9 INFO neutron.wsgi [None req-79951633-0008-4c5b-97f8-e0926db75888 d4afe5349fb344038731249a07b6e91c 4d91cd1261df4077b1e8b85daedb1e9d - - default default] 10.0.0.158 "POST /v2.0/subnetpools HTTP/1.1" status: 201 len: 715 time: 0.0552301
2026-07-22 23:17:11.854 10 INFO neutron.wsgi [None req-ee1a81de-7ad8-4c93-b853-9915b3b58a59 bbb5386feca548d99e0952061416e291 d8134e3f70c54c2a8f4adb2bf5e11002 - - default default] 10.0.0.158 "POST /v2.0/subnets HTTP/1.1" status: 201 len: 831 time: 1.2662303
2026-07-22 23:17:12.173 10 INFO neutron.wsgi [None req-d8e87efd-1b58-4c12-ba39-dccb5b91064d d4afe5349fb344038731249a07b6e91c 4d91cd1261df4077b1e8b85daedb1e9d - - default default] 10.0.0.158 "PUT /v2.0/subnetpools/ab973566-7170-48d2-9be0-72a4d42a0568/tags HTTP/1.1" status: 200 len: 210 time: 0.3076472
2026-07-22 23:17:12.182 9 INFO neutron.db.ovn_revision_numbers_db [None req-9b44f942-afdd-40cb-9436-1006307c0943 ebbdda3948f148a492dd875a4ced6796 f2d0a8ebe7d244c18dc84a3e8f1419b4 - - default default] Successfully bumped revision number for resource b54df9b7-7913-4325-96e3-9ffd6e6eaa35 (type: security_groups) to 1
2026-07-22 23:17:12.213 9 INFO neutron.db.ovn_revision_numbers_db [None req-9b44f942-afdd-40cb-9436-1006307c0943 ebbdda3948f148a492dd875a4ced6796 f2d0a8ebe7d244c18dc84a3e8f1419b4 - - default default] Successfully bumped revision number for resource 49e32bf4-4c70-4221-b663-810ad1c96c02 (type: security_group_rules) to 0
2026-07-22 23:17:12.252 9 INFO neutron.wsgi [None req-e643b0ba-7d73-4e2b-ba6d-14c040e62a0b d4afe5349fb344038731249a07b6e91c 4d91cd1261df4077b1e8b85daedb1e9d - - default default] 10.0.0.158 "PUT /v2.0/subnetpools/1671544a-4d10-4640-8905-17f61935a809/tags HTTP/1.1" status: 200 len: 218 time: 0.0750518
2026-07-22 23:17:12.253 9 INFO neutron.db.ovn_revision_numbers_db [None req-9b44f942-afdd-40cb-9436-1006307c0943 ebbdda3948f148a492dd875a4ced6796 f2d0a8ebe7d244c18dc84a3e8f1419b4 - - default default] Successfully bumped revision number for resource 4f81ef4c-0ac3-42d0-80f4-8401d33df6fc (type: security_group_rules) to 0
2026-07-22 23:17:12.307 9 INFO neutron.db.ovn_revision_numbers_db [None req-9b44f942-afdd-40cb-9436-1006307c0943 ebbdda3948f148a492dd875a4ced6796 f2d0a8ebe7d244c18dc84a3e8f1419b4 - - default default] Successfully bumped revision number for resource 5feb038c-e6c8-48ab-a40b-de705260c830 (type: security_group_rules) to 0
2026-07-22 23:17:12.326 9 INFO neutron.db.ovn_revision_numbers_db [None req-9b44f942-afdd-40cb-9436-1006307c0943 ebbdda3948f148a492dd875a4ced6796 f2d0a8ebe7d244c18dc84a3e8f1419b4 - - default default] Successfully bumped revision number for resource 6c2f473b-b359-460d-b4b3-de15e1e1680e (type: security_group_rules) to 0
2026-07-22 23:17:12.343 10 INFO neutron.wsgi [None req-2685bc83-4a22-40ce-bd51-8f942b5af5bb d4afe5349fb344038731249a07b6e91c 4d91cd1261df4077b1e8b85daedb1e9d - - default default] 10.0.0.158 "PUT /v2.0/subnetpools/195eeb8d-820a-4297-8489-113e416b384f/tags HTTP/1.1" status: 200 len: 227 time: 0.0838485
2026-07-22 23:17:12.356 9 INFO neutron.wsgi [None req-9b44f942-afdd-40cb-9436-1006307c0943 ebbdda3948f148a492dd875a4ced6796 f2d0a8ebe7d244c18dc84a3e8f1419b4 - - default default] 10.0.0.158 "GET /v2.0/security-groups?tenant_id=775e5daf278a47e198a85dc280e53360&name=default HTTP/1.1" status: 200 len: 3120 time: 0.3492749
2026-07-22 23:17:12.404 9 INFO neutron.wsgi [None req-476fd256-ec7d-4756-b6e2-cb305a5c708a d4afe5349fb344038731249a07b6e91c 4d91cd1261df4077b1e8b85daedb1e9d - - default default] 10.0.0.158 "PUT /v2.0/subnetpools/5cf4395c-415d-4a3c-87f1-860f985fd202/tags HTTP/1.1" status: 200 len: 212 time: 0.0538266
2026-07-22 23:17:12.481 10 INFO neutron.wsgi [None req-012af186-c14d-46e0-bdd4-8d95991f936c d4afe5349fb344038731249a07b6e91c 4d91cd1261df4077b1e8b85daedb1e9d - - default default] 10.0.0.158 "GET /v2.0/subnetpools?tags=red HTTP/1.1" status: 200 len: 1758 time: 0.0686133
2026-07-22 23:17:12.533 10 INFO neutron.wsgi [None req-a95aa566-79bd-4fd9-b902-a439fe4b2cb0 d4afe5349fb344038731249a07b6e91c 4d91cd1261df4077b1e8b85daedb1e9d - - default default] 10.0.0.158 "GET /v2.0/subnetpools?tags=red%2Cblue HTTP/1.1" status: 200 len: 1251 time: 0.0455115
2026-07-22 23:17:12.582 10 INFO neutron.wsgi [None req-b9ea81e2-48f4-48f1-8fd6-d191c37a9d5c d4afe5349fb344038731249a07b6e91c 4d91cd1261df4077b1e8b85daedb1e9d - - default default] 10.0.0.158 "GET /v2.0/subnetpools?tags-any=blue HTTP/1.1" status: 200 len: 1251 time: 0.0413787
2026-07-22 23:17:12.631 10 INFO neutron.wsgi [None req-a769ccdd-481b-44f0-aade-e0068a49b4de d4afe5349fb344038731249a07b6e91c 4d91cd1261df4077b1e8b85daedb1e9d - - default default] 10.0.0.158 "GET /v2.0/subnetpools?tags-any=red%2Cblue HTTP/1.1" status: 200 len: 1758 time: 0.0347891
2026-07-22 23:17:12.656 10 INFO neutron.db.ovn_revision_numbers_db [None req-0ae7225b-6cd6-4c32-b391-d20474edc710 - - - - - -] Successfully bumped revision number for resource 2e871de5-86b9-4f5c-9300-c9cb26b154c5 (type: ports) to 4
2026-07-22 23:17:12.670 10 INFO neutron.wsgi [None req-61cea971-1287-4363-9e6e-e268ad9f0317 d4afe5349fb344038731249a07b6e91c 4d91cd1261df4077b1e8b85daedb1e9d - - default default] 10.0.0.158 "GET /v2.0/subnetpools?not-tags=red HTTP/1.1" status: 200 len: 1223 time: 0.0304072
2026-07-22 23:17:12.749 10 INFO neutron.wsgi [None req-2a0ce5d7-ec66-42a1-a530-b78464694cf6 d4afe5349fb344038731249a07b6e91c 4d91cd1261df4077b1e8b85daedb1e9d - - default default] 10.0.0.158 "GET /v2.0/subnetpools?not-tags=red%2Cblue HTTP/1.1" status: 200 len: 1730 time: 0.0725515
2026-07-22 23:17:12.789 9 WARNING neutron_lib.context [None req-2ea61783-3449-45c2-a0f1-c177dc103e8d ab24f0ab64034ef889114f671374fcf3 0a8a21381dd1453b8902a8b917377a75 - - default default] Method 'is_advsvc' is deprecated since 2023.2 release (neutron-lib 3.8.0) and will be removed once support for the old RBAC API policies will be removed from Neutron. Please use method 'is_service_role' instead.
2026-07-22 23:17:12.805 10 INFO neutron.wsgi [None req-9c01d4d4-ac59-4e7a-8197-767bb722b3bd d4afe5349fb344038731249a07b6e91c 4d91cd1261df4077b1e8b85daedb1e9d - - default default] 10.0.0.158 "GET /v2.0/subnetpools?not-tags-any=blue HTTP/1.1" status: 200 len: 1730 time: 0.0495474
2026-07-22 23:17:12.844 9 INFO neutron.wsgi [None req-8d187ef5-b8af-4eac-b2fa-b108098fce98 d4afe5349fb344038731249a07b6e91c 4d91cd1261df4077b1e8b85daedb1e9d - - default default] 10.0.0.158 "GET /v2.0/subnetpools?not-tags-any=red%2Cblue HTTP/1.1" status: 200 len: 1223 time: 0.0321875
2026-07-22 23:17:12.875 9 WARNING neutron.scheduler.dhcp_agent_scheduler [None req-2c91ff56-907a-44f0-8722-148f131cd17a bbb5386feca548d99e0952061416e291 d8134e3f70c54c2a8f4adb2bf5e11002 - - default default] No more DHCP agents
2026-07-22 23:17:12.879 9 WARNING neutron.api.rpc.agentnotifiers.dhcp_rpc_agent_api [None req-2c91ff56-907a-44f0-8722-148f131cd17a bbb5386feca548d99e0952061416e291 d8134e3f70c54c2a8f4adb2bf5e11002 - - default default] Unable to schedule network 179d9b2d-f486-4c77-9e9a-0d555ba6696d: no agents available; will retry on subsequent port and subnet creation events.
2026-07-22 23:17:12.890 9 INFO neutron.wsgi [None req-2ea61783-3449-45c2-a0f1-c177dc103e8d ab24f0ab64034ef889114f671374fcf3 0a8a21381dd1453b8902a8b917377a75 - - default default] 10.0.0.158 "POST /v2.0/subnetpools HTTP/1.1" status: 201 len: 715 time: 0.4422195
2026-07-22 23:17:12.917 10 INFO neutron.wsgi [None req-901c3db6-2bf0-42ed-a096-273043ad4ba0 ebbdda3948f148a492dd875a4ced6796 f2d0a8ebe7d244c18dc84a3e8f1419b4 - - default default] 10.0.0.158 "DELETE /v2.0/security-groups/b54df9b7-7913-4325-96e3-9ffd6e6eaa35 HTTP/1.1" status: 204 len: 168 time: 0.5572505
2026-07-22 23:17:12.936 9 INFO neutron.wsgi [None req-a3256b14-fcd0-40dd-a581-be36388034eb ab24f0ab64034ef889114f671374fcf3 0a8a21381dd1453b8902a8b917377a75 - - default default] 10.0.0.158 "PUT /v2.0/subnetpools/ce5ffef1-f5d6-4f17-a7d8-768d11787ab8/tags HTTP/1.1" status: 200 len: 218 time: 0.0397823
2026-07-22 23:17:12.950 10 INFO neutron.wsgi [None req-634f1e4a-54f9-4df2-92dc-ce634a3af2f3 d4afe5349fb344038731249a07b6e91c 4d91cd1261df4077b1e8b85daedb1e9d - - default default] 10.0.0.158 "DELETE /v2.0/subnetpools/ab973566-7170-48d2-9be0-72a4d42a0568 HTTP/1.1" status: 204 len: 168 time: 0.0998685
2026-07-22 23:17:12.969 9 INFO neutron.wsgi [None req-ee4670a1-2b98-4cbb-baad-f738683362a0 ab24f0ab64034ef889114f671374fcf3 0a8a21381dd1453b8902a8b917377a75 - - default default] 10.0.0.158 "GET /v2.0/subnetpools/ce5ffef1-f5d6-4f17-a7d8-768d11787ab8/tags HTTP/1.1" status: 200 len: 218 time: 0.0273657
2026-07-22 23:17:13.037 10 INFO neutron.wsgi [None req-c661743d-62bb-483f-ad2d-80f758ad269d d4afe5349fb344038731249a07b6e91c 4d91cd1261df4077b1e8b85daedb1e9d - - default default] 10.0.0.158 "DELETE /v2.0/subnetpools/1671544a-4d10-4640-8905-17f61935a809 HTTP/1.1" status: 204 len: 168 time: 0.0822811
2026-07-22 23:17:13.041 10 INFO neutron.wsgi [None req-56495338-4bfb-4b6c-b67a-957efa6359e8 ab24f0ab64034ef889114f671374fcf3 0a8a21381dd1453b8902a8b917377a75 - - default default] 10.0.0.158 "PUT /v2.0/subnetpools/ce5ffef1-f5d6-4f17-a7d8-768d11787ab8/tags/green HTTP/1.1" status: 201 len: 201 time: 0.0667520
2026-07-22 23:17:13.041 10 INFO neutron.db.ovn_revision_numbers_db [None req-0ae7225b-6cd6-4c32-b391-d20474edc710 - - - - - -] Successfully bumped revision number for resource 2e871de5-86b9-4f5c-9300-c9cb26b154c5 (type: router_ports) to 4
2026-07-22 23:17:13.076 9 INFO neutron.db.ovn_revision_numbers_db [None req-2c91ff56-907a-44f0-8722-148f131cd17a bbb5386feca548d99e0952061416e291 d8134e3f70c54c2a8f4adb2bf5e11002 - - default default] Successfully bumped revision number for resource 77559ce0-fe84-4070-96fa-c6e200558def (type: ports) to 1
