2026-07-22 23:18:07.927 10 INFO neutron.db.ovn_revision_numbers_db [None req-a8bdee5e-8c9c-4de5-8966-45d7ee8c5aef - - - - - -] Successfully bumped revision number for resource eaba23d0-cd45-465b-ac40-dd7a7dcc5479 (type: ports) to 2
2026-07-22 23:18:07.956 9 INFO neutron.db.ovn_revision_numbers_db [None req-fe374d2f-ee0e-4dc5-9e9a-305e21e3287c - - - - - -] Successfully bumped revision number for resource 8c241bd4-78a2-466e-b7ae-aab68c5be5a9 (type: ports) to 2
2026-07-22 23:18:08.106 10 ERROR ovsdbapp.backend.ovs_idl.command [None req-a8bdee5e-8c9c-4de5-8966-45d7ee8c5aef - - - - - -] Error executing command (DbGetCommand): ovsdbapp.backend.ovs_idl.idlutils.RowNotFound: Cannot find Logical_Router_Port with name=lrp-eaba23d0-cd45-465b-ac40-dd7a7dcc5479
2026-07-22 23:18:08.106 10 ERROR ovsdbapp.backend.ovs_idl.command
Traceback (most recent call last):
2026-07-22 23:18:08.106 10 ERROR ovsdbapp.backend.ovs_idl.command
File "/var/lib/openstack/lib/python3.10/site-packages/ovsdbapp/backend/ovs_idl/command.py", line 47, in execute
2026-07-22 23:18:08.106 10 ERROR ovsdbapp.backend.ovs_idl.command self.run_idl(None)
2026-07-22 23:18:08.106 10 ERROR ovsdbapp.backend.ovs_idl.command
File "/var/lib/openstack/lib/python3.10/site-packages/ovsdbapp/backend/ovs_idl/command.py", line 235, in run_idl
2026-07-22 23:18:08.106 10 ERROR ovsdbapp.backend.ovs_idl.command record = self.api.lookup(self.table, self.record)
2026-07-22 23:18:08.106 10 ERROR ovsdbapp.backend.ovs_idl.command
File "/var/lib/openstack/lib/python3.10/site-packages/ovsdbapp/backend/ovs_idl/__init__.py", line 184, in lookup
2026-07-22 23:18:08.106 10 ERROR ovsdbapp.backend.ovs_idl.command return self._lookup(table, record)
2026-07-22 23:18:08.106 10 ERROR ovsdbapp.backend.ovs_idl.command
File "/var/lib/openstack/lib/python3.10/site-packages/ovsdbapp/backend/ovs_idl/__init__.py", line 235, in _lookup
2026-07-22 23:18:08.106 10 ERROR ovsdbapp.backend.ovs_idl.command row = idlutils.row_by_value(self, rl.table, rl.column, record)
2026-07-22 23:18:08.106 10 ERROR ovsdbapp.backend.ovs_idl.command
File "/var/lib/openstack/lib/python3.10/site-packages/ovsdbapp/backend/ovs_idl/idlutils.py", line 114, in row_by_value
2026-07-22 23:18:08.106 10 ERROR ovsdbapp.backend.ovs_idl.command raise RowNotFound(table=table, col=column, match=match)
2026-07-22 23:18:08.106 10 ERROR ovsdbapp.backend.ovs_idl.command ovsdbapp.backend.ovs_idl.idlutils.RowNotFound: Cannot find Logical_Router_Port with name=lrp-eaba23d0-cd45-465b-ac40-dd7a7dcc5479
2026-07-22 23:18:08.106 10 ERROR ovsdbapp.backend.ovs_idl.command 
2026-07-22 23:18:08.107 10 ERROR neutron_lib.callbacks.manager [None req-a8bdee5e-8c9c-4de5-8966-45d7ee8c5aef - - - - - -] Error during notification for neutron.services.ovn_l3.plugin.OVNL3RouterPlugin._port_update-8726360469222 port, after_update: ovsdbapp.backend.ovs_idl.idlutils.RowNotFound: Cannot find Logical_Router_Port with name=lrp-eaba23d0-cd45-465b-ac40-dd7a7dcc5479
2026-07-22 23:18:08.107 10 ERROR neutron_lib.callbacks.manager
Traceback (most recent call last):
2026-07-22 23:18:08.107 10 ERROR neutron_lib.callbacks.manager
File "/var/lib/openstack/lib/python3.10/site-packages/neutron_lib/callbacks/manager.py", line 189, in _notify_loop
2026-07-22 23:18:08.107 10 ERROR neutron_lib.callbacks.manager callback.method(resource, event, trigger, payload=payload)
2026-07-22 23:18:08.107 10 ERROR neutron_lib.callbacks.manager
File "/var/lib/openstack/lib/python3.10/site-packages/neutron/services/ovn_l3/plugin.py", line 391, in _port_update
2026-07-22 23:18:08.107 10 ERROR neutron_lib.callbacks.manager l3plugin._ovn_client.update_router_port(context,
2026-07-22 23:18:08.107 10 ERROR neutron_lib.callbacks.manager
File "/var/lib/openstack/lib/python3.10/site-packages/neutron/plugins/ml2/drivers/ovn/mech_driver/ovsdb/ovn_client.py", line 1878, in update_router_port
2026-07-22 23:18:08.107 10 ERROR neutron_lib.callbacks.manager self._update_lrouter_port(context, port, if_exists=if_exists,
2026-07-22 23:18:08.107 10 ERROR neutron_lib.callbacks.manager
File "/var/lib/openstack/lib/python3.10/site-packages/neutron/plugins/ml2/drivers/ovn/mech_driver/ovsdb/ovn_client.py", line 1855, in _update_lrouter_port
2026-07-22 23:18:08.107 10 ERROR neutron_lib.callbacks.manager external_ids = self._nb_idl.db_get(
2026-07-22 23:18:08.107 10 ERROR neutron_lib.callbacks.manager
File "/var/lib/openstack/lib/python3.10/site-packages/ovsdbapp/backend/ovs_idl/command.py", line 47, in execute
2026-07-22 23:18:08.107 10 ERROR neutron_lib.callbacks.manager self.run_idl(None)
2026-07-22 23:18:08.107 10 ERROR neutron_lib.callbacks.manager
File "/var/lib/openstack/lib/python3.10/site-packages/ovsdbapp/backend/ovs_idl/command.py", line 235, in run_idl
2026-07-22 23:18:08.107 10 ERROR neutron_lib.callbacks.manager record = self.api.lookup(self.table, self.record)
2026-07-22 23:18:08.107 10 ERROR neutron_lib.callbacks.manager
File "/var/lib/openstack/lib/python3.10/site-packages/ovsdbapp/backend/ovs_idl/__init__.py", line 184, in lookup
2026-07-22 23:18:08.107 10 ERROR neutron_lib.callbacks.manager return self._lookup(table, record)
2026-07-22 23:18:08.107 10 ERROR neutron_lib.callbacks.manager
File "/var/lib/openstack/lib/python3.10/site-packages/ovsdbapp/backend/ovs_idl/__init__.py", line 235, in _lookup
2026-07-22 23:18:08.107 10 ERROR neutron_lib.callbacks.manager row = idlutils.row_by_value(self, rl.table, rl.column, record)
2026-07-22 23:18:08.107 10 ERROR neutron_lib.callbacks.manager
File "/var/lib/openstack/lib/python3.10/site-packages/ovsdbapp/backend/ovs_idl/idlutils.py", line 114, in row_by_value
2026-07-22 23:18:08.107 10 ERROR neutron_lib.callbacks.manager raise RowNotFound(table=table, col=column, match=match)
2026-07-22 23:18:08.107 10 ERROR neutron_lib.callbacks.manager ovsdbapp.backend.ovs_idl.idlutils.RowNotFound: Cannot find Logical_Router_Port with name=lrp-eaba23d0-cd45-465b-ac40-dd7a7dcc5479
2026-07-22 23:18:08.107 10 ERROR neutron_lib.callbacks.manager 
2026-07-22 23:18:08.121 9 INFO neutron.db.ovn_revision_numbers_db [None req-fe374d2f-ee0e-4dc5-9e9a-305e21e3287c - - - - - -] Successfully bumped revision number for resource 8c241bd4-78a2-466e-b7ae-aab68c5be5a9 (type: router_ports) to 2
2026-07-22 23:18:08.250 9 INFO neutron.wsgi [req-60845c64-6e93-4e27-a1ff-e82361ef04be req-fc152901-9470-47b4-8f48-7f352ab7f0f9 f2b2c5e32c4747d2b9d106dd9c2833e4 ebe47972494a4092b471fddf9364045a - - default default] 10.0.0.167 "GET /v2.0/ports?device_id=a345b83e-38fb-4f50-b012-673934a72190 HTTP/1.1" status: 200 len: 1174 time: 0.0692732
2026-07-22 23:18:08.332 9 INFO neutron.wsgi [req-60845c64-6e93-4e27-a1ff-e82361ef04be req-c5c3ff77-70ef-4e0b-93b6-ab5d4afffd57 f2b2c5e32c4747d2b9d106dd9c2833e4 ebe47972494a4092b471fddf9364045a - - default default] 10.0.0.167 "GET /v2.0/security-groups?id=ac253936-53cd-4a1d-b211-2bfcb2f936c4&fields=id&fields=name HTTP/1.1" status: 200 len: 286 time: 0.0705400
2026-07-22 23:18:08.495 9 INFO neutron.wsgi [req-cb6366c2-8e36-498f-a32d-ff373bc9f6db req-9f518347-6104-4eb5-a7be-fba8398437db f2b2c5e32c4747d2b9d106dd9c2833e4 ebe47972494a4092b471fddf9364045a - - default default] 199.204.45.240 "GET /v2.0/ports?device_id=a345b83e-38fb-4f50-b012-673934a72190 HTTP/1.1" status: 200 len: 1174 time: 0.0465701
2026-07-22 23:18:08.712 10 INFO neutron.db.ovn_revision_numbers_db [None req-0f89ad43-5298-48d6-8a28-868b6013d739 731815ce213b4b328bc4526a8be4c3da 7c02c15da28440628067cc85609a1486 - - default default] Successfully bumped revision number for resource eaba23d0-cd45-465b-ac40-dd7a7dcc5479 (type: router_ports) to 1
2026-07-22 23:18:08.825 9 INFO neutron.notifiers.nova [-] Nova event matching ['req-6f764b58-8286-4963-b3d8-104e2980e7dd'] response: {'server_uuid': 'a345b83e-38fb-4f50-b012-673934a72190', 'name': 'network-vif-plugged', 'status': 'completed', 'tag': 'ffbf7bbe-32b8-41ad-9a04-7386beabbe5b', 'code': 200}
2026-07-22 23:18:08.840 9 INFO neutron.wsgi [req-cb6366c2-8e36-498f-a32d-ff373bc9f6db req-5ee214f9-b3e1-4eaf-8878-df87ce3b50b6 f2b2c5e32c4747d2b9d106dd9c2833e4 ebe47972494a4092b471fddf9364045a - - default default] 199.204.45.240 "DELETE /v2.0/ports/ffbf7bbe-32b8-41ad-9a04-7386beabbe5b HTTP/1.1" status: 204 len: 173 time: 0.3386028
2026-07-22 23:18:08.969 10 WARNING neutron.scheduler.dhcp_agent_scheduler [None req-ec979df5-5ab3-4d53-899e-20bca8bee9a1 - - - - - -] No more DHCP agents
2026-07-22 23:18:08.971 10 WARNING neutron.api.rpc.agentnotifiers.dhcp_rpc_agent_api [None req-ec979df5-5ab3-4d53-899e-20bca8bee9a1 - - - - - -] Unable to schedule network c739d024-3da6-4ea7-a6cb-fbd70effb94b: no agents available; will retry on subsequent port and subnet creation events.
2026-07-22 23:18:09.128 10 INFO neutron.db.ovn_revision_numbers_db [None req-ec979df5-5ab3-4d53-899e-20bca8bee9a1 - - - - - -] Successfully bumped revision number for resource 54ef45d2-713e-435f-9d62-5200e21229e8 (type: ports) to 1
2026-07-22 23:18:09.608 10 INFO neutron.db.ovn_revision_numbers_db [None req-ec979df5-5ab3-4d53-899e-20bca8bee9a1 - - - - - -] Successfully bumped revision number for resource 54ef45d2-713e-435f-9d62-5200e21229e8 (type: ports) to 1
2026-07-22 23:18:09.847 10 INFO neutron.wsgi [None req-0f89ad43-5298-48d6-8a28-868b6013d739 731815ce213b4b328bc4526a8be4c3da 7c02c15da28440628067cc85609a1486 - - default default] 10.0.0.158 "POST /v2.0/vpn/vpnservices HTTP/1.1" status: 201 len: 656 time: 6.2811539 /var/lib/openstack/lib/python3.10/site-packages/pycadf/identifier.py:71: UserWarning: Invalid uuid: neutron. To ensure interoperability, identifiers should be a valid uuid. warnings.warn(('Invalid uuid: %s. To ensure interoperability, '
2026-07-22 23:18:09.867 10 INFO neutron.wsgi [None req-f9bc13ea-17f9-4e4b-b8d0-408df0f81bb7 30770d4c0a394ad299c2f9c5de6bbb8a 6f6e33af0f43400ca4271004f0202e83 - - default default] 10.0.0.158 "GET /v2.0/vpn/vpnservices HTTP/1.1" status: 200 len: 1500 time: 0.0138566
2026-07-22 23:18:10.120 9 INFO neutron.wsgi [req-a326323e-b173-4a95-9283-3062b91e4e62 req-bbfe4188-53ba-4d56-90cf-a033d8206342 ded1ad913d09455096ad1d7af1286183 3b29426218814660a282be2e0c96c1b3 - - default default] 10.0.0.167 "GET /v2.0/ports?device_id=4f30456f-3992-4dde-a3e3-8610a19950d8 HTTP/1.1" status: 200 len: 1386 time: 0.1045687
2026-07-22 23:18:10.181 9 INFO neutron.wsgi [req-a326323e-b173-4a95-9283-3062b91e4e62 req-1ec051ea-992c-4e1c-813e-602de2b7b059 ded1ad913d09455096ad1d7af1286183 3b29426218814660a282be2e0c96c1b3 - - default default] 10.0.0.167 "GET /v2.0/security-groups?id=9a17976b-98be-4dd5-b062-ba0f2a4644cf&fields=id&fields=name HTTP/1.1" status: 200 len: 311 time: 0.0505736
2026-07-22 23:18:10.865 9 INFO neutron.notifiers.nova [-] Nova event matching ['req-f6df32ba-8b79-4543-b6f8-c4dec9f146bc'] response: {'server_uuid': 'a345b83e-38fb-4f50-b012-673934a72190', 'name': 'network-vif-deleted', 'tag': 'ffbf7bbe-32b8-41ad-9a04-7386beabbe5b', 'status': 'completed', 'code': 200}
2026-07-22 23:18:10.893 9 INFO neutron.wsgi [req-d5b6f9e3-dc53-40a7-9c96-a9e563a93ff9 req-ed61c420-5678-474e-a625-5113d3ef937d 38b7af1608ab41288e45d13e552b4b4c 9e638baa87ad423dac194c8e5e228763 - - abae589cee0a4341a3424b5ec21a2a36 abae589cee0a4341a3424b5ec21a2a36] 10.0.0.165 "GET /v2.0/ports?device_id=c9d7d102-ec65-4abb-93af-97a50040825d HTTP/1.1" status: 200 len: 1413 time: 0.0408471
2026-07-22 23:18:10.943 9 INFO neutron.wsgi [req-d5b6f9e3-dc53-40a7-9c96-a9e563a93ff9 req-6e904dbb-d7b3-4ebf-a862-99f7f651bff0 38b7af1608ab41288e45d13e552b4b4c 9e638baa87ad423dac194c8e5e228763 - - abae589cee0a4341a3424b5ec21a2a36 abae589cee0a4341a3424b5ec21a2a36] 10.0.0.165 "GET /v2.0/security-groups?id=d4a794e3-4053-448c-9ccb-43dea1c60ff6&fields=id&fields=name HTTP/1.1" status: 200 len: 312 time: 0.0429239
2026-07-22 23:18:12.935 10 INFO neutron.wsgi [None req-7b08f836-caad-4a13-8bbd-a491ab943005 ebbdda3948f148a492dd875a4ced6796 f2d0a8ebe7d244c18dc84a3e8f1419b4 - - default default] 10.0.0.158 "PUT /v2.0/routers/fd042afc-cb79-46bc-863f-440acc22ba86/remove_router_interface HTTP/1.1" status: 200 len: 503 time: 2.3285398 /var/lib/openstack/lib/python3.10/site-packages/pycadf/identifier.py:71: UserWarning: Invalid uuid: neutron. To ensure interoperability, identifiers should be a valid uuid. warnings.warn(('Invalid uuid: %s. To ensure interoperability, '
2026-07-22 23:18:13.290 10 WARNING neutron.plugins.ml2.drivers.ovn.mech_driver.ovsdb.ovn_client [None req-a8bdee5e-8c9c-4de5-8966-45d7ee8c5aef - - - - - -] No port found with ID eaba23d0-cd45-465b-ac40-dd7a7dcc5479: RuntimeError: No port found with ID eaba23d0-cd45-465b-ac40-dd7a7dcc5479
2026-07-22 23:18:13.400 9 WARNING neutron.plugins.ml2.drivers.ovn.mech_driver.ovsdb.ovn_client [None req-fe374d2f-ee0e-4dc5-9e9a-305e21e3287c - - - - - -] No hosting information found for port 8c241bd4-78a2-466e-b7ae-aab68c5be5a9: RuntimeError: No hosting information found for port 8c241bd4-78a2-466e-b7ae-aab68c5be5a9
2026-07-22 23:18:13.400 9 INFO neutron.plugins.ml2.drivers.ovn.mech_driver.mech_driver [None req-fe374d2f-ee0e-4dc5-9e9a-305e21e3287c - - - - - -] OVN reports status up for port: bc9161a4-550a-45f6-8c3f-5b9e9c9b9fcc
2026-07-22 23:18:13.422 9 INFO neutron.plugins.ml2.plugin [None req-fe374d2f-ee0e-4dc5-9e9a-305e21e3287c - - - - - -] Attempt 1 to provision port bc9161a4-550a-45f6-8c3f-5b9e9c9b9fcc
2026-07-22 23:18:13.572 9 INFO neutron.notifiers.nova [-] Nova event matching ['req-7fd84e44-e450-4916-8d99-e4eb04333178'] response: {'server_uuid': '4f30456f-3992-4dde-a3e3-8610a19950d8', 'name': 'network-vif-plugged', 'status': 'completed', 'tag': 'bc9161a4-550a-45f6-8c3f-5b9e9c9b9fcc', 'code': 200}
2026-07-22 23:18:13.730 9 INFO neutron.wsgi [req-91a0738c-bf5b-4b41-b936-3fc49ce528f6 req-c5cbf78c-4205-4616-9f9c-421febcff079 bbb5386feca548d99e0952061416e291 d8134e3f70c54c2a8f4adb2bf5e11002 - - default default] 10.0.0.167 "GET /v2.0/ports?device_id=c9d7d102-ec65-4abb-93af-97a50040825d HTTP/1.1" status: 200 len: 1174 time: 0.1291072
2026-07-22 23:18:13.791 9 INFO neutron.wsgi [req-91a0738c-bf5b-4b41-b936-3fc49ce528f6 req-0e414ec6-0cfa-4a43-b13a-e7a7ccb9d48d bbb5386feca548d99e0952061416e291 d8134e3f70c54c2a8f4adb2bf5e11002 - - default default] 10.0.0.167 "GET /v2.0/security-groups?id=d4a794e3-4053-448c-9ccb-43dea1c60ff6&fields=id&fields=name HTTP/1.1" status: 200 len: 312 time: 0.0504203
2026-07-22 23:18:13.801 9 INFO neutron.db.ovn_revision_numbers_db [None req-fe374d2f-ee0e-4dc5-9e9a-305e21e3287c - - - - - -] Successfully bumped revision number for resource bc9161a4-550a-45f6-8c3f-5b9e9c9b9fcc (type: ports) to 4
2026-07-22 23:18:13.855 9 INFO neutron.plugins.ml2.drivers.ovn.mech_driver.mech_driver [None req-fe374d2f-ee0e-4dc5-9e9a-305e21e3287c - - - - - -] OVN reports status up for port: 6e67369f-02c3-4c0a-8889-924daf77a805
2026-07-22 23:18:13.873 9 INFO neutron.plugins.ml2.plugin [None req-fe374d2f-ee0e-4dc5-9e9a-305e21e3287c - - - - - -] Attempt 1 to provision port 6e67369f-02c3-4c0a-8889-924daf77a805 /var/lib/openstack/lib/python3.10/site-packages/pycadf/identifier.py:71: UserWarning: Invalid uuid: neutron. To ensure interoperability, identifiers should be a valid uuid. warnings.warn(('Invalid uuid: %s. To ensure interoperability, '
2026-07-22 23:18:14.011 9 INFO neutron.wsgi [req-5294103b-61e2-40ce-81fe-26316db2d36b req-b7d8b1b7-7be7-4e96-9254-548dcb5fa11e bbb5386feca548d99e0952061416e291 d8134e3f70c54c2a8f4adb2bf5e11002 - - default default] 199.204.45.240 "GET /v2.0/ports?device_id=c9d7d102-ec65-4abb-93af-97a50040825d HTTP/1.1" status: 200 len: 1174 time: 0.0532291
2026-07-22 23:18:14.285 9 INFO neutron.db.ovn_revision_numbers_db [None req-fe374d2f-ee0e-4dc5-9e9a-305e21e3287c - - - - - -] Successfully bumped revision number for resource 6e67369f-02c3-4c0a-8889-924daf77a805 (type: ports) to 3
2026-07-22 23:18:14.339 10 INFO neutron.services.segments.plugin [-] Segment 22236348-91d5-4b67-932f-635669ddb26d resource provider aggregate not found
2026-07-22 23:18:14.345 10 INFO neutron.services.segments.plugin [-] Segment 22236348-91d5-4b67-932f-635669ddb26d resource provider aggregate not found
2026-07-22 23:18:14.373 10 INFO neutron.services.segments.plugin [-] Segment 22236348-91d5-4b67-932f-635669ddb26d resource provider not found; error: Placement Client Error (4xx): {"errors": [{"status": 404, "title": "Not Found", "detail": "The resource could not be found.\n\n No resource provider with uuid 22236348-91d5-4b67-932f-635669ddb26d found for delete ", "request_id": "req-fedd638a-3ba9-4f09-9c16-ed4ad8bca806"}]}
2026-07-22 23:18:14.374 10 INFO neutron.services.segments.plugin [-] Segment 22236348-91d5-4b67-932f-635669ddb26d resource provider not found; error: Placement Client Error (4xx): {"errors": [{"status": 404, "title": "Not Found", "detail": "The resource could not be found.\n\n No resource provider with uuid 22236348-91d5-4b67-932f-635669ddb26d found for delete ", "request_id": "req-53eb6e63-fd24-4141-aa0a-2212631b7ddf"}]}
2026-07-22 23:18:14.424 10 INFO neutron.wsgi [None req-bed4123c-4904-475b-98eb-54ad2ccbdfab 731815ce213b4b328bc4526a8be4c3da 7c02c15da28440628067cc85609a1486 - - default default] 10.0.0.158 "DELETE /v2.0/vpn/vpnservices/0951d8a9-02e0-4b1a-b8aa-caf07e0f4c86 HTTP/1.1" status: 204 len: 168 time: 4.5514376 /var/lib/openstack/lib/python3.10/site-packages/pycadf/identifier.py:71: UserWarning: Invalid uuid: neutron. To ensure interoperability, identifiers should be a valid uuid. warnings.warn(('Invalid uuid: %s. To ensure interoperability, '
2026-07-22 23:18:14.437 10 WARNING neutron_lib.context [None req-45e29856-cc6c-46f1-86a3-7085b962beb2 30770d4c0a394ad299c2f9c5de6bbb8a 6f6e33af0f43400ca4271004f0202e83 - - default default] Method 'is_advsvc' is deprecated since 2023.2 release (neutron-lib 3.8.0) and will be removed once support for the old RBAC API policies will be removed from Neutron. Please use method 'is_service_role' instead.
2026-07-22 23:18:14.451 10 INFO neutron.wsgi [None req-42de43fe-cb51-4e38-9f75-6462bd15472e ebbdda3948f148a492dd875a4ced6796 f2d0a8ebe7d244c18dc84a3e8f1419b4 - - default default] 10.0.0.158 "DELETE /v2.0/routers/fd042afc-cb79-46bc-863f-440acc22ba86 HTTP/1.1" status: 204 len: 168 time: 1.5114136
2026-07-22 23:18:14.515 9 INFO neutron.plugins.ml2.drivers.ovn.mech_driver.mech_driver [None req-fe374d2f-ee0e-4dc5-9e9a-305e21e3287c - - - - - -] OVN reports status up for port: f68d0595-5467-45f9-9206-70c72502af1a
2026-07-22 23:18:14.525 9 INFO neutron.plugins.ml2.plugin [None req-fe374d2f-ee0e-4dc5-9e9a-305e21e3287c - - - - - -] Attempt 1 to provision port f68d0595-5467-45f9-9206-70c72502af1a
2026-07-22 23:18:14.535 10 INFO neutron.wsgi [None req-45e29856-cc6c-46f1-86a3-7085b962beb2 30770d4c0a394ad299c2f9c5de6bbb8a 6f6e33af0f43400ca4271004f0202e83 - - default default] 10.0.0.158 "POST /v2.0/vpn/endpoint-groups HTTP/1.1" status: 201 len: 501 time: 0.1044412
2026-07-22 23:18:14.546 9 WARNING neutron_lib.context [None req-ded0fc93-92ff-4dd3-8d1d-b9c9566a323a 30770d4c0a394ad299c2f9c5de6bbb8a 6f6e33af0f43400ca4271004f0202e83 - - default default] Method 'is_advsvc' is deprecated since 2023.2 release (neutron-lib 3.8.0) and will be removed once support for the old RBAC API policies will be removed from Neutron. Please use method 'is_service_role' instead.
2026-07-22 23:18:14.616 9 INFO neutron.db.l3_db [req-5294103b-61e2-40ce-81fe-26316db2d36b req-3a03c9b8-6e9b-422e-a342-5b0949399933 bbb5386feca548d99e0952061416e291 d8134e3f70c54c2a8f4adb2bf5e11002 - - default default] Floating IP 80cab9ef-ffaa-43ad-aa82-167821f7c91f disassociated. External IP: 10.96.250.215, port: 75134a4c-75b4-43f3-a450-8fb140f5547a.
2026-07-22 23:18:14.644 9 INFO neutron.wsgi [None req-ded0fc93-92ff-4dd3-8d1d-b9c9566a323a 30770d4c0a394ad299c2f9c5de6bbb8a 6f6e33af0f43400ca4271004f0202e83 - - default default] 10.0.0.158 "POST /v2.0/vpn/endpoint-groups HTTP/1.1" status: 201 len: 493 time: 0.1015964 /var/lib/openstack/lib/python3.10/site-packages/pycadf/identifier.py:71: UserWarning: Invalid uuid: neutron. To ensure interoperability, identifiers should be a valid uuid. warnings.warn(('Invalid uuid: %s. To ensure interoperability, '
2026-07-22 23:18:14.655 10 WARNING neutron.api.v2.base [None req-4084d253-a419-40ed-9621-378ae776f8be 30770d4c0a394ad299c2f9c5de6bbb8a 6f6e33af0f43400ca4271004f0202e83 - - default default] An exception happened while processing the request body. The exception message is [Unrecognized attribute(s) 'peer_cidr'].: webob.exc.HTTPBadRequest: Unrecognized attribute(s) 'peer_cidr'
2026-07-22 23:18:14.656 10 INFO neutron.api.v2.resource [None req-4084d253-a419-40ed-9621-378ae776f8be 30770d4c0a394ad299c2f9c5de6bbb8a 6f6e33af0f43400ca4271004f0202e83 - - default default] create failed (client error): Unrecognized attribute(s) 'peer_cidr'
2026-07-22 23:18:14.657 10 INFO neutron.wsgi [None req-4084d253-a419-40ed-9621-378ae776f8be 30770d4c0a394ad299c2f9c5de6bbb8a 6f6e33af0f43400ca4271004f0202e83 - - default default] 10.0.0.158 "POST /v2.0/vpn/ipsec-site-connections HTTP/1.1" status: 400 len: 313 time: 0.0077827
2026-07-22 23:18:14.683 10 INFO neutron.wsgi [None req-4fc526ac-3e17-4592-8e4f-04d298dd04c7 30770d4c0a394ad299c2f9c5de6bbb8a 6f6e33af0f43400ca4271004f0202e83 - - default default] 10.0.0.158 "GET /v2.0/vpn/endpoint-groups HTTP/1.1" status: 200 len: 1388 time: 0.0212505
2026-07-22 23:18:14.728 10 INFO neutron.wsgi [None req-82106d40-21e8-4c5b-8f2d-818c0ac5b2a0 30770d4c0a394ad299c2f9c5de6bbb8a 6f6e33af0f43400ca4271004f0202e83 - - default default] 10.0.0.158 "DELETE /v2.0/vpn/endpoint-groups/df19e642-e83d-4ef5-b709-199adf637ffa HTTP/1.1" status: 204 len: 168 time: 0.0325599
2026-07-22 23:18:14.752 10 INFO neutron.wsgi [None req-baf26b3d-b599-411a-bb66-76252120639f ebbdda3948f148a492dd875a4ced6796 f2d0a8ebe7d244c18dc84a3e8f1419b4 - - default default] 10.0.0.158 "DELETE /v2.0/subnets/e77862c1-2e47-4c09-878c-227615c2b5e3 HTTP/1.1" status: 204 len: 168 time: 0.2956827
2026-07-22 23:18:14.758 10 INFO neutron.wsgi [None req-25fda5c3-2723-4185-b737-403f21447018 30770d4c0a394ad299c2f9c5de6bbb8a 6f6e33af0f43400ca4271004f0202e83 - - default default] 10.0.0.158 "GET /v2.0/vpn/endpoint-groups HTTP/1.1" status: 200 len: 1111 time: 0.0245564
2026-07-22 23:18:14.791 9 INFO neutron.wsgi [req-5294103b-61e2-40ce-81fe-26316db2d36b req-3a03c9b8-6e9b-422e-a342-5b0949399933 bbb5386feca548d99e0952061416e291 d8134e3f70c54c2a8f4adb2bf5e11002 - - default default] 199.204.45.240 "DELETE /v2.0/ports/75134a4c-75b4-43f3-a450-8fb140f5547a HTTP/1.1" status: 204 len: 173 time: 0.7732546
2026-07-22 23:18:14.797 10 INFO neutron.wsgi [None req-495c18c1-69c8-4eee-91f6-bea961a75342 30770d4c0a394ad299c2f9c5de6bbb8a 6f6e33af0f43400ca4271004f0202e83 - - default default] 10.0.0.158 "GET /v2.0/vpn/endpoint-groups HTTP/1.1" status: 200 len: 1111 time: 0.0289078
2026-07-22 23:18:14.871 9 INFO neutron.wsgi [None req-b14ba144-f042-427f-b313-a07264f51a9d 30770d4c0a394ad299c2f9c5de6bbb8a 6f6e33af0f43400ca4271004f0202e83 - - default default] 10.0.0.158 "DELETE /v2.0/vpn/endpoint-groups/a82e5301-7300-4182-97e2-259fb806271a HTTP/1.1" status: 204 len: 168 time: 0.0678928
2026-07-22 23:18:14.893 10 INFO neutron.wsgi [None req-5a02fcb2-0640-41a8-83eb-037bef0a2081 30770d4c0a394ad299c2f9c5de6bbb8a 6f6e33af0f43400ca4271004f0202e83 - - default default] 10.0.0.158 "GET /v2.0/vpn/endpoint-groups HTTP/1.1" status: 200 len: 827 time: 0.0123973
2026-07-22 23:18:14.909 10 WARNING neutron_lib.context [None req-4e5ea915-f211-4525-a3c6-b7cff77c6f14 30770d4c0a394ad299c2f9c5de6bbb8a 6f6e33af0f43400ca4271004f0202e83 - - default default] Method 'is_advsvc' is deprecated since 2023.2 release (neutron-lib 3.8.0) and will be removed once support for the old RBAC API policies will be removed from Neutron. Please use method 'is_service_role' instead.
2026-07-22 23:18:14.917 9 INFO neutron.wsgi [req-fd411763-be0d-4814-af7d-bfa1f42a4184 req-5154b742-9484-4b29-b313-2044e3227765 bbb5386feca548d99e0952061416e291 d8134e3f70c54c2a8f4adb2bf5e11002 - - default default] 10.0.0.167 "GET /v2.0/ports?device_id=c9d7d102-ec65-4abb-93af-97a50040825d HTTP/1.1" status: 200 len: 210 time: 0.0333631
2026-07-22 23:18:14.989 10 INFO neutron.wsgi [None req-4e5ea915-f211-4525-a3c6-b7cff77c6f14 30770d4c0a394ad299c2f9c5de6bbb8a 6f6e33af0f43400ca4271004f0202e83 - - default default] 10.0.0.158 "POST /v2.0/vpn/endpoint-groups HTTP/1.1" status: 201 len: 501 time: 0.0836987
2026-07-22 23:18:14.999 10 WARNING neutron_lib.context [None req-6297fa78-75e5-46d8-869c-1cfa46cfcef0 30770d4c0a394ad299c2f9c5de6bbb8a 6f6e33af0f43400ca4271004f0202e83 - - default default] Method 'is_advsvc' is deprecated since 2023.2 release (neutron-lib 3.8.0) and will be removed once support for the old RBAC API policies will be removed from Neutron. Please use method 'is_service_role' instead.
2026-07-22 23:18:15.060 10 INFO neutron.wsgi [None req-6297fa78-75e5-46d8-869c-1cfa46cfcef0 30770d4c0a394ad299c2f9c5de6bbb8a 6f6e33af0f43400ca4271004f0202e83 - - default default] 10.0.0.158 "POST /v2.0/vpn/endpoint-groups HTTP/1.1" status: 201 len: 493 time: 0.0654750
2026-07-22 23:18:15.069 10 WARNING neutron_lib.context [None req-2cd82711-db3a-4052-ab7c-5f6b4680ad05 30770d4c0a394ad299c2f9c5de6bbb8a 6f6e33af0f43400ca4271004f0202e83 - - default default] Method 'is_advsvc' is deprecated since 2023.2 release (neutron-lib 3.8.0) and will be removed once support for the old RBAC API policies will be removed from Neutron. Please use method 'is_service_role' instead.
2026-07-22 23:18:15.141 10 INFO neutron.api.v2.resource [None req-2cd82711-db3a-4052-ab7c-5f6b4680ad05 30770d4c0a394ad299c2f9c5de6bbb8a 6f6e33af0f43400ca4271004f0202e83 - - default default] create failed (client error): The server could not comply with the request since it is either malformed or otherwise incorrect.
2026-07-22 23:18:15.143 10 INFO neutron.wsgi [None req-2cd82711-db3a-4052-ab7c-5f6b4680ad05 30770d4c0a394ad299c2f9c5de6bbb8a 6f6e33af0f43400ca4271004f0202e83 - - default default] 10.0.0.158 "POST /v2.0/vpn/ipsec-site-connections HTTP/1.1" status: 400 len: 373 time: 0.0777140
2026-07-22 23:18:15.147 9 INFO neutron.db.ovn_revision_numbers_db [None req-fe374d2f-ee0e-4dc5-9e9a-305e21e3287c - - - - - -] Successfully bumped revision number for resource f68d0595-5467-45f9-9206-70c72502af1a (type: ports) to 2
2026-07-22 23:18:15.168 10 INFO neutron.wsgi [None req-e71a17f3-b993-448a-8256-79eebadbc184 30770d4c0a394ad299c2f9c5de6bbb8a 6f6e33af0f43400ca4271004f0202e83 - - default default] 10.0.0.158 "GET /v2.0/vpn/endpoint-groups HTTP/1.1" status: 200 len: 1388 time: 0.0197332
2026-07-22 23:18:15.215 10 INFO neutron.wsgi [None req-d5e148d2-4009-418c-95ac-c5e0c1f2f44c 30770d4c0a394ad299c2f9c5de6bbb8a 6f6e33af0f43400ca4271004f0202e83 - - default default] 10.0.0.158 "DELETE /v2.0/vpn/endpoint-groups/f0604e53-0378-4d57-b720-da1d3fcce9ad HTTP/1.1" status: 204 len: 168 time: 0.0418587
2026-07-22 23:18:15.238 10 INFO neutron.wsgi [None req-a06a4175-6895-445b-93bf-9c7c7356c2db 30770d4c0a394ad299c2f9c5de6bbb8a 6f6e33af0f43400ca4271004f0202e83 - - default default] 10.0.0.158 "GET /v2.0/vpn/endpoint-groups HTTP/1.1" status: 200 len: 1111 time: 0.0170131
2026-07-22 23:18:15.261 10 INFO neutron.wsgi [None req-4dd2b4c5-bb8d-44ae-9100-19f296a20577 30770d4c0a394ad299c2f9c5de6bbb8a 6f6e33af0f43400ca4271004f0202e83 - - default default] 10.0.0.158 "GET /v2.0/vpn/endpoint-groups HTTP/1.1" status: 200 len: 1111 time: 0.0178866
2026-07-22 23:18:15.307 10 INFO neutron.wsgi [None req-78138384-f679-4fbe-a935-81885b86e2ba 30770d4c0a394ad299c2f9c5de6bbb8a 6f6e33af0f43400ca4271004f0202e83 - - default default] 10.0.0.158 "DELETE /v2.0/vpn/endpoint-groups/72f5e576-dbaa-45d3-8e19-3228b0ee5691 HTTP/1.1" status: 204 len: 168 time: 0.0407240
2026-07-22 23:18:15.323 10 INFO neutron.wsgi [None req-8139ef14-432c-4e6b-be3c-8b8b48eba1f0 30770d4c0a394ad299c2f9c5de6bbb8a 6f6e33af0f43400ca4271004f0202e83 - - default default] 10.0.0.158 "GET /v2.0/vpn/endpoint-groups HTTP/1.1" status: 200 len: 827 time: 0.0116577
2026-07-22 23:18:15.336 9 WARNING neutron_lib.context [None req-fbb7ddd0-3806-4b59-b3e1-b32ae86b5996 30770d4c0a394ad299c2f9c5de6bbb8a 6f6e33af0f43400ca4271004f0202e83 - - default default] Method 'is_advsvc' is deprecated since 2023.2 release (neutron-lib 3.8.0) and will be removed once support for the old RBAC API policies will be removed from Neutron. Please use method 'is_service_role' instead.
2026-07-22 23:18:15.361 9 INFO neutron.db.ovn_revision_numbers_db [None req-fe374d2f-ee0e-4dc5-9e9a-305e21e3287c - - - - - -] Successfully bumped revision number for resource f68d0595-5467-45f9-9206-70c72502af1a (type: router_ports) to 2
2026-07-22 23:18:15.380 10 INFO neutron.wsgi [None req-2a91e6fe-ed50-4efe-8f7d-08d607c28634 ebbdda3948f148a492dd875a4ced6796 f2d0a8ebe7d244c18dc84a3e8f1419b4 - - default default] 10.0.0.158 "DELETE /v2.0/networks/e7ebe7dd-6bce-4ed2-8d6b-1068045698d4 HTTP/1.1" status: 204 len: 168 time: 0.6211150
2026-07-22 23:18:15.397 9 INFO neutron.wsgi [req-644c2a4a-340a-4f6b-8dfb-91f8f53caf92 req-99372a96-2f9d-49bb-b302-36d310bb4671 ded1ad913d09455096ad1d7af1286183 3b29426218814660a282be2e0c96c1b3 - - default default] 10.0.0.167 "GET /v2.0/ports?device_id=4f30456f-3992-4dde-a3e3-8610a19950d8 HTTP/1.1" status: 200 len: 1388 time: 0.1350069
2026-07-22 23:18:15.454 9 INFO neutron.wsgi [None req-fbb7ddd0-3806-4b59-b3e1-b32ae86b5996 30770d4c0a394ad299c2f9c5de6bbb8a 6f6e33af0f43400ca4271004f0202e83 - - default default] 10.0.0.158 "POST /v2.0/vpn/endpoint-groups HTTP/1.1" status: 201 len: 500 time: 0.1215732
2026-07-22 23:18:15.465 10 WARNING neutron.api.v2.base [None req-b67a052b-5d29-492c-8ee4-3200c867c9f4 30770d4c0a394ad299c2f9c5de6bbb8a 6f6e33af0f43400ca4271004f0202e83 - - default default] An exception happened while processing the request body. The exception message is [Failed to parse request. Required attribute 'peer_id' not specified].: webob.exc.HTTPBadRequest: Failed to parse request. Required attribute 'peer_id' not specified
2026-07-22 23:18:15.465 10 INFO neutron.api.v2.resource [None req-b67a052b-5d29-492c-8ee4-3200c867c9f4 30770d4c0a394ad299c2f9c5de6bbb8a 6f6e33af0f43400ca4271004f0202e83 - - default default] create failed (client error): Failed to parse request. Required attribute 'peer_id' not specified
2026-07-22 23:18:15.466 10 INFO neutron.wsgi [None req-b67a052b-5d29-492c-8ee4-3200c867c9f4 30770d4c0a394ad299c2f9c5de6bbb8a 6f6e33af0f43400ca4271004f0202e83 - - default default] 10.0.0.158 "POST /v2.0/vpn/ipsec-site-connections HTTP/1.1" status: 400 len: 343 time: 0.0056112
2026-07-22 23:18:15.468 9 INFO neutron.wsgi [req-644c2a4a-340a-4f6b-8dfb-91f8f53caf92 req-7f4dd067-853b-4b18-b9d5-33950a28b6a3 ded1ad913d09455096ad1d7af1286183 3b29426218814660a282be2e0c96c1b3 - - default default] 10.0.0.167 "GET /v2.0/security-groups?id=9a17976b-98be-4dd5-b062-ba0f2a4644cf&fields=id&fields=name HTTP/1.1" status: 200 len: 311 time: 0.0648029
2026-07-22 23:18:15.483 9 INFO neutron.wsgi [None req-66519200-6b9b-42f0-947d-ad186f403e3c 30770d4c0a394ad299c2f9c5de6bbb8a 6f6e33af0f43400ca4271004f0202e83 - - default default] 10.0.0.158 "GET /v2.0/vpn/endpoint-groups HTTP/1.1" status: 200 len: 1110 time: 0.0127943
2026-07-22 23:18:15.542 10 INFO neutron.wsgi [None req-1d16a6d7-5c5f-4158-886a-e639b65c4c53 30770d4c0a394ad299c2f9c5de6bbb8a 6f6e33af0f43400ca4271004f0202e83 - - default default] 10.0.0.158 "DELETE /v2.0/vpn/endpoint-groups/b0857105-c8fe-470e-951d-af71f83d10d3 HTTP/1.1" status: 204 len: 168 time: 0.0566719
2026-07-22 23:18:15.571 10 INFO neutron.wsgi [None req-7ab16eb7-3000-43c8-92ba-f62644475811 30770d4c0a394ad299c2f9c5de6bbb8a 6f6e33af0f43400ca4271004f0202e83 - - default default] 10.0.0.158 "GET /v2.0/vpn/endpoint-groups HTTP/1.1" status: 200 len: 827 time: 0.0214894
2026-07-22 23:18:15.575 9 INFO neutron.wsgi [None req-755fe900-a5c9-4b34-8aa0-c28f3a38e5af ebbdda3948f148a492dd875a4ced6796 f2d0a8ebe7d244c18dc84a3e8f1419b4 - - default default] 10.0.0.158 "GET /v2.0/security-groups?tenant_id=ebe47972494a4092b471fddf9364045a&name=default HTTP/1.1" status: 200 len: 3120 time: 0.0611281
2026-07-22 23:18:15.590 10 WARNING neutron_lib.context [None req-44376ef5-c869-44ad-87f5-caf979a3c135 30770d4c0a394ad299c2f9c5de6bbb8a 6f6e33af0f43400ca4271004f0202e83 - - default default] Method 'is_advsvc' is deprecated since 2023.2 release (neutron-lib 3.8.0) and will be removed once support for the old RBAC API policies will be removed from Neutron. Please use method 'is_service_role' instead.
2026-07-22 23:18:15.622 9 INFO neutron.notifiers.nova [-] Nova event matching ['req-2b3af384-8ed1-4703-8f56-a695cc5fef5a'] response: {'server_uuid': '4f30456f-3992-4dde-a3e3-8610a19950d8', 'name': 'network-vif-plugged', 'status': 'completed', 'tag': 'bc9161a4-550a-45f6-8c3f-5b9e9c9b9fcc', 'code': 200}
2026-07-22 23:18:15.623 9 INFO neutron.notifiers.nova [-] Nova event matching ['req-2b3af384-8ed1-4703-8f56-a695cc5fef5a'] response: {'server_uuid': 'c9d7d102-ec65-4abb-93af-97a50040825d', 'name': 'network-vif-deleted', 'tag': '75134a4c-75b4-43f3-a450-8fb140f5547a', 'status': 'completed', 'code': 200}
2026-07-22 23:18:15.628 10 INFO neutron.wsgi [None req-a7764620-a9d8-4105-a7b6-8fb9efff8314 ded1ad913d09455096ad1d7af1286183 3b29426218814660a282be2e0c96c1b3 - - default default] 10.0.0.158 "GET /v2.0/ports?network_id=e69d52fe-82b3-4b8d-bf17-83a9325fb50d&mac_address=fa%3A16%3A3e%3A81%3A5e%3A9e HTTP/1.1" status: 200 len: 1383 time: 0.1350799
2026-07-22 23:18:15.643 9 WARNING neutron_lib.context [None req-9a2d2faf-bc73-49cb-8995-bb55fd79a178 ded1ad913d09455096ad1d7af1286183 3b29426218814660a282be2e0c96c1b3 - - default default] Method 'is_advsvc' is deprecated since 2023.2 release (neutron-lib 3.8.0) and will be removed once support for the old RBAC API policies will be removed from Neutron. Please use method 'is_service_role' instead.
2026-07-22 23:18:15.652 10 INFO neutron.wsgi [None req-44376ef5-c869-44ad-87f5-caf979a3c135 30770d4c0a394ad299c2f9c5de6bbb8a 6f6e33af0f43400ca4271004f0202e83 - - default default] 10.0.0.158 "POST /v2.0/vpn/endpoint-groups HTTP/1.1" status: 201 len: 493 time: 0.0716212
2026-07-22 23:18:15.662 9 WARNING neutron.api.v2.base [None req-7e1b8b81-334b-43a4-92c4-827e5ae36324 30770d4c0a394ad299c2f9c5de6bbb8a 6f6e33af0f43400ca4271004f0202e83 - - default default] An exception happened while processing the request body. The exception message is [Failed to parse request. Required attribute 'peer_id' not specified].: webob.exc.HTTPBadRequest: Failed to parse request. Required attribute 'peer_id' not specified
2026-07-22 23:18:15.665 9 INFO neutron.api.v2.resource [None req-7e1b8b81-334b-43a4-92c4-827e5ae36324 30770d4c0a394ad299c2f9c5de6bbb8a 6f6e33af0f43400ca4271004f0202e83 - - default default] create failed (client error): Failed to parse request. Required attribute 'peer_id' not specified
2026-07-22 23:18:15.666 9 INFO neutron.wsgi [None req-7e1b8b81-334b-43a4-92c4-827e5ae36324 30770d4c0a394ad299c2f9c5de6bbb8a 6f6e33af0f43400ca4271004f0202e83 - - default default] 10.0.0.158 "POST /v2.0/vpn/ipsec-site-connections HTTP/1.1" status: 400 len: 343 time: 0.0081193
2026-07-22 23:18:15.687 9 INFO neutron.wsgi [None req-c8912889-590b-452e-8a95-5f968427f986 30770d4c0a394ad299c2f9c5de6bbb8a 6f6e33af0f43400ca4271004f0202e83 - - default default] 10.0.0.158 "GET /v2.0/vpn/endpoint-groups HTTP/1.1" status: 200 len: 1103 time: 0.0168254
2026-07-22 23:18:15.720 10 INFO neutron.wsgi [None req-3861a945-ec12-4673-9260-54dbbc8ac07b 30770d4c0a394ad299c2f9c5de6bbb8a 6f6e33af0f43400ca4271004f0202e83 - - default default] 10.0.0.158 "DELETE /v2.0/vpn/endpoint-groups/921d70d0-ebf6-4c46-ac30-b49f66777818 HTTP/1.1" status: 204 len: 168 time: 0.0274384
2026-07-22 23:18:15.738 9 INFO neutron.wsgi [None req-7524070b-75e9-4e42-9f5d-368ee4476803 30770d4c0a394ad299c2f9c5de6bbb8a 6f6e33af0f43400ca4271004f0202e83 - - default default] 10.0.0.158 "GET /v2.0/vpn/endpoint-groups HTTP/1.1" status: 200 len: 827 time: 0.0136330
2026-07-22 23:18:15.753 10 WARNING neutron_lib.context [None req-43eeb64a-596b-4ff9-8b3e-24f5fb0553bb 30770d4c0a394ad299c2f9c5de6bbb8a 6f6e33af0f43400ca4271004f0202e83 - - default default] Method 'is_advsvc' is deprecated since 2023.2 release (neutron-lib 3.8.0) and will be removed once support for the old RBAC API policies will be removed from Neutron. Please use method 'is_service_role' instead.
2026-07-22 23:18:15.804 10 INFO neutron.wsgi [None req-43eeb64a-596b-4ff9-8b3e-24f5fb0553bb 30770d4c0a394ad299c2f9c5de6bbb8a 6f6e33af0f43400ca4271004f0202e83 - - default default] 10.0.0.158 "POST /v2.0/vpn/endpoint-groups HTTP/1.1" status: 201 len: 489 time: 0.0561395
2026-07-22 23:18:15.814 10 WARNING neutron_lib.context [None req-9675abd1-75fb-40f2-b19e-b34abd6113d1 30770d4c0a394ad299c2f9c5de6bbb8a 6f6e33af0f43400ca4271004f0202e83 - - default default] Method 'is_advsvc' is deprecated since 2023.2 release (neutron-lib 3.8.0) and will be removed once support for the old RBAC API policies will be removed from Neutron. Please use method 'is_service_role' instead.
2026-07-22 23:18:15.907 10 INFO neutron.wsgi [None req-90fe81b3-9a53-47c1-b111-03bce97ace0f ebbdda3948f148a492dd875a4ced6796 f2d0a8ebe7d244c18dc84a3e8f1419b4 - - default default] 10.0.0.158 "DELETE /v2.0/security-groups/ac253936-53cd-4a1d-b211-2bfcb2f936c4 HTTP/1.1" status: 204 len: 168 time: 0.3274708
2026-07-22 23:18:15.911 10 INFO neutron.wsgi [None req-9675abd1-75fb-40f2-b19e-b34abd6113d1 30770d4c0a394ad299c2f9c5de6bbb8a 6f6e33af0f43400ca4271004f0202e83 - - default default] 10.0.0.158 "POST /v2.0/vpn/endpoint-groups HTTP/1.1" status: 201 len: 501 time: 0.1022899
2026-07-22 23:18:15.919 10 WARNING neutron_lib.context [None req-0d888d04-83b8-458a-9020-9d670e2dea40 30770d4c0a394ad299c2f9c5de6bbb8a 6f6e33af0f43400ca4271004f0202e83 - - default default] Method 'is_advsvc' is deprecated since 2023.2 release (neutron-lib 3.8.0) and will be removed once support for the old RBAC API policies will be removed from Neutron. Please use method 'is_service_role' instead.
2026-07-22 23:18:15.999 9 WARNING neutron.scheduler.dhcp_agent_scheduler [None req-9a2d2faf-bc73-49cb-8995-bb55fd79a178 ded1ad913d09455096ad1d7af1286183 3b29426218814660a282be2e0c96c1b3 - - default default] No more DHCP agents
2026-07-22 23:18:16.009 9 WARNING neutron.api.rpc.agentnotifiers.dhcp_rpc_agent_api [None req-9a2d2faf-bc73-49cb-8995-bb55fd79a178 ded1ad913d09455096ad1d7af1286183 3b29426218814660a282be2e0c96c1b3 - - default default] Unable to schedule network bf4d9735-a477-438d-a56d-0935727297ff: no agents available; will retry on subsequent port and subnet creation events.
2026-07-22 23:18:16.097 10 INFO neutron.wsgi [-] 10.0.0.178 "GET / HTTP/1.1" status: 200 len: 247 time: 0.0012808
2026-07-22 23:18:16.100 10 INFO neutron.wsgi [-] 10.0.0.178 "GET / HTTP/1.1" status: 200 len: 247 time: 0.0011902
2026-07-22 23:18:16.400 10 INFO neutron.services.segments.plugin [-] Segment 1bb019b9-aff6-4d32-ae4f-60d1a420a590 resource provider aggregate not found
2026-07-22 23:18:16.416 10 INFO neutron.services.segments.plugin [-] Segment 1bb019b9-aff6-4d32-ae4f-60d1a420a590 resource provider not found; error: Placement Client Error (4xx): {"errors": [{"status": 404, "title": "Not Found", "detail": "The resource could not be found.\n\n No resource provider with uuid 1bb019b9-aff6-4d32-ae4f-60d1a420a590 found for delete ", "request_id": "req-3fa91672-cfe1-471a-907a-4bd193ebb1f0"}]}
2026-07-22 23:18:16.416 10 INFO neutron.services.segments.plugin [-] Segment 1bb019b9-aff6-4d32-ae4f-60d1a420a590 resource provider aggregate not found
2026-07-22 23:18:16.434 10 INFO neutron.services.segments.plugin [-] Segment 1bb019b9-aff6-4d32-ae4f-60d1a420a590 resource provider not found; error: Placement Client Error (4xx): {"errors": [{"status": 404, "title": "Not Found", "detail": "The resource could not be found.\n\n No resource provider with uuid 1bb019b9-aff6-4d32-ae4f-60d1a420a590 found for delete ", "request_id": "req-883d57b6-99ff-4ee2-ae7e-d0cd013e4ca7"}]}
2026-07-22 23:18:16.584 9 INFO neutron.wsgi [None req-8d02f209-dee1-4272-a930-d56728bfb3a1 bbb5386feca548d99e0952061416e291 d8134e3f70c54c2a8f4adb2bf5e11002 - - default default] 10.0.0.158 "DELETE /v2.0/security-groups/d4a794e3-4053-448c-9ccb-43dea1c60ff6 HTTP/1.1" status: 204 len: 168 time: 0.5932524
2026-07-22 23:18:16.916 10 INFO neutron.db.ovn_revision_numbers_db [None req-0d888d04-83b8-458a-9020-9d670e2dea40 30770d4c0a394ad299c2f9c5de6bbb8a 6f6e33af0f43400ca4271004f0202e83 - - default default] Successfully bumped revision number for resource bafd0c8b-b0c3-43b5-98b0-716cb9b19b9e (type: routers) to 6
2026-07-22 23:18:16.951 10 INFO neutron.wsgi [None req-0d888d04-83b8-458a-9020-9d670e2dea40 30770d4c0a394ad299c2f9c5de6bbb8a 6f6e33af0f43400ca4271004f0202e83 - - default default] 10.0.0.158 "POST /v2.0/vpn/ipsec-site-connections HTTP/1.1" status: 201 len: 1044 time: 1.0365601
2026-07-22 23:18:17.141 9 INFO neutron.wsgi [None req-46d7de35-ae31-449f-8f98-8c0b893dd464 bbb5386feca548d99e0952061416e291 d8134e3f70c54c2a8f4adb2bf5e11002 - - default default] 10.0.0.158 "DELETE /v2.0/floatingips/80cab9ef-ffaa-43ad-aa82-167821f7c91f HTTP/1.1" status: 204 len: 168 time: 0.5215287
2026-07-22 23:18:17.268 9 INFO neutron.db.ovn_revision_numbers_db [None req-9a2d2faf-bc73-49cb-8995-bb55fd79a178 ded1ad913d09455096ad1d7af1286183 3b29426218814660a282be2e0c96c1b3 - - default default] Successfully bumped revision number for resource 2ea916f4-44ba-4be6-a639-be832411b1a8 (type: floatingips) to -1
2026-07-22 23:18:17.439 9 INFO neutron.wsgi [req-bc82644a-14cd-4046-99dc-c562e34bfc9d req-4f9c51f4-2629-41a8-802d-09e01f504b9e bbb5386feca548d99e0952061416e291 d8134e3f70c54c2a8f4adb2bf5e11002 - - default default] 10.0.0.167 "GET /v2.0/ports?device_id=24666e9e-47e8-41e2-92ef-371dcd71bfca HTTP/1.1" status: 200 len: 1174 time: 0.0463555
2026-07-22 23:18:17.462 10 INFO neutron.plugins.ml2.drivers.ovn.mech_driver.mech_driver [None req-a8bdee5e-8c9c-4de5-8966-45d7ee8c5aef - - - - - -] OVN reports status down for port: 1ef85094-c82f-4df0-b43a-d9daf928275f
2026-07-22 23:18:17.510 9 INFO neutron.db.ovn_revision_numbers_db [None req-9a2d2faf-bc73-49cb-8995-bb55fd79a178 ded1ad913d09455096ad1d7af1286183 3b29426218814660a282be2e0c96c1b3 - - default default] Successfully bumped revision number for resource 2ea916f4-44ba-4be6-a639-be832411b1a8 (type: floatingips) to 1
2026-07-22 23:18:17.510 9 INFO neutron.db.l3_db [None req-9a2d2faf-bc73-49cb-8995-bb55fd79a178 ded1ad913d09455096ad1d7af1286183 3b29426218814660a282be2e0c96c1b3 - - default default] Floating IP 2ea916f4-44ba-4be6-a639-be832411b1a8 associated. External IP: 10.96.250.216, port: bc9161a4-550a-45f6-8c3f-5b9e9c9b9fcc.
2026-07-22 23:18:17.519 9 INFO neutron.wsgi [req-bc82644a-14cd-4046-99dc-c562e34bfc9d req-6d5b30a1-6e2f-46d1-ab0c-32cc3df0aea3 bbb5386feca548d99e0952061416e291 d8134e3f70c54c2a8f4adb2bf5e11002 - - default default] 10.0.0.167 "GET /v2.0/security-groups?id=e39dc162-0e95-4dbb-a670-70402dcbb66d&fields=id&fields=name HTTP/1.1" status: 200 len: 312 time: 0.0756531
2026-07-22 23:18:17.576 9 INFO neutron.wsgi [None req-9a2d2faf-bc73-49cb-8995-bb55fd79a178 ded1ad913d09455096ad1d7af1286183 3b29426218814660a282be2e0c96c1b3 - - default default] 10.0.0.158 "POST /v2.0/floatingips HTTP/1.1" status: 201 len: 1052 time: 1.9403574
2026-07-22 23:18:17.679 9 INFO neutron.notifiers.nova [-] Nova event matching ['req-6ed4494a-c40d-4d3f-8c9d-92e65e0cba4b'] response: {'name': 'network-changed', 'server_uuid': '4f30456f-3992-4dde-a3e3-8610a19950d8', 'tag': 'bc9161a4-550a-45f6-8c3f-5b9e9c9b9fcc', 'status': 'completed', 'code': 200}
2026-07-22 23:18:17.702 10 INFO neutron.notifiers.nova [-] Nova event matching ['req-75be0467-fc3b-468d-90e4-2f0f77b9d265'] response: {'server_uuid': '24666e9e-47e8-41e2-92ef-371dcd71bfca', 'name': 'network-vif-unplugged', 'status': 'completed', 'tag': '1ef85094-c82f-4df0-b43a-d9daf928275f', 'code': 200}
2026-07-22 23:18:17.751 9 INFO neutron.wsgi [req-4f03985b-9a0f-4d7c-b35f-8ab9b716cb95 req-944fe81e-8ff6-49cb-88ec-215d20ae1031 38b7af1608ab41288e45d13e552b4b4c 9e638baa87ad423dac194c8e5e228763 - - abae589cee0a4341a3424b5ec21a2a36 abae589cee0a4341a3424b5ec21a2a36] 199.204.45.240 "GET /v2.0/ports?tenant_id=3b29426218814660a282be2e0c96c1b3&device_id=4f30456f-3992-4dde-a3e3-8610a19950d8 HTTP/1.1" status: 200 len: 1626 time: 0.0454948
2026-07-22 23:18:17.791 9 INFO neutron.wsgi [req-30c69f33-664a-4063-b2ae-4a8d1d53b3bd req-4c088db5-b07b-45be-b196-4a7252ecfa98 ded1ad913d09455096ad1d7af1286183 3b29426218814660a282be2e0c96c1b3 - - default default] 10.0.0.167 "GET /v2.0/security-groups?name=tempest-lb_member_SG-1176194181&fields=id&tenant_id=3b29426218814660a282be2e0c96c1b3 HTTP/1.1" status: 200 len: 267 time: 0.1034882
2026-07-22 23:18:17.851 9 INFO neutron.wsgi [req-4f03985b-9a0f-4d7c-b35f-8ab9b716cb95 req-9fcfba29-b767-4290-84b7-4c7c4a632e89 38b7af1608ab41288e45d13e552b4b4c 9e638baa87ad423dac194c8e5e228763 - - abae589cee0a4341a3424b5ec21a2a36 abae589cee0a4341a3424b5ec21a2a36] 199.204.45.240 "GET /v2.0/networks?id=e69d52fe-82b3-4b8d-bf17-83a9325fb50d HTTP/1.1" status: 200 len: 1002 time: 0.0945396
2026-07-22 23:18:17.884 10 INFO neutron.db.ovn_revision_numbers_db [None req-da3db123-95d4-468c-942f-9ef6fa962a97 30770d4c0a394ad299c2f9c5de6bbb8a 6f6e33af0f43400ca4271004f0202e83 - - default default] Successfully bumped revision number for resource bafd0c8b-b0c3-43b5-98b0-716cb9b19b9e (type: routers) to 7
2026-07-22 23:18:17.899 10 INFO neutron.wsgi [req-5d4ac628-570d-4785-98c8-29253b0df4c4 req-fcc14385-593c-418f-a93e-23f6d8aa981c bbb5386feca548d99e0952061416e291 d8134e3f70c54c2a8f4adb2bf5e11002 - - default default] 199.204.45.240 "GET /v2.0/ports?device_id=24666e9e-47e8-41e2-92ef-371dcd71bfca HTTP/1.1" status: 200 len: 1172 time: 0.1559494
2026-07-22 23:18:17.905 9 INFO neutron.wsgi [req-30c69f33-664a-4063-b2ae-4a8d1d53b3bd req-473b3dfa-1194-4fb5-a8ad-7953e6c639a2 ded1ad913d09455096ad1d7af1286183 3b29426218814660a282be2e0c96c1b3 - - default default] 10.0.0.167 "GET /v2.0/networks?id=d943e552-d93b-45a5-8c7c-e9449afb28b7 HTTP/1.1" status: 200 len: 902 time: 0.1046004
2026-07-22 23:18:17.936 9 INFO neutron.wsgi [req-30c69f33-664a-4063-b2ae-4a8d1d53b3bd req-535abc52-5136-4bb3-96b4-ab6eb4d17aa8 ded1ad913d09455096ad1d7af1286183 3b29426218814660a282be2e0c96c1b3 - - default default] 10.0.0.167 "GET /v2.0/quotas/3b29426218814660a282be2e0c96c1b3 HTTP/1.1" status: 200 len: 491 time: 0.0216284
2026-07-22 23:18:17.938 9 INFO neutron.wsgi [req-4f03985b-9a0f-4d7c-b35f-8ab9b716cb95 req-404e8a36-15ff-4a73-ae9a-d2495654b008 38b7af1608ab41288e45d13e552b4b4c 9e638baa87ad423dac194c8e5e228763 - - abae589cee0a4341a3424b5ec21a2a36 abae589cee0a4341a3424b5ec21a2a36] 199.204.45.240 "GET /v2.0/floatingips?fixed_ip_address=10.2.1.7&port_id=bc9161a4-550a-45f6-8c3f-5b9e9c9b9fcc HTTP/1.1" status: 200 len: 1057 time: 0.0770271
2026-07-22 23:18:17.949 10 INFO neutron.wsgi [None req-da3db123-95d4-468c-942f-9ef6fa962a97 30770d4c0a394ad299c2f9c5de6bbb8a 6f6e33af0f43400ca4271004f0202e83 - - default default] 10.0.0.158 "DELETE /v2.0/vpn/ipsec-site-connections/b8e69205-9a1e-49cb-b58b-2ea49c5d78da HTTP/1.1" status: 204 len: 168 time: 0.9864192
2026-07-22 23:18:17.975 10 INFO neutron.db.ovn_revision_numbers_db [None req-a8bdee5e-8c9c-4de5-8966-45d7ee8c5aef - - - - - -] Successfully bumped revision number for resource 1ef85094-c82f-4df0-b43a-d9daf928275f (type: ports) to 5
2026-07-22 23:18:17.983 9 INFO neutron.wsgi [None req-c527a059-f677-447a-83d7-892b8d92a96f 30770d4c0a394ad299c2f9c5de6bbb8a 6f6e33af0f43400ca4271004f0202e83 - - default default] 10.0.0.158 "GET /v2.0/vpn/ipsec-site-connections HTTP/1.1" status: 200 len: 989 time: 0.0221388
2026-07-22 23:18:17.986 9 INFO neutron.wsgi [req-4f03985b-9a0f-4d7c-b35f-8ab9b716cb95 req-707f281e-5fe3-4252-b2f6-de2276cf590d 38b7af1608ab41288e45d13e552b4b4c 9e638baa87ad423dac194c8e5e228763 - - abae589cee0a4341a3424b5ec21a2a36 abae589cee0a4341a3424b5ec21a2a36] 199.204.45.240 "GET /v2.0/floatingips?fixed_ip_address=fd7b%3Af9f7%3Afff%3A4eca%3A%3A2d&port_id=bc9161a4-550a-45f6-8c3f-5b9e9c9b9fcc HTTP/1.1" status: 200 len: 217 time: 0.0393357
2026-07-22 23:18:18.012 9 INFO neutron.api.v2.resource [None req-abd6886a-e7be-4a51-a889-05db22223a13 30770d4c0a394ad299c2f9c5de6bbb8a 6f6e33af0f43400ca4271004f0202e83 - - default default] delete failed (client error): The resource could not be found.
2026-07-22 23:18:18.013 9 INFO neutron.wsgi [None req-abd6886a-e7be-4a51-a889-05db22223a13 30770d4c0a394ad299c2f9c5de6bbb8a 6f6e33af0f43400ca4271004f0202e83 - - default default] 10.0.0.158 "DELETE /v2.0/vpn/ipsec-site-connections/b8e69205-9a1e-49cb-b58b-2ea49c5d78da HTTP/1.1" status: 404 len: 355 time: 0.0215342
2026-07-22 23:18:18.036 9 INFO neutron.wsgi [None req-87495e64-948b-437c-9205-f510de21f90b 30770d4c0a394ad299c2f9c5de6bbb8a 6f6e33af0f43400ca4271004f0202e83 - - default default] 10.0.0.158 "GET /v2.0/vpn/endpoint-groups HTTP/1.1" status: 200 len: 1384 time: 0.0152073
2026-07-22 23:18:18.056 9 INFO neutron.wsgi [req-4f03985b-9a0f-4d7c-b35f-8ab9b716cb95 req-7e19e513-7748-43ec-946b-343f6df2dd32 38b7af1608ab41288e45d13e552b4b4c 9e638baa87ad423dac194c8e5e228763 - - abae589cee0a4341a3424b5ec21a2a36 abae589cee0a4341a3424b5ec21a2a36] 199.204.45.240 "GET /v2.0/subnets?id=d48147c5-16aa-45a2-a99a-7f1b3a3e1a36&id=84406956-76c2-4b96-a764-de2bd61b9cd9 HTTP/1.1" status: 200 len: 1562 time: 0.0617507
2026-07-22 23:18:18.084 10 INFO neutron.wsgi [None req-4e5c536c-3783-4a0e-bf07-5b4f35118f2a 30770d4c0a394ad299c2f9c5de6bbb8a 6f6e33af0f43400ca4271004f0202e83 - - default default] 10.0.0.158 "DELETE /v2.0/vpn/endpoint-groups/ffbcccad-21b0-4669-9c53-49831c05d3eb HTTP/1.1" status: 204 len: 168 time: 0.0418174
