2026-07-22 23:18:48.940 9 INFO neutron.db.ovn_revision_numbers_db [None req-ccfdf222-7bfd-40e4-9c67-4f215a9c9985 6aae78f121f0445ca814a71e5ec2f14e e4acb27cabdd4051950b84d3c4ceadd0 - - default default] Successfully bumped revision number for resource 9919dedd-29d0-42f1-9972-2e564237a1cb (type: security_group_rules) to 0
2026-07-22 23:18:48.965 9 INFO neutron.wsgi [None req-ccfdf222-7bfd-40e4-9c67-4f215a9c9985 6aae78f121f0445ca814a71e5ec2f14e e4acb27cabdd4051950b84d3c4ceadd0 - - default default] 10.0.0.158 "POST /v2.0/security-groups HTTP/1.1" status: 201 len: 1875 time: 0.2757602
2026-07-22 23:18:48.977 9 WARNING neutron_lib.context [None req-43e230d8-d7ba-42d7-acac-fbf457bc6d12 6aae78f121f0445ca814a71e5ec2f14e e4acb27cabdd4051950b84d3c4ceadd0 - - default default] Method 'is_advsvc' is deprecated since 2023.2 release (neutron-lib 3.8.0) and will be removed once support for the old RBAC API policies will be removed from Neutron. Please use method 'is_service_role' instead.
2026-07-22 23:18:49.066 9 INFO neutron.wsgi [None req-26480e2e-7adb-4cb3-b2b7-e0ac1ed10dfd ebbdda3948f148a492dd875a4ced6796 f2d0a8ebe7d244c18dc84a3e8f1419b4 - - default default] 199.204.45.240 "GET /v2.0/extensions/security-group HTTP/1.1" status: 200 len: 369 time: 0.0700402
2026-07-22 23:18:49.078 9 INFO neutron.wsgi [None req-6cfa33e0-a5bd-4628-a88b-d6eb5acef847 ebbdda3948f148a492dd875a4ced6796 f2d0a8ebe7d244c18dc84a3e8f1419b4 - - default default] 199.204.45.240 "GET /v2.0/extensions/dns-integration HTTP/1.1" status: 200 len: 371 time: 0.0044799
2026-07-22 23:18:49.088 9 INFO neutron.wsgi [None req-52ab7fe3-b464-4c84-9e60-ec3aa6ae9e2e ebbdda3948f148a492dd875a4ced6796 f2d0a8ebe7d244c18dc84a3e8f1419b4 - - default default] 199.204.45.240 "GET /v2.0/extensions/qos HTTP/1.1" status: 200 len: 365 time: 0.0055678
2026-07-22 23:18:49.104 9 INFO neutron.wsgi [None req-f2a0d811-564a-481c-a9f7-906f1a86234d ebbdda3948f148a492dd875a4ced6796 f2d0a8ebe7d244c18dc84a3e8f1419b4 - - default default] 199.204.45.240 "GET /v2.0/extensions/allowed-address-pairs HTTP/1.1" status: 200 len: 383 time: 0.0061722
2026-07-22 23:18:49.161 9 INFO neutron.wsgi [None req-3b664e98-e98f-4b82-8df6-e914906673c8 ebbdda3948f148a492dd875a4ced6796 f2d0a8ebe7d244c18dc84a3e8f1419b4 - - default default] 199.204.45.240 "GET /v2.0/ports/acaa288c-e376-4920-8a7d-caeed97732e5 HTTP/1.1" status: 200 len: 1328 time: 0.0494678
2026-07-22 23:18:49.227 9 INFO neutron.db.ovn_revision_numbers_db [None req-43e230d8-d7ba-42d7-acac-fbf457bc6d12 6aae78f121f0445ca814a71e5ec2f14e e4acb27cabdd4051950b84d3c4ceadd0 - - default default] Successfully bumped revision number for resource 3d6e388a-21ca-4658-839d-5e59aeb624fc (type: security_group_rules) to 0
2026-07-22 23:18:49.277 9 INFO neutron.wsgi [None req-43e230d8-d7ba-42d7-acac-fbf457bc6d12 6aae78f121f0445ca814a71e5ec2f14e e4acb27cabdd4051950b84d3c4ceadd0 - - default default] 10.0.0.158 "POST /v2.0/security-group-rules HTTP/1.1" status: 201 len: 796 time: 0.3036852
2026-07-22 23:18:49.286 10 INFO neutron.wsgi [None req-e0e75f48-f01e-4b92-bfa7-ac7bf6162493 f6aabc31f41c4190a83c901a5cdb51a7 7f935bfeb4a84a2897ca78207944b99f - - default default] 10.0.0.158 "DELETE /v2.0/networks/db0efa79-c1bd-4a28-b57d-613c684a15f6 HTTP/1.1" status: 204 len: 168 time: 0.6244574
2026-07-22 23:18:49.294 9 WARNING neutron_lib.context [None req-c0ce114f-82d4-4c2b-b5a0-62d8aa8dbf77 6aae78f121f0445ca814a71e5ec2f14e e4acb27cabdd4051950b84d3c4ceadd0 - - default default] Method 'is_advsvc' is deprecated since 2023.2 release (neutron-lib 3.8.0) and will be removed once support for the old RBAC API policies will be removed from Neutron. Please use method 'is_service_role' instead.
2026-07-22 23:18:49.451 9 INFO neutron.wsgi [None req-00418b88-2a02-4f8a-92af-e2aca527dff2 ebbdda3948f148a492dd875a4ced6796 f2d0a8ebe7d244c18dc84a3e8f1419b4 - - default default] 199.204.45.240 "GET /v2.0/extensions/security-group HTTP/1.1" status: 200 len: 369 time: 0.0042853
2026-07-22 23:18:49.458 9 INFO neutron.services.segments.plugin [-] Segment 94f9d041-d64c-4bb7-a497-37d907bed2d9 resource provider aggregate not found
2026-07-22 23:18:49.465 9 INFO neutron.services.segments.plugin [-] Segment 94f9d041-d64c-4bb7-a497-37d907bed2d9 resource provider aggregate not found
2026-07-22 23:18:49.472 9 INFO neutron.wsgi [None req-f57d1497-9b12-41e2-b4b0-1e897d875726 ebbdda3948f148a492dd875a4ced6796 f2d0a8ebe7d244c18dc84a3e8f1419b4 - - default default] 199.204.45.240 "GET /v2.0/extensions/dns-integration HTTP/1.1" status: 200 len: 371 time: 0.0082219
2026-07-22 23:18:49.477 9 INFO neutron.services.segments.plugin [-] Segment 94f9d041-d64c-4bb7-a497-37d907bed2d9 resource provider not found; error: Placement Client Error (4xx): {"errors": [{"status": 404, "title": "Not Found", "detail": "The resource could not be found.\n\n No resource provider with uuid 94f9d041-d64c-4bb7-a497-37d907bed2d9 found for delete ", "request_id": "req-132072ed-8e97-4a01-85bd-ab44577a1cd4"}]}
2026-07-22 23:18:49.490 9 INFO neutron.wsgi [None req-c66e9295-2d86-4b18-909d-674b586c9a8f ebbdda3948f148a492dd875a4ced6796 f2d0a8ebe7d244c18dc84a3e8f1419b4 - - default default] 199.204.45.240 "GET /v2.0/extensions/qos HTTP/1.1" status: 200 len: 365 time: 0.0084438
2026-07-22 23:18:49.493 9 INFO neutron.services.segments.plugin [-] Segment 94f9d041-d64c-4bb7-a497-37d907bed2d9 resource provider not found; error: Placement Client Error (4xx): {"errors": [{"status": 404, "title": "Not Found", "detail": "The resource could not be found.\n\n No resource provider with uuid 94f9d041-d64c-4bb7-a497-37d907bed2d9 found for delete ", "request_id": "req-e57a27c5-e5ee-4118-8e61-7e1508ec77f6"}]}
2026-07-22 23:18:49.502 9 INFO neutron.wsgi [None req-d070fb69-9157-4d56-9274-082872ee09a4 ebbdda3948f148a492dd875a4ced6796 f2d0a8ebe7d244c18dc84a3e8f1419b4 - - default default] 199.204.45.240 "GET /v2.0/extensions/allowed-address-pairs HTTP/1.1" status: 200 len: 383 time: 0.0043521
2026-07-22 23:18:49.509 9 INFO neutron.db.ovn_revision_numbers_db [None req-c0ce114f-82d4-4c2b-b5a0-62d8aa8dbf77 6aae78f121f0445ca814a71e5ec2f14e e4acb27cabdd4051950b84d3c4ceadd0 - - default default] Successfully bumped revision number for resource fe96aee6-442e-44bd-b18e-d96465d9ec86 (type: security_group_rules) to 0
2026-07-22 23:18:49.531 9 INFO neutron.api.v2.resource [None req-c9ce6d95-2906-4cdb-b88b-6e54192abcd3 ebbdda3948f148a492dd875a4ced6796 f2d0a8ebe7d244c18dc84a3e8f1419b4 - - default default] show failed (client error): The resource could not be found.
2026-07-22 23:18:49.532 9 INFO neutron.wsgi [None req-c9ce6d95-2906-4cdb-b88b-6e54192abcd3 ebbdda3948f148a492dd875a4ced6796 f2d0a8ebe7d244c18dc84a3e8f1419b4 - - default default] 199.204.45.240 "GET /v2.0/security-groups/lb-17d1dcb2-ce39-4de4-974a-9e68d1b9d16e HTTP/1.1" status: 404 len: 355 time: 0.0193028
2026-07-22 23:18:49.556 9 INFO neutron.wsgi [None req-c0ce114f-82d4-4c2b-b5a0-62d8aa8dbf77 6aae78f121f0445ca814a71e5ec2f14e e4acb27cabdd4051950b84d3c4ceadd0 - - default default] 10.0.0.158 "POST /v2.0/security-group-rules HTTP/1.1" status: 201 len: 795 time: 0.2687898
2026-07-22 23:18:49.579 10 WARNING neutron_lib.context [None req-5cb6f743-12d7-4308-b15a-c79af51ea79c 6aae78f121f0445ca814a71e5ec2f14e e4acb27cabdd4051950b84d3c4ceadd0 - - default default] Method 'is_advsvc' is deprecated since 2023.2 release (neutron-lib 3.8.0) and will be removed once support for the old RBAC API policies will be removed from Neutron. Please use method 'is_service_role' instead.
2026-07-22 23:18:49.589 9 INFO neutron.wsgi [None req-965e6501-9b97-4785-9a48-9844adc39011 ebbdda3948f148a492dd875a4ced6796 f2d0a8ebe7d244c18dc84a3e8f1419b4 - - default default] 199.204.45.240 "GET /v2.0/security-groups?name=lb-17d1dcb2-ce39-4de4-974a-9e68d1b9d16e HTTP/1.1" status: 200 len: 221 time: 0.0492301
2026-07-22 23:18:49.595 9 INFO neutron.wsgi [None req-67dea69c-b6c6-4a38-9ba8-bc15098e836c 731815ce213b4b328bc4526a8be4c3da 7c02c15da28440628067cc85609a1486 - - default default] 10.0.0.158 "DELETE /v2.0/networks/743dc6bd-08fe-4108-a20f-7b3f6d0836cd HTTP/1.1" status: 204 len: 168 time: 0.8516324
2026-07-22 23:18:49.753 9 INFO neutron.db.ovn_revision_numbers_db [None req-d8045793-df99-4cba-af74-9a6d8592f695 ebbdda3948f148a492dd875a4ced6796 f2d0a8ebe7d244c18dc84a3e8f1419b4 - - default default] Successfully bumped revision number for resource a0b02364-7f2e-4107-9f39-930716b16170 (type: security_groups) to 1
2026-07-22 23:18:49.770 9 INFO neutron.db.ovn_revision_numbers_db [None req-d8045793-df99-4cba-af74-9a6d8592f695 ebbdda3948f148a492dd875a4ced6796 f2d0a8ebe7d244c18dc84a3e8f1419b4 - - default default] Successfully bumped revision number for resource 3d19d007-2632-4a8e-ab17-63a977e01bb8 (type: security_group_rules) to 0
2026-07-22 23:18:49.785 9 INFO neutron.db.ovn_revision_numbers_db [None req-d8045793-df99-4cba-af74-9a6d8592f695 ebbdda3948f148a492dd875a4ced6796 f2d0a8ebe7d244c18dc84a3e8f1419b4 - - default default] Successfully bumped revision number for resource 46afcd2d-0c1a-40af-af5b-3c0febe8de29 (type: security_group_rules) to 0
2026-07-22 23:18:49.804 9 INFO neutron.wsgi [None req-d8045793-df99-4cba-af74-9a6d8592f695 ebbdda3948f148a492dd875a4ced6796 f2d0a8ebe7d244c18dc84a3e8f1419b4 - - default default] 199.204.45.240 "POST /v2.0/security-groups HTTP/1.1" status: 201 len: 1843 time: 0.2007158
2026-07-22 23:18:49.873 9 INFO neutron.wsgi [None req-2aed9caf-f896-4ecd-9ccd-05b1b9df6b60 ebbdda3948f148a492dd875a4ced6796 f2d0a8ebe7d244c18dc84a3e8f1419b4 - - default default] 199.204.45.240 "GET /v2.0/security-group-rules?security_group_id=a0b02364-7f2e-4107-9f39-930716b16170 HTTP/1.1" status: 200 len: 1382 time: 0.0620637
2026-07-22 23:18:49.915 10 INFO neutron.wsgi [None req-82a4f456-3521-4bef-b17d-c2498f95bce3 f6aabc31f41c4190a83c901a5cdb51a7 7f935bfeb4a84a2897ca78207944b99f - - default default] 10.0.0.158 "DELETE /v2.0/networks/1a3d5ee1-4d16-4eec-bac8-6eb21171294c HTTP/1.1" status: 204 len: 168 time: 0.6232181
2026-07-22 23:18:49.927 10 INFO neutron.db.ovn_revision_numbers_db [None req-5cb6f743-12d7-4308-b15a-c79af51ea79c 6aae78f121f0445ca814a71e5ec2f14e e4acb27cabdd4051950b84d3c4ceadd0 - - default default] Successfully bumped revision number for resource 2f90408d-dd7e-446a-9d8e-9d72518e4373 (type: security_group_rules) to 0
2026-07-22 23:18:49.981 10 INFO neutron.wsgi [None req-5cb6f743-12d7-4308-b15a-c79af51ea79c 6aae78f121f0445ca814a71e5ec2f14e e4acb27cabdd4051950b84d3c4ceadd0 - - default default] 10.0.0.158 "POST /v2.0/security-group-rules HTTP/1.1" status: 201 len: 801 time: 0.4176059
2026-07-22 23:18:49.990 10 WARNING neutron_lib.context [None req-e35db6bc-fec0-4f69-8251-3341146efbec 6aae78f121f0445ca814a71e5ec2f14e e4acb27cabdd4051950b84d3c4ceadd0 - - default default] Method 'is_advsvc' is deprecated since 2023.2 release (neutron-lib 3.8.0) and will be removed once support for the old RBAC API policies will be removed from Neutron. Please use method 'is_service_role' instead.
2026-07-22 23:18:50.143 10 INFO neutron.services.segments.plugin [-] Segment 4be5c4f2-1759-4764-8bef-3709779245eb resource provider aggregate not found
2026-07-22 23:18:50.178 10 INFO neutron.services.segments.plugin [-] Segment 4be5c4f2-1759-4764-8bef-3709779245eb resource provider not found; error: Placement Client Error (4xx): {"errors": [{"status": 404, "title": "Not Found", "detail": "The resource could not be found.\n\n No resource provider with uuid 4be5c4f2-1759-4764-8bef-3709779245eb found for delete ", "request_id": "req-bb4428c4-8a86-40af-a452-e3cb61eb696b"}]}
2026-07-22 23:18:50.190 10 INFO neutron.db.ovn_revision_numbers_db [None req-e35db6bc-fec0-4f69-8251-3341146efbec 6aae78f121f0445ca814a71e5ec2f14e e4acb27cabdd4051950b84d3c4ceadd0 - - default default] Successfully bumped revision number for resource 190a0733-b65e-430e-bbed-c54b90913a31 (type: security_group_rules) to 0
2026-07-22 23:18:50.196 10 INFO neutron.services.segments.plugin [-] Segment 67559bc8-49e7-4693-9fdf-d1a713a1151d resource provider aggregate not found
2026-07-22 23:18:50.220 10 INFO neutron.services.segments.plugin [-] Segment 67559bc8-49e7-4693-9fdf-d1a713a1151d resource provider not found; error: Placement Client Error (4xx): {"errors": [{"status": 404, "title": "Not Found", "detail": "The resource could not be found.\n\n No resource provider with uuid 67559bc8-49e7-4693-9fdf-d1a713a1151d found for delete ", "request_id": "req-c4ec7032-0b07-42cb-bccd-7366a5a7c028"}]}
2026-07-22 23:18:50.242 10 INFO neutron.services.segments.plugin [-] Segment 4be5c4f2-1759-4764-8bef-3709779245eb resource provider aggregate not found
2026-07-22 23:18:50.251 10 INFO neutron.wsgi [None req-e35db6bc-fec0-4f69-8251-3341146efbec 6aae78f121f0445ca814a71e5ec2f14e e4acb27cabdd4051950b84d3c4ceadd0 - - default default] 10.0.0.158 "POST /v2.0/security-group-rules HTTP/1.1" status: 201 len: 800 time: 0.2652881
2026-07-22 23:18:50.260 10 INFO neutron.services.segments.plugin [-] Segment 4be5c4f2-1759-4764-8bef-3709779245eb resource provider not found; error: Placement Client Error (4xx): {"errors": [{"status": 404, "title": "Not Found", "detail": "The resource could not be found.\n\n No resource provider with uuid 4be5c4f2-1759-4764-8bef-3709779245eb found for delete ", "request_id": "req-c2b37791-d393-4a6d-92d4-6db3135a567f"}]} /var/lib/openstack/lib/python3.10/site-packages/pycadf/identifier.py:71: UserWarning: Invalid uuid: neutron. To ensure interoperability, identifiers should be a valid uuid. warnings.warn(('Invalid uuid: %s. To ensure interoperability, '
2026-07-22 23:18:50.264 9 WARNING neutron_lib.context [None req-a9512139-650b-44cd-b6b2-c49aee316bf1 6aae78f121f0445ca814a71e5ec2f14e e4acb27cabdd4051950b84d3c4ceadd0 - - default default] Method 'is_advsvc' is deprecated since 2023.2 release (neutron-lib 3.8.0) and will be removed once support for the old RBAC API policies will be removed from Neutron. Please use method 'is_service_role' instead.
2026-07-22 23:18:50.282 10 INFO neutron.services.segments.plugin [-] Segment 67559bc8-49e7-4693-9fdf-d1a713a1151d resource provider aggregate not found
2026-07-22 23:18:50.308 10 INFO neutron.services.segments.plugin [-] Segment 67559bc8-49e7-4693-9fdf-d1a713a1151d resource provider not found; error: Placement Client Error (4xx): {"errors": [{"status": 404, "title": "Not Found", "detail": "The resource could not be found.\n\n No resource provider with uuid 67559bc8-49e7-4693-9fdf-d1a713a1151d found for delete ", "request_id": "req-160053e6-40d0-43ea-8555-1b4419f69188"}]}
2026-07-22 23:18:50.333 9 INFO neutron.db.securitygroups_db [None req-a9512139-650b-44cd-b6b2-c49aee316bf1 6aae78f121f0445ca814a71e5ec2f14e e4acb27cabdd4051950b84d3c4ceadd0 - - default default] Project e4acb27cabdd4051950b84d3c4ceadd0 added a security group rule with legacy IPv6 ICMP protocol name icmp, ipv6-icmp should be used instead. It was automatically converted.
2026-07-22 23:18:50.336 9 INFO neutron.db.ovn_revision_numbers_db [None req-c8546f98-17ed-4804-ae28-dde77c9cb6d0 ebbdda3948f148a492dd875a4ced6796 f2d0a8ebe7d244c18dc84a3e8f1419b4 - - default default] Successfully bumped revision number for resource acaa288c-e376-4920-8a7d-caeed97732e5 (type: ports) to 2
2026-07-22 23:18:50.355 9 INFO neutron.wsgi [None req-c8546f98-17ed-4804-ae28-dde77c9cb6d0 ebbdda3948f148a492dd875a4ced6796 f2d0a8ebe7d244c18dc84a3e8f1419b4 - - default default] 199.204.45.240 "PUT /v2.0/ports/acaa288c-e376-4920-8a7d-caeed97732e5 HTTP/1.1" status: 200 len: 1328 time: 0.4655945
2026-07-22 23:18:50.443 9 INFO neutron.wsgi [None req-4a6558ae-2b3f-4273-8dd3-a71f76bdfa8c ebbdda3948f148a492dd875a4ced6796 f2d0a8ebe7d244c18dc84a3e8f1419b4 - - default default] 199.204.45.240 "GET /v2.0/extensions/security-group HTTP/1.1" status: 200 len: 369 time: 0.0045648
2026-07-22 23:18:50.450 9 INFO neutron.wsgi [None req-9bfab420-2157-41f6-997c-40aee07a813b ebbdda3948f148a492dd875a4ced6796 f2d0a8ebe7d244c18dc84a3e8f1419b4 - - default default] 199.204.45.240 "GET /v2.0/extensions/dns-integration HTTP/1.1" status: 200 len: 371 time: 0.0034680
2026-07-22 23:18:50.457 9 INFO neutron.wsgi [None req-4b3fa6dd-3840-499e-9c15-7ad626ebed00 ebbdda3948f148a492dd875a4ced6796 f2d0a8ebe7d244c18dc84a3e8f1419b4 - - default default] 199.204.45.240 "GET /v2.0/extensions/qos HTTP/1.1" status: 200 len: 365 time: 0.0033135
2026-07-22 23:18:50.460 9 INFO neutron.db.ovn_revision_numbers_db [None req-a9512139-650b-44cd-b6b2-c49aee316bf1 6aae78f121f0445ca814a71e5ec2f14e e4acb27cabdd4051950b84d3c4ceadd0 - - default default] Successfully bumped revision number for resource 3f1c0b1c-e335-4bce-a9a3-17e518121e19 (type: security_group_rules) to 0
2026-07-22 23:18:50.469 9 INFO neutron.wsgi [None req-aba3dd5a-439f-4281-a40d-5f68d0f66c9d ebbdda3948f148a492dd875a4ced6796 f2d0a8ebe7d244c18dc84a3e8f1419b4 - - default default] 199.204.45.240 "GET /v2.0/extensions/allowed-address-pairs HTTP/1.1" status: 200 len: 383 time: 0.0065341
2026-07-22 23:18:50.503 9 INFO neutron.wsgi [None req-a9512139-650b-44cd-b6b2-c49aee316bf1 6aae78f121f0445ca814a71e5ec2f14e e4acb27cabdd4051950b84d3c4ceadd0 - - default default] 10.0.0.158 "POST /v2.0/security-group-rules HTTP/1.1" status: 201 len: 806 time: 0.2459340
2026-07-22 23:18:50.506 9 INFO neutron.wsgi [None req-fbbbf393-a223-4b8b-b9c9-a42571687ee8 ebbdda3948f148a492dd875a4ced6796 f2d0a8ebe7d244c18dc84a3e8f1419b4 - - default default] 199.204.45.240 "GET /v2.0/subnets/4af02106-d347-494a-9b23-19728efca708 HTTP/1.1" status: 200 len: 851 time: 0.0323608
2026-07-22 23:18:50.511 9 WARNING neutron_lib.context [None req-b37b6f52-943d-476a-8ee5-ef3bd1deff6c 6aae78f121f0445ca814a71e5ec2f14e e4acb27cabdd4051950b84d3c4ceadd0 - - default default] Method 'is_advsvc' is deprecated since 2023.2 release (neutron-lib 3.8.0) and will be removed once support for the old RBAC API policies will be removed from Neutron. Please use method 'is_service_role' instead.
2026-07-22 23:18:50.552 9 INFO neutron.db.securitygroups_db [None req-b37b6f52-943d-476a-8ee5-ef3bd1deff6c 6aae78f121f0445ca814a71e5ec2f14e e4acb27cabdd4051950b84d3c4ceadd0 - - default default] Project e4acb27cabdd4051950b84d3c4ceadd0 added a security group rule with legacy IPv6 ICMP protocol name icmp, ipv6-icmp should be used instead. It was automatically converted.
2026-07-22 23:18:50.670 9 INFO neutron.db.ovn_revision_numbers_db [None req-b37b6f52-943d-476a-8ee5-ef3bd1deff6c 6aae78f121f0445ca814a71e5ec2f14e e4acb27cabdd4051950b84d3c4ceadd0 - - default default] Successfully bumped revision number for resource 14735926-b945-4e8f-b8b2-5da9db5c6084 (type: security_group_rules) to 0
2026-07-22 23:18:50.671 10 INFO neutron.wsgi [None req-58cc49e5-9bb9-425d-87eb-316928403587 731815ce213b4b328bc4526a8be4c3da 7c02c15da28440628067cc85609a1486 - - default default] 10.0.0.158 "DELETE /v2.0/routers/ac2e226e-0fb7-45ac-9db4-19643ebc2972 HTTP/1.1" status: 204 len: 168 time: 1.0659237
2026-07-22 23:18:50.680 10 WARNING neutron.api.v2.base [None req-11c5640d-edaa-455e-96ac-2a8d23a56a7b 30770d4c0a394ad299c2f9c5de6bbb8a 6f6e33af0f43400ca4271004f0202e83 - - default default] An exception happened while processing the request body. The exception message is [Invalid input for description. Reason: 'yyyyyyyyyyyyyyyyyyyyyyyyyyyyyyyyyyyyyyyyyyyyyyyyyyyyyyyyyyyyyyyyyyyyyyyyyyyyyyyyyyyyyyyyyyyyyyyyyyyyyyyyyyyyyyyyyyyyyyyyyyyyyyyyyyyyyyyyyyyyyyyyyyyyyyyyyyyyyyyyyyyyyyyyyyyyyyyyyyyyyyyyyyyyyyyyyyyyyyyyyyyyyyyyyyyyyyyyyyyyyyyyyyyyyyyyyyyyyyyyyyyyyyyyyyyyyyyy' exceeds maximum length of 255.].: webob.exc.HTTPBadRequest: Invalid input for description. Reason: 'yyyyyyyyyyyyyyyyyyyyyyyyyyyyyyyyyyyyyyyyyyyyyyyyyyyyyyyyyyyyyyyyyyyyyyyyyyyyyyyyyyyyyyyyyyyyyyyyyyyyyyyyyyyyyyyyyyyyyyyyyyyyyyyyyyyyyyyyyyyyyyyyyyyyyyyyyyyyyyyyyyyyyyyyyyyyyyyyyyyyyyyyyyyyyyyyyyyyyyyyyyyyyyyyyyyyyyyyyyyyyyyyyyyyyyyyyyyyyyyyyyyyyyyyyyyyyyyy' exceeds maximum length of 255.
2026-07-22 23:18:50.681 10 INFO neutron.api.v2.resource [None req-11c5640d-edaa-455e-96ac-2a8d23a56a7b 30770d4c0a394ad299c2f9c5de6bbb8a 6f6e33af0f43400ca4271004f0202e83 - - default default] create failed (client error): Invalid input for description. Reason: 'yyyyyyyyyyyyyyyyyyyyyyyyyyyyyyyyyyyyyyyyyyyyyyyyyyyyyyyyyyyyyyyyyyyyyyyyyyyyyyyyyyyyyyyyyyyyyyyyyyyyyyyyyyyyyyyyyyyyyyyyyyyyyyyyyyyyyyyyyyyyyyyyyyyyyyyyyyyyyyyyyyyyyyyyyyyyyyyyyyyyyyyyyyyyyyyyyyyyyyyyyyyyyyyyyyyyyyyyyyyyyyyyyyyyyyyyyyyyyyyyyyyyyyyyyyyyyyyy' exceeds maximum length of 255.
2026-07-22 23:18:50.682 10 INFO neutron.wsgi [None req-11c5640d-edaa-455e-96ac-2a8d23a56a7b 30770d4c0a394ad299c2f9c5de6bbb8a 6f6e33af0f43400ca4271004f0202e83 - - default default] 10.0.0.158 "POST /v2.0/vpn/vpnservices HTTP/1.1" status: 400 len: 604 time: 0.0066595
2026-07-22 23:18:50.695 10 WARNING neutron.api.v2.base [None req-d31a991a-9a19-44d0-92a0-442932324c64 30770d4c0a394ad299c2f9c5de6bbb8a 6f6e33af0f43400ca4271004f0202e83 - - default default] An exception happened while processing the request body. The exception message is [Invalid input for name. Reason: 'xxxxxxxxxxxxxxxxxxxxxxxxxxxxxxxxxxxxxxxxxxxxxxxxxxxxxxxxxxxxxxxxxxxxxxxxxxxxxxxxxxxxxxxxxxxxxxxxxxxxxxxxxxxxxxxxxxxxxxxxxxxxxxxxxxxxxxxxxxxxxxxxxxxxxxxxxxxxxxxxxxxxxxxxxxxxxxxxxxxxxxxxxxxxxxxxxxxxxxxxxxxxxxxxxxxxxxxxxxxxxxxxxxxxxxxxxxxxxxxxxxxxxxxxxxxxxxxx' exceeds maximum length of 255.].: webob.exc.HTTPBadRequest: Invalid input for name. Reason: 'xxxxxxxxxxxxxxxxxxxxxxxxxxxxxxxxxxxxxxxxxxxxxxxxxxxxxxxxxxxxxxxxxxxxxxxxxxxxxxxxxxxxxxxxxxxxxxxxxxxxxxxxxxxxxxxxxxxxxxxxxxxxxxxxxxxxxxxxxxxxxxxxxxxxxxxxxxxxxxxxxxxxxxxxxxxxxxxxxxxxxxxxxxxxxxxxxxxxxxxxxxxxxxxxxxxxxxxxxxxxxxxxxxxxxxxxxxxxxxxxxxxxxxxxxxxxxxxx' exceeds maximum length of 255.
2026-07-22 23:18:50.696 9 INFO neutron.wsgi [None req-b37b6f52-943d-476a-8ee5-ef3bd1deff6c 6aae78f121f0445ca814a71e5ec2f14e e4acb27cabdd4051950b84d3c4ceadd0 - - default default] 10.0.0.158 "POST /v2.0/security-group-rules HTTP/1.1" status: 201 len: 805 time: 0.1878448
2026-07-22 23:18:50.696 10 INFO neutron.api.v2.resource [None req-d31a991a-9a19-44d0-92a0-442932324c64 30770d4c0a394ad299c2f9c5de6bbb8a 6f6e33af0f43400ca4271004f0202e83 - - default default] create failed (client error): Invalid input for name. Reason: 'xxxxxxxxxxxxxxxxxxxxxxxxxxxxxxxxxxxxxxxxxxxxxxxxxxxxxxxxxxxxxxxxxxxxxxxxxxxxxxxxxxxxxxxxxxxxxxxxxxxxxxxxxxxxxxxxxxxxxxxxxxxxxxxxxxxxxxxxxxxxxxxxxxxxxxxxxxxxxxxxxxxxxxxxxxxxxxxxxxxxxxxxxxxxxxxxxxxxxxxxxxxxxxxxxxxxxxxxxxxxxxxxxxxxxxxxxxxxxxxxxxxxxxxxxxxxxxxx' exceeds maximum length of 255.
2026-07-22 23:18:50.698 10 INFO neutron.wsgi [None req-d31a991a-9a19-44d0-92a0-442932324c64 30770d4c0a394ad299c2f9c5de6bbb8a 6f6e33af0f43400ca4271004f0202e83 - - default default] 10.0.0.158 "POST /v2.0/vpn/vpnservices HTTP/1.1" status: 400 len: 597 time: 0.0095789
2026-07-22 23:18:50.707 10 WARNING neutron_lib.context [None req-d815ca46-9372-451b-8968-a5c752ba81c1 30770d4c0a394ad299c2f9c5de6bbb8a 6f6e33af0f43400ca4271004f0202e83 - - default default] Method 'is_advsvc' is deprecated since 2023.2 release (neutron-lib 3.8.0) and will be removed once support for the old RBAC API policies will be removed from Neutron. Please use method 'is_service_role' instead.
2026-07-22 23:18:50.739 10 INFO neutron.api.v2.resource [None req-d815ca46-9372-451b-8968-a5c752ba81c1 30770d4c0a394ad299c2f9c5de6bbb8a 6f6e33af0f43400ca4271004f0202e83 - - default default] create failed (client error): The server could not comply with the request since it is either malformed or otherwise incorrect.
2026-07-22 23:18:50.741 10 INFO neutron.wsgi [None req-d815ca46-9372-451b-8968-a5c752ba81c1 30770d4c0a394ad299c2f9c5de6bbb8a 6f6e33af0f43400ca4271004f0202e83 - - default default] 10.0.0.158 "POST /v2.0/vpn/endpoint-groups HTTP/1.1" status: 400 len: 386 time: 0.0379398
2026-07-22 23:18:50.756 10 WARNING neutron_lib.context [None req-95d32ee6-ee1a-431a-8b19-0520142bfd2b 30770d4c0a394ad299c2f9c5de6bbb8a 6f6e33af0f43400ca4271004f0202e83 - - default default] Method 'is_advsvc' is deprecated since 2023.2 release (neutron-lib 3.8.0) and will be removed once support for the old RBAC API policies will be removed from Neutron. Please use method 'is_service_role' instead.
2026-07-22 23:18:50.800 10 INFO neutron.api.v2.resource [None req-95d32ee6-ee1a-431a-8b19-0520142bfd2b 30770d4c0a394ad299c2f9c5de6bbb8a 6f6e33af0f43400ca4271004f0202e83 - - default default] create failed (client error): The server could not comply with the request since it is either malformed or otherwise incorrect.
2026-07-22 23:18:50.802 10 INFO neutron.wsgi [None req-95d32ee6-ee1a-431a-8b19-0520142bfd2b 30770d4c0a394ad299c2f9c5de6bbb8a 6f6e33af0f43400ca4271004f0202e83 - - default default] 10.0.0.158 "POST /v2.0/vpn/endpoint-groups HTTP/1.1" status: 400 len: 363 time: 0.0518782
2026-07-22 23:18:50.813 9 WARNING neutron_lib.context [None req-bfd272db-2025-4e4b-becb-dd781dd1c55f 30770d4c0a394ad299c2f9c5de6bbb8a 6f6e33af0f43400ca4271004f0202e83 - - default default] Method 'is_advsvc' is deprecated since 2023.2 release (neutron-lib 3.8.0) and will be removed once support for the old RBAC API policies will be removed from Neutron. Please use method 'is_service_role' instead.
2026-07-22 23:18:50.846 9 INFO neutron.api.v2.resource [None req-bfd272db-2025-4e4b-becb-dd781dd1c55f 30770d4c0a394ad299c2f9c5de6bbb8a 6f6e33af0f43400ca4271004f0202e83 - - default default] create failed (client error): The server could not comply with the request since it is either malformed or otherwise incorrect.
2026-07-22 23:18:50.847 9 INFO neutron.wsgi [None req-bfd272db-2025-4e4b-becb-dd781dd1c55f 30770d4c0a394ad299c2f9c5de6bbb8a 6f6e33af0f43400ca4271004f0202e83 - - default default] 10.0.0.158 "POST /v2.0/vpn/endpoint-groups HTTP/1.1" status: 400 len: 357 time: 0.0398679
2026-07-22 23:18:50.866 9 INFO neutron.wsgi [None req-28c4b741-1bfa-4237-b8bf-7e64423b113e 30770d4c0a394ad299c2f9c5de6bbb8a 6f6e33af0f43400ca4271004f0202e83 - - default default] 10.0.0.158 "GET /v2.0/vpn/ikepolicies HTTP/1.1" status: 200 len: 602 time: 0.0123508
2026-07-22 23:18:50.885 10 INFO neutron.wsgi [None req-3a9935a3-9acb-4671-b65d-36705705ccc1 30770d4c0a394ad299c2f9c5de6bbb8a 6f6e33af0f43400ca4271004f0202e83 - - default default] 10.0.0.158 "GET /v2.0/vpn/ipsecpolicies HTTP/1.1" status: 200 len: 611 time: 0.0139515
2026-07-22 23:18:50.906 10 INFO neutron.wsgi [None req-a961dacd-2125-4650-93eb-3af4acd03e2d 30770d4c0a394ad299c2f9c5de6bbb8a 6f6e33af0f43400ca4271004f0202e83 - - default default] 10.0.0.158 "GET /v2.0/vpn/ipsec-site-connections HTTP/1.1" status: 200 len: 989 time: 0.0157590
2026-07-22 23:18:50.925 9 INFO neutron.wsgi [None req-aec134e4-a809-4b4b-980f-8fc0fdb608cd 30770d4c0a394ad299c2f9c5de6bbb8a 6f6e33af0f43400ca4271004f0202e83 - - default default] 10.0.0.158 "GET /v2.0/vpn/vpnservices HTTP/1.1" status: 200 len: 1056 time: 0.0160549
2026-07-22 23:18:50.942 9 INFO neutron.wsgi [None req-c36e82d3-a0c5-49fa-8f6b-10f1dfa1e9ad 30770d4c0a394ad299c2f9c5de6bbb8a 6f6e33af0f43400ca4271004f0202e83 - - default default] 10.0.0.158 "GET /v2.0/vpn/endpoint-groups/19528ac0-d851-4d9c-a143-7ba2717521e8 HTTP/1.1" status: 200 len: 522 time: 0.0103412
2026-07-22 23:18:50.956 9 INFO neutron.wsgi [None req-9f052ec3-9daa-4915-8f04-69ae5a1a3701 30770d4c0a394ad299c2f9c5de6bbb8a 6f6e33af0f43400ca4271004f0202e83 - - default default] 10.0.0.158 "GET /v2.0/vpn/endpoint-groups/e75bd04c-e80b-4728-8fb0-27652c6b0a76 HTTP/1.1" status: 200 len: 514 time: 0.0093031
2026-07-22 23:18:50.974 9 INFO neutron.wsgi [None req-2c8d11ad-ee3c-4691-9b5d-e0c5a255767f 30770d4c0a394ad299c2f9c5de6bbb8a 6f6e33af0f43400ca4271004f0202e83 - - default default] 10.0.0.158 "GET /v2.0/vpn/ikepolicies/7a72d1fd-a4f0-4c51-b6d6-063f74b22946 HTTP/1.1" status: 200 len: 598 time: 0.0128808
2026-07-22 23:18:50.987 9 INFO neutron.wsgi [None req-1ad51e4f-a81a-464a-b2bf-da9d22cdb727 30770d4c0a394ad299c2f9c5de6bbb8a 6f6e33af0f43400ca4271004f0202e83 - - default default] 10.0.0.158 "GET /v2.0/vpn/ipsecpolicies/fffbb1c4-a249-45b3-b856-48c5c34fe75c HTTP/1.1" status: 200 len: 607 time: 0.0075803
2026-07-22 23:18:51.000 9 INFO neutron.wsgi [None req-46139a77-f405-487d-9349-5a624e7e619c 30770d4c0a394ad299c2f9c5de6bbb8a 6f6e33af0f43400ca4271004f0202e83 - - default default] 10.0.0.158 "GET /v2.0/vpn/vpnservices/bccfa42d-63a1-42c6-a74e-04be80b5fd3f HTTP/1.1" status: 200 len: 644 time: 0.0092275
2026-07-22 23:18:51.158 9 WARNING neutron_lib.context [None req-97577891-43c0-4b2c-868a-97f0584f93ae 6aae78f121f0445ca814a71e5ec2f14e e4acb27cabdd4051950b84d3c4ceadd0 - - default default] Method 'is_advsvc' is deprecated since 2023.2 release (neutron-lib 3.8.0) and will be removed once support for the old RBAC API policies will be removed from Neutron. Please use method 'is_service_role' instead.
2026-07-22 23:18:51.212 10 INFO neutron.db.ovn_revision_numbers_db [None req-2ecef476-c108-4def-a36e-4989ca75fa2b ebbdda3948f148a492dd875a4ced6796 f2d0a8ebe7d244c18dc84a3e8f1419b4 - - default default] Successfully bumped revision number for resource 5c791010-3b83-45d1-8257-83a14615bd69 (type: security_groups) to 1
2026-07-22 23:18:51.232 10 INFO neutron.db.ovn_revision_numbers_db [None req-2ecef476-c108-4def-a36e-4989ca75fa2b ebbdda3948f148a492dd875a4ced6796 f2d0a8ebe7d244c18dc84a3e8f1419b4 - - default default] Successfully bumped revision number for resource 5f0b5fa3-ba82-40aa-908b-17ed1f0d9ce5 (type: security_group_rules) to 0
2026-07-22 23:18:51.253 10 INFO neutron.db.ovn_revision_numbers_db [None req-2ecef476-c108-4def-a36e-4989ca75fa2b ebbdda3948f148a492dd875a4ced6796 f2d0a8ebe7d244c18dc84a3e8f1419b4 - - default default] Successfully bumped revision number for resource 671457c3-8ac8-4c9a-9d3d-6bfde723c584 (type: security_group_rules) to 0
2026-07-22 23:18:51.276 10 INFO neutron.db.ovn_revision_numbers_db [None req-2ecef476-c108-4def-a36e-4989ca75fa2b ebbdda3948f148a492dd875a4ced6796 f2d0a8ebe7d244c18dc84a3e8f1419b4 - - default default] Successfully bumped revision number for resource 7e2bd76b-6659-48a0-91ba-6c678a7ba569 (type: security_group_rules) to 0
2026-07-22 23:18:51.291 10 INFO neutron.db.ovn_revision_numbers_db [None req-2ecef476-c108-4def-a36e-4989ca75fa2b ebbdda3948f148a492dd875a4ced6796 f2d0a8ebe7d244c18dc84a3e8f1419b4 - - default default] Successfully bumped revision number for resource d0815ba2-3da5-4126-bdc6-09f3f43d51f8 (type: security_group_rules) to 0
2026-07-22 23:18:51.329 10 INFO neutron.wsgi [None req-2ecef476-c108-4def-a36e-4989ca75fa2b ebbdda3948f148a492dd875a4ced6796 f2d0a8ebe7d244c18dc84a3e8f1419b4 - - default default] 10.0.0.158 "GET /v2.0/security-groups?tenant_id=d5374bf1c8d84a14abbc91244604466f&name=default HTTP/1.1" status: 200 len: 3124 time: 0.5120273
2026-07-22 23:18:51.624 10 INFO neutron.wsgi [None req-a656f456-6fc3-433f-a05f-1c18ae2fdb03 ebbdda3948f148a492dd875a4ced6796 f2d0a8ebe7d244c18dc84a3e8f1419b4 - - default default] 10.0.0.158 "DELETE /v2.0/security-groups/5c791010-3b83-45d1-8257-83a14615bd69 HTTP/1.1" status: 204 len: 168 time: 0.2883182
2026-07-22 23:18:51.631 9 INFO neutron.services.segments.plugin [-] Segment c1465226-bfb2-4ba4-a66b-2c5aec96e175 resource provider aggregate not found
2026-07-22 23:18:51.638 9 INFO neutron.services.segments.plugin [-] Segment c1465226-bfb2-4ba4-a66b-2c5aec96e175 resource provider aggregate not found
2026-07-22 23:18:51.647 9 INFO neutron.db.ovn_revision_numbers_db [None req-97577891-43c0-4b2c-868a-97f0584f93ae 6aae78f121f0445ca814a71e5ec2f14e e4acb27cabdd4051950b84d3c4ceadd0 - - default default] Successfully bumped revision number for resource ae5bc8fa-91cd-40ad-9b0e-52fd9a8ec1b0 (type: security_groups) to 1
2026-07-22 23:18:51.669 9 INFO neutron.services.segments.plugin [-] Segment c1465226-bfb2-4ba4-a66b-2c5aec96e175 resource provider not found; error: Placement Client Error (4xx): {"errors": [{"status": 404, "title": "Not Found", "detail": "The resource could not be found.\n\n No resource provider with uuid c1465226-bfb2-4ba4-a66b-2c5aec96e175 found for delete ", "request_id": "req-44709508-8297-4a64-a4c5-cc9bc34951ee"}]}
2026-07-22 23:18:51.670 9 INFO neutron.services.segments.plugin [-] Segment c1465226-bfb2-4ba4-a66b-2c5aec96e175 resource provider not found; error: Placement Client Error (4xx): {"errors": [{"status": 404, "title": "Not Found", "detail": "The resource could not be found.\n\n No resource provider with uuid c1465226-bfb2-4ba4-a66b-2c5aec96e175 found for delete ", "request_id": "req-cee0f28c-8467-4747-9b5f-b7bf9f11fa77"}]}
2026-07-22 23:18:51.671 10 WARNING neutron.plugins.ml2.drivers.ovn.mech_driver.ovsdb.ovn_client [None req-a8bdee5e-8c9c-4de5-8966-45d7ee8c5aef - - - - - -] No hosting information found for port c8614c3d-5ebb-4fa4-9ab1-07de515320d6: RuntimeError: No hosting information found for port c8614c3d-5ebb-4fa4-9ab1-07de515320d6
2026-07-22 23:18:51.672 10 INFO neutron.plugins.ml2.drivers.ovn.mech_driver.mech_driver [None req-a8bdee5e-8c9c-4de5-8966-45d7ee8c5aef - - - - - -] OVN reports status up for port: 5c1c2e5f-52a7-4255-b4fe-7d75c1349172
2026-07-22 23:18:51.691 9 INFO neutron.db.ovn_revision_numbers_db [None req-97577891-43c0-4b2c-868a-97f0584f93ae 6aae78f121f0445ca814a71e5ec2f14e e4acb27cabdd4051950b84d3c4ceadd0 - - default default] Successfully bumped revision number for resource 200df861-b08e-4b5b-98b6-4de095c9a92c (type: security_group_rules) to 0
2026-07-22 23:18:51.714 9 INFO neutron.db.ovn_revision_numbers_db [None req-97577891-43c0-4b2c-868a-97f0584f93ae 6aae78f121f0445ca814a71e5ec2f14e e4acb27cabdd4051950b84d3c4ceadd0 - - default default] Successfully bumped revision number for resource c0a0876c-c13a-4d57-8d1a-148dba009591 (type: security_group_rules) to 0
2026-07-22 23:18:51.739 9 INFO neutron.wsgi [None req-97577891-43c0-4b2c-868a-97f0584f93ae 6aae78f121f0445ca814a71e5ec2f14e e4acb27cabdd4051950b84d3c4ceadd0 - - default default] 10.0.0.158 "POST /v2.0/security-groups HTTP/1.1" status: 201 len: 1862 time: 0.5881286
2026-07-22 23:18:51.752 10 WARNING neutron_lib.context [None req-d8b8f810-8673-46e8-9f1e-39eb33c9a2f1 6aae78f121f0445ca814a71e5ec2f14e e4acb27cabdd4051950b84d3c4ceadd0 - - default default] Method 'is_advsvc' is deprecated since 2023.2 release (neutron-lib 3.8.0) and will be removed once support for the old RBAC API policies will be removed from Neutron. Please use method 'is_service_role' instead.
2026-07-22 23:18:51.784 10 INFO neutron.wsgi [None req-bc1f61fa-6085-4966-aed9-c9545a0abe4e ebbdda3948f148a492dd875a4ced6796 f2d0a8ebe7d244c18dc84a3e8f1419b4 - - default default] 10.0.0.158 "GET /v2.0/security-groups?tenant_id=7f935bfeb4a84a2897ca78207944b99f&name=default HTTP/1.1" status: 200 len: 3124 time: 0.0587387
2026-07-22 23:18:51.925 10 INFO neutron.db.ovn_revision_numbers_db [None req-d8b8f810-8673-46e8-9f1e-39eb33c9a2f1 6aae78f121f0445ca814a71e5ec2f14e e4acb27cabdd4051950b84d3c4ceadd0 - - default default] Successfully bumped revision number for resource 5c28198c-994b-477d-a607-558ebd7d5d67 (type: security_group_rules) to 0
2026-07-22 23:18:51.956 10 INFO neutron.wsgi [None req-d8b8f810-8673-46e8-9f1e-39eb33c9a2f1 6aae78f121f0445ca814a71e5ec2f14e e4acb27cabdd4051950b84d3c4ceadd0 - - default default] 10.0.0.158 "POST /v2.0/security-group-rules HTTP/1.1" status: 201 len: 796 time: 0.2107878
2026-07-22 23:18:51.965 10 WARNING neutron_lib.context [None req-5f592b54-b8b0-4533-8acb-f03700d5e8a0 6aae78f121f0445ca814a71e5ec2f14e e4acb27cabdd4051950b84d3c4ceadd0 - - default default] Method 'is_advsvc' is deprecated since 2023.2 release (neutron-lib 3.8.0) and will be removed once support for the old RBAC API policies will be removed from Neutron. Please use method 'is_service_role' instead.
2026-07-22 23:18:52.082 10 INFO neutron.wsgi [None req-4dfe2075-4f02-4bd2-9201-f9e05b7ed94f ebbdda3948f148a492dd875a4ced6796 f2d0a8ebe7d244c18dc84a3e8f1419b4 - - default default] 10.0.0.158 "DELETE /v2.0/security-groups/b1123d7d-74e8-4f19-9414-86c8854df3ad HTTP/1.1" status: 204 len: 168 time: 0.2934833
2026-07-22 23:18:52.102 9 INFO neutron.db.ovn_revision_numbers_db [None req-d28bfad1-b64d-456e-b5a6-2e3f38451fe5 30770d4c0a394ad299c2f9c5de6bbb8a 6f6e33af0f43400ca4271004f0202e83 - - default default] Successfully bumped revision number for resource bafd0c8b-b0c3-43b5-98b0-716cb9b19b9e (type: routers) to 10
2026-07-22 23:18:52.127 9 INFO neutron.wsgi [None req-d28bfad1-b64d-456e-b5a6-2e3f38451fe5 30770d4c0a394ad299c2f9c5de6bbb8a 6f6e33af0f43400ca4271004f0202e83 - - default default] 10.0.0.158 "DELETE /v2.0/vpn/ipsec-site-connections/d350dcb5-d79a-4a49-a7e6-373bfa1ebe19 HTTP/1.1" status: 204 len: 168 time: 1.1110599
2026-07-22 23:18:52.147 10 INFO neutron.db.ovn_revision_numbers_db [None req-5f592b54-b8b0-4533-8acb-f03700d5e8a0 6aae78f121f0445ca814a71e5ec2f14e e4acb27cabdd4051950b84d3c4ceadd0 - - default default] Successfully bumped revision number for resource db99b095-9185-4793-880e-1341df4cad9f (type: security_group_rules) to 0
2026-07-22 23:18:52.159 9 INFO neutron.wsgi [None req-dae596a5-f273-4f39-8fdf-e85a07af459b 30770d4c0a394ad299c2f9c5de6bbb8a 6f6e33af0f43400ca4271004f0202e83 - - default default] 10.0.0.158 "DELETE /v2.0/vpn/endpoint-groups/19528ac0-d851-4d9c-a143-7ba2717521e8 HTTP/1.1" status: 204 len: 168 time: 0.0266519
2026-07-22 23:18:52.188 10 INFO neutron.wsgi [None req-5f592b54-b8b0-4533-8acb-f03700d5e8a0 6aae78f121f0445ca814a71e5ec2f14e e4acb27cabdd4051950b84d3c4ceadd0 - - default default] 10.0.0.158 "POST /v2.0/security-group-rules HTTP/1.1" status: 201 len: 801 time: 0.2270691
2026-07-22 23:18:52.200 10 WARNING neutron_lib.context [None req-f70ad942-1951-41cf-89a5-11f94512a22b 6aae78f121f0445ca814a71e5ec2f14e e4acb27cabdd4051950b84d3c4ceadd0 - - default default] Method 'is_advsvc' is deprecated since 2023.2 release (neutron-lib 3.8.0) and will be removed once support for the old RBAC API policies will be removed from Neutron. Please use method 'is_service_role' instead.
2026-07-22 23:18:52.214 10 INFO neutron.wsgi [None req-c666de9f-601f-44cf-8f9c-9184bff0f4b5 30770d4c0a394ad299c2f9c5de6bbb8a 6f6e33af0f43400ca4271004f0202e83 - - default default] 10.0.0.158 "DELETE /v2.0/vpn/endpoint-groups/e75bd04c-e80b-4728-8fb0-27652c6b0a76 HTTP/1.1" status: 204 len: 168 time: 0.0504286
2026-07-22 23:18:52.274 10 INFO neutron.wsgi [None req-95653ea3-c334-4a0d-a0cb-46c0d95005bf 30770d4c0a394ad299c2f9c5de6bbb8a 6f6e33af0f43400ca4271004f0202e83 - - default default] 10.0.0.158 "DELETE /v2.0/vpn/ipsecpolicies/fffbb1c4-a249-45b3-b856-48c5c34fe75c HTTP/1.1" status: 204 len: 168 time: 0.0545442
2026-07-22 23:18:52.317 9 INFO neutron.wsgi [None req-a5ab0a16-8a1a-4099-a77f-981927aa489e 30770d4c0a394ad299c2f9c5de6bbb8a 6f6e33af0f43400ca4271004f0202e83 - - default default] 10.0.0.158 "DELETE /v2.0/vpn/ikepolicies/7a72d1fd-a4f0-4c51-b6d6-063f74b22946 HTTP/1.1" status: 204 len: 168 time: 0.0381727
2026-07-22 23:18:52.378 9 INFO neutron.db.ovn_revision_numbers_db [None req-c370441f-6e74-4d7c-8d2a-709429647583 ebbdda3948f148a492dd875a4ced6796 f2d0a8ebe7d244c18dc84a3e8f1419b4 - - default default] Successfully bumped revision number for resource 4f9ed97f-0a6f-4c45-ae61-add1f3bb60ce (type: security_groups) to 1
2026-07-22 23:18:52.398 9 INFO neutron.db.ovn_revision_numbers_db [None req-c370441f-6e74-4d7c-8d2a-709429647583 ebbdda3948f148a492dd875a4ced6796 f2d0a8ebe7d244c18dc84a3e8f1419b4 - - default default] Successfully bumped revision number for resource 486dd287-0bb6-45ae-a1f9-aaf11eb5dd28 (type: security_group_rules) to 0
2026-07-22 23:18:52.402 9 INFO neutron.wsgi [None req-ad7a7f2e-99b7-4331-a673-da32a8baec00 30770d4c0a394ad299c2f9c5de6bbb8a 6f6e33af0f43400ca4271004f0202e83 - - default default] 10.0.0.158 "DELETE /v2.0/vpn/vpnservices/bccfa42d-63a1-42c6-a74e-04be80b5fd3f HTTP/1.1" status: 204 len: 168 time: 0.0786395
2026-07-22 23:18:52.418 9 INFO neutron.db.ovn_revision_numbers_db [None req-c370441f-6e74-4d7c-8d2a-709429647583 ebbdda3948f148a492dd875a4ced6796 f2d0a8ebe7d244c18dc84a3e8f1419b4 - - default default] Successfully bumped revision number for resource 73ab6637-756f-4c41-a72a-d3d2c145e57f (type: security_group_rules) to 0
2026-07-22 23:18:52.432 9 INFO neutron.db.ovn_revision_numbers_db [None req-c370441f-6e74-4d7c-8d2a-709429647583 ebbdda3948f148a492dd875a4ced6796 f2d0a8ebe7d244c18dc84a3e8f1419b4 - - default default] Successfully bumped revision number for resource d737a900-6c78-476a-b716-3596c5e518ba (type: security_group_rules) to 0
2026-07-22 23:18:52.446 9 INFO neutron.db.ovn_revision_numbers_db [None req-c370441f-6e74-4d7c-8d2a-709429647583 ebbdda3948f148a492dd875a4ced6796 f2d0a8ebe7d244c18dc84a3e8f1419b4 - - default default] Successfully bumped revision number for resource daf677aa-80f3-4309-b0e4-fa9abef82d0e (type: security_group_rules) to 0
2026-07-22 23:18:52.467 9 INFO neutron.wsgi [None req-c370441f-6e74-4d7c-8d2a-709429647583 ebbdda3948f148a492dd875a4ced6796 f2d0a8ebe7d244c18dc84a3e8f1419b4 - - default default] 10.0.0.158 "GET /v2.0/security-groups?tenant_id=aa134b7651aa4a2cbaafbd4d284e2edd&name=default HTTP/1.1" status: 200 len: 3124 time: 0.2493737
2026-07-22 23:18:52.496 10 WARNING neutron.scheduler.dhcp_agent_scheduler [None req-f70ad942-1951-41cf-89a5-11f94512a22b 6aae78f121f0445ca814a71e5ec2f14e e4acb27cabdd4051950b84d3c4ceadd0 - - default default] No more DHCP agents
2026-07-22 23:18:52.498 10 WARNING neutron.api.rpc.agentnotifiers.dhcp_rpc_agent_api [None req-f70ad942-1951-41cf-89a5-11f94512a22b 6aae78f121f0445ca814a71e5ec2f14e e4acb27cabdd4051950b84d3c4ceadd0 - - default default] Unable to schedule network bf4d9735-a477-438d-a56d-0935727297ff: no agents available; will retry on subsequent port and subnet creation events.
2026-07-22 23:18:52.849 10 INFO neutron.wsgi [None req-a277dcd9-c5e1-4e46-bc7c-1f53937a6570 ebbdda3948f148a492dd875a4ced6796 f2d0a8ebe7d244c18dc84a3e8f1419b4 - - default default] 10.0.0.158 "DELETE /v2.0/security-groups/4f9ed97f-0a6f-4c45-ae61-add1f3bb60ce HTTP/1.1" status: 204 len: 168 time: 0.3755357
2026-07-22 23:18:52.917 10 INFO neutron.wsgi [None req-f70ad942-1951-41cf-89a5-11f94512a22b 6aae78f121f0445ca814a71e5ec2f14e e4acb27cabdd4051950b84d3c4ceadd0 - - default default] 10.0.0.158 "POST /v2.0/floatingips HTTP/1.1" status: 201 len: 751 time: 0.7237263
2026-07-22 23:18:53.081 9 INFO neutron.wsgi [req-32f1703f-e3b8-427c-a66a-cc01787756ea req-287bc97b-c26d-44eb-8a8a-27e27996d76a 6aae78f121f0445ca814a71e5ec2f14e e4acb27cabdd4051950b84d3c4ceadd0 - - default default] 10.0.0.167 "GET /v2.0/security-groups?name=tempest-secgroup-smoke-803301012&fields=id&tenant_id=e4acb27cabdd4051950b84d3c4ceadd0 HTTP/1.1" status: 200 len: 267 time: 0.0771718
2026-07-22 23:18:53.177 9 INFO neutron.wsgi [req-32f1703f-e3b8-427c-a66a-cc01787756ea req-336f9b08-f638-49e3-a1e2-1948bb4c6a56 6aae78f121f0445ca814a71e5ec2f14e e4acb27cabdd4051950b84d3c4ceadd0 - - default default] 10.0.0.167 "GET /v2.0/security-groups?name=tempest-securitygroup--1350755062&fields=id&tenant_id=e4acb27cabdd4051950b84d3c4ceadd0 HTTP/1.1" status: 200 len: 267 time: 0.0850978
2026-07-22 23:18:53.302 9 INFO neutron.wsgi [req-32f1703f-e3b8-427c-a66a-cc01787756ea req-6ab4d410-335d-40b6-9664-e81774b0f077 6aae78f121f0445ca814a71e5ec2f14e e4acb27cabdd4051950b84d3c4ceadd0 - - default default] 10.0.0.167 "GET /v2.0/networks?id=b00dafb6-2b9f-43f7-bbed-ee890bc4e3f9 HTTP/1.1" status: 200 len: 872 time: 0.1166899
2026-07-22 23:18:53.332 9 INFO neutron.wsgi [req-32f1703f-e3b8-427c-a66a-cc01787756ea req-55538cf2-de86-4d81-9c81-1a6b81b4a30b 6aae78f121f0445ca814a71e5ec2f14e e4acb27cabdd4051950b84d3c4ceadd0 - - default default] 10.0.0.167 "GET /v2.0/quotas/e4acb27cabdd4051950b84d3c4ceadd0 HTTP/1.1" status: 200 len: 491 time: 0.0207167
2026-07-22 23:18:53.484 9 INFO neutron.wsgi [req-32f1703f-e3b8-427c-a66a-cc01787756ea req-c485fa83-6919-4a7b-a538-5855407d19a7 6aae78f121f0445ca814a71e5ec2f14e e4acb27cabdd4051950b84d3c4ceadd0 - - default default] 10.0.0.167 "GET /v2.0/ports?tenant_id=e4acb27cabdd4051950b84d3c4ceadd0&fields=id HTTP/1.1" status: 200 len: 302 time: 0.1417766
2026-07-22 23:18:53.621 9 INFO neutron.wsgi [req-32f1703f-e3b8-427c-a66a-cc01787756ea req-f6ece06f-5233-4b68-ad99-7e7eb966f2af 38b7af1608ab41288e45d13e552b4b4c 9e638baa87ad423dac194c8e5e228763 - - abae589cee0a4341a3424b5ec21a2a36 abae589cee0a4341a3424b5ec21a2a36] 10.0.0.167 "GET /v2.0/networks/b00dafb6-2b9f-43f7-bbed-ee890bc4e3f9?fields=segments HTTP/1.1" status: 200 len: 212 time: 0.1083603
2026-07-22 23:18:53.734 9 INFO neutron.wsgi [req-32f1703f-e3b8-427c-a66a-cc01787756ea req-9b9acb52-a07a-40ef-8f5c-8cf7ae22362f 38b7af1608ab41288e45d13e552b4b4c 9e638baa87ad423dac194c8e5e228763 - - abae589cee0a4341a3424b5ec21a2a36 abae589cee0a4341a3424b5ec21a2a36] 10.0.0.167 "GET /v2.0/networks/b00dafb6-2b9f-43f7-bbed-ee890bc4e3f9?fields=provider%3Aphysical_network&fields=provider%3Anetwork_type HTTP/1.1" status: 200 len: 277 time: 0.1053202
2026-07-22 23:18:53.913 9 INFO neutron.wsgi [req-6de3bd33-b0bb-48dc-b08b-3fa4fbd68997 req-34a88b51-7ebf-4a2b-bc82-756591d99d2f 6aae78f121f0445ca814a71e5ec2f14e e4acb27cabdd4051950b84d3c4ceadd0 - - default default] 10.0.0.167 "GET /v2.0/ports?device_id=12d0cc5d-d8df-4cd5-8ebd-3ee602ef8921 HTTP/1.1" status: 200 len: 210 time: 0.0233564
2026-07-22 23:18:55.027 9 INFO neutron.wsgi [req-dfdf9ace-199e-4043-af12-b543b1dd5782 req-1b31be41-6ae2-4317-bff4-f3fadbc853d5 6aae78f121f0445ca814a71e5ec2f14e e4acb27cabdd4051950b84d3c4ceadd0 - - default default] 10.0.0.167 "GET /v2.0/ports?device_id=12d0cc5d-d8df-4cd5-8ebd-3ee602ef8921 HTTP/1.1" status: 200 len: 210 time: 0.0390227
2026-07-22 23:18:55.093 9 INFO neutron.wsgi [req-32f1703f-e3b8-427c-a66a-cc01787756ea req-3d758b58-47f0-4098-9a25-9c781d75b858 6aae78f121f0445ca814a71e5ec2f14e e4acb27cabdd4051950b84d3c4ceadd0 - - default default] 199.204.45.240 "GET /v2.0/networks?id=b00dafb6-2b9f-43f7-bbed-ee890bc4e3f9 HTTP/1.1" status: 200 len: 872 time: 0.1061466
2026-07-22 23:18:55.171 9 INFO neutron.wsgi [req-32f1703f-e3b8-427c-a66a-cc01787756ea req-55305afa-b9c3-4607-9146-b2faf9525352 6aae78f121f0445ca814a71e5ec2f14e e4acb27cabdd4051950b84d3c4ceadd0 - - default default] 199.204.45.240 "GET /v2.0/security-groups?fields=id&fields=name&tenant_id=e4acb27cabdd4051950b84d3c4ceadd0 HTTP/1.1" status: 200 len: 472 time: 0.0583076
2026-07-22 23:18:55.193 9 WARNING neutron_lib.context [req-32f1703f-e3b8-427c-a66a-cc01787756ea req-2f16166f-c6b1-4835-acd6-ca881cc4d7a9 6aae78f121f0445ca814a71e5ec2f14e e4acb27cabdd4051950b84d3c4ceadd0 - - default default] Method 'is_advsvc' is deprecated since 2023.2 release (neutron-lib 3.8.0) and will be removed once support for the old RBAC API policies will be removed from Neutron. Please use method 'is_service_role' instead.
2026-07-22 23:18:55.717 9 WARNING neutron.scheduler.dhcp_agent_scheduler [req-32f1703f-e3b8-427c-a66a-cc01787756ea req-2f16166f-c6b1-4835-acd6-ca881cc4d7a9 6aae78f121f0445ca814a71e5ec2f14e e4acb27cabdd4051950b84d3c4ceadd0 - - default default] No more DHCP agents
2026-07-22 23:18:55.718 9 WARNING neutron.api.rpc.agentnotifiers.dhcp_rpc_agent_api [req-32f1703f-e3b8-427c-a66a-cc01787756ea req-2f16166f-c6b1-4835-acd6-ca881cc4d7a9 6aae78f121f0445ca814a71e5ec2f14e e4acb27cabdd4051950b84d3c4ceadd0 - - default default] Unable to schedule network b00dafb6-2b9f-43f7-bbed-ee890bc4e3f9: no agents available; will retry on subsequent port and subnet creation events.
2026-07-22 23:18:55.996 9 INFO neutron.db.ovn_revision_numbers_db [req-32f1703f-e3b8-427c-a66a-cc01787756ea req-2f16166f-c6b1-4835-acd6-ca881cc4d7a9 6aae78f121f0445ca814a71e5ec2f14e e4acb27cabdd4051950b84d3c4ceadd0 - - default default] Successfully bumped revision number for resource 68748d38-5e56-4765-a46c-88b6de2e6a21 (type: ports) to 1
2026-07-22 23:18:56.028 9 INFO neutron.wsgi [req-32f1703f-e3b8-427c-a66a-cc01787756ea req-2f16166f-c6b1-4835-acd6-ca881cc4d7a9 6aae78f121f0445ca814a71e5ec2f14e e4acb27cabdd4051950b84d3c4ceadd0 - - default default] 199.204.45.240 "POST /v2.0/ports HTTP/1.1" status: 201 len: 1197 time: 0.8424144 /var/lib/openstack/lib/python3.10/site-packages/pycadf/identifier.py:71: UserWarning: Invalid uuid: neutron. To ensure interoperability, identifiers should be a valid uuid. warnings.warn(('Invalid uuid: %s. To ensure interoperability, '
2026-07-22 23:18:56.150 9 INFO neutron.wsgi [req-d8b782f6-d5d5-412a-9692-d3c699e20cc5 req-b79baa32-c2a2-41c8-a547-648c17c4ea72 6aae78f121f0445ca814a71e5ec2f14e e4acb27cabdd4051950b84d3c4ceadd0 - - default default] 10.0.0.167 "GET /v2.0/ports?device_id=12d0cc5d-d8df-4cd5-8ebd-3ee602ef8921 HTTP/1.1" status: 200 len: 1195 time: 0.0576379
2026-07-22 23:18:56.245 9 INFO neutron.wsgi [req-d8b782f6-d5d5-412a-9692-d3c699e20cc5 req-81596a5f-ee14-4c9e-8f36-05f575e52994 6aae78f121f0445ca814a71e5ec2f14e e4acb27cabdd4051950b84d3c4ceadd0 - - default default] 10.0.0.167 "GET /v2.0/security-groups?id=d3113aac-a960-445e-87ff-96323c640506&id=ae5bc8fa-91cd-40ad-9b0e-52fd9a8ec1b0&fields=id&fields=name HTTP/1.1" status: 200 len: 405 time: 0.0856540
2026-07-22 23:18:56.566 9 INFO neutron.services.segments.plugin [-] Segment f56b5e24-63ea-4b4c-8699-8aa5cc52ccfd resource provider aggregate not found
2026-07-22 23:18:56.572 9 INFO neutron.services.segments.plugin [-] Segment f56b5e24-63ea-4b4c-8699-8aa5cc52ccfd resource provider aggregate not found
2026-07-22 23:18:56.588 9 INFO neutron.services.segments.plugin [-] Segment f56b5e24-63ea-4b4c-8699-8aa5cc52ccfd resource provider not found; error: Placement Client Error (4xx): {"errors": [{"status": 404, "title": "Not Found", "detail": "The resource could not be found.\n\n No resource provider with uuid f56b5e24-63ea-4b4c-8699-8aa5cc52ccfd found for delete ", "request_id": "req-c706fabf-1ae3-43ba-9882-964616046fcf"}]}
2026-07-22 23:18:56.591 9 INFO neutron.services.segments.plugin [-] Segment f56b5e24-63ea-4b4c-8699-8aa5cc52ccfd resource provider not found; error: Placement Client Error (4xx): {"errors": [{"status": 404, "title": "Not Found", "detail": "The resource could not be found.\n\n No resource provider with uuid f56b5e24-63ea-4b4c-8699-8aa5cc52ccfd found for delete ", "request_id": "req-8e27dffa-3124-421f-87f5-78b6fbcd3ad6"}]}
