2026-07-22 23:14:27.579 9 INFO neutron.db.ovn_revision_numbers_db [req-ac62c750-f363-46a8-be94-b7a7793c3d71 req-ccbe665e-3537-4974-a552-5631b37c0679 26d2eba4cc4b4c2e833d44cf98a76be2 b8b70549fbd448ed90f6eb523503daea - - default default] Successfully bumped revision number for resource 5bfb9a87-3595-4ea6-b19c-0c880a1a79a5 (type: security_group_rules) to 0
2026-07-22 23:14:27.600 9 INFO neutron.wsgi [req-ac62c750-f363-46a8-be94-b7a7793c3d71 req-ccbe665e-3537-4974-a552-5631b37c0679 26d2eba4cc4b4c2e833d44cf98a76be2 b8b70549fbd448ed90f6eb523503daea - - default default] 10.0.0.167 "POST /v2.0/security-groups HTTP/1.1" status: 201 len: 1887 time: 0.2154422
2026-07-22 23:14:27.683 9 INFO neutron.wsgi [req-04feee22-3d69-4077-9355-d2b1b3c5395a req-168f0211-2d33-410b-a0d3-c2b161bd7299 26d2eba4cc4b4c2e833d44cf98a76be2 b8b70549fbd448ed90f6eb523503daea - - default default] 10.0.0.167 "GET /v2.0/security-groups?tenant_id=b8b70549fbd448ed90f6eb523503daea HTTP/1.1" status: 200 len: 8106 time: 0.0524254
2026-07-22 23:14:27.729 9 INFO neutron.wsgi [req-04feee22-3d69-4077-9355-d2b1b3c5395a req-607041c6-2ca8-4e43-88a8-8dd79307a875 26d2eba4cc4b4c2e833d44cf98a76be2 b8b70549fbd448ed90f6eb523503daea - - default default] 10.0.0.167 "GET /v2.0/security-groups/7958aee7-7173-46f0-8bd5-a013da90a24c HTTP/1.1" status: 200 len: 3118 time: 0.0367296
2026-07-22 23:14:27.778 9 INFO neutron.wsgi [req-04feee22-3d69-4077-9355-d2b1b3c5395a req-fa7c6294-4384-4700-8689-679e4b45151b 26d2eba4cc4b4c2e833d44cf98a76be2 b8b70549fbd448ed90f6eb523503daea - - default default] 10.0.0.167 "GET /v2.0/security-groups/7958aee7-7173-46f0-8bd5-a013da90a24c HTTP/1.1" status: 200 len: 3118 time: 0.0411961
2026-07-22 23:14:27.830 9 INFO neutron.wsgi [req-22bb4c1c-c232-4e82-af55-358e8e1761a9 req-e19e95cb-71a6-4c11-8ec4-f7282481ea53 26d2eba4cc4b4c2e833d44cf98a76be2 b8b70549fbd448ed90f6eb523503daea - - default default] 10.0.0.167 "GET /v2.0/security-groups/95c9f30a-6c14-4d77-8066-cb42d7cf3a9f HTTP/1.1" status: 200 len: 1882 time: 0.0328150
2026-07-22 23:14:27.855 10 INFO neutron.db.ovn_revision_numbers_db [None req-0ae7225b-6cd6-4c32-b391-d20474edc710 - - - - - -] Successfully bumped revision number for resource 383817db-39f4-4f9c-91f9-cd069153e790 (type: router_ports) to 4
2026-07-22 23:14:27.972 9 INFO neutron.wsgi [req-22bb4c1c-c232-4e82-af55-358e8e1761a9 req-ad15b199-9862-4798-a0bc-03975c406636 26d2eba4cc4b4c2e833d44cf98a76be2 b8b70549fbd448ed90f6eb523503daea - - default default] 10.0.0.167 "DELETE /v2.0/security-groups/95c9f30a-6c14-4d77-8066-cb42d7cf3a9f HTTP/1.1" status: 204 len: 173 time: 0.1317191
2026-07-22 23:14:28.004 9 INFO neutron.api.v2.resource [req-efa66376-a5e8-4b1f-a7dc-6f5ff2ef3fe0 req-89c9eb88-fcb6-40f6-9098-e05a7536fff2 26d2eba4cc4b4c2e833d44cf98a76be2 b8b70549fbd448ed90f6eb523503daea - - default default] show failed (client error): The resource could not be found.
2026-07-22 23:14:28.005 9 INFO neutron.wsgi [req-efa66376-a5e8-4b1f-a7dc-6f5ff2ef3fe0 req-89c9eb88-fcb6-40f6-9098-e05a7536fff2 26d2eba4cc4b4c2e833d44cf98a76be2 b8b70549fbd448ed90f6eb523503daea - - default default] 10.0.0.167 "GET /v2.0/security-groups/95c9f30a-6c14-4d77-8066-cb42d7cf3a9f HTTP/1.1" status: 404 len: 352 time: 0.0126016
2026-07-22 23:14:28.051 9 INFO neutron.wsgi [req-ea4cdf66-764c-4419-9a0f-bbd8836e5cd2 req-61e39636-d2d5-4cda-845a-5da7eba5b560 26d2eba4cc4b4c2e833d44cf98a76be2 b8b70549fbd448ed90f6eb523503daea - - default default] 10.0.0.167 "GET /v2.0/security-groups/1865ba21-65d1-4f0f-ab9e-be3b1720acb2 HTTP/1.1" status: 200 len: 1881 time: 0.0268102
2026-07-22 23:14:28.188 9 INFO neutron.wsgi [req-ea4cdf66-764c-4419-9a0f-bbd8836e5cd2 req-6a2df8a4-6c3e-4d78-a1a8-75d39996c7a3 26d2eba4cc4b4c2e833d44cf98a76be2 b8b70549fbd448ed90f6eb523503daea - - default default] 10.0.0.167 "DELETE /v2.0/security-groups/1865ba21-65d1-4f0f-ab9e-be3b1720acb2 HTTP/1.1" status: 204 len: 173 time: 0.1286943
2026-07-22 23:14:28.228 9 INFO neutron.api.v2.resource [req-c060d237-067e-4969-9a90-7a0139a02198 req-eee1152d-a6e9-41ca-af72-1ec847e342ef 26d2eba4cc4b4c2e833d44cf98a76be2 b8b70549fbd448ed90f6eb523503daea - - default default] show failed (client error): The resource could not be found.
2026-07-22 23:14:28.230 9 INFO neutron.wsgi [req-c060d237-067e-4969-9a90-7a0139a02198 req-eee1152d-a6e9-41ca-af72-1ec847e342ef 26d2eba4cc4b4c2e833d44cf98a76be2 b8b70549fbd448ed90f6eb523503daea - - default default] 10.0.0.167 "GET /v2.0/security-groups/1865ba21-65d1-4f0f-ab9e-be3b1720acb2 HTTP/1.1" status: 404 len: 352 time: 0.0180809
2026-07-22 23:14:28.293 9 INFO neutron.wsgi [req-d03e0ae2-525e-4534-9a3e-7a7edfeffde5 req-7d8e1149-3988-45e0-a6aa-0b5f31626056 26d2eba4cc4b4c2e833d44cf98a76be2 b8b70549fbd448ed90f6eb523503daea - - default default] 10.0.0.167 "GET /v2.0/security-groups/e1fab95b-3696-4a91-91a7-c6c7f7bf18ec HTTP/1.1" status: 200 len: 1882 time: 0.0386825
2026-07-22 23:14:28.340 9 INFO neutron.wsgi [req-67ede088-7195-4570-8f50-68c8df2ad0b2 req-531c0213-9aeb-4a22-824e-d761187a65aa 95f632aab16946c786f287260dd82dc0 5b7ad6df618f44a585f96d7a1f762d16 - - default default] 10.0.0.167 "GET /v2.0/ports?device_id=a8b7670f-d2a6-456a-bbe6-57abd2ee8ab5 HTTP/1.1" status: 200 len: 210 time: 0.0336611
2026-07-22 23:14:28.386 10 INFO neutron.db.ovn_revision_numbers_db [None req-115087e9-5590-4f19-aab6-9907ee3a5399 ebbdda3948f148a492dd875a4ced6796 f2d0a8ebe7d244c18dc84a3e8f1419b4 - - default default] Successfully bumped revision number for resource 08e093bf-8e88-4627-b515-f38cb27b09af (type: router_ports) to 1
2026-07-22 23:14:28.390 10 INFO neutron.wsgi [None req-115087e9-5590-4f19-aab6-9907ee3a5399 ebbdda3948f148a492dd875a4ced6796 f2d0a8ebe7d244c18dc84a3e8f1419b4 - - default default] 10.0.0.158 "PUT /v2.0/routers/520cd8d7-4af6-4eea-97e2-c4cf752f27f3/add_router_interface HTTP/1.1" status: 200 len: 503 time: 3.7144048
2026-07-22 23:14:28.427 9 INFO neutron.wsgi [req-46e5b9b7-7d6a-41fb-b164-e4f1f98cb093 req-d3e91e81-cb38-4ce1-b293-f6d678c17458 12ebc514fc7c40a5bb0fc325f7b6b14d bf6904432abe429388e42e13917d91b2 - - default default] 10.0.0.167 "GET /v2.0/ports?device_id=8be16716-6933-482f-9976-99ce537191be HTTP/1.1" status: 200 len: 210 time: 0.0314245
2026-07-22 23:14:28.468 9 INFO neutron.wsgi [req-d03e0ae2-525e-4534-9a3e-7a7edfeffde5 req-c6371db7-98cc-4373-8f7c-4efdff19f3bb 26d2eba4cc4b4c2e833d44cf98a76be2 b8b70549fbd448ed90f6eb523503daea - - default default] 10.0.0.167 "DELETE /v2.0/security-groups/e1fab95b-3696-4a91-91a7-c6c7f7bf18ec HTTP/1.1" status: 204 len: 173 time: 0.1680889
2026-07-22 23:14:28.497 9 INFO neutron.api.v2.resource [req-994170d5-1c26-467a-8ec5-6919006675c8 req-6f285d0d-291c-4b65-ba6e-3b9aa840567a 26d2eba4cc4b4c2e833d44cf98a76be2 b8b70549fbd448ed90f6eb523503daea - - default default] show failed (client error): The resource could not be found.
2026-07-22 23:14:28.499 9 INFO neutron.wsgi [req-994170d5-1c26-467a-8ec5-6919006675c8 req-6f285d0d-291c-4b65-ba6e-3b9aa840567a 26d2eba4cc4b4c2e833d44cf98a76be2 b8b70549fbd448ed90f6eb523503daea - - default default] 10.0.0.167 "GET /v2.0/security-groups/e1fab95b-3696-4a91-91a7-c6c7f7bf18ec HTTP/1.1" status: 404 len: 352 time: 0.0130033
2026-07-22 23:14:28.567 9 INFO neutron.wsgi [req-8a3c07d5-f0e4-45e3-a5d9-6b106f528d3a req-ec98d370-79c5-4b69-8c96-338ce3538e69 26d2eba4cc4b4c2e833d44cf98a76be2 b8b70549fbd448ed90f6eb523503daea - - default default] 10.0.0.167 "GET /v2.0/security-groups?tenant_id=b8b70549fbd448ed90f6eb523503daea HTTP/1.1" status: 200 len: 3121 time: 0.0409579
2026-07-22 23:14:28.602 9 INFO neutron.wsgi [req-8a3c07d5-f0e4-45e3-a5d9-6b106f528d3a req-16169556-3978-49ba-a437-57b4b496534b 26d2eba4cc4b4c2e833d44cf98a76be2 b8b70549fbd448ed90f6eb523503daea - - default default] 10.0.0.167 "GET /v2.0/security-groups/7958aee7-7173-46f0-8bd5-a013da90a24c HTTP/1.1" status: 200 len: 3118 time: 0.0300524
2026-07-22 23:14:28.638 9 INFO neutron.wsgi [req-8a3c07d5-f0e4-45e3-a5d9-6b106f528d3a req-4768708f-85b2-4c01-96c3-fc46f59f853b 26d2eba4cc4b4c2e833d44cf98a76be2 b8b70549fbd448ed90f6eb523503daea - - default default] 10.0.0.167 "GET /v2.0/security-groups/7958aee7-7173-46f0-8bd5-a013da90a24c HTTP/1.1" status: 200 len: 3118 time: 0.0284352
2026-07-22 23:14:28.688 9 INFO neutron.api.v2.resource [req-f87a2a87-b6af-459b-bc22-08b3ac0ffd68 req-5be9d8ae-2670-4c3d-83b9-23ab5ceef3ca 26d2eba4cc4b4c2e833d44cf98a76be2 b8b70549fbd448ed90f6eb523503daea - - default default] show failed (client error): The resource could not be found.
2026-07-22 23:14:28.689 9 INFO neutron.wsgi [req-f87a2a87-b6af-459b-bc22-08b3ac0ffd68 req-5be9d8ae-2670-4c3d-83b9-23ab5ceef3ca 26d2eba4cc4b4c2e833d44cf98a76be2 b8b70549fbd448ed90f6eb523503daea - - default default] 10.0.0.167 "GET /v2.0/security-groups/e1fab95b-3696-4a91-91a7-c6c7f7bf18ec HTTP/1.1" status: 404 len: 352 time: 0.0124352
2026-07-22 23:14:28.722 9 INFO neutron.api.v2.resource [req-bd6b1e8a-4975-4116-a807-5dac66c7137a req-e2b63ec2-d231-473d-bec2-f2655a6cbcbe 26d2eba4cc4b4c2e833d44cf98a76be2 b8b70549fbd448ed90f6eb523503daea - - default default] show failed (client error): The resource could not be found.
2026-07-22 23:14:28.724 9 INFO neutron.wsgi [req-bd6b1e8a-4975-4116-a807-5dac66c7137a req-e2b63ec2-d231-473d-bec2-f2655a6cbcbe 26d2eba4cc4b4c2e833d44cf98a76be2 b8b70549fbd448ed90f6eb523503daea - - default default] 10.0.0.167 "GET /v2.0/security-groups/1865ba21-65d1-4f0f-ab9e-be3b1720acb2 HTTP/1.1" status: 404 len: 352 time: 0.0140159
2026-07-22 23:14:28.727 10 INFO neutron.wsgi [req-d333b4fe-a493-4c78-99d7-46133b2b9e6c req-e5d1f342-573c-4e94-aebe-5b4f0a5b710f 12ebc514fc7c40a5bb0fc325f7b6b14d bf6904432abe429388e42e13917d91b2 - - default default] 199.204.45.240 "GET /v2.0/networks?id=bdfc2692-d1d0-4597-b8da-1c0fea2f7b32 HTTP/1.1" status: 200 len: 875 time: 0.1932497
2026-07-22 23:14:28.734 10 INFO neutron.wsgi [req-48d2a130-19fe-410d-857e-317a5821e3e7 req-1de7a1db-403a-4ce2-a055-cb0b56d6a9b6 95f632aab16946c786f287260dd82dc0 5b7ad6df618f44a585f96d7a1f762d16 - - default default] 199.204.45.240 "GET /v2.0/networks?id=16777d93-204b-481e-8ab6-31c663d6089f HTTP/1.1" status: 200 len: 883 time: 0.1969790
2026-07-22 23:14:28.763 9 INFO neutron.api.v2.resource [req-546fe116-57c4-454d-99c1-00dc36f2c2de req-de97a257-858f-4d2f-9e23-f4c7857dca1f 26d2eba4cc4b4c2e833d44cf98a76be2 b8b70549fbd448ed90f6eb523503daea - - default default] show failed (client error): The resource could not be found.
2026-07-22 23:14:28.765 9 INFO neutron.wsgi [req-546fe116-57c4-454d-99c1-00dc36f2c2de req-de97a257-858f-4d2f-9e23-f4c7857dca1f 26d2eba4cc4b4c2e833d44cf98a76be2 b8b70549fbd448ed90f6eb523503daea - - default default] 10.0.0.167 "GET /v2.0/security-groups/95c9f30a-6c14-4d77-8066-cb42d7cf3a9f HTTP/1.1" status: 404 len: 352 time: 0.0157211
2026-07-22 23:14:28.846 9 WARNING neutron_lib.context [req-33d716ac-446f-414f-b7cc-6c144c083e7d req-0492a664-5d0a-42fa-843b-ac25b6f6a25a c66e4ef2c7bb4f3e9b2a9620a52393af bc8f5228d8cb4339b2dd3cbc7bef4bfe - - default default] Method 'is_advsvc' is deprecated since 2023.2 release (neutron-lib 3.8.0) and will be removed once support for the old RBAC API policies will be removed from Neutron. Please use method 'is_service_role' instead.
2026-07-22 23:14:28.994 9 INFO neutron.db.ovn_revision_numbers_db [req-33d716ac-446f-414f-b7cc-6c144c083e7d req-0492a664-5d0a-42fa-843b-ac25b6f6a25a c66e4ef2c7bb4f3e9b2a9620a52393af bc8f5228d8cb4339b2dd3cbc7bef4bfe - - default default] Successfully bumped revision number for resource e68e24e6-4210-469b-9686-f9ff2739768b (type: security_groups) to 1
2026-07-22 23:14:29.012 9 INFO neutron.db.ovn_revision_numbers_db [req-33d716ac-446f-414f-b7cc-6c144c083e7d req-0492a664-5d0a-42fa-843b-ac25b6f6a25a c66e4ef2c7bb4f3e9b2a9620a52393af bc8f5228d8cb4339b2dd3cbc7bef4bfe - - default default] Successfully bumped revision number for resource 20697fae-b0d5-46ef-a865-1aa01c8a0712 (type: security_group_rules) to 0
2026-07-22 23:14:29.021 10 INFO neutron.wsgi [req-d333b4fe-a493-4c78-99d7-46133b2b9e6c req-a21b48e1-ce97-48fa-a959-a50669ca2f30 12ebc514fc7c40a5bb0fc325f7b6b14d bf6904432abe429388e42e13917d91b2 - - default default] 199.204.45.240 "GET /v2.0/security-groups?fields=id&fields=name&tenant_id=bf6904432abe429388e42e13917d91b2 HTTP/1.1" status: 200 len: 380 time: 0.2672317
2026-07-22 23:14:29.026 9 INFO neutron.db.ovn_revision_numbers_db [req-33d716ac-446f-414f-b7cc-6c144c083e7d req-0492a664-5d0a-42fa-843b-ac25b6f6a25a c66e4ef2c7bb4f3e9b2a9620a52393af bc8f5228d8cb4339b2dd3cbc7bef4bfe - - default default] Successfully bumped revision number for resource 5d538b85-5062-476c-96be-7e161f26aae1 (type: security_group_rules) to 0
2026-07-22 23:14:29.026 10 INFO neutron.wsgi [req-48d2a130-19fe-410d-857e-317a5821e3e7 req-58352fa4-b4c3-4b70-8d71-e6755f143908 95f632aab16946c786f287260dd82dc0 5b7ad6df618f44a585f96d7a1f762d16 - - default default] 199.204.45.240 "GET /v2.0/security-groups?fields=id&fields=name&tenant_id=5b7ad6df618f44a585f96d7a1f762d16 HTTP/1.1" status: 200 len: 380 time: 0.2680867
2026-07-22 23:14:29.040 10 WARNING neutron_lib.context [req-d333b4fe-a493-4c78-99d7-46133b2b9e6c req-01e1e269-83e6-45f9-af94-1b93ed5a3240 12ebc514fc7c40a5bb0fc325f7b6b14d bf6904432abe429388e42e13917d91b2 - - default default] Method 'is_advsvc' is deprecated since 2023.2 release (neutron-lib 3.8.0) and will be removed once support for the old RBAC API policies will be removed from Neutron. Please use method 'is_service_role' instead.
2026-07-22 23:14:29.046 10 WARNING neutron_lib.context [req-48d2a130-19fe-410d-857e-317a5821e3e7 req-38a0ac41-d225-41ab-8717-00e620078817 95f632aab16946c786f287260dd82dc0 5b7ad6df618f44a585f96d7a1f762d16 - - default default] Method 'is_advsvc' is deprecated since 2023.2 release (neutron-lib 3.8.0) and will be removed once support for the old RBAC API policies will be removed from Neutron. Please use method 'is_service_role' instead.
2026-07-22 23:14:29.051 10 WARNING neutron.plugins.ml2.drivers.ovn.mech_driver.ovsdb.ovn_client [None req-a8bdee5e-8c9c-4de5-8966-45d7ee8c5aef - - - - - -] No hosting information found for port be474d0d-66d5-464b-bb0b-8e4a6803091b: RuntimeError: No hosting information found for port be474d0d-66d5-464b-bb0b-8e4a6803091b
2026-07-22 23:14:29.051 10 INFO neutron.plugins.ml2.drivers.ovn.mech_driver.mech_driver [None req-a8bdee5e-8c9c-4de5-8966-45d7ee8c5aef - - - - - -] OVN reports status up for port: 383817db-39f4-4f9c-91f9-cd069153e790
2026-07-22 23:14:29.053 9 INFO neutron.wsgi [req-33d716ac-446f-414f-b7cc-6c144c083e7d req-0492a664-5d0a-42fa-843b-ac25b6f6a25a c66e4ef2c7bb4f3e9b2a9620a52393af bc8f5228d8cb4339b2dd3cbc7bef4bfe - - default default] 10.0.0.167 "POST /v2.0/security-groups HTTP/1.1" status: 201 len: 1889 time: 0.2139316
2026-07-22 23:14:29.098 10 INFO neutron.plugins.ml2.plugin [None req-a8bdee5e-8c9c-4de5-8966-45d7ee8c5aef - - - - - -] Attempt 1 to provision port 383817db-39f4-4f9c-91f9-cd069153e790
2026-07-22 23:14:29.111 9 INFO neutron.wsgi [req-4fcfe6e3-83f0-42cb-a5c9-777e56cadde5 req-32941fb6-c057-4ee1-be15-8d29afddb751 c66e4ef2c7bb4f3e9b2a9620a52393af bc8f5228d8cb4339b2dd3cbc7bef4bfe - - default default] 10.0.0.167 "GET /v2.0/security-groups/e68e24e6-4210-469b-9686-f9ff2739768b HTTP/1.1" status: 200 len: 1884 time: 0.0305321
2026-07-22 23:14:29.123 9 WARNING neutron_lib.context [req-4fcfe6e3-83f0-42cb-a5c9-777e56cadde5 req-023ec620-954d-4fb5-b58c-1138491b8118 c66e4ef2c7bb4f3e9b2a9620a52393af bc8f5228d8cb4339b2dd3cbc7bef4bfe - - default default] Method 'is_advsvc' is deprecated since 2023.2 release (neutron-lib 3.8.0) and will be removed once support for the old RBAC API policies will be removed from Neutron. Please use method 'is_service_role' instead.
2026-07-22 23:14:29.275 9 INFO neutron.db.ovn_revision_numbers_db [req-4fcfe6e3-83f0-42cb-a5c9-777e56cadde5 req-023ec620-954d-4fb5-b58c-1138491b8118 c66e4ef2c7bb4f3e9b2a9620a52393af bc8f5228d8cb4339b2dd3cbc7bef4bfe - - default default] Successfully bumped revision number for resource af04b352-9969-497b-bc09-8fd85f6bd479 (type: security_group_rules) to 0
2026-07-22 23:14:29.306 9 INFO neutron.wsgi [req-4fcfe6e3-83f0-42cb-a5c9-777e56cadde5 req-023ec620-954d-4fb5-b58c-1138491b8118 c66e4ef2c7bb4f3e9b2a9620a52393af bc8f5228d8cb4339b2dd3cbc7bef4bfe - - default default] 10.0.0.167 "POST /v2.0/security-group-rules HTTP/1.1" status: 201 len: 818 time: 0.1884279
2026-07-22 23:14:29.337 9 WARNING neutron_lib.context [req-eb2fdcc5-f488-414c-93af-0b05f4c2d3ef req-e064cc85-ebdb-484e-aa97-a3be9a6831f9 c66e4ef2c7bb4f3e9b2a9620a52393af bc8f5228d8cb4339b2dd3cbc7bef4bfe - - default default] Method 'is_advsvc' is deprecated since 2023.2 release (neutron-lib 3.8.0) and will be removed once support for the old RBAC API policies will be removed from Neutron. Please use method 'is_service_role' instead.
2026-07-22 23:14:29.403 10 INFO neutron.plugins.ml2.drivers.ovn.mech_driver.mech_driver [None req-a8bdee5e-8c9c-4de5-8966-45d7ee8c5aef - - - - - -] OVN reports status up for port: 08e093bf-8e88-4627-b515-f38cb27b09af
2026-07-22 23:14:29.443 9 INFO neutron.wsgi [req-f9c76b08-bcce-4d34-8df1-d9e69bd18413 req-73b420d5-45d0-4edd-ab4d-e4e8eb6d3414 95f632aab16946c786f287260dd82dc0 5b7ad6df618f44a585f96d7a1f762d16 - - default default] 10.0.0.167 "GET /v2.0/ports?device_id=a8b7670f-d2a6-456a-bbe6-57abd2ee8ab5 HTTP/1.1" status: 200 len: 210 time: 0.0360789
2026-07-22 23:14:29.446 10 INFO neutron.plugins.ml2.plugin [None req-a8bdee5e-8c9c-4de5-8966-45d7ee8c5aef - - - - - -] Attempt 1 to provision port 08e093bf-8e88-4627-b515-f38cb27b09af
2026-07-22 23:14:29.474 9 WARNING neutron.plugins.ml2.drivers.ovn.mech_driver.ovsdb.ovn_client [None req-fe374d2f-ee0e-4dc5-9e9a-305e21e3287c - - - - - -] No hosting information found for port 568b59b6-e4d5-44b8-adc1-89df6813da13: RuntimeError: No hosting information found for port 568b59b6-e4d5-44b8-adc1-89df6813da13
2026-07-22 23:14:29.475 9 INFO neutron.plugins.ml2.drivers.ovn.mech_driver.mech_driver [None req-fe374d2f-ee0e-4dc5-9e9a-305e21e3287c - - - - - -] OVN reports status up for port: 36d0b80e-c9b2-4a65-bd46-cfc7ce406e38
2026-07-22 23:14:29.481 9 INFO neutron.plugins.ml2.plugin [None req-fe374d2f-ee0e-4dc5-9e9a-305e21e3287c - - - - - -] Attempt 1 to provision port 36d0b80e-c9b2-4a65-bd46-cfc7ce406e38
2026-07-22 23:14:29.484 9 INFO neutron.db.ovn_revision_numbers_db [req-eb2fdcc5-f488-414c-93af-0b05f4c2d3ef req-e064cc85-ebdb-484e-aa97-a3be9a6831f9 c66e4ef2c7bb4f3e9b2a9620a52393af bc8f5228d8cb4339b2dd3cbc7bef4bfe - - default default] Successfully bumped revision number for resource 30b91727-2180-414b-b528-533ed41985c0 (type: security_groups) to 1
2026-07-22 23:14:29.516 9 INFO neutron.db.ovn_revision_numbers_db [req-eb2fdcc5-f488-414c-93af-0b05f4c2d3ef req-e064cc85-ebdb-484e-aa97-a3be9a6831f9 c66e4ef2c7bb4f3e9b2a9620a52393af bc8f5228d8cb4339b2dd3cbc7bef4bfe - - default default] Successfully bumped revision number for resource 204fdc64-dad6-48e6-9684-7d50e9e81785 (type: security_group_rules) to 0
2026-07-22 23:14:29.519 9 INFO neutron.wsgi [req-d4cac48f-5afd-410c-9eae-d45c38e6942e req-cd10d6b3-54d2-4425-bf17-fb30d5bab0ee 12ebc514fc7c40a5bb0fc325f7b6b14d bf6904432abe429388e42e13917d91b2 - - default default] 10.0.0.167 "GET /v2.0/ports?device_id=8be16716-6933-482f-9976-99ce537191be HTTP/1.1" status: 200 len: 210 time: 0.0223997
2026-07-22 23:14:29.537 9 INFO neutron.db.ovn_revision_numbers_db [req-eb2fdcc5-f488-414c-93af-0b05f4c2d3ef req-e064cc85-ebdb-484e-aa97-a3be9a6831f9 c66e4ef2c7bb4f3e9b2a9620a52393af bc8f5228d8cb4339b2dd3cbc7bef4bfe - - default default] Successfully bumped revision number for resource 936e3c00-62b4-4d64-8c42-aa9ae95f7027 (type: security_group_rules) to 0
2026-07-22 23:14:29.555 9 INFO neutron.wsgi [req-eb2fdcc5-f488-414c-93af-0b05f4c2d3ef req-e064cc85-ebdb-484e-aa97-a3be9a6831f9 c66e4ef2c7bb4f3e9b2a9620a52393af bc8f5228d8cb4339b2dd3cbc7bef4bfe - - default default] 10.0.0.167 "POST /v2.0/security-groups HTTP/1.1" status: 201 len: 1890 time: 0.2268047
2026-07-22 23:14:29.614 9 INFO neutron.wsgi [req-9081ad69-e633-48b8-b7ca-7d3e0532d9cb req-6f7df961-9eb7-400b-99c9-901a14a7c707 c66e4ef2c7bb4f3e9b2a9620a52393af bc8f5228d8cb4339b2dd3cbc7bef4bfe - - default default] 10.0.0.167 "GET /v2.0/security-groups/30b91727-2180-414b-b528-533ed41985c0 HTTP/1.1" status: 200 len: 1885 time: 0.0335500
2026-07-22 23:14:29.636 9 WARNING neutron_lib.context [req-9081ad69-e633-48b8-b7ca-7d3e0532d9cb req-27a1fb08-f50c-4ffe-9897-ae18e48fe9ec c66e4ef2c7bb4f3e9b2a9620a52393af bc8f5228d8cb4339b2dd3cbc7bef4bfe - - default default] Method 'is_advsvc' is deprecated since 2023.2 release (neutron-lib 3.8.0) and will be removed once support for the old RBAC API policies will be removed from Neutron. Please use method 'is_service_role' instead.
2026-07-22 23:14:29.797 9 INFO neutron.db.ovn_revision_numbers_db [req-9081ad69-e633-48b8-b7ca-7d3e0532d9cb req-27a1fb08-f50c-4ffe-9897-ae18e48fe9ec c66e4ef2c7bb4f3e9b2a9620a52393af bc8f5228d8cb4339b2dd3cbc7bef4bfe - - default default] Successfully bumped revision number for resource 14337628-d162-4230-ac92-80b2d2739518 (type: security_group_rules) to 0
2026-07-22 23:14:29.833 9 INFO neutron.wsgi [req-9081ad69-e633-48b8-b7ca-7d3e0532d9cb req-27a1fb08-f50c-4ffe-9897-ae18e48fe9ec c66e4ef2c7bb4f3e9b2a9620a52393af bc8f5228d8cb4339b2dd3cbc7bef4bfe - - default default] 10.0.0.167 "POST /v2.0/security-group-rules HTTP/1.1" status: 201 len: 818 time: 0.2028368
2026-07-22 23:14:29.918 9 INFO neutron.wsgi [req-2da43f0f-ff9c-4160-a5c8-d02b8019f592 req-a7d1cf68-0e0f-411b-800b-b2147908753e c66e4ef2c7bb4f3e9b2a9620a52393af bc8f5228d8cb4339b2dd3cbc7bef4bfe - - default default] 10.0.0.167 "GET /v2.0/security-groups/30b91727-2180-414b-b528-533ed41985c0 HTTP/1.1" status: 200 len: 2510 time: 0.0430999
2026-07-22 23:14:29.931 9 WARNING neutron_lib.context [req-2da43f0f-ff9c-4160-a5c8-d02b8019f592 req-e1f7c9e7-1afb-4bf2-8455-d1db2b35afa9 c66e4ef2c7bb4f3e9b2a9620a52393af bc8f5228d8cb4339b2dd3cbc7bef4bfe - - default default] Method 'is_advsvc' is deprecated since 2023.2 release (neutron-lib 3.8.0) and will be removed once support for the old RBAC API policies will be removed from Neutron. Please use method 'is_service_role' instead.
2026-07-22 23:14:29.985 9 INFO neutron.db.ovn_revision_numbers_db [None req-fe374d2f-ee0e-4dc5-9e9a-305e21e3287c - - - - - -] Successfully bumped revision number for resource 36d0b80e-c9b2-4a65-bd46-cfc7ce406e38 (type: ports) to 2
2026-07-22 23:14:30.060 10 WARNING neutron.scheduler.dhcp_agent_scheduler [req-48d2a130-19fe-410d-857e-317a5821e3e7 req-38a0ac41-d225-41ab-8717-00e620078817 95f632aab16946c786f287260dd82dc0 5b7ad6df618f44a585f96d7a1f762d16 - - default default] No more DHCP agents
2026-07-22 23:14:30.067 10 WARNING neutron.api.rpc.agentnotifiers.dhcp_rpc_agent_api [req-48d2a130-19fe-410d-857e-317a5821e3e7 req-38a0ac41-d225-41ab-8717-00e620078817 95f632aab16946c786f287260dd82dc0 5b7ad6df618f44a585f96d7a1f762d16 - - default default] Unable to schedule network 16777d93-204b-481e-8ab6-31c663d6089f: no agents available; will retry on subsequent port and subnet creation events.
2026-07-22 23:14:30.068 10 WARNING neutron.scheduler.dhcp_agent_scheduler [req-d333b4fe-a493-4c78-99d7-46133b2b9e6c req-01e1e269-83e6-45f9-af94-1b93ed5a3240 12ebc514fc7c40a5bb0fc325f7b6b14d bf6904432abe429388e42e13917d91b2 - - default default] No more DHCP agents
2026-07-22 23:14:30.077 10 WARNING neutron.api.rpc.agentnotifiers.dhcp_rpc_agent_api [req-d333b4fe-a493-4c78-99d7-46133b2b9e6c req-01e1e269-83e6-45f9-af94-1b93ed5a3240 12ebc514fc7c40a5bb0fc325f7b6b14d bf6904432abe429388e42e13917d91b2 - - default default] Unable to schedule network bdfc2692-d1d0-4597-b8da-1c0fea2f7b32: no agents available; will retry on subsequent port and subnet creation events.
2026-07-22 23:14:30.156 9 INFO neutron.db.ovn_revision_numbers_db [req-2da43f0f-ff9c-4160-a5c8-d02b8019f592 req-e1f7c9e7-1afb-4bf2-8455-d1db2b35afa9 c66e4ef2c7bb4f3e9b2a9620a52393af bc8f5228d8cb4339b2dd3cbc7bef4bfe - - default default] Successfully bumped revision number for resource 85e15ca8-49ed-4700-983a-e97a81b71bc7 (type: security_group_rules) to 0
2026-07-22 23:14:30.159 9 INFO neutron.db.ovn_revision_numbers_db [None req-fe374d2f-ee0e-4dc5-9e9a-305e21e3287c - - - - - -] Successfully bumped revision number for resource 36d0b80e-c9b2-4a65-bd46-cfc7ce406e38 (type: router_ports) to 2
2026-07-22 23:14:30.197 9 INFO neutron.wsgi [req-2da43f0f-ff9c-4160-a5c8-d02b8019f592 req-e1f7c9e7-1afb-4bf2-8455-d1db2b35afa9 c66e4ef2c7bb4f3e9b2a9620a52393af bc8f5228d8cb4339b2dd3cbc7bef4bfe - - default default] 10.0.0.167 "POST /v2.0/security-group-rules HTTP/1.1" status: 201 len: 823 time: 0.2736661
2026-07-22 23:14:30.272 9 INFO neutron.wsgi [req-8d96a7a5-1845-4789-a30d-b3a6cd748600 req-c71cba2b-8858-4a8f-a06f-8acb244da85f c66e4ef2c7bb4f3e9b2a9620a52393af bc8f5228d8cb4339b2dd3cbc7bef4bfe - - default default] 10.0.0.167 "GET /v2.0/security-groups/30b91727-2180-414b-b528-533ed41985c0 HTTP/1.1" status: 200 len: 3140 time: 0.0420082
2026-07-22 23:14:30.326 9 INFO neutron.wsgi [req-fb43161b-dcc3-4196-9b07-92342a898df3 req-3ef794fa-be8d-44b8-b27c-ceeaff1bf513 c66e4ef2c7bb4f3e9b2a9620a52393af bc8f5228d8cb4339b2dd3cbc7bef4bfe - - default default] 10.0.0.167 "GET /v2.0/security-group-rules/85e15ca8-49ed-4700-983a-e97a81b71bc7 HTTP/1.1" status: 200 len: 815 time: 0.0268736
2026-07-22 23:14:30.370 9 INFO neutron.wsgi [req-fb43161b-dcc3-4196-9b07-92342a898df3 req-588d48de-bf88-4e35-b9e6-a1103c4e3ede c66e4ef2c7bb4f3e9b2a9620a52393af bc8f5228d8cb4339b2dd3cbc7bef4bfe - - default default] 10.0.0.167 "GET /v2.0/security-groups/30b91727-2180-414b-b528-533ed41985c0 HTTP/1.1" status: 200 len: 3140 time: 0.0353775
2026-07-22 23:14:30.459 10 INFO neutron.db.ovn_revision_numbers_db [req-48d2a130-19fe-410d-857e-317a5821e3e7 req-38a0ac41-d225-41ab-8717-00e620078817 95f632aab16946c786f287260dd82dc0 5b7ad6df618f44a585f96d7a1f762d16 - - default default] Successfully bumped revision number for resource 220f400e-443c-48b4-b8de-6350a4abfaad (type: ports) to 1
2026-07-22 23:14:30.473 10 INFO neutron.db.ovn_revision_numbers_db [req-d333b4fe-a493-4c78-99d7-46133b2b9e6c req-01e1e269-83e6-45f9-af94-1b93ed5a3240 12ebc514fc7c40a5bb0fc325f7b6b14d bf6904432abe429388e42e13917d91b2 - - default default] Successfully bumped revision number for resource c067974c-7402-47ec-bc7e-57b44a4d83df (type: ports) to 1
2026-07-22 23:14:30.513 10 INFO neutron.wsgi [req-48d2a130-19fe-410d-857e-317a5821e3e7 req-38a0ac41-d225-41ab-8717-00e620078817 95f632aab16946c786f287260dd82dc0 5b7ad6df618f44a585f96d7a1f762d16 - - default default] 199.204.45.240 "POST /v2.0/ports HTTP/1.1" status: 201 len: 1158 time: 1.4826586
2026-07-22 23:14:30.533 10 INFO neutron.wsgi [req-d333b4fe-a493-4c78-99d7-46133b2b9e6c req-01e1e269-83e6-45f9-af94-1b93ed5a3240 12ebc514fc7c40a5bb0fc325f7b6b14d bf6904432abe429388e42e13917d91b2 - - default default] 199.204.45.240 "POST /v2.0/ports HTTP/1.1" status: 201 len: 1162 time: 1.5036833 /var/lib/openstack/lib/python3.10/site-packages/pycadf/identifier.py:71: UserWarning: Invalid uuid: neutron. To ensure interoperability, identifiers should be a valid uuid. warnings.warn(('Invalid uuid: %s. To ensure interoperability, '
2026-07-22 23:14:30.537 10 INFO neutron.wsgi [req-48d2a130-19fe-410d-857e-317a5821e3e7 req-1cd71450-16a2-491d-bd38-15b4e2a5b559 95f632aab16946c786f287260dd82dc0 5b7ad6df618f44a585f96d7a1f762d16 - - default default] 199.204.45.240 "GET /v2.0/extensions HTTP/1.1" status: 200 len: 18683 time: 0.0133514
2026-07-22 23:14:30.546 10 INFO neutron.wsgi [req-d333b4fe-a493-4c78-99d7-46133b2b9e6c req-01cf3305-487a-4faa-a051-1c2510ef44ca 12ebc514fc7c40a5bb0fc325f7b6b14d bf6904432abe429388e42e13917d91b2 - - default default] 199.204.45.240 "GET /v2.0/extensions HTTP/1.1" status: 200 len: 18683 time: 0.0059471
2026-07-22 23:14:30.564 9 INFO neutron.wsgi [req-ba5d3351-251b-48cb-961a-2addd984d1c2 req-682da2c5-99dc-4171-bfb7-b4f8c6fa2483 95f632aab16946c786f287260dd82dc0 5b7ad6df618f44a585f96d7a1f762d16 - - default default] 10.0.0.167 "GET /v2.0/ports?device_id=a8b7670f-d2a6-456a-bbe6-57abd2ee8ab5 HTTP/1.1" status: 200 len: 1156 time: 0.0541704
2026-07-22 23:14:30.637 10 INFO neutron.db.ovn_revision_numbers_db [None req-a8bdee5e-8c9c-4de5-8966-45d7ee8c5aef - - - - - -] Successfully bumped revision number for resource 08e093bf-8e88-4627-b515-f38cb27b09af (type: ports) to 2
2026-07-22 23:14:30.753 9 INFO neutron.wsgi [req-fb43161b-dcc3-4196-9b07-92342a898df3 req-2fdc4de2-bf43-466e-aaa5-4b1c26dff182 c66e4ef2c7bb4f3e9b2a9620a52393af bc8f5228d8cb4339b2dd3cbc7bef4bfe - - default default] 10.0.0.167 "DELETE /v2.0/security-group-rules/85e15ca8-49ed-4700-983a-e97a81b71bc7 HTTP/1.1" status: 204 len: 173 time: 0.3700347
2026-07-22 23:14:30.758 9 INFO neutron.wsgi [req-ba5d3351-251b-48cb-961a-2addd984d1c2 req-7905f34c-4524-46ec-8bf2-e45e2b2485df 95f632aab16946c786f287260dd82dc0 5b7ad6df618f44a585f96d7a1f762d16 - - default default] 10.0.0.167 "GET /v2.0/security-groups?id=46a1af6f-7627-4d7c-bde5-5fc2c554a17c&fields=id&fields=name HTTP/1.1" status: 200 len: 313 time: 0.1845682
2026-07-22 23:14:30.817 9 INFO neutron.wsgi [req-5531f1ff-3cfe-4017-999f-dec306a8735b req-54e02be3-01cc-4adc-9db1-1cf0a733cf3c c66e4ef2c7bb4f3e9b2a9620a52393af bc8f5228d8cb4339b2dd3cbc7bef4bfe - - default default] 10.0.0.167 "GET /v2.0/security-groups/30b91727-2180-414b-b528-533ed41985c0 HTTP/1.1" status: 200 len: 2510 time: 0.0264130
2026-07-22 23:14:30.924 9 INFO neutron.wsgi [req-7910bdb2-c419-4221-93e9-409b2af065a0 req-e8ef8480-086e-479f-a6a8-bb3ae057cd62 12ebc514fc7c40a5bb0fc325f7b6b14d bf6904432abe429388e42e13917d91b2 - - default default] 10.0.0.167 "GET /v2.0/ports?device_id=8be16716-6933-482f-9976-99ce537191be HTTP/1.1" status: 200 len: 1160 time: 0.0502241
2026-07-22 23:14:30.968 10 INFO neutron.db.ovn_revision_numbers_db [None req-a8bdee5e-8c9c-4de5-8966-45d7ee8c5aef - - - - - -] Successfully bumped revision number for resource 08e093bf-8e88-4627-b515-f38cb27b09af (type: router_ports) to 2
2026-07-22 23:14:30.977 9 INFO neutron.wsgi [req-7910bdb2-c419-4221-93e9-409b2af065a0 req-e1807b54-d4e1-47e4-86ff-b7a125fbf84d 12ebc514fc7c40a5bb0fc325f7b6b14d bf6904432abe429388e42e13917d91b2 - - default default] 10.0.0.167 "GET /v2.0/security-groups?id=d6da6ae0-5443-4a8b-ab4a-e4bb994ea98f&fields=id&fields=name HTTP/1.1" status: 200 len: 313 time: 0.0457814
2026-07-22 23:14:31.024 9 INFO neutron.wsgi [req-5531f1ff-3cfe-4017-999f-dec306a8735b req-5ff2d4ca-224a-4e24-a835-43ae016c2f43 c66e4ef2c7bb4f3e9b2a9620a52393af bc8f5228d8cb4339b2dd3cbc7bef4bfe - - default default] 10.0.0.167 "DELETE /v2.0/security-groups/30b91727-2180-414b-b528-533ed41985c0 HTTP/1.1" status: 204 len: 173 time: 0.1986327
2026-07-22 23:14:31.079 9 INFO neutron.wsgi [req-9af76589-0a53-4a6b-a1ae-9257992574f0 req-8733447b-b7ce-48ec-9b5c-841e8345945a c66e4ef2c7bb4f3e9b2a9620a52393af bc8f5228d8cb4339b2dd3cbc7bef4bfe - - default default] 10.0.0.167 "GET /v2.0/security-groups/e68e24e6-4210-469b-9686-f9ff2739768b HTTP/1.1" status: 200 len: 2509 time: 0.0298855
2026-07-22 23:14:31.099 9 INFO neutron.wsgi [-] 10.0.0.178 "GET / HTTP/1.1" status: 200 len: 247 time: 0.0020311
2026-07-22 23:14:31.101 9 INFO neutron.wsgi [-] 10.0.0.178 "GET / HTTP/1.1" status: 200 len: 247 time: 0.0008886
2026-07-22 23:14:31.200 9 INFO neutron.wsgi [req-9af76589-0a53-4a6b-a1ae-9257992574f0 req-6d7843d2-bb73-4b4f-aab6-40a367ac1ebb c66e4ef2c7bb4f3e9b2a9620a52393af bc8f5228d8cb4339b2dd3cbc7bef4bfe - - default default] 10.0.0.167 "DELETE /v2.0/security-groups/e68e24e6-4210-469b-9686-f9ff2739768b HTTP/1.1" status: 204 len: 173 time: 0.1128645
2026-07-22 23:14:31.788 10 INFO neutron.db.ovn_revision_numbers_db [req-48d2a130-19fe-410d-857e-317a5821e3e7 req-52af1881-23d6-4657-a37b-92904c86d74a 38b7af1608ab41288e45d13e552b4b4c 9e638baa87ad423dac194c8e5e228763 - - abae589cee0a4341a3424b5ec21a2a36 abae589cee0a4341a3424b5ec21a2a36] Successfully bumped revision number for resource 220f400e-443c-48b4-b8de-6350a4abfaad (type: ports) to 2
2026-07-22 23:14:31.821 10 INFO neutron.db.ovn_revision_numbers_db [req-d333b4fe-a493-4c78-99d7-46133b2b9e6c req-9efa4e01-5d18-49d4-88fb-1a5b9208cc60 38b7af1608ab41288e45d13e552b4b4c 9e638baa87ad423dac194c8e5e228763 - - abae589cee0a4341a3424b5ec21a2a36 abae589cee0a4341a3424b5ec21a2a36] Successfully bumped revision number for resource c067974c-7402-47ec-bc7e-57b44a4d83df (type: ports) to 2
2026-07-22 23:14:31.961 9 INFO neutron.wsgi [req-596ee7db-bbbd-4dec-b03e-82b45a17239f req-318cb1b1-bcb9-4e16-856f-a946d624b553 95f632aab16946c786f287260dd82dc0 5b7ad6df618f44a585f96d7a1f762d16 - - default default] 10.0.0.167 "GET /v2.0/ports?device_id=a8b7670f-d2a6-456a-bbe6-57abd2ee8ab5 HTTP/1.1" status: 200 len: 1168 time: 0.1214514
2026-07-22 23:14:32.044 9 INFO neutron.wsgi [req-596ee7db-bbbd-4dec-b03e-82b45a17239f req-e52e4b8c-b6f8-4662-b17a-dd6574e381ee 95f632aab16946c786f287260dd82dc0 5b7ad6df618f44a585f96d7a1f762d16 - - default default] 10.0.0.167 "GET /v2.0/security-groups?id=46a1af6f-7627-4d7c-bde5-5fc2c554a17c&fields=id&fields=name HTTP/1.1" status: 200 len: 313 time: 0.0740201
2026-07-22 23:14:32.199 9 INFO neutron.wsgi [req-c6e1a750-f805-4c2b-9b58-a14005a54742 req-ad7136b9-dca7-4f84-aa39-91fad6836d6e 12ebc514fc7c40a5bb0fc325f7b6b14d bf6904432abe429388e42e13917d91b2 - - default default] 10.0.0.167 "GET /v2.0/ports?device_id=8be16716-6933-482f-9976-99ce537191be HTTP/1.1" status: 200 len: 1172 time: 0.1275263
2026-07-22 23:14:32.276 10 INFO neutron.wsgi [None req-f2237856-2e91-4a46-8651-c0dc435d7c90 ebbdda3948f148a492dd875a4ced6796 f2d0a8ebe7d244c18dc84a3e8f1419b4 - - default default] 10.0.0.158 "PUT /v2.0/routers/73186be8-0255-4074-be6e-444528dbd3f4/remove_router_interface HTTP/1.1" status: 200 len: 503 time: 3.5008252
2026-07-22 23:14:32.318 9 INFO neutron.wsgi [req-c6e1a750-f805-4c2b-9b58-a14005a54742 req-755a02d9-cbbd-4b28-a250-ddec3d7f0c01 12ebc514fc7c40a5bb0fc325f7b6b14d bf6904432abe429388e42e13917d91b2 - - default default] 10.0.0.167 "GET /v2.0/security-groups?id=d6da6ae0-5443-4a8b-ab4a-e4bb994ea98f&fields=id&fields=name HTTP/1.1" status: 200 len: 313 time: 0.1108057
2026-07-22 23:14:32.363 10 INFO neutron.db.ovn_revision_numbers_db [req-48d2a130-19fe-410d-857e-317a5821e3e7 req-52af1881-23d6-4657-a37b-92904c86d74a 38b7af1608ab41288e45d13e552b4b4c 9e638baa87ad423dac194c8e5e228763 - - abae589cee0a4341a3424b5ec21a2a36 abae589cee0a4341a3424b5ec21a2a36] Successfully bumped revision number for resource 220f400e-443c-48b4-b8de-6350a4abfaad (type: ports) to 2
2026-07-22 23:14:32.393 10 INFO neutron.wsgi [req-48d2a130-19fe-410d-857e-317a5821e3e7 req-52af1881-23d6-4657-a37b-92904c86d74a 38b7af1608ab41288e45d13e552b4b4c 9e638baa87ad423dac194c8e5e228763 - - abae589cee0a4341a3424b5ec21a2a36 abae589cee0a4341a3424b5ec21a2a36] 199.204.45.240 "PUT /v2.0/ports/220f400e-443c-48b4-b8de-6350a4abfaad HTTP/1.1" status: 200 len: 1376 time: 1.4509478
2026-07-22 23:14:32.400 10 INFO neutron.db.ovn_revision_numbers_db [req-d333b4fe-a493-4c78-99d7-46133b2b9e6c req-9efa4e01-5d18-49d4-88fb-1a5b9208cc60 38b7af1608ab41288e45d13e552b4b4c 9e638baa87ad423dac194c8e5e228763 - - abae589cee0a4341a3424b5ec21a2a36 abae589cee0a4341a3424b5ec21a2a36] Successfully bumped revision number for resource c067974c-7402-47ec-bc7e-57b44a4d83df (type: ports) to 2
2026-07-22 23:14:32.423 10 INFO neutron.wsgi [req-d333b4fe-a493-4c78-99d7-46133b2b9e6c req-9efa4e01-5d18-49d4-88fb-1a5b9208cc60 38b7af1608ab41288e45d13e552b4b4c 9e638baa87ad423dac194c8e5e228763 - - abae589cee0a4341a3424b5ec21a2a36 abae589cee0a4341a3424b5ec21a2a36] 199.204.45.240 "PUT /v2.0/ports/c067974c-7402-47ec-bc7e-57b44a4d83df HTTP/1.1" status: 200 len: 1380 time: 1.4826221 /var/lib/openstack/lib/python3.10/site-packages/pycadf/identifier.py:71: UserWarning: Invalid uuid: neutron. To ensure interoperability, identifiers should be a valid uuid. warnings.warn(('Invalid uuid: %s. To ensure interoperability, '
2026-07-22 23:14:32.512 10 INFO neutron.wsgi [req-48d2a130-19fe-410d-857e-317a5821e3e7 req-5b865c92-7f3b-4154-b173-803428f421dc 38b7af1608ab41288e45d13e552b4b4c 9e638baa87ad423dac194c8e5e228763 - - abae589cee0a4341a3424b5ec21a2a36 abae589cee0a4341a3424b5ec21a2a36] 199.204.45.240 "GET /v2.0/ports?tenant_id=5b7ad6df618f44a585f96d7a1f762d16&device_id=a8b7670f-d2a6-456a-bbe6-57abd2ee8ab5 HTTP/1.1" status: 200 len: 1407 time: 0.0776348
2026-07-22 23:14:32.518 10 INFO neutron.wsgi [req-d333b4fe-a493-4c78-99d7-46133b2b9e6c req-276bbe0d-e5bd-4c5c-852a-56f37dbc0264 38b7af1608ab41288e45d13e552b4b4c 9e638baa87ad423dac194c8e5e228763 - - abae589cee0a4341a3424b5ec21a2a36 abae589cee0a4341a3424b5ec21a2a36] 199.204.45.240 "GET /v2.0/ports?tenant_id=bf6904432abe429388e42e13917d91b2&device_id=8be16716-6933-482f-9976-99ce537191be HTTP/1.1" status: 200 len: 1411 time: 0.0527511
2026-07-22 23:14:32.549 10 INFO neutron.wsgi [req-48d2a130-19fe-410d-857e-317a5821e3e7 req-fd875628-aec1-4310-9a10-e140f191bfc1 38b7af1608ab41288e45d13e552b4b4c 9e638baa87ad423dac194c8e5e228763 - - abae589cee0a4341a3424b5ec21a2a36 abae589cee0a4341a3424b5ec21a2a36] 199.204.45.240 "GET /v2.0/floatingips?fixed_ip_address=10.100.0.3&port_id=220f400e-443c-48b4-b8de-6350a4abfaad HTTP/1.1" status: 200 len: 217 time: 0.0304241
2026-07-22 23:14:32.564 10 INFO neutron.wsgi [req-d333b4fe-a493-4c78-99d7-46133b2b9e6c req-cd0d98ad-304e-4d8b-88af-4c50ccd339e4 38b7af1608ab41288e45d13e552b4b4c 9e638baa87ad423dac194c8e5e228763 - - abae589cee0a4341a3424b5ec21a2a36 abae589cee0a4341a3424b5ec21a2a36] 199.204.45.240 "GET /v2.0/floatingips?fixed_ip_address=10.100.0.11&port_id=c067974c-7402-47ec-bc7e-57b44a4d83df HTTP/1.1" status: 200 len: 217 time: 0.0400314
2026-07-22 23:14:32.606 10 INFO neutron.wsgi [req-48d2a130-19fe-410d-857e-317a5821e3e7 req-2f107a8c-e092-4b97-8333-d851f9e60ce9 38b7af1608ab41288e45d13e552b4b4c 9e638baa87ad423dac194c8e5e228763 - - abae589cee0a4341a3424b5ec21a2a36 abae589cee0a4341a3424b5ec21a2a36] 199.204.45.240 "GET /v2.0/subnets?id=7b7e0294-15f0-4b77-ad75-fb023c9a39f1 HTTP/1.1" status: 200 len: 877 time: 0.0445564
2026-07-22 23:14:32.613 10 INFO neutron.wsgi [req-d333b4fe-a493-4c78-99d7-46133b2b9e6c req-579350d1-a003-4267-a252-77d243a63dca 38b7af1608ab41288e45d13e552b4b4c 9e638baa87ad423dac194c8e5e228763 - - abae589cee0a4341a3424b5ec21a2a36 abae589cee0a4341a3424b5ec21a2a36] 199.204.45.240 "GET /v2.0/subnets?id=79188133-4197-4841-be9c-fbbc1adbf8eb HTTP/1.1" status: 200 len: 869 time: 0.0435510
2026-07-22 23:14:32.656 10 INFO neutron.wsgi [req-48d2a130-19fe-410d-857e-317a5821e3e7 req-302e2936-b1a0-4538-8539-1a5d6654c57b 38b7af1608ab41288e45d13e552b4b4c 9e638baa87ad423dac194c8e5e228763 - - abae589cee0a4341a3424b5ec21a2a36 abae589cee0a4341a3424b5ec21a2a36] 199.204.45.240 "GET /v2.0/ports?network_id=16777d93-204b-481e-8ab6-31c663d6089f&device_owner=network%3Adhcp HTTP/1.1" status: 200 len: 210 time: 0.0429249
2026-07-22 23:14:32.659 10 INFO neutron.wsgi [req-d333b4fe-a493-4c78-99d7-46133b2b9e6c req-48ae0915-80d6-4f60-8564-e9c91f1c66f7 38b7af1608ab41288e45d13e552b4b4c 9e638baa87ad423dac194c8e5e228763 - - abae589cee0a4341a3424b5ec21a2a36 abae589cee0a4341a3424b5ec21a2a36] 199.204.45.240 "GET /v2.0/ports?network_id=bdfc2692-d1d0-4597-b8da-1c0fea2f7b32&device_owner=network%3Adhcp HTTP/1.1" status: 200 len: 210 time: 0.0366788
2026-07-22 23:14:32.775 10 INFO neutron.wsgi [req-48d2a130-19fe-410d-857e-317a5821e3e7 req-4c78b4ff-852c-4eaa-8f80-be0d6f839666 38b7af1608ab41288e45d13e552b4b4c 9e638baa87ad423dac194c8e5e228763 - - abae589cee0a4341a3424b5ec21a2a36 abae589cee0a4341a3424b5ec21a2a36] 199.204.45.240 "GET /v2.0/networks/16777d93-204b-481e-8ab6-31c663d6089f?fields=segments HTTP/1.1" status: 200 len: 212 time: 0.1070838
2026-07-22 23:14:32.779 10 INFO neutron.wsgi [req-d333b4fe-a493-4c78-99d7-46133b2b9e6c req-50abae13-c09f-4b41-bc13-d47e36ec424a 38b7af1608ab41288e45d13e552b4b4c 9e638baa87ad423dac194c8e5e228763 - - abae589cee0a4341a3424b5ec21a2a36 abae589cee0a4341a3424b5ec21a2a36] 199.204.45.240 "GET /v2.0/networks/bdfc2692-d1d0-4597-b8da-1c0fea2f7b32?fields=segments HTTP/1.1" status: 200 len: 212 time: 0.1083395
2026-07-22 23:14:32.837 10 INFO neutron.notifiers.nova [-] Nova event matching ['req-56560760-8831-47d1-811c-4b0e24c6a6db'] response: {'name': 'network-changed', 'server_uuid': 'a8b7670f-d2a6-456a-bbe6-57abd2ee8ab5', 'tag': '220f400e-443c-48b4-b8de-6350a4abfaad', 'status': 'completed', 'code': 200}
2026-07-22 23:14:32.873 10 INFO neutron.wsgi [req-48d2a130-19fe-410d-857e-317a5821e3e7 req-09194f7f-ec66-4e56-9711-4af67a5aea32 38b7af1608ab41288e45d13e552b4b4c 9e638baa87ad423dac194c8e5e228763 - - abae589cee0a4341a3424b5ec21a2a36 abae589cee0a4341a3424b5ec21a2a36] 199.204.45.240 "GET /v2.0/networks/16777d93-204b-481e-8ab6-31c663d6089f?fields=provider%3Aphysical_network&fields=provider%3Anetwork_type HTTP/1.1" status: 200 len: 277 time: 0.0884666
2026-07-22 23:14:32.876 10 INFO neutron.wsgi [req-d333b4fe-a493-4c78-99d7-46133b2b9e6c req-93fe3e27-e573-4bf8-8e76-b7cc1e330df3 38b7af1608ab41288e45d13e552b4b4c 9e638baa87ad423dac194c8e5e228763 - - abae589cee0a4341a3424b5ec21a2a36 abae589cee0a4341a3424b5ec21a2a36] 199.204.45.240 "GET /v2.0/networks/bdfc2692-d1d0-4597-b8da-1c0fea2f7b32?fields=provider%3Aphysical_network&fields=provider%3Anetwork_type HTTP/1.1" status: 200 len: 277 time: 0.0904822
2026-07-22 23:14:32.973 10 INFO neutron.wsgi [req-cad14099-84f1-435d-9357-9ba1a85ed284 req-a870c7bb-796d-433b-a1e6-b72a9beeb5a4 38b7af1608ab41288e45d13e552b4b4c 9e638baa87ad423dac194c8e5e228763 - - abae589cee0a4341a3424b5ec21a2a36 abae589cee0a4341a3424b5ec21a2a36] 199.204.45.240 "GET /v2.0/ports?tenant_id=5b7ad6df618f44a585f96d7a1f762d16&device_id=a8b7670f-d2a6-456a-bbe6-57abd2ee8ab5 HTTP/1.1" status: 200 len: 1407 time: 0.0562305
2026-07-22 23:14:33.117 9 INFO neutron.wsgi [None req-7f215710-1a1e-46f8-ae0c-2a227ed305bd ebbdda3948f148a492dd875a4ced6796 f2d0a8ebe7d244c18dc84a3e8f1419b4 - - default default] 10.0.0.158 "PUT /v2.0/routers/520cd8d7-4af6-4eea-97e2-c4cf752f27f3/remove_router_interface HTTP/1.1" status: 200 len: 503 time: 1.9073811 /var/lib/openstack/lib/python3.10/site-packages/pycadf/identifier.py:71: UserWarning: Invalid uuid: neutron. To ensure interoperability, identifiers should be a valid uuid. warnings.warn(('Invalid uuid: %s. To ensure interoperability, '
2026-07-22 23:14:33.166 9 INFO neutron.wsgi [req-10135921-6538-4685-9be6-3ba4b4c76973 req-22fa723c-c159-4a5c-ad69-1d59890ba44b 95f632aab16946c786f287260dd82dc0 5b7ad6df618f44a585f96d7a1f762d16 - - default default] 10.0.0.167 "GET /v2.0/ports?device_id=a8b7670f-d2a6-456a-bbe6-57abd2ee8ab5 HTTP/1.1" status: 200 len: 1168 time: 0.0455875
2026-07-22 23:14:33.186 10 INFO neutron.wsgi [req-cad14099-84f1-435d-9357-9ba1a85ed284 req-d9ff1136-4e4a-4021-95ca-de80b26c46bd 38b7af1608ab41288e45d13e552b4b4c 9e638baa87ad423dac194c8e5e228763 - - abae589cee0a4341a3424b5ec21a2a36 abae589cee0a4341a3424b5ec21a2a36] 199.204.45.240 "GET /v2.0/networks?id=16777d93-204b-481e-8ab6-31c663d6089f HTTP/1.1" status: 200 len: 981 time: 0.1054115
2026-07-22 23:14:33.227 10 INFO neutron.wsgi [req-cad14099-84f1-435d-9357-9ba1a85ed284 req-aca319c3-b4dc-406f-a292-f0f23f972777 38b7af1608ab41288e45d13e552b4b4c 9e638baa87ad423dac194c8e5e228763 - - abae589cee0a4341a3424b5ec21a2a36 abae589cee0a4341a3424b5ec21a2a36] 199.204.45.240 "GET /v2.0/floatingips?fixed_ip_address=10.100.0.3&port_id=220f400e-443c-48b4-b8de-6350a4abfaad HTTP/1.1" status: 200 len: 217 time: 0.0344117
2026-07-22 23:14:33.240 9 INFO neutron.wsgi [req-10135921-6538-4685-9be6-3ba4b4c76973 req-ca3fc4b7-269b-4f51-bc70-696b0b473aa4 95f632aab16946c786f287260dd82dc0 5b7ad6df618f44a585f96d7a1f762d16 - - default default] 10.0.0.167 "GET /v2.0/security-groups?id=46a1af6f-7627-4d7c-bde5-5fc2c554a17c&fields=id&fields=name HTTP/1.1" status: 200 len: 313 time: 0.0663605
2026-07-22 23:14:33.308 10 INFO neutron.wsgi [req-cad14099-84f1-435d-9357-9ba1a85ed284 req-e5f8d39f-f6c4-489b-8b14-0753c6261caa 38b7af1608ab41288e45d13e552b4b4c 9e638baa87ad423dac194c8e5e228763 - - abae589cee0a4341a3424b5ec21a2a36 abae589cee0a4341a3424b5ec21a2a36] 199.204.45.240 "GET /v2.0/subnets?id=7b7e0294-15f0-4b77-ad75-fb023c9a39f1 HTTP/1.1" status: 200 len: 877 time: 0.0757585
2026-07-22 23:14:33.344 10 INFO neutron.wsgi [req-cad14099-84f1-435d-9357-9ba1a85ed284 req-e28f8437-5202-4dfe-ad16-7800790bf3de 38b7af1608ab41288e45d13e552b4b4c 9e638baa87ad423dac194c8e5e228763 - - abae589cee0a4341a3424b5ec21a2a36 abae589cee0a4341a3424b5ec21a2a36] 199.204.45.240 "GET /v2.0/ports?network_id=16777d93-204b-481e-8ab6-31c663d6089f&device_owner=network%3Adhcp HTTP/1.1" status: 200 len: 210 time: 0.0216858
2026-07-22 23:14:33.429 10 INFO neutron.wsgi [req-cad14099-84f1-435d-9357-9ba1a85ed284 req-9045cbe1-0af1-41f0-96d1-2946111361aa 38b7af1608ab41288e45d13e552b4b4c 9e638baa87ad423dac194c8e5e228763 - - abae589cee0a4341a3424b5ec21a2a36 abae589cee0a4341a3424b5ec21a2a36] 199.204.45.240 "GET /v2.0/networks/16777d93-204b-481e-8ab6-31c663d6089f?fields=segments HTTP/1.1" status: 200 len: 212 time: 0.0799134
2026-07-22 23:14:33.434 9 INFO neutron.wsgi [req-0b361236-2096-433d-8850-99745e6b27ab req-ce78e3ec-96b7-449f-84d7-819b55af10d8 12ebc514fc7c40a5bb0fc325f7b6b14d bf6904432abe429388e42e13917d91b2 - - default default] 10.0.0.167 "GET /v2.0/ports?device_id=8be16716-6933-482f-9976-99ce537191be HTTP/1.1" status: 200 len: 1172 time: 0.0460150
2026-07-22 23:14:33.524 9 INFO neutron.wsgi [req-0b361236-2096-433d-8850-99745e6b27ab req-07e15c77-1f98-475b-b59b-f4d85d7f065a 12ebc514fc7c40a5bb0fc325f7b6b14d bf6904432abe429388e42e13917d91b2 - - default default] 10.0.0.167 "GET /v2.0/security-groups?id=d6da6ae0-5443-4a8b-ab4a-e4bb994ea98f&fields=id&fields=name HTTP/1.1" status: 200 len: 313 time: 0.0754535
2026-07-22 23:14:33.539 10 INFO neutron.wsgi [req-cad14099-84f1-435d-9357-9ba1a85ed284 req-9cafa1b1-f54b-462f-b357-fc12a417678f 38b7af1608ab41288e45d13e552b4b4c 9e638baa87ad423dac194c8e5e228763 - - abae589cee0a4341a3424b5ec21a2a36 abae589cee0a4341a3424b5ec21a2a36] 199.204.45.240 "GET /v2.0/networks/16777d93-204b-481e-8ab6-31c663d6089f?fields=provider%3Aphysical_network&fields=provider%3Anetwork_type HTTP/1.1" status: 200 len: 277 time: 0.0945480
2026-07-22 23:14:33.545 9 INFO neutron.wsgi [None req-90818a3a-2cd2-4207-976e-faf8a4057255 ebbdda3948f148a492dd875a4ced6796 f2d0a8ebe7d244c18dc84a3e8f1419b4 - - default default] 10.0.0.158 "DELETE /v2.0/routers/73186be8-0255-4074-be6e-444528dbd3f4 HTTP/1.1" status: 204 len: 168 time: 1.2596836
2026-07-22 23:14:33.752 9 INFO neutron.wsgi [None req-66ee9b35-5e05-4f58-b9de-39898cd3985f ebbdda3948f148a492dd875a4ced6796 f2d0a8ebe7d244c18dc84a3e8f1419b4 - - default default] 10.0.0.158 "DELETE /v2.0/subnets/569b52bf-52d5-401c-ab38-45d66be6222d HTTP/1.1" status: 204 len: 168 time: 0.1991739
2026-07-22 23:14:34.252 10 INFO neutron.wsgi [None req-68298157-103d-468f-b231-652e8fcfe2af ebbdda3948f148a492dd875a4ced6796 f2d0a8ebe7d244c18dc84a3e8f1419b4 - - default default] 10.0.0.158 "DELETE /v2.0/routers/520cd8d7-4af6-4eea-97e2-c4cf752f27f3 HTTP/1.1" status: 204 len: 168 time: 1.1253095
2026-07-22 23:14:34.373 9 INFO neutron.wsgi [req-e02529e0-fb5d-4860-964c-0decb018407f req-e071b54e-64e9-4508-b7c4-f8cf6a774a99 95f632aab16946c786f287260dd82dc0 5b7ad6df618f44a585f96d7a1f762d16 - - default default] 10.0.0.167 "GET /v2.0/ports?device_id=a8b7670f-d2a6-456a-bbe6-57abd2ee8ab5 HTTP/1.1" status: 200 len: 1168 time: 0.0443194
2026-07-22 23:14:34.407 9 INFO neutron.wsgi [None req-c0c2751b-89f2-4ade-b881-591a99c8602b ebbdda3948f148a492dd875a4ced6796 f2d0a8ebe7d244c18dc84a3e8f1419b4 - - default default] 10.0.0.158 "DELETE /v2.0/networks/9361a278-7a9d-4b48-9d7c-6108f1f10352 HTTP/1.1" status: 204 len: 168 time: 0.6491611
2026-07-22 23:14:34.457 9 INFO neutron.wsgi [req-e02529e0-fb5d-4860-964c-0decb018407f req-97be1a6b-e4ad-4c42-9232-9891fa9891c6 95f632aab16946c786f287260dd82dc0 5b7ad6df618f44a585f96d7a1f762d16 - - default default] 10.0.0.167 "GET /v2.0/security-groups?id=46a1af6f-7627-4d7c-bde5-5fc2c554a17c&fields=id&fields=name HTTP/1.1" status: 200 len: 313 time: 0.0755091
2026-07-22 23:14:34.514 9 INFO neutron.wsgi [None req-daf47d54-201d-4458-afb3-0e4537b7c2ff ebbdda3948f148a492dd875a4ced6796 f2d0a8ebe7d244c18dc84a3e8f1419b4 - - default default] 10.0.0.158 "DELETE /v2.0/subnets/9c57e2c5-09ef-46a4-a247-067658709013 HTTP/1.1" status: 204 len: 168 time: 0.2567484
2026-07-22 23:14:34.644 9 INFO neutron.wsgi [req-2dd541f3-b79c-42e7-8558-5506e9e7d5eb req-6fb17d0d-d72d-4bcb-a9c9-dc3f3e9c1feb 12ebc514fc7c40a5bb0fc325f7b6b14d bf6904432abe429388e42e13917d91b2 - - default default] 10.0.0.167 "GET /v2.0/ports?device_id=8be16716-6933-482f-9976-99ce537191be HTTP/1.1" status: 200 len: 1172 time: 0.0439081
2026-07-22 23:14:34.676 10 INFO neutron.wsgi [None req-09f5657d-dc1a-400b-8355-ce1344893a32 ebbdda3948f148a492dd875a4ced6796 f2d0a8ebe7d244c18dc84a3e8f1419b4 - - default default] 10.0.0.158 "GET /v2.0/security-groups?tenant_id=b8b70549fbd448ed90f6eb523503daea&name=default HTTP/1.1" status: 200 len: 3116 time: 0.0463226
2026-07-22 23:14:34.688 9 INFO neutron.wsgi [req-2dd541f3-b79c-42e7-8558-5506e9e7d5eb req-cd4a1ed3-b35b-4a9d-9991-9f8ffb9528b6 12ebc514fc7c40a5bb0fc325f7b6b14d bf6904432abe429388e42e13917d91b2 - - default default] 10.0.0.167 "GET /v2.0/security-groups?id=d6da6ae0-5443-4a8b-ab4a-e4bb994ea98f&fields=id&fields=name HTTP/1.1" status: 200 len: 313 time: 0.0345244
2026-07-22 23:14:34.859 9 INFO neutron.services.segments.plugin [-] Segment ad6d2f19-6391-4ec5-bdc2-916e01d414da resource provider aggregate not found
2026-07-22 23:14:34.869 9 INFO neutron.services.segments.plugin [-] Segment ad6d2f19-6391-4ec5-bdc2-916e01d414da resource provider aggregate not found
2026-07-22 23:14:34.876 9 INFO neutron.services.segments.plugin [-] Segment ad6d2f19-6391-4ec5-bdc2-916e01d414da resource provider not found; error: Placement Client Error (4xx): {"errors": [{"status": 404, "title": "Not Found", "detail": "The resource could not be found.\n\n No resource provider with uuid ad6d2f19-6391-4ec5-bdc2-916e01d414da found for delete ", "request_id": "req-d6ed3464-298e-4c35-8eee-df91aafd2ef9"}]}
