2026-07-22 23:16:13.337 9 INFO neutron.wsgi [None req-f79b9dc2-b988-4c5d-a019-8442fe9487b1 d9151e1f389d486190ebb9ea2e2657be 56a3ead74a7a45d18ffce4a6a6f95c60 - - default default] 10.0.0.158 "GET /v2.0/ports?device_id=a714e743-e405-45b7-8cc5-976981706e3b HTTP/1.1" status: 200 len: 205 time: 0.0196021
2026-07-22 23:16:13.480 9 WARNING neutron.plugins.ml2.drivers.ovn.mech_driver.ovsdb.ovn_client [None req-fe374d2f-ee0e-4dc5-9e9a-305e21e3287c - - - - - -] No port found with ID af9016c7-4fc2-4bdd-8289-a1b7b1e73bdf: RuntimeError: No port found with ID af9016c7-4fc2-4bdd-8289-a1b7b1e73bdf
2026-07-22 23:16:13.481 9 INFO neutron.plugins.ml2.drivers.ovn.mech_driver.mech_driver [None req-fe374d2f-ee0e-4dc5-9e9a-305e21e3287c - - - - - -] OVN reports status down for port: 4eb7fea0-22ab-4474-b8ce-47b584984d65
2026-07-22 23:16:13.485 10 INFO neutron.db.ovn_revision_numbers_db [None req-1c578412-52c5-46f8-8e8b-cd7f643e1443 f4f7bbf32d0d4e2b909095443813a7a8 442d027b130746229be12b85873ac0cb - - default default] Successfully bumped revision number for resource 230985ae-c8c7-43ce-a20a-7ef40279837d (type: routers) to 3
2026-07-22 23:16:13.491 10 INFO neutron.wsgi [None req-1c578412-52c5-46f8-8e8b-cd7f643e1443 f4f7bbf32d0d4e2b909095443813a7a8 442d027b130746229be12b85873ac0cb - - default default] 10.0.0.158 "PUT /v2.0/routers/230985ae-c8c7-43ce-a20a-7ef40279837d HTTP/1.1" status: 200 len: 1154 time: 0.5107005
2026-07-22 23:16:13.516 9 INFO neutron.plugins.ml2.drivers.ovn.mech_driver.mech_driver [None req-fe374d2f-ee0e-4dc5-9e9a-305e21e3287c - - - - - -] OVN reports status up for port: 233b3f15-68bf-4422-9b74-d1d1a8bfc202
2026-07-22 23:16:13.542 9 INFO neutron.plugins.ml2.drivers.ovn.mech_driver.mech_driver [None req-fe374d2f-ee0e-4dc5-9e9a-305e21e3287c - - - - - -] OVN reports status up for port: 4bc91467-6e77-478a-b9f0-64b8d246a83b
2026-07-22 23:16:13.576 10 INFO neutron.wsgi [None req-35b58885-4b02-4f74-8f2a-b12195836484 f4f7bbf32d0d4e2b909095443813a7a8 442d027b130746229be12b85873ac0cb - - default default] 10.0.0.158 "GET /v2.0/routers/230985ae-c8c7-43ce-a20a-7ef40279837d HTTP/1.1" status: 200 len: 1154 time: 0.0792522
2026-07-22 23:16:13.600 9 INFO neutron.plugins.ml2.plugin [None req-fe374d2f-ee0e-4dc5-9e9a-305e21e3287c - - - - - -] Attempt 1 to provision port 4bc91467-6e77-478a-b9f0-64b8d246a83b
2026-07-22 23:16:13.602 10 INFO neutron.wsgi [None req-0b0dbc2b-cc02-40e7-a645-9418050acc21 f4f7bbf32d0d4e2b909095443813a7a8 442d027b130746229be12b85873ac0cb - - default default] 10.0.0.158 "GET /v2.0/ports?device_id=230985ae-c8c7-43ce-a20a-7ef40279837d HTTP/1.1" status: 200 len: 205 time: 0.0192733
2026-07-22 23:16:13.615 9 INFO neutron.services.segments.plugin [-] Segment 50c7f33d-4bba-44cc-9ee9-5b77f2a11d2a resource provider aggregate not found
2026-07-22 23:16:13.631 9 INFO neutron.services.segments.plugin [-] Segment 50c7f33d-4bba-44cc-9ee9-5b77f2a11d2a resource provider aggregate not found
2026-07-22 23:16:13.648 9 INFO neutron.services.segments.plugin [-] Segment 50c7f33d-4bba-44cc-9ee9-5b77f2a11d2a resource provider not found; error: Placement Client Error (4xx): {"errors": [{"status": 404, "title": "Not Found", "detail": "The resource could not be found.\n\n No resource provider with uuid 50c7f33d-4bba-44cc-9ee9-5b77f2a11d2a found for delete ", "request_id": "req-e5b3e899-06b1-41c2-aefb-12a1ba4e2eae"}]}
2026-07-22 23:16:13.668 9 INFO neutron.services.segments.plugin [-] Segment 50c7f33d-4bba-44cc-9ee9-5b77f2a11d2a resource provider not found; error: Placement Client Error (4xx): {"errors": [{"status": 404, "title": "Not Found", "detail": "The resource could not be found.\n\n No resource provider with uuid 50c7f33d-4bba-44cc-9ee9-5b77f2a11d2a found for delete ", "request_id": "req-b619448e-2b4f-41bd-850a-4516e5b25115"}]}
2026-07-22 23:16:13.717 9 INFO neutron.wsgi [None req-27c76731-ca66-4cd9-a4d4-20b0e495f134 d9151e1f389d486190ebb9ea2e2657be 56a3ead74a7a45d18ffce4a6a6f95c60 - - default default] 10.0.0.158 "DELETE /v2.0/routers/a714e743-e405-45b7-8cc5-976981706e3b HTTP/1.1" status: 204 len: 168 time: 0.3756289
2026-07-22 23:16:13.938 9 INFO neutron.wsgi [None req-9175f781-d4c3-43d0-a631-cfaed4306fa2 d9151e1f389d486190ebb9ea2e2657be 56a3ead74a7a45d18ffce4a6a6f95c60 - - default default] 10.0.0.158 "DELETE /v2.0/subnets/bcf2a315-20f2-4cc8-bb00-a78ebb5e2bf0 HTTP/1.1" status: 204 len: 168 time: 0.2169251
2026-07-22 23:16:14.391 9 INFO neutron.wsgi [None req-8c0218a5-e6a6-4ede-8ae2-f6cc1a00dfbc d9151e1f389d486190ebb9ea2e2657be 56a3ead74a7a45d18ffce4a6a6f95c60 - - default default] 10.0.0.158 "DELETE /v2.0/networks/7a9edb93-a351-47c2-8aac-f55f512ae29e HTTP/1.1" status: 204 len: 168 time: 0.4479573
2026-07-22 23:16:14.670 10 WARNING neutron_lib.context [None req-299ae7e5-6e84-46e5-8642-9b6f2553a01f d9151e1f389d486190ebb9ea2e2657be 56a3ead74a7a45d18ffce4a6a6f95c60 - - default default] Method 'is_advsvc' is deprecated since 2023.2 release (neutron-lib 3.8.0) and will be removed once support for the old RBAC API policies will be removed from Neutron. Please use method 'is_service_role' instead.
2026-07-22 23:16:14.784 10 INFO neutron.wsgi [None req-7cbf1f4f-e3ba-4eb1-b56b-4e4beceac65f f4f7bbf32d0d4e2b909095443813a7a8 442d027b130746229be12b85873ac0cb - - default default] 10.0.0.158 "DELETE /v2.0/routers/230985ae-c8c7-43ce-a20a-7ef40279837d HTTP/1.1" status: 204 len: 168 time: 1.1774566
2026-07-22 23:16:14.813 9 INFO neutron.wsgi [None req-6253bded-1d97-433a-aecd-71983a44ff96 f4f7bbf32d0d4e2b909095443813a7a8 442d027b130746229be12b85873ac0cb - - default default] 10.0.0.158 "GET /v2.0/ports?device_id=230985ae-c8c7-43ce-a20a-7ef40279837d HTTP/1.1" status: 200 len: 205 time: 0.0219340
2026-07-22 23:16:14.819 10 INFO neutron.db.segments_db [None req-299ae7e5-6e84-46e5-8642-9b6f2553a01f d9151e1f389d486190ebb9ea2e2657be 56a3ead74a7a45d18ffce4a6a6f95c60 - - default default] Added segment bf8fdab1-e279-4ec3-863e-0b0333c66f35 of type geneve for network e5438c6d-8db0-4338-96f1-3c7744e1e05e
2026-07-22 23:16:14.839 9 INFO neutron.api.v2.resource [None req-27450177-0b34-41d7-b6fe-ccd974dd2551 f4f7bbf32d0d4e2b909095443813a7a8 442d027b130746229be12b85873ac0cb - - default default] delete failed (client error): The resource could not be found.
2026-07-22 23:16:14.840 9 INFO neutron.wsgi [None req-27450177-0b34-41d7-b6fe-ccd974dd2551 f4f7bbf32d0d4e2b909095443813a7a8 442d027b130746229be12b85873ac0cb - - default default] 10.0.0.158 "DELETE /v2.0/routers/230985ae-c8c7-43ce-a20a-7ef40279837d HTTP/1.1" status: 404 len: 336 time: 0.0229871
2026-07-22 23:16:14.865 9 INFO neutron.wsgi [None req-9f75a193-0106-41e5-aa3c-8f5c9a003a98 f4f7bbf32d0d4e2b909095443813a7a8 442d027b130746229be12b85873ac0cb - - default default] 10.0.0.158 "GET /v2.0/ports?device_id=b235e52c-e105-44cb-8112-c51b11105407 HTTP/1.1" status: 200 len: 205 time: 0.0204482
2026-07-22 23:16:14.898 9 INFO neutron.api.v2.resource [None req-d23160e5-3545-4375-ba2f-418818e45721 f4f7bbf32d0d4e2b909095443813a7a8 442d027b130746229be12b85873ac0cb - - default default] delete failed (client error): The resource could not be found.
2026-07-22 23:16:14.899 9 INFO neutron.wsgi [None req-d23160e5-3545-4375-ba2f-418818e45721 f4f7bbf32d0d4e2b909095443813a7a8 442d027b130746229be12b85873ac0cb - - default default] 10.0.0.158 "DELETE /v2.0/routers/b235e52c-e105-44cb-8112-c51b11105407 HTTP/1.1" status: 404 len: 336 time: 0.0294545
2026-07-22 23:16:14.920 9 INFO neutron.pecan_wsgi.hooks.translation [None req-5e2ee5f1-6298-44d6-9414-111c51fb874c f4f7bbf32d0d4e2b909095443813a7a8 442d027b130746229be12b85873ac0cb - - default default] DELETE failed (client error): The resource could not be found.
2026-07-22 23:16:14.923 9 INFO neutron.wsgi [None req-5e2ee5f1-6298-44d6-9414-111c51fb874c f4f7bbf32d0d4e2b909095443813a7a8 442d027b130746229be12b85873ac0cb - - default default] 10.0.0.158 "DELETE /v2.0/subnets/a8fe5416-c28b-45ae-8923-c94665655c78 HTTP/1.1" status: 404 len: 337 time: 0.0191779
2026-07-22 23:16:14.963 9 INFO neutron.wsgi [None req-a5a74d44-2d20-4117-ab7e-0210c27a195f f4f7bbf32d0d4e2b909095443813a7a8 442d027b130746229be12b85873ac0cb - - default default] 10.0.0.158 "GET /v2.0/ports?device_id=051524ac-808b-442b-b21e-2011678b1825 HTTP/1.1" status: 200 len: 205 time: 0.0271454
2026-07-22 23:16:14.989 9 INFO neutron.api.v2.resource [None req-7fe0c983-49cf-4f7f-a476-e65dd667362a f4f7bbf32d0d4e2b909095443813a7a8 442d027b130746229be12b85873ac0cb - - default default] delete failed (client error): The resource could not be found.
2026-07-22 23:16:14.990 9 INFO neutron.wsgi [None req-7fe0c983-49cf-4f7f-a476-e65dd667362a f4f7bbf32d0d4e2b909095443813a7a8 442d027b130746229be12b85873ac0cb - - default default] 10.0.0.158 "DELETE /v2.0/routers/051524ac-808b-442b-b21e-2011678b1825 HTTP/1.1" status: 404 len: 336 time: 0.0224237
2026-07-22 23:16:15.000 10 INFO neutron.db.ovn_revision_numbers_db [None req-299ae7e5-6e84-46e5-8642-9b6f2553a01f d9151e1f389d486190ebb9ea2e2657be 56a3ead74a7a45d18ffce4a6a6f95c60 - - default default] Successfully bumped revision number for resource e5438c6d-8db0-4338-96f1-3c7744e1e05e (type: networks) to 1
2026-07-22 23:16:15.011 9 INFO neutron.pecan_wsgi.hooks.translation [None req-be633e63-2541-4d81-a709-3ecaace3f954 f4f7bbf32d0d4e2b909095443813a7a8 442d027b130746229be12b85873ac0cb - - default default] DELETE failed (client error): The resource could not be found.
2026-07-22 23:16:15.014 9 INFO neutron.wsgi [None req-be633e63-2541-4d81-a709-3ecaace3f954 f4f7bbf32d0d4e2b909095443813a7a8 442d027b130746229be12b85873ac0cb - - default default] 10.0.0.158 "DELETE /v2.0/subnets/4ab6988c-dd48-4da5-a4c4-15035e961f4f HTTP/1.1" status: 404 len: 337 time: 0.0195515
2026-07-22 23:16:15.037 9 INFO neutron.wsgi [None req-c846aa17-4622-413f-b8a2-111f0fb20a13 f4f7bbf32d0d4e2b909095443813a7a8 442d027b130746229be12b85873ac0cb - - default default] 10.0.0.158 "GET /v2.0/ports?device_id=555c9db7-6b6f-4b31-805d-4f77a5b76e93 HTTP/1.1" status: 200 len: 205 time: 0.0184865
2026-07-22 23:16:15.067 9 INFO neutron.api.v2.resource [None req-28e66653-33a3-47df-81f7-58dc2e1c3bb1 f4f7bbf32d0d4e2b909095443813a7a8 442d027b130746229be12b85873ac0cb - - default default] delete failed (client error): The resource could not be found.
2026-07-22 23:16:15.069 9 INFO neutron.wsgi [None req-28e66653-33a3-47df-81f7-58dc2e1c3bb1 f4f7bbf32d0d4e2b909095443813a7a8 442d027b130746229be12b85873ac0cb - - default default] 10.0.0.158 "DELETE /v2.0/routers/555c9db7-6b6f-4b31-805d-4f77a5b76e93 HTTP/1.1" status: 404 len: 336 time: 0.0256116
2026-07-22 23:16:15.073 9 WARNING neutron_lib.context [None req-276d0ccd-ea8d-48f5-9751-be4d784e0bd3 00b1655af7cd4be997e5c15cbb4c5887 d6bffca48d5d489f83ad09a2e76702bb - - default default] Method 'is_advsvc' is deprecated since 2023.2 release (neutron-lib 3.8.0) and will be removed once support for the old RBAC API policies will be removed from Neutron. Please use method 'is_service_role' instead.
2026-07-22 23:16:15.092 9 INFO neutron.pecan_wsgi.hooks.translation [None req-2f180611-0b12-4f4a-ae83-43cf53b4eae6 f4f7bbf32d0d4e2b909095443813a7a8 442d027b130746229be12b85873ac0cb - - default default] DELETE failed (client error): The resource could not be found.
2026-07-22 23:16:15.094 9 INFO neutron.wsgi [None req-2f180611-0b12-4f4a-ae83-43cf53b4eae6 f4f7bbf32d0d4e2b909095443813a7a8 442d027b130746229be12b85873ac0cb - - default default] 10.0.0.158 "DELETE /v2.0/subnets/007f78ea-487e-4b8d-871c-0aafe3b8e1fe HTTP/1.1" status: 404 len: 337 time: 0.0180089
2026-07-22 23:16:15.122 9 INFO neutron.pecan_wsgi.hooks.translation [None req-c886027e-a4d9-4881-9c8e-59c76ad4e8a1 f4f7bbf32d0d4e2b909095443813a7a8 442d027b130746229be12b85873ac0cb - - default default] DELETE failed (client error): The resource could not be found.
2026-07-22 23:16:15.125 9 INFO neutron.wsgi [None req-c886027e-a4d9-4881-9c8e-59c76ad4e8a1 f4f7bbf32d0d4e2b909095443813a7a8 442d027b130746229be12b85873ac0cb - - default default] 10.0.0.158 "DELETE /v2.0/subnets/95cef2a9-3f66-46e1-920f-1ff4b6015c01 HTTP/1.1" status: 404 len: 337 time: 0.0241611
2026-07-22 23:16:15.215 10 WARNING neutron.scheduler.dhcp_agent_scheduler [None req-299ae7e5-6e84-46e5-8642-9b6f2553a01f d9151e1f389d486190ebb9ea2e2657be 56a3ead74a7a45d18ffce4a6a6f95c60 - - default default] No more DHCP agents
2026-07-22 23:16:15.218 10 WARNING neutron.api.rpc.agentnotifiers.dhcp_rpc_agent_api [None req-299ae7e5-6e84-46e5-8642-9b6f2553a01f d9151e1f389d486190ebb9ea2e2657be 56a3ead74a7a45d18ffce4a6a6f95c60 - - default default] Unable to schedule network e5438c6d-8db0-4338-96f1-3c7744e1e05e: no agents available; will retry on subsequent port and subnet creation events.
2026-07-22 23:16:15.259 9 INFO neutron.db.ovn_revision_numbers_db [None req-276d0ccd-ea8d-48f5-9751-be4d784e0bd3 00b1655af7cd4be997e5c15cbb4c5887 d6bffca48d5d489f83ad09a2e76702bb - - default default] Successfully bumped revision number for resource f21d4efa-a43c-46d9-a02e-c82500b60319 (type: security_groups) to 1
2026-07-22 23:16:15.278 9 INFO neutron.db.ovn_revision_numbers_db [None req-276d0ccd-ea8d-48f5-9751-be4d784e0bd3 00b1655af7cd4be997e5c15cbb4c5887 d6bffca48d5d489f83ad09a2e76702bb - - default default] Successfully bumped revision number for resource 0d24d679-7b2a-44e1-847e-c7ac43fd5030 (type: security_group_rules) to 0
2026-07-22 23:16:15.298 9 INFO neutron.db.ovn_revision_numbers_db [None req-276d0ccd-ea8d-48f5-9751-be4d784e0bd3 00b1655af7cd4be997e5c15cbb4c5887 d6bffca48d5d489f83ad09a2e76702bb - - default default] Successfully bumped revision number for resource 1dfc56c5-aa6a-42a4-8165-54b5511e8aa2 (type: security_group_rules) to 0
2026-07-22 23:16:15.321 9 INFO neutron.db.ovn_revision_numbers_db [None req-276d0ccd-ea8d-48f5-9751-be4d784e0bd3 00b1655af7cd4be997e5c15cbb4c5887 d6bffca48d5d489f83ad09a2e76702bb - - default default] Successfully bumped revision number for resource 26d2f859-936b-4424-8341-039f9d56ec3c (type: security_group_rules) to 0
2026-07-22 23:16:15.337 9 INFO neutron.db.ovn_revision_numbers_db [None req-276d0ccd-ea8d-48f5-9751-be4d784e0bd3 00b1655af7cd4be997e5c15cbb4c5887 d6bffca48d5d489f83ad09a2e76702bb - - default default] Successfully bumped revision number for resource 5c49b734-fb1e-4624-a721-293a4d8ac495 (type: security_group_rules) to 0
2026-07-22 23:16:15.350 10 INFO neutron.db.ovn_revision_numbers_db [None req-299ae7e5-6e84-46e5-8642-9b6f2553a01f d9151e1f389d486190ebb9ea2e2657be 56a3ead74a7a45d18ffce4a6a6f95c60 - - default default] Successfully bumped revision number for resource cf5ba623-4db5-4388-9397-022a0216842a (type: ports) to 1
2026-07-22 23:16:15.374 10 INFO neutron.wsgi [None req-299ae7e5-6e84-46e5-8642-9b6f2553a01f d9151e1f389d486190ebb9ea2e2657be 56a3ead74a7a45d18ffce4a6a6f95c60 - - default default] 10.0.0.158 "POST /v2.0/networks HTTP/1.1" status: 201 len: 832 time: 0.9787614
2026-07-22 23:16:15.386 10 WARNING neutron_lib.context [None req-41a9d7d4-09dd-43f9-a613-561592d8e301 d9151e1f389d486190ebb9ea2e2657be 56a3ead74a7a45d18ffce4a6a6f95c60 - - default default] Method 'is_advsvc' is deprecated since 2023.2 release (neutron-lib 3.8.0) and will be removed once support for the old RBAC API policies will be removed from Neutron. Please use method 'is_service_role' instead.
2026-07-22 23:16:15.421 9 INFO neutron.db.ovn_revision_numbers_db [None req-276d0ccd-ea8d-48f5-9751-be4d784e0bd3 00b1655af7cd4be997e5c15cbb4c5887 d6bffca48d5d489f83ad09a2e76702bb - - default default] Successfully bumped revision number for resource 931f5987-e22e-4400-ba80-71544d24f9d0 (type: security_groups) to 1
2026-07-22 23:16:15.439 9 INFO neutron.db.ovn_revision_numbers_db [None req-276d0ccd-ea8d-48f5-9751-be4d784e0bd3 00b1655af7cd4be997e5c15cbb4c5887 d6bffca48d5d489f83ad09a2e76702bb - - default default] Successfully bumped revision number for resource 83c13569-2ce0-4c1e-b100-dd30f79cb5fa (type: security_group_rules) to 0
2026-07-22 23:16:15.453 9 INFO neutron.db.ovn_revision_numbers_db [None req-276d0ccd-ea8d-48f5-9751-be4d784e0bd3 00b1655af7cd4be997e5c15cbb4c5887 d6bffca48d5d489f83ad09a2e76702bb - - default default] Successfully bumped revision number for resource c5d0efa8-6b81-4da5-a406-0772622975d7 (type: security_group_rules) to 0
2026-07-22 23:16:15.477 9 INFO neutron.wsgi [None req-276d0ccd-ea8d-48f5-9751-be4d784e0bd3 00b1655af7cd4be997e5c15cbb4c5887 d6bffca48d5d489f83ad09a2e76702bb - - default default] 10.0.0.158 "POST /v2.0/security-groups HTTP/1.1" status: 201 len: 1824 time: 0.6064031
2026-07-22 23:16:15.529 9 INFO neutron.wsgi [None req-f20bc772-4f13-40cc-8c0b-d9ecd41de81f 00b1655af7cd4be997e5c15cbb4c5887 d6bffca48d5d489f83ad09a2e76702bb - - default default] 10.0.0.158 "GET /v2.0/security-groups HTTP/1.1" status: 200 len: 4724 time: 0.0453074
2026-07-22 23:16:15.620 9 INFO neutron.db.ovn_revision_numbers_db [None req-b8fd1713-9735-4613-b2b3-e9633b466608 00b1655af7cd4be997e5c15cbb4c5887 d6bffca48d5d489f83ad09a2e76702bb - - default default] Successfully bumped revision number for resource 931f5987-e22e-4400-ba80-71544d24f9d0 (type: security_groups) to 2
2026-07-22 23:16:15.625 9 INFO neutron.wsgi [None req-b8fd1713-9735-4613-b2b3-e9633b466608 00b1655af7cd4be997e5c15cbb4c5887 d6bffca48d5d489f83ad09a2e76702bb - - default default] 10.0.0.158 "PUT /v2.0/security-groups/931f5987-e22e-4400-ba80-71544d24f9d0 HTTP/1.1" status: 200 len: 1858 time: 0.0894654
2026-07-22 23:16:15.661 10 WARNING neutron.scheduler.dhcp_agent_scheduler [None req-41a9d7d4-09dd-43f9-a613-561592d8e301 d9151e1f389d486190ebb9ea2e2657be 56a3ead74a7a45d18ffce4a6a6f95c60 - - default default] No more DHCP agents
2026-07-22 23:16:15.665 9 INFO neutron.services.segments.plugin [-] Segment 4c1400fb-3924-4c81-88ff-5256a0705dab resource provider aggregate not found
2026-07-22 23:16:15.667 10 WARNING neutron.api.rpc.agentnotifiers.dhcp_rpc_agent_api [None req-41a9d7d4-09dd-43f9-a613-561592d8e301 d9151e1f389d486190ebb9ea2e2657be 56a3ead74a7a45d18ffce4a6a6f95c60 - - default default] Unable to schedule network e5438c6d-8db0-4338-96f1-3c7744e1e05e: no agents available; will retry on subsequent port and subnet creation events.
2026-07-22 23:16:15.677 10 INFO neutron.wsgi [None req-d4232bce-fa34-4560-9536-1c2f0deec6ae 00b1655af7cd4be997e5c15cbb4c5887 d6bffca48d5d489f83ad09a2e76702bb - - default default] 10.0.0.158 "GET /v2.0/security-groups/931f5987-e22e-4400-ba80-71544d24f9d0 HTTP/1.1" status: 200 len: 1858 time: 0.0443056
2026-07-22 23:16:15.694 9 INFO neutron.services.segments.plugin [-] Segment 4c1400fb-3924-4c81-88ff-5256a0705dab resource provider aggregate not found
2026-07-22 23:16:15.698 9 INFO neutron.services.segments.plugin [-] Segment 4c1400fb-3924-4c81-88ff-5256a0705dab resource provider not found; error: Placement Client Error (4xx): {"errors": [{"status": 404, "title": "Not Found", "detail": "The resource could not be found.\n\n No resource provider with uuid 4c1400fb-3924-4c81-88ff-5256a0705dab found for delete ", "request_id": "req-08c99fd8-cdb4-4779-b94d-e5acae37dba1"}]}
2026-07-22 23:16:15.705 10 INFO neutron.db.ovn_revision_numbers_db [None req-41a9d7d4-09dd-43f9-a613-561592d8e301 d9151e1f389d486190ebb9ea2e2657be 56a3ead74a7a45d18ffce4a6a6f95c60 - - default default] Successfully bumped revision number for resource 14461035-864d-42f9-b14b-e1466b208277 (type: subnets) to 0
2026-07-22 23:16:15.714 9 INFO neutron.services.segments.plugin [-] Segment 4c1400fb-3924-4c81-88ff-5256a0705dab resource provider not found; error: Placement Client Error (4xx): {"errors": [{"status": 404, "title": "Not Found", "detail": "The resource could not be found.\n\n No resource provider with uuid 4c1400fb-3924-4c81-88ff-5256a0705dab found for delete ", "request_id": "req-4e0cf301-7509-4d16-bbab-802b1e4f504c"}]}
2026-07-22 23:16:15.727 10 INFO neutron.wsgi [None req-41a9d7d4-09dd-43f9-a613-561592d8e301 d9151e1f389d486190ebb9ea2e2657be 56a3ead74a7a45d18ffce4a6a6f95c60 - - default default] 10.0.0.158 "POST /v2.0/subnets HTTP/1.1" status: 201 len: 821 time: 0.3473532
2026-07-22 23:16:15.741 10 WARNING neutron_lib.context [None req-28dbd9e2-360f-445d-8715-d2c08eabc9e2 d9151e1f389d486190ebb9ea2e2657be 56a3ead74a7a45d18ffce4a6a6f95c60 - - default default] Method 'is_advsvc' is deprecated since 2023.2 release (neutron-lib 3.8.0) and will be removed once support for the old RBAC API policies will be removed from Neutron. Please use method 'is_service_role' instead.
2026-07-22 23:16:15.868 10 INFO neutron.db.ovn_revision_numbers_db [None req-28dbd9e2-360f-445d-8715-d2c08eabc9e2 d9151e1f389d486190ebb9ea2e2657be 56a3ead74a7a45d18ffce4a6a6f95c60 - - default default] Successfully bumped revision number for resource a5e80298-f805-4891-bf4b-ec1d8270842c (type: routers) to 1
2026-07-22 23:16:15.884 10 INFO neutron.wsgi [None req-28dbd9e2-360f-445d-8715-d2c08eabc9e2 d9151e1f389d486190ebb9ea2e2657be 56a3ead74a7a45d18ffce4a6a6f95c60 - - default default] 10.0.0.158 "POST /v2.0/routers HTTP/1.1" status: 201 len: 806 time: 0.1526160
2026-07-22 23:16:16.100 9 INFO neutron.wsgi [-] 10.0.0.178 "GET / HTTP/1.1" status: 200 len: 247 time: 0.0014327
2026-07-22 23:16:16.101 9 INFO neutron.wsgi [-] 10.0.0.178 "GET / HTTP/1.1" status: 200 len: 247 time: 0.0009525
2026-07-22 23:16:16.107 9 INFO neutron.wsgi [None req-1b420bd3-d77c-4725-99b3-db9a5e12686e ebbdda3948f148a492dd875a4ced6796 f2d0a8ebe7d244c18dc84a3e8f1419b4 - - default default] 10.0.0.158 "GET /v2.0/security-groups?tenant_id=442d027b130746229be12b85873ac0cb&name=default HTTP/1.1" status: 200 len: 3120 time: 0.4254155
2026-07-22 23:16:16.123 9 INFO neutron.wsgi [None req-ddc2f445-01bc-4320-a6cd-bd0e119fa02d 00b1655af7cd4be997e5c15cbb4c5887 d6bffca48d5d489f83ad09a2e76702bb - - default default] 10.0.0.158 "DELETE /v2.0/security-groups/931f5987-e22e-4400-ba80-71544d24f9d0 HTTP/1.1" status: 204 len: 168 time: 0.4374506
2026-07-22 23:16:16.188 9 INFO neutron.wsgi [None req-b94fe602-0b8e-4a4a-b4e2-1c8eef15579e 00b1655af7cd4be997e5c15cbb4c5887 d6bffca48d5d489f83ad09a2e76702bb - - default default] 10.0.0.158 "GET /v2.0/security-groups HTTP/1.1" status: 200 len: 3120 time: 0.0583525
2026-07-22 23:16:16.196 9 INFO neutron.wsgi [req-189887fe-7ea3-4ba9-ac07-cf81be068028 req-584ed518-8420-4c75-914b-c00bf7554c11 df24ff90c00e48bbb61fe4d12e230f82 bc28743b4d7e407ea89d44772cfe7051 - - default default] 10.0.0.167 "GET /v2.0/ports?device_id=76d1ac90-dece-474b-bd86-03d6a7623b90 HTTP/1.1" status: 200 len: 1174 time: 0.1353283
2026-07-22 23:16:16.222 10 INFO neutron.api.v2.resource [None req-ade6627a-4f53-4e6c-ad43-dadeb54cea29 00b1655af7cd4be997e5c15cbb4c5887 d6bffca48d5d489f83ad09a2e76702bb - - default default] delete failed (client error): The resource could not be found.
2026-07-22 23:16:16.224 10 INFO neutron.wsgi [None req-ade6627a-4f53-4e6c-ad43-dadeb54cea29 00b1655af7cd4be997e5c15cbb4c5887 d6bffca48d5d489f83ad09a2e76702bb - - default default] 10.0.0.158 "DELETE /v2.0/security-groups/931f5987-e22e-4400-ba80-71544d24f9d0 HTTP/1.1" status: 404 len: 347 time: 0.0277436
2026-07-22 23:16:16.237 10 WARNING neutron_lib.context [None req-1da7dd48-2f65-4913-9eb5-c7fae518ba5f 00b1655af7cd4be997e5c15cbb4c5887 d6bffca48d5d489f83ad09a2e76702bb - - default default] Method 'is_advsvc' is deprecated since 2023.2 release (neutron-lib 3.8.0) and will be removed once support for the old RBAC API policies will be removed from Neutron. Please use method 'is_service_role' instead.
2026-07-22 23:16:16.254 9 INFO neutron.wsgi [req-189887fe-7ea3-4ba9-ac07-cf81be068028 req-faf64171-dbd1-407f-94fa-f7a15381dfb1 df24ff90c00e48bbb61fe4d12e230f82 bc28743b4d7e407ea89d44772cfe7051 - - default default] 10.0.0.167 "GET /v2.0/security-groups?id=78788d9b-b3ce-48d2-a5bf-2f231bb6e839&fields=id&fields=name HTTP/1.1" status: 200 len: 311 time: 0.0506616
2026-07-22 23:16:16.389 9 INFO neutron.wsgi [req-e7cbb67a-12a7-4995-b579-3c4eb07f95d7 req-009ce537-c685-4330-ae57-47d02728c913 df24ff90c00e48bbb61fe4d12e230f82 bc28743b4d7e407ea89d44772cfe7051 - - default default] 10.0.0.167 "GET /v2.0/ports?device_id=76d1ac90-dece-474b-bd86-03d6a7623b90 HTTP/1.1" status: 200 len: 1174 time: 0.0449865
2026-07-22 23:16:16.452 9 INFO neutron.wsgi [req-e7cbb67a-12a7-4995-b579-3c4eb07f95d7 req-06cda47c-d095-4d18-bc6e-7553745d7bfd df24ff90c00e48bbb61fe4d12e230f82 bc28743b4d7e407ea89d44772cfe7051 - - default default] 10.0.0.167 "GET /v2.0/security-groups?id=78788d9b-b3ce-48d2-a5bf-2f231bb6e839&fields=id&fields=name HTTP/1.1" status: 200 len: 311 time: 0.0461438
2026-07-22 23:16:16.454 10 INFO neutron.db.ovn_revision_numbers_db [None req-1da7dd48-2f65-4913-9eb5-c7fae518ba5f 00b1655af7cd4be997e5c15cbb4c5887 d6bffca48d5d489f83ad09a2e76702bb - - default default] Successfully bumped revision number for resource 17c05d2b-0368-4dab-a6ab-0f83ce53eecf (type: security_groups) to 1
2026-07-22 23:16:16.470 10 INFO neutron.wsgi [None req-404cba54-64e1-4110-9ace-1bead4ea68e3 ebbdda3948f148a492dd875a4ced6796 f2d0a8ebe7d244c18dc84a3e8f1419b4 - - default default] 10.0.0.158 "DELETE /v2.0/security-groups/a8b298c7-7576-4748-b5a9-5f969c6273a8 HTTP/1.1" status: 204 len: 168 time: 0.3580003
2026-07-22 23:16:16.476 10 INFO neutron.db.ovn_revision_numbers_db [None req-1da7dd48-2f65-4913-9eb5-c7fae518ba5f 00b1655af7cd4be997e5c15cbb4c5887 d6bffca48d5d489f83ad09a2e76702bb - - default default] Successfully bumped revision number for resource 9130cb26-d15d-4984-92e1-60bfe9b2a22b (type: security_group_rules) to 0
2026-07-22 23:16:16.498 10 WARNING neutron.scheduler.dhcp_agent_scheduler [None req-9a895116-09fe-4ab1-a21b-a33ffd7dedeb d9151e1f389d486190ebb9ea2e2657be 56a3ead74a7a45d18ffce4a6a6f95c60 - - default default] No more DHCP agents
2026-07-22 23:16:16.499 10 INFO neutron.db.ovn_revision_numbers_db [None req-1da7dd48-2f65-4913-9eb5-c7fae518ba5f 00b1655af7cd4be997e5c15cbb4c5887 d6bffca48d5d489f83ad09a2e76702bb - - default default] Successfully bumped revision number for resource 936bf125-6420-453d-b175-e9e6158f3824 (type: security_group_rules) to 0
2026-07-22 23:16:16.504 10 WARNING neutron.api.rpc.agentnotifiers.dhcp_rpc_agent_api [None req-9a895116-09fe-4ab1-a21b-a33ffd7dedeb d9151e1f389d486190ebb9ea2e2657be 56a3ead74a7a45d18ffce4a6a6f95c60 - - default default] Unable to schedule network e5438c6d-8db0-4338-96f1-3c7744e1e05e: no agents available; will retry on subsequent port and subnet creation events.
2026-07-22 23:16:16.534 10 INFO neutron.wsgi [None req-1da7dd48-2f65-4913-9eb5-c7fae518ba5f 00b1655af7cd4be997e5c15cbb4c5887 d6bffca48d5d489f83ad09a2e76702bb - - default default] 10.0.0.158 "POST /v2.0/security-groups HTTP/1.1" status: 201 len: 1825 time: 0.3002818
2026-07-22 23:16:16.549 9 WARNING neutron_lib.context [None req-16b59551-e05c-4152-9641-ed197d9a1d4b 00b1655af7cd4be997e5c15cbb4c5887 d6bffca48d5d489f83ad09a2e76702bb - - default default] Method 'is_advsvc' is deprecated since 2023.2 release (neutron-lib 3.8.0) and will be removed once support for the old RBAC API policies will be removed from Neutron. Please use method 'is_service_role' instead.
2026-07-22 23:16:16.658 10 INFO neutron.db.ovn_revision_numbers_db [None req-9a895116-09fe-4ab1-a21b-a33ffd7dedeb d9151e1f389d486190ebb9ea2e2657be 56a3ead74a7a45d18ffce4a6a6f95c60 - - default default] Successfully bumped revision number for resource b3789381-d363-4145-a951-d518c24fc294 (type: ports) to 1
2026-07-22 23:16:16.770 9 INFO neutron.db.ovn_revision_numbers_db [None req-16b59551-e05c-4152-9641-ed197d9a1d4b 00b1655af7cd4be997e5c15cbb4c5887 d6bffca48d5d489f83ad09a2e76702bb - - default default] Successfully bumped revision number for resource 5cd06f51-008b-4285-aa88-abd13fb9f149 (type: security_group_rules) to 0
2026-07-22 23:16:16.820 9 INFO neutron.wsgi [req-77a3655b-a0dc-469e-97ef-e1cd90877eba req-7ea67f37-178b-4a44-ad8d-0e5ee82b0c4a df24ff90c00e48bbb61fe4d12e230f82 bc28743b4d7e407ea89d44772cfe7051 - - default default] 10.0.0.167 "GET /v2.0/ports?device_id=76d1ac90-dece-474b-bd86-03d6a7623b90 HTTP/1.1" status: 200 len: 1174 time: 0.0475440
2026-07-22 23:16:16.825 9 INFO neutron.wsgi [None req-16b59551-e05c-4152-9641-ed197d9a1d4b 00b1655af7cd4be997e5c15cbb4c5887 d6bffca48d5d489f83ad09a2e76702bb - - default default] 10.0.0.158 "POST /v2.0/security-group-rules HTTP/1.1" status: 201 len: 800 time: 0.2855225
2026-07-22 23:16:16.858 9 INFO neutron.wsgi [None req-5d9d2539-1a61-45e3-a0dc-4f090a1423da 00b1655af7cd4be997e5c15cbb4c5887 d6bffca48d5d489f83ad09a2e76702bb - - default default] 10.0.0.158 "GET /v2.0/security-group-rules/5cd06f51-008b-4285-aa88-abd13fb9f149 HTTP/1.1" status: 200 len: 795 time: 0.0213587
2026-07-22 23:16:16.877 10 INFO neutron.wsgi [req-343d2133-ba59-450c-99fd-10c1563875a9 req-7a6fba3b-23a3-4d42-aae2-4db587ce418b 38b7af1608ab41288e45d13e552b4b4c 9e638baa87ad423dac194c8e5e228763 - - abae589cee0a4341a3424b5ec21a2a36 abae589cee0a4341a3424b5ec21a2a36] 199.204.45.240 "GET /v2.0/ports?tenant_id=bc28743b4d7e407ea89d44772cfe7051&device_id=76d1ac90-dece-474b-bd86-03d6a7623b90 HTTP/1.1" status: 200 len: 1413 time: 0.0542181
2026-07-22 23:16:16.882 9 INFO neutron.wsgi [req-77a3655b-a0dc-469e-97ef-e1cd90877eba req-33e4cbca-d0ef-4e62-873b-00b1849d94e6 df24ff90c00e48bbb61fe4d12e230f82 bc28743b4d7e407ea89d44772cfe7051 - - default default] 10.0.0.167 "GET /v2.0/security-groups?id=78788d9b-b3ce-48d2-a5bf-2f231bb6e839&fields=id&fields=name HTTP/1.1" status: 200 len: 311 time: 0.0521760
2026-07-22 23:16:16.945 9 INFO neutron.wsgi [None req-a72a956c-8fc8-4f38-a626-e01896810f4f 00b1655af7cd4be997e5c15cbb4c5887 d6bffca48d5d489f83ad09a2e76702bb - - default default] 10.0.0.158 "GET /v2.0/security-group-rules HTTP/1.1" status: 200 len: 4333 time: 0.0811346
2026-07-22 23:16:17.001 10 INFO neutron.wsgi [req-343d2133-ba59-450c-99fd-10c1563875a9 req-33567731-8320-454e-a497-726f95a094f9 38b7af1608ab41288e45d13e552b4b4c 9e638baa87ad423dac194c8e5e228763 - - abae589cee0a4341a3424b5ec21a2a36 abae589cee0a4341a3424b5ec21a2a36] 199.204.45.240 "GET /v2.0/networks?id=549d0643-681a-4821-8e65-225a819feb10 HTTP/1.1" status: 200 len: 973 time: 0.1160817
2026-07-22 23:16:17.097 10 INFO neutron.wsgi [req-343d2133-ba59-450c-99fd-10c1563875a9 req-67a1f052-cb89-4369-8895-dbedea7aeed6 38b7af1608ab41288e45d13e552b4b4c 9e638baa87ad423dac194c8e5e228763 - - abae589cee0a4341a3424b5ec21a2a36 abae589cee0a4341a3424b5ec21a2a36] 199.204.45.240 "GET /v2.0/floatingips?fixed_ip_address=10.100.0.14&port_id=f124cb61-93d4-465a-8823-dc0e08125adf HTTP/1.1" status: 200 len: 1060 time: 0.0883994
2026-07-22 23:16:17.157 10 INFO neutron.wsgi [req-343d2133-ba59-450c-99fd-10c1563875a9 req-576c16fd-a6a2-48f9-b36c-8e1acec11d5b 38b7af1608ab41288e45d13e552b4b4c 9e638baa87ad423dac194c8e5e228763 - - abae589cee0a4341a3424b5ec21a2a36 abae589cee0a4341a3424b5ec21a2a36] 199.204.45.240 "GET /v2.0/subnets?id=0288bcb7-7e37-4da2-8424-9a7512852ef6 HTTP/1.1" status: 200 len: 868 time: 0.0507984
2026-07-22 23:16:17.201 10 INFO neutron.wsgi [req-343d2133-ba59-450c-99fd-10c1563875a9 req-a6597802-b6a5-4ad4-8666-534874b45378 38b7af1608ab41288e45d13e552b4b4c 9e638baa87ad423dac194c8e5e228763 - - abae589cee0a4341a3424b5ec21a2a36 abae589cee0a4341a3424b5ec21a2a36] 199.204.45.240 "GET /v2.0/ports?network_id=549d0643-681a-4821-8e65-225a819feb10&device_owner=network%3Adhcp HTTP/1.1" status: 200 len: 210 time: 0.0284820
2026-07-22 23:16:17.274 10 INFO neutron.wsgi [None req-69a016c9-8e09-477e-8684-795068bee39a 00b1655af7cd4be997e5c15cbb4c5887 d6bffca48d5d489f83ad09a2e76702bb - - default default] 10.0.0.158 "DELETE /v2.0/security-group-rules/5cd06f51-008b-4285-aa88-abd13fb9f149 HTTP/1.1" status: 204 len: 168 time: 0.3251860
2026-07-22 23:16:17.321 10 INFO neutron.wsgi [req-343d2133-ba59-450c-99fd-10c1563875a9 req-eff9c84e-9470-4231-be47-2af1215b0a89 38b7af1608ab41288e45d13e552b4b4c 9e638baa87ad423dac194c8e5e228763 - - abae589cee0a4341a3424b5ec21a2a36 abae589cee0a4341a3424b5ec21a2a36] 199.204.45.240 "GET /v2.0/networks/549d0643-681a-4821-8e65-225a819feb10?fields=segments HTTP/1.1" status: 200 len: 212 time: 0.1100614
2026-07-22 23:16:17.330 10 ERROR ovsdbapp.backend.ovs_idl.command [None req-9a895116-09fe-4ab1-a21b-a33ffd7dedeb d9151e1f389d486190ebb9ea2e2657be 56a3ead74a7a45d18ffce4a6a6f95c60 - - default default] Error executing command (DbGetCommand): ovsdbapp.backend.ovs_idl.idlutils.RowNotFound: Cannot find Logical_Router_Port with name=lrp-b3789381-d363-4145-a951-d518c24fc294
2026-07-22 23:16:17.330 10 ERROR ovsdbapp.backend.ovs_idl.command
Traceback (most recent call last):
2026-07-22 23:16:17.330 10 ERROR ovsdbapp.backend.ovs_idl.command
File "/var/lib/openstack/lib/python3.10/site-packages/ovsdbapp/backend/ovs_idl/command.py", line 47, in execute
2026-07-22 23:16:17.330 10 ERROR ovsdbapp.backend.ovs_idl.command self.run_idl(None)
2026-07-22 23:16:17.330 10 ERROR ovsdbapp.backend.ovs_idl.command
File "/var/lib/openstack/lib/python3.10/site-packages/ovsdbapp/backend/ovs_idl/command.py", line 235, in run_idl
2026-07-22 23:16:17.330 10 ERROR ovsdbapp.backend.ovs_idl.command record = self.api.lookup(self.table, self.record)
2026-07-22 23:16:17.330 10 ERROR ovsdbapp.backend.ovs_idl.command
File "/var/lib/openstack/lib/python3.10/site-packages/ovsdbapp/backend/ovs_idl/__init__.py", line 184, in lookup
2026-07-22 23:16:17.330 10 ERROR ovsdbapp.backend.ovs_idl.command return self._lookup(table, record)
2026-07-22 23:16:17.330 10 ERROR ovsdbapp.backend.ovs_idl.command
File "/var/lib/openstack/lib/python3.10/site-packages/ovsdbapp/backend/ovs_idl/__init__.py", line 235, in _lookup
2026-07-22 23:16:17.330 10 ERROR ovsdbapp.backend.ovs_idl.command row = idlutils.row_by_value(self, rl.table, rl.column, record)
2026-07-22 23:16:17.330 10 ERROR ovsdbapp.backend.ovs_idl.command
File "/var/lib/openstack/lib/python3.10/site-packages/ovsdbapp/backend/ovs_idl/idlutils.py", line 114, in row_by_value
2026-07-22 23:16:17.330 10 ERROR ovsdbapp.backend.ovs_idl.command raise RowNotFound(table=table, col=column, match=match)
2026-07-22 23:16:17.330 10 ERROR ovsdbapp.backend.ovs_idl.command ovsdbapp.backend.ovs_idl.idlutils.RowNotFound: Cannot find Logical_Router_Port with name=lrp-b3789381-d363-4145-a951-d518c24fc294
2026-07-22 23:16:17.330 10 ERROR ovsdbapp.backend.ovs_idl.command 
2026-07-22 23:16:17.331 10 ERROR neutron_lib.callbacks.manager [None req-9a895116-09fe-4ab1-a21b-a33ffd7dedeb d9151e1f389d486190ebb9ea2e2657be 56a3ead74a7a45d18ffce4a6a6f95c60 - - default default] Error during notification for neutron.services.ovn_l3.plugin.OVNL3RouterPlugin._port_update-8726360469222 port, after_update: ovsdbapp.backend.ovs_idl.idlutils.RowNotFound: Cannot find Logical_Router_Port with name=lrp-b3789381-d363-4145-a951-d518c24fc294
2026-07-22 23:16:17.331 10 ERROR neutron_lib.callbacks.manager
Traceback (most recent call last):
2026-07-22 23:16:17.331 10 ERROR neutron_lib.callbacks.manager
File "/var/lib/openstack/lib/python3.10/site-packages/neutron_lib/callbacks/manager.py", line 189, in _notify_loop
2026-07-22 23:16:17.331 10 ERROR neutron_lib.callbacks.manager callback.method(resource, event, trigger, payload=payload)
2026-07-22 23:16:17.331 10 ERROR neutron_lib.callbacks.manager
File "/var/lib/openstack/lib/python3.10/site-packages/neutron/services/ovn_l3/plugin.py", line 391, in _port_update
2026-07-22 23:16:17.331 10 ERROR neutron_lib.callbacks.manager l3plugin._ovn_client.update_router_port(context,
2026-07-22 23:16:17.331 10 ERROR neutron_lib.callbacks.manager
File "/var/lib/openstack/lib/python3.10/site-packages/neutron/plugins/ml2/drivers/ovn/mech_driver/ovsdb/ovn_client.py", line 1878, in update_router_port
2026-07-22 23:16:17.331 10 ERROR neutron_lib.callbacks.manager self._update_lrouter_port(context, port, if_exists=if_exists,
2026-07-22 23:16:17.331 10 ERROR neutron_lib.callbacks.manager
File "/var/lib/openstack/lib/python3.10/site-packages/neutron/plugins/ml2/drivers/ovn/mech_driver/ovsdb/ovn_client.py", line 1855, in _update_lrouter_port
2026-07-22 23:16:17.331 10 ERROR neutron_lib.callbacks.manager external_ids = self._nb_idl.db_get(
2026-07-22 23:16:17.331 10 ERROR neutron_lib.callbacks.manager
File "/var/lib/openstack/lib/python3.10/site-packages/ovsdbapp/backend/ovs_idl/command.py", line 47, in execute
2026-07-22 23:16:17.331 10 ERROR neutron_lib.callbacks.manager self.run_idl(None)
2026-07-22 23:16:17.331 10 ERROR neutron_lib.callbacks.manager
File "/var/lib/openstack/lib/python3.10/site-packages/ovsdbapp/backend/ovs_idl/command.py", line 235, in run_idl
2026-07-22 23:16:17.331 10 ERROR neutron_lib.callbacks.manager record = self.api.lookup(self.table, self.record)
2026-07-22 23:16:17.331 10 ERROR neutron_lib.callbacks.manager
File "/var/lib/openstack/lib/python3.10/site-packages/ovsdbapp/backend/ovs_idl/__init__.py", line 184, in lookup
2026-07-22 23:16:17.331 10 ERROR neutron_lib.callbacks.manager return self._lookup(table, record)
2026-07-22 23:16:17.331 10 ERROR neutron_lib.callbacks.manager
File "/var/lib/openstack/lib/python3.10/site-packages/ovsdbapp/backend/ovs_idl/__init__.py", line 235, in _lookup
2026-07-22 23:16:17.331 10 ERROR neutron_lib.callbacks.manager row = idlutils.row_by_value(self, rl.table, rl.column, record)
2026-07-22 23:16:17.331 10 ERROR neutron_lib.callbacks.manager
File "/var/lib/openstack/lib/python3.10/site-packages/ovsdbapp/backend/ovs_idl/idlutils.py", line 114, in row_by_value
2026-07-22 23:16:17.331 10 ERROR neutron_lib.callbacks.manager raise RowNotFound(table=table, col=column, match=match)
2026-07-22 23:16:17.331 10 ERROR neutron_lib.callbacks.manager ovsdbapp.backend.ovs_idl.idlutils.RowNotFound: Cannot find Logical_Router_Port with name=lrp-b3789381-d363-4145-a951-d518c24fc294
2026-07-22 23:16:17.331 10 ERROR neutron_lib.callbacks.manager 
2026-07-22 23:16:17.353 9 INFO neutron.wsgi [None req-490fadb7-74c7-49a0-a58d-946daa1b66b6 00b1655af7cd4be997e5c15cbb4c5887 d6bffca48d5d489f83ad09a2e76702bb - - default default] 10.0.0.158 "GET /v2.0/security-group-rules HTTP/1.1" status: 200 len: 3755 time: 0.0741172
2026-07-22 23:16:17.362 9 WARNING neutron_lib.context [None req-d9b6a0d2-d13a-4394-b88d-d94a502b108e 00b1655af7cd4be997e5c15cbb4c5887 d6bffca48d5d489f83ad09a2e76702bb - - default default] Method 'is_advsvc' is deprecated since 2023.2 release (neutron-lib 3.8.0) and will be removed once support for the old RBAC API policies will be removed from Neutron. Please use method 'is_service_role' instead.
2026-07-22 23:16:17.410 10 INFO neutron.wsgi [req-343d2133-ba59-450c-99fd-10c1563875a9 req-d63902f6-a627-4336-9768-be104eeb3dd4 38b7af1608ab41288e45d13e552b4b4c 9e638baa87ad423dac194c8e5e228763 - - abae589cee0a4341a3424b5ec21a2a36 abae589cee0a4341a3424b5ec21a2a36] 199.204.45.240 "GET /v2.0/networks/549d0643-681a-4821-8e65-225a819feb10?fields=provider%3Aphysical_network&fields=provider%3Anetwork_type HTTP/1.1" status: 200 len: 277 time: 0.0768330
2026-07-22 23:16:17.521 9 INFO neutron.db.ovn_revision_numbers_db [None req-d9b6a0d2-d13a-4394-b88d-d94a502b108e 00b1655af7cd4be997e5c15cbb4c5887 d6bffca48d5d489f83ad09a2e76702bb - - default default] Successfully bumped revision number for resource 9acbb429-d7a1-4d6b-94fe-c3d801ac0d47 (type: security_group_rules) to 0
2026-07-22 23:16:17.528 10 INFO neutron.db.ovn_revision_numbers_db [None req-9a895116-09fe-4ab1-a21b-a33ffd7dedeb d9151e1f389d486190ebb9ea2e2657be 56a3ead74a7a45d18ffce4a6a6f95c60 - - default default] Successfully bumped revision number for resource b3789381-d363-4145-a951-d518c24fc294 (type: ports) to 1
2026-07-22 23:16:17.548 9 INFO neutron.wsgi [None req-d9b6a0d2-d13a-4394-b88d-d94a502b108e 00b1655af7cd4be997e5c15cbb4c5887 d6bffca48d5d489f83ad09a2e76702bb - - default default] 10.0.0.158 "POST /v2.0/security-group-rules HTTP/1.1" status: 201 len: 800 time: 0.1897078
2026-07-22 23:16:17.575 9 INFO neutron.wsgi [None req-2092dcd6-d2ac-43a4-8b10-cddb94867c98 00b1655af7cd4be997e5c15cbb4c5887 d6bffca48d5d489f83ad09a2e76702bb - - default default] 10.0.0.158 "GET /v2.0/security-group-rules/9acbb429-d7a1-4d6b-94fe-c3d801ac0d47 HTTP/1.1" status: 200 len: 795 time: 0.0224636
2026-07-22 23:16:17.598 10 WARNING neutron.scheduler.dhcp_agent_scheduler [None req-9a895116-09fe-4ab1-a21b-a33ffd7dedeb d9151e1f389d486190ebb9ea2e2657be 56a3ead74a7a45d18ffce4a6a6f95c60 - - default default] No more DHCP agents
2026-07-22 23:16:17.599 10 WARNING neutron.api.rpc.agentnotifiers.dhcp_rpc_agent_api [None req-9a895116-09fe-4ab1-a21b-a33ffd7dedeb d9151e1f389d486190ebb9ea2e2657be 56a3ead74a7a45d18ffce4a6a6f95c60 - - default default] Unable to schedule network e5438c6d-8db0-4338-96f1-3c7744e1e05e: no agents available; will retry on subsequent port and subnet creation events.
2026-07-22 23:16:17.623 10 INFO neutron.plugins.ml2.drivers.ovn.mech_driver.mech_driver [None req-a8bdee5e-8c9c-4de5-8966-45d7ee8c5aef - - - - - -] OVN reports status down for port: f124cb61-93d4-465a-8823-dc0e08125adf
2026-07-22 23:16:17.681 9 INFO neutron.wsgi [None req-6ffec4fc-c6e8-4f9d-8942-a8c21adb01c6 00b1655af7cd4be997e5c15cbb4c5887 d6bffca48d5d489f83ad09a2e76702bb - - default default] 10.0.0.158 "GET /v2.0/security-group-rules HTTP/1.1" status: 200 len: 4333 time: 0.0985456
2026-07-22 23:16:17.850 9 INFO neutron.wsgi [None req-45434b40-0bbd-49b6-af88-e6c3d9ee7e58 00b1655af7cd4be997e5c15cbb4c5887 d6bffca48d5d489f83ad09a2e76702bb - - default default] 10.0.0.158 "DELETE /v2.0/security-group-rules/9acbb429-d7a1-4d6b-94fe-c3d801ac0d47 HTTP/1.1" status: 204 len: 168 time: 0.1633604
2026-07-22 23:16:17.942 9 INFO neutron.wsgi [None req-70aadca9-3a13-45c3-9b34-f3f5918f31a1 00b1655af7cd4be997e5c15cbb4c5887 d6bffca48d5d489f83ad09a2e76702bb - - default default] 10.0.0.158 "GET /v2.0/security-group-rules HTTP/1.1" status: 200 len: 3755 time: 0.0823903
2026-07-22 23:16:17.951 9 WARNING neutron_lib.context [None req-13dc0395-57ff-4434-b4b1-180183180920 00b1655af7cd4be997e5c15cbb4c5887 d6bffca48d5d489f83ad09a2e76702bb - - default default] Method 'is_advsvc' is deprecated since 2023.2 release (neutron-lib 3.8.0) and will be removed once support for the old RBAC API policies will be removed from Neutron. Please use method 'is_service_role' instead.
2026-07-22 23:16:18.029 9 INFO neutron.db.securitygroups_db [None req-13dc0395-57ff-4434-b4b1-180183180920 00b1655af7cd4be997e5c15cbb4c5887 d6bffca48d5d489f83ad09a2e76702bb - - default default] Project d6bffca48d5d489f83ad09a2e76702bb added a security group rule with legacy IPv6 ICMP protocol name icmp, ipv6-icmp should be used instead. It was automatically converted.
2026-07-22 23:16:18.040 9 INFO neutron.wsgi [req-053b6e8b-0aea-4367-9797-2d9aa89b45d8 req-8509d418-4441-4b5f-a879-12496121ae32 df24ff90c00e48bbb61fe4d12e230f82 bc28743b4d7e407ea89d44772cfe7051 - - default default] 10.0.0.167 "GET /v2.0/ports?device_id=76d1ac90-dece-474b-bd86-03d6a7623b90 HTTP/1.1" status: 200 len: 1174 time: 0.0593984
2026-07-22 23:16:18.096 9 INFO neutron.wsgi [req-053b6e8b-0aea-4367-9797-2d9aa89b45d8 req-d257ccc5-7a61-4b8b-8563-30f44edf4969 df24ff90c00e48bbb61fe4d12e230f82 bc28743b4d7e407ea89d44772cfe7051 - - default default] 10.0.0.167 "GET /v2.0/security-groups?id=78788d9b-b3ce-48d2-a5bf-2f231bb6e839&fields=id&fields=name HTTP/1.1" status: 200 len: 311 time: 0.0503316
2026-07-22 23:16:18.126 10 INFO neutron.db.ovn_revision_numbers_db [None req-9a895116-09fe-4ab1-a21b-a33ffd7dedeb d9151e1f389d486190ebb9ea2e2657be 56a3ead74a7a45d18ffce4a6a6f95c60 - - default default] Successfully bumped revision number for resource b3789381-d363-4145-a951-d518c24fc294 (type: router_ports) to 1
2026-07-22 23:16:18.132 10 INFO neutron.wsgi [None req-9a895116-09fe-4ab1-a21b-a33ffd7dedeb d9151e1f389d486190ebb9ea2e2657be 56a3ead74a7a45d18ffce4a6a6f95c60 - - default default] 10.0.0.158 "PUT /v2.0/routers/a5e80298-f805-4891-bf4b-ec1d8270842c/add_router_interface HTTP/1.1" status: 200 len: 503 time: 2.2418730
2026-07-22 23:16:18.159 9 INFO neutron.db.ovn_revision_numbers_db [None req-13dc0395-57ff-4434-b4b1-180183180920 00b1655af7cd4be997e5c15cbb4c5887 d6bffca48d5d489f83ad09a2e76702bb - - default default] Successfully bumped revision number for resource b6c6e2ed-77ce-423f-827c-8a8d7f134e69 (type: security_group_rules) to 0
2026-07-22 23:16:18.162 10 INFO neutron.notifiers.nova [-] Nova event matching ['req-7c976427-ab72-44fd-9d21-32f23302c402'] response: {'server_uuid': '76d1ac90-dece-474b-bd86-03d6a7623b90', 'name': 'network-vif-unplugged', 'status': 'completed', 'tag': 'f124cb61-93d4-465a-8823-dc0e08125adf', 'code': 200}
2026-07-22 23:16:18.202 9 INFO neutron.wsgi [None req-13dc0395-57ff-4434-b4b1-180183180920 00b1655af7cd4be997e5c15cbb4c5887 d6bffca48d5d489f83ad09a2e76702bb - - default default] 10.0.0.158 "POST /v2.0/security-group-rules HTTP/1.1" status: 201 len: 806 time: 0.2563367
2026-07-22 23:16:18.239 10 INFO neutron.wsgi [None req-15a37b23-9111-4da4-90d7-1a5391b009ec 00b1655af7cd4be997e5c15cbb4c5887 d6bffca48d5d489f83ad09a2e76702bb - - default default] 10.0.0.158 "GET /v2.0/security-group-rules/b6c6e2ed-77ce-423f-827c-8a8d7f134e69 HTTP/1.1" status: 200 len: 801 time: 0.0287411
2026-07-22 23:16:18.241 9 INFO neutron.wsgi [None req-2de0af51-edb5-4699-9522-b292ee0595ec d9151e1f389d486190ebb9ea2e2657be 56a3ead74a7a45d18ffce4a6a6f95c60 - - default default] 10.0.0.158 "GET /v2.0/ports/b3789381-d363-4145-a951-d518c24fc294 HTTP/1.1" status: 200 len: 1139 time: 0.1048665
2026-07-22 23:16:18.295 9 INFO neutron.wsgi [None req-0d6e49c8-4bc6-4c47-aeaa-024b5da8242d d9151e1f389d486190ebb9ea2e2657be 56a3ead74a7a45d18ffce4a6a6f95c60 - - default default] 10.0.0.158 "GET /v2.0/ports/b3789381-d363-4145-a951-d518c24fc294 HTTP/1.1" status: 200 len: 1139 time: 0.0501246
2026-07-22 23:16:18.373 9 INFO neutron.wsgi [-] 10.0.0.158 "GET / HTTP/1.1" status: 200 len: 279 time: 0.0028563
2026-07-22 23:16:18.386 10 INFO neutron.wsgi [None req-aeb251a1-09c2-4a94-8aba-11a544870673 00b1655af7cd4be997e5c15cbb4c5887 d6bffca48d5d489f83ad09a2e76702bb - - default default] 10.0.0.158 "GET /v2.0/security-group-rules HTTP/1.1" status: 200 len: 4339 time: 0.1337695
2026-07-22 23:16:18.387 10 INFO neutron.db.ovn_revision_numbers_db [None req-a8bdee5e-8c9c-4de5-8966-45d7ee8c5aef - - - - - -] Successfully bumped revision number for resource f124cb61-93d4-465a-8823-dc0e08125adf (type: ports) to 5
2026-07-22 23:16:18.402 10 WARNING neutron.plugins.ml2.drivers.ovn.mech_driver.ovsdb.ovn_client [None req-a8bdee5e-8c9c-4de5-8966-45d7ee8c5aef - - - - - -] Logical_Switch_Port %s host information not removed, the port state is up
2026-07-22 23:16:18.402 10 INFO neutron.plugins.ml2.drivers.ovn.mech_driver.mech_driver [None req-a8bdee5e-8c9c-4de5-8966-45d7ee8c5aef - - - - - -] OVN reports status up for port: f124cb61-93d4-465a-8823-dc0e08125adf
2026-07-22 23:16:18.426 10 INFO neutron.plugins.ml2.plugin [None req-a8bdee5e-8c9c-4de5-8966-45d7ee8c5aef - - - - - -] Attempt 1 to provision port f124cb61-93d4-465a-8823-dc0e08125adf
2026-07-22 23:16:18.545 9 WARNING neutron.plugins.ml2.drivers.ovn.mech_driver.ovsdb.ovn_client [None req-fe374d2f-ee0e-4dc5-9e9a-305e21e3287c - - - - - -] No port found with ID 4bc91467-6e77-478a-b9f0-64b8d246a83b: RuntimeError: No port found with ID 4bc91467-6e77-478a-b9f0-64b8d246a83b
2026-07-22 23:16:18.545 9 INFO neutron.plugins.ml2.drivers.ovn.mech_driver.mech_driver [None req-fe374d2f-ee0e-4dc5-9e9a-305e21e3287c - - - - - -] OVN reports status up for port: b3789381-d363-4145-a951-d518c24fc294
2026-07-22 23:16:18.550 9 INFO neutron.wsgi [None req-c4b23bfd-8ea7-4208-af21-4d14ed605dbe 00b1655af7cd4be997e5c15cbb4c5887 d6bffca48d5d489f83ad09a2e76702bb - - default default] 10.0.0.158 "DELETE /v2.0/security-group-rules/b6c6e2ed-77ce-423f-827c-8a8d7f134e69 HTTP/1.1" status: 204 len: 168 time: 0.1597848 /var/lib/openstack/lib/python3.10/site-packages/pycadf/identifier.py:71: UserWarning: Invalid uuid: neutron. To ensure interoperability, identifiers should be a valid uuid. warnings.warn(('Invalid uuid: %s. To ensure interoperability, '
2026-07-22 23:16:18.560 9 INFO neutron.wsgi [None req-4746b7c2-28ea-459e-ae05-53fdc1c54b59 f25d3e6e951f480a8b1353161764d104 ed5f4532cc544f8c981a00268c6ae247 - - default default] 10.0.0.158 "GET /v2.0/ HTTP/1.1" status: 200 len: 826 time: 0.1818352
2026-07-22 23:16:18.564 9 INFO neutron.plugins.ml2.plugin [None req-fe374d2f-ee0e-4dc5-9e9a-305e21e3287c - - - - - -] Attempt 1 to provision port b3789381-d363-4145-a951-d518c24fc294
2026-07-22 23:16:18.623 10 INFO neutron.wsgi [None req-cad2ac5c-bb28-4798-98db-df40fb5ccc50 00b1655af7cd4be997e5c15cbb4c5887 d6bffca48d5d489f83ad09a2e76702bb - - default default] 10.0.0.158 "GET /v2.0/security-group-rules HTTP/1.1" status: 200 len: 3755 time: 0.0681558
2026-07-22 23:16:18.763 10 INFO neutron.db.ovn_revision_numbers_db [None req-a8bdee5e-8c9c-4de5-8966-45d7ee8c5aef - - - - - -] Successfully bumped revision number for resource f124cb61-93d4-465a-8823-dc0e08125adf (type: ports) to 6
2026-07-22 23:16:18.778 10 INFO neutron.wsgi [None req-dc12b96e-06e3-46a1-86e5-d01650dc355e 00b1655af7cd4be997e5c15cbb4c5887 d6bffca48d5d489f83ad09a2e76702bb - - default default] 10.0.0.158 "DELETE /v2.0/security-groups/17c05d2b-0368-4dab-a6ab-0f83ce53eecf HTTP/1.1" status: 204 len: 168 time: 0.1498599
2026-07-22 23:16:18.833 9 INFO neutron.wsgi [None req-5ef4484b-3969-427b-a822-55e0881339c6 00b1655af7cd4be997e5c15cbb4c5887 d6bffca48d5d489f83ad09a2e76702bb - - default default] 10.0.0.158 "GET /v2.0/security-groups HTTP/1.1" status: 200 len: 3120 time: 0.0466022
2026-07-22 23:16:18.911 9 INFO neutron.wsgi [None req-ccfee708-f943-4a6e-bd75-65e717530f62 00b1655af7cd4be997e5c15cbb4c5887 d6bffca48d5d489f83ad09a2e76702bb - - default default] 10.0.0.158 "GET /v2.0/security-groups HTTP/1.1" status: 200 len: 3120 time: 0.0736382
2026-07-22 23:16:19.059 9 INFO neutron.db.ovn_revision_numbers_db [None req-fe374d2f-ee0e-4dc5-9e9a-305e21e3287c - - - - - -] Successfully bumped revision number for resource b3789381-d363-4145-a951-d518c24fc294 (type: ports) to 2
2026-07-22 23:16:19.217 9 INFO neutron.wsgi [req-9e504fb3-f538-470b-b8b7-281d32fe0eef req-6711edae-3def-4795-986f-7835b9238cc6 df24ff90c00e48bbb61fe4d12e230f82 bc28743b4d7e407ea89d44772cfe7051 - - default default] 10.0.0.167 "GET /v2.0/ports?device_id=76d1ac90-dece-474b-bd86-03d6a7623b90 HTTP/1.1" status: 200 len: 1174 time: 0.0562353
