2026-07-22 23:17:57.553 9 INFO neutron.wsgi [req-c3cc9a56-98ce-409e-8a84-e49e589af99a req-8cb82cfe-9975-43c3-829d-3d037ee76ece 38b7af1608ab41288e45d13e552b4b4c 9e638baa87ad423dac194c8e5e228763 - - abae589cee0a4341a3424b5ec21a2a36 abae589cee0a4341a3424b5ec21a2a36] 199.204.45.240 "GET /v2.0/floatingips?fixed_ip_address=10.2.1.7&port_id=bc9161a4-550a-45f6-8c3f-5b9e9c9b9fcc HTTP/1.1" status: 200 len: 217 time: 0.0313902
2026-07-22 23:17:57.563 10 INFO neutron.db.ovn_revision_numbers_db [None req-c7f4802d-b15e-479d-9189-b780c7f092f4 30770d4c0a394ad299c2f9c5de6bbb8a 6f6e33af0f43400ca4271004f0202e83 - - default default] Successfully bumped revision number for resource 967c2ec2-4053-4cf6-8692-b7694b90194c (type: networks) to 1
2026-07-22 23:17:57.595 9 INFO neutron.wsgi [req-c3cc9a56-98ce-409e-8a84-e49e589af99a req-144b38a5-1abd-4f69-822d-8459e95c9270 38b7af1608ab41288e45d13e552b4b4c 9e638baa87ad423dac194c8e5e228763 - - abae589cee0a4341a3424b5ec21a2a36 abae589cee0a4341a3424b5ec21a2a36] 199.204.45.240 "GET /v2.0/floatingips?fixed_ip_address=fd7b%3Af9f7%3Afff%3A4eca%3A%3A2d&port_id=bc9161a4-550a-45f6-8c3f-5b9e9c9b9fcc HTTP/1.1" status: 200 len: 217 time: 0.0343976
2026-07-22 23:17:57.642 9 INFO neutron.wsgi [req-c3cc9a56-98ce-409e-8a84-e49e589af99a req-55e790c7-62a8-44bd-9c3c-7e9aae47ea2f 38b7af1608ab41288e45d13e552b4b4c 9e638baa87ad423dac194c8e5e228763 - - abae589cee0a4341a3424b5ec21a2a36 abae589cee0a4341a3424b5ec21a2a36] 199.204.45.240 "GET /v2.0/subnets?id=d48147c5-16aa-45a2-a99a-7f1b3a3e1a36&id=84406956-76c2-4b96-a764-de2bd61b9cd9 HTTP/1.1" status: 200 len: 1562 time: 0.0421653
2026-07-22 23:17:57.675 9 INFO neutron.wsgi [req-c3cc9a56-98ce-409e-8a84-e49e589af99a req-ca7c5c95-2493-4043-9113-9194acbef9f8 38b7af1608ab41288e45d13e552b4b4c 9e638baa87ad423dac194c8e5e228763 - - abae589cee0a4341a3424b5ec21a2a36 abae589cee0a4341a3424b5ec21a2a36] 199.204.45.240 "GET /v2.0/ports?network_id=e69d52fe-82b3-4b8d-bf17-83a9325fb50d&device_owner=network%3Adhcp HTTP/1.1" status: 200 len: 210 time: 0.0263069
2026-07-22 23:17:57.717 9 INFO neutron.wsgi [req-c3cc9a56-98ce-409e-8a84-e49e589af99a req-e37ed6ad-5e1f-4e1e-bbf4-1f8c79e3800f 38b7af1608ab41288e45d13e552b4b4c 9e638baa87ad423dac194c8e5e228763 - - abae589cee0a4341a3424b5ec21a2a36 abae589cee0a4341a3424b5ec21a2a36] 199.204.45.240 "GET /v2.0/ports?network_id=e69d52fe-82b3-4b8d-bf17-83a9325fb50d&device_owner=network%3Adhcp HTTP/1.1" status: 200 len: 210 time: 0.0358644
2026-07-22 23:17:57.773 10 WARNING neutron.scheduler.dhcp_agent_scheduler [None req-c7f4802d-b15e-479d-9189-b780c7f092f4 30770d4c0a394ad299c2f9c5de6bbb8a 6f6e33af0f43400ca4271004f0202e83 - - default default] No more DHCP agents
2026-07-22 23:17:57.776 10 WARNING neutron.api.rpc.agentnotifiers.dhcp_rpc_agent_api [None req-c7f4802d-b15e-479d-9189-b780c7f092f4 30770d4c0a394ad299c2f9c5de6bbb8a 6f6e33af0f43400ca4271004f0202e83 - - default default] Unable to schedule network 967c2ec2-4053-4cf6-8692-b7694b90194c: no agents available; will retry on subsequent port and subnet creation events.
2026-07-22 23:17:57.827 9 INFO neutron.wsgi [req-93ebcdf9-812b-41de-a78b-11cb8cdb1cd2 req-2d8bd7f9-3164-4a9e-8638-b9b9d8dbeacb f2b2c5e32c4747d2b9d106dd9c2833e4 ebe47972494a4092b471fddf9364045a - - default default] 10.0.0.167 "GET /v2.0/ports?device_id=a345b83e-38fb-4f50-b012-673934a72190 HTTP/1.1" status: 200 len: 1172 time: 0.1483550
2026-07-22 23:17:57.837 9 INFO neutron.wsgi [req-c3cc9a56-98ce-409e-8a84-e49e589af99a req-b79afaa8-a623-447d-b62b-dfc652c67df3 38b7af1608ab41288e45d13e552b4b4c 9e638baa87ad423dac194c8e5e228763 - - abae589cee0a4341a3424b5ec21a2a36 abae589cee0a4341a3424b5ec21a2a36] 199.204.45.240 "GET /v2.0/networks/e69d52fe-82b3-4b8d-bf17-83a9325fb50d?fields=segments HTTP/1.1" status: 200 len: 212 time: 0.1124899
2026-07-22 23:17:57.881 10 INFO neutron.db.ovn_revision_numbers_db [None req-c7f4802d-b15e-479d-9189-b780c7f092f4 30770d4c0a394ad299c2f9c5de6bbb8a 6f6e33af0f43400ca4271004f0202e83 - - default default] Successfully bumped revision number for resource 535069af-70ce-4974-8162-a6c95920330c (type: ports) to 1
2026-07-22 23:17:57.902 9 INFO neutron.wsgi [req-93ebcdf9-812b-41de-a78b-11cb8cdb1cd2 req-ff2c5056-cfc9-44d3-bc85-1fb60b2d2132 f2b2c5e32c4747d2b9d106dd9c2833e4 ebe47972494a4092b471fddf9364045a - - default default] 10.0.0.167 "GET /v2.0/security-groups?id=ac253936-53cd-4a1d-b211-2bfcb2f936c4&fields=id&fields=name HTTP/1.1" status: 200 len: 286 time: 0.0647297
2026-07-22 23:17:57.906 10 INFO neutron.wsgi [None req-c7f4802d-b15e-479d-9189-b780c7f092f4 30770d4c0a394ad299c2f9c5de6bbb8a 6f6e33af0f43400ca4271004f0202e83 - - default default] 10.0.0.158 "POST /v2.0/networks HTTP/1.1" status: 201 len: 831 time: 0.6629326
2026-07-22 23:17:57.915 9 INFO neutron.wsgi [req-c3cc9a56-98ce-409e-8a84-e49e589af99a req-22ecc7d7-0d65-4fcf-be50-2791791ed0a8 38b7af1608ab41288e45d13e552b4b4c 9e638baa87ad423dac194c8e5e228763 - - abae589cee0a4341a3424b5ec21a2a36 abae589cee0a4341a3424b5ec21a2a36] 199.204.45.240 "GET /v2.0/networks/e69d52fe-82b3-4b8d-bf17-83a9325fb50d?fields=provider%3Aphysical_network&fields=provider%3Anetwork_type HTTP/1.1" status: 200 len: 277 time: 0.0694573
2026-07-22 23:17:57.917 10 WARNING neutron_lib.context [None req-e2fef8e8-f500-4b51-b2c9-4fbf8d60ea54 30770d4c0a394ad299c2f9c5de6bbb8a 6f6e33af0f43400ca4271004f0202e83 - - default default] Method 'is_advsvc' is deprecated since 2023.2 release (neutron-lib 3.8.0) and will be removed once support for the old RBAC API policies will be removed from Neutron. Please use method 'is_service_role' instead.
2026-07-22 23:17:58.188 10 WARNING neutron.scheduler.dhcp_agent_scheduler [None req-e2fef8e8-f500-4b51-b2c9-4fbf8d60ea54 30770d4c0a394ad299c2f9c5de6bbb8a 6f6e33af0f43400ca4271004f0202e83 - - default default] No more DHCP agents
2026-07-22 23:17:58.190 10 WARNING neutron.api.rpc.agentnotifiers.dhcp_rpc_agent_api [None req-e2fef8e8-f500-4b51-b2c9-4fbf8d60ea54 30770d4c0a394ad299c2f9c5de6bbb8a 6f6e33af0f43400ca4271004f0202e83 - - default default] Unable to schedule network 967c2ec2-4053-4cf6-8692-b7694b90194c: no agents available; will retry on subsequent port and subnet creation events.
2026-07-22 23:17:58.364 9 INFO neutron.wsgi [req-241ad50f-68c5-4ecd-ba01-2eacef4825bc req-b6088a3f-96e1-4be9-a527-b87dd3c439f5 bbb5386feca548d99e0952061416e291 d8134e3f70c54c2a8f4adb2bf5e11002 - - default default] 10.0.0.167 "GET /v2.0/ports?device_id=c9d7d102-ec65-4abb-93af-97a50040825d HTTP/1.1" status: 200 len: 1172 time: 0.0417767
2026-07-22 23:17:58.413 9 INFO neutron.wsgi [req-241ad50f-68c5-4ecd-ba01-2eacef4825bc req-a7fb1aa2-db43-4e99-be7f-350ad26d30e3 bbb5386feca548d99e0952061416e291 d8134e3f70c54c2a8f4adb2bf5e11002 - - default default] 10.0.0.167 "GET /v2.0/security-groups?id=d4a794e3-4053-448c-9ccb-43dea1c60ff6&fields=id&fields=name HTTP/1.1" status: 200 len: 312 time: 0.0447867
2026-07-22 23:17:58.737 10 INFO neutron.db.ovn_revision_numbers_db [None req-e2fef8e8-f500-4b51-b2c9-4fbf8d60ea54 30770d4c0a394ad299c2f9c5de6bbb8a 6f6e33af0f43400ca4271004f0202e83 - - default default] Successfully bumped revision number for resource 535069af-70ce-4974-8162-a6c95920330c (type: ports) to 2
2026-07-22 23:17:58.771 10 INFO neutron.db.ovn_revision_numbers_db [None req-e2fef8e8-f500-4b51-b2c9-4fbf8d60ea54 30770d4c0a394ad299c2f9c5de6bbb8a 6f6e33af0f43400ca4271004f0202e83 - - default default] Successfully bumped revision number for resource f8052c22-ba98-4b59-9e07-adac0d111833 (type: subnets) to 0
2026-07-22 23:17:58.789 10 INFO neutron.wsgi [None req-e2fef8e8-f500-4b51-b2c9-4fbf8d60ea54 30770d4c0a394ad299c2f9c5de6bbb8a 6f6e33af0f43400ca4271004f0202e83 - - default default] 10.0.0.158 "POST /v2.0/subnets HTTP/1.1" status: 201 len: 804 time: 0.8781269
2026-07-22 23:17:58.801 10 WARNING neutron_lib.context [None req-40410dfd-d94a-483a-8e02-e72b7f3a9d0d 30770d4c0a394ad299c2f9c5de6bbb8a 6f6e33af0f43400ca4271004f0202e83 - - default default] Method 'is_advsvc' is deprecated since 2023.2 release (neutron-lib 3.8.0) and will be removed once support for the old RBAC API policies will be removed from Neutron. Please use method 'is_service_role' instead.
2026-07-22 23:17:59.020 9 INFO neutron.wsgi [req-f5ebf13c-3029-4919-8293-463f6943c077 req-42c9bb7e-cd73-4677-bcef-3236fcdcffb4 f2b2c5e32c4747d2b9d106dd9c2833e4 ebe47972494a4092b471fddf9364045a - - default default] 10.0.0.167 "GET /v2.0/ports?device_id=a345b83e-38fb-4f50-b012-673934a72190 HTTP/1.1" status: 200 len: 1172 time: 0.0522802
2026-07-22 23:17:59.090 9 INFO neutron.wsgi [req-f5ebf13c-3029-4919-8293-463f6943c077 req-d278d67d-b7f5-4cb4-825c-23ca49158073 f2b2c5e32c4747d2b9d106dd9c2833e4 ebe47972494a4092b471fddf9364045a - - default default] 10.0.0.167 "GET /v2.0/security-groups?id=ac253936-53cd-4a1d-b211-2bfcb2f936c4&fields=id&fields=name HTTP/1.1" status: 200 len: 286 time: 0.0609710
2026-07-22 23:17:59.373 10 WARNING neutron.scheduler.dhcp_agent_scheduler [None req-40410dfd-d94a-483a-8e02-e72b7f3a9d0d 30770d4c0a394ad299c2f9c5de6bbb8a 6f6e33af0f43400ca4271004f0202e83 - - default default] No more DHCP agents
2026-07-22 23:17:59.376 10 WARNING neutron.api.rpc.agentnotifiers.dhcp_rpc_agent_api [None req-40410dfd-d94a-483a-8e02-e72b7f3a9d0d 30770d4c0a394ad299c2f9c5de6bbb8a 6f6e33af0f43400ca4271004f0202e83 - - default default] Unable to schedule network bf4d9735-a477-438d-a56d-0935727297ff: no agents available; will retry on subsequent port and subnet creation events.
2026-07-22 23:17:59.516 9 INFO neutron.wsgi [req-1812c566-8eb1-401a-bcd0-c68965b5f48c req-bcd752ce-683a-433a-8751-0fa03f45ba1b ded1ad913d09455096ad1d7af1286183 3b29426218814660a282be2e0c96c1b3 - - default default] 10.0.0.167 "GET /v2.0/ports?device_id=4f30456f-3992-4dde-a3e3-8610a19950d8 HTTP/1.1" status: 200 len: 1386 time: 0.1074343
2026-07-22 23:17:59.566 10 INFO neutron.db.ovn_revision_numbers_db [None req-40410dfd-d94a-483a-8e02-e72b7f3a9d0d 30770d4c0a394ad299c2f9c5de6bbb8a 6f6e33af0f43400ca4271004f0202e83 - - default default] Successfully bumped revision number for resource 100687bb-aa8d-44d6-bb80-d5dc427b5796 (type: ports) to 1
2026-07-22 23:17:59.587 9 INFO neutron.wsgi [req-1812c566-8eb1-401a-bcd0-c68965b5f48c req-031648b8-97e4-4125-9d7d-39c48f9179c6 ded1ad913d09455096ad1d7af1286183 3b29426218814660a282be2e0c96c1b3 - - default default] 10.0.0.167 "GET /v2.0/security-groups?id=9a17976b-98be-4dd5-b062-ba0f2a4644cf&fields=id&fields=name HTTP/1.1" status: 200 len: 311 time: 0.0618830
2026-07-22 23:17:59.601 9 INFO neutron.wsgi [req-d77947b1-c345-4798-9a51-31c1de64e4da req-8326f985-d488-40a1-b360-919f5b7ee169 bbb5386feca548d99e0952061416e291 d8134e3f70c54c2a8f4adb2bf5e11002 - - default default] 10.0.0.167 "GET /v2.0/ports?device_id=c9d7d102-ec65-4abb-93af-97a50040825d HTTP/1.1" status: 200 len: 1172 time: 0.1221428
2026-07-22 23:17:59.664 9 INFO neutron.wsgi [req-d77947b1-c345-4798-9a51-31c1de64e4da req-5cbb6f80-f511-4f9b-b3e9-ef806c32666f bbb5386feca548d99e0952061416e291 d8134e3f70c54c2a8f4adb2bf5e11002 - - default default] 10.0.0.167 "GET /v2.0/security-groups?id=d4a794e3-4053-448c-9ccb-43dea1c60ff6&fields=id&fields=name HTTP/1.1" status: 200 len: 312 time: 0.0583491
2026-07-22 23:18:00.212 9 INFO neutron.wsgi [req-7e2ff3ea-f7ff-4429-8572-354728bcb1f7 req-2f0f1953-17c5-482c-9b5a-74ae8c5a543e f2b2c5e32c4747d2b9d106dd9c2833e4 ebe47972494a4092b471fddf9364045a - - default default] 10.0.0.167 "GET /v2.0/ports?device_id=a345b83e-38fb-4f50-b012-673934a72190 HTTP/1.1" status: 200 len: 1172 time: 0.0471704
2026-07-22 23:18:00.270 9 INFO neutron.wsgi [req-7e2ff3ea-f7ff-4429-8572-354728bcb1f7 req-82574562-ed66-4468-88ee-5033b36fc801 f2b2c5e32c4747d2b9d106dd9c2833e4 ebe47972494a4092b471fddf9364045a - - default default] 10.0.0.167 "GET /v2.0/security-groups?id=ac253936-53cd-4a1d-b211-2bfcb2f936c4&fields=id&fields=name HTTP/1.1" status: 200 len: 286 time: 0.0518327
2026-07-22 23:18:00.306 9 WARNING neutron.plugins.ml2.drivers.ovn.mech_driver.ovsdb.ovn_client [None req-fe374d2f-ee0e-4dc5-9e9a-305e21e3287c - - - - - -] No hosting information found for port 707953fe-7630-446d-affc-2c7424922150: RuntimeError: No hosting information found for port 707953fe-7630-446d-affc-2c7424922150
2026-07-22 23:18:00.306 9 INFO neutron.plugins.ml2.drivers.ovn.mech_driver.mech_driver [None req-fe374d2f-ee0e-4dc5-9e9a-305e21e3287c - - - - - -] OVN reports status up for port: 75134a4c-75b4-43f3-a450-8fb140f5547a
2026-07-22 23:18:00.316 10 INFO neutron.plugins.ml2.drivers.ovn.mech_driver.mech_driver [None req-a8bdee5e-8c9c-4de5-8966-45d7ee8c5aef - - - - - -] OVN reports status up for port: bc9e8549-c641-4334-b98d-ee41be28e397
2026-07-22 23:18:00.317 9 INFO neutron.plugins.ml2.plugin [None req-fe374d2f-ee0e-4dc5-9e9a-305e21e3287c - - - - - -] Attempt 1 to provision port 75134a4c-75b4-43f3-a450-8fb140f5547a
2026-07-22 23:18:00.349 10 INFO neutron.plugins.ml2.plugin [None req-a8bdee5e-8c9c-4de5-8966-45d7ee8c5aef - - - - - -] Attempt 1 to provision port bc9e8549-c641-4334-b98d-ee41be28e397
2026-07-22 23:18:00.469 9 INFO neutron.notifiers.nova [-] Nova event matching ['req-f094c27f-d9b8-443f-8b5c-9d25187f3ada'] response: {'server_uuid': 'c9d7d102-ec65-4abb-93af-97a50040825d', 'name': 'network-vif-plugged', 'status': 'completed', 'tag': '75134a4c-75b4-43f3-a450-8fb140f5547a', 'code': 200}
2026-07-22 23:18:00.685 9 INFO neutron.db.ovn_revision_numbers_db [None req-fe374d2f-ee0e-4dc5-9e9a-305e21e3287c - - - - - -] Successfully bumped revision number for resource 75134a4c-75b4-43f3-a450-8fb140f5547a (type: ports) to 4
2026-07-22 23:18:00.737 9 INFO neutron.plugins.ml2.drivers.ovn.mech_driver.mech_driver [None req-fe374d2f-ee0e-4dc5-9e9a-305e21e3287c - - - - - -] OVN reports status up for port: 647c04dc-4276-4806-966f-e297997867b0
2026-07-22 23:18:00.760 9 INFO neutron.plugins.ml2.plugin [None req-fe374d2f-ee0e-4dc5-9e9a-305e21e3287c - - - - - -] Attempt 1 to provision port 647c04dc-4276-4806-966f-e297997867b0
2026-07-22 23:18:00.789 10 INFO neutron.plugins.ml2.drivers.ovn.mech_driver.ovsdb.commands [None req-5ed7c81e-d2d8-4ccd-a4fc-57ec07a3f679 - - - - - -] Schedule LRP lrp-100687bb-aa8d-44d6-bb80-d5dc427b5796 on gateway 29c9d2a8-b421-488d-8da2-2727d29b50d3 with priority 1
2026-07-22 23:18:00.814 9 INFO neutron.wsgi [req-d14af627-f1a2-4317-852a-945a562c2e37 req-1103271b-f583-43bf-85ec-08042fad787c bbb5386feca548d99e0952061416e291 d8134e3f70c54c2a8f4adb2bf5e11002 - - default default] 10.0.0.167 "GET /v2.0/ports?device_id=c9d7d102-ec65-4abb-93af-97a50040825d HTTP/1.1" status: 200 len: 1174 time: 0.0642772
2026-07-22 23:18:00.815 10 INFO neutron.db.ovn_revision_numbers_db [None req-a8bdee5e-8c9c-4de5-8966-45d7ee8c5aef - - - - - -] Successfully bumped revision number for resource bc9e8549-c641-4334-b98d-ee41be28e397 (type: ports) to 3 /var/lib/openstack/lib/python3.10/site-packages/pycadf/identifier.py:71: UserWarning: Invalid uuid: neutron. To ensure interoperability, identifiers should be a valid uuid. warnings.warn(('Invalid uuid: %s. To ensure interoperability, '
2026-07-22 23:18:00.880 10 INFO neutron.db.ovn_revision_numbers_db [None req-40410dfd-d94a-483a-8e02-e72b7f3a9d0d 30770d4c0a394ad299c2f9c5de6bbb8a 6f6e33af0f43400ca4271004f0202e83 - - default default] Successfully bumped revision number for resource 100687bb-aa8d-44d6-bb80-d5dc427b5796 (type: router_ports) to 1
2026-07-22 23:18:00.909 9 INFO neutron.wsgi [req-d14af627-f1a2-4317-852a-945a562c2e37 req-d9986fa9-f68b-49ea-8032-875ae6a5261d bbb5386feca548d99e0952061416e291 d8134e3f70c54c2a8f4adb2bf5e11002 - - default default] 10.0.0.167 "GET /v2.0/security-groups?id=d4a794e3-4053-448c-9ccb-43dea1c60ff6&fields=id&fields=name HTTP/1.1" status: 200 len: 312 time: 0.0814352
2026-07-22 23:18:00.990 10 INFO neutron.plugins.ml2.drivers.ovn.mech_driver.mech_driver [None req-a8bdee5e-8c9c-4de5-8966-45d7ee8c5aef - - - - - -] OVN reports status up for port: 100687bb-aa8d-44d6-bb80-d5dc427b5796
2026-07-22 23:18:00.999 10 INFO neutron.plugins.ml2.plugin [None req-a8bdee5e-8c9c-4de5-8966-45d7ee8c5aef - - - - - -] Attempt 1 to provision port 100687bb-aa8d-44d6-bb80-d5dc427b5796
2026-07-22 23:18:01.001 10 INFO neutron.db.ovn_revision_numbers_db [None req-40410dfd-d94a-483a-8e02-e72b7f3a9d0d 30770d4c0a394ad299c2f9c5de6bbb8a 6f6e33af0f43400ca4271004f0202e83 - - default default] Successfully bumped revision number for resource 8217a1e2-a75f-42a8-bd2f-fd58f1014565 (type: routers) to 2
2026-07-22 23:18:01.033 10 INFO neutron.wsgi [None req-40410dfd-d94a-483a-8e02-e72b7f3a9d0d 30770d4c0a394ad299c2f9c5de6bbb8a 6f6e33af0f43400ca4271004f0202e83 - - default default] 10.0.0.158 "POST /v2.0/routers HTTP/1.1" status: 201 len: 1136 time: 2.2382245
2026-07-22 23:18:01.110 10 INFO neutron.wsgi [-] 10.0.0.178 "GET / HTTP/1.1" status: 200 len: 247 time: 0.0013502
2026-07-22 23:18:01.112 10 INFO neutron.wsgi [-] 10.0.0.178 "GET / HTTP/1.1" status: 200 len: 247 time: 0.0009518
2026-07-22 23:18:01.369 9 INFO neutron.wsgi [req-69cfcb54-d2e3-488e-ab0d-d8fcc70474c5 req-9f62fb37-3b7b-431c-ad48-50aad5011fdf bbb5386feca548d99e0952061416e291 d8134e3f70c54c2a8f4adb2bf5e11002 - - default default] 10.0.0.167 "GET /v2.0/ports?device_id=c9d7d102-ec65-4abb-93af-97a50040825d HTTP/1.1" status: 200 len: 1174 time: 0.3777466
2026-07-22 23:18:01.412 9 INFO neutron.wsgi [req-8507a61f-5902-4777-b016-c51906bb17d8 req-65b82c99-e623-42a0-aba6-258ce0a2f795 f2b2c5e32c4747d2b9d106dd9c2833e4 ebe47972494a4092b471fddf9364045a - - default default] 10.0.0.167 "GET /v2.0/ports?device_id=a345b83e-38fb-4f50-b012-673934a72190 HTTP/1.1" status: 200 len: 1172 time: 0.0620317
2026-07-22 23:18:01.469 9 INFO neutron.wsgi [req-69cfcb54-d2e3-488e-ab0d-d8fcc70474c5 req-9118b1b7-de95-4dab-bcd2-a56c2ed04d03 bbb5386feca548d99e0952061416e291 d8134e3f70c54c2a8f4adb2bf5e11002 - - default default] 10.0.0.167 "GET /v2.0/security-groups?id=d4a794e3-4053-448c-9ccb-43dea1c60ff6&fields=id&fields=name HTTP/1.1" status: 200 len: 312 time: 0.0891750
2026-07-22 23:18:01.492 9 INFO neutron.wsgi [req-8507a61f-5902-4777-b016-c51906bb17d8 req-08ff7f3f-f97f-44f2-85fd-3cec7bcc9f45 f2b2c5e32c4747d2b9d106dd9c2833e4 ebe47972494a4092b471fddf9364045a - - default default] 10.0.0.167 "GET /v2.0/security-groups?id=ac253936-53cd-4a1d-b211-2bfcb2f936c4&fields=id&fields=name HTTP/1.1" status: 200 len: 286 time: 0.0694451
2026-07-22 23:18:01.571 9 INFO neutron.wsgi [None req-1f0dd2e1-b92a-4502-853e-322face68673 cdfa1883ad254a619f82d10a7a618f37 5a02f0d3cc184458bcb06d0b0325cb72 - - default default] 10.0.0.158 "GET /v2.0/ports?device_id=c9d7d102-ec65-4abb-93af-97a50040825d HTTP/1.1" status: 200 len: 1408 time: 0.0473974
2026-07-22 23:18:01.830 10 WARNING neutron.scheduler.dhcp_agent_scheduler [None req-9ad6d0e3-4203-4d19-9bd0-0065e8b0ef49 30770d4c0a394ad299c2f9c5de6bbb8a 6f6e33af0f43400ca4271004f0202e83 - - default default] No more DHCP agents
2026-07-22 23:18:01.834 10 WARNING neutron.api.rpc.agentnotifiers.dhcp_rpc_agent_api [None req-9ad6d0e3-4203-4d19-9bd0-0065e8b0ef49 30770d4c0a394ad299c2f9c5de6bbb8a 6f6e33af0f43400ca4271004f0202e83 - - default default] Unable to schedule network 967c2ec2-4053-4cf6-8692-b7694b90194c: no agents available; will retry on subsequent port and subnet creation events.
2026-07-22 23:18:01.871 9 INFO neutron.db.ovn_revision_numbers_db [None req-fe374d2f-ee0e-4dc5-9e9a-305e21e3287c - - - - - -] Successfully bumped revision number for resource 647c04dc-4276-4806-966f-e297997867b0 (type: ports) to 2
2026-07-22 23:18:02.029 10 INFO neutron.db.ovn_revision_numbers_db [None req-9ad6d0e3-4203-4d19-9bd0-0065e8b0ef49 30770d4c0a394ad299c2f9c5de6bbb8a 6f6e33af0f43400ca4271004f0202e83 - - default default] Successfully bumped revision number for resource f68d0595-5467-45f9-9206-70c72502af1a (type: ports) to 1
2026-07-22 23:18:02.129 9 INFO neutron.db.ovn_revision_numbers_db [None req-fe374d2f-ee0e-4dc5-9e9a-305e21e3287c - - - - - -] Successfully bumped revision number for resource 647c04dc-4276-4806-966f-e297997867b0 (type: router_ports) to 2
2026-07-22 23:18:02.412 9 INFO neutron.db.ovn_revision_numbers_db [None req-6f65dcf6-7a04-4d80-9352-f4cbfbf16877 bbb5386feca548d99e0952061416e291 d8134e3f70c54c2a8f4adb2bf5e11002 - - default default] Successfully bumped revision number for resource 80cab9ef-ffaa-43ad-aa82-167821f7c91f (type: floatingips) to 4
2026-07-22 23:18:02.536 9 INFO neutron.notifiers.nova [-] Nova event matching ['req-01200568-1c4d-458a-aea4-bedf14094ed6'] response: {'server_uuid': 'c9d7d102-ec65-4abb-93af-97a50040825d', 'name': 'network-vif-plugged', 'status': 'completed', 'tag': '75134a4c-75b4-43f3-a450-8fb140f5547a', 'code': 200}
2026-07-22 23:18:02.576 9 INFO neutron.db.ovn_revision_numbers_db [None req-6f65dcf6-7a04-4d80-9352-f4cbfbf16877 bbb5386feca548d99e0952061416e291 d8134e3f70c54c2a8f4adb2bf5e11002 - - default default] Successfully bumped revision number for resource 80cab9ef-ffaa-43ad-aa82-167821f7c91f (type: floatingips) to 5
2026-07-22 23:18:02.577 9 INFO neutron.db.l3_db [None req-6f65dcf6-7a04-4d80-9352-f4cbfbf16877 bbb5386feca548d99e0952061416e291 d8134e3f70c54c2a8f4adb2bf5e11002 - - default default] Floating IP 80cab9ef-ffaa-43ad-aa82-167821f7c91f associated. External IP: 10.96.250.215, port: 75134a4c-75b4-43f3-a450-8fb140f5547a.
2026-07-22 23:18:02.637 9 INFO neutron.wsgi [None req-6f65dcf6-7a04-4d80-9352-f4cbfbf16877 bbb5386feca548d99e0952061416e291 d8134e3f70c54c2a8f4adb2bf5e11002 - - default default] 10.0.0.158 "PUT /v2.0/floatingips/80cab9ef-ffaa-43ad-aa82-167821f7c91f HTTP/1.1" status: 200 len: 1050 time: 1.0595090
2026-07-22 23:18:02.698 9 INFO neutron.wsgi [None req-7c479c05-d259-4ff6-aca5-8106a1d4f164 bbb5386feca548d99e0952061416e291 d8134e3f70c54c2a8f4adb2bf5e11002 - - default default] 10.0.0.158 "GET /v2.0/floatingips/80cab9ef-ffaa-43ad-aa82-167821f7c91f HTTP/1.1" status: 200 len: 1052 time: 0.0566516
2026-07-22 23:18:02.785 9 INFO neutron.wsgi [req-d83c8a16-a530-4df4-8df9-5c67fe93ef4e req-dea53ff8-5183-43c8-8fe7-0596095e61ff f2b2c5e32c4747d2b9d106dd9c2833e4 ebe47972494a4092b471fddf9364045a - - default default] 10.0.0.167 "GET /v2.0/ports?device_id=a345b83e-38fb-4f50-b012-673934a72190 HTTP/1.1" status: 200 len: 1172 time: 0.0609939
2026-07-22 23:18:02.851 9 INFO neutron.wsgi [req-d83c8a16-a530-4df4-8df9-5c67fe93ef4e req-d3c805c8-a748-46c5-a110-c36257a460e6 f2b2c5e32c4747d2b9d106dd9c2833e4 ebe47972494a4092b471fddf9364045a - - default default] 10.0.0.167 "GET /v2.0/security-groups?id=ac253936-53cd-4a1d-b211-2bfcb2f936c4&fields=id&fields=name HTTP/1.1" status: 200 len: 286 time: 0.0562849
2026-07-22 23:18:02.897 10 ERROR ovsdbapp.backend.ovs_idl.command [None req-9ad6d0e3-4203-4d19-9bd0-0065e8b0ef49 30770d4c0a394ad299c2f9c5de6bbb8a 6f6e33af0f43400ca4271004f0202e83 - - default default] Error executing command (DbGetCommand): ovsdbapp.backend.ovs_idl.idlutils.RowNotFound: Cannot find Logical_Router_Port with name=lrp-f68d0595-5467-45f9-9206-70c72502af1a
2026-07-22 23:18:02.897 10 ERROR ovsdbapp.backend.ovs_idl.command
Traceback (most recent call last):
2026-07-22 23:18:02.897 10 ERROR ovsdbapp.backend.ovs_idl.command
File "/var/lib/openstack/lib/python3.10/site-packages/ovsdbapp/backend/ovs_idl/command.py", line 47, in execute
2026-07-22 23:18:02.897 10 ERROR ovsdbapp.backend.ovs_idl.command self.run_idl(None)
2026-07-22 23:18:02.897 10 ERROR ovsdbapp.backend.ovs_idl.command
File "/var/lib/openstack/lib/python3.10/site-packages/ovsdbapp/backend/ovs_idl/command.py", line 235, in run_idl
2026-07-22 23:18:02.897 10 ERROR ovsdbapp.backend.ovs_idl.command record = self.api.lookup(self.table, self.record)
2026-07-22 23:18:02.897 10 ERROR ovsdbapp.backend.ovs_idl.command
File "/var/lib/openstack/lib/python3.10/site-packages/ovsdbapp/backend/ovs_idl/__init__.py", line 184, in lookup
2026-07-22 23:18:02.897 10 ERROR ovsdbapp.backend.ovs_idl.command return self._lookup(table, record)
2026-07-22 23:18:02.897 10 ERROR ovsdbapp.backend.ovs_idl.command
File "/var/lib/openstack/lib/python3.10/site-packages/ovsdbapp/backend/ovs_idl/__init__.py", line 235, in _lookup
2026-07-22 23:18:02.897 10 ERROR ovsdbapp.backend.ovs_idl.command row = idlutils.row_by_value(self, rl.table, rl.column, record)
2026-07-22 23:18:02.897 10 ERROR ovsdbapp.backend.ovs_idl.command
File "/var/lib/openstack/lib/python3.10/site-packages/ovsdbapp/backend/ovs_idl/idlutils.py", line 114, in row_by_value
2026-07-22 23:18:02.897 10 ERROR ovsdbapp.backend.ovs_idl.command raise RowNotFound(table=table, col=column, match=match)
2026-07-22 23:18:02.897 10 ERROR ovsdbapp.backend.ovs_idl.command ovsdbapp.backend.ovs_idl.idlutils.RowNotFound: Cannot find Logical_Router_Port with name=lrp-f68d0595-5467-45f9-9206-70c72502af1a
2026-07-22 23:18:02.897 10 ERROR ovsdbapp.backend.ovs_idl.command 
2026-07-22 23:18:02.897 10 ERROR neutron_lib.callbacks.manager [None req-9ad6d0e3-4203-4d19-9bd0-0065e8b0ef49 30770d4c0a394ad299c2f9c5de6bbb8a 6f6e33af0f43400ca4271004f0202e83 - - default default] Error during notification for neutron.services.ovn_l3.plugin.OVNL3RouterPlugin._port_update-8726360469222 port, after_update: ovsdbapp.backend.ovs_idl.idlutils.RowNotFound: Cannot find Logical_Router_Port with name=lrp-f68d0595-5467-45f9-9206-70c72502af1a
2026-07-22 23:18:02.897 10 ERROR neutron_lib.callbacks.manager
Traceback (most recent call last):
2026-07-22 23:18:02.897 10 ERROR neutron_lib.callbacks.manager
File "/var/lib/openstack/lib/python3.10/site-packages/neutron_lib/callbacks/manager.py", line 189, in _notify_loop
2026-07-22 23:18:02.897 10 ERROR neutron_lib.callbacks.manager callback.method(resource, event, trigger, payload=payload)
2026-07-22 23:18:02.897 10 ERROR neutron_lib.callbacks.manager
File "/var/lib/openstack/lib/python3.10/site-packages/neutron/services/ovn_l3/plugin.py", line 391, in _port_update
2026-07-22 23:18:02.897 10 ERROR neutron_lib.callbacks.manager l3plugin._ovn_client.update_router_port(context,
2026-07-22 23:18:02.897 10 ERROR neutron_lib.callbacks.manager
File "/var/lib/openstack/lib/python3.10/site-packages/neutron/plugins/ml2/drivers/ovn/mech_driver/ovsdb/ovn_client.py", line 1878, in update_router_port
2026-07-22 23:18:02.897 10 ERROR neutron_lib.callbacks.manager self._update_lrouter_port(context, port, if_exists=if_exists,
2026-07-22 23:18:02.897 10 ERROR neutron_lib.callbacks.manager
File "/var/lib/openstack/lib/python3.10/site-packages/neutron/plugins/ml2/drivers/ovn/mech_driver/ovsdb/ovn_client.py", line 1855, in _update_lrouter_port
2026-07-22 23:18:02.897 10 ERROR neutron_lib.callbacks.manager external_ids = self._nb_idl.db_get(
2026-07-22 23:18:02.897 10 ERROR neutron_lib.callbacks.manager
File "/var/lib/openstack/lib/python3.10/site-packages/ovsdbapp/backend/ovs_idl/command.py", line 47, in execute
2026-07-22 23:18:02.897 10 ERROR neutron_lib.callbacks.manager self.run_idl(None)
2026-07-22 23:18:02.897 10 ERROR neutron_lib.callbacks.manager
File "/var/lib/openstack/lib/python3.10/site-packages/ovsdbapp/backend/ovs_idl/command.py", line 235, in run_idl
2026-07-22 23:18:02.897 10 ERROR neutron_lib.callbacks.manager record = self.api.lookup(self.table, self.record)
2026-07-22 23:18:02.897 10 ERROR neutron_lib.callbacks.manager
File "/var/lib/openstack/lib/python3.10/site-packages/ovsdbapp/backend/ovs_idl/__init__.py", line 184, in lookup
2026-07-22 23:18:02.897 10 ERROR neutron_lib.callbacks.manager return self._lookup(table, record)
2026-07-22 23:18:02.897 10 ERROR neutron_lib.callbacks.manager
File "/var/lib/openstack/lib/python3.10/site-packages/ovsdbapp/backend/ovs_idl/__init__.py", line 235, in _lookup
2026-07-22 23:18:02.897 10 ERROR neutron_lib.callbacks.manager row = idlutils.row_by_value(self, rl.table, rl.column, record)
2026-07-22 23:18:02.897 10 ERROR neutron_lib.callbacks.manager
File "/var/lib/openstack/lib/python3.10/site-packages/ovsdbapp/backend/ovs_idl/idlutils.py", line 114, in row_by_value
2026-07-22 23:18:02.897 10 ERROR neutron_lib.callbacks.manager raise RowNotFound(table=table, col=column, match=match)
2026-07-22 23:18:02.897 10 ERROR neutron_lib.callbacks.manager ovsdbapp.backend.ovs_idl.idlutils.RowNotFound: Cannot find Logical_Router_Port with name=lrp-f68d0595-5467-45f9-9206-70c72502af1a
2026-07-22 23:18:02.897 10 ERROR neutron_lib.callbacks.manager 
2026-07-22 23:18:03.127 10 INFO neutron.db.ovn_revision_numbers_db [None req-9ad6d0e3-4203-4d19-9bd0-0065e8b0ef49 30770d4c0a394ad299c2f9c5de6bbb8a 6f6e33af0f43400ca4271004f0202e83 - - default default] Successfully bumped revision number for resource f68d0595-5467-45f9-9206-70c72502af1a (type: ports) to 1
2026-07-22 23:18:03.188 10 WARNING neutron.scheduler.dhcp_agent_scheduler [None req-9ad6d0e3-4203-4d19-9bd0-0065e8b0ef49 30770d4c0a394ad299c2f9c5de6bbb8a 6f6e33af0f43400ca4271004f0202e83 - - default default] No more DHCP agents
2026-07-22 23:18:03.189 10 WARNING neutron.api.rpc.agentnotifiers.dhcp_rpc_agent_api [None req-9ad6d0e3-4203-4d19-9bd0-0065e8b0ef49 30770d4c0a394ad299c2f9c5de6bbb8a 6f6e33af0f43400ca4271004f0202e83 - - default default] Unable to schedule network 967c2ec2-4053-4cf6-8692-b7694b90194c: no agents available; will retry on subsequent port and subnet creation events.
2026-07-22 23:18:03.555 10 INFO neutron.db.ovn_revision_numbers_db [None req-9ad6d0e3-4203-4d19-9bd0-0065e8b0ef49 30770d4c0a394ad299c2f9c5de6bbb8a 6f6e33af0f43400ca4271004f0202e83 - - default default] Successfully bumped revision number for resource f68d0595-5467-45f9-9206-70c72502af1a (type: router_ports) to 1
2026-07-22 23:18:03.560 10 INFO neutron.wsgi [None req-9ad6d0e3-4203-4d19-9bd0-0065e8b0ef49 30770d4c0a394ad299c2f9c5de6bbb8a 6f6e33af0f43400ca4271004f0202e83 - - default default] 10.0.0.158 "PUT /v2.0/routers/8217a1e2-a75f-42a8-bd2f-fd58f1014565/add_router_interface HTTP/1.1" status: 200 len: 503 time: 2.5221803
2026-07-22 23:18:04.013 9 INFO neutron.wsgi [req-2a949074-a895-4626-965a-b4429156d193 req-529354df-b901-4bf4-9a64-b7b6dc140df0 f2b2c5e32c4747d2b9d106dd9c2833e4 ebe47972494a4092b471fddf9364045a - - default default] 10.0.0.167 "GET /v2.0/ports?device_id=a345b83e-38fb-4f50-b012-673934a72190 HTTP/1.1" status: 200 len: 1172 time: 0.0957038
2026-07-22 23:18:04.069 9 INFO neutron.wsgi [req-2a949074-a895-4626-965a-b4429156d193 req-36a64f02-67e8-41fd-adae-6f008ba6a09f f2b2c5e32c4747d2b9d106dd9c2833e4 ebe47972494a4092b471fddf9364045a - - default default] 10.0.0.167 "GET /v2.0/security-groups?id=ac253936-53cd-4a1d-b211-2bfcb2f936c4&fields=id&fields=name HTTP/1.1" status: 200 len: 286 time: 0.0437226
2026-07-22 23:18:04.240 10 WARNING neutron.scheduler.dhcp_agent_scheduler [None req-0f89ad43-5298-48d6-8a28-868b6013d739 731815ce213b4b328bc4526a8be4c3da 7c02c15da28440628067cc85609a1486 - - default default] No more DHCP agents
2026-07-22 23:18:04.244 10 WARNING neutron.api.rpc.agentnotifiers.dhcp_rpc_agent_api [None req-0f89ad43-5298-48d6-8a28-868b6013d739 731815ce213b4b328bc4526a8be4c3da 7c02c15da28440628067cc85609a1486 - - default default] Unable to schedule network bf4d9735-a477-438d-a56d-0935727297ff: no agents available; will retry on subsequent port and subnet creation events.
2026-07-22 23:18:04.428 10 INFO neutron.db.ovn_revision_numbers_db [None req-0f89ad43-5298-48d6-8a28-868b6013d739 731815ce213b4b328bc4526a8be4c3da 7c02c15da28440628067cc85609a1486 - - default default] Successfully bumped revision number for resource 47c3fa71-e541-4a1e-a49b-735e037b5951 (type: ports) to 1
2026-07-22 23:18:04.574 9 INFO neutron.notifiers.nova [-] Nova event matching ['req-b4b53350-4b6c-4979-baaa-fc559024a99b'] response: {'name': 'network-changed', 'server_uuid': 'c9d7d102-ec65-4abb-93af-97a50040825d', 'tag': '75134a4c-75b4-43f3-a450-8fb140f5547a', 'status': 'completed', 'code': 200}
2026-07-22 23:18:04.659 9 INFO neutron.wsgi [req-a9d2490b-8a32-40e8-ba3e-8f3e0198c8db req-53616de0-70c5-402c-ba2d-7c17fd616775 38b7af1608ab41288e45d13e552b4b4c 9e638baa87ad423dac194c8e5e228763 - - abae589cee0a4341a3424b5ec21a2a36 abae589cee0a4341a3424b5ec21a2a36] 199.204.45.240 "GET /v2.0/ports?tenant_id=d8134e3f70c54c2a8f4adb2bf5e11002&device_id=c9d7d102-ec65-4abb-93af-97a50040825d HTTP/1.1" status: 200 len: 1413 time: 0.0608058
2026-07-22 23:18:04.702 10 INFO neutron.db.ovn_revision_numbers_db [None req-0f89ad43-5298-48d6-8a28-868b6013d739 731815ce213b4b328bc4526a8be4c3da 7c02c15da28440628067cc85609a1486 - - default default] Successfully bumped revision number for resource 47c3fa71-e541-4a1e-a49b-735e037b5951 (type: ports) to 1
2026-07-22 23:18:04.750 9 INFO neutron.wsgi [req-a9d2490b-8a32-40e8-ba3e-8f3e0198c8db req-cfd07fb2-b23b-4de9-b6d0-3a3be662c34f 38b7af1608ab41288e45d13e552b4b4c 9e638baa87ad423dac194c8e5e228763 - - abae589cee0a4341a3424b5ec21a2a36 abae589cee0a4341a3424b5ec21a2a36] 199.204.45.240 "GET /v2.0/networks?id=179d9b2d-f486-4c77-9e9a-0d555ba6696d HTTP/1.1" status: 200 len: 957 time: 0.0838518
2026-07-22 23:18:04.765 10 INFO neutron.db.segments_db [None req-0f89ad43-5298-48d6-8a28-868b6013d739 731815ce213b4b328bc4526a8be4c3da 7c02c15da28440628067cc85609a1486 - - default default] Added segment 22236348-91d5-4b67-932f-635669ddb26d of type geneve for network c739d024-3da6-4ea7-a6cb-fbd70effb94b
2026-07-22 23:18:04.826 9 INFO neutron.wsgi [req-a9d2490b-8a32-40e8-ba3e-8f3e0198c8db req-424719a8-d841-4681-9637-3660f14d0b6b 38b7af1608ab41288e45d13e552b4b4c 9e638baa87ad423dac194c8e5e228763 - - abae589cee0a4341a3424b5ec21a2a36 abae589cee0a4341a3424b5ec21a2a36] 199.204.45.240 "GET /v2.0/floatingips?fixed_ip_address=10.100.0.14&port_id=75134a4c-75b4-43f3-a450-8fb140f5547a HTTP/1.1" status: 200 len: 1060 time: 0.0587282
2026-07-22 23:18:04.863 9 INFO neutron.wsgi [req-20c13fce-910e-4817-8c7f-a641efa79f6a req-12c70cb1-a279-41c3-ab91-a93a22601235 ded1ad913d09455096ad1d7af1286183 3b29426218814660a282be2e0c96c1b3 - - default default] 10.0.0.167 "GET /v2.0/ports?device_id=4f30456f-3992-4dde-a3e3-8610a19950d8 HTTP/1.1" status: 200 len: 1386 time: 0.1824498
2026-07-22 23:18:04.870 9 INFO neutron.wsgi [req-a9d2490b-8a32-40e8-ba3e-8f3e0198c8db req-61a6ac48-b8ab-40a5-a071-de18d8699efd 38b7af1608ab41288e45d13e552b4b4c 9e638baa87ad423dac194c8e5e228763 - - abae589cee0a4341a3424b5ec21a2a36 abae589cee0a4341a3424b5ec21a2a36] 199.204.45.240 "GET /v2.0/subnets?id=a99c2699-64bc-48c7-a469-a012c9568875 HTTP/1.1" status: 200 len: 852 time: 0.0380571
2026-07-22 23:18:04.900 9 INFO neutron.wsgi [req-a9d2490b-8a32-40e8-ba3e-8f3e0198c8db req-975026c6-4179-448f-a4bc-10f9a692fc5d 38b7af1608ab41288e45d13e552b4b4c 9e638baa87ad423dac194c8e5e228763 - - abae589cee0a4341a3424b5ec21a2a36 abae589cee0a4341a3424b5ec21a2a36] 199.204.45.240 "GET /v2.0/ports?network_id=179d9b2d-f486-4c77-9e9a-0d555ba6696d&device_owner=network%3Adhcp HTTP/1.1" status: 200 len: 210 time: 0.0222912
2026-07-22 23:18:04.926 10 INFO neutron.db.ovn_revision_numbers_db [None req-0f89ad43-5298-48d6-8a28-868b6013d739 731815ce213b4b328bc4526a8be4c3da 7c02c15da28440628067cc85609a1486 - - default default] Successfully bumped revision number for resource c739d024-3da6-4ea7-a6cb-fbd70effb94b (type: networks) to 1
2026-07-22 23:18:04.951 9 INFO neutron.wsgi [req-20c13fce-910e-4817-8c7f-a641efa79f6a req-09b69cc1-e376-4704-b4ff-d71fcf9da5d2 ded1ad913d09455096ad1d7af1286183 3b29426218814660a282be2e0c96c1b3 - - default default] 10.0.0.167 "GET /v2.0/security-groups?id=9a17976b-98be-4dd5-b062-ba0f2a4644cf&fields=id&fields=name HTTP/1.1" status: 200 len: 311 time: 0.0793643
2026-07-22 23:18:04.982 9 INFO neutron.wsgi [req-a9d2490b-8a32-40e8-ba3e-8f3e0198c8db req-6a9a6db2-8878-40e2-8315-6e04a59d36e0 38b7af1608ab41288e45d13e552b4b4c 9e638baa87ad423dac194c8e5e228763 - - abae589cee0a4341a3424b5ec21a2a36 abae589cee0a4341a3424b5ec21a2a36] 199.204.45.240 "GET /v2.0/networks/179d9b2d-f486-4c77-9e9a-0d555ba6696d?fields=segments HTTP/1.1" status: 200 len: 212 time: 0.0760083
2026-07-22 23:18:05.054 9 INFO neutron.wsgi [req-a9d2490b-8a32-40e8-ba3e-8f3e0198c8db req-e12a5e3f-07a8-4f66-8383-55a6edc3e4ad 38b7af1608ab41288e45d13e552b4b4c 9e638baa87ad423dac194c8e5e228763 - - abae589cee0a4341a3424b5ec21a2a36 abae589cee0a4341a3424b5ec21a2a36] 199.204.45.240 "GET /v2.0/networks/179d9b2d-f486-4c77-9e9a-0d555ba6696d?fields=provider%3Aphysical_network&fields=provider%3Anetwork_type HTTP/1.1" status: 200 len: 277 time: 0.0655832
2026-07-22 23:18:05.145 10 WARNING neutron.scheduler.dhcp_agent_scheduler [None req-0f89ad43-5298-48d6-8a28-868b6013d739 731815ce213b4b328bc4526a8be4c3da 7c02c15da28440628067cc85609a1486 - - default default] No more DHCP agents
2026-07-22 23:18:05.148 10 WARNING neutron.api.rpc.agentnotifiers.dhcp_rpc_agent_api [None req-0f89ad43-5298-48d6-8a28-868b6013d739 731815ce213b4b328bc4526a8be4c3da 7c02c15da28440628067cc85609a1486 - - default default] Unable to schedule network c739d024-3da6-4ea7-a6cb-fbd70effb94b: no agents available; will retry on subsequent port and subnet creation events.
2026-07-22 23:18:05.172 9 INFO neutron.wsgi [req-254d2fc7-720a-49d6-ade0-4ddd6369d683 req-64bbd842-3219-4fe5-856d-5872bcb9e2b7 f2b2c5e32c4747d2b9d106dd9c2833e4 ebe47972494a4092b471fddf9364045a - - default default] 10.0.0.167 "GET /v2.0/ports?device_id=a345b83e-38fb-4f50-b012-673934a72190 HTTP/1.1" status: 200 len: 1172 time: 0.0449374
2026-07-22 23:18:05.243 9 INFO neutron.wsgi [req-254d2fc7-720a-49d6-ade0-4ddd6369d683 req-e9edab67-5fe6-4b35-a199-feac13c05ab0 f2b2c5e32c4747d2b9d106dd9c2833e4 ebe47972494a4092b471fddf9364045a - - default default] 10.0.0.167 "GET /v2.0/security-groups?id=ac253936-53cd-4a1d-b211-2bfcb2f936c4&fields=id&fields=name HTTP/1.1" status: 200 len: 286 time: 0.0651419
2026-07-22 23:18:05.265 10 INFO neutron.db.ovn_revision_numbers_db [None req-0f89ad43-5298-48d6-8a28-868b6013d739 731815ce213b4b328bc4526a8be4c3da 7c02c15da28440628067cc85609a1486 - - default default] Successfully bumped revision number for resource 3152da37-4d39-45f8-a5f1-23714f97cfc2 (type: ports) to 1
2026-07-22 23:18:05.451 10 WARNING neutron.scheduler.dhcp_agent_scheduler [None req-0f89ad43-5298-48d6-8a28-868b6013d739 731815ce213b4b328bc4526a8be4c3da 7c02c15da28440628067cc85609a1486 - - default default] No more DHCP agents
2026-07-22 23:18:05.454 10 WARNING neutron.api.rpc.agentnotifiers.dhcp_rpc_agent_api [None req-0f89ad43-5298-48d6-8a28-868b6013d739 731815ce213b4b328bc4526a8be4c3da 7c02c15da28440628067cc85609a1486 - - default default] Unable to schedule network c739d024-3da6-4ea7-a6cb-fbd70effb94b: no agents available; will retry on subsequent port and subnet creation events.
2026-07-22 23:18:05.511 10 INFO neutron.db.ovn_revision_numbers_db [None req-0f89ad43-5298-48d6-8a28-868b6013d739 731815ce213b4b328bc4526a8be4c3da 7c02c15da28440628067cc85609a1486 - - default default] Successfully bumped revision number for resource fb1a91f8-f8b9-41d9-8514-d515ac9c19fc (type: subnets) to 0
2026-07-22 23:18:05.980 10 WARNING neutron.scheduler.dhcp_agent_scheduler [None req-0f89ad43-5298-48d6-8a28-868b6013d739 731815ce213b4b328bc4526a8be4c3da 7c02c15da28440628067cc85609a1486 - - default default] No more DHCP agents
2026-07-22 23:18:05.983 10 WARNING neutron.api.rpc.agentnotifiers.dhcp_rpc_agent_api [None req-0f89ad43-5298-48d6-8a28-868b6013d739 731815ce213b4b328bc4526a8be4c3da 7c02c15da28440628067cc85609a1486 - - default default] Unable to schedule network c739d024-3da6-4ea7-a6cb-fbd70effb94b: no agents available; will retry on subsequent port and subnet creation events.
2026-07-22 23:18:06.140 10 INFO neutron.db.ovn_revision_numbers_db [None req-0f89ad43-5298-48d6-8a28-868b6013d739 731815ce213b4b328bc4526a8be4c3da 7c02c15da28440628067cc85609a1486 - - default default] Successfully bumped revision number for resource eaba23d0-cd45-465b-ac40-dd7a7dcc5479 (type: ports) to 1
2026-07-22 23:18:06.264 10 WARNING neutron.plugins.ml2.drivers.ovn.mech_driver.ovsdb.ovn_client [None req-a8bdee5e-8c9c-4de5-8966-45d7ee8c5aef - - - - - -] No hosting information found for port 100687bb-aa8d-44d6-bb80-d5dc427b5796: RuntimeError: No hosting information found for port 100687bb-aa8d-44d6-bb80-d5dc427b5796
2026-07-22 23:18:06.354 9 INFO neutron.wsgi [req-d546f501-1298-4ac6-8f92-0a15430041ac req-9655dce6-4968-4504-b36c-b35b4503641f f2b2c5e32c4747d2b9d106dd9c2833e4 ebe47972494a4092b471fddf9364045a - - default default] 10.0.0.167 "GET /v2.0/ports?device_id=a345b83e-38fb-4f50-b012-673934a72190 HTTP/1.1" status: 200 len: 1172 time: 0.0439084
2026-07-22 23:18:06.408 9 INFO neutron.wsgi [req-d546f501-1298-4ac6-8f92-0a15430041ac req-c77609e2-9573-4e8b-a447-02bf7d1d0415 f2b2c5e32c4747d2b9d106dd9c2833e4 ebe47972494a4092b471fddf9364045a - - default default] 10.0.0.167 "GET /v2.0/security-groups?id=ac253936-53cd-4a1d-b211-2bfcb2f936c4&fields=id&fields=name HTTP/1.1" status: 200 len: 286 time: 0.0479405
2026-07-22 23:18:06.646 9 WARNING neutron.plugins.ml2.drivers.ovn.mech_driver.ovsdb.ovn_client [None req-fe374d2f-ee0e-4dc5-9e9a-305e21e3287c - - - - - -] No hosting information found for port 647c04dc-4276-4806-966f-e297997867b0: RuntimeError: No hosting information found for port 647c04dc-4276-4806-966f-e297997867b0
2026-07-22 23:18:06.646 9 INFO neutron.plugins.ml2.drivers.ovn.mech_driver.mech_driver [None req-fe374d2f-ee0e-4dc5-9e9a-305e21e3287c - - - - - -] OVN reports status up for port: ffbf7bbe-32b8-41ad-9a04-7386beabbe5b
2026-07-22 23:18:06.659 9 INFO neutron.plugins.ml2.plugin [None req-fe374d2f-ee0e-4dc5-9e9a-305e21e3287c - - - - - -] Attempt 1 to provision port ffbf7bbe-32b8-41ad-9a04-7386beabbe5b
2026-07-22 23:18:06.713 10 ERROR ovsdbapp.backend.ovs_idl.command [None req-0f89ad43-5298-48d6-8a28-868b6013d739 731815ce213b4b328bc4526a8be4c3da 7c02c15da28440628067cc85609a1486 - - default default] Error executing command (DbGetCommand): ovsdbapp.backend.ovs_idl.idlutils.RowNotFound: Cannot find Logical_Router_Port with name=lrp-eaba23d0-cd45-465b-ac40-dd7a7dcc5479
2026-07-22 23:18:06.713 10 ERROR ovsdbapp.backend.ovs_idl.command
Traceback (most recent call last):
2026-07-22 23:18:06.713 10 ERROR ovsdbapp.backend.ovs_idl.command
File "/var/lib/openstack/lib/python3.10/site-packages/ovsdbapp/backend/ovs_idl/command.py", line 47, in execute
2026-07-22 23:18:06.713 10 ERROR ovsdbapp.backend.ovs_idl.command self.run_idl(None)
2026-07-22 23:18:06.713 10 ERROR ovsdbapp.backend.ovs_idl.command
File "/var/lib/openstack/lib/python3.10/site-packages/ovsdbapp/backend/ovs_idl/command.py", line 235, in run_idl
2026-07-22 23:18:06.713 10 ERROR ovsdbapp.backend.ovs_idl.command record = self.api.lookup(self.table, self.record)
2026-07-22 23:18:06.713 10 ERROR ovsdbapp.backend.ovs_idl.command
File "/var/lib/openstack/lib/python3.10/site-packages/ovsdbapp/backend/ovs_idl/__init__.py", line 184, in lookup
2026-07-22 23:18:06.713 10 ERROR ovsdbapp.backend.ovs_idl.command return self._lookup(table, record)
2026-07-22 23:18:06.713 10 ERROR ovsdbapp.backend.ovs_idl.command
File "/var/lib/openstack/lib/python3.10/site-packages/ovsdbapp/backend/ovs_idl/__init__.py", line 235, in _lookup
2026-07-22 23:18:06.713 10 ERROR ovsdbapp.backend.ovs_idl.command row = idlutils.row_by_value(self, rl.table, rl.column, record)
2026-07-22 23:18:06.713 10 ERROR ovsdbapp.backend.ovs_idl.command
File "/var/lib/openstack/lib/python3.10/site-packages/ovsdbapp/backend/ovs_idl/idlutils.py", line 114, in row_by_value
2026-07-22 23:18:06.713 10 ERROR ovsdbapp.backend.ovs_idl.command raise RowNotFound(table=table, col=column, match=match)
2026-07-22 23:18:06.713 10 ERROR ovsdbapp.backend.ovs_idl.command ovsdbapp.backend.ovs_idl.idlutils.RowNotFound: Cannot find Logical_Router_Port with name=lrp-eaba23d0-cd45-465b-ac40-dd7a7dcc5479
2026-07-22 23:18:06.713 10 ERROR ovsdbapp.backend.ovs_idl.command 
2026-07-22 23:18:06.715 10 ERROR neutron_lib.callbacks.manager [None req-0f89ad43-5298-48d6-8a28-868b6013d739 731815ce213b4b328bc4526a8be4c3da 7c02c15da28440628067cc85609a1486 - - default default] Error during notification for neutron.services.ovn_l3.plugin.OVNL3RouterPlugin._port_update-8726360469222 port, after_update: ovsdbapp.backend.ovs_idl.idlutils.RowNotFound: Cannot find Logical_Router_Port with name=lrp-eaba23d0-cd45-465b-ac40-dd7a7dcc5479
2026-07-22 23:18:06.715 10 ERROR neutron_lib.callbacks.manager
Traceback (most recent call last):
2026-07-22 23:18:06.715 10 ERROR neutron_lib.callbacks.manager
File "/var/lib/openstack/lib/python3.10/site-packages/neutron_lib/callbacks/manager.py", line 189, in _notify_loop
2026-07-22 23:18:06.715 10 ERROR neutron_lib.callbacks.manager callback.method(resource, event, trigger, payload=payload)
2026-07-22 23:18:06.715 10 ERROR neutron_lib.callbacks.manager
File "/var/lib/openstack/lib/python3.10/site-packages/neutron/services/ovn_l3/plugin.py", line 391, in _port_update
2026-07-22 23:18:06.715 10 ERROR neutron_lib.callbacks.manager l3plugin._ovn_client.update_router_port(context,
2026-07-22 23:18:06.715 10 ERROR neutron_lib.callbacks.manager
File "/var/lib/openstack/lib/python3.10/site-packages/neutron/plugins/ml2/drivers/ovn/mech_driver/ovsdb/ovn_client.py", line 1878, in update_router_port
2026-07-22 23:18:06.715 10 ERROR neutron_lib.callbacks.manager self._update_lrouter_port(context, port, if_exists=if_exists,
2026-07-22 23:18:06.715 10 ERROR neutron_lib.callbacks.manager
File "/var/lib/openstack/lib/python3.10/site-packages/neutron/plugins/ml2/drivers/ovn/mech_driver/ovsdb/ovn_client.py", line 1855, in _update_lrouter_port
2026-07-22 23:18:06.715 10 ERROR neutron_lib.callbacks.manager external_ids = self._nb_idl.db_get(
2026-07-22 23:18:06.715 10 ERROR neutron_lib.callbacks.manager
File "/var/lib/openstack/lib/python3.10/site-packages/ovsdbapp/backend/ovs_idl/command.py", line 47, in execute
2026-07-22 23:18:06.715 10 ERROR neutron_lib.callbacks.manager self.run_idl(None)
2026-07-22 23:18:06.715 10 ERROR neutron_lib.callbacks.manager
File "/var/lib/openstack/lib/python3.10/site-packages/ovsdbapp/backend/ovs_idl/command.py", line 235, in run_idl
2026-07-22 23:18:06.715 10 ERROR neutron_lib.callbacks.manager record = self.api.lookup(self.table, self.record)
2026-07-22 23:18:06.715 10 ERROR neutron_lib.callbacks.manager
File "/var/lib/openstack/lib/python3.10/site-packages/ovsdbapp/backend/ovs_idl/__init__.py", line 184, in lookup
2026-07-22 23:18:06.715 10 ERROR neutron_lib.callbacks.manager return self._lookup(table, record)
2026-07-22 23:18:06.715 10 ERROR neutron_lib.callbacks.manager
File "/var/lib/openstack/lib/python3.10/site-packages/ovsdbapp/backend/ovs_idl/__init__.py", line 235, in _lookup
2026-07-22 23:18:06.715 10 ERROR neutron_lib.callbacks.manager row = idlutils.row_by_value(self, rl.table, rl.column, record)
2026-07-22 23:18:06.715 10 ERROR neutron_lib.callbacks.manager
File "/var/lib/openstack/lib/python3.10/site-packages/ovsdbapp/backend/ovs_idl/idlutils.py", line 114, in row_by_value
2026-07-22 23:18:06.715 10 ERROR neutron_lib.callbacks.manager raise RowNotFound(table=table, col=column, match=match)
2026-07-22 23:18:06.715 10 ERROR neutron_lib.callbacks.manager ovsdbapp.backend.ovs_idl.idlutils.RowNotFound: Cannot find Logical_Router_Port with name=lrp-eaba23d0-cd45-465b-ac40-dd7a7dcc5479
2026-07-22 23:18:06.715 10 ERROR neutron_lib.callbacks.manager 
2026-07-22 23:18:06.793 9 INFO neutron.notifiers.nova [-] Nova event matching ['req-4b96e1fe-f16b-457e-86e0-125d427aff97'] response: {'server_uuid': 'a345b83e-38fb-4f50-b012-673934a72190', 'name': 'network-vif-plugged', 'status': 'completed', 'tag': 'ffbf7bbe-32b8-41ad-9a04-7386beabbe5b', 'code': 200}
2026-07-22 23:18:07.062 9 INFO neutron.db.ovn_revision_numbers_db [None req-fe374d2f-ee0e-4dc5-9e9a-305e21e3287c - - - - - -] Successfully bumped revision number for resource ffbf7bbe-32b8-41ad-9a04-7386beabbe5b (type: ports) to 4
2026-07-22 23:18:07.130 9 INFO neutron.plugins.ml2.drivers.ovn.mech_driver.mech_driver [None req-fe374d2f-ee0e-4dc5-9e9a-305e21e3287c - - - - - -] OVN reports status up for port: 8c241bd4-78a2-466e-b7ae-aab68c5be5a9
2026-07-22 23:18:07.141 9 INFO neutron.plugins.ml2.plugin [None req-fe374d2f-ee0e-4dc5-9e9a-305e21e3287c - - - - - -] Attempt 1 to provision port 8c241bd4-78a2-466e-b7ae-aab68c5be5a9
2026-07-22 23:18:07.253 10 INFO neutron.plugins.ml2.drivers.ovn.mech_driver.mech_driver [None req-a8bdee5e-8c9c-4de5-8966-45d7ee8c5aef - - - - - -] OVN reports status up for port: eaba23d0-cd45-465b-ac40-dd7a7dcc5479
2026-07-22 23:18:07.267 10 INFO neutron.plugins.ml2.plugin [None req-a8bdee5e-8c9c-4de5-8966-45d7ee8c5aef - - - - - -] Attempt 1 to provision port eaba23d0-cd45-465b-ac40-dd7a7dcc5479
2026-07-22 23:18:07.293 10 INFO neutron.db.ovn_revision_numbers_db [None req-0f89ad43-5298-48d6-8a28-868b6013d739 731815ce213b4b328bc4526a8be4c3da 7c02c15da28440628067cc85609a1486 - - default default] Successfully bumped revision number for resource eaba23d0-cd45-465b-ac40-dd7a7dcc5479 (type: ports) to 1
2026-07-22 23:18:07.402 10 WARNING neutron.scheduler.dhcp_agent_scheduler [None req-0f89ad43-5298-48d6-8a28-868b6013d739 731815ce213b4b328bc4526a8be4c3da 7c02c15da28440628067cc85609a1486 - - default default] No more DHCP agents
2026-07-22 23:18:07.407 10 WARNING neutron.api.rpc.agentnotifiers.dhcp_rpc_agent_api [None req-0f89ad43-5298-48d6-8a28-868b6013d739 731815ce213b4b328bc4526a8be4c3da 7c02c15da28440628067cc85609a1486 - - default default] Unable to schedule network c739d024-3da6-4ea7-a6cb-fbd70effb94b: no agents available; will retry on subsequent port and subnet creation events. /var/lib/openstack/lib/python3.10/site-packages/pycadf/identifier.py:71: UserWarning: Invalid uuid: neutron. To ensure interoperability, identifiers should be a valid uuid. warnings.warn(('Invalid uuid: %s. To ensure interoperability, '
2026-07-22 23:18:07.551 9 INFO neutron.wsgi [req-1c5ba29d-7439-411f-8d48-3fee76ae1a01 req-04232283-c0e1-4178-ae5f-4093b8608acb f2b2c5e32c4747d2b9d106dd9c2833e4 ebe47972494a4092b471fddf9364045a - - default default] 10.0.0.167 "GET /v2.0/ports?device_id=a345b83e-38fb-4f50-b012-673934a72190 HTTP/1.1" status: 200 len: 1174 time: 0.0595644
2026-07-22 23:18:07.617 9 INFO neutron.wsgi [req-1c5ba29d-7439-411f-8d48-3fee76ae1a01 req-66da89fa-5788-463e-a703-fa9cb03cce4d f2b2c5e32c4747d2b9d106dd9c2833e4 ebe47972494a4092b471fddf9364045a - - default default] 10.0.0.167 "GET /v2.0/security-groups?id=ac253936-53cd-4a1d-b211-2bfcb2f936c4&fields=id&fields=name HTTP/1.1" status: 200 len: 286 time: 0.0578418
