2026-07-22 23:16:19.236 9 INFO neutron.db.ovn_revision_numbers_db [None req-fe374d2f-ee0e-4dc5-9e9a-305e21e3287c - - - - - -] Successfully bumped revision number for resource b3789381-d363-4145-a951-d518c24fc294 (type: router_ports) to 2
2026-07-22 23:16:19.302 9 INFO neutron.wsgi [req-9e504fb3-f538-470b-b8b7-281d32fe0eef req-bce06a21-9a3b-4957-9e92-184a7a5f9810 df24ff90c00e48bbb61fe4d12e230f82 bc28743b4d7e407ea89d44772cfe7051 - - default default] 10.0.0.167 "GET /v2.0/security-groups?id=78788d9b-b3ce-48d2-a5bf-2f231bb6e839&fields=id&fields=name HTTP/1.1" status: 200 len: 311 time: 0.0774713 /var/lib/openstack/lib/python3.10/site-packages/pycadf/identifier.py:71: UserWarning: Invalid uuid: neutron. To ensure interoperability, identifiers should be a valid uuid. warnings.warn(('Invalid uuid: %s. To ensure interoperability, '
2026-07-22 23:16:19.346 9 INFO neutron.db.ovn_revision_numbers_db [None req-a4f88c7c-b215-4907-8d5c-410bcd37be84 ebbdda3948f148a492dd875a4ced6796 f2d0a8ebe7d244c18dc84a3e8f1419b4 - - default default] Successfully bumped revision number for resource 408c7d9d-1943-4941-9bf8-770ba20e0f08 (type: security_groups) to 1
2026-07-22 23:16:19.350 10 INFO neutron.wsgi [None req-d1afada2-bdad-4a7b-ba40-f562f4ad2068 d9151e1f389d486190ebb9ea2e2657be 56a3ead74a7a45d18ffce4a6a6f95c60 - - default default] 10.0.0.158 "GET /v2.0/ports/b3789381-d363-4145-a951-d518c24fc294 HTTP/1.1" status: 200 len: 1141 time: 0.0460677
2026-07-22 23:16:19.358 9 INFO neutron.db.ovn_revision_numbers_db [None req-a4f88c7c-b215-4907-8d5c-410bcd37be84 ebbdda3948f148a492dd875a4ced6796 f2d0a8ebe7d244c18dc84a3e8f1419b4 - - default default] Successfully bumped revision number for resource 888280fb-23e8-43ad-adb9-f53f7d260dbd (type: security_group_rules) to 0
2026-07-22 23:16:19.379 9 INFO neutron.db.ovn_revision_numbers_db [None req-a4f88c7c-b215-4907-8d5c-410bcd37be84 ebbdda3948f148a492dd875a4ced6796 f2d0a8ebe7d244c18dc84a3e8f1419b4 - - default default] Successfully bumped revision number for resource aa61b98b-ad73-4614-8000-6a00cbe4598e (type: security_group_rules) to 0
2026-07-22 23:16:19.405 9 INFO neutron.db.ovn_revision_numbers_db [None req-a4f88c7c-b215-4907-8d5c-410bcd37be84 ebbdda3948f148a492dd875a4ced6796 f2d0a8ebe7d244c18dc84a3e8f1419b4 - - default default] Successfully bumped revision number for resource dd29a56f-8a18-408e-a554-9962832e19db (type: security_group_rules) to 0
2026-07-22 23:16:19.423 9 INFO neutron.db.ovn_revision_numbers_db [None req-a4f88c7c-b215-4907-8d5c-410bcd37be84 ebbdda3948f148a492dd875a4ced6796 f2d0a8ebe7d244c18dc84a3e8f1419b4 - - default default] Successfully bumped revision number for resource e30113ff-33cb-42d6-bd4d-9a459509ac12 (type: security_group_rules) to 0
2026-07-22 23:16:19.445 9 INFO neutron.wsgi [None req-a4f88c7c-b215-4907-8d5c-410bcd37be84 ebbdda3948f148a492dd875a4ced6796 f2d0a8ebe7d244c18dc84a3e8f1419b4 - - default default] 10.0.0.158 "GET /v2.0/security-groups?tenant_id=ed5f4532cc544f8c981a00268c6ae247&name=default HTTP/1.1" status: 200 len: 3120 time: 0.4124155
2026-07-22 23:16:19.720 9 INFO neutron.wsgi [None req-c6bbc520-9291-4f90-9e16-6a2723dc7098 ebbdda3948f148a492dd875a4ced6796 f2d0a8ebe7d244c18dc84a3e8f1419b4 - - default default] 10.0.0.158 "GET /v2.0/security-groups?tenant_id=d6bffca48d5d489f83ad09a2e76702bb&name=default HTTP/1.1" status: 200 len: 3120 time: 0.2560227
2026-07-22 23:16:19.775 9 INFO neutron.wsgi [None req-cfb891d2-2728-42f7-8d8a-7e84853432e5 ebbdda3948f148a492dd875a4ced6796 f2d0a8ebe7d244c18dc84a3e8f1419b4 - - default default] 10.0.0.158 "DELETE /v2.0/security-groups/408c7d9d-1943-4941-9bf8-770ba20e0f08 HTTP/1.1" status: 204 len: 168 time: 0.3252149
2026-07-22 23:16:20.136 10 INFO neutron.wsgi [None req-77254ed4-75e3-4e06-95d1-e8616533bc1b ebbdda3948f148a492dd875a4ced6796 f2d0a8ebe7d244c18dc84a3e8f1419b4 - - default default] 10.0.0.158 "DELETE /v2.0/security-groups/f21d4efa-a43c-46d9-a02e-c82500b60319 HTTP/1.1" status: 204 len: 168 time: 0.4108601
2026-07-22 23:16:20.191 10 INFO neutron.wsgi [None req-c068fdf2-c12c-4e74-a9a0-6a5fb69f6a1c d9151e1f389d486190ebb9ea2e2657be 56a3ead74a7a45d18ffce4a6a6f95c60 - - default default] 10.0.0.158 "PUT /v2.0/routers/a5e80298-f805-4891-bf4b-ec1d8270842c/remove_router_interface HTTP/1.1" status: 200 len: 503 time: 0.8360069 /var/lib/openstack/lib/python3.10/site-packages/pycadf/identifier.py:71: UserWarning: Invalid uuid: neutron. To ensure interoperability, identifiers should be a valid uuid. warnings.warn(('Invalid uuid: %s. To ensure interoperability, '
2026-07-22 23:16:20.229 10 INFO neutron.wsgi [None req-17175768-11af-440e-8163-3be68dc178af d9151e1f389d486190ebb9ea2e2657be 56a3ead74a7a45d18ffce4a6a6f95c60 - - default default] 10.0.0.158 "GET /v2.0/ports?device_id=a5e80298-f805-4891-bf4b-ec1d8270842c HTTP/1.1" status: 200 len: 205 time: 0.0294816
2026-07-22 23:16:20.230 10 INFO neutron.notifiers.nova [-] Nova event matching ['req-92a0609d-6456-4d40-93c4-b1727eaeb029'] response: {'server_uuid': '76d1ac90-dece-474b-bd86-03d6a7623b90', 'name': 'network-vif-unplugged', 'status': 'completed', 'tag': 'f124cb61-93d4-465a-8823-dc0e08125adf', 'code': 200}
2026-07-22 23:16:20.231 10 INFO neutron.notifiers.nova [-] Nova event matching ['req-92a0609d-6456-4d40-93c4-b1727eaeb029'] response: {'server_uuid': '76d1ac90-dece-474b-bd86-03d6a7623b90', 'name': 'network-vif-plugged', 'status': 'completed', 'tag': 'f124cb61-93d4-465a-8823-dc0e08125adf', 'code': 200}
2026-07-22 23:16:20.231 10 INFO neutron.notifiers.nova [-] Nova event matching ['req-92a0609d-6456-4d40-93c4-b1727eaeb029'] response: {'server_uuid': '76d1ac90-dece-474b-bd86-03d6a7623b90', 'name': 'network-vif-plugged', 'status': 'completed', 'tag': 'f124cb61-93d4-465a-8823-dc0e08125adf', 'code': 200}
2026-07-22 23:16:20.511 10 INFO neutron.wsgi [None req-beefdc9b-1483-4a5d-8726-40bc3c7ef6c5 d9151e1f389d486190ebb9ea2e2657be 56a3ead74a7a45d18ffce4a6a6f95c60 - - default default] 10.0.0.158 "DELETE /v2.0/routers/a5e80298-f805-4891-bf4b-ec1d8270842c HTTP/1.1" status: 204 len: 168 time: 0.2768736
2026-07-22 23:16:20.718 10 INFO neutron.wsgi [None req-668e57da-5459-4f96-9611-d0d8227192f4 d9151e1f389d486190ebb9ea2e2657be 56a3ead74a7a45d18ffce4a6a6f95c60 - - default default] 10.0.0.158 "DELETE /v2.0/subnets/14461035-864d-42f9-b14b-e1466b208277 HTTP/1.1" status: 204 len: 168 time: 0.2003400
2026-07-22 23:16:21.123 10 INFO neutron.services.segments.plugin [-] Segment bf8fdab1-e279-4ec3-863e-0b0333c66f35 resource provider aggregate not found
2026-07-22 23:16:21.128 10 INFO neutron.services.segments.plugin [-] Segment bf8fdab1-e279-4ec3-863e-0b0333c66f35 resource provider aggregate not found
2026-07-22 23:16:21.148 10 INFO neutron.services.segments.plugin [-] Segment bf8fdab1-e279-4ec3-863e-0b0333c66f35 resource provider not found; error: Placement Client Error (4xx): {"errors": [{"status": 404, "title": "Not Found", "detail": "The resource could not be found.\n\n No resource provider with uuid bf8fdab1-e279-4ec3-863e-0b0333c66f35 found for delete ", "request_id": "req-34bd0996-b3de-4a9d-bc70-dbef811a4b00"}]}
2026-07-22 23:16:21.150 10 INFO neutron.services.segments.plugin [-] Segment bf8fdab1-e279-4ec3-863e-0b0333c66f35 resource provider not found; error: Placement Client Error (4xx): {"errors": [{"status": 404, "title": "Not Found", "detail": "The resource could not be found.\n\n No resource provider with uuid bf8fdab1-e279-4ec3-863e-0b0333c66f35 found for delete ", "request_id": "req-3b7d083f-430f-4473-a474-f9220fb99421"}]}
2026-07-22 23:16:21.162 10 INFO neutron.wsgi [None req-7b0cdc82-5109-47a2-b88a-c82ceae7628f d9151e1f389d486190ebb9ea2e2657be 56a3ead74a7a45d18ffce4a6a6f95c60 - - default default] 10.0.0.158 "DELETE /v2.0/networks/e5438c6d-8db0-4338-96f1-3c7744e1e05e HTTP/1.1" status: 204 len: 168 time: 0.4390256
2026-07-22 23:16:21.176 9 WARNING neutron_lib.context [None req-74b1ef56-e99d-4038-a62b-4311a4a2f59e d9151e1f389d486190ebb9ea2e2657be 56a3ead74a7a45d18ffce4a6a6f95c60 - - default default] Method 'is_advsvc' is deprecated since 2023.2 release (neutron-lib 3.8.0) and will be removed once support for the old RBAC API policies will be removed from Neutron. Please use method 'is_service_role' instead.
2026-07-22 23:16:21.723 9 WARNING neutron.scheduler.dhcp_agent_scheduler [None req-74b1ef56-e99d-4038-a62b-4311a4a2f59e d9151e1f389d486190ebb9ea2e2657be 56a3ead74a7a45d18ffce4a6a6f95c60 - - default default] No more DHCP agents
2026-07-22 23:16:21.726 9 WARNING neutron.api.rpc.agentnotifiers.dhcp_rpc_agent_api [None req-74b1ef56-e99d-4038-a62b-4311a4a2f59e d9151e1f389d486190ebb9ea2e2657be 56a3ead74a7a45d18ffce4a6a6f95c60 - - default default] Unable to schedule network bf4d9735-a477-438d-a56d-0935727297ff: no agents available; will retry on subsequent port and subnet creation events.
2026-07-22 23:16:21.887 9 INFO neutron.db.ovn_revision_numbers_db [None req-74b1ef56-e99d-4038-a62b-4311a4a2f59e d9151e1f389d486190ebb9ea2e2657be 56a3ead74a7a45d18ffce4a6a6f95c60 - - default default] Successfully bumped revision number for resource 7930ec72-3212-4ecb-a674-d5ea7e4bb948 (type: ports) to 1
2026-07-22 23:16:22.870 9 INFO neutron.plugins.ml2.drivers.ovn.mech_driver.ovsdb.commands [None req-10d1209e-ae13-45bf-b51d-213f10456a7b - - - - - -] Schedule LRP lrp-7930ec72-3212-4ecb-a674-d5ea7e4bb948 on gateway 29c9d2a8-b421-488d-8da2-2727d29b50d3 with priority 1
2026-07-22 23:16:22.891 10 INFO neutron.plugins.ml2.drivers.ovn.mech_driver.mech_driver [None req-a8bdee5e-8c9c-4de5-8966-45d7ee8c5aef - - - - - -] OVN reports status up for port: 7930ec72-3212-4ecb-a674-d5ea7e4bb948
2026-07-22 23:16:22.898 10 INFO neutron.plugins.ml2.plugin [None req-a8bdee5e-8c9c-4de5-8966-45d7ee8c5aef - - - - - -] Attempt 1 to provision port 7930ec72-3212-4ecb-a674-d5ea7e4bb948
2026-07-22 23:16:22.906 9 INFO neutron.db.ovn_revision_numbers_db [None req-74b1ef56-e99d-4038-a62b-4311a4a2f59e d9151e1f389d486190ebb9ea2e2657be 56a3ead74a7a45d18ffce4a6a6f95c60 - - default default] Successfully bumped revision number for resource 7930ec72-3212-4ecb-a674-d5ea7e4bb948 (type: router_ports) to 1
2026-07-22 23:16:22.969 9 INFO neutron.db.ovn_revision_numbers_db [None req-74b1ef56-e99d-4038-a62b-4311a4a2f59e d9151e1f389d486190ebb9ea2e2657be 56a3ead74a7a45d18ffce4a6a6f95c60 - - default default] Successfully bumped revision number for resource c99374cb-e118-4136-8f09-d32a706e60fb (type: routers) to 2
2026-07-22 23:16:22.988 9 INFO neutron.wsgi [None req-74b1ef56-e99d-4038-a62b-4311a4a2f59e d9151e1f389d486190ebb9ea2e2657be 56a3ead74a7a45d18ffce4a6a6f95c60 - - default default] 10.0.0.158 "POST /v2.0/routers HTTP/1.1" status: 201 len: 1151 time: 1.8209100
2026-07-22 23:16:23.067 9 INFO neutron.wsgi [None req-17103071-3733-45d0-ac72-992bd9d350b1 d9151e1f389d486190ebb9ea2e2657be 56a3ead74a7a45d18ffce4a6a6f95c60 - - default default] 10.0.0.158 "GET /v2.0/routers/c99374cb-e118-4136-8f09-d32a706e60fb HTTP/1.1" status: 200 len: 1152 time: 0.0741751
2026-07-22 23:16:23.189 9 INFO neutron.wsgi [None req-0245d56a-9000-4e20-aced-41a490db74ab d9151e1f389d486190ebb9ea2e2657be 56a3ead74a7a45d18ffce4a6a6f95c60 - - default default] 10.0.0.158 "GET /v2.0/routers HTTP/1.1" status: 200 len: 1155 time: 0.1172380
2026-07-22 23:16:23.729 9 INFO neutron.db.ovn_revision_numbers_db [None req-10902bdb-0940-48f5-96b0-ab93e1d42b2d d9151e1f389d486190ebb9ea2e2657be 56a3ead74a7a45d18ffce4a6a6f95c60 - - default default] Successfully bumped revision number for resource c99374cb-e118-4136-8f09-d32a706e60fb (type: routers) to 3
2026-07-22 23:16:23.736 9 INFO neutron.wsgi [None req-10902bdb-0940-48f5-96b0-ab93e1d42b2d d9151e1f389d486190ebb9ea2e2657be 56a3ead74a7a45d18ffce4a6a6f95c60 - - default default] 10.0.0.158 "PUT /v2.0/routers/c99374cb-e118-4136-8f09-d32a706e60fb HTTP/1.1" status: 200 len: 1159 time: 0.5400593
2026-07-22 23:16:23.831 9 INFO neutron.wsgi [None req-4c5ea0d5-73a9-49e9-ba6d-4a39b5914444 d9151e1f389d486190ebb9ea2e2657be 56a3ead74a7a45d18ffce4a6a6f95c60 - - default default] 10.0.0.158 "GET /v2.0/routers/c99374cb-e118-4136-8f09-d32a706e60fb HTTP/1.1" status: 200 len: 1159 time: 0.0881996
2026-07-22 23:16:23.850 9 INFO neutron.wsgi [None req-aa88c9d0-156d-42b4-854d-306a9b532ff5 d9151e1f389d486190ebb9ea2e2657be 56a3ead74a7a45d18ffce4a6a6f95c60 - - default default] 10.0.0.158 "GET /v2.0/ports?device_id=c99374cb-e118-4136-8f09-d32a706e60fb HTTP/1.1" status: 200 len: 205 time: 0.0161772
2026-07-22 23:16:24.397 9 WARNING neutron.plugins.ml2.drivers.ovn.mech_driver.ovsdb.ovn_client [None req-fe374d2f-ee0e-4dc5-9e9a-305e21e3287c - - - - - -] No port found with ID b3789381-d363-4145-a951-d518c24fc294: RuntimeError: No port found with ID b3789381-d363-4145-a951-d518c24fc294
2026-07-22 23:16:24.825 10 INFO neutron.db.ovn_revision_numbers_db [None req-db0366f8-6db9-4742-80f8-eb2388ba340b ebbdda3948f148a492dd875a4ced6796 f2d0a8ebe7d244c18dc84a3e8f1419b4 - - default default] Successfully bumped revision number for resource a4976185-4b53-4d0a-8072-19a4130c140f (type: security_groups) to 1
2026-07-22 23:16:24.842 10 INFO neutron.db.ovn_revision_numbers_db [None req-db0366f8-6db9-4742-80f8-eb2388ba340b ebbdda3948f148a492dd875a4ced6796 f2d0a8ebe7d244c18dc84a3e8f1419b4 - - default default] Successfully bumped revision number for resource 25e6089d-c139-44b3-bd8a-a7736fb675d5 (type: security_group_rules) to 0
2026-07-22 23:16:24.856 10 INFO neutron.db.ovn_revision_numbers_db [None req-db0366f8-6db9-4742-80f8-eb2388ba340b ebbdda3948f148a492dd875a4ced6796 f2d0a8ebe7d244c18dc84a3e8f1419b4 - - default default] Successfully bumped revision number for resource 5f7469bc-2dc9-4682-8adf-b3e95bd91f2e (type: security_group_rules) to 0
2026-07-22 23:16:24.872 10 INFO neutron.db.ovn_revision_numbers_db [None req-db0366f8-6db9-4742-80f8-eb2388ba340b ebbdda3948f148a492dd875a4ced6796 f2d0a8ebe7d244c18dc84a3e8f1419b4 - - default default] Successfully bumped revision number for resource 76ef299f-6c40-4ea8-8e38-0af87d5b0409 (type: security_group_rules) to 0
2026-07-22 23:16:24.892 10 INFO neutron.db.ovn_revision_numbers_db [None req-db0366f8-6db9-4742-80f8-eb2388ba340b ebbdda3948f148a492dd875a4ced6796 f2d0a8ebe7d244c18dc84a3e8f1419b4 - - default default] Successfully bumped revision number for resource c41d8dbd-71c1-4e8c-8040-6854bbf28c75 (type: security_group_rules) to 0
2026-07-22 23:16:24.914 10 INFO neutron.wsgi [None req-db0366f8-6db9-4742-80f8-eb2388ba340b ebbdda3948f148a492dd875a4ced6796 f2d0a8ebe7d244c18dc84a3e8f1419b4 - - default default] 10.0.0.158 "GET /v2.0/security-groups?tenant_id=907c77945c69449f8f35bd613d232100&name=default HTTP/1.1" status: 200 len: 3120 time: 0.4030783
2026-07-22 23:16:24.974 9 INFO neutron.wsgi [None req-beab2f7b-8c84-4b0a-aee6-1f5abdfbe9ab d9151e1f389d486190ebb9ea2e2657be 56a3ead74a7a45d18ffce4a6a6f95c60 - - default default] 10.0.0.158 "DELETE /v2.0/routers/c99374cb-e118-4136-8f09-d32a706e60fb HTTP/1.1" status: 204 len: 168 time: 1.1204736
2026-07-22 23:16:25.007 10 INFO neutron.wsgi [None req-704cd64b-1864-4447-bcfe-82f9b036be3b d9151e1f389d486190ebb9ea2e2657be 56a3ead74a7a45d18ffce4a6a6f95c60 - - default default] 10.0.0.158 "GET /v2.0/ports?device_id=c99374cb-e118-4136-8f09-d32a706e60fb HTTP/1.1" status: 200 len: 205 time: 0.0241549
2026-07-22 23:16:25.038 10 INFO neutron.api.v2.resource [None req-fa70fc62-a65e-4221-8a8f-54e5e741ee9b d9151e1f389d486190ebb9ea2e2657be 56a3ead74a7a45d18ffce4a6a6f95c60 - - default default] delete failed (client error): The resource could not be found.
2026-07-22 23:16:25.039 10 INFO neutron.wsgi [None req-fa70fc62-a65e-4221-8a8f-54e5e741ee9b d9151e1f389d486190ebb9ea2e2657be 56a3ead74a7a45d18ffce4a6a6f95c60 - - default default] 10.0.0.158 "DELETE /v2.0/routers/c99374cb-e118-4136-8f09-d32a706e60fb HTTP/1.1" status: 404 len: 336 time: 0.0276031
2026-07-22 23:16:25.062 9 INFO neutron.wsgi [None req-69a8996f-d610-4d04-ba1f-f1e25bf1f7a9 d9151e1f389d486190ebb9ea2e2657be 56a3ead74a7a45d18ffce4a6a6f95c60 - - default default] 10.0.0.158 "GET /v2.0/ports?device_id=a5e80298-f805-4891-bf4b-ec1d8270842c HTTP/1.1" status: 200 len: 205 time: 0.0182970
2026-07-22 23:16:25.091 9 INFO neutron.api.v2.resource [None req-2e099e59-597b-4e09-bf68-21e8690f10a9 d9151e1f389d486190ebb9ea2e2657be 56a3ead74a7a45d18ffce4a6a6f95c60 - - default default] delete failed (client error): The resource could not be found.
2026-07-22 23:16:25.092 9 INFO neutron.wsgi [None req-2e099e59-597b-4e09-bf68-21e8690f10a9 d9151e1f389d486190ebb9ea2e2657be 56a3ead74a7a45d18ffce4a6a6f95c60 - - default default] 10.0.0.158 "DELETE /v2.0/routers/a5e80298-f805-4891-bf4b-ec1d8270842c HTTP/1.1" status: 404 len: 336 time: 0.0252624
2026-07-22 23:16:25.111 9 INFO neutron.pecan_wsgi.hooks.translation [None req-98944b08-d9f5-4fa8-ab34-4511a3bc04a5 d9151e1f389d486190ebb9ea2e2657be 56a3ead74a7a45d18ffce4a6a6f95c60 - - default default] DELETE failed (client error): The resource could not be found.
2026-07-22 23:16:25.114 9 INFO neutron.wsgi [None req-98944b08-d9f5-4fa8-ab34-4511a3bc04a5 d9151e1f389d486190ebb9ea2e2657be 56a3ead74a7a45d18ffce4a6a6f95c60 - - default default] 10.0.0.158 "DELETE /v2.0/subnets/14461035-864d-42f9-b14b-e1466b208277 HTTP/1.1" status: 404 len: 337 time: 0.0177157
2026-07-22 23:16:25.141 10 INFO neutron.wsgi [None req-2a94e2ac-79ca-4b7a-834d-92012c2260cf d9151e1f389d486190ebb9ea2e2657be 56a3ead74a7a45d18ffce4a6a6f95c60 - - default default] 10.0.0.158 "GET /v2.0/ports?device_id=a714e743-e405-45b7-8cc5-976981706e3b HTTP/1.1" status: 200 len: 205 time: 0.0211298
2026-07-22 23:16:25.169 9 INFO neutron.api.v2.resource [None req-26344334-2a25-4447-bfea-8e4f9c670d4a d9151e1f389d486190ebb9ea2e2657be 56a3ead74a7a45d18ffce4a6a6f95c60 - - default default] delete failed (client error): The resource could not be found.
2026-07-22 23:16:25.170 9 INFO neutron.wsgi [None req-26344334-2a25-4447-bfea-8e4f9c670d4a d9151e1f389d486190ebb9ea2e2657be 56a3ead74a7a45d18ffce4a6a6f95c60 - - default default] 10.0.0.158 "DELETE /v2.0/routers/a714e743-e405-45b7-8cc5-976981706e3b HTTP/1.1" status: 404 len: 336 time: 0.0252190
2026-07-22 23:16:25.193 9 INFO neutron.pecan_wsgi.hooks.translation [None req-07c8a5ee-0fed-4fce-ba36-5c2a76ee024c d9151e1f389d486190ebb9ea2e2657be 56a3ead74a7a45d18ffce4a6a6f95c60 - - default default] DELETE failed (client error): The resource could not be found.
2026-07-22 23:16:25.195 9 INFO neutron.wsgi [None req-07c8a5ee-0fed-4fce-ba36-5c2a76ee024c d9151e1f389d486190ebb9ea2e2657be 56a3ead74a7a45d18ffce4a6a6f95c60 - - default default] 10.0.0.158 "DELETE /v2.0/subnets/bcf2a315-20f2-4cc8-bb00-a78ebb5e2bf0 HTTP/1.1" status: 404 len: 337 time: 0.0185137
2026-07-22 23:16:25.201 9 INFO neutron.wsgi [None req-239b9dee-b05d-4ac6-bbdd-19a9c8035fc5 ebbdda3948f148a492dd875a4ced6796 f2d0a8ebe7d244c18dc84a3e8f1419b4 - - default default] 10.0.0.158 "DELETE /v2.0/security-groups/a4976185-4b53-4d0a-8072-19a4130c140f HTTP/1.1" status: 204 len: 168 time: 0.2805600
2026-07-22 23:16:25.233 9 INFO neutron.wsgi [None req-f9feb331-4c44-4bf3-82aa-b164b7b52648 d9151e1f389d486190ebb9ea2e2657be 56a3ead74a7a45d18ffce4a6a6f95c60 - - default default] 10.0.0.158 "GET /v2.0/ports?device_id=a8155303-107b-40e6-8e64-02e0b04902b7 HTTP/1.1" status: 200 len: 205 time: 0.0312009
2026-07-22 23:16:25.270 9 INFO neutron.api.v2.resource [None req-31660970-4c18-4076-82b4-dd3387cd056b d9151e1f389d486190ebb9ea2e2657be 56a3ead74a7a45d18ffce4a6a6f95c60 - - default default] delete failed (client error): The resource could not be found.
2026-07-22 23:16:25.272 9 INFO neutron.wsgi [None req-31660970-4c18-4076-82b4-dd3387cd056b d9151e1f389d486190ebb9ea2e2657be 56a3ead74a7a45d18ffce4a6a6f95c60 - - default default] 10.0.0.158 "DELETE /v2.0/routers/a8155303-107b-40e6-8e64-02e0b04902b7 HTTP/1.1" status: 404 len: 336 time: 0.0334461
2026-07-22 23:16:25.297 9 INFO neutron.pecan_wsgi.hooks.translation [None req-460eb6a6-7dad-413e-86ec-eb3c6e2d6dd6 d9151e1f389d486190ebb9ea2e2657be 56a3ead74a7a45d18ffce4a6a6f95c60 - - default default] DELETE failed (client error): The resource could not be found.
2026-07-22 23:16:25.300 9 INFO neutron.wsgi [None req-460eb6a6-7dad-413e-86ec-eb3c6e2d6dd6 d9151e1f389d486190ebb9ea2e2657be 56a3ead74a7a45d18ffce4a6a6f95c60 - - default default] 10.0.0.158 "DELETE /v2.0/subnets/d3b37da7-ac69-45ac-9006-2892001ebce9 HTTP/1.1" status: 404 len: 337 time: 0.0241902
2026-07-22 23:16:25.331 9 INFO neutron.pecan_wsgi.hooks.translation [None req-96e72f86-de43-43a4-8ad0-56409a768ee7 d9151e1f389d486190ebb9ea2e2657be 56a3ead74a7a45d18ffce4a6a6f95c60 - - default default] DELETE failed (client error): The resource could not be found.
2026-07-22 23:16:25.335 9 INFO neutron.wsgi [None req-96e72f86-de43-43a4-8ad0-56409a768ee7 d9151e1f389d486190ebb9ea2e2657be 56a3ead74a7a45d18ffce4a6a6f95c60 - - default default] 10.0.0.158 "DELETE /v2.0/subnets/1fd4269d-edea-41c3-a982-a362345996be HTTP/1.1" status: 404 len: 337 time: 0.0276942
2026-07-22 23:16:25.454 10 INFO neutron.db.ovn_revision_numbers_db [None req-2266f895-2464-45c7-9cab-eec3d9cf2c86 ebbdda3948f148a492dd875a4ced6796 f2d0a8ebe7d244c18dc84a3e8f1419b4 - - default default] Successfully bumped revision number for resource 5ea07a3f-7cf5-44f2-aebc-f5650b648572 (type: security_groups) to 1
2026-07-22 23:16:25.468 10 INFO neutron.db.ovn_revision_numbers_db [None req-2266f895-2464-45c7-9cab-eec3d9cf2c86 ebbdda3948f148a492dd875a4ced6796 f2d0a8ebe7d244c18dc84a3e8f1419b4 - - default default] Successfully bumped revision number for resource 1ed90c83-6bfb-4640-96f8-912af57a97bc (type: security_group_rules) to 0
2026-07-22 23:16:25.484 10 INFO neutron.db.ovn_revision_numbers_db [None req-2266f895-2464-45c7-9cab-eec3d9cf2c86 ebbdda3948f148a492dd875a4ced6796 f2d0a8ebe7d244c18dc84a3e8f1419b4 - - default default] Successfully bumped revision number for resource 1f36a0fa-9086-40bf-ae86-1d4f7f2d2a52 (type: security_group_rules) to 0
2026-07-22 23:16:25.501 10 INFO neutron.db.ovn_revision_numbers_db [None req-2266f895-2464-45c7-9cab-eec3d9cf2c86 ebbdda3948f148a492dd875a4ced6796 f2d0a8ebe7d244c18dc84a3e8f1419b4 - - default default] Successfully bumped revision number for resource 4ebbf25e-1d66-4db5-a9cd-b42000554b13 (type: security_group_rules) to 0
2026-07-22 23:16:25.513 10 INFO neutron.db.ovn_revision_numbers_db [None req-2266f895-2464-45c7-9cab-eec3d9cf2c86 ebbdda3948f148a492dd875a4ced6796 f2d0a8ebe7d244c18dc84a3e8f1419b4 - - default default] Successfully bumped revision number for resource 50a2a8c1-9472-44ce-b579-7424295dd825 (type: security_group_rules) to 0
2026-07-22 23:16:25.533 10 INFO neutron.wsgi [None req-2266f895-2464-45c7-9cab-eec3d9cf2c86 ebbdda3948f148a492dd875a4ced6796 f2d0a8ebe7d244c18dc84a3e8f1419b4 - - default default] 10.0.0.158 "GET /v2.0/security-groups?tenant_id=7de31a3bd1ea4950a62287a31199b017&name=default HTTP/1.1" status: 200 len: 3120 time: 0.2059822
2026-07-22 23:16:25.744 9 INFO neutron.wsgi [None req-8f14faa6-867e-4fa6-bfdc-c647fc908446 ebbdda3948f148a492dd875a4ced6796 f2d0a8ebe7d244c18dc84a3e8f1419b4 - - default default] 10.0.0.158 "DELETE /v2.0/security-groups/5ea07a3f-7cf5-44f2-aebc-f5650b648572 HTTP/1.1" status: 204 len: 168 time: 0.2052612
2026-07-22 23:16:26.057 9 INFO neutron.wsgi [None req-044a5b8c-e746-4fca-b6d6-981b4108e9b4 ebbdda3948f148a492dd875a4ced6796 f2d0a8ebe7d244c18dc84a3e8f1419b4 - - default default] 10.0.0.158 "GET /v2.0/security-groups?tenant_id=56a3ead74a7a45d18ffce4a6a6f95c60&name=default HTTP/1.1" status: 200 len: 3120 time: 0.1915376
2026-07-22 23:16:26.285 9 INFO neutron.wsgi [None req-1d318865-175e-4d8c-9507-81054f7d6ba5 ebbdda3948f148a492dd875a4ced6796 f2d0a8ebe7d244c18dc84a3e8f1419b4 - - default default] 10.0.0.158 "DELETE /v2.0/security-groups/1b845035-b3a1-4fcf-875f-1585b38e4066 HTTP/1.1" status: 204 len: 168 time: 0.2224767
2026-07-22 23:16:26.638 10 INFO neutron.wsgi [req-2fd6b5fc-f690-4185-9542-9e21d751fc3a req-373810d4-eebd-409c-9f92-62bf916386a1 38b7af1608ab41288e45d13e552b4b4c 9e638baa87ad423dac194c8e5e228763 - - abae589cee0a4341a3424b5ec21a2a36 abae589cee0a4341a3424b5ec21a2a36] 199.204.45.240 "GET /v2.0/ports?device_id=76d1ac90-dece-474b-bd86-03d6a7623b90&fields=binding%3Ahost_id&fields=binding%3Avif_type HTTP/1.1" status: 200 len: 265 time: 0.0598235
2026-07-22 23:16:26.750 10 INFO neutron.wsgi [req-2fd6b5fc-f690-4185-9542-9e21d751fc3a req-5fffa324-533c-4617-af62-dc835e629b16 38b7af1608ab41288e45d13e552b4b4c 9e638baa87ad423dac194c8e5e228763 - - abae589cee0a4341a3424b5ec21a2a36 abae589cee0a4341a3424b5ec21a2a36] 199.204.45.240 "GET /v2.0/ports?tenant_id=bc28743b4d7e407ea89d44772cfe7051&device_id=76d1ac90-dece-474b-bd86-03d6a7623b90 HTTP/1.1" status: 200 len: 1413 time: 0.0486853
2026-07-22 23:16:26.864 10 INFO neutron.wsgi [req-2fd6b5fc-f690-4185-9542-9e21d751fc3a req-21f21936-e83c-485b-a7b5-7127f7af9f83 38b7af1608ab41288e45d13e552b4b4c 9e638baa87ad423dac194c8e5e228763 - - abae589cee0a4341a3424b5ec21a2a36 abae589cee0a4341a3424b5ec21a2a36] 199.204.45.240 "GET /v2.0/networks?id=549d0643-681a-4821-8e65-225a819feb10 HTTP/1.1" status: 200 len: 973 time: 0.0910096
2026-07-22 23:16:26.927 10 INFO neutron.wsgi [req-2fd6b5fc-f690-4185-9542-9e21d751fc3a req-e808d411-af67-40b9-8607-ce32e98f5de0 38b7af1608ab41288e45d13e552b4b4c 9e638baa87ad423dac194c8e5e228763 - - abae589cee0a4341a3424b5ec21a2a36 abae589cee0a4341a3424b5ec21a2a36] 199.204.45.240 "GET /v2.0/floatingips?fixed_ip_address=10.100.0.14&port_id=f124cb61-93d4-465a-8823-dc0e08125adf HTTP/1.1" status: 200 len: 1060 time: 0.0545051
2026-07-22 23:16:26.966 10 INFO neutron.wsgi [req-2fd6b5fc-f690-4185-9542-9e21d751fc3a req-0211d58d-2a07-46c9-93c9-83a87daca7f5 38b7af1608ab41288e45d13e552b4b4c 9e638baa87ad423dac194c8e5e228763 - - abae589cee0a4341a3424b5ec21a2a36 abae589cee0a4341a3424b5ec21a2a36] 199.204.45.240 "GET /v2.0/subnets?id=0288bcb7-7e37-4da2-8424-9a7512852ef6 HTTP/1.1" status: 200 len: 868 time: 0.0331917
2026-07-22 23:16:27.011 10 INFO neutron.wsgi [req-2fd6b5fc-f690-4185-9542-9e21d751fc3a req-8ca43c17-b671-4925-9a63-2151ae1c8a48 38b7af1608ab41288e45d13e552b4b4c 9e638baa87ad423dac194c8e5e228763 - - abae589cee0a4341a3424b5ec21a2a36 abae589cee0a4341a3424b5ec21a2a36] 199.204.45.240 "GET /v2.0/ports?network_id=549d0643-681a-4821-8e65-225a819feb10&device_owner=network%3Adhcp HTTP/1.1" status: 200 len: 210 time: 0.0365815
2026-07-22 23:16:27.079 10 INFO neutron.wsgi [req-2fd6b5fc-f690-4185-9542-9e21d751fc3a req-1ca82912-0e96-40e4-860a-12f6014d166c 38b7af1608ab41288e45d13e552b4b4c 9e638baa87ad423dac194c8e5e228763 - - abae589cee0a4341a3424b5ec21a2a36 abae589cee0a4341a3424b5ec21a2a36] 199.204.45.240 "GET /v2.0/networks/549d0643-681a-4821-8e65-225a819feb10?fields=segments HTTP/1.1" status: 200 len: 212 time: 0.0575502
2026-07-22 23:16:27.156 10 INFO neutron.wsgi [req-2fd6b5fc-f690-4185-9542-9e21d751fc3a req-8d8d4b28-6f8f-4df2-8d35-a8d4c7a6dedb 38b7af1608ab41288e45d13e552b4b4c 9e638baa87ad423dac194c8e5e228763 - - abae589cee0a4341a3424b5ec21a2a36 abae589cee0a4341a3424b5ec21a2a36] 199.204.45.240 "GET /v2.0/networks/549d0643-681a-4821-8e65-225a819feb10?fields=provider%3Aphysical_network&fields=provider%3Anetwork_type HTTP/1.1" status: 200 len: 277 time: 0.0705316
2026-07-22 23:16:28.377 9 WARNING neutron_lib.context [None req-a6e5f9a8-f436-45e5-850f-69c08dc56484 879b1352dc8e4fcd9c510ed9214f88c9 de9f967e1bc94559aee71b7de888761e - - default default] Method 'is_advsvc' is deprecated since 2023.2 release (neutron-lib 3.8.0) and will be removed once support for the old RBAC API policies will be removed from Neutron. Please use method 'is_service_role' instead.
2026-07-22 23:16:28.431 9 INFO neutron.wsgi [None req-a6e5f9a8-f436-45e5-850f-69c08dc56484 879b1352dc8e4fcd9c510ed9214f88c9 de9f967e1bc94559aee71b7de888761e - - default default] 10.0.0.158 "POST /v2.0/subnetpools HTTP/1.1" status: 201 len: 748 time: 0.2700315
2026-07-22 23:16:28.465 9 INFO neutron.wsgi [None req-49b4eb6d-638b-493e-afc4-53d1ced52521 879b1352dc8e4fcd9c510ed9214f88c9 de9f967e1bc94559aee71b7de888761e - - default default] 10.0.0.158 "GET /v2.0/subnetpools/43764ef3-71a3-4e00-b686-912d42d1455f HTTP/1.1" status: 200 len: 743 time: 0.0281284
2026-07-22 23:16:28.542 9 INFO neutron.wsgi [None req-2680c2cd-0904-459b-bf5c-018498cd7c8a 879b1352dc8e4fcd9c510ed9214f88c9 de9f967e1bc94559aee71b7de888761e - - default default] 10.0.0.158 "PUT /v2.0/subnetpools/43764ef3-71a3-4e00-b686-912d42d1455f HTTP/1.1" status: 200 len: 695 time: 0.0720274
2026-07-22 23:16:28.568 10 WARNING neutron.plugins.ml2.drivers.ovn.mech_driver.ovsdb.ovn_client [None req-a8bdee5e-8c9c-4de5-8966-45d7ee8c5aef - - - - - -] No port found with ID 7930ec72-3212-4ecb-a674-d5ea7e4bb948: RuntimeError: No port found with ID 7930ec72-3212-4ecb-a674-d5ea7e4bb948
2026-07-22 23:16:28.610 9 INFO neutron.wsgi [None req-fdf96c5e-3a72-48ad-8fe3-5da0f64ae9f7 879b1352dc8e4fcd9c510ed9214f88c9 de9f967e1bc94559aee71b7de888761e - - default default] 10.0.0.158 "DELETE /v2.0/subnetpools/43764ef3-71a3-4e00-b686-912d42d1455f HTTP/1.1" status: 204 len: 168 time: 0.0628331
2026-07-22 23:16:28.625 9 INFO neutron.api.v2.resource [None req-a1a34623-819d-495b-8a1d-314ba78798a5 879b1352dc8e4fcd9c510ed9214f88c9 de9f967e1bc94559aee71b7de888761e - - default default] show failed (client error): The resource could not be found.
2026-07-22 23:16:28.626 9 INFO neutron.wsgi [None req-a1a34623-819d-495b-8a1d-314ba78798a5 879b1352dc8e4fcd9c510ed9214f88c9 de9f967e1bc94559aee71b7de888761e - - default default] 10.0.0.158 "GET /v2.0/subnetpools/43764ef3-71a3-4e00-b686-912d42d1455f HTTP/1.1" status: 404 len: 346 time: 0.0110221
2026-07-22 23:16:28.642 9 INFO neutron.api.v2.resource [None req-bc46854a-79c5-4925-b4f6-dcff2cc48d58 879b1352dc8e4fcd9c510ed9214f88c9 de9f967e1bc94559aee71b7de888761e - - default default] delete failed (client error): The resource could not be found.
2026-07-22 23:16:28.643 9 INFO neutron.wsgi [None req-bc46854a-79c5-4925-b4f6-dcff2cc48d58 879b1352dc8e4fcd9c510ed9214f88c9 de9f967e1bc94559aee71b7de888761e - - default default] 10.0.0.158 "DELETE /v2.0/subnetpools/43764ef3-71a3-4e00-b686-912d42d1455f HTTP/1.1" status: 404 len: 346 time: 0.0129182
2026-07-22 23:16:29.456 10 INFO neutron.db.ovn_revision_numbers_db [None req-5b4ded1e-b686-4b7f-9f3f-dd8674c134fa ebbdda3948f148a492dd875a4ced6796 f2d0a8ebe7d244c18dc84a3e8f1419b4 - - default default] Successfully bumped revision number for resource 73f0b1e5-2215-4692-83fe-0434aa879a4c (type: security_groups) to 1
2026-07-22 23:16:29.472 10 INFO neutron.db.ovn_revision_numbers_db [None req-5b4ded1e-b686-4b7f-9f3f-dd8674c134fa ebbdda3948f148a492dd875a4ced6796 f2d0a8ebe7d244c18dc84a3e8f1419b4 - - default default] Successfully bumped revision number for resource 1c835ca9-5641-47e7-ab85-51cef06c517f (type: security_group_rules) to 0
2026-07-22 23:16:29.490 10 INFO neutron.db.ovn_revision_numbers_db [None req-5b4ded1e-b686-4b7f-9f3f-dd8674c134fa ebbdda3948f148a492dd875a4ced6796 f2d0a8ebe7d244c18dc84a3e8f1419b4 - - default default] Successfully bumped revision number for resource aab1a42a-23ec-4c2a-9491-95ebdf194666 (type: security_group_rules) to 0
2026-07-22 23:16:29.511 10 INFO neutron.db.ovn_revision_numbers_db [None req-5b4ded1e-b686-4b7f-9f3f-dd8674c134fa ebbdda3948f148a492dd875a4ced6796 f2d0a8ebe7d244c18dc84a3e8f1419b4 - - default default] Successfully bumped revision number for resource bc7c9005-6b38-49d0-aa96-d04e48fe7259 (type: security_group_rules) to 0
2026-07-22 23:16:29.537 10 INFO neutron.db.ovn_revision_numbers_db [None req-5b4ded1e-b686-4b7f-9f3f-dd8674c134fa ebbdda3948f148a492dd875a4ced6796 f2d0a8ebe7d244c18dc84a3e8f1419b4 - - default default] Successfully bumped revision number for resource bdead97f-fccd-451a-b947-155c2b18535c (type: security_group_rules) to 0
2026-07-22 23:16:29.561 10 INFO neutron.wsgi [None req-5b4ded1e-b686-4b7f-9f3f-dd8674c134fa ebbdda3948f148a492dd875a4ced6796 f2d0a8ebe7d244c18dc84a3e8f1419b4 - - default default] 10.0.0.158 "GET /v2.0/security-groups?tenant_id=de9f967e1bc94559aee71b7de888761e&name=default HTTP/1.1" status: 200 len: 3120 time: 0.3812807
2026-07-22 23:16:29.794 9 INFO neutron.wsgi [None req-d66e049e-5650-4fe8-a228-f0105097793b ebbdda3948f148a492dd875a4ced6796 f2d0a8ebe7d244c18dc84a3e8f1419b4 - - default default] 10.0.0.158 "DELETE /v2.0/security-groups/73f0b1e5-2215-4692-83fe-0434aa879a4c HTTP/1.1" status: 204 len: 168 time: 0.2271039
2026-07-22 23:16:30.811 9 INFO neutron.db.ovn_revision_numbers_db [None req-8b55d786-562b-4a24-a516-8b6cb0d06541 ebbdda3948f148a492dd875a4ced6796 f2d0a8ebe7d244c18dc84a3e8f1419b4 - - default default] Successfully bumped revision number for resource ae5a0279-b03e-4a4a-b2f1-5583fd2da5ba (type: security_groups) to 1
2026-07-22 23:16:30.843 9 INFO neutron.db.ovn_revision_numbers_db [None req-8b55d786-562b-4a24-a516-8b6cb0d06541 ebbdda3948f148a492dd875a4ced6796 f2d0a8ebe7d244c18dc84a3e8f1419b4 - - default default] Successfully bumped revision number for resource 1b8279ce-25d6-47b4-80f4-548867c0a11e (type: security_group_rules) to 0
2026-07-22 23:16:30.867 9 INFO neutron.db.ovn_revision_numbers_db [None req-8b55d786-562b-4a24-a516-8b6cb0d06541 ebbdda3948f148a492dd875a4ced6796 f2d0a8ebe7d244c18dc84a3e8f1419b4 - - default default] Successfully bumped revision number for resource 36b7cb3d-ffec-409f-a570-9436ad62e6bd (type: security_group_rules) to 0
2026-07-22 23:16:30.889 9 INFO neutron.db.ovn_revision_numbers_db [None req-8b55d786-562b-4a24-a516-8b6cb0d06541 ebbdda3948f148a492dd875a4ced6796 f2d0a8ebe7d244c18dc84a3e8f1419b4 - - default default] Successfully bumped revision number for resource 3d623f55-fd90-4619-a532-6e8d744bb11f (type: security_group_rules) to 0
2026-07-22 23:16:30.906 9 INFO neutron.db.ovn_revision_numbers_db [None req-8b55d786-562b-4a24-a516-8b6cb0d06541 ebbdda3948f148a492dd875a4ced6796 f2d0a8ebe7d244c18dc84a3e8f1419b4 - - default default] Successfully bumped revision number for resource dcd48cb5-16f1-41f0-aecb-59871e306790 (type: security_group_rules) to 0
2026-07-22 23:16:30.938 9 INFO neutron.wsgi [None req-8b55d786-562b-4a24-a516-8b6cb0d06541 ebbdda3948f148a492dd875a4ced6796 f2d0a8ebe7d244c18dc84a3e8f1419b4 - - default default] 10.0.0.158 "GET /v2.0/security-groups?tenant_id=70e5723bd4c64af28dbf503f6dff31e5&name=default HTTP/1.1" status: 200 len: 3120 time: 0.4215009
2026-07-22 23:16:30.969 9 INFO neutron.wsgi [req-aa7db0a5-2524-42b5-b37b-5a50cd59b7a3 req-7f944ead-072d-4214-9642-1a8aa1e97fb6 38b7af1608ab41288e45d13e552b4b4c 9e638baa87ad423dac194c8e5e228763 - - abae589cee0a4341a3424b5ec21a2a36 abae589cee0a4341a3424b5ec21a2a36] 10.0.0.165 "GET /v2.0/ports?device_id=76d1ac90-dece-474b-bd86-03d6a7623b90 HTTP/1.1" status: 200 len: 1413 time: 0.0498829
2026-07-22 23:16:31.016 9 INFO neutron.wsgi [req-aa7db0a5-2524-42b5-b37b-5a50cd59b7a3 req-36101746-1df9-469c-b9d7-81b18b45437d 38b7af1608ab41288e45d13e552b4b4c 9e638baa87ad423dac194c8e5e228763 - - abae589cee0a4341a3424b5ec21a2a36 abae589cee0a4341a3424b5ec21a2a36] 10.0.0.165 "GET /v2.0/security-groups?id=78788d9b-b3ce-48d2-a5bf-2f231bb6e839&fields=id&fields=name HTTP/1.1" status: 200 len: 311 time: 0.0402761
2026-07-22 23:16:31.100 9 INFO neutron.wsgi [-] 10.0.0.178 "GET / HTTP/1.1" status: 200 len: 247 time: 0.0028079
2026-07-22 23:16:31.103 9 INFO neutron.wsgi [-] 10.0.0.178 "GET / HTTP/1.1" status: 200 len: 247 time: 0.0017588
2026-07-22 23:16:31.140 10 INFO neutron.db.ovn_revision_numbers_db [None req-2c31ad1e-6f5d-493c-a874-bd1731b45be6 ebbdda3948f148a492dd875a4ced6796 f2d0a8ebe7d244c18dc84a3e8f1419b4 - - default default] Successfully bumped revision number for resource 632baacf-43a5-4f7d-ad17-af7bbc9145b7 (type: security_groups) to 1
2026-07-22 23:16:31.159 10 INFO neutron.db.ovn_revision_numbers_db [None req-2c31ad1e-6f5d-493c-a874-bd1731b45be6 ebbdda3948f148a492dd875a4ced6796 f2d0a8ebe7d244c18dc84a3e8f1419b4 - - default default] Successfully bumped revision number for resource 4f841cbc-d30b-4491-b9ff-b93cb5e60ebc (type: security_group_rules) to 0
2026-07-22 23:16:31.171 10 INFO neutron.db.ovn_revision_numbers_db [None req-2c31ad1e-6f5d-493c-a874-bd1731b45be6 ebbdda3948f148a492dd875a4ced6796 f2d0a8ebe7d244c18dc84a3e8f1419b4 - - default default] Successfully bumped revision number for resource 6db92d47-dfa2-47d8-8bb4-729906d8e75d (type: security_group_rules) to 0
2026-07-22 23:16:31.188 10 INFO neutron.db.ovn_revision_numbers_db [None req-2c31ad1e-6f5d-493c-a874-bd1731b45be6 ebbdda3948f148a492dd875a4ced6796 f2d0a8ebe7d244c18dc84a3e8f1419b4 - - default default] Successfully bumped revision number for resource 827cd28e-e248-4de2-b86b-25093f48cdcf (type: security_group_rules) to 0
2026-07-22 23:16:31.205 10 INFO neutron.wsgi [None req-f240ca19-92fe-421b-89f8-fa1e4f9044a8 ebbdda3948f148a492dd875a4ced6796 f2d0a8ebe7d244c18dc84a3e8f1419b4 - - default default] 10.0.0.158 "DELETE /v2.0/security-groups/ae5a0279-b03e-4a4a-b2f1-5583fd2da5ba HTTP/1.1" status: 204 len: 168 time: 0.2594883
2026-07-22 23:16:31.206 10 INFO neutron.db.ovn_revision_numbers_db [None req-2c31ad1e-6f5d-493c-a874-bd1731b45be6 ebbdda3948f148a492dd875a4ced6796 f2d0a8ebe7d244c18dc84a3e8f1419b4 - - default default] Successfully bumped revision number for resource 9a2a169e-c177-41ab-a689-077adedcd9bd (type: security_group_rules) to 0
2026-07-22 23:16:31.229 10 INFO neutron.wsgi [None req-2c31ad1e-6f5d-493c-a874-bd1731b45be6 ebbdda3948f148a492dd875a4ced6796 f2d0a8ebe7d244c18dc84a3e8f1419b4 - - default default] 10.0.0.158 "GET /v2.0/security-groups?tenant_id=af0b6a9d2fa643bf9daf475f22151ee3&name=default HTTP/1.1" status: 200 len: 3120 time: 0.3474412
2026-07-22 23:16:31.493 9 INFO neutron.wsgi [None req-d75a9f78-183e-4248-a1be-b3104210f7d4 ebbdda3948f148a492dd875a4ced6796 f2d0a8ebe7d244c18dc84a3e8f1419b4 - - default default] 10.0.0.158 "DELETE /v2.0/security-groups/632baacf-43a5-4f7d-ad17-af7bbc9145b7 HTTP/1.1" status: 204 len: 168 time: 0.2563841
2026-07-22 23:16:31.782 9 INFO neutron.db.ovn_revision_numbers_db [None req-86329b51-86a6-4f85-9e5d-3ca189da6eb4 ebbdda3948f148a492dd875a4ced6796 f2d0a8ebe7d244c18dc84a3e8f1419b4 - - default default] Successfully bumped revision number for resource c3e182b8-ad77-47f4-9c2c-f9f45b7b7a8b (type: security_groups) to 1
2026-07-22 23:16:31.795 9 INFO neutron.db.ovn_revision_numbers_db [None req-86329b51-86a6-4f85-9e5d-3ca189da6eb4 ebbdda3948f148a492dd875a4ced6796 f2d0a8ebe7d244c18dc84a3e8f1419b4 - - default default] Successfully bumped revision number for resource 2f341abd-2d49-4ca5-8ffd-83a5429bd084 (type: security_group_rules) to 0
2026-07-22 23:16:31.811 9 INFO neutron.db.ovn_revision_numbers_db [None req-86329b51-86a6-4f85-9e5d-3ca189da6eb4 ebbdda3948f148a492dd875a4ced6796 f2d0a8ebe7d244c18dc84a3e8f1419b4 - - default default] Successfully bumped revision number for resource 35fcead1-d8a1-4334-aabd-da2e94a032ab (type: security_group_rules) to 0
2026-07-22 23:16:31.828 9 INFO neutron.db.ovn_revision_numbers_db [None req-86329b51-86a6-4f85-9e5d-3ca189da6eb4 ebbdda3948f148a492dd875a4ced6796 f2d0a8ebe7d244c18dc84a3e8f1419b4 - - default default] Successfully bumped revision number for resource 82e1d74f-2991-4db4-99c6-17c1981b98c9 (type: security_group_rules) to 0
2026-07-22 23:16:31.841 9 INFO neutron.db.ovn_revision_numbers_db [None req-86329b51-86a6-4f85-9e5d-3ca189da6eb4 ebbdda3948f148a492dd875a4ced6796 f2d0a8ebe7d244c18dc84a3e8f1419b4 - - default default] Successfully bumped revision number for resource ebf4488b-5b6d-4523-b5db-e09e595545b1 (type: security_group_rules) to 0
2026-07-22 23:16:31.866 9 INFO neutron.wsgi [None req-86329b51-86a6-4f85-9e5d-3ca189da6eb4 ebbdda3948f148a492dd875a4ced6796 f2d0a8ebe7d244c18dc84a3e8f1419b4 - - default default] 10.0.0.158 "GET /v2.0/security-groups?tenant_id=6eae26645ef74875918afaee9191e0ae&name=default HTTP/1.1" status: 200 len: 3120 time: 0.2092817
2026-07-22 23:16:32.080 9 INFO neutron.wsgi [None req-1dd1a8ba-8508-4fc8-9123-cf2149a028ea ebbdda3948f148a492dd875a4ced6796 f2d0a8ebe7d244c18dc84a3e8f1419b4 - - default default] 10.0.0.158 "DELETE /v2.0/security-groups/c3e182b8-ad77-47f4-9c2c-f9f45b7b7a8b HTTP/1.1" status: 204 len: 168 time: 0.2097917
2026-07-22 23:16:33.609 9 INFO neutron.db.ovn_revision_numbers_db [None req-9180cf4f-3aac-4e2d-8929-d13f7529b453 ebbdda3948f148a492dd875a4ced6796 f2d0a8ebe7d244c18dc84a3e8f1419b4 - - default default] Successfully bumped revision number for resource 79a9915d-b352-4c82-b3ba-afcf8f276745 (type: security_groups) to 1
2026-07-22 23:16:33.624 9 INFO neutron.db.ovn_revision_numbers_db [None req-9180cf4f-3aac-4e2d-8929-d13f7529b453 ebbdda3948f148a492dd875a4ced6796 f2d0a8ebe7d244c18dc84a3e8f1419b4 - - default default] Successfully bumped revision number for resource 2f1acbb2-17fc-415c-b825-2fe51931a23f (type: security_group_rules) to 0
2026-07-22 23:16:33.638 9 INFO neutron.db.ovn_revision_numbers_db [None req-9180cf4f-3aac-4e2d-8929-d13f7529b453 ebbdda3948f148a492dd875a4ced6796 f2d0a8ebe7d244c18dc84a3e8f1419b4 - - default default] Successfully bumped revision number for resource 9faccbc2-8b36-4945-87f9-247911eb5e8b (type: security_group_rules) to 0
2026-07-22 23:16:33.653 9 INFO neutron.db.ovn_revision_numbers_db [None req-9180cf4f-3aac-4e2d-8929-d13f7529b453 ebbdda3948f148a492dd875a4ced6796 f2d0a8ebe7d244c18dc84a3e8f1419b4 - - default default] Successfully bumped revision number for resource b3050351-7afe-4d4e-94ec-6bdb1cf1bf9a (type: security_group_rules) to 0
2026-07-22 23:16:33.670 9 INFO neutron.db.ovn_revision_numbers_db [None req-9180cf4f-3aac-4e2d-8929-d13f7529b453 ebbdda3948f148a492dd875a4ced6796 f2d0a8ebe7d244c18dc84a3e8f1419b4 - - default default] Successfully bumped revision number for resource f1e618d5-49b7-40c8-b5fc-8f0fc9544064 (type: security_group_rules) to 0
2026-07-22 23:16:33.693 9 INFO neutron.wsgi [None req-9180cf4f-3aac-4e2d-8929-d13f7529b453 ebbdda3948f148a492dd875a4ced6796 f2d0a8ebe7d244c18dc84a3e8f1419b4 - - default default] 10.0.0.158 "GET /v2.0/security-groups?tenant_id=ac984017f0bf4d4e984dfb7c69abfbec&name=default HTTP/1.1" status: 200 len: 3120 time: 0.4350634
2026-07-22 23:16:33.970 10 INFO neutron.wsgi [None req-7137dff1-6b63-4199-ba69-8050ada8b17e ebbdda3948f148a492dd875a4ced6796 f2d0a8ebe7d244c18dc84a3e8f1419b4 - - default default] 10.0.0.158 "DELETE /v2.0/security-groups/79a9915d-b352-4c82-b3ba-afcf8f276745 HTTP/1.1" status: 204 len: 168 time: 0.2704260
2026-07-22 23:16:35.022 9 INFO neutron.wsgi [req-00dfc7ec-b362-4ca4-9f4d-802a361dfccd req-eba8b2ea-9319-477d-8952-f3f6d4129efc df24ff90c00e48bbb61fe4d12e230f82 bc28743b4d7e407ea89d44772cfe7051 - - default default] 10.0.0.167 "GET /v2.0/ports?device_id=76d1ac90-dece-474b-bd86-03d6a7623b90 HTTP/1.1" status: 200 len: 1174 time: 0.1170189
2026-07-22 23:16:35.070 9 INFO neutron.wsgi [req-00dfc7ec-b362-4ca4-9f4d-802a361dfccd req-b42d5967-e1b8-408f-ab4f-b873b2e69001 df24ff90c00e48bbb61fe4d12e230f82 bc28743b4d7e407ea89d44772cfe7051 - - default default] 10.0.0.167 "GET /v2.0/security-groups?id=78788d9b-b3ce-48d2-a5bf-2f231bb6e839&fields=id&fields=name HTTP/1.1" status: 200 len: 311 time: 0.0404644
2026-07-22 23:16:35.316 10 INFO neutron.plugins.ml2.drivers.ovn.mech_driver.mech_driver [None req-a8bdee5e-8c9c-4de5-8966-45d7ee8c5aef - - - - - -] OVN reports status down for port: f124cb61-93d4-465a-8823-dc0e08125adf
2026-07-22 23:16:35.347 9 INFO neutron.wsgi [req-818568f8-3342-4f11-bdf0-8bdd9669847f req-9d3f1998-1060-4d0b-8c98-2683ac15ffe9 df24ff90c00e48bbb61fe4d12e230f82 bc28743b4d7e407ea89d44772cfe7051 - - default default] 10.0.0.167 "GET /v2.0/ports?device_id=76d1ac90-dece-474b-bd86-03d6a7623b90 HTTP/1.1" status: 200 len: 1174 time: 0.0665383
2026-07-22 23:16:35.402 9 INFO neutron.wsgi [req-818568f8-3342-4f11-bdf0-8bdd9669847f req-7d7fa472-b0c1-4504-ab9c-3109b48040fb df24ff90c00e48bbb61fe4d12e230f82 bc28743b4d7e407ea89d44772cfe7051 - - default default] 10.0.0.167 "GET /v2.0/security-groups?id=78788d9b-b3ce-48d2-a5bf-2f231bb6e839&fields=id&fields=name HTTP/1.1" status: 200 len: 311 time: 0.0430679
2026-07-22 23:16:35.532 10 INFO neutron.notifiers.nova [-] Nova event matching ['req-44d3ab8c-3947-4f46-9896-18ec05f0b24d'] response: {'server_uuid': '76d1ac90-dece-474b-bd86-03d6a7623b90', 'name': 'network-vif-unplugged', 'status': 'completed', 'tag': 'f124cb61-93d4-465a-8823-dc0e08125adf', 'code': 200}
2026-07-22 23:16:35.828 9 WARNING neutron_lib.context [None req-00008b47-b526-4d5e-90da-c60256ecb047 f5d3e90e4f554597b01256c3feefb09e 6b7245b6dc7c44c2b65068cff8ee9bf0 - - default default] Method 'is_advsvc' is deprecated since 2023.2 release (neutron-lib 3.8.0) and will be removed once support for the old RBAC API policies will be removed from Neutron. Please use method 'is_service_role' instead.
2026-07-22 23:16:35.962 9 INFO neutron.db.ovn_revision_numbers_db [None req-98bacb3d-b839-4073-83b0-b5dc61681181 ebbdda3948f148a492dd875a4ced6796 f2d0a8ebe7d244c18dc84a3e8f1419b4 - - default default] Successfully bumped revision number for resource 75512b36-6bd9-42a7-b74f-35a76d02aa52 (type: security_groups) to 1
2026-07-22 23:16:35.986 10 INFO neutron.wsgi [req-9a25e77b-3c7c-4b65-8b8d-4e673bdf274b req-fe7928d0-3f3d-4b02-a289-67677644a8ff df24ff90c00e48bbb61fe4d12e230f82 bc28743b4d7e407ea89d44772cfe7051 - - default default] 199.204.45.240 "GET /v2.0/ports?device_id=76d1ac90-dece-474b-bd86-03d6a7623b90 HTTP/1.1" status: 200 len: 1172 time: 0.3913803
2026-07-22 23:16:35.992 9 INFO neutron.db.ovn_revision_numbers_db [None req-98bacb3d-b839-4073-83b0-b5dc61681181 ebbdda3948f148a492dd875a4ced6796 f2d0a8ebe7d244c18dc84a3e8f1419b4 - - default default] Successfully bumped revision number for resource 16e40e1c-d794-4597-acf0-94dbf58718e4 (type: security_group_rules) to 0
2026-07-22 23:16:36.016 9 INFO neutron.db.ovn_revision_numbers_db [None req-98bacb3d-b839-4073-83b0-b5dc61681181 ebbdda3948f148a492dd875a4ced6796 f2d0a8ebe7d244c18dc84a3e8f1419b4 - - default default] Successfully bumped revision number for resource 28818a7c-0e8e-483b-9157-1ed80df8dcf4 (type: security_group_rules) to 0
2026-07-22 23:16:36.041 9 INFO neutron.db.ovn_revision_numbers_db [None req-98bacb3d-b839-4073-83b0-b5dc61681181 ebbdda3948f148a492dd875a4ced6796 f2d0a8ebe7d244c18dc84a3e8f1419b4 - - default default] Successfully bumped revision number for resource 4757c7a9-167c-46c3-a5de-1241caf4004f (type: security_group_rules) to 0
2026-07-22 23:16:36.044 10 INFO neutron.db.ovn_revision_numbers_db [None req-a8bdee5e-8c9c-4de5-8966-45d7ee8c5aef - - - - - -] Successfully bumped revision number for resource f124cb61-93d4-465a-8823-dc0e08125adf (type: ports) to 7
2026-07-22 23:16:36.063 9 INFO neutron.db.ovn_revision_numbers_db [None req-98bacb3d-b839-4073-83b0-b5dc61681181 ebbdda3948f148a492dd875a4ced6796 f2d0a8ebe7d244c18dc84a3e8f1419b4 - - default default] Successfully bumped revision number for resource 4d568e74-22f1-4a4b-9575-fa4ef17c6f19 (type: security_group_rules) to 0
2026-07-22 23:16:36.089 9 INFO neutron.wsgi [None req-98bacb3d-b839-4073-83b0-b5dc61681181 ebbdda3948f148a492dd875a4ced6796 f2d0a8ebe7d244c18dc84a3e8f1419b4 - - default default] 10.0.0.158 "GET /v2.0/security-groups?tenant_id=61e8eab379f24089999b57200f1ec06e&name=default HTTP/1.1" status: 200 len: 3120 time: 0.4112432
2026-07-22 23:16:36.143 9 WARNING neutron.scheduler.dhcp_agent_scheduler [None req-00008b47-b526-4d5e-90da-c60256ecb047 f5d3e90e4f554597b01256c3feefb09e 6b7245b6dc7c44c2b65068cff8ee9bf0 - - default default] No more DHCP agents
2026-07-22 23:16:36.146 9 WARNING neutron.api.rpc.agentnotifiers.dhcp_rpc_agent_api [None req-00008b47-b526-4d5e-90da-c60256ecb047 f5d3e90e4f554597b01256c3feefb09e 6b7245b6dc7c44c2b65068cff8ee9bf0 - - default default] Unable to schedule network bf4d9735-a477-438d-a56d-0935727297ff: no agents available; will retry on subsequent port and subnet creation events.
2026-07-22 23:16:36.460 10 INFO neutron.wsgi [None req-251fb0b0-99e6-4500-8231-66b68d5dc016 ebbdda3948f148a492dd875a4ced6796 f2d0a8ebe7d244c18dc84a3e8f1419b4 - - default default] 10.0.0.158 "DELETE /v2.0/security-groups/75512b36-6bd9-42a7-b74f-35a76d02aa52 HTTP/1.1" status: 204 len: 168 time: 0.3661871
2026-07-22 23:16:36.469 9 INFO neutron.wsgi [None req-00008b47-b526-4d5e-90da-c60256ecb047 f5d3e90e4f554597b01256c3feefb09e 6b7245b6dc7c44c2b65068cff8ee9bf0 - - default default] 10.0.0.158 "POST /v2.0/floatingips HTTP/1.1" status: 201 len: 751 time: 0.7445474
2026-07-22 23:16:36.471 10 INFO neutron.db.l3_db [req-9a25e77b-3c7c-4b65-8b8d-4e673bdf274b req-4f1b411b-c5ed-43f6-8d32-ba2968987208 df24ff90c00e48bbb61fe4d12e230f82 bc28743b4d7e407ea89d44772cfe7051 - - default default] Floating IP 97a8965f-bc74-4055-ab3d-2f45966511e0 disassociated. External IP: 10.96.250.205, port: f124cb61-93d4-465a-8823-dc0e08125adf. /var/lib/openstack/lib/python3.10/site-packages/pycadf/identifier.py:71: UserWarning: Invalid uuid: neutron. To ensure interoperability, identifiers should be a valid uuid. warnings.warn(('Invalid uuid: %s. To ensure interoperability, ' /var/lib/openstack/lib/python3.10/site-packages/pycadf/identifier.py:71: UserWarning: Invalid uuid: neutron. To ensure interoperability, identifiers should be a valid uuid. warnings.warn(('Invalid uuid: %s. To ensure interoperability, '
2026-07-22 23:16:36.481 10 WARNING neutron_lib.context [None req-8c1f1427-0972-4039-8c0a-eb7b28529cbc f5d3e90e4f554597b01256c3feefb09e 6b7245b6dc7c44c2b65068cff8ee9bf0 - - default default] Method 'is_advsvc' is deprecated since 2023.2 release (neutron-lib 3.8.0) and will be removed once support for the old RBAC API policies will be removed from Neutron. Please use method 'is_service_role' instead.
2026-07-22 23:16:36.523 9 INFO neutron.wsgi [req-c200ebdb-aa9e-499f-b2c5-99c0444e6be8 req-5e2fa3bc-be61-4a82-9118-72272eb97f76 df24ff90c00e48bbb61fe4d12e230f82 bc28743b4d7e407ea89d44772cfe7051 - - default default] 10.0.0.167 "GET /v2.0/ports?device_id=76d1ac90-dece-474b-bd86-03d6a7623b90 HTTP/1.1" status: 200 len: 1172 time: 0.0483778
2026-07-22 23:16:36.568 9 INFO neutron.wsgi [req-c200ebdb-aa9e-499f-b2c5-99c0444e6be8 req-28f348be-c5bc-4e59-a5ff-d7904702a3ee df24ff90c00e48bbb61fe4d12e230f82 bc28743b4d7e407ea89d44772cfe7051 - - default default] 10.0.0.167 "GET /v2.0/security-groups?id=78788d9b-b3ce-48d2-a5bf-2f231bb6e839&fields=id&fields=name HTTP/1.1" status: 200 len: 311 time: 0.0390248
