2026-07-22 23:15:40.803 10 ERROR ovsdbapp.backend.ovs_idl.command raise RowNotFound(table=table, col=column, match=match)
2026-07-22 23:15:40.803 10 ERROR ovsdbapp.backend.ovs_idl.command ovsdbapp.backend.ovs_idl.idlutils.RowNotFound: Cannot find Logical_Router_Port with name=lrp-4aff478b-ee25-4e6b-8b52-c52d13d9f2d3
2026-07-22 23:15:40.803 10 ERROR ovsdbapp.backend.ovs_idl.command 
2026-07-22 23:15:40.804 10 ERROR neutron_lib.callbacks.manager [None req-188ede0a-aaaa-43d7-849c-1a13af9a2500 f4f7bbf32d0d4e2b909095443813a7a8 442d027b130746229be12b85873ac0cb - - default default] Error during notification for neutron.services.ovn_l3.plugin.OVNL3RouterPlugin._port_update-8726360469222 port, after_update: ovsdbapp.backend.ovs_idl.idlutils.RowNotFound: Cannot find Logical_Router_Port with name=lrp-4aff478b-ee25-4e6b-8b52-c52d13d9f2d3
2026-07-22 23:15:40.804 10 ERROR neutron_lib.callbacks.manager
Traceback (most recent call last):
2026-07-22 23:15:40.804 10 ERROR neutron_lib.callbacks.manager
File "/var/lib/openstack/lib/python3.10/site-packages/neutron_lib/callbacks/manager.py", line 189, in _notify_loop
2026-07-22 23:15:40.804 10 ERROR neutron_lib.callbacks.manager callback.method(resource, event, trigger, payload=payload)
2026-07-22 23:15:40.804 10 ERROR neutron_lib.callbacks.manager
File "/var/lib/openstack/lib/python3.10/site-packages/neutron/services/ovn_l3/plugin.py", line 391, in _port_update
2026-07-22 23:15:40.804 10 ERROR neutron_lib.callbacks.manager l3plugin._ovn_client.update_router_port(context,
2026-07-22 23:15:40.804 10 ERROR neutron_lib.callbacks.manager
File "/var/lib/openstack/lib/python3.10/site-packages/neutron/plugins/ml2/drivers/ovn/mech_driver/ovsdb/ovn_client.py", line 1878, in update_router_port
2026-07-22 23:15:40.804 10 ERROR neutron_lib.callbacks.manager self._update_lrouter_port(context, port, if_exists=if_exists,
2026-07-22 23:15:40.804 10 ERROR neutron_lib.callbacks.manager
File "/var/lib/openstack/lib/python3.10/site-packages/neutron/plugins/ml2/drivers/ovn/mech_driver/ovsdb/ovn_client.py", line 1855, in _update_lrouter_port
2026-07-22 23:15:40.804 10 ERROR neutron_lib.callbacks.manager external_ids = self._nb_idl.db_get(
2026-07-22 23:15:40.804 10 ERROR neutron_lib.callbacks.manager
File "/var/lib/openstack/lib/python3.10/site-packages/ovsdbapp/backend/ovs_idl/command.py", line 47, in execute
2026-07-22 23:15:40.804 10 ERROR neutron_lib.callbacks.manager self.run_idl(None)
2026-07-22 23:15:40.804 10 ERROR neutron_lib.callbacks.manager
File "/var/lib/openstack/lib/python3.10/site-packages/ovsdbapp/backend/ovs_idl/command.py", line 235, in run_idl
2026-07-22 23:15:40.804 10 ERROR neutron_lib.callbacks.manager record = self.api.lookup(self.table, self.record)
2026-07-22 23:15:40.804 10 ERROR neutron_lib.callbacks.manager
File "/var/lib/openstack/lib/python3.10/site-packages/ovsdbapp/backend/ovs_idl/__init__.py", line 184, in lookup
2026-07-22 23:15:40.804 10 ERROR neutron_lib.callbacks.manager return self._lookup(table, record)
2026-07-22 23:15:40.804 10 ERROR neutron_lib.callbacks.manager
File "/var/lib/openstack/lib/python3.10/site-packages/ovsdbapp/backend/ovs_idl/__init__.py", line 235, in _lookup
2026-07-22 23:15:40.804 10 ERROR neutron_lib.callbacks.manager row = idlutils.row_by_value(self, rl.table, rl.column, record)
2026-07-22 23:15:40.804 10 ERROR neutron_lib.callbacks.manager
File "/var/lib/openstack/lib/python3.10/site-packages/ovsdbapp/backend/ovs_idl/idlutils.py", line 114, in row_by_value
2026-07-22 23:15:40.804 10 ERROR neutron_lib.callbacks.manager raise RowNotFound(table=table, col=column, match=match)
2026-07-22 23:15:40.804 10 ERROR neutron_lib.callbacks.manager ovsdbapp.backend.ovs_idl.idlutils.RowNotFound: Cannot find Logical_Router_Port with name=lrp-4aff478b-ee25-4e6b-8b52-c52d13d9f2d3
2026-07-22 23:15:40.804 10 ERROR neutron_lib.callbacks.manager 
2026-07-22 23:15:40.820 10 INFO neutron.db.ovn_revision_numbers_db [None req-00dbca89-a660-429c-9b8a-fd4f9c7e6b77 ebbdda3948f148a492dd875a4ced6796 f2d0a8ebe7d244c18dc84a3e8f1419b4 - - default default] Successfully bumped revision number for resource 52a65288-2f6a-4224-bf18-d4e1daec25b3 (type: ports) to 1
2026-07-22 23:15:40.843 10 INFO neutron.wsgi [None req-00dbca89-a660-429c-9b8a-fd4f9c7e6b77 ebbdda3948f148a492dd875a4ced6796 f2d0a8ebe7d244c18dc84a3e8f1419b4 - - default default] 10.0.0.158 "POST /v2.0/networks HTTP/1.1" status: 201 len: 945 time: 1.8096189
2026-07-22 23:15:40.848 9 INFO neutron.wsgi [None req-d259ba19-9df3-407e-9460-a8f609335648 a47b263937f448b99fae7b1cae9ac1ba 15b9360959ec431a8d4294c79a2ca132 - - default default] 10.0.0.158 "DELETE /v2.0/networks/e351336e-f114-4dcb-ae0b-aa0aaed0f9b7 HTTP/1.1" status: 204 len: 168 time: 0.4923677
2026-07-22 23:15:40.874 9 INFO neutron.db.segments_db [None req-b3ee1b41-aaf3-46f1-8c00-920d9a371916 c20ed0bbe47e49df952ec78ea164a609 0cc3b40bf1924492ae19d9d977a88fa6 - - default default] Added segment 80115b3e-f092-4896-a63f-f2b73f5f4cdd of type geneve for network e96d570d-0ed4-46ab-8ad7-5160ebf58810
2026-07-22 23:15:41.033 9 INFO neutron.plugins.ml2.drivers.ovn.mech_driver.mech_driver [None req-fe374d2f-ee0e-4dc5-9e9a-305e21e3287c - - - - - -] OVN reports status up for port: 4aff478b-ee25-4e6b-8b52-c52d13d9f2d3
2026-07-22 23:15:41.056 10 INFO neutron.db.ovn_revision_numbers_db [None req-188ede0a-aaaa-43d7-849c-1a13af9a2500 f4f7bbf32d0d4e2b909095443813a7a8 442d027b130746229be12b85873ac0cb - - default default] Successfully bumped revision number for resource 4aff478b-ee25-4e6b-8b52-c52d13d9f2d3 (type: ports) to 1
2026-07-22 23:15:41.064 9 INFO neutron.db.ovn_revision_numbers_db [None req-b3ee1b41-aaf3-46f1-8c00-920d9a371916 c20ed0bbe47e49df952ec78ea164a609 0cc3b40bf1924492ae19d9d977a88fa6 - - default default] Successfully bumped revision number for resource e96d570d-0ed4-46ab-8ad7-5160ebf58810 (type: networks) to 1
2026-07-22 23:15:41.068 9 INFO neutron.plugins.ml2.plugin [None req-fe374d2f-ee0e-4dc5-9e9a-305e21e3287c - - - - - -] Attempt 1 to provision port 4aff478b-ee25-4e6b-8b52-c52d13d9f2d3
2026-07-22 23:15:41.072 9 INFO neutron.services.segments.plugin [-] Segment 31909df5-d048-4cda-964d-f94e3390a79f resource provider aggregate not found
2026-07-22 23:15:41.077 9 INFO neutron.services.segments.plugin [-] Segment 31909df5-d048-4cda-964d-f94e3390a79f resource provider aggregate not found
2026-07-22 23:15:41.098 9 INFO neutron.services.segments.plugin [-] Segment 31909df5-d048-4cda-964d-f94e3390a79f resource provider not found; error: Placement Client Error (4xx): {"errors": [{"status": 404, "title": "Not Found", "detail": "The resource could not be found.\n\n No resource provider with uuid 31909df5-d048-4cda-964d-f94e3390a79f found for delete ", "request_id": "req-5d4e5ee6-7e0e-447d-b0cb-8a9029421ffe"}]}
2026-07-22 23:15:41.109 9 INFO neutron.services.segments.plugin [-] Segment 31909df5-d048-4cda-964d-f94e3390a79f resource provider not found; error: Placement Client Error (4xx): {"errors": [{"status": 404, "title": "Not Found", "detail": "The resource could not be found.\n\n No resource provider with uuid 31909df5-d048-4cda-964d-f94e3390a79f found for delete ", "request_id": "req-951f5e06-6109-46a3-8da8-d2984cde29ea"}]}
2026-07-22 23:15:41.123 9 INFO neutron.services.segments.plugin [-] Segment e49e9ead-87fb-40d9-9504-55d9b54bd34f resource provider aggregate not found
2026-07-22 23:15:41.123 10 WARNING neutron.scheduler.dhcp_agent_scheduler [None req-188ede0a-aaaa-43d7-849c-1a13af9a2500 f4f7bbf32d0d4e2b909095443813a7a8 442d027b130746229be12b85873ac0cb - - default default] No more DHCP agents
2026-07-22 23:15:41.125 10 WARNING neutron.api.rpc.agentnotifiers.dhcp_rpc_agent_api [None req-188ede0a-aaaa-43d7-849c-1a13af9a2500 f4f7bbf32d0d4e2b909095443813a7a8 442d027b130746229be12b85873ac0cb - - default default] Unable to schedule network cf2a8197-be46-47b4-92b4-d6599deec2d0: no agents available; will retry on subsequent port and subnet creation events.
2026-07-22 23:15:41.130 9 INFO neutron.services.segments.plugin [-] Segment e49e9ead-87fb-40d9-9504-55d9b54bd34f resource provider aggregate not found
2026-07-22 23:15:41.134 9 WARNING neutron.scheduler.dhcp_agent_scheduler [None req-3bc4ef3f-0eeb-423c-ab01-494069d36f02 ebbdda3948f148a492dd875a4ced6796 f2d0a8ebe7d244c18dc84a3e8f1419b4 - - default default] No more DHCP agents
2026-07-22 23:15:41.139 9 WARNING neutron.api.rpc.agentnotifiers.dhcp_rpc_agent_api [None req-3bc4ef3f-0eeb-423c-ab01-494069d36f02 ebbdda3948f148a492dd875a4ced6796 f2d0a8ebe7d244c18dc84a3e8f1419b4 - - default default] Unable to schedule network 549d0643-681a-4821-8e65-225a819feb10: no agents available; will retry on subsequent port and subnet creation events.
2026-07-22 23:15:41.149 9 INFO neutron.services.segments.plugin [-] Segment e49e9ead-87fb-40d9-9504-55d9b54bd34f resource provider not found; error: Placement Client Error (4xx): {"errors": [{"status": 404, "title": "Not Found", "detail": "The resource could not be found.\n\n No resource provider with uuid e49e9ead-87fb-40d9-9504-55d9b54bd34f found for delete ", "request_id": "req-15d3427d-b1e5-4b41-b2c6-eceeeed75c39"}]}
2026-07-22 23:15:41.149 9 INFO neutron.services.segments.plugin [-] Segment e49e9ead-87fb-40d9-9504-55d9b54bd34f resource provider not found; error: Placement Client Error (4xx): {"errors": [{"status": 404, "title": "Not Found", "detail": "The resource could not be found.\n\n No resource provider with uuid e49e9ead-87fb-40d9-9504-55d9b54bd34f found for delete ", "request_id": "req-9af2545e-a420-408e-8fdb-ba37117dc8ca"}]}
2026-07-22 23:15:41.294 10 INFO neutron.db.ovn_revision_numbers_db [None req-188ede0a-aaaa-43d7-849c-1a13af9a2500 f4f7bbf32d0d4e2b909095443813a7a8 442d027b130746229be12b85873ac0cb - - default default] Successfully bumped revision number for resource 4aff478b-ee25-4e6b-8b52-c52d13d9f2d3 (type: router_ports) to 1
2026-07-22 23:15:41.301 10 INFO neutron.wsgi [None req-188ede0a-aaaa-43d7-849c-1a13af9a2500 f4f7bbf32d0d4e2b909095443813a7a8 442d027b130746229be12b85873ac0cb - - default default] 10.0.0.158 "PUT /v2.0/routers/555c9db7-6b6f-4b31-805d-4f77a5b76e93/add_router_interface HTTP/1.1" status: 200 len: 503 time: 2.8352540
2026-07-22 23:15:41.414 10 INFO neutron.wsgi [None req-b189a493-8d49-4b6d-93eb-4f2cdd59bfc4 f4f7bbf32d0d4e2b909095443813a7a8 442d027b130746229be12b85873ac0cb - - default default] 10.0.0.158 "GET /v2.0/ports/4aff478b-ee25-4e6b-8b52-c52d13d9f2d3 HTTP/1.1" status: 200 len: 1135 time: 0.1093667
2026-07-22 23:15:41.537 9 WARNING neutron.scheduler.dhcp_agent_scheduler [None req-b3ee1b41-aaf3-46f1-8c00-920d9a371916 c20ed0bbe47e49df952ec78ea164a609 0cc3b40bf1924492ae19d9d977a88fa6 - - default default] No more DHCP agents
2026-07-22 23:15:41.559 9 WARNING neutron.api.rpc.agentnotifiers.dhcp_rpc_agent_api [None req-b3ee1b41-aaf3-46f1-8c00-920d9a371916 c20ed0bbe47e49df952ec78ea164a609 0cc3b40bf1924492ae19d9d977a88fa6 - - default default] Unable to schedule network e96d570d-0ed4-46ab-8ad7-5160ebf58810: no agents available; will retry on subsequent port and subnet creation events.
2026-07-22 23:15:41.564 10 INFO neutron.wsgi [None req-c943c462-98d4-432b-9de7-3bf6e0b1cb00 ebbdda3948f148a492dd875a4ced6796 f2d0a8ebe7d244c18dc84a3e8f1419b4 - - default default] 10.0.0.158 "GET /v2.0/security-groups?tenant_id=15b9360959ec431a8d4294c79a2ca132&name=default HTTP/1.1" status: 200 len: 3120 time: 0.2761805
2026-07-22 23:15:41.694 9 INFO neutron.wsgi [None req-8695cb1e-5d87-4133-b3c9-2aea892d9808 ebbdda3948f148a492dd875a4ced6796 f2d0a8ebe7d244c18dc84a3e8f1419b4 - - default default] 10.0.0.190 "GET /v2.0/networks HTTP/1.1" status: 200 len: 6046 time: 0.4054034
2026-07-22 23:15:41.842 9 INFO neutron.wsgi [None req-238785fe-59e4-445b-8c60-7e348ea77a8a ebbdda3948f148a492dd875a4ced6796 f2d0a8ebe7d244c18dc84a3e8f1419b4 - - default default] 10.0.0.190 "GET /v2.0/security-groups HTTP/1.1" status: 200 len: 29190 time: 0.1393161
2026-07-22 23:15:41.872 9 INFO neutron.db.ovn_revision_numbers_db [None req-b3ee1b41-aaf3-46f1-8c00-920d9a371916 c20ed0bbe47e49df952ec78ea164a609 0cc3b40bf1924492ae19d9d977a88fa6 - - default default] Successfully bumped revision number for resource 7b19a3b8-79fe-4eea-96d1-af2f9a4680df (type: ports) to 1
2026-07-22 23:15:41.969 10 WARNING neutron.scheduler.dhcp_agent_scheduler [None req-1c232fb4-9c72-4d23-bea9-6b42d3e53a5d f4f7bbf32d0d4e2b909095443813a7a8 442d027b130746229be12b85873ac0cb - - default default] No more DHCP agents
2026-07-22 23:15:41.972 10 WARNING neutron.api.rpc.agentnotifiers.dhcp_rpc_agent_api [None req-1c232fb4-9c72-4d23-bea9-6b42d3e53a5d f4f7bbf32d0d4e2b909095443813a7a8 442d027b130746229be12b85873ac0cb - - default default] Unable to schedule network b9763dad-d8be-4e09-8f37-04a9447eb461: no agents available; will retry on subsequent port and subnet creation events.
2026-07-22 23:15:41.979 9 INFO neutron.wsgi [None req-c44cbeb9-4455-4fe6-8158-20bcfc6dae28 ebbdda3948f148a492dd875a4ced6796 f2d0a8ebe7d244c18dc84a3e8f1419b4 - - default default] 10.0.0.190 "GET /v2.0/ports HTTP/1.1" status: 200 len: 11133 time: 0.1225262
2026-07-22 23:15:42.133 10 INFO neutron.db.ovn_revision_numbers_db [None req-1c232fb4-9c72-4d23-bea9-6b42d3e53a5d f4f7bbf32d0d4e2b909095443813a7a8 442d027b130746229be12b85873ac0cb - - default default] Successfully bumped revision number for resource 17da0b89-873b-4b9b-846f-0b4779deca75 (type: ports) to 1
2026-07-22 23:15:42.259 9 INFO neutron.wsgi [None req-b3ee1b41-aaf3-46f1-8c00-920d9a371916 c20ed0bbe47e49df952ec78ea164a609 0cc3b40bf1924492ae19d9d977a88fa6 - - default default] 10.0.0.158 "POST /v2.0/networks HTTP/1.1" status: 201 len: 849 time: 1.5044847
2026-07-22 23:15:42.274 10 WARNING neutron_lib.context [None req-d5926ee0-8265-4505-8f37-65ae1097a4e2 c20ed0bbe47e49df952ec78ea164a609 0cc3b40bf1924492ae19d9d977a88fa6 - - default default] Method 'is_advsvc' is deprecated since 2023.2 release (neutron-lib 3.8.0) and will be removed once support for the old RBAC API policies will be removed from Neutron. Please use method 'is_service_role' instead.
2026-07-22 23:15:42.341 10 WARNING neutron_lib.context [None req-d5926ee0-8265-4505-8f37-65ae1097a4e2 c20ed0bbe47e49df952ec78ea164a609 0cc3b40bf1924492ae19d9d977a88fa6 - - default default] Method 'is_advsvc' is deprecated since 2023.2 release (neutron-lib 3.8.0) and will be removed once support for the old RBAC API policies will be removed from Neutron. Please use method 'is_service_role' instead.
2026-07-22 23:15:42.361 9 INFO neutron.wsgi [None req-e2f3262a-ac4f-4395-9667-de7e44a4b661 ebbdda3948f148a492dd875a4ced6796 f2d0a8ebe7d244c18dc84a3e8f1419b4 - - default default] 10.0.0.190 "GET /v2.0/subnets HTTP/1.1" status: 200 len: 3313 time: 0.1203365
2026-07-22 23:15:42.390 9 INFO neutron.wsgi [None req-dabf73df-a6f8-48e1-b1bf-6e506b76a7a8 ebbdda3948f148a492dd875a4ced6796 f2d0a8ebe7d244c18dc84a3e8f1419b4 - - default default] 10.0.0.190 "GET /v2.0/subnetpools HTTP/1.1" status: 200 len: 193 time: 0.0247128
2026-07-22 23:15:42.457 9 INFO neutron.wsgi [None req-45577a1f-67ae-472f-9d50-37c70066c0b7 ebbdda3948f148a492dd875a4ced6796 f2d0a8ebe7d244c18dc84a3e8f1419b4 - - default default] 10.0.0.190 "GET /v2.0/subnets HTTP/1.1" status: 200 len: 3313 time: 0.0636270
2026-07-22 23:15:42.481 9 INFO neutron.db.ovn_revision_numbers_db [None req-fe374d2f-ee0e-4dc5-9e9a-305e21e3287c - - - - - -] Successfully bumped revision number for resource 4aff478b-ee25-4e6b-8b52-c52d13d9f2d3 (type: ports) to 2
2026-07-22 23:15:42.629 9 INFO neutron.wsgi [None req-e8fe6b47-015c-4493-b24c-71a2e3303a57 ebbdda3948f148a492dd875a4ced6796 f2d0a8ebe7d244c18dc84a3e8f1419b4 - - default default] 10.0.0.190 "GET /v2.0/routers HTTP/1.1" status: 200 len: 799 time: 0.1667972
2026-07-22 23:15:42.693 9 INFO neutron.wsgi [None req-c2e7151b-2be7-4a98-a60d-9c1eaa6087ef ebbdda3948f148a492dd875a4ced6796 f2d0a8ebe7d244c18dc84a3e8f1419b4 - - default default] 10.0.0.190 "GET /v2.0/agents?binary=ovn-controller HTTP/1.1" status: 200 len: 591 time: 0.0535989
2026-07-22 23:15:42.723 9 INFO neutron.wsgi [None req-2690c3f2-6bb2-4eeb-8d15-a88302b98461 ebbdda3948f148a492dd875a4ced6796 f2d0a8ebe7d244c18dc84a3e8f1419b4 - - default default] 10.0.0.190 "GET /v2.0/network-ip-availabilities HTTP/1.1" status: 200 len: 3154 time: 0.0267186
2026-07-22 23:15:42.759 9 INFO neutron.wsgi [None req-de2a024f-35d7-4ff4-917d-a28d66e5bb55 ebbdda3948f148a492dd875a4ced6796 f2d0a8ebe7d244c18dc84a3e8f1419b4 - - default default] 10.0.0.190 "GET /v2.0/agents HTTP/1.1" status: 200 len: 1390 time: 0.0301955
2026-07-22 23:15:42.780 9 INFO neutron.wsgi [None req-c6e8df0c-8baa-4522-b40f-730900f2e826 ebbdda3948f148a492dd875a4ced6796 f2d0a8ebe7d244c18dc84a3e8f1419b4 - - default default] 10.0.0.158 "DELETE /v2.0/security-groups/1849a119-84ac-49c5-b5e4-d7e446371a38 HTTP/1.1" status: 204 len: 168 time: 1.2016413
2026-07-22 23:15:42.805 9 INFO neutron.wsgi [None req-91a13c97-ff61-4c0c-ae0c-fa2780a0b2bd ebbdda3948f148a492dd875a4ced6796 f2d0a8ebe7d244c18dc84a3e8f1419b4 - - default default] 10.0.0.190 "GET /v2.0/floatingips HTTP/1.1" status: 200 len: 193 time: 0.0434265
2026-07-22 23:15:42.823 9 INFO neutron.db.ovn_revision_numbers_db [None req-fe374d2f-ee0e-4dc5-9e9a-305e21e3287c - - - - - -] Successfully bumped revision number for resource 4aff478b-ee25-4e6b-8b52-c52d13d9f2d3 (type: router_ports) to 2
2026-07-22 23:15:42.848 10 ERROR ovsdbapp.backend.ovs_idl.command [None req-1c232fb4-9c72-4d23-bea9-6b42d3e53a5d f4f7bbf32d0d4e2b909095443813a7a8 442d027b130746229be12b85873ac0cb - - default default] Error executing command (DbGetCommand): ovsdbapp.backend.ovs_idl.idlutils.RowNotFound: Cannot find Logical_Router_Port with name=lrp-17da0b89-873b-4b9b-846f-0b4779deca75
2026-07-22 23:15:42.848 10 ERROR ovsdbapp.backend.ovs_idl.command
Traceback (most recent call last):
2026-07-22 23:15:42.848 10 ERROR ovsdbapp.backend.ovs_idl.command
File "/var/lib/openstack/lib/python3.10/site-packages/ovsdbapp/backend/ovs_idl/command.py", line 47, in execute
2026-07-22 23:15:42.848 10 ERROR ovsdbapp.backend.ovs_idl.command self.run_idl(None)
2026-07-22 23:15:42.848 10 ERROR ovsdbapp.backend.ovs_idl.command
File "/var/lib/openstack/lib/python3.10/site-packages/ovsdbapp/backend/ovs_idl/command.py", line 235, in run_idl
2026-07-22 23:15:42.848 10 ERROR ovsdbapp.backend.ovs_idl.command record = self.api.lookup(self.table, self.record)
2026-07-22 23:15:42.848 10 ERROR ovsdbapp.backend.ovs_idl.command
File "/var/lib/openstack/lib/python3.10/site-packages/ovsdbapp/backend/ovs_idl/__init__.py", line 184, in lookup
2026-07-22 23:15:42.848 10 ERROR ovsdbapp.backend.ovs_idl.command return self._lookup(table, record)
2026-07-22 23:15:42.848 10 ERROR ovsdbapp.backend.ovs_idl.command
File "/var/lib/openstack/lib/python3.10/site-packages/ovsdbapp/backend/ovs_idl/__init__.py", line 235, in _lookup
2026-07-22 23:15:42.848 10 ERROR ovsdbapp.backend.ovs_idl.command row = idlutils.row_by_value(self, rl.table, rl.column, record)
2026-07-22 23:15:42.848 10 ERROR ovsdbapp.backend.ovs_idl.command
File "/var/lib/openstack/lib/python3.10/site-packages/ovsdbapp/backend/ovs_idl/idlutils.py", line 114, in row_by_value
2026-07-22 23:15:42.848 10 ERROR ovsdbapp.backend.ovs_idl.command raise RowNotFound(table=table, col=column, match=match)
2026-07-22 23:15:42.848 10 ERROR ovsdbapp.backend.ovs_idl.command ovsdbapp.backend.ovs_idl.idlutils.RowNotFound: Cannot find Logical_Router_Port with name=lrp-17da0b89-873b-4b9b-846f-0b4779deca75
2026-07-22 23:15:42.848 10 ERROR ovsdbapp.backend.ovs_idl.command 
2026-07-22 23:15:42.849 10 ERROR neutron_lib.callbacks.manager [None req-1c232fb4-9c72-4d23-bea9-6b42d3e53a5d f4f7bbf32d0d4e2b909095443813a7a8 442d027b130746229be12b85873ac0cb - - default default] Error during notification for neutron.services.ovn_l3.plugin.OVNL3RouterPlugin._port_update-8726360469222 port, after_update: ovsdbapp.backend.ovs_idl.idlutils.RowNotFound: Cannot find Logical_Router_Port with name=lrp-17da0b89-873b-4b9b-846f-0b4779deca75
2026-07-22 23:15:42.849 10 ERROR neutron_lib.callbacks.manager
Traceback (most recent call last):
2026-07-22 23:15:42.849 10 ERROR neutron_lib.callbacks.manager
File "/var/lib/openstack/lib/python3.10/site-packages/neutron_lib/callbacks/manager.py", line 189, in _notify_loop
2026-07-22 23:15:42.849 10 ERROR neutron_lib.callbacks.manager callback.method(resource, event, trigger, payload=payload)
2026-07-22 23:15:42.849 10 ERROR neutron_lib.callbacks.manager
File "/var/lib/openstack/lib/python3.10/site-packages/neutron/services/ovn_l3/plugin.py", line 391, in _port_update
2026-07-22 23:15:42.849 10 ERROR neutron_lib.callbacks.manager l3plugin._ovn_client.update_router_port(context,
2026-07-22 23:15:42.849 10 ERROR neutron_lib.callbacks.manager
File "/var/lib/openstack/lib/python3.10/site-packages/neutron/plugins/ml2/drivers/ovn/mech_driver/ovsdb/ovn_client.py", line 1878, in update_router_port
2026-07-22 23:15:42.849 10 ERROR neutron_lib.callbacks.manager self._update_lrouter_port(context, port, if_exists=if_exists,
2026-07-22 23:15:42.849 10 ERROR neutron_lib.callbacks.manager
File "/var/lib/openstack/lib/python3.10/site-packages/neutron/plugins/ml2/drivers/ovn/mech_driver/ovsdb/ovn_client.py", line 1855, in _update_lrouter_port
2026-07-22 23:15:42.849 10 ERROR neutron_lib.callbacks.manager external_ids = self._nb_idl.db_get(
2026-07-22 23:15:42.849 10 ERROR neutron_lib.callbacks.manager
File "/var/lib/openstack/lib/python3.10/site-packages/ovsdbapp/backend/ovs_idl/command.py", line 47, in execute
2026-07-22 23:15:42.849 10 ERROR neutron_lib.callbacks.manager self.run_idl(None)
2026-07-22 23:15:42.849 10 ERROR neutron_lib.callbacks.manager
File "/var/lib/openstack/lib/python3.10/site-packages/ovsdbapp/backend/ovs_idl/command.py", line 235, in run_idl
2026-07-22 23:15:42.849 10 ERROR neutron_lib.callbacks.manager record = self.api.lookup(self.table, self.record)
2026-07-22 23:15:42.849 10 ERROR neutron_lib.callbacks.manager
File "/var/lib/openstack/lib/python3.10/site-packages/ovsdbapp/backend/ovs_idl/__init__.py", line 184, in lookup
2026-07-22 23:15:42.849 10 ERROR neutron_lib.callbacks.manager return self._lookup(table, record)
2026-07-22 23:15:42.849 10 ERROR neutron_lib.callbacks.manager
File "/var/lib/openstack/lib/python3.10/site-packages/ovsdbapp/backend/ovs_idl/__init__.py", line 235, in _lookup
2026-07-22 23:15:42.849 10 ERROR neutron_lib.callbacks.manager row = idlutils.row_by_value(self, rl.table, rl.column, record)
2026-07-22 23:15:42.849 10 ERROR neutron_lib.callbacks.manager
File "/var/lib/openstack/lib/python3.10/site-packages/ovsdbapp/backend/ovs_idl/idlutils.py", line 114, in row_by_value
2026-07-22 23:15:42.849 10 ERROR neutron_lib.callbacks.manager raise RowNotFound(table=table, col=column, match=match)
2026-07-22 23:15:42.849 10 ERROR neutron_lib.callbacks.manager ovsdbapp.backend.ovs_idl.idlutils.RowNotFound: Cannot find Logical_Router_Port with name=lrp-17da0b89-873b-4b9b-846f-0b4779deca75
2026-07-22 23:15:42.849 10 ERROR neutron_lib.callbacks.manager 
2026-07-22 23:15:42.869 9 INFO neutron.db.ovn_revision_numbers_db [None req-3bc4ef3f-0eeb-423c-ab01-494069d36f02 ebbdda3948f148a492dd875a4ced6796 f2d0a8ebe7d244c18dc84a3e8f1419b4 - - default default] Successfully bumped revision number for resource 52a65288-2f6a-4224-bf18-d4e1daec25b3 (type: ports) to 2
2026-07-22 23:15:42.908 9 INFO neutron.db.ovn_revision_numbers_db [None req-3bc4ef3f-0eeb-423c-ab01-494069d36f02 ebbdda3948f148a492dd875a4ced6796 f2d0a8ebe7d244c18dc84a3e8f1419b4 - - default default] Successfully bumped revision number for resource 0288bcb7-7e37-4da2-8424-9a7512852ef6 (type: subnets) to 0
2026-07-22 23:15:42.925 9 INFO neutron.wsgi [None req-3bc4ef3f-0eeb-423c-ab01-494069d36f02 ebbdda3948f148a492dd875a4ced6796 f2d0a8ebe7d244c18dc84a3e8f1419b4 - - default default] 10.0.0.158 "POST /v2.0/subnets HTTP/1.1" status: 201 len: 865 time: 2.0750933
2026-07-22 23:15:43.010 10 WARNING neutron.scheduler.dhcp_agent_scheduler [None req-d5926ee0-8265-4505-8f37-65ae1097a4e2 c20ed0bbe47e49df952ec78ea164a609 0cc3b40bf1924492ae19d9d977a88fa6 - - default default] No more DHCP agents
2026-07-22 23:15:43.015 10 WARNING neutron.api.rpc.agentnotifiers.dhcp_rpc_agent_api [None req-d5926ee0-8265-4505-8f37-65ae1097a4e2 c20ed0bbe47e49df952ec78ea164a609 0cc3b40bf1924492ae19d9d977a88fa6 - - default default] Unable to schedule network 688f6ccb-5218-4cb8-98cd-cb618f974f03: no agents available; will retry on subsequent port and subnet creation events.
2026-07-22 23:15:43.326 10 INFO neutron.plugins.ml2.drivers.ovn.mech_driver.mech_driver [None req-a8bdee5e-8c9c-4de5-8966-45d7ee8c5aef - - - - - -] OVN reports status up for port: 17da0b89-873b-4b9b-846f-0b4779deca75
2026-07-22 23:15:43.347 10 INFO neutron.plugins.ml2.plugin [None req-a8bdee5e-8c9c-4de5-8966-45d7ee8c5aef - - - - - -] Attempt 1 to provision port 17da0b89-873b-4b9b-846f-0b4779deca75
2026-07-22 23:15:43.368 10 INFO neutron.db.ovn_revision_numbers_db [None req-1c232fb4-9c72-4d23-bea9-6b42d3e53a5d f4f7bbf32d0d4e2b909095443813a7a8 442d027b130746229be12b85873ac0cb - - default default] Successfully bumped revision number for resource 17da0b89-873b-4b9b-846f-0b4779deca75 (type: ports) to 1
2026-07-22 23:15:43.380 10 INFO neutron.db.ovn_revision_numbers_db [None req-d5926ee0-8265-4505-8f37-65ae1097a4e2 c20ed0bbe47e49df952ec78ea164a609 0cc3b40bf1924492ae19d9d977a88fa6 - - default default] Successfully bumped revision number for resource dda0b939-87b7-4fed-869e-06236a887bc3 (type: ports) to 1
2026-07-22 23:15:43.456 10 WARNING neutron.scheduler.dhcp_agent_scheduler [None req-d5926ee0-8265-4505-8f37-65ae1097a4e2 c20ed0bbe47e49df952ec78ea164a609 0cc3b40bf1924492ae19d9d977a88fa6 - - default default] No more DHCP agents
2026-07-22 23:15:43.462 10 WARNING neutron.api.rpc.agentnotifiers.dhcp_rpc_agent_api [None req-d5926ee0-8265-4505-8f37-65ae1097a4e2 c20ed0bbe47e49df952ec78ea164a609 0cc3b40bf1924492ae19d9d977a88fa6 - - default default] Unable to schedule network e96d570d-0ed4-46ab-8ad7-5160ebf58810: no agents available; will retry on subsequent port and subnet creation events.
2026-07-22 23:15:43.497 9 WARNING neutron.scheduler.dhcp_agent_scheduler [None req-cc811bbd-c2b3-4a89-98bc-7a578a8d1603 ebbdda3948f148a492dd875a4ced6796 f2d0a8ebe7d244c18dc84a3e8f1419b4 - - default default] No more DHCP agents
2026-07-22 23:15:43.498 9 WARNING neutron.api.rpc.agentnotifiers.dhcp_rpc_agent_api [None req-cc811bbd-c2b3-4a89-98bc-7a578a8d1603 ebbdda3948f148a492dd875a4ced6796 f2d0a8ebe7d244c18dc84a3e8f1419b4 - - default default] Unable to schedule network bf4d9735-a477-438d-a56d-0935727297ff: no agents available; will retry on subsequent port and subnet creation events.
2026-07-22 23:15:43.528 10 WARNING neutron.scheduler.dhcp_agent_scheduler [None req-1c232fb4-9c72-4d23-bea9-6b42d3e53a5d f4f7bbf32d0d4e2b909095443813a7a8 442d027b130746229be12b85873ac0cb - - default default] No more DHCP agents
2026-07-22 23:15:43.534 10 WARNING neutron.api.rpc.agentnotifiers.dhcp_rpc_agent_api [None req-1c232fb4-9c72-4d23-bea9-6b42d3e53a5d f4f7bbf32d0d4e2b909095443813a7a8 442d027b130746229be12b85873ac0cb - - default default] Unable to schedule network b9763dad-d8be-4e09-8f37-04a9447eb461: no agents available; will retry on subsequent port and subnet creation events.
2026-07-22 23:15:43.653 9 INFO neutron.db.ovn_revision_numbers_db [None req-cc811bbd-c2b3-4a89-98bc-7a578a8d1603 ebbdda3948f148a492dd875a4ced6796 f2d0a8ebe7d244c18dc84a3e8f1419b4 - - default default] Successfully bumped revision number for resource c9da4b76-dc1f-44d1-9cd7-95a32f7acf51 (type: ports) to 1
2026-07-22 23:15:43.687 10 INFO neutron.db.ovn_revision_numbers_db [None req-d5926ee0-8265-4505-8f37-65ae1097a4e2 c20ed0bbe47e49df952ec78ea164a609 0cc3b40bf1924492ae19d9d977a88fa6 - - default default] Successfully bumped revision number for resource 2c02d3e1-f3e3-44ff-8087-18455af4ea5f (type: ports) to 1
2026-07-22 23:15:43.733 10 INFO neutron.wsgi [None req-d5926ee0-8265-4505-8f37-65ae1097a4e2 c20ed0bbe47e49df952ec78ea164a609 0cc3b40bf1924492ae19d9d977a88fa6 - - default default] 10.0.0.158 "POST /v2.0/ports HTTP/1.1" status: 201 len: 1704 time: 1.4656949 /var/lib/openstack/lib/python3.10/site-packages/pycadf/identifier.py:71: UserWarning: Invalid uuid: neutron. To ensure interoperability, identifiers should be a valid uuid. warnings.warn(('Invalid uuid: %s. To ensure interoperability, '
2026-07-22 23:15:43.836 10 INFO neutron.db.ovn_revision_numbers_db [None req-1c232fb4-9c72-4d23-bea9-6b42d3e53a5d f4f7bbf32d0d4e2b909095443813a7a8 442d027b130746229be12b85873ac0cb - - default default] Successfully bumped revision number for resource 17da0b89-873b-4b9b-846f-0b4779deca75 (type: router_ports) to 1
2026-07-22 23:15:43.844 10 INFO neutron.wsgi [None req-1c232fb4-9c72-4d23-bea9-6b42d3e53a5d f4f7bbf32d0d4e2b909095443813a7a8 442d027b130746229be12b85873ac0cb - - default default] 10.0.0.158 "PUT /v2.0/routers/555c9db7-6b6f-4b31-805d-4f77a5b76e93/add_router_interface HTTP/1.1" status: 200 len: 503 time: 2.4204936
2026-07-22 23:15:43.956 10 INFO neutron.wsgi [None req-38df84b2-8f88-4953-8bf1-81dac9ce738f c20ed0bbe47e49df952ec78ea164a609 0cc3b40bf1924492ae19d9d977a88fa6 - - default default] 10.0.0.158 "GET /v2.0/ports HTTP/1.1" status: 200 len: 3211 time: 0.2156754
2026-07-22 23:15:44.061 10 INFO neutron.wsgi [None req-6df0524d-b8f4-48cb-9302-ee92a0779b65 f4f7bbf32d0d4e2b909095443813a7a8 442d027b130746229be12b85873ac0cb - - default default] 10.0.0.158 "GET /v2.0/ports/17da0b89-873b-4b9b-846f-0b4779deca75 HTTP/1.1" status: 200 len: 1137 time: 0.2084315
2026-07-22 23:15:44.189 10 INFO neutron.db.ovn_revision_numbers_db [None req-a8bdee5e-8c9c-4de5-8966-45d7ee8c5aef - - - - - -] Successfully bumped revision number for resource 17da0b89-873b-4b9b-846f-0b4779deca75 (type: ports) to 2
2026-07-22 23:15:44.261 9 INFO neutron.wsgi [None req-4f3f9a28-7026-4c8f-9622-c39bc2df8bc0 f4f7bbf32d0d4e2b909095443813a7a8 442d027b130746229be12b85873ac0cb - - default default] 10.0.0.158 "GET /v2.0/ports/17da0b89-873b-4b9b-846f-0b4779deca75 HTTP/1.1" status: 200 len: 1137 time: 0.1929958
2026-07-22 23:15:44.359 10 INFO neutron.wsgi [None req-9152e3b9-ef72-4f0e-877f-2085936c06a6 c20ed0bbe47e49df952ec78ea164a609 0cc3b40bf1924492ae19d9d977a88fa6 - - default default] 10.0.0.158 "DELETE /v2.0/ports/dda0b939-87b7-4fed-869e-06236a887bc3 HTTP/1.1" status: 204 len: 168 time: 0.3960907
2026-07-22 23:15:44.410 10 INFO neutron.db.ovn_revision_numbers_db [None req-a8bdee5e-8c9c-4de5-8966-45d7ee8c5aef - - - - - -] Successfully bumped revision number for resource 17da0b89-873b-4b9b-846f-0b4779deca75 (type: router_ports) to 2
2026-07-22 23:15:44.629 10 INFO neutron.wsgi [None req-8535486e-a8b4-4417-b135-2e8b246a85f9 c20ed0bbe47e49df952ec78ea164a609 0cc3b40bf1924492ae19d9d977a88fa6 - - default default] 10.0.0.158 "DELETE /v2.0/ports/2c02d3e1-f3e3-44ff-8087-18455af4ea5f HTTP/1.1" status: 204 len: 168 time: 0.2662177
2026-07-22 23:15:44.668 9 WARNING neutron_lib.context [None req-97f9ea1c-39f7-4815-8df4-07d99dae22d7 828c2d50e5264574bb71867a695f21fc f3bd6e44de0d4f0caa39e13115b51f02 - - default default] Method 'is_advsvc' is deprecated since 2023.2 release (neutron-lib 3.8.0) and will be removed once support for the old RBAC API policies will be removed from Neutron. Please use method 'is_service_role' instead.
2026-07-22 23:15:44.680 10 INFO neutron.wsgi [None req-4c89dbf1-848e-49f3-b21d-7dc63db302e4 c20ed0bbe47e49df952ec78ea164a609 0cc3b40bf1924492ae19d9d977a88fa6 - - default default] 10.0.0.158 "GET /v2.0/ports HTTP/1.1" status: 200 len: 1718 time: 0.0453537
2026-07-22 23:15:44.693 10 WARNING neutron_lib.context [None req-61cafa26-aa57-4f7e-920a-033c4864c492 c20ed0bbe47e49df952ec78ea164a609 0cc3b40bf1924492ae19d9d977a88fa6 - - default default] Method 'is_advsvc' is deprecated since 2023.2 release (neutron-lib 3.8.0) and will be removed once support for the old RBAC API policies will be removed from Neutron. Please use method 'is_service_role' instead.
2026-07-22 23:15:44.777 10 INFO neutron.db.segments_db [None req-61cafa26-aa57-4f7e-920a-033c4864c492 c20ed0bbe47e49df952ec78ea164a609 0cc3b40bf1924492ae19d9d977a88fa6 - - default default] Added segment c15d4c5d-a06f-4932-b054-1682904e154e of type geneve for network 7926a1a2-502b-4e6b-8aa9-376436a5dcf8
2026-07-22 23:15:44.915 9 INFO neutron.plugins.ml2.drivers.ovn.mech_driver.ovsdb.commands [None req-10d1209e-ae13-45bf-b51d-213f10456a7b - - - - - -] Schedule LRP lrp-c9da4b76-dc1f-44d1-9cd7-95a32f7acf51 on gateway 29c9d2a8-b421-488d-8da2-2727d29b50d3 with priority 1
2026-07-22 23:15:44.920 10 INFO neutron.db.ovn_revision_numbers_db [None req-61cafa26-aa57-4f7e-920a-033c4864c492 c20ed0bbe47e49df952ec78ea164a609 0cc3b40bf1924492ae19d9d977a88fa6 - - default default] Successfully bumped revision number for resource 7926a1a2-502b-4e6b-8aa9-376436a5dcf8 (type: networks) to 1
2026-07-22 23:15:44.960 9 INFO neutron.plugins.ml2.drivers.ovn.mech_driver.ovsdb.ovsdb_monitor [None req-7db64f69-662b-4af1-95de-b718aaa0cef9 - - - - - -] Router 104c52d3-1869-4d34-a194-d5de90083558 is bound to host instance
2026-07-22 23:15:44.972 9 INFO neutron.db.ovn_revision_numbers_db [None req-97f9ea1c-39f7-4815-8df4-07d99dae22d7 828c2d50e5264574bb71867a695f21fc f3bd6e44de0d4f0caa39e13115b51f02 - - default default] Successfully bumped revision number for resource c056239f-93c6-4e4b-90bb-48319ba7df8d (type: security_groups) to 1
2026-07-22 23:15:45.014 9 INFO neutron.db.ovn_revision_numbers_db [None req-cc811bbd-c2b3-4a89-98bc-7a578a8d1603 ebbdda3948f148a492dd875a4ced6796 f2d0a8ebe7d244c18dc84a3e8f1419b4 - - default default] Successfully bumped revision number for resource c9da4b76-dc1f-44d1-9cd7-95a32f7acf51 (type: router_ports) to 1
2026-07-22 23:15:45.017 9 INFO neutron.db.ovn_revision_numbers_db [None req-97f9ea1c-39f7-4815-8df4-07d99dae22d7 828c2d50e5264574bb71867a695f21fc f3bd6e44de0d4f0caa39e13115b51f02 - - default default] Successfully bumped revision number for resource 62850340-b164-4e60-b3cf-6fa87d03a36b (type: security_group_rules) to 0
2026-07-22 23:15:45.057 9 INFO neutron.db.ovn_revision_numbers_db [None req-97f9ea1c-39f7-4815-8df4-07d99dae22d7 828c2d50e5264574bb71867a695f21fc f3bd6e44de0d4f0caa39e13115b51f02 - - default default] Successfully bumped revision number for resource 80899bf1-7a45-4808-a56f-500c386c9432 (type: security_group_rules) to 0
2026-07-22 23:15:45.146 10 WARNING neutron.scheduler.dhcp_agent_scheduler [None req-61cafa26-aa57-4f7e-920a-033c4864c492 c20ed0bbe47e49df952ec78ea164a609 0cc3b40bf1924492ae19d9d977a88fa6 - - default default] No more DHCP agents
2026-07-22 23:15:45.149 10 WARNING neutron.api.rpc.agentnotifiers.dhcp_rpc_agent_api [None req-61cafa26-aa57-4f7e-920a-033c4864c492 c20ed0bbe47e49df952ec78ea164a609 0cc3b40bf1924492ae19d9d977a88fa6 - - default default] Unable to schedule network 7926a1a2-502b-4e6b-8aa9-376436a5dcf8: no agents available; will retry on subsequent port and subnet creation events.
2026-07-22 23:15:45.239 10 INFO neutron.db.ovn_revision_numbers_db [None req-61cafa26-aa57-4f7e-920a-033c4864c492 c20ed0bbe47e49df952ec78ea164a609 0cc3b40bf1924492ae19d9d977a88fa6 - - default default] Successfully bumped revision number for resource f915741f-14c0-450c-98d1-ae43938a7418 (type: ports) to 1
2026-07-22 23:15:45.262 10 INFO neutron.wsgi [None req-61cafa26-aa57-4f7e-920a-033c4864c492 c20ed0bbe47e49df952ec78ea164a609 0cc3b40bf1924492ae19d9d977a88fa6 - - default default] 10.0.0.158 "POST /v2.0/networks HTTP/1.1" status: 201 len: 848 time: 0.5745084
2026-07-22 23:15:45.271 10 WARNING neutron_lib.context [None req-adb90307-927f-49f0-b1f6-ca4ae4be3808 c20ed0bbe47e49df952ec78ea164a609 0cc3b40bf1924492ae19d9d977a88fa6 - - default default] Method 'is_advsvc' is deprecated since 2023.2 release (neutron-lib 3.8.0) and will be removed once support for the old RBAC API policies will be removed from Neutron. Please use method 'is_service_role' instead.
2026-07-22 23:15:45.328 9 INFO neutron.db.ovn_revision_numbers_db [None req-97f9ea1c-39f7-4815-8df4-07d99dae22d7 828c2d50e5264574bb71867a695f21fc f3bd6e44de0d4f0caa39e13115b51f02 - - default default] Successfully bumped revision number for resource 88ae09fb-2ac9-4bda-8ca3-a087528a2aac (type: security_group_rules) to 0
2026-07-22 23:15:45.366 10 INFO neutron.db.segments_db [None req-adb90307-927f-49f0-b1f6-ca4ae4be3808 c20ed0bbe47e49df952ec78ea164a609 0cc3b40bf1924492ae19d9d977a88fa6 - - default default] Added segment ded87937-496b-4d6e-a4a9-5ec5d8d1d102 of type geneve for network f30bc287-8b80-41d4-baac-c5cbc348fcdb
2026-07-22 23:15:45.396 9 INFO neutron.db.ovn_revision_numbers_db [None req-97f9ea1c-39f7-4815-8df4-07d99dae22d7 828c2d50e5264574bb71867a695f21fc f3bd6e44de0d4f0caa39e13115b51f02 - - default default] Successfully bumped revision number for resource dd2a0ef9-a057-40c6-b28a-4fd833a3ffa1 (type: security_group_rules) to 0
2026-07-22 23:15:45.409 9 INFO neutron.db.ovn_revision_numbers_db [None req-cc811bbd-c2b3-4a89-98bc-7a578a8d1603 ebbdda3948f148a492dd875a4ced6796 f2d0a8ebe7d244c18dc84a3e8f1419b4 - - default default] Successfully bumped revision number for resource 104c52d3-1869-4d34-a194-d5de90083558 (type: routers) to 2
2026-07-22 23:15:45.473 9 INFO neutron.wsgi [None req-cc811bbd-c2b3-4a89-98bc-7a578a8d1603 ebbdda3948f148a492dd875a4ced6796 f2d0a8ebe7d244c18dc84a3e8f1419b4 - - default default] 10.0.0.158 "POST /v2.0/routers HTTP/1.1" status: 201 len: 1167 time: 2.5446105
2026-07-22 23:15:45.492 9 INFO neutron.db.segments_db [None req-97f9ea1c-39f7-4815-8df4-07d99dae22d7 828c2d50e5264574bb71867a695f21fc f3bd6e44de0d4f0caa39e13115b51f02 - - default default] Added segment 1bcdb3da-3210-411e-bf73-93249e0ab577 of type geneve for network c2231004-cfad-48a6-a24a-2058683fe106
2026-07-22 23:15:45.752 10 INFO neutron.db.ovn_revision_numbers_db [None req-adb90307-927f-49f0-b1f6-ca4ae4be3808 c20ed0bbe47e49df952ec78ea164a609 0cc3b40bf1924492ae19d9d977a88fa6 - - default default] Successfully bumped revision number for resource f30bc287-8b80-41d4-baac-c5cbc348fcdb (type: networks) to 1
2026-07-22 23:15:45.752 9 INFO neutron.wsgi [None req-2f33f2ca-9b9d-435e-9a03-5703e2764bdf f4f7bbf32d0d4e2b909095443813a7a8 442d027b130746229be12b85873ac0cb - - default default] 10.0.0.158 "PUT /v2.0/routers/555c9db7-6b6f-4b31-805d-4f77a5b76e93/remove_router_interface HTTP/1.1" status: 200 len: 503 time: 1.4855001
2026-07-22 23:15:45.805 9 INFO neutron.db.ovn_revision_numbers_db [None req-97f9ea1c-39f7-4815-8df4-07d99dae22d7 828c2d50e5264574bb71867a695f21fc f3bd6e44de0d4f0caa39e13115b51f02 - - default default] Successfully bumped revision number for resource c2231004-cfad-48a6-a24a-2058683fe106 (type: networks) to 1
2026-07-22 23:15:45.828 10 INFO neutron.wsgi [None req-7d319c99-e09d-48fc-a5f3-8b69ade84da7 f4f7bbf32d0d4e2b909095443813a7a8 442d027b130746229be12b85873ac0cb - - default default] 10.0.0.158 "GET /v2.0/ports/4aff478b-ee25-4e6b-8b52-c52d13d9f2d3 HTTP/1.1" status: 200 len: 1137 time: 0.0660031
2026-07-22 23:15:46.067 9 WARNING neutron.scheduler.dhcp_agent_scheduler [None req-97f9ea1c-39f7-4815-8df4-07d99dae22d7 828c2d50e5264574bb71867a695f21fc f3bd6e44de0d4f0caa39e13115b51f02 - - default default] No more DHCP agents
2026-07-22 23:15:46.072 9 WARNING neutron.api.rpc.agentnotifiers.dhcp_rpc_agent_api [None req-97f9ea1c-39f7-4815-8df4-07d99dae22d7 828c2d50e5264574bb71867a695f21fc f3bd6e44de0d4f0caa39e13115b51f02 - - default default] Unable to schedule network c2231004-cfad-48a6-a24a-2058683fe106: no agents available; will retry on subsequent port and subnet creation events.
2026-07-22 23:15:46.099 9 INFO neutron.wsgi [-] 10.0.0.178 "GET / HTTP/1.1" status: 200 len: 247 time: 0.0014918
2026-07-22 23:15:46.100 9 INFO neutron.wsgi [-] 10.0.0.178 "GET / HTTP/1.1" status: 200 len: 247 time: 0.0008802
2026-07-22 23:15:46.131 10 WARNING neutron.scheduler.dhcp_agent_scheduler [None req-adb90307-927f-49f0-b1f6-ca4ae4be3808 c20ed0bbe47e49df952ec78ea164a609 0cc3b40bf1924492ae19d9d977a88fa6 - - default default] No more DHCP agents
2026-07-22 23:15:46.142 10 WARNING neutron.api.rpc.agentnotifiers.dhcp_rpc_agent_api [None req-adb90307-927f-49f0-b1f6-ca4ae4be3808 c20ed0bbe47e49df952ec78ea164a609 0cc3b40bf1924492ae19d9d977a88fa6 - - default default] Unable to schedule network f30bc287-8b80-41d4-baac-c5cbc348fcdb: no agents available; will retry on subsequent port and subnet creation events.
2026-07-22 23:15:46.189 9 INFO neutron.db.ovn_revision_numbers_db [None req-97f9ea1c-39f7-4815-8df4-07d99dae22d7 828c2d50e5264574bb71867a695f21fc f3bd6e44de0d4f0caa39e13115b51f02 - - default default] Successfully bumped revision number for resource 86deac47-2930-4972-a779-0fb7ce2510a4 (type: ports) to 1
2026-07-22 23:15:46.221 9 INFO neutron.wsgi [None req-97f9ea1c-39f7-4815-8df4-07d99dae22d7 828c2d50e5264574bb71867a695f21fc f3bd6e44de0d4f0caa39e13115b51f02 - - default default] 10.0.0.158 "POST /v2.0/networks HTTP/1.1" status: 201 len: 843 time: 1.7050362 /var/lib/openstack/lib/python3.10/site-packages/pycadf/identifier.py:71: UserWarning: Invalid uuid: neutron. To ensure interoperability, identifiers should be a valid uuid. warnings.warn(('Invalid uuid: %s. To ensure interoperability, '
2026-07-22 23:15:46.279 9 WARNING neutron_lib.context [None req-48430fec-5a0e-4079-882c-cb15edc12623 828c2d50e5264574bb71867a695f21fc f3bd6e44de0d4f0caa39e13115b51f02 - - default default] Method 'is_advsvc' is deprecated since 2023.2 release (neutron-lib 3.8.0) and will be removed once support for the old RBAC API policies will be removed from Neutron. Please use method 'is_service_role' instead.
2026-07-22 23:15:46.340 10 INFO neutron.db.ovn_revision_numbers_db [None req-adb90307-927f-49f0-b1f6-ca4ae4be3808 c20ed0bbe47e49df952ec78ea164a609 0cc3b40bf1924492ae19d9d977a88fa6 - - default default] Successfully bumped revision number for resource c7320ae2-ef68-47d1-9523-7d44515cdb89 (type: ports) to 1
2026-07-22 23:15:46.379 10 INFO neutron.wsgi [None req-adb90307-927f-49f0-b1f6-ca4ae4be3808 c20ed0bbe47e49df952ec78ea164a609 0cc3b40bf1924492ae19d9d977a88fa6 - - default default] 10.0.0.158 "POST /v2.0/networks HTTP/1.1" status: 201 len: 848 time: 1.1125441
2026-07-22 23:15:46.404 9 INFO neutron.db.ovn_revision_numbers_db [None req-7db64f69-662b-4af1-95de-b718aaa0cef9 - - - - - -] Successfully bumped revision number for resource c9da4b76-dc1f-44d1-9cd7-95a32f7acf51 (type: ports) to 1
2026-07-22 23:15:46.422 9 WARNING neutron_lib.context [None req-bf9e5ae6-8c64-4132-bf15-ed28b8ab1ce9 c20ed0bbe47e49df952ec78ea164a609 0cc3b40bf1924492ae19d9d977a88fa6 - - default default] Method 'is_advsvc' is deprecated since 2023.2 release (neutron-lib 3.8.0) and will be removed once support for the old RBAC API policies will be removed from Neutron. Please use method 'is_service_role' instead.
2026-07-22 23:15:46.495 9 WARNING neutron_lib.context [None req-bf9e5ae6-8c64-4132-bf15-ed28b8ab1ce9 c20ed0bbe47e49df952ec78ea164a609 0cc3b40bf1924492ae19d9d977a88fa6 - - default default] Method 'is_advsvc' is deprecated since 2023.2 release (neutron-lib 3.8.0) and will be removed once support for the old RBAC API policies will be removed from Neutron. Please use method 'is_service_role' instead.
2026-07-22 23:15:46.614 10 WARNING neutron.scheduler.dhcp_agent_scheduler [None req-275fa7f9-c8ca-4e48-9478-859f73e2c98b ebbdda3948f148a492dd875a4ced6796 f2d0a8ebe7d244c18dc84a3e8f1419b4 - - default default] No more DHCP agents
2026-07-22 23:15:46.618 10 WARNING neutron.api.rpc.agentnotifiers.dhcp_rpc_agent_api [None req-275fa7f9-c8ca-4e48-9478-859f73e2c98b ebbdda3948f148a492dd875a4ced6796 f2d0a8ebe7d244c18dc84a3e8f1419b4 - - default default] Unable to schedule network 549d0643-681a-4821-8e65-225a819feb10: no agents available; will retry on subsequent port and subnet creation events.
2026-07-22 23:15:46.676 9 WARNING neutron.scheduler.dhcp_agent_scheduler [None req-48430fec-5a0e-4079-882c-cb15edc12623 828c2d50e5264574bb71867a695f21fc f3bd6e44de0d4f0caa39e13115b51f02 - - default default] No more DHCP agents
2026-07-22 23:15:46.683 9 WARNING neutron.api.rpc.agentnotifiers.dhcp_rpc_agent_api [None req-48430fec-5a0e-4079-882c-cb15edc12623 828c2d50e5264574bb71867a695f21fc f3bd6e44de0d4f0caa39e13115b51f02 - - default default] Unable to schedule network c2231004-cfad-48a6-a24a-2058683fe106: no agents available; will retry on subsequent port and subnet creation events.
2026-07-22 23:15:47.123 10 INFO neutron.db.ovn_revision_numbers_db [None req-275fa7f9-c8ca-4e48-9478-859f73e2c98b ebbdda3948f148a492dd875a4ced6796 f2d0a8ebe7d244c18dc84a3e8f1419b4 - - default default] Successfully bumped revision number for resource 1ac819c0-dded-4010-9e3a-54d8dc6a0ba3 (type: ports) to 1
2026-07-22 23:15:47.249 10 INFO neutron.wsgi [None req-0b39575c-4273-47dc-860d-b91236f02426 f4f7bbf32d0d4e2b909095443813a7a8 442d027b130746229be12b85873ac0cb - - default default] 10.0.0.158 "PUT /v2.0/routers/555c9db7-6b6f-4b31-805d-4f77a5b76e93/remove_router_interface HTTP/1.1" status: 200 len: 503 time: 1.4147999 /var/lib/openstack/lib/python3.10/site-packages/pycadf/identifier.py:71: UserWarning: Invalid uuid: neutron. To ensure interoperability, identifiers should be a valid uuid. warnings.warn(('Invalid uuid: %s. To ensure interoperability, '
2026-07-22 23:15:47.292 10 INFO neutron.wsgi [None req-8fc1a229-4d0c-4c88-9686-6b0dfcf08624 f4f7bbf32d0d4e2b909095443813a7a8 442d027b130746229be12b85873ac0cb - - default default] 10.0.0.158 "GET /v2.0/ports?device_id=555c9db7-6b6f-4b31-805d-4f77a5b76e93 HTTP/1.1" status: 200 len: 205 time: 0.0375066
2026-07-22 23:15:47.369 9 INFO neutron.db.ovn_revision_numbers_db [None req-7db64f69-662b-4af1-95de-b718aaa0cef9 - - - - - -] Successfully bumped revision number for resource c9da4b76-dc1f-44d1-9cd7-95a32f7acf51 (type: router_ports) to 3
2026-07-22 23:15:47.500 9 WARNING neutron.scheduler.dhcp_agent_scheduler [None req-bf9e5ae6-8c64-4132-bf15-ed28b8ab1ce9 c20ed0bbe47e49df952ec78ea164a609 0cc3b40bf1924492ae19d9d977a88fa6 - - default default] No more DHCP agents
2026-07-22 23:15:47.506 9 WARNING neutron.api.rpc.agentnotifiers.dhcp_rpc_agent_api [None req-bf9e5ae6-8c64-4132-bf15-ed28b8ab1ce9 c20ed0bbe47e49df952ec78ea164a609 0cc3b40bf1924492ae19d9d977a88fa6 - - default default] Unable to schedule network 7926a1a2-502b-4e6b-8aa9-376436a5dcf8: no agents available; will retry on subsequent port and subnet creation events.
2026-07-22 23:15:47.611 10 INFO neutron.wsgi [None req-dede5c01-3e5c-43c9-9fef-99a51544d72d f4f7bbf32d0d4e2b909095443813a7a8 442d027b130746229be12b85873ac0cb - - default default] 10.0.0.158 "DELETE /v2.0/routers/555c9db7-6b6f-4b31-805d-4f77a5b76e93 HTTP/1.1" status: 204 len: 168 time: 0.3126333
2026-07-22 23:15:47.822 9 INFO neutron.db.ovn_revision_numbers_db [None req-7db64f69-662b-4af1-95de-b718aaa0cef9 - - - - - -] Successfully bumped revision number for resource c9da4b76-dc1f-44d1-9cd7-95a32f7acf51 (type: ports) to 2
2026-07-22 23:15:47.942 10 INFO neutron.wsgi [None req-2853699e-9369-453e-856f-deff6aeea9c8 f4f7bbf32d0d4e2b909095443813a7a8 442d027b130746229be12b85873ac0cb - - default default] 10.0.0.158 "DELETE /v2.0/subnets/007f78ea-487e-4b8d-871c-0aafe3b8e1fe HTTP/1.1" status: 204 len: 168 time: 0.3252213
2026-07-22 23:15:47.986 9 INFO neutron.db.ovn_revision_numbers_db [None req-48430fec-5a0e-4079-882c-cb15edc12623 828c2d50e5264574bb71867a695f21fc f3bd6e44de0d4f0caa39e13115b51f02 - - default default] Successfully bumped revision number for resource 86deac47-2930-4972-a779-0fb7ce2510a4 (type: ports) to 2
2026-07-22 23:15:47.998 10 ERROR ovsdbapp.backend.ovs_idl.command [None req-275fa7f9-c8ca-4e48-9478-859f73e2c98b ebbdda3948f148a492dd875a4ced6796 f2d0a8ebe7d244c18dc84a3e8f1419b4 - - default default] Error executing command (DbGetCommand): ovsdbapp.backend.ovs_idl.idlutils.RowNotFound: Cannot find Logical_Router_Port with name=lrp-1ac819c0-dded-4010-9e3a-54d8dc6a0ba3
2026-07-22 23:15:47.998 10 ERROR ovsdbapp.backend.ovs_idl.command
Traceback (most recent call last):
2026-07-22 23:15:47.998 10 ERROR ovsdbapp.backend.ovs_idl.command
File "/var/lib/openstack/lib/python3.10/site-packages/ovsdbapp/backend/ovs_idl/command.py", line 47, in execute
2026-07-22 23:15:47.998 10 ERROR ovsdbapp.backend.ovs_idl.command self.run_idl(None)
2026-07-22 23:15:47.998 10 ERROR ovsdbapp.backend.ovs_idl.command
File "/var/lib/openstack/lib/python3.10/site-packages/ovsdbapp/backend/ovs_idl/command.py", line 235, in run_idl
2026-07-22 23:15:47.998 10 ERROR ovsdbapp.backend.ovs_idl.command record = self.api.lookup(self.table, self.record)
2026-07-22 23:15:47.998 10 ERROR ovsdbapp.backend.ovs_idl.command
File "/var/lib/openstack/lib/python3.10/site-packages/ovsdbapp/backend/ovs_idl/__init__.py", line 184, in lookup
2026-07-22 23:15:47.998 10 ERROR ovsdbapp.backend.ovs_idl.command return self._lookup(table, record)
2026-07-22 23:15:47.998 10 ERROR ovsdbapp.backend.ovs_idl.command
File "/var/lib/openstack/lib/python3.10/site-packages/ovsdbapp/backend/ovs_idl/__init__.py", line 235, in _lookup
2026-07-22 23:15:47.998 10 ERROR ovsdbapp.backend.ovs_idl.command row = idlutils.row_by_value(self, rl.table, rl.column, record)
2026-07-22 23:15:47.998 10 ERROR ovsdbapp.backend.ovs_idl.command
File "/var/lib/openstack/lib/python3.10/site-packages/ovsdbapp/backend/ovs_idl/idlutils.py", line 114, in row_by_value
2026-07-22 23:15:47.998 10 ERROR ovsdbapp.backend.ovs_idl.command raise RowNotFound(table=table, col=column, match=match)
2026-07-22 23:15:47.998 10 ERROR ovsdbapp.backend.ovs_idl.command ovsdbapp.backend.ovs_idl.idlutils.RowNotFound: Cannot find Logical_Router_Port with name=lrp-1ac819c0-dded-4010-9e3a-54d8dc6a0ba3
2026-07-22 23:15:47.998 10 ERROR ovsdbapp.backend.ovs_idl.command 
2026-07-22 23:15:47.998 10 ERROR neutron_lib.callbacks.manager [None req-275fa7f9-c8ca-4e48-9478-859f73e2c98b ebbdda3948f148a492dd875a4ced6796 f2d0a8ebe7d244c18dc84a3e8f1419b4 - - default default] Error during notification for neutron.services.ovn_l3.plugin.OVNL3RouterPlugin._port_update-8726360469222 port, after_update: ovsdbapp.backend.ovs_idl.idlutils.RowNotFound: Cannot find Logical_Router_Port with name=lrp-1ac819c0-dded-4010-9e3a-54d8dc6a0ba3
