2026-07-22 23:18:25.707 9 WARNING neutron.api.rpc.agentnotifiers.dhcp_rpc_agent_api [None req-6198667d-070a-4a0e-81c3-a9b59be6aaef fa07bc86a1ac4a329a51348e43db53e6 cfe49646550f417391da8458e39c2dc1 - - default default] Unable to schedule network 0a6b35e9-8781-4c2c-b9e9-c72dc733829c: no agents available; will retry on subsequent port and subnet creation events.
2026-07-22 23:18:25.960 10 INFO neutron.wsgi [None req-b3e2d012-1c01-4976-9ad7-4bf51c7fe47f ebbdda3948f148a492dd875a4ced6796 f2d0a8ebe7d244c18dc84a3e8f1419b4 - - default default] 10.0.0.158 "DELETE /v2.0/security-groups/b1b3a172-3ca3-4055-8d58-d9295f352e72 HTTP/1.1" status: 204 len: 168 time: 0.3314133
2026-07-22 23:18:26.087 10 INFO neutron.wsgi [req-d11495e7-2b3a-4343-9385-1fe5ae9eaca9 req-46dc1621-ae59-428b-9856-e6365d37f9ce 38b7af1608ab41288e45d13e552b4b4c 9e638baa87ad423dac194c8e5e228763 - - abae589cee0a4341a3424b5ec21a2a36 abae589cee0a4341a3424b5ec21a2a36] 10.0.0.165 "GET /v2.0/ports?device_id=4f30456f-3992-4dde-a3e3-8610a19950d8 HTTP/1.1" status: 200 len: 1626 time: 0.0625536
2026-07-22 23:18:26.158 10 INFO neutron.wsgi [req-d11495e7-2b3a-4343-9385-1fe5ae9eaca9 req-9015a360-e61e-4df9-83d7-ed90a9a012bd 38b7af1608ab41288e45d13e552b4b4c 9e638baa87ad423dac194c8e5e228763 - - abae589cee0a4341a3424b5ec21a2a36 abae589cee0a4341a3424b5ec21a2a36] 10.0.0.165 "GET /v2.0/security-groups?id=9a17976b-98be-4dd5-b062-ba0f2a4644cf&fields=id&fields=name HTTP/1.1" status: 200 len: 311 time: 0.0612495
2026-07-22 23:18:26.176 9 INFO neutron.db.ovn_revision_numbers_db [None req-6198667d-070a-4a0e-81c3-a9b59be6aaef fa07bc86a1ac4a329a51348e43db53e6 cfe49646550f417391da8458e39c2dc1 - - default default] Successfully bumped revision number for resource c853c5bf-71e0-44f3-a8f9-a2344e76211f (type: ports) to 2
2026-07-22 23:18:26.182 9 INFO neutron.wsgi [req-f3f41eb2-c50d-4950-ad74-b6c09571a7ce req-6405ea29-8e2d-4cb3-8fb1-53b5eb5e9953 38b7af1608ab41288e45d13e552b4b4c 9e638baa87ad423dac194c8e5e228763 - - abae589cee0a4341a3424b5ec21a2a36 abae589cee0a4341a3424b5ec21a2a36] 199.204.45.240 "GET /v2.0/ports?device_id=4f30456f-3992-4dde-a3e3-8610a19950d8&fields=binding%3Ahost_id&fields=binding%3Avif_type HTTP/1.1" status: 200 len: 265 time: 0.0327528
2026-07-22 23:18:26.213 9 INFO neutron.db.ovn_revision_numbers_db [None req-6198667d-070a-4a0e-81c3-a9b59be6aaef fa07bc86a1ac4a329a51348e43db53e6 cfe49646550f417391da8458e39c2dc1 - - default default] Successfully bumped revision number for resource d14aa8c3-28e1-4a16-9fff-80e1c0a0dcb5 (type: subnets) to 0
2026-07-22 23:18:26.237 9 INFO neutron.wsgi [None req-6198667d-070a-4a0e-81c3-a9b59be6aaef fa07bc86a1ac4a329a51348e43db53e6 cfe49646550f417391da8458e39c2dc1 - - default default] 10.0.0.158 "POST /v2.0/subnets HTTP/1.1" status: 201 len: 822 time: 0.7143469
2026-07-22 23:18:26.251 10 WARNING neutron.api.v2.base [None req-216fb18d-be59-410b-a22a-36807f3f17df fa07bc86a1ac4a329a51348e43db53e6 cfe49646550f417391da8458e39c2dc1 - - default default] An exception happened while processing the request body. The exception message is [Invalid input for target_tenant. Reason: '1234123412341234123412341234123412341234123412341234123412341234123412341234123412341234123412341234123412341234123412341234123412341234123412341234123412341234123412341234123412341234123412341234123412341234123412341234123412341234123412341234123412341234123412341234123412341234123412341234123412341234123412341234123412341234123412341234123412341234123412341234123412341234123412341234123412341234' exceeds maximum length of 255.].: webob.exc.HTTPBadRequest: Invalid input for target_tenant. Reason: '1234123412341234123412341234123412341234123412341234123412341234123412341234123412341234123412341234123412341234123412341234123412341234123412341234123412341234123412341234123412341234123412341234123412341234123412341234123412341234123412341234123412341234123412341234123412341234123412341234123412341234123412341234123412341234123412341234123412341234123412341234123412341234123412341234123412341234' exceeds maximum length of 255.
2026-07-22 23:18:26.252 10 INFO neutron.api.v2.resource [None req-216fb18d-be59-410b-a22a-36807f3f17df fa07bc86a1ac4a329a51348e43db53e6 cfe49646550f417391da8458e39c2dc1 - - default default] create failed (client error): Invalid input for target_tenant. Reason: '1234123412341234123412341234123412341234123412341234123412341234123412341234123412341234123412341234123412341234123412341234123412341234123412341234123412341234123412341234123412341234123412341234123412341234123412341234123412341234123412341234123412341234123412341234123412341234123412341234123412341234123412341234123412341234123412341234123412341234123412341234123412341234123412341234123412341234' exceeds maximum length of 255.
2026-07-22 23:18:26.253 10 INFO neutron.wsgi [None req-216fb18d-be59-410b-a22a-36807f3f17df fa07bc86a1ac4a329a51348e43db53e6 cfe49646550f417391da8458e39c2dc1 - - default default] 10.0.0.158 "POST /v2.0/rbac-policies HTTP/1.1" status: 400 len: 750 time: 0.0072148
2026-07-22 23:18:26.292 9 INFO neutron.wsgi [req-f3f41eb2-c50d-4950-ad74-b6c09571a7ce req-36f6a020-99fb-4f72-9d2c-21411b91eaa5 38b7af1608ab41288e45d13e552b4b4c 9e638baa87ad423dac194c8e5e228763 - - abae589cee0a4341a3424b5ec21a2a36 abae589cee0a4341a3424b5ec21a2a36] 199.204.45.240 "GET /v2.0/ports?tenant_id=3b29426218814660a282be2e0c96c1b3&device_id=4f30456f-3992-4dde-a3e3-8610a19950d8 HTTP/1.1" status: 200 len: 1626 time: 0.0502548
2026-07-22 23:18:26.376 9 INFO neutron.wsgi [req-f3f41eb2-c50d-4950-ad74-b6c09571a7ce req-e98c581f-480a-4a34-8f9b-f9b89512eff2 38b7af1608ab41288e45d13e552b4b4c 9e638baa87ad423dac194c8e5e228763 - - abae589cee0a4341a3424b5ec21a2a36 abae589cee0a4341a3424b5ec21a2a36] 199.204.45.240 "GET /v2.0/networks?id=e69d52fe-82b3-4b8d-bf17-83a9325fb50d HTTP/1.1" status: 200 len: 1002 time: 0.0604706
2026-07-22 23:18:26.426 10 INFO neutron.plugins.ml2.drivers.ovn.mech_driver.ovsdb.commands [None req-5ed7c81e-d2d8-4ccd-a4fc-57ec07a3f679 - - - - - -] Schedule LRP lrp-454ed316-a38e-41be-8bbf-b101ee8c6286 on gateway 29c9d2a8-b421-488d-8da2-2727d29b50d3 with priority 1
2026-07-22 23:18:26.439 9 INFO neutron.wsgi [req-f3f41eb2-c50d-4950-ad74-b6c09571a7ce req-c42efc3e-f183-4b9c-8090-e463253188ca 38b7af1608ab41288e45d13e552b4b4c 9e638baa87ad423dac194c8e5e228763 - - abae589cee0a4341a3424b5ec21a2a36 abae589cee0a4341a3424b5ec21a2a36] 199.204.45.240 "GET /v2.0/floatingips?fixed_ip_address=10.2.1.7&port_id=bc9161a4-550a-45f6-8c3f-5b9e9c9b9fcc HTTP/1.1" status: 200 len: 1057 time: 0.0556741
2026-07-22 23:18:26.442 9 INFO neutron.plugins.ml2.drivers.ovn.mech_driver.mech_driver [None req-fe374d2f-ee0e-4dc5-9e9a-305e21e3287c - - - - - -] OVN reports status up for port: 454ed316-a38e-41be-8bbf-b101ee8c6286
2026-07-22 23:18:26.465 9 INFO neutron.plugins.ml2.plugin [None req-fe374d2f-ee0e-4dc5-9e9a-305e21e3287c - - - - - -] Attempt 1 to provision port 454ed316-a38e-41be-8bbf-b101ee8c6286
2026-07-22 23:18:26.467 9 INFO neutron.wsgi [req-f3f41eb2-c50d-4950-ad74-b6c09571a7ce req-ccc1fd13-6739-4b9c-b749-2fa44c6fb68a 38b7af1608ab41288e45d13e552b4b4c 9e638baa87ad423dac194c8e5e228763 - - abae589cee0a4341a3424b5ec21a2a36 abae589cee0a4341a3424b5ec21a2a36] 199.204.45.240 "GET /v2.0/floatingips?fixed_ip_address=fd7b%3Af9f7%3Afff%3A4eca%3A%3A2d&port_id=bc9161a4-550a-45f6-8c3f-5b9e9c9b9fcc HTTP/1.1" status: 200 len: 217 time: 0.0202923
2026-07-22 23:18:26.481 10 INFO neutron.db.ovn_revision_numbers_db [None req-454f9427-c053-4002-8f3e-fbdcae49cd63 30770d4c0a394ad299c2f9c5de6bbb8a 6f6e33af0f43400ca4271004f0202e83 - - default default] Successfully bumped revision number for resource 454ed316-a38e-41be-8bbf-b101ee8c6286 (type: router_ports) to 1
2026-07-22 23:18:26.515 9 INFO neutron.wsgi [req-f3f41eb2-c50d-4950-ad74-b6c09571a7ce req-0d3b10d3-aaa2-4b04-bc33-6f859ca281f0 38b7af1608ab41288e45d13e552b4b4c 9e638baa87ad423dac194c8e5e228763 - - abae589cee0a4341a3424b5ec21a2a36 abae589cee0a4341a3424b5ec21a2a36] 199.204.45.240 "GET /v2.0/subnets?id=d48147c5-16aa-45a2-a99a-7f1b3a3e1a36&id=84406956-76c2-4b96-a764-de2bd61b9cd9 HTTP/1.1" status: 200 len: 1562 time: 0.0420315
2026-07-22 23:18:26.548 9 INFO neutron.wsgi [req-f3f41eb2-c50d-4950-ad74-b6c09571a7ce req-02776d6a-1a04-4eea-8b49-20753fc74aed 38b7af1608ab41288e45d13e552b4b4c 9e638baa87ad423dac194c8e5e228763 - - abae589cee0a4341a3424b5ec21a2a36 abae589cee0a4341a3424b5ec21a2a36] 199.204.45.240 "GET /v2.0/ports?network_id=e69d52fe-82b3-4b8d-bf17-83a9325fb50d&device_owner=network%3Adhcp HTTP/1.1" status: 200 len: 210 time: 0.0247092
2026-07-22 23:18:26.574 10 INFO neutron.db.ovn_revision_numbers_db [None req-454f9427-c053-4002-8f3e-fbdcae49cd63 30770d4c0a394ad299c2f9c5de6bbb8a 6f6e33af0f43400ca4271004f0202e83 - - default default] Successfully bumped revision number for resource 461e98f2-8316-437e-83a2-4d7b81042bb2 (type: routers) to 2
2026-07-22 23:18:26.578 9 INFO neutron.wsgi [req-f3f41eb2-c50d-4950-ad74-b6c09571a7ce req-95b5d66f-bb76-4e24-be68-9a1012fbb9e3 38b7af1608ab41288e45d13e552b4b4c 9e638baa87ad423dac194c8e5e228763 - - abae589cee0a4341a3424b5ec21a2a36 abae589cee0a4341a3424b5ec21a2a36] 199.204.45.240 "GET /v2.0/ports?network_id=e69d52fe-82b3-4b8d-bf17-83a9325fb50d&device_owner=network%3Adhcp HTTP/1.1" status: 200 len: 210 time: 0.0245793
2026-07-22 23:18:26.589 10 INFO neutron.wsgi [None req-454f9427-c053-4002-8f3e-fbdcae49cd63 30770d4c0a394ad299c2f9c5de6bbb8a 6f6e33af0f43400ca4271004f0202e83 - - default default] 10.0.0.158 "POST /v2.0/routers HTTP/1.1" status: 201 len: 1135 time: 2.3182929
2026-07-22 23:18:26.638 9 INFO neutron.wsgi [req-f3f41eb2-c50d-4950-ad74-b6c09571a7ce req-7e900464-75cc-4f67-adff-f9230af9f422 38b7af1608ab41288e45d13e552b4b4c 9e638baa87ad423dac194c8e5e228763 - - abae589cee0a4341a3424b5ec21a2a36 abae589cee0a4341a3424b5ec21a2a36] 199.204.45.240 "GET /v2.0/networks/e69d52fe-82b3-4b8d-bf17-83a9325fb50d?fields=segments HTTP/1.1" status: 200 len: 212 time: 0.0550599
2026-07-22 23:18:26.688 9 INFO neutron.wsgi [req-f3f41eb2-c50d-4950-ad74-b6c09571a7ce req-6f6cd569-5c77-422a-b348-0124cb1784b8 38b7af1608ab41288e45d13e552b4b4c 9e638baa87ad423dac194c8e5e228763 - - abae589cee0a4341a3424b5ec21a2a36 abae589cee0a4341a3424b5ec21a2a36] 199.204.45.240 "GET /v2.0/networks/e69d52fe-82b3-4b8d-bf17-83a9325fb50d?fields=provider%3Aphysical_network&fields=provider%3Anetwork_type HTTP/1.1" status: 200 len: 277 time: 0.0429316
2026-07-22 23:18:27.025 10 INFO neutron.services.segments.plugin [-] Segment 90e59673-b4ad-48fc-aea3-90a8930aeb64 resource provider aggregate not found
2026-07-22 23:18:27.033 10 INFO neutron.services.segments.plugin [-] Segment 90e59673-b4ad-48fc-aea3-90a8930aeb64 resource provider aggregate not found
2026-07-22 23:18:27.051 10 INFO neutron.services.segments.plugin [-] Segment 90e59673-b4ad-48fc-aea3-90a8930aeb64 resource provider not found; error: Placement Client Error (4xx): {"errors": [{"status": 404, "title": "Not Found", "detail": "The resource could not be found.\n\n No resource provider with uuid 90e59673-b4ad-48fc-aea3-90a8930aeb64 found for delete ", "request_id": "req-f887ca3d-8466-4a54-a171-a8976b2f32cc"}]}
2026-07-22 23:18:27.052 10 INFO neutron.services.segments.plugin [-] Segment 90e59673-b4ad-48fc-aea3-90a8930aeb64 resource provider not found; error: Placement Client Error (4xx): {"errors": [{"status": 404, "title": "Not Found", "detail": "The resource could not be found.\n\n No resource provider with uuid 90e59673-b4ad-48fc-aea3-90a8930aeb64 found for delete ", "request_id": "req-b21218e0-4f4e-4fd6-a1a1-076512650d72"}]}
2026-07-22 23:18:27.073 10 INFO neutron.wsgi [None req-4ceb6a79-6640-4bcd-93c0-c6721ce27339 fa07bc86a1ac4a329a51348e43db53e6 cfe49646550f417391da8458e39c2dc1 - - default default] 10.0.0.158 "DELETE /v2.0/networks/0a6b35e9-8781-4c2c-b9e9-c72dc733829c HTTP/1.1" status: 204 len: 168 time: 0.8131652
2026-07-22 23:18:27.193 10 INFO neutron.db.segments_db [None req-22e484cb-ff14-40aa-a8b0-b4bd41d2d2bd fa07bc86a1ac4a329a51348e43db53e6 cfe49646550f417391da8458e39c2dc1 - - default default] Added segment 1fb4efa9-5c6b-4b80-bd21-765e2416c90a of type geneve for network 4665e824-7ab8-4a5a-8640-ad663625efc4
2026-07-22 23:18:27.443 10 INFO neutron.db.ovn_revision_numbers_db [None req-22e484cb-ff14-40aa-a8b0-b4bd41d2d2bd fa07bc86a1ac4a329a51348e43db53e6 cfe49646550f417391da8458e39c2dc1 - - default default] Successfully bumped revision number for resource 4665e824-7ab8-4a5a-8640-ad663625efc4 (type: networks) to 1
2026-07-22 23:18:27.518 10 WARNING neutron.scheduler.dhcp_agent_scheduler [None req-f2691e94-c8cc-444e-aabb-3c0c461c9b50 30770d4c0a394ad299c2f9c5de6bbb8a 6f6e33af0f43400ca4271004f0202e83 - - default default] No more DHCP agents
2026-07-22 23:18:27.523 10 WARNING neutron.api.rpc.agentnotifiers.dhcp_rpc_agent_api [None req-f2691e94-c8cc-444e-aabb-3c0c461c9b50 30770d4c0a394ad299c2f9c5de6bbb8a 6f6e33af0f43400ca4271004f0202e83 - - default default] Unable to schedule network 9cfd3197-1c3f-4d9e-a6ce-b3d1b6ff9004: no agents available; will retry on subsequent port and subnet creation events.
2026-07-22 23:18:27.695 10 WARNING neutron.scheduler.dhcp_agent_scheduler [None req-22e484cb-ff14-40aa-a8b0-b4bd41d2d2bd fa07bc86a1ac4a329a51348e43db53e6 cfe49646550f417391da8458e39c2dc1 - - default default] No more DHCP agents
2026-07-22 23:18:27.702 10 WARNING neutron.api.rpc.agentnotifiers.dhcp_rpc_agent_api [None req-22e484cb-ff14-40aa-a8b0-b4bd41d2d2bd fa07bc86a1ac4a329a51348e43db53e6 cfe49646550f417391da8458e39c2dc1 - - default default] Unable to schedule network 4665e824-7ab8-4a5a-8640-ad663625efc4: no agents available; will retry on subsequent port and subnet creation events.
2026-07-22 23:18:27.802 10 INFO neutron.db.ovn_revision_numbers_db [None req-f2691e94-c8cc-444e-aabb-3c0c461c9b50 30770d4c0a394ad299c2f9c5de6bbb8a 6f6e33af0f43400ca4271004f0202e83 - - default default] Successfully bumped revision number for resource d136ceee-286d-4730-82cd-6a4fa7ed796b (type: ports) to 1
2026-07-22 23:18:27.833 10 INFO neutron.db.ovn_revision_numbers_db [None req-22e484cb-ff14-40aa-a8b0-b4bd41d2d2bd fa07bc86a1ac4a329a51348e43db53e6 cfe49646550f417391da8458e39c2dc1 - - default default] Successfully bumped revision number for resource 68a26529-bd49-4751-8d18-da7b02b762c7 (type: ports) to 1
2026-07-22 23:18:27.963 10 INFO neutron.wsgi [None req-22e484cb-ff14-40aa-a8b0-b4bd41d2d2bd fa07bc86a1ac4a329a51348e43db53e6 cfe49646550f417391da8458e39c2dc1 - - default default] 10.0.0.158 "POST /v2.0/networks HTTP/1.1" status: 201 len: 928 time: 0.8797295
2026-07-22 23:18:28.285 9 WARNING neutron.scheduler.dhcp_agent_scheduler [None req-6d835ce7-a122-4005-8074-dfa813c48cf3 fa07bc86a1ac4a329a51348e43db53e6 cfe49646550f417391da8458e39c2dc1 - - default default] No more DHCP agents
2026-07-22 23:18:28.292 9 WARNING neutron.api.rpc.agentnotifiers.dhcp_rpc_agent_api [None req-6d835ce7-a122-4005-8074-dfa813c48cf3 fa07bc86a1ac4a329a51348e43db53e6 cfe49646550f417391da8458e39c2dc1 - - default default] Unable to schedule network 4665e824-7ab8-4a5a-8640-ad663625efc4: no agents available; will retry on subsequent port and subnet creation events.
2026-07-22 23:18:28.361 9 INFO neutron.db.ovn_revision_numbers_db [None req-7c546419-6ddc-425b-85a5-08b4c5dc6b52 ebbdda3948f148a492dd875a4ced6796 f2d0a8ebe7d244c18dc84a3e8f1419b4 - - default default] Successfully bumped revision number for resource de48a63f-a75a-4749-995a-a53f8516694d (type: security_groups) to 1
2026-07-22 23:18:28.406 9 INFO neutron.db.ovn_revision_numbers_db [None req-7c546419-6ddc-425b-85a5-08b4c5dc6b52 ebbdda3948f148a492dd875a4ced6796 f2d0a8ebe7d244c18dc84a3e8f1419b4 - - default default] Successfully bumped revision number for resource 234f664e-655c-4446-b4d4-88819068cda5 (type: security_group_rules) to 0
2026-07-22 23:18:28.456 9 INFO neutron.db.ovn_revision_numbers_db [None req-7c546419-6ddc-425b-85a5-08b4c5dc6b52 ebbdda3948f148a492dd875a4ced6796 f2d0a8ebe7d244c18dc84a3e8f1419b4 - - default default] Successfully bumped revision number for resource 36e3813f-a823-4997-9a48-73caf9dd3dc5 (type: security_group_rules) to 0
2026-07-22 23:18:28.512 9 INFO neutron.db.ovn_revision_numbers_db [None req-7c546419-6ddc-425b-85a5-08b4c5dc6b52 ebbdda3948f148a492dd875a4ced6796 f2d0a8ebe7d244c18dc84a3e8f1419b4 - - default default] Successfully bumped revision number for resource a05fe069-690c-4b1c-ad36-274d3bd28037 (type: security_group_rules) to 0
2026-07-22 23:18:28.550 9 INFO neutron.db.ovn_revision_numbers_db [None req-7c546419-6ddc-425b-85a5-08b4c5dc6b52 ebbdda3948f148a492dd875a4ced6796 f2d0a8ebe7d244c18dc84a3e8f1419b4 - - default default] Successfully bumped revision number for resource ef3ca81c-9e38-4c58-8dba-73c859439db7 (type: security_group_rules) to 0
2026-07-22 23:18:28.610 9 INFO neutron.db.segments_db [None req-7c546419-6ddc-425b-85a5-08b4c5dc6b52 ebbdda3948f148a492dd875a4ced6796 f2d0a8ebe7d244c18dc84a3e8f1419b4 - - default default] Added segment be18203d-6617-4d0a-a7ad-e92b1633ac14 of type geneve for network b00dafb6-2b9f-43f7-bbed-ee890bc4e3f9
2026-07-22 23:18:28.818 9 INFO neutron.db.ovn_revision_numbers_db [None req-7c546419-6ddc-425b-85a5-08b4c5dc6b52 ebbdda3948f148a492dd875a4ced6796 f2d0a8ebe7d244c18dc84a3e8f1419b4 - - default default] Successfully bumped revision number for resource b00dafb6-2b9f-43f7-bbed-ee890bc4e3f9 (type: networks) to 1
2026-07-22 23:18:28.882 10 ERROR ovsdbapp.backend.ovs_idl.command [None req-f2691e94-c8cc-444e-aabb-3c0c461c9b50 30770d4c0a394ad299c2f9c5de6bbb8a 6f6e33af0f43400ca4271004f0202e83 - - default default] Error executing command (DbGetCommand): ovsdbapp.backend.ovs_idl.idlutils.RowNotFound: Cannot find Logical_Router_Port with name=lrp-d136ceee-286d-4730-82cd-6a4fa7ed796b
2026-07-22 23:18:28.882 10 ERROR ovsdbapp.backend.ovs_idl.command
Traceback (most recent call last):
2026-07-22 23:18:28.882 10 ERROR ovsdbapp.backend.ovs_idl.command
File "/var/lib/openstack/lib/python3.10/site-packages/ovsdbapp/backend/ovs_idl/command.py", line 47, in execute
2026-07-22 23:18:28.882 10 ERROR ovsdbapp.backend.ovs_idl.command self.run_idl(None)
2026-07-22 23:18:28.882 10 ERROR ovsdbapp.backend.ovs_idl.command
File "/var/lib/openstack/lib/python3.10/site-packages/ovsdbapp/backend/ovs_idl/command.py", line 235, in run_idl
2026-07-22 23:18:28.882 10 ERROR ovsdbapp.backend.ovs_idl.command record = self.api.lookup(self.table, self.record)
2026-07-22 23:18:28.882 10 ERROR ovsdbapp.backend.ovs_idl.command
File "/var/lib/openstack/lib/python3.10/site-packages/ovsdbapp/backend/ovs_idl/__init__.py", line 184, in lookup
2026-07-22 23:18:28.882 10 ERROR ovsdbapp.backend.ovs_idl.command return self._lookup(table, record)
2026-07-22 23:18:28.882 10 ERROR ovsdbapp.backend.ovs_idl.command
File "/var/lib/openstack/lib/python3.10/site-packages/ovsdbapp/backend/ovs_idl/__init__.py", line 235, in _lookup
2026-07-22 23:18:28.882 10 ERROR ovsdbapp.backend.ovs_idl.command row = idlutils.row_by_value(self, rl.table, rl.column, record)
2026-07-22 23:18:28.882 10 ERROR ovsdbapp.backend.ovs_idl.command
File "/var/lib/openstack/lib/python3.10/site-packages/ovsdbapp/backend/ovs_idl/idlutils.py", line 114, in row_by_value
2026-07-22 23:18:28.882 10 ERROR ovsdbapp.backend.ovs_idl.command raise RowNotFound(table=table, col=column, match=match)
2026-07-22 23:18:28.882 10 ERROR ovsdbapp.backend.ovs_idl.command ovsdbapp.backend.ovs_idl.idlutils.RowNotFound: Cannot find Logical_Router_Port with name=lrp-d136ceee-286d-4730-82cd-6a4fa7ed796b
2026-07-22 23:18:28.882 10 ERROR ovsdbapp.backend.ovs_idl.command 
2026-07-22 23:18:28.882 10 ERROR neutron_lib.callbacks.manager [None req-f2691e94-c8cc-444e-aabb-3c0c461c9b50 30770d4c0a394ad299c2f9c5de6bbb8a 6f6e33af0f43400ca4271004f0202e83 - - default default] Error during notification for neutron.services.ovn_l3.plugin.OVNL3RouterPlugin._port_update-8726360469222 port, after_update: ovsdbapp.backend.ovs_idl.idlutils.RowNotFound: Cannot find Logical_Router_Port with name=lrp-d136ceee-286d-4730-82cd-6a4fa7ed796b
2026-07-22 23:18:28.882 10 ERROR neutron_lib.callbacks.manager
Traceback (most recent call last):
2026-07-22 23:18:28.882 10 ERROR neutron_lib.callbacks.manager
File "/var/lib/openstack/lib/python3.10/site-packages/neutron_lib/callbacks/manager.py", line 189, in _notify_loop
2026-07-22 23:18:28.882 10 ERROR neutron_lib.callbacks.manager callback.method(resource, event, trigger, payload=payload)
2026-07-22 23:18:28.882 10 ERROR neutron_lib.callbacks.manager
File "/var/lib/openstack/lib/python3.10/site-packages/neutron/services/ovn_l3/plugin.py", line 391, in _port_update
2026-07-22 23:18:28.882 10 ERROR neutron_lib.callbacks.manager l3plugin._ovn_client.update_router_port(context,
2026-07-22 23:18:28.882 10 ERROR neutron_lib.callbacks.manager
File "/var/lib/openstack/lib/python3.10/site-packages/neutron/plugins/ml2/drivers/ovn/mech_driver/ovsdb/ovn_client.py", line 1878, in update_router_port
2026-07-22 23:18:28.882 10 ERROR neutron_lib.callbacks.manager self._update_lrouter_port(context, port, if_exists=if_exists,
2026-07-22 23:18:28.882 10 ERROR neutron_lib.callbacks.manager
File "/var/lib/openstack/lib/python3.10/site-packages/neutron/plugins/ml2/drivers/ovn/mech_driver/ovsdb/ovn_client.py", line 1855, in _update_lrouter_port
2026-07-22 23:18:28.882 10 ERROR neutron_lib.callbacks.manager external_ids = self._nb_idl.db_get(
2026-07-22 23:18:28.882 10 ERROR neutron_lib.callbacks.manager
File "/var/lib/openstack/lib/python3.10/site-packages/ovsdbapp/backend/ovs_idl/command.py", line 47, in execute
2026-07-22 23:18:28.882 10 ERROR neutron_lib.callbacks.manager self.run_idl(None)
2026-07-22 23:18:28.882 10 ERROR neutron_lib.callbacks.manager
File "/var/lib/openstack/lib/python3.10/site-packages/ovsdbapp/backend/ovs_idl/command.py", line 235, in run_idl
2026-07-22 23:18:28.882 10 ERROR neutron_lib.callbacks.manager record = self.api.lookup(self.table, self.record)
2026-07-22 23:18:28.882 10 ERROR neutron_lib.callbacks.manager
File "/var/lib/openstack/lib/python3.10/site-packages/ovsdbapp/backend/ovs_idl/__init__.py", line 184, in lookup
2026-07-22 23:18:28.882 10 ERROR neutron_lib.callbacks.manager return self._lookup(table, record)
2026-07-22 23:18:28.882 10 ERROR neutron_lib.callbacks.manager
File "/var/lib/openstack/lib/python3.10/site-packages/ovsdbapp/backend/ovs_idl/__init__.py", line 235, in _lookup
2026-07-22 23:18:28.882 10 ERROR neutron_lib.callbacks.manager row = idlutils.row_by_value(self, rl.table, rl.column, record)
2026-07-22 23:18:28.882 10 ERROR neutron_lib.callbacks.manager
File "/var/lib/openstack/lib/python3.10/site-packages/ovsdbapp/backend/ovs_idl/idlutils.py", line 114, in row_by_value
2026-07-22 23:18:28.882 10 ERROR neutron_lib.callbacks.manager raise RowNotFound(table=table, col=column, match=match)
2026-07-22 23:18:28.882 10 ERROR neutron_lib.callbacks.manager ovsdbapp.backend.ovs_idl.idlutils.RowNotFound: Cannot find Logical_Router_Port with name=lrp-d136ceee-286d-4730-82cd-6a4fa7ed796b
2026-07-22 23:18:28.882 10 ERROR neutron_lib.callbacks.manager 
2026-07-22 23:18:28.994 9 INFO neutron.db.ovn_revision_numbers_db [None req-6d835ce7-a122-4005-8074-dfa813c48cf3 fa07bc86a1ac4a329a51348e43db53e6 cfe49646550f417391da8458e39c2dc1 - - default default] Successfully bumped revision number for resource 68a26529-bd49-4751-8d18-da7b02b762c7 (type: ports) to 2
2026-07-22 23:18:29.030 9 INFO neutron.db.ovn_revision_numbers_db [None req-6d835ce7-a122-4005-8074-dfa813c48cf3 fa07bc86a1ac4a329a51348e43db53e6 cfe49646550f417391da8458e39c2dc1 - - default default] Successfully bumped revision number for resource fb51e866-5d3f-400f-a3bd-4b28620377f6 (type: subnets) to 0
2026-07-22 23:18:29.048 9 WARNING neutron.scheduler.dhcp_agent_scheduler [None req-7c546419-6ddc-425b-85a5-08b4c5dc6b52 ebbdda3948f148a492dd875a4ced6796 f2d0a8ebe7d244c18dc84a3e8f1419b4 - - default default] No more DHCP agents
2026-07-22 23:18:29.049 9 WARNING neutron.api.rpc.agentnotifiers.dhcp_rpc_agent_api [None req-7c546419-6ddc-425b-85a5-08b4c5dc6b52 ebbdda3948f148a492dd875a4ced6796 f2d0a8ebe7d244c18dc84a3e8f1419b4 - - default default] Unable to schedule network b00dafb6-2b9f-43f7-bbed-ee890bc4e3f9: no agents available; will retry on subsequent port and subnet creation events.
2026-07-22 23:18:29.054 9 INFO neutron.wsgi [None req-6d835ce7-a122-4005-8074-dfa813c48cf3 fa07bc86a1ac4a329a51348e43db53e6 cfe49646550f417391da8458e39c2dc1 - - default default] 10.0.0.158 "POST /v2.0/subnets HTTP/1.1" status: 201 len: 822 time: 1.0844917
2026-07-22 23:18:29.127 10 INFO neutron.db.ovn_revision_numbers_db [None req-f2691e94-c8cc-444e-aabb-3c0c461c9b50 30770d4c0a394ad299c2f9c5de6bbb8a 6f6e33af0f43400ca4271004f0202e83 - - default default] Successfully bumped revision number for resource d136ceee-286d-4730-82cd-6a4fa7ed796b (type: ports) to 1
2026-07-22 23:18:29.176 9 INFO neutron.db.ovn_revision_numbers_db [None req-7c546419-6ddc-425b-85a5-08b4c5dc6b52 ebbdda3948f148a492dd875a4ced6796 f2d0a8ebe7d244c18dc84a3e8f1419b4 - - default default] Successfully bumped revision number for resource d6530908-42de-4fb0-84f2-e8d2010e043f (type: ports) to 1
2026-07-22 23:18:29.233 9 INFO neutron.wsgi [None req-7c546419-6ddc-425b-85a5-08b4c5dc6b52 ebbdda3948f148a492dd875a4ced6796 f2d0a8ebe7d244c18dc84a3e8f1419b4 - - default default] 10.0.0.158 "POST /v2.0/networks HTTP/1.1" status: 201 len: 943 time: 1.3790460
2026-07-22 23:18:29.249 10 WARNING neutron.scheduler.dhcp_agent_scheduler [None req-f2691e94-c8cc-444e-aabb-3c0c461c9b50 30770d4c0a394ad299c2f9c5de6bbb8a 6f6e33af0f43400ca4271004f0202e83 - - default default] No more DHCP agents
2026-07-22 23:18:29.253 10 WARNING neutron.api.rpc.agentnotifiers.dhcp_rpc_agent_api [None req-f2691e94-c8cc-444e-aabb-3c0c461c9b50 30770d4c0a394ad299c2f9c5de6bbb8a 6f6e33af0f43400ca4271004f0202e83 - - default default] Unable to schedule network 9cfd3197-1c3f-4d9e-a6ce-b3d1b6ff9004: no agents available; will retry on subsequent port and subnet creation events.
2026-07-22 23:18:29.300 9 INFO neutron.wsgi [req-4850cec0-daee-49be-a624-179d7dec2e30 req-41f08827-41d9-4ef8-90ff-9e223ebe23c3 ded1ad913d09455096ad1d7af1286183 3b29426218814660a282be2e0c96c1b3 - - default default] 10.0.0.167 "GET /v2.0/ports?device_id=c9ba26c8-558e-43a6-9e66-def6199b18cf HTTP/1.1" status: 200 len: 1400 time: 0.1331847
2026-07-22 23:18:29.378 9 INFO neutron.wsgi [req-4850cec0-daee-49be-a624-179d7dec2e30 req-0adc2f8c-33ce-4018-aa69-393fe38e0505 ded1ad913d09455096ad1d7af1286183 3b29426218814660a282be2e0c96c1b3 - - default default] 10.0.0.167 "GET /v2.0/security-groups?id=9a17976b-98be-4dd5-b062-ba0f2a4644cf&fields=id&fields=name HTTP/1.1" status: 200 len: 311 time: 0.0643845
2026-07-22 23:18:29.451 9 WARNING neutron.scheduler.dhcp_agent_scheduler [None req-1fd620c4-8403-49b0-a24e-cd8123891e5f ebbdda3948f148a492dd875a4ced6796 f2d0a8ebe7d244c18dc84a3e8f1419b4 - - default default] No more DHCP agents
2026-07-22 23:18:29.454 9 WARNING neutron.api.rpc.agentnotifiers.dhcp_rpc_agent_api [None req-1fd620c4-8403-49b0-a24e-cd8123891e5f ebbdda3948f148a492dd875a4ced6796 f2d0a8ebe7d244c18dc84a3e8f1419b4 - - default default] Unable to schedule network b00dafb6-2b9f-43f7-bbed-ee890bc4e3f9: no agents available; will retry on subsequent port and subnet creation events.
2026-07-22 23:18:29.524 10 INFO neutron.wsgi [None req-ff6b3dda-bd60-4f0e-8503-5136ea82ddec fa07bc86a1ac4a329a51348e43db53e6 cfe49646550f417391da8458e39c2dc1 - - default default] 10.0.0.158 "POST /v2.0/rbac-policies HTTP/1.1" status: 201 len: 523 time: 0.4646196
2026-07-22 23:18:29.559 10 INFO neutron.wsgi [None req-68627d53-1ea2-4050-8094-3f9aa9e6f13f ded1ad913d09455096ad1d7af1286183 3b29426218814660a282be2e0c96c1b3 - - default default] 10.0.0.158 "GET /v2.0/ports?network_id=d943e552-d93b-45a5-8c7c-e9449afb28b7&mac_address=fa%3A16%3A3e%3A85%3A22%3A10 HTTP/1.1" status: 200 len: 1395 time: 0.1518145
2026-07-22 23:18:29.572 10 WARNING neutron_lib.context [None req-beeaaa5a-28fc-4dd3-ba75-f7a5e675e72c ded1ad913d09455096ad1d7af1286183 3b29426218814660a282be2e0c96c1b3 - - default default] Method 'is_advsvc' is deprecated since 2023.2 release (neutron-lib 3.8.0) and will be removed once support for the old RBAC API policies will be removed from Neutron. Please use method 'is_service_role' instead.
2026-07-22 23:18:29.826 10 INFO neutron.db.ovn_revision_numbers_db [None req-f2691e94-c8cc-444e-aabb-3c0c461c9b50 30770d4c0a394ad299c2f9c5de6bbb8a 6f6e33af0f43400ca4271004f0202e83 - - default default] Successfully bumped revision number for resource d136ceee-286d-4730-82cd-6a4fa7ed796b (type: router_ports) to 1
2026-07-22 23:18:29.833 10 INFO neutron.wsgi [None req-f2691e94-c8cc-444e-aabb-3c0c461c9b50 30770d4c0a394ad299c2f9c5de6bbb8a 6f6e33af0f43400ca4271004f0202e83 - - default default] 10.0.0.158 "PUT /v2.0/routers/461e98f2-8316-437e-83a2-4d7b81042bb2/add_router_interface HTTP/1.1" status: 200 len: 503 time: 3.2387695
2026-07-22 23:18:29.844 10 WARNING neutron_lib.context [None req-1cd63ee9-60a3-4364-84d8-a1d25b4dbf8f 30770d4c0a394ad299c2f9c5de6bbb8a 6f6e33af0f43400ca4271004f0202e83 - - default default] Method 'is_advsvc' is deprecated since 2023.2 release (neutron-lib 3.8.0) and will be removed once support for the old RBAC API policies will be removed from Neutron. Please use method 'is_service_role' instead.
2026-07-22 23:18:29.937 10 WARNING neutron.scheduler.dhcp_agent_scheduler [None req-beeaaa5a-28fc-4dd3-ba75-f7a5e675e72c ded1ad913d09455096ad1d7af1286183 3b29426218814660a282be2e0c96c1b3 - - default default] No more DHCP agents
2026-07-22 23:18:29.944 10 WARNING neutron.api.rpc.agentnotifiers.dhcp_rpc_agent_api [None req-beeaaa5a-28fc-4dd3-ba75-f7a5e675e72c ded1ad913d09455096ad1d7af1286183 3b29426218814660a282be2e0c96c1b3 - - default default] Unable to schedule network bf4d9735-a477-438d-a56d-0935727297ff: no agents available; will retry on subsequent port and subnet creation events.
2026-07-22 23:18:30.023 9 INFO neutron.db.ovn_revision_numbers_db [None req-1fd620c4-8403-49b0-a24e-cd8123891e5f ebbdda3948f148a492dd875a4ced6796 f2d0a8ebe7d244c18dc84a3e8f1419b4 - - default default] Successfully bumped revision number for resource d6530908-42de-4fb0-84f2-e8d2010e043f (type: ports) to 2
2026-07-22 23:18:30.058 9 INFO neutron.db.ovn_revision_numbers_db [None req-1fd620c4-8403-49b0-a24e-cd8123891e5f ebbdda3948f148a492dd875a4ced6796 f2d0a8ebe7d244c18dc84a3e8f1419b4 - - default default] Successfully bumped revision number for resource 4fdcca53-3ab3-4936-ae9b-a594847afca0 (type: subnets) to 0
2026-07-22 23:18:30.069 10 INFO neutron.wsgi [None req-0e21785e-8ada-413a-a031-f89c160edf64 3ee3b40177af4606b0692af5454f350b 44867c79a7e5497a82865495d5b975f2 - - default default] 10.0.0.158 "GET /v2.0/networks/4665e824-7ab8-4a5a-8640-ad663625efc4 HTTP/1.1" status: 200 len: 848 time: 0.1910262
2026-07-22 23:18:30.077 9 INFO neutron.wsgi [None req-1fd620c4-8403-49b0-a24e-cd8123891e5f ebbdda3948f148a492dd875a4ced6796 f2d0a8ebe7d244c18dc84a3e8f1419b4 - - default default] 10.0.0.158 "POST /v2.0/subnets HTTP/1.1" status: 201 len: 863 time: 0.8306539
2026-07-22 23:18:30.500 9 INFO neutron.pecan_wsgi.hooks.translation [None req-5ce7434b-db57-45a8-9f79-dfcede93559a bb7baf3cafd94f3f8f8400404311723c 7500cfd20cb04448bf848f32642e3dad - - default default] GET failed (client error): The resource could not be found.
2026-07-22 23:18:30.502 9 INFO neutron.wsgi [None req-5ce7434b-db57-45a8-9f79-dfcede93559a bb7baf3cafd94f3f8f8400404311723c 7500cfd20cb04448bf848f32642e3dad - - default default] 10.0.0.158 "GET /v2.0/networks/4665e824-7ab8-4a5a-8640-ad663625efc4 HTTP/1.1" status: 404 len: 339 time: 0.0535040
2026-07-22 23:18:30.922 9 WARNING neutron.scheduler.dhcp_agent_scheduler [None req-42102420-bf1c-4bcf-a4f4-043f8462a01e ebbdda3948f148a492dd875a4ced6796 f2d0a8ebe7d244c18dc84a3e8f1419b4 - - default default] No more DHCP agents
2026-07-22 23:18:30.928 9 WARNING neutron.api.rpc.agentnotifiers.dhcp_rpc_agent_api [None req-42102420-bf1c-4bcf-a4f4-043f8462a01e ebbdda3948f148a492dd875a4ced6796 f2d0a8ebe7d244c18dc84a3e8f1419b4 - - default default] Unable to schedule network bf4d9735-a477-438d-a56d-0935727297ff: no agents available; will retry on subsequent port and subnet creation events.
2026-07-22 23:18:31.098 10 INFO neutron.wsgi [-] 10.0.0.178 "GET / HTTP/1.1" status: 200 len: 247 time: 0.0014195
2026-07-22 23:18:31.100 10 INFO neutron.wsgi [-] 10.0.0.178 "GET / HTTP/1.1" status: 200 len: 247 time: 0.0009372
2026-07-22 23:18:31.149 9 INFO neutron.db.ovn_revision_numbers_db [None req-42102420-bf1c-4bcf-a4f4-043f8462a01e ebbdda3948f148a492dd875a4ced6796 f2d0a8ebe7d244c18dc84a3e8f1419b4 - - default default] Successfully bumped revision number for resource 9af49734-11b4-49ee-9455-fab3f63a476b (type: ports) to 1
2026-07-22 23:18:31.229 9 WARNING neutron.plugins.ml2.drivers.ovn.mech_driver.ovsdb.ovn_client [None req-fe374d2f-ee0e-4dc5-9e9a-305e21e3287c - - - - - -] No hosting information found for port 454ed316-a38e-41be-8bbf-b101ee8c6286: RuntimeError: No hosting information found for port 454ed316-a38e-41be-8bbf-b101ee8c6286
2026-07-22 23:18:31.230 10 WARNING neutron.scheduler.dhcp_agent_scheduler [None req-1cd63ee9-60a3-4364-84d8-a1d25b4dbf8f 30770d4c0a394ad299c2f9c5de6bbb8a 6f6e33af0f43400ca4271004f0202e83 - - default default] No more DHCP agents
2026-07-22 23:18:31.230 9 INFO neutron.plugins.ml2.drivers.ovn.mech_driver.mech_driver [None req-fe374d2f-ee0e-4dc5-9e9a-305e21e3287c - - - - - -] OVN reports status up for port: d136ceee-286d-4730-82cd-6a4fa7ed796b
2026-07-22 23:18:31.234 10 WARNING neutron.api.rpc.agentnotifiers.dhcp_rpc_agent_api [None req-1cd63ee9-60a3-4364-84d8-a1d25b4dbf8f 30770d4c0a394ad299c2f9c5de6bbb8a 6f6e33af0f43400ca4271004f0202e83 - - default default] Unable to schedule network bf4d9735-a477-438d-a56d-0935727297ff: no agents available; will retry on subsequent port and subnet creation events.
2026-07-22 23:18:31.245 9 INFO neutron.plugins.ml2.plugin [None req-fe374d2f-ee0e-4dc5-9e9a-305e21e3287c - - - - - -] Attempt 1 to provision port d136ceee-286d-4730-82cd-6a4fa7ed796b
2026-07-22 23:18:31.490 10 INFO neutron.db.ovn_revision_numbers_db [None req-1cd63ee9-60a3-4364-84d8-a1d25b4dbf8f 30770d4c0a394ad299c2f9c5de6bbb8a 6f6e33af0f43400ca4271004f0202e83 - - default default] Successfully bumped revision number for resource 9538b9e0-5714-4ccf-a0aa-2a95a62ce734 (type: ports) to 1
2026-07-22 23:18:31.590 10 INFO neutron.db.ovn_revision_numbers_db [None req-beeaaa5a-28fc-4dd3-ba75-f7a5e675e72c ded1ad913d09455096ad1d7af1286183 3b29426218814660a282be2e0c96c1b3 - - default default] Successfully bumped revision number for resource 3a484925-a795-45b1-9d79-cc0e4f595064 (type: floatingips) to -1
2026-07-22 23:18:31.764 9 INFO neutron.services.segments.plugin [-] Segment 1fb4efa9-5c6b-4b80-bd21-765e2416c90a resource provider aggregate not found
2026-07-22 23:18:31.774 9 INFO neutron.services.segments.plugin [-] Segment 1fb4efa9-5c6b-4b80-bd21-765e2416c90a resource provider aggregate not found
2026-07-22 23:18:31.790 9 INFO neutron.services.segments.plugin [-] Segment 1fb4efa9-5c6b-4b80-bd21-765e2416c90a resource provider not found; error: Placement Client Error (4xx): {"errors": [{"status": 404, "title": "Not Found", "detail": "The resource could not be found.\n\n No resource provider with uuid 1fb4efa9-5c6b-4b80-bd21-765e2416c90a found for delete ", "request_id": "req-c253851b-bd66-40a8-bd60-dc9bcd27df5c"}]}
2026-07-22 23:18:31.791 9 INFO neutron.services.segments.plugin [-] Segment 1fb4efa9-5c6b-4b80-bd21-765e2416c90a resource provider not found; error: Placement Client Error (4xx): {"errors": [{"status": 404, "title": "Not Found", "detail": "The resource could not be found.\n\n No resource provider with uuid 1fb4efa9-5c6b-4b80-bd21-765e2416c90a found for delete ", "request_id": "req-8387f498-0370-4111-b849-a1b7e882b3ab"}]}
2026-07-22 23:18:31.802 9 INFO neutron.wsgi [None req-454c4d4f-432e-492c-9eee-a2252f467c54 fa07bc86a1ac4a329a51348e43db53e6 cfe49646550f417391da8458e39c2dc1 - - default default] 10.0.0.158 "DELETE /v2.0/networks/4665e824-7ab8-4a5a-8640-ad663625efc4 HTTP/1.1" status: 204 len: 168 time: 1.2939265
2026-07-22 23:18:31.845 9 INFO neutron.pecan_wsgi.hooks.translation [None req-98ef34c6-a859-41f6-9ec9-93d47097dcda fa07bc86a1ac4a329a51348e43db53e6 cfe49646550f417391da8458e39c2dc1 - - default default] DELETE failed (client error): The resource could not be found.
2026-07-22 23:18:31.847 9 INFO neutron.wsgi [None req-98ef34c6-a859-41f6-9ec9-93d47097dcda fa07bc86a1ac4a329a51348e43db53e6 cfe49646550f417391da8458e39c2dc1 - - default default] 10.0.0.158 "DELETE /v2.0/subnets/8b34b4d5-ad5e-452f-94d2-f5b24e338b21 HTTP/1.1" status: 404 len: 337 time: 0.0304050
2026-07-22 23:18:31.875 9 INFO neutron.pecan_wsgi.hooks.translation [None req-323dc71f-f444-4cab-9b63-9d15c479c04e fa07bc86a1ac4a329a51348e43db53e6 cfe49646550f417391da8458e39c2dc1 - - default default] DELETE failed (client error): The resource could not be found.
2026-07-22 23:18:31.877 9 INFO neutron.wsgi [None req-323dc71f-f444-4cab-9b63-9d15c479c04e fa07bc86a1ac4a329a51348e43db53e6 cfe49646550f417391da8458e39c2dc1 - - default default] 10.0.0.158 "DELETE /v2.0/subnets/d14aa8c3-28e1-4a16-9fff-80e1c0a0dcb5 HTTP/1.1" status: 404 len: 337 time: 0.0260198
2026-07-22 23:18:31.910 10 INFO neutron.pecan_wsgi.hooks.translation [None req-1aaed4d6-c530-4421-9ac5-1b7772b8bf98 fa07bc86a1ac4a329a51348e43db53e6 cfe49646550f417391da8458e39c2dc1 - - default default] DELETE failed (client error): The resource could not be found.
2026-07-22 23:18:31.912 10 INFO neutron.wsgi [None req-1aaed4d6-c530-4421-9ac5-1b7772b8bf98 fa07bc86a1ac4a329a51348e43db53e6 cfe49646550f417391da8458e39c2dc1 - - default default] 10.0.0.158 "DELETE /v2.0/subnets/fb51e866-5d3f-400f-a3bd-4b28620377f6 HTTP/1.1" status: 404 len: 337 time: 0.0264637
2026-07-22 23:18:31.974 10 INFO neutron.db.ovn_revision_numbers_db [None req-beeaaa5a-28fc-4dd3-ba75-f7a5e675e72c ded1ad913d09455096ad1d7af1286183 3b29426218814660a282be2e0c96c1b3 - - default default] Successfully bumped revision number for resource 3a484925-a795-45b1-9d79-cc0e4f595064 (type: floatingips) to 1
2026-07-22 23:18:31.974 10 INFO neutron.db.l3_db [None req-beeaaa5a-28fc-4dd3-ba75-f7a5e675e72c ded1ad913d09455096ad1d7af1286183 3b29426218814660a282be2e0c96c1b3 - - default default] Floating IP 3a484925-a795-45b1-9d79-cc0e4f595064 associated. External IP: 10.96.250.204, port: 4d38ea70-055d-4e40-8b60-bc6fed3151b1.
2026-07-22 23:18:32.022 10 INFO neutron.wsgi [None req-beeaaa5a-28fc-4dd3-ba75-f7a5e675e72c ded1ad913d09455096ad1d7af1286183 3b29426218814660a282be2e0c96c1b3 - - default default] 10.0.0.158 "POST /v2.0/floatingips HTTP/1.1" status: 201 len: 1053 time: 2.4571264
2026-07-22 23:18:32.056 10 INFO neutron.db.ovn_revision_numbers_db [None req-1cd63ee9-60a3-4364-84d8-a1d25b4dbf8f 30770d4c0a394ad299c2f9c5de6bbb8a 6f6e33af0f43400ca4271004f0202e83 - - default default] Successfully bumped revision number for resource 9538b9e0-5714-4ccf-a0aa-2a95a62ce734 (type: ports) to 1
2026-07-22 23:18:32.061 10 INFO neutron.notifiers.nova [-] Nova event matching ['req-43ac1d09-8e51-40b1-a648-b91cc6db1cbc'] response: {'name': 'network-changed', 'server_uuid': 'c9ba26c8-558e-43a6-9e66-def6199b18cf', 'tag': '4d38ea70-055d-4e40-8b60-bc6fed3151b1', 'status': 'completed', 'code': 200}
2026-07-22 23:18:32.070 9 INFO neutron.db.ovn_revision_numbers_db [None req-fe374d2f-ee0e-4dc5-9e9a-305e21e3287c - - - - - -] Successfully bumped revision number for resource d136ceee-286d-4730-82cd-6a4fa7ed796b (type: ports) to 2
2026-07-22 23:18:32.138 10 INFO neutron.db.segments_db [None req-1cd63ee9-60a3-4364-84d8-a1d25b4dbf8f 30770d4c0a394ad299c2f9c5de6bbb8a 6f6e33af0f43400ca4271004f0202e83 - - default default] Added segment af1daf35-a5b7-4203-8d53-a481b34e49f9 of type geneve for network 10ad25d6-22a1-4b56-9145-fbe9a03eba41
2026-07-22 23:18:32.152 9 INFO neutron.wsgi [req-fb297762-bf99-4316-834b-60f53a9fbcb4 req-cf7ada13-411a-47df-bdb0-0817e2a97211 38b7af1608ab41288e45d13e552b4b4c 9e638baa87ad423dac194c8e5e228763 - - abae589cee0a4341a3424b5ec21a2a36 abae589cee0a4341a3424b5ec21a2a36] 199.204.45.240 "GET /v2.0/ports?tenant_id=3b29426218814660a282be2e0c96c1b3&device_id=c9ba26c8-558e-43a6-9e66-def6199b18cf HTTP/1.1" status: 200 len: 1638 time: 0.0723329
2026-07-22 23:18:32.331 10 INFO neutron.db.ovn_revision_numbers_db [None req-1cd63ee9-60a3-4364-84d8-a1d25b4dbf8f 30770d4c0a394ad299c2f9c5de6bbb8a 6f6e33af0f43400ca4271004f0202e83 - - default default] Successfully bumped revision number for resource 10ad25d6-22a1-4b56-9145-fbe9a03eba41 (type: networks) to 1
2026-07-22 23:18:32.492 10 WARNING neutron.scheduler.dhcp_agent_scheduler [None req-1cd63ee9-60a3-4364-84d8-a1d25b4dbf8f 30770d4c0a394ad299c2f9c5de6bbb8a 6f6e33af0f43400ca4271004f0202e83 - - default default] No more DHCP agents
2026-07-22 23:18:32.494 10 WARNING neutron.api.rpc.agentnotifiers.dhcp_rpc_agent_api [None req-1cd63ee9-60a3-4364-84d8-a1d25b4dbf8f 30770d4c0a394ad299c2f9c5de6bbb8a 6f6e33af0f43400ca4271004f0202e83 - - default default] Unable to schedule network 10ad25d6-22a1-4b56-9145-fbe9a03eba41: no agents available; will retry on subsequent port and subnet creation events.
2026-07-22 23:18:32.550 9 INFO neutron.wsgi [req-fb297762-bf99-4316-834b-60f53a9fbcb4 req-6dc94ae3-8e75-43ab-97cc-977188786940 38b7af1608ab41288e45d13e552b4b4c 9e638baa87ad423dac194c8e5e228763 - - abae589cee0a4341a3424b5ec21a2a36 abae589cee0a4341a3424b5ec21a2a36] 199.204.45.240 "GET /v2.0/networks?id=d943e552-d93b-45a5-8c7c-e9449afb28b7 HTTP/1.1" status: 200 len: 1001 time: 0.3929565
2026-07-22 23:18:32.556 9 INFO neutron.plugins.ml2.drivers.ovn.mech_driver.ovsdb.commands [None req-10d1209e-ae13-45bf-b51d-213f10456a7b - - - - - -] Schedule LRP lrp-9af49734-11b4-49ee-9455-fab3f63a476b on gateway 29c9d2a8-b421-488d-8da2-2727d29b50d3 with priority 1
2026-07-22 23:18:32.570 10 INFO neutron.plugins.ml2.drivers.ovn.mech_driver.mech_driver [None req-a8bdee5e-8c9c-4de5-8966-45d7ee8c5aef - - - - - -] OVN reports status up for port: 9af49734-11b4-49ee-9455-fab3f63a476b
2026-07-22 23:18:32.578 10 INFO neutron.plugins.ml2.plugin [None req-a8bdee5e-8c9c-4de5-8966-45d7ee8c5aef - - - - - -] Attempt 1 to provision port 9af49734-11b4-49ee-9455-fab3f63a476b
2026-07-22 23:18:32.607 9 INFO neutron.plugins.ml2.drivers.ovn.mech_driver.ovsdb.ovsdb_monitor [None req-7db64f69-662b-4af1-95de-b718aaa0cef9 - - - - - -] Router 96f1ec4f-46ff-4817-a662-cf4f9117136c is bound to host instance
2026-07-22 23:18:32.625 10 INFO neutron.db.ovn_revision_numbers_db [None req-1cd63ee9-60a3-4364-84d8-a1d25b4dbf8f 30770d4c0a394ad299c2f9c5de6bbb8a 6f6e33af0f43400ca4271004f0202e83 - - default default] Successfully bumped revision number for resource 1b42de25-b3db-4c57-8797-0dd4f02a6fa9 (type: ports) to 1
2026-07-22 23:18:32.659 9 INFO neutron.wsgi [req-fb297762-bf99-4316-834b-60f53a9fbcb4 req-9589617d-c1e2-4666-90ca-9e6246989019 38b7af1608ab41288e45d13e552b4b4c 9e638baa87ad423dac194c8e5e228763 - - abae589cee0a4341a3424b5ec21a2a36 abae589cee0a4341a3424b5ec21a2a36] 199.204.45.240 "GET /v2.0/floatingips?fixed_ip_address=10.2.2.64&port_id=4d38ea70-055d-4e40-8b60-bc6fed3151b1 HTTP/1.1" status: 200 len: 1058 time: 0.0984364
2026-07-22 23:18:32.661 9 INFO neutron.db.ovn_revision_numbers_db [None req-42102420-bf1c-4bcf-a4f4-043f8462a01e ebbdda3948f148a492dd875a4ced6796 f2d0a8ebe7d244c18dc84a3e8f1419b4 - - default default] Successfully bumped revision number for resource 9af49734-11b4-49ee-9455-fab3f63a476b (type: router_ports) to 1
2026-07-22 23:18:32.662 9 INFO neutron.db.ovn_revision_numbers_db [None req-fe374d2f-ee0e-4dc5-9e9a-305e21e3287c - - - - - -] Successfully bumped revision number for resource d136ceee-286d-4730-82cd-6a4fa7ed796b (type: router_ports) to 2
2026-07-22 23:18:32.718 9 INFO neutron.wsgi [req-fb297762-bf99-4316-834b-60f53a9fbcb4 req-ac26f06c-ffe4-4d26-b7f8-573acee68069 38b7af1608ab41288e45d13e552b4b4c 9e638baa87ad423dac194c8e5e228763 - - abae589cee0a4341a3424b5ec21a2a36 abae589cee0a4341a3424b5ec21a2a36] 199.204.45.240 "GET /v2.0/floatingips?fixed_ip_address=fd77%3A1457%3A4cf0%3A26a8%3A%3A3be&port_id=4d38ea70-055d-4e40-8b60-bc6fed3151b1 HTTP/1.1" status: 200 len: 217 time: 0.0533271
2026-07-22 23:18:32.788 10 WARNING neutron.scheduler.dhcp_agent_scheduler [None req-1cd63ee9-60a3-4364-84d8-a1d25b4dbf8f 30770d4c0a394ad299c2f9c5de6bbb8a 6f6e33af0f43400ca4271004f0202e83 - - default default] No more DHCP agents
2026-07-22 23:18:32.790 10 WARNING neutron.api.rpc.agentnotifiers.dhcp_rpc_agent_api [None req-1cd63ee9-60a3-4364-84d8-a1d25b4dbf8f 30770d4c0a394ad299c2f9c5de6bbb8a 6f6e33af0f43400ca4271004f0202e83 - - default default] Unable to schedule network 10ad25d6-22a1-4b56-9145-fbe9a03eba41: no agents available; will retry on subsequent port and subnet creation events.
2026-07-22 23:18:32.814 9 INFO neutron.wsgi [req-fb297762-bf99-4316-834b-60f53a9fbcb4 req-ddbe8266-f84c-4897-af3c-af976452bd62 38b7af1608ab41288e45d13e552b4b4c 9e638baa87ad423dac194c8e5e228763 - - abae589cee0a4341a3424b5ec21a2a36 abae589cee0a4341a3424b5ec21a2a36] 199.204.45.240 "GET /v2.0/subnets?id=ccb76da3-34f0-493a-bb29-31621bfa0cec&id=0a4d93d4-a80c-40c7-be5d-ccaab1af0bda HTTP/1.1" status: 200 len: 1565 time: 0.0863979
2026-07-22 23:18:32.826 10 INFO neutron.db.ovn_revision_numbers_db [None req-1cd63ee9-60a3-4364-84d8-a1d25b4dbf8f 30770d4c0a394ad299c2f9c5de6bbb8a 6f6e33af0f43400ca4271004f0202e83 - - default default] Successfully bumped revision number for resource 4f0008d2-c06d-4062-8a88-a671def795c8 (type: subnets) to 0
2026-07-22 23:18:32.843 9 INFO neutron.db.ovn_revision_numbers_db [None req-42102420-bf1c-4bcf-a4f4-043f8462a01e ebbdda3948f148a492dd875a4ced6796 f2d0a8ebe7d244c18dc84a3e8f1419b4 - - default default] Successfully bumped revision number for resource 96f1ec4f-46ff-4817-a662-cf4f9117136c (type: routers) to 2
2026-07-22 23:18:32.859 9 INFO neutron.wsgi [req-fb297762-bf99-4316-834b-60f53a9fbcb4 req-d313ae7b-2928-44c7-9ec6-4d518f234f8c 38b7af1608ab41288e45d13e552b4b4c 9e638baa87ad423dac194c8e5e228763 - - abae589cee0a4341a3424b5ec21a2a36 abae589cee0a4341a3424b5ec21a2a36] 199.204.45.240 "GET /v2.0/ports?network_id=d943e552-d93b-45a5-8c7c-e9449afb28b7&device_owner=network%3Adhcp HTTP/1.1" status: 200 len: 210 time: 0.0279069
2026-07-22 23:18:32.881 9 INFO neutron.wsgi [None req-42102420-bf1c-4bcf-a4f4-043f8462a01e ebbdda3948f148a492dd875a4ced6796 f2d0a8ebe7d244c18dc84a3e8f1419b4 - - default default] 10.0.0.158 "POST /v2.0/routers HTTP/1.1" status: 201 len: 1165 time: 2.8004506
2026-07-22 23:18:32.896 9 INFO neutron.wsgi [req-fb297762-bf99-4316-834b-60f53a9fbcb4 req-804e3d70-be62-4f3d-b9be-3c9207c4faba 38b7af1608ab41288e45d13e552b4b4c 9e638baa87ad423dac194c8e5e228763 - - abae589cee0a4341a3424b5ec21a2a36 abae589cee0a4341a3424b5ec21a2a36] 199.204.45.240 "GET /v2.0/ports?network_id=d943e552-d93b-45a5-8c7c-e9449afb28b7&device_owner=network%3Adhcp HTTP/1.1" status: 200 len: 210 time: 0.0276735
2026-07-22 23:18:32.979 9 INFO neutron.wsgi [req-fb297762-bf99-4316-834b-60f53a9fbcb4 req-11c88d4e-4cd7-4e7e-ae4f-8cbce8f72965 38b7af1608ab41288e45d13e552b4b4c 9e638baa87ad423dac194c8e5e228763 - - abae589cee0a4341a3424b5ec21a2a36 abae589cee0a4341a3424b5ec21a2a36] 199.204.45.240 "GET /v2.0/networks/d943e552-d93b-45a5-8c7c-e9449afb28b7?fields=segments HTTP/1.1" status: 200 len: 212 time: 0.0743661
2026-07-22 23:18:33.065 9 INFO neutron.wsgi [req-fb297762-bf99-4316-834b-60f53a9fbcb4 req-fe5db100-de08-43d3-b6e9-be4a18194e86 38b7af1608ab41288e45d13e552b4b4c 9e638baa87ad423dac194c8e5e228763 - - abae589cee0a4341a3424b5ec21a2a36 abae589cee0a4341a3424b5ec21a2a36] 199.204.45.240 "GET /v2.0/networks/d943e552-d93b-45a5-8c7c-e9449afb28b7?fields=provider%3Aphysical_network&fields=provider%3Anetwork_type HTTP/1.1" status: 200 len: 277 time: 0.0782280
2026-07-22 23:18:33.200 10 INFO neutron.db.ovn_revision_numbers_db [None req-2e4d77f3-8897-478c-8f58-9da1316128ef ebbdda3948f148a492dd875a4ced6796 f2d0a8ebe7d244c18dc84a3e8f1419b4 - - default default] Successfully bumped revision number for resource 4a12bd26-7a1b-44ce-ae1f-cadfa8f450f6 (type: security_groups) to 1
2026-07-22 23:18:33.249 10 INFO neutron.db.ovn_revision_numbers_db [None req-2e4d77f3-8897-478c-8f58-9da1316128ef ebbdda3948f148a492dd875a4ced6796 f2d0a8ebe7d244c18dc84a3e8f1419b4 - - default default] Successfully bumped revision number for resource 0799ef32-701c-4b7a-bc26-1f65999f20aa (type: security_group_rules) to 0
2026-07-22 23:18:33.290 10 INFO neutron.db.ovn_revision_numbers_db [None req-2e4d77f3-8897-478c-8f58-9da1316128ef ebbdda3948f148a492dd875a4ced6796 f2d0a8ebe7d244c18dc84a3e8f1419b4 - - default default] Successfully bumped revision number for resource 40befcf9-6aea-4365-9afb-5d1eba57b93e (type: security_group_rules) to 0
2026-07-22 23:18:33.329 10 INFO neutron.db.ovn_revision_numbers_db [None req-2e4d77f3-8897-478c-8f58-9da1316128ef ebbdda3948f148a492dd875a4ced6796 f2d0a8ebe7d244c18dc84a3e8f1419b4 - - default default] Successfully bumped revision number for resource 898c1d38-47e3-42f3-bad8-cdc3bd420659 (type: security_group_rules) to 0
2026-07-22 23:18:33.372 10 INFO neutron.db.ovn_revision_numbers_db [None req-2e4d77f3-8897-478c-8f58-9da1316128ef ebbdda3948f148a492dd875a4ced6796 f2d0a8ebe7d244c18dc84a3e8f1419b4 - - default default] Successfully bumped revision number for resource 8f66e8df-9ce4-4877-8b86-c6fce9f42421 (type: security_group_rules) to 0
2026-07-22 23:18:33.428 10 INFO neutron.wsgi [None req-2e4d77f3-8897-478c-8f58-9da1316128ef ebbdda3948f148a492dd875a4ced6796 f2d0a8ebe7d244c18dc84a3e8f1419b4 - - default default] 10.0.0.158 "GET /v2.0/security-groups?tenant_id=44867c79a7e5497a82865495d5b975f2&name=default HTTP/1.1" status: 200 len: 3120 time: 0.7003417
2026-07-22 23:18:33.502 9 INFO neutron.db.ovn_revision_numbers_db [None req-7db64f69-662b-4af1-95de-b718aaa0cef9 - - - - - -] Successfully bumped revision number for resource 9af49734-11b4-49ee-9455-fab3f63a476b (type: ports) to 1
2026-07-22 23:18:33.699 10 WARNING neutron.scheduler.dhcp_agent_scheduler [None req-1cd63ee9-60a3-4364-84d8-a1d25b4dbf8f 30770d4c0a394ad299c2f9c5de6bbb8a 6f6e33af0f43400ca4271004f0202e83 - - default default] No more DHCP agents
