2026-07-22 23:14:20.464 10 INFO neutron.db.ovn_revision_numbers_db [None req-b3cd6420-628c-4a03-ab41-55c89d4ffa27 ebbdda3948f148a492dd875a4ced6796 f2d0a8ebe7d244c18dc84a3e8f1419b4 - - default default] Successfully bumped revision number for resource 36d0b80e-c9b2-4a65-bd46-cfc7ce406e38 (type: ports) to 1
2026-07-22 23:14:20.560 10 WARNING neutron.scheduler.dhcp_agent_scheduler [None req-b3cd6420-628c-4a03-ab41-55c89d4ffa27 ebbdda3948f148a492dd875a4ced6796 f2d0a8ebe7d244c18dc84a3e8f1419b4 - - default default] No more DHCP agents
2026-07-22 23:14:20.561 10 WARNING neutron.api.rpc.agentnotifiers.dhcp_rpc_agent_api [None req-b3cd6420-628c-4a03-ab41-55c89d4ffa27 ebbdda3948f148a492dd875a4ced6796 f2d0a8ebe7d244c18dc84a3e8f1419b4 - - default default] Unable to schedule network bdfc2692-d1d0-4597-b8da-1c0fea2f7b32: no agents available; will retry on subsequent port and subnet creation events.
2026-07-22 23:14:20.633 9 INFO neutron.db.ovn_revision_numbers_db [None req-3964e2eb-254b-4ec3-a80d-84e796ec20b0 ebbdda3948f148a492dd875a4ced6796 f2d0a8ebe7d244c18dc84a3e8f1419b4 - - default default] Successfully bumped revision number for resource 9c57e2c5-09ef-46a4-a247-067658709013 (type: subnets) to 0
2026-07-22 23:14:20.696 9 INFO neutron.wsgi [None req-3964e2eb-254b-4ec3-a80d-84e796ec20b0 ebbdda3948f148a492dd875a4ced6796 f2d0a8ebe7d244c18dc84a3e8f1419b4 - - default default] 10.0.0.158 "POST /v2.0/subnets HTTP/1.1" status: 201 len: 871 time: 2.2689903
2026-07-22 23:14:21.183 9 INFO neutron.db.ovn_revision_numbers_db [None req-7db64f69-662b-4af1-95de-b718aaa0cef9 - - - - - -] Successfully bumped revision number for resource 6163c3f6-f220-48be-8960-10e3520521b6 (type: router_ports) to 3
2026-07-22 23:14:21.570 10 INFO neutron.db.ovn_revision_numbers_db [None req-0ae7225b-6cd6-4c32-b391-d20474edc710 - - - - - -] Successfully bumped revision number for resource 0aaae743-11cb-4c26-993d-79d14a207304 (type: ports) to 1
2026-07-22 23:14:21.820 10 INFO neutron.db.ovn_revision_numbers_db [None req-b3cd6420-628c-4a03-ab41-55c89d4ffa27 ebbdda3948f148a492dd875a4ced6796 f2d0a8ebe7d244c18dc84a3e8f1419b4 - - default default] Successfully bumped revision number for resource 36d0b80e-c9b2-4a65-bd46-cfc7ce406e38 (type: router_ports) to 1
2026-07-22 23:14:21.826 10 INFO neutron.wsgi [None req-b3cd6420-628c-4a03-ab41-55c89d4ffa27 ebbdda3948f148a492dd875a4ced6796 f2d0a8ebe7d244c18dc84a3e8f1419b4 - - default default] 10.0.0.158 "PUT /v2.0/routers/68fd32ff-c137-4bf3-bcff-05b49b86c1d8/add_router_interface HTTP/1.1" status: 200 len: 503 time: 3.3039079
2026-07-22 23:14:21.868 9 INFO neutron.db.ovn_revision_numbers_db [None req-7db64f69-662b-4af1-95de-b718aaa0cef9 - - - - - -] Successfully bumped revision number for resource 6163c3f6-f220-48be-8960-10e3520521b6 (type: ports) to 2
2026-07-22 23:14:21.905 9 INFO neutron.db.ovn_revision_numbers_db [None req-8bb36910-9471-4f35-baf0-a83c3b9789c0 ebbdda3948f148a492dd875a4ced6796 f2d0a8ebe7d244c18dc84a3e8f1419b4 - - default default] Successfully bumped revision number for resource 568b59b6-e4d5-44b8-adc1-89df6813da13 (type: router_ports) to 1
2026-07-22 23:14:21.911 9 INFO neutron.wsgi [None req-8bb36910-9471-4f35-baf0-a83c3b9789c0 ebbdda3948f148a492dd875a4ced6796 f2d0a8ebe7d244c18dc84a3e8f1419b4 - - default default] 10.0.0.158 "PUT /v2.0/routers/17a4f1fb-0173-491e-aa14-3f7687788ef1/add_router_interface HTTP/1.1" status: 200 len: 503 time: 4.8636479
2026-07-22 23:14:21.936 9 ERROR ovsdbapp.backend.ovs_idl.command [None req-aeb7af0a-3bbe-4079-951c-3f3cee51cd89 ebbdda3948f148a492dd875a4ced6796 f2d0a8ebe7d244c18dc84a3e8f1419b4 - - default default] Error executing command (DbGetCommand): ovsdbapp.backend.ovs_idl.idlutils.RowNotFound: Cannot find Logical_Router_Port with name=lrp-be474d0d-66d5-464b-bb0b-8e4a6803091b
2026-07-22 23:14:21.936 9 ERROR ovsdbapp.backend.ovs_idl.command
Traceback (most recent call last):
2026-07-22 23:14:21.936 9 ERROR ovsdbapp.backend.ovs_idl.command
File "/var/lib/openstack/lib/python3.10/site-packages/ovsdbapp/backend/ovs_idl/command.py", line 47, in execute
2026-07-22 23:14:21.936 9 ERROR ovsdbapp.backend.ovs_idl.command self.run_idl(None)
2026-07-22 23:14:21.936 9 ERROR ovsdbapp.backend.ovs_idl.command
File "/var/lib/openstack/lib/python3.10/site-packages/ovsdbapp/backend/ovs_idl/command.py", line 235, in run_idl
2026-07-22 23:14:21.936 9 ERROR ovsdbapp.backend.ovs_idl.command record = self.api.lookup(self.table, self.record)
2026-07-22 23:14:21.936 9 ERROR ovsdbapp.backend.ovs_idl.command
File "/var/lib/openstack/lib/python3.10/site-packages/ovsdbapp/backend/ovs_idl/__init__.py", line 184, in lookup
2026-07-22 23:14:21.936 9 ERROR ovsdbapp.backend.ovs_idl.command return self._lookup(table, record)
2026-07-22 23:14:21.936 9 ERROR ovsdbapp.backend.ovs_idl.command
File "/var/lib/openstack/lib/python3.10/site-packages/ovsdbapp/backend/ovs_idl/__init__.py", line 235, in _lookup
2026-07-22 23:14:21.936 9 ERROR ovsdbapp.backend.ovs_idl.command row = idlutils.row_by_value(self, rl.table, rl.column, record)
2026-07-22 23:14:21.936 9 ERROR ovsdbapp.backend.ovs_idl.command
File "/var/lib/openstack/lib/python3.10/site-packages/ovsdbapp/backend/ovs_idl/idlutils.py", line 114, in row_by_value
2026-07-22 23:14:21.936 9 ERROR ovsdbapp.backend.ovs_idl.command raise RowNotFound(table=table, col=column, match=match)
2026-07-22 23:14:21.936 9 ERROR ovsdbapp.backend.ovs_idl.command ovsdbapp.backend.ovs_idl.idlutils.RowNotFound: Cannot find Logical_Router_Port with name=lrp-be474d0d-66d5-464b-bb0b-8e4a6803091b
2026-07-22 23:14:21.936 9 ERROR ovsdbapp.backend.ovs_idl.command 
2026-07-22 23:14:21.937 9 ERROR neutron_lib.callbacks.manager [None req-aeb7af0a-3bbe-4079-951c-3f3cee51cd89 ebbdda3948f148a492dd875a4ced6796 f2d0a8ebe7d244c18dc84a3e8f1419b4 - - default default] Error during notification for neutron.services.ovn_l3.plugin.OVNL3RouterPlugin._port_update-8726360469222 port, after_update: ovsdbapp.backend.ovs_idl.idlutils.RowNotFound: Cannot find Logical_Router_Port with name=lrp-be474d0d-66d5-464b-bb0b-8e4a6803091b
2026-07-22 23:14:21.937 9 ERROR neutron_lib.callbacks.manager
Traceback (most recent call last):
2026-07-22 23:14:21.937 9 ERROR neutron_lib.callbacks.manager
File "/var/lib/openstack/lib/python3.10/site-packages/neutron_lib/callbacks/manager.py", line 189, in _notify_loop
2026-07-22 23:14:21.937 9 ERROR neutron_lib.callbacks.manager callback.method(resource, event, trigger, payload=payload)
2026-07-22 23:14:21.937 9 ERROR neutron_lib.callbacks.manager
File "/var/lib/openstack/lib/python3.10/site-packages/neutron/services/ovn_l3/plugin.py", line 391, in _port_update
2026-07-22 23:14:21.937 9 ERROR neutron_lib.callbacks.manager l3plugin._ovn_client.update_router_port(context,
2026-07-22 23:14:21.937 9 ERROR neutron_lib.callbacks.manager
File "/var/lib/openstack/lib/python3.10/site-packages/neutron/plugins/ml2/drivers/ovn/mech_driver/ovsdb/ovn_client.py", line 1878, in update_router_port
2026-07-22 23:14:21.937 9 ERROR neutron_lib.callbacks.manager self._update_lrouter_port(context, port, if_exists=if_exists,
2026-07-22 23:14:21.937 9 ERROR neutron_lib.callbacks.manager
File "/var/lib/openstack/lib/python3.10/site-packages/neutron/plugins/ml2/drivers/ovn/mech_driver/ovsdb/ovn_client.py", line 1855, in _update_lrouter_port
2026-07-22 23:14:21.937 9 ERROR neutron_lib.callbacks.manager external_ids = self._nb_idl.db_get(
2026-07-22 23:14:21.937 9 ERROR neutron_lib.callbacks.manager
File "/var/lib/openstack/lib/python3.10/site-packages/ovsdbapp/backend/ovs_idl/command.py", line 47, in execute
2026-07-22 23:14:21.937 9 ERROR neutron_lib.callbacks.manager self.run_idl(None)
2026-07-22 23:14:21.937 9 ERROR neutron_lib.callbacks.manager
File "/var/lib/openstack/lib/python3.10/site-packages/ovsdbapp/backend/ovs_idl/command.py", line 235, in run_idl
2026-07-22 23:14:21.937 9 ERROR neutron_lib.callbacks.manager record = self.api.lookup(self.table, self.record)
2026-07-22 23:14:21.937 9 ERROR neutron_lib.callbacks.manager
File "/var/lib/openstack/lib/python3.10/site-packages/ovsdbapp/backend/ovs_idl/__init__.py", line 184, in lookup
2026-07-22 23:14:21.937 9 ERROR neutron_lib.callbacks.manager return self._lookup(table, record)
2026-07-22 23:14:21.937 9 ERROR neutron_lib.callbacks.manager
File "/var/lib/openstack/lib/python3.10/site-packages/ovsdbapp/backend/ovs_idl/__init__.py", line 235, in _lookup
2026-07-22 23:14:21.937 9 ERROR neutron_lib.callbacks.manager row = idlutils.row_by_value(self, rl.table, rl.column, record)
2026-07-22 23:14:21.937 9 ERROR neutron_lib.callbacks.manager
File "/var/lib/openstack/lib/python3.10/site-packages/ovsdbapp/backend/ovs_idl/idlutils.py", line 114, in row_by_value
2026-07-22 23:14:21.937 9 ERROR neutron_lib.callbacks.manager raise RowNotFound(table=table, col=column, match=match)
2026-07-22 23:14:21.937 9 ERROR neutron_lib.callbacks.manager ovsdbapp.backend.ovs_idl.idlutils.RowNotFound: Cannot find Logical_Router_Port with name=lrp-be474d0d-66d5-464b-bb0b-8e4a6803091b
2026-07-22 23:14:21.937 9 ERROR neutron_lib.callbacks.manager 
2026-07-22 23:14:21.939 9 WARNING neutron.scheduler.dhcp_agent_scheduler [None req-af0b3d86-39bb-46d8-8363-dc787d76dfab ebbdda3948f148a492dd875a4ced6796 f2d0a8ebe7d244c18dc84a3e8f1419b4 - - default default] No more DHCP agents
2026-07-22 23:14:21.955 9 WARNING neutron.api.rpc.agentnotifiers.dhcp_rpc_agent_api [None req-af0b3d86-39bb-46d8-8363-dc787d76dfab ebbdda3948f148a492dd875a4ced6796 f2d0a8ebe7d244c18dc84a3e8f1419b4 - - default default] Unable to schedule network bf4d9735-a477-438d-a56d-0935727297ff: no agents available; will retry on subsequent port and subnet creation events.
2026-07-22 23:14:22.097 10 INFO neutron.db.ovn_revision_numbers_db [None req-0ae7225b-6cd6-4c32-b391-d20474edc710 - - - - - -] Successfully bumped revision number for resource 0aaae743-11cb-4c26-993d-79d14a207304 (type: router_ports) to 3
2026-07-22 23:14:22.311 10 INFO neutron.db.ovn_revision_numbers_db [None req-0ae7225b-6cd6-4c32-b391-d20474edc710 - - - - - -] Successfully bumped revision number for resource 0aaae743-11cb-4c26-993d-79d14a207304 (type: ports) to 2
2026-07-22 23:14:22.363 9 INFO neutron.db.ovn_revision_numbers_db [None req-af0b3d86-39bb-46d8-8363-dc787d76dfab ebbdda3948f148a492dd875a4ced6796 f2d0a8ebe7d244c18dc84a3e8f1419b4 - - default default] Successfully bumped revision number for resource 383817db-39f4-4f9c-91f9-cd069153e790 (type: ports) to 1
2026-07-22 23:14:22.390 10 INFO neutron.plugins.ml2.drivers.ovn.mech_driver.mech_driver [None req-a8bdee5e-8c9c-4de5-8966-45d7ee8c5aef - - - - - -] OVN reports status up for port: be474d0d-66d5-464b-bb0b-8e4a6803091b
2026-07-22 23:14:22.400 10 INFO neutron.plugins.ml2.plugin [None req-a8bdee5e-8c9c-4de5-8966-45d7ee8c5aef - - - - - -] Attempt 1 to provision port be474d0d-66d5-464b-bb0b-8e4a6803091b
2026-07-22 23:14:22.447 9 WARNING neutron_lib.context [None req-08c83767-9f69-426f-9f49-a9da0eed2bc5 12ebc514fc7c40a5bb0fc325f7b6b14d bf6904432abe429388e42e13917d91b2 - - default default] Method 'is_advsvc' is deprecated since 2023.2 release (neutron-lib 3.8.0) and will be removed once support for the old RBAC API policies will be removed from Neutron. Please use method 'is_service_role' instead.
2026-07-22 23:14:22.462 10 WARNING neutron_lib.context [None req-0fd70676-30bf-4c3c-b224-756aee70ee7f 95f632aab16946c786f287260dd82dc0 5b7ad6df618f44a585f96d7a1f762d16 - - default default] Method 'is_advsvc' is deprecated since 2023.2 release (neutron-lib 3.8.0) and will be removed once support for the old RBAC API policies will be removed from Neutron. Please use method 'is_service_role' instead.
2026-07-22 23:14:22.479 9 INFO neutron.db.ovn_revision_numbers_db [None req-aeb7af0a-3bbe-4079-951c-3f3cee51cd89 ebbdda3948f148a492dd875a4ced6796 f2d0a8ebe7d244c18dc84a3e8f1419b4 - - default default] Successfully bumped revision number for resource be474d0d-66d5-464b-bb0b-8e4a6803091b (type: ports) to 1
2026-07-22 23:14:22.706 10 INFO neutron.db.ovn_revision_numbers_db [None req-0fd70676-30bf-4c3c-b224-756aee70ee7f 95f632aab16946c786f287260dd82dc0 5b7ad6df618f44a585f96d7a1f762d16 - - default default] Successfully bumped revision number for resource 46a1af6f-7627-4d7c-bde5-5fc2c554a17c (type: security_groups) to 1
2026-07-22 23:14:22.728 9 WARNING neutron.scheduler.dhcp_agent_scheduler [None req-aeb7af0a-3bbe-4079-951c-3f3cee51cd89 ebbdda3948f148a492dd875a4ced6796 f2d0a8ebe7d244c18dc84a3e8f1419b4 - - default default] No more DHCP agents
2026-07-22 23:14:22.732 10 INFO neutron.db.ovn_revision_numbers_db [None req-0fd70676-30bf-4c3c-b224-756aee70ee7f 95f632aab16946c786f287260dd82dc0 5b7ad6df618f44a585f96d7a1f762d16 - - default default] Successfully bumped revision number for resource ac684d31-1376-460e-91e4-526e73d732cb (type: security_group_rules) to 0
2026-07-22 23:14:22.746 9 WARNING neutron.api.rpc.agentnotifiers.dhcp_rpc_agent_api [None req-aeb7af0a-3bbe-4079-951c-3f3cee51cd89 ebbdda3948f148a492dd875a4ced6796 f2d0a8ebe7d244c18dc84a3e8f1419b4 - - default default] Unable to schedule network 9361a278-7a9d-4b48-9d7c-6108f1f10352: no agents available; will retry on subsequent port and subnet creation events.
2026-07-22 23:14:22.768 10 INFO neutron.db.ovn_revision_numbers_db [None req-0fd70676-30bf-4c3c-b224-756aee70ee7f 95f632aab16946c786f287260dd82dc0 5b7ad6df618f44a585f96d7a1f762d16 - - default default] Successfully bumped revision number for resource b9286e76-ceaf-4e32-96f0-d77920e38ea7 (type: security_group_rules) to 0
2026-07-22 23:14:22.801 10 INFO neutron.wsgi [None req-0fd70676-30bf-4c3c-b224-756aee70ee7f 95f632aab16946c786f287260dd82dc0 5b7ad6df618f44a585f96d7a1f762d16 - - default default] 10.0.0.158 "POST /v2.0/security-groups HTTP/1.1" status: 201 len: 1861 time: 0.3441453
2026-07-22 23:14:22.820 9 WARNING neutron_lib.context [None req-5f643039-912e-437e-be45-0e2646349912 95f632aab16946c786f287260dd82dc0 5b7ad6df618f44a585f96d7a1f762d16 - - default default] Method 'is_advsvc' is deprecated since 2023.2 release (neutron-lib 3.8.0) and will be removed once support for the old RBAC API policies will be removed from Neutron. Please use method 'is_service_role' instead.
2026-07-22 23:14:22.826 9 INFO neutron.plugins.ml2.drivers.ovn.mech_driver.mech_driver [None req-fe374d2f-ee0e-4dc5-9e9a-305e21e3287c - - - - - -] OVN reports status up for port: 568b59b6-e4d5-44b8-adc1-89df6813da13
2026-07-22 23:14:22.886 9 INFO neutron.plugins.ml2.plugin [None req-fe374d2f-ee0e-4dc5-9e9a-305e21e3287c - - - - - -] Attempt 1 to provision port 568b59b6-e4d5-44b8-adc1-89df6813da13
2026-07-22 23:14:22.900 9 INFO neutron.db.ovn_revision_numbers_db [None req-08c83767-9f69-426f-9f49-a9da0eed2bc5 12ebc514fc7c40a5bb0fc325f7b6b14d bf6904432abe429388e42e13917d91b2 - - default default] Successfully bumped revision number for resource d6da6ae0-5443-4a8b-ab4a-e4bb994ea98f (type: security_groups) to 1
2026-07-22 23:14:22.954 9 INFO neutron.db.ovn_revision_numbers_db [None req-08c83767-9f69-426f-9f49-a9da0eed2bc5 12ebc514fc7c40a5bb0fc325f7b6b14d bf6904432abe429388e42e13917d91b2 - - default default] Successfully bumped revision number for resource 2aa2d699-055b-43f2-9a2c-fdf42fcbfe3a (type: security_group_rules) to 0
2026-07-22 23:14:22.983 9 INFO neutron.db.ovn_revision_numbers_db [None req-7db64f69-662b-4af1-95de-b718aaa0cef9 - - - - - -] Successfully bumped revision number for resource 6163c3f6-f220-48be-8960-10e3520521b6 (type: ports) to 4
2026-07-22 23:14:23.015 9 INFO neutron.db.ovn_revision_numbers_db [None req-08c83767-9f69-426f-9f49-a9da0eed2bc5 12ebc514fc7c40a5bb0fc325f7b6b14d bf6904432abe429388e42e13917d91b2 - - default default] Successfully bumped revision number for resource db13a501-dc62-4c0c-b47f-9a6708ed93a8 (type: security_group_rules) to 0
2026-07-22 23:14:23.045 10 INFO neutron.db.ovn_revision_numbers_db [None req-0ae7225b-6cd6-4c32-b391-d20474edc710 - - - - - -] Successfully bumped revision number for resource 0aaae743-11cb-4c26-993d-79d14a207304 (type: ports) to 4
2026-07-22 23:14:23.077 9 INFO neutron.wsgi [None req-08c83767-9f69-426f-9f49-a9da0eed2bc5 12ebc514fc7c40a5bb0fc325f7b6b14d bf6904432abe429388e42e13917d91b2 - - default default] 10.0.0.158 "POST /v2.0/security-groups HTTP/1.1" status: 201 len: 1861 time: 0.6362584
2026-07-22 23:14:23.097 10 WARNING neutron_lib.context [None req-c177c668-8eb5-4f85-a458-6cbcdb12530c 12ebc514fc7c40a5bb0fc325f7b6b14d bf6904432abe429388e42e13917d91b2 - - default default] Method 'is_advsvc' is deprecated since 2023.2 release (neutron-lib 3.8.0) and will be removed once support for the old RBAC API policies will be removed from Neutron. Please use method 'is_service_role' instead.
2026-07-22 23:14:23.243 10 INFO neutron.db.ovn_revision_numbers_db [None req-a8bdee5e-8c9c-4de5-8966-45d7ee8c5aef - - - - - -] Successfully bumped revision number for resource be474d0d-66d5-464b-bb0b-8e4a6803091b (type: ports) to 2
2026-07-22 23:14:23.442 10 INFO neutron.db.ovn_revision_numbers_db [None req-c177c668-8eb5-4f85-a458-6cbcdb12530c 12ebc514fc7c40a5bb0fc325f7b6b14d bf6904432abe429388e42e13917d91b2 - - default default] Successfully bumped revision number for resource b7941b98-92f8-4702-9a27-4d76e6d54508 (type: security_group_rules) to 0
2026-07-22 23:14:23.476 10 ERROR ovsdbapp.backend.ovs_idl.command [None req-a8bdee5e-8c9c-4de5-8966-45d7ee8c5aef - - - - - -] Error executing command (DbGetCommand): ovsdbapp.backend.ovs_idl.idlutils.RowNotFound: Cannot find Logical_Router_Port with name=lrp-be474d0d-66d5-464b-bb0b-8e4a6803091b
2026-07-22 23:14:23.476 10 ERROR ovsdbapp.backend.ovs_idl.command
Traceback (most recent call last):
2026-07-22 23:14:23.476 10 ERROR ovsdbapp.backend.ovs_idl.command
File "/var/lib/openstack/lib/python3.10/site-packages/ovsdbapp/backend/ovs_idl/command.py", line 47, in execute
2026-07-22 23:14:23.476 10 ERROR ovsdbapp.backend.ovs_idl.command self.run_idl(None)
2026-07-22 23:14:23.476 10 ERROR ovsdbapp.backend.ovs_idl.command
File "/var/lib/openstack/lib/python3.10/site-packages/ovsdbapp/backend/ovs_idl/command.py", line 235, in run_idl
2026-07-22 23:14:23.476 10 ERROR ovsdbapp.backend.ovs_idl.command record = self.api.lookup(self.table, self.record)
2026-07-22 23:14:23.476 10 ERROR ovsdbapp.backend.ovs_idl.command
File "/var/lib/openstack/lib/python3.10/site-packages/ovsdbapp/backend/ovs_idl/__init__.py", line 184, in lookup
2026-07-22 23:14:23.476 10 ERROR ovsdbapp.backend.ovs_idl.command return self._lookup(table, record)
2026-07-22 23:14:23.476 10 ERROR ovsdbapp.backend.ovs_idl.command
File "/var/lib/openstack/lib/python3.10/site-packages/ovsdbapp/backend/ovs_idl/__init__.py", line 235, in _lookup
2026-07-22 23:14:23.476 10 ERROR ovsdbapp.backend.ovs_idl.command row = idlutils.row_by_value(self, rl.table, rl.column, record)
2026-07-22 23:14:23.476 10 ERROR ovsdbapp.backend.ovs_idl.command
File "/var/lib/openstack/lib/python3.10/site-packages/ovsdbapp/backend/ovs_idl/idlutils.py", line 114, in row_by_value
2026-07-22 23:14:23.476 10 ERROR ovsdbapp.backend.ovs_idl.command raise RowNotFound(table=table, col=column, match=match)
2026-07-22 23:14:23.476 10 ERROR ovsdbapp.backend.ovs_idl.command ovsdbapp.backend.ovs_idl.idlutils.RowNotFound: Cannot find Logical_Router_Port with name=lrp-be474d0d-66d5-464b-bb0b-8e4a6803091b
2026-07-22 23:14:23.476 10 ERROR ovsdbapp.backend.ovs_idl.command 
2026-07-22 23:14:23.476 10 ERROR neutron_lib.callbacks.manager [None req-a8bdee5e-8c9c-4de5-8966-45d7ee8c5aef - - - - - -] Error during notification for neutron.services.ovn_l3.plugin.OVNL3RouterPlugin._port_update-8726360469222 port, after_update: ovsdbapp.backend.ovs_idl.idlutils.RowNotFound: Cannot find Logical_Router_Port with name=lrp-be474d0d-66d5-464b-bb0b-8e4a6803091b
2026-07-22 23:14:23.476 10 ERROR neutron_lib.callbacks.manager
Traceback (most recent call last):
2026-07-22 23:14:23.476 10 ERROR neutron_lib.callbacks.manager
File "/var/lib/openstack/lib/python3.10/site-packages/neutron_lib/callbacks/manager.py", line 189, in _notify_loop
2026-07-22 23:14:23.476 10 ERROR neutron_lib.callbacks.manager callback.method(resource, event, trigger, payload=payload)
2026-07-22 23:14:23.476 10 ERROR neutron_lib.callbacks.manager
File "/var/lib/openstack/lib/python3.10/site-packages/neutron/services/ovn_l3/plugin.py", line 391, in _port_update
2026-07-22 23:14:23.476 10 ERROR neutron_lib.callbacks.manager l3plugin._ovn_client.update_router_port(context,
2026-07-22 23:14:23.476 10 ERROR neutron_lib.callbacks.manager
File "/var/lib/openstack/lib/python3.10/site-packages/neutron/plugins/ml2/drivers/ovn/mech_driver/ovsdb/ovn_client.py", line 1878, in update_router_port
2026-07-22 23:14:23.476 10 ERROR neutron_lib.callbacks.manager self._update_lrouter_port(context, port, if_exists=if_exists,
2026-07-22 23:14:23.476 10 ERROR neutron_lib.callbacks.manager
File "/var/lib/openstack/lib/python3.10/site-packages/neutron/plugins/ml2/drivers/ovn/mech_driver/ovsdb/ovn_client.py", line 1855, in _update_lrouter_port
2026-07-22 23:14:23.476 10 ERROR neutron_lib.callbacks.manager external_ids = self._nb_idl.db_get(
2026-07-22 23:14:23.476 10 ERROR neutron_lib.callbacks.manager
File "/var/lib/openstack/lib/python3.10/site-packages/ovsdbapp/backend/ovs_idl/command.py", line 47, in execute
2026-07-22 23:14:23.476 10 ERROR neutron_lib.callbacks.manager self.run_idl(None)
2026-07-22 23:14:23.476 10 ERROR neutron_lib.callbacks.manager
File "/var/lib/openstack/lib/python3.10/site-packages/ovsdbapp/backend/ovs_idl/command.py", line 235, in run_idl
2026-07-22 23:14:23.476 10 ERROR neutron_lib.callbacks.manager record = self.api.lookup(self.table, self.record)
2026-07-22 23:14:23.476 10 ERROR neutron_lib.callbacks.manager
File "/var/lib/openstack/lib/python3.10/site-packages/ovsdbapp/backend/ovs_idl/__init__.py", line 184, in lookup
2026-07-22 23:14:23.476 10 ERROR neutron_lib.callbacks.manager return self._lookup(table, record)
2026-07-22 23:14:23.476 10 ERROR neutron_lib.callbacks.manager
File "/var/lib/openstack/lib/python3.10/site-packages/ovsdbapp/backend/ovs_idl/__init__.py", line 235, in _lookup
2026-07-22 23:14:23.476 10 ERROR neutron_lib.callbacks.manager row = idlutils.row_by_value(self, rl.table, rl.column, record)
2026-07-22 23:14:23.476 10 ERROR neutron_lib.callbacks.manager
File "/var/lib/openstack/lib/python3.10/site-packages/ovsdbapp/backend/ovs_idl/idlutils.py", line 114, in row_by_value
2026-07-22 23:14:23.476 10 ERROR neutron_lib.callbacks.manager raise RowNotFound(table=table, col=column, match=match)
2026-07-22 23:14:23.476 10 ERROR neutron_lib.callbacks.manager ovsdbapp.backend.ovs_idl.idlutils.RowNotFound: Cannot find Logical_Router_Port with name=lrp-be474d0d-66d5-464b-bb0b-8e4a6803091b
2026-07-22 23:14:23.476 10 ERROR neutron_lib.callbacks.manager 
2026-07-22 23:14:23.482 10 INFO neutron.wsgi [None req-c177c668-8eb5-4f85-a458-6cbcdb12530c 12ebc514fc7c40a5bb0fc325f7b6b14d bf6904432abe429388e42e13917d91b2 - - default default] 10.0.0.158 "POST /v2.0/security-group-rules HTTP/1.1" status: 201 len: 796 time: 0.3903813
2026-07-22 23:14:23.500 9 WARNING neutron_lib.context [None req-2bf82225-135c-4f7e-b3b0-54bf3b6c4058 12ebc514fc7c40a5bb0fc325f7b6b14d bf6904432abe429388e42e13917d91b2 - - default default] Method 'is_advsvc' is deprecated since 2023.2 release (neutron-lib 3.8.0) and will be removed once support for the old RBAC API policies will be removed from Neutron. Please use method 'is_service_role' instead.
2026-07-22 23:14:23.515 10 INFO neutron.db.ovn_revision_numbers_db [None req-0ae7225b-6cd6-4c32-b391-d20474edc710 - - - - - -] Successfully bumped revision number for resource 0aaae743-11cb-4c26-993d-79d14a207304 (type: router_ports) to 4
2026-07-22 23:14:23.572 9 INFO neutron.db.ovn_revision_numbers_db [None req-5f643039-912e-437e-be45-0e2646349912 95f632aab16946c786f287260dd82dc0 5b7ad6df618f44a585f96d7a1f762d16 - - default default] Successfully bumped revision number for resource bc19eaaf-739a-4a42-9e63-9814488ad12f (type: security_group_rules) to 0
2026-07-22 23:14:23.681 9 INFO neutron.wsgi [None req-5f643039-912e-437e-be45-0e2646349912 95f632aab16946c786f287260dd82dc0 5b7ad6df618f44a585f96d7a1f762d16 - - default default] 10.0.0.158 "POST /v2.0/security-group-rules HTTP/1.1" status: 201 len: 796 time: 0.8709106
2026-07-22 23:14:23.688 10 WARNING neutron_lib.context [None req-dcaae2b9-4b60-45f6-b6f6-3602be34a80c 95f632aab16946c786f287260dd82dc0 5b7ad6df618f44a585f96d7a1f762d16 - - default default] Method 'is_advsvc' is deprecated since 2023.2 release (neutron-lib 3.8.0) and will be removed once support for the old RBAC API policies will be removed from Neutron. Please use method 'is_service_role' instead.
2026-07-22 23:14:23.826 10 INFO neutron.db.ovn_revision_numbers_db [None req-dcaae2b9-4b60-45f6-b6f6-3602be34a80c 95f632aab16946c786f287260dd82dc0 5b7ad6df618f44a585f96d7a1f762d16 - - default default] Successfully bumped revision number for resource 47fb1ca0-d31e-43f2-9083-34b0592a083b (type: security_group_rules) to 0
2026-07-22 23:14:23.851 10 INFO neutron.wsgi [None req-dcaae2b9-4b60-45f6-b6f6-3602be34a80c 95f632aab16946c786f287260dd82dc0 5b7ad6df618f44a585f96d7a1f762d16 - - default default] 10.0.0.158 "POST /v2.0/security-group-rules HTTP/1.1" status: 201 len: 801 time: 0.1665370
2026-07-22 23:14:23.860 10 WARNING neutron_lib.context [None req-69ab3b1c-ea07-4d27-a8f3-0b3316a9eb93 95f632aab16946c786f287260dd82dc0 5b7ad6df618f44a585f96d7a1f762d16 - - default default] Method 'is_advsvc' is deprecated since 2023.2 release (neutron-lib 3.8.0) and will be removed once support for the old RBAC API policies will be removed from Neutron. Please use method 'is_service_role' instead.
2026-07-22 23:14:23.938 9 INFO neutron.db.ovn_revision_numbers_db [None req-7db64f69-662b-4af1-95de-b718aaa0cef9 - - - - - -] Successfully bumped revision number for resource 6163c3f6-f220-48be-8960-10e3520521b6 (type: router_ports) to 4
2026-07-22 23:14:24.169 9 INFO neutron.db.ovn_revision_numbers_db [None req-2bf82225-135c-4f7e-b3b0-54bf3b6c4058 12ebc514fc7c40a5bb0fc325f7b6b14d bf6904432abe429388e42e13917d91b2 - - default default] Successfully bumped revision number for resource 3479c65b-8d34-4ebd-ac1b-3f30d1fac345 (type: security_group_rules) to 0
2026-07-22 23:14:24.192 10 WARNING neutron.scheduler.dhcp_agent_scheduler [None req-69ab3b1c-ea07-4d27-a8f3-0b3316a9eb93 95f632aab16946c786f287260dd82dc0 5b7ad6df618f44a585f96d7a1f762d16 - - default default] No more DHCP agents
2026-07-22 23:14:24.194 10 WARNING neutron.api.rpc.agentnotifiers.dhcp_rpc_agent_api [None req-69ab3b1c-ea07-4d27-a8f3-0b3316a9eb93 95f632aab16946c786f287260dd82dc0 5b7ad6df618f44a585f96d7a1f762d16 - - default default] Unable to schedule network bf4d9735-a477-438d-a56d-0935727297ff: no agents available; will retry on subsequent port and subnet creation events.
2026-07-22 23:14:24.275 9 INFO neutron.wsgi [None req-2bf82225-135c-4f7e-b3b0-54bf3b6c4058 12ebc514fc7c40a5bb0fc325f7b6b14d bf6904432abe429388e42e13917d91b2 - - default default] 10.0.0.158 "POST /v2.0/security-group-rules HTTP/1.1" status: 201 len: 801 time: 0.7852669
2026-07-22 23:14:24.299 10 WARNING neutron_lib.context [None req-1102fff6-bf96-472d-bb06-ad0b07496d6d 12ebc514fc7c40a5bb0fc325f7b6b14d bf6904432abe429388e42e13917d91b2 - - default default] Method 'is_advsvc' is deprecated since 2023.2 release (neutron-lib 3.8.0) and will be removed once support for the old RBAC API policies will be removed from Neutron. Please use method 'is_service_role' instead.
2026-07-22 23:14:24.413 9 INFO neutron.plugins.ml2.drivers.ovn.mech_driver.ovsdb.commands [None req-10d1209e-ae13-45bf-b51d-213f10456a7b - - - - - -] Schedule LRP lrp-383817db-39f4-4f9c-91f9-cd069153e790 on gateway 29c9d2a8-b421-488d-8da2-2727d29b50d3 with priority 1
2026-07-22 23:14:24.442 9 INFO neutron.db.ovn_revision_numbers_db [None req-fe374d2f-ee0e-4dc5-9e9a-305e21e3287c - - - - - -] Successfully bumped revision number for resource 568b59b6-e4d5-44b8-adc1-89df6813da13 (type: ports) to 2
2026-07-22 23:14:24.494 10 INFO neutron.plugins.ml2.drivers.ovn.mech_driver.ovsdb.ovsdb_monitor [None req-0ae7225b-6cd6-4c32-b391-d20474edc710 - - - - - -] Router 520cd8d7-4af6-4eea-97e2-c4cf752f27f3 is bound to host instance
2026-07-22 23:14:24.538 9 INFO neutron.db.ovn_revision_numbers_db [None req-af0b3d86-39bb-46d8-8363-dc787d76dfab ebbdda3948f148a492dd875a4ced6796 f2d0a8ebe7d244c18dc84a3e8f1419b4 - - default default] Successfully bumped revision number for resource 383817db-39f4-4f9c-91f9-cd069153e790 (type: router_ports) to 1
2026-07-22 23:14:24.640 9 INFO neutron.db.ovn_revision_numbers_db [None req-af0b3d86-39bb-46d8-8363-dc787d76dfab ebbdda3948f148a492dd875a4ced6796 f2d0a8ebe7d244c18dc84a3e8f1419b4 - - default default] Successfully bumped revision number for resource 520cd8d7-4af6-4eea-97e2-c4cf752f27f3 (type: routers) to 2
2026-07-22 23:14:24.666 9 INFO neutron.wsgi [None req-af0b3d86-39bb-46d8-8363-dc787d76dfab ebbdda3948f148a492dd875a4ced6796 f2d0a8ebe7d244c18dc84a3e8f1419b4 - - default default] 10.0.0.158 "POST /v2.0/routers HTTP/1.1" status: 201 len: 1173 time: 3.9639835
2026-07-22 23:14:24.701 9 INFO neutron.db.ovn_revision_numbers_db [None req-fe374d2f-ee0e-4dc5-9e9a-305e21e3287c - - - - - -] Successfully bumped revision number for resource 568b59b6-e4d5-44b8-adc1-89df6813da13 (type: router_ports) to 2
2026-07-22 23:14:24.888 9 INFO neutron.db.ovn_revision_numbers_db [None req-aeb7af0a-3bbe-4079-951c-3f3cee51cd89 ebbdda3948f148a492dd875a4ced6796 f2d0a8ebe7d244c18dc84a3e8f1419b4 - - default default] Successfully bumped revision number for resource be474d0d-66d5-464b-bb0b-8e4a6803091b (type: router_ports) to 2
2026-07-22 23:14:24.894 9 INFO neutron.wsgi [None req-aeb7af0a-3bbe-4079-951c-3f3cee51cd89 ebbdda3948f148a492dd875a4ced6796 f2d0a8ebe7d244c18dc84a3e8f1419b4 - - default default] 10.0.0.158 "PUT /v2.0/routers/73186be8-0255-4074-be6e-444528dbd3f4/add_router_interface HTTP/1.1" status: 200 len: 503 time: 6.3561397
2026-07-22 23:14:24.991 10 INFO neutron.wsgi [None req-69ab3b1c-ea07-4d27-a8f3-0b3316a9eb93 95f632aab16946c786f287260dd82dc0 5b7ad6df618f44a585f96d7a1f762d16 - - default default] 10.0.0.158 "POST /v2.0/floatingips HTTP/1.1" status: 201 len: 751 time: 1.1364524
2026-07-22 23:14:25.018 10 WARNING neutron.scheduler.dhcp_agent_scheduler [None req-1102fff6-bf96-472d-bb06-ad0b07496d6d 12ebc514fc7c40a5bb0fc325f7b6b14d bf6904432abe429388e42e13917d91b2 - - default default] No more DHCP agents
2026-07-22 23:14:25.032 10 WARNING neutron.api.rpc.agentnotifiers.dhcp_rpc_agent_api [None req-1102fff6-bf96-472d-bb06-ad0b07496d6d 12ebc514fc7c40a5bb0fc325f7b6b14d bf6904432abe429388e42e13917d91b2 - - default default] Unable to schedule network bf4d9735-a477-438d-a56d-0935727297ff: no agents available; will retry on subsequent port and subnet creation events.
2026-07-22 23:14:25.737 10 INFO neutron.wsgi [None req-1102fff6-bf96-472d-bb06-ad0b07496d6d 12ebc514fc7c40a5bb0fc325f7b6b14d bf6904432abe429388e42e13917d91b2 - - default default] 10.0.0.158 "POST /v2.0/floatingips HTTP/1.1" status: 201 len: 751 time: 1.4468999
2026-07-22 23:14:25.802 9 WARNING neutron_lib.context [req-6e90256f-38ce-4954-b3e5-6a3863194919 req-ca99563b-47b5-4ee5-8738-acdf94aaa73b 26d2eba4cc4b4c2e833d44cf98a76be2 b8b70549fbd448ed90f6eb523503daea - - default default] Method 'is_advsvc' is deprecated since 2023.2 release (neutron-lib 3.8.0) and will be removed once support for the old RBAC API policies will be removed from Neutron. Please use method 'is_service_role' instead.
2026-07-22 23:14:25.819 10 WARNING neutron.scheduler.dhcp_agent_scheduler [None req-115087e9-5590-4f19-aab6-9907ee3a5399 ebbdda3948f148a492dd875a4ced6796 f2d0a8ebe7d244c18dc84a3e8f1419b4 - - default default] No more DHCP agents
2026-07-22 23:14:25.824 10 WARNING neutron.api.rpc.agentnotifiers.dhcp_rpc_agent_api [None req-115087e9-5590-4f19-aab6-9907ee3a5399 ebbdda3948f148a492dd875a4ced6796 f2d0a8ebe7d244c18dc84a3e8f1419b4 - - default default] Unable to schedule network f77e5af5-7a2a-428c-adbe-8c7c13a2dd7b: no agents available; will retry on subsequent port and subnet creation events.
2026-07-22 23:14:25.883 10 INFO neutron.db.ovn_revision_numbers_db [None req-0ae7225b-6cd6-4c32-b391-d20474edc710 - - - - - -] Successfully bumped revision number for resource 383817db-39f4-4f9c-91f9-cd069153e790 (type: ports) to 1
2026-07-22 23:14:25.920 9 INFO neutron.wsgi [req-48d2a130-19fe-410d-857e-317a5821e3e7 req-2bb7666e-5b9a-4f86-84d7-eb4a49b655f7 95f632aab16946c786f287260dd82dc0 5b7ad6df618f44a585f96d7a1f762d16 - - default default] 10.0.0.167 "GET /v2.0/security-groups?name=tempest-securitygroup--1084763563&fields=id&tenant_id=5b7ad6df618f44a585f96d7a1f762d16 HTTP/1.1" status: 200 len: 267 time: 0.0551474
2026-07-22 23:14:26.014 9 INFO neutron.db.ovn_revision_numbers_db [req-6e90256f-38ce-4954-b3e5-6a3863194919 req-ca99563b-47b5-4ee5-8738-acdf94aaa73b 26d2eba4cc4b4c2e833d44cf98a76be2 b8b70549fbd448ed90f6eb523503daea - - default default] Successfully bumped revision number for resource 95c9f30a-6c14-4d77-8066-cb42d7cf3a9f (type: security_groups) to 1
2026-07-22 23:14:26.019 10 INFO neutron.db.ovn_revision_numbers_db [None req-115087e9-5590-4f19-aab6-9907ee3a5399 ebbdda3948f148a492dd875a4ced6796 f2d0a8ebe7d244c18dc84a3e8f1419b4 - - default default] Successfully bumped revision number for resource 08e093bf-8e88-4627-b515-f38cb27b09af (type: ports) to 1
2026-07-22 23:14:26.038 9 INFO neutron.db.ovn_revision_numbers_db [req-6e90256f-38ce-4954-b3e5-6a3863194919 req-ca99563b-47b5-4ee5-8738-acdf94aaa73b 26d2eba4cc4b4c2e833d44cf98a76be2 b8b70549fbd448ed90f6eb523503daea - - default default] Successfully bumped revision number for resource 65d6e689-fc0c-41d1-a97f-862994579d10 (type: security_group_rules) to 0
2026-07-22 23:14:26.045 9 INFO neutron.wsgi [req-48d2a130-19fe-410d-857e-317a5821e3e7 req-4d77a0e8-44e0-4f8c-bcaa-fd5c89c60e82 95f632aab16946c786f287260dd82dc0 5b7ad6df618f44a585f96d7a1f762d16 - - default default] 10.0.0.167 "GET /v2.0/networks?id=16777d93-204b-481e-8ab6-31c663d6089f HTTP/1.1" status: 200 len: 883 time: 0.1161869
2026-07-22 23:14:26.059 9 INFO neutron.wsgi [req-48d2a130-19fe-410d-857e-317a5821e3e7 req-071aebc3-2090-4921-bb29-d5ed29f050d8 95f632aab16946c786f287260dd82dc0 5b7ad6df618f44a585f96d7a1f762d16 - - default default] 10.0.0.167 "GET /v2.0/quotas/5b7ad6df618f44a585f96d7a1f762d16 HTTP/1.1" status: 200 len: 491 time: 0.0106406
2026-07-22 23:14:26.064 9 INFO neutron.db.ovn_revision_numbers_db [req-6e90256f-38ce-4954-b3e5-6a3863194919 req-ca99563b-47b5-4ee5-8738-acdf94aaa73b 26d2eba4cc4b4c2e833d44cf98a76be2 b8b70549fbd448ed90f6eb523503daea - - default default] Successfully bumped revision number for resource 979227d4-8206-4433-890b-b4b72e42074b (type: security_group_rules) to 0
2026-07-22 23:14:26.112 9 INFO neutron.wsgi [req-6e90256f-38ce-4954-b3e5-6a3863194919 req-ca99563b-47b5-4ee5-8738-acdf94aaa73b 26d2eba4cc4b4c2e833d44cf98a76be2 b8b70549fbd448ed90f6eb523503daea - - default default] 10.0.0.167 "POST /v2.0/security-groups HTTP/1.1" status: 201 len: 1887 time: 0.3581507
2026-07-22 23:14:26.317 9 INFO neutron.wsgi [req-48d2a130-19fe-410d-857e-317a5821e3e7 req-6a62b390-887b-444c-aad9-af8e1e12e7ef 95f632aab16946c786f287260dd82dc0 5b7ad6df618f44a585f96d7a1f762d16 - - default default] 10.0.0.167 "GET /v2.0/ports?tenant_id=5b7ad6df618f44a585f96d7a1f762d16&fields=id HTTP/1.1" status: 200 len: 302 time: 0.2539194
2026-07-22 23:14:26.322 9 INFO neutron.wsgi [req-d333b4fe-a493-4c78-99d7-46133b2b9e6c req-9954dec2-31e6-4e18-8bd3-d6a2bb4f860f 12ebc514fc7c40a5bb0fc325f7b6b14d bf6904432abe429388e42e13917d91b2 - - default default] 10.0.0.167 "GET /v2.0/security-groups?name=tempest-securitygroup--1808500050&fields=id&tenant_id=bf6904432abe429388e42e13917d91b2 HTTP/1.1" status: 200 len: 267 time: 0.0568192
2026-07-22 23:14:26.390 9 INFO neutron.wsgi [req-d333b4fe-a493-4c78-99d7-46133b2b9e6c req-13bdc20f-147a-467e-bbc0-0cad1b57a579 12ebc514fc7c40a5bb0fc325f7b6b14d bf6904432abe429388e42e13917d91b2 - - default default] 10.0.0.167 "GET /v2.0/networks?id=bdfc2692-d1d0-4597-b8da-1c0fea2f7b32 HTTP/1.1" status: 200 len: 875 time: 0.0609324
2026-07-22 23:14:26.410 9 INFO neutron.wsgi [req-d333b4fe-a493-4c78-99d7-46133b2b9e6c req-3f987484-266a-4c19-a2f4-c6c2006b1778 12ebc514fc7c40a5bb0fc325f7b6b14d bf6904432abe429388e42e13917d91b2 - - default default] 10.0.0.167 "GET /v2.0/quotas/bf6904432abe429388e42e13917d91b2 HTTP/1.1" status: 200 len: 491 time: 0.0115840
2026-07-22 23:14:26.488 9 INFO neutron.wsgi [req-d333b4fe-a493-4c78-99d7-46133b2b9e6c req-0cd8f8da-45b8-4a24-b0aa-b2d4689b18e4 12ebc514fc7c40a5bb0fc325f7b6b14d bf6904432abe429388e42e13917d91b2 - - default default] 10.0.0.167 "GET /v2.0/ports?tenant_id=bf6904432abe429388e42e13917d91b2&fields=id HTTP/1.1" status: 200 len: 302 time: 0.0705295
2026-07-22 23:14:26.577 10 INFO neutron.db.ovn_revision_numbers_db [None req-0ae7225b-6cd6-4c32-b391-d20474edc710 - - - - - -] Successfully bumped revision number for resource 383817db-39f4-4f9c-91f9-cd069153e790 (type: router_ports) to 3
2026-07-22 23:14:26.720 9 INFO neutron.wsgi [req-48d2a130-19fe-410d-857e-317a5821e3e7 req-ed9453b5-6fe2-41bc-8cf8-4feb60c94642 38b7af1608ab41288e45d13e552b4b4c 9e638baa87ad423dac194c8e5e228763 - - abae589cee0a4341a3424b5ec21a2a36 abae589cee0a4341a3424b5ec21a2a36] 10.0.0.167 "GET /v2.0/extensions HTTP/1.1" status: 200 len: 18683 time: 0.0387602
2026-07-22 23:14:26.810 9 INFO neutron.wsgi [req-48d2a130-19fe-410d-857e-317a5821e3e7 req-f107c3ff-2cbd-443c-9f4d-fd3cbf88e5fa 38b7af1608ab41288e45d13e552b4b4c 9e638baa87ad423dac194c8e5e228763 - - abae589cee0a4341a3424b5ec21a2a36 abae589cee0a4341a3424b5ec21a2a36] 10.0.0.167 "GET /v2.0/networks/16777d93-204b-481e-8ab6-31c663d6089f?fields=segments HTTP/1.1" status: 200 len: 212 time: 0.0816638
2026-07-22 23:14:26.842 9 INFO neutron.wsgi [req-d333b4fe-a493-4c78-99d7-46133b2b9e6c req-946a2dd0-e9ec-49a7-8368-fc8323284460 38b7af1608ab41288e45d13e552b4b4c 9e638baa87ad423dac194c8e5e228763 - - abae589cee0a4341a3424b5ec21a2a36 abae589cee0a4341a3424b5ec21a2a36] 10.0.0.167 "GET /v2.0/extensions HTTP/1.1" status: 200 len: 18683 time: 0.0443964
2026-07-22 23:14:26.852 10 ERROR ovsdbapp.backend.ovs_idl.command [None req-115087e9-5590-4f19-aab6-9907ee3a5399 ebbdda3948f148a492dd875a4ced6796 f2d0a8ebe7d244c18dc84a3e8f1419b4 - - default default] Error executing command (DbGetCommand): ovsdbapp.backend.ovs_idl.idlutils.RowNotFound: Cannot find Logical_Router_Port with name=lrp-08e093bf-8e88-4627-b515-f38cb27b09af
2026-07-22 23:14:26.852 10 ERROR ovsdbapp.backend.ovs_idl.command
Traceback (most recent call last):
2026-07-22 23:14:26.852 10 ERROR ovsdbapp.backend.ovs_idl.command
File "/var/lib/openstack/lib/python3.10/site-packages/ovsdbapp/backend/ovs_idl/command.py", line 47, in execute
2026-07-22 23:14:26.852 10 ERROR ovsdbapp.backend.ovs_idl.command self.run_idl(None)
2026-07-22 23:14:26.852 10 ERROR ovsdbapp.backend.ovs_idl.command
File "/var/lib/openstack/lib/python3.10/site-packages/ovsdbapp/backend/ovs_idl/command.py", line 235, in run_idl
2026-07-22 23:14:26.852 10 ERROR ovsdbapp.backend.ovs_idl.command record = self.api.lookup(self.table, self.record)
2026-07-22 23:14:26.852 10 ERROR ovsdbapp.backend.ovs_idl.command
File "/var/lib/openstack/lib/python3.10/site-packages/ovsdbapp/backend/ovs_idl/__init__.py", line 184, in lookup
2026-07-22 23:14:26.852 10 ERROR ovsdbapp.backend.ovs_idl.command return self._lookup(table, record)
2026-07-22 23:14:26.852 10 ERROR ovsdbapp.backend.ovs_idl.command
File "/var/lib/openstack/lib/python3.10/site-packages/ovsdbapp/backend/ovs_idl/__init__.py", line 235, in _lookup
2026-07-22 23:14:26.852 10 ERROR ovsdbapp.backend.ovs_idl.command row = idlutils.row_by_value(self, rl.table, rl.column, record)
2026-07-22 23:14:26.852 10 ERROR ovsdbapp.backend.ovs_idl.command
File "/var/lib/openstack/lib/python3.10/site-packages/ovsdbapp/backend/ovs_idl/idlutils.py", line 114, in row_by_value
2026-07-22 23:14:26.852 10 ERROR ovsdbapp.backend.ovs_idl.command raise RowNotFound(table=table, col=column, match=match)
2026-07-22 23:14:26.852 10 ERROR ovsdbapp.backend.ovs_idl.command ovsdbapp.backend.ovs_idl.idlutils.RowNotFound: Cannot find Logical_Router_Port with name=lrp-08e093bf-8e88-4627-b515-f38cb27b09af
2026-07-22 23:14:26.852 10 ERROR ovsdbapp.backend.ovs_idl.command 
2026-07-22 23:14:26.853 10 ERROR neutron_lib.callbacks.manager [None req-115087e9-5590-4f19-aab6-9907ee3a5399 ebbdda3948f148a492dd875a4ced6796 f2d0a8ebe7d244c18dc84a3e8f1419b4 - - default default] Error during notification for neutron.services.ovn_l3.plugin.OVNL3RouterPlugin._port_update-8726360469222 port, after_update: ovsdbapp.backend.ovs_idl.idlutils.RowNotFound: Cannot find Logical_Router_Port with name=lrp-08e093bf-8e88-4627-b515-f38cb27b09af
2026-07-22 23:14:26.853 10 ERROR neutron_lib.callbacks.manager
Traceback (most recent call last):
2026-07-22 23:14:26.853 10 ERROR neutron_lib.callbacks.manager
File "/var/lib/openstack/lib/python3.10/site-packages/neutron_lib/callbacks/manager.py", line 189, in _notify_loop
2026-07-22 23:14:26.853 10 ERROR neutron_lib.callbacks.manager callback.method(resource, event, trigger, payload=payload)
2026-07-22 23:14:26.853 10 ERROR neutron_lib.callbacks.manager
File "/var/lib/openstack/lib/python3.10/site-packages/neutron/services/ovn_l3/plugin.py", line 391, in _port_update
2026-07-22 23:14:26.853 10 ERROR neutron_lib.callbacks.manager l3plugin._ovn_client.update_router_port(context,
2026-07-22 23:14:26.853 10 ERROR neutron_lib.callbacks.manager
File "/var/lib/openstack/lib/python3.10/site-packages/neutron/plugins/ml2/drivers/ovn/mech_driver/ovsdb/ovn_client.py", line 1878, in update_router_port
2026-07-22 23:14:26.853 10 ERROR neutron_lib.callbacks.manager self._update_lrouter_port(context, port, if_exists=if_exists,
2026-07-22 23:14:26.853 10 ERROR neutron_lib.callbacks.manager
File "/var/lib/openstack/lib/python3.10/site-packages/neutron/plugins/ml2/drivers/ovn/mech_driver/ovsdb/ovn_client.py", line 1855, in _update_lrouter_port
2026-07-22 23:14:26.853 10 ERROR neutron_lib.callbacks.manager external_ids = self._nb_idl.db_get(
2026-07-22 23:14:26.853 10 ERROR neutron_lib.callbacks.manager
File "/var/lib/openstack/lib/python3.10/site-packages/ovsdbapp/backend/ovs_idl/command.py", line 47, in execute
2026-07-22 23:14:26.853 10 ERROR neutron_lib.callbacks.manager self.run_idl(None)
2026-07-22 23:14:26.853 10 ERROR neutron_lib.callbacks.manager
File "/var/lib/openstack/lib/python3.10/site-packages/ovsdbapp/backend/ovs_idl/command.py", line 235, in run_idl
2026-07-22 23:14:26.853 10 ERROR neutron_lib.callbacks.manager record = self.api.lookup(self.table, self.record)
2026-07-22 23:14:26.853 10 ERROR neutron_lib.callbacks.manager
File "/var/lib/openstack/lib/python3.10/site-packages/ovsdbapp/backend/ovs_idl/__init__.py", line 184, in lookup
2026-07-22 23:14:26.853 10 ERROR neutron_lib.callbacks.manager return self._lookup(table, record)
2026-07-22 23:14:26.853 10 ERROR neutron_lib.callbacks.manager
File "/var/lib/openstack/lib/python3.10/site-packages/ovsdbapp/backend/ovs_idl/__init__.py", line 235, in _lookup
2026-07-22 23:14:26.853 10 ERROR neutron_lib.callbacks.manager row = idlutils.row_by_value(self, rl.table, rl.column, record)
2026-07-22 23:14:26.853 10 ERROR neutron_lib.callbacks.manager
File "/var/lib/openstack/lib/python3.10/site-packages/ovsdbapp/backend/ovs_idl/idlutils.py", line 114, in row_by_value
2026-07-22 23:14:26.853 10 ERROR neutron_lib.callbacks.manager raise RowNotFound(table=table, col=column, match=match)
2026-07-22 23:14:26.853 10 ERROR neutron_lib.callbacks.manager ovsdbapp.backend.ovs_idl.idlutils.RowNotFound: Cannot find Logical_Router_Port with name=lrp-08e093bf-8e88-4627-b515-f38cb27b09af
2026-07-22 23:14:26.853 10 ERROR neutron_lib.callbacks.manager 
2026-07-22 23:14:26.862 10 INFO neutron.db.ovn_revision_numbers_db [None req-0ae7225b-6cd6-4c32-b391-d20474edc710 - - - - - -] Successfully bumped revision number for resource 383817db-39f4-4f9c-91f9-cd069153e790 (type: ports) to 2
2026-07-22 23:14:26.912 9 INFO neutron.wsgi [req-48d2a130-19fe-410d-857e-317a5821e3e7 req-b11f3b8f-1f86-41aa-bb52-9ff64801b0a9 38b7af1608ab41288e45d13e552b4b4c 9e638baa87ad423dac194c8e5e228763 - - abae589cee0a4341a3424b5ec21a2a36 abae589cee0a4341a3424b5ec21a2a36] 10.0.0.167 "GET /v2.0/networks/16777d93-204b-481e-8ab6-31c663d6089f?fields=provider%3Aphysical_network&fields=provider%3Anetwork_type HTTP/1.1" status: 200 len: 277 time: 0.0915213
2026-07-22 23:14:26.919 9 INFO neutron.wsgi [req-d333b4fe-a493-4c78-99d7-46133b2b9e6c req-e3d6d828-9ce3-4a62-9e3e-37a0366cc4b7 38b7af1608ab41288e45d13e552b4b4c 9e638baa87ad423dac194c8e5e228763 - - abae589cee0a4341a3424b5ec21a2a36 abae589cee0a4341a3424b5ec21a2a36] 10.0.0.167 "GET /v2.0/networks/bdfc2692-d1d0-4597-b8da-1c0fea2f7b32?fields=segments HTTP/1.1" status: 200 len: 212 time: 0.0658028
2026-07-22 23:14:26.991 9 INFO neutron.wsgi [req-d333b4fe-a493-4c78-99d7-46133b2b9e6c req-010f0cac-c0a4-4d77-b4d6-27884d7c40f5 38b7af1608ab41288e45d13e552b4b4c 9e638baa87ad423dac194c8e5e228763 - - abae589cee0a4341a3424b5ec21a2a36 abae589cee0a4341a3424b5ec21a2a36] 10.0.0.167 "GET /v2.0/networks/bdfc2692-d1d0-4597-b8da-1c0fea2f7b32?fields=provider%3Aphysical_network&fields=provider%3Anetwork_type HTTP/1.1" status: 200 len: 277 time: 0.0668571
2026-07-22 23:14:27.050 9 WARNING neutron_lib.context [req-e8f7682d-8db0-4c71-a606-bd20110a0617 req-267ba0ca-da02-4f0c-882c-06c195d3fd91 26d2eba4cc4b4c2e833d44cf98a76be2 b8b70549fbd448ed90f6eb523503daea - - default default] Method 'is_advsvc' is deprecated since 2023.2 release (neutron-lib 3.8.0) and will be removed once support for the old RBAC API policies will be removed from Neutron. Please use method 'is_service_role' instead.
2026-07-22 23:14:27.123 10 INFO neutron.db.ovn_revision_numbers_db [None req-115087e9-5590-4f19-aab6-9907ee3a5399 ebbdda3948f148a492dd875a4ced6796 f2d0a8ebe7d244c18dc84a3e8f1419b4 - - default default] Successfully bumped revision number for resource 08e093bf-8e88-4627-b515-f38cb27b09af (type: ports) to 1
2026-07-22 23:14:27.173 9 INFO neutron.wsgi [req-a7246aff-c687-463f-8ecc-2fdfd0ba0e76 req-6e91c67b-426d-4596-8885-e7d7271e94b6 95f632aab16946c786f287260dd82dc0 5b7ad6df618f44a585f96d7a1f762d16 - - default default] 10.0.0.167 "GET /v2.0/ports?device_id=a8b7670f-d2a6-456a-bbe6-57abd2ee8ab5 HTTP/1.1" status: 200 len: 210 time: 0.0313375
2026-07-22 23:14:27.236 10 WARNING neutron.scheduler.dhcp_agent_scheduler [None req-115087e9-5590-4f19-aab6-9907ee3a5399 ebbdda3948f148a492dd875a4ced6796 f2d0a8ebe7d244c18dc84a3e8f1419b4 - - default default] No more DHCP agents
2026-07-22 23:14:27.239 10 WARNING neutron.api.rpc.agentnotifiers.dhcp_rpc_agent_api [None req-115087e9-5590-4f19-aab6-9907ee3a5399 ebbdda3948f148a492dd875a4ced6796 f2d0a8ebe7d244c18dc84a3e8f1419b4 - - default default] Unable to schedule network f77e5af5-7a2a-428c-adbe-8c7c13a2dd7b: no agents available; will retry on subsequent port and subnet creation events.
2026-07-22 23:14:27.240 9 INFO neutron.wsgi [req-afb10738-9630-418c-a458-3222598f083c req-017bae95-8d7d-4187-a38b-f0c080c67cb9 12ebc514fc7c40a5bb0fc325f7b6b14d bf6904432abe429388e42e13917d91b2 - - default default] 10.0.0.167 "GET /v2.0/ports?device_id=8be16716-6933-482f-9976-99ce537191be HTTP/1.1" status: 200 len: 210 time: 0.0325480
2026-07-22 23:14:27.279 9 INFO neutron.db.ovn_revision_numbers_db [req-e8f7682d-8db0-4c71-a606-bd20110a0617 req-267ba0ca-da02-4f0c-882c-06c195d3fd91 26d2eba4cc4b4c2e833d44cf98a76be2 b8b70549fbd448ed90f6eb523503daea - - default default] Successfully bumped revision number for resource 1865ba21-65d1-4f0f-ab9e-be3b1720acb2 (type: security_groups) to 1
2026-07-22 23:14:27.294 9 INFO neutron.db.ovn_revision_numbers_db [req-e8f7682d-8db0-4c71-a606-bd20110a0617 req-267ba0ca-da02-4f0c-882c-06c195d3fd91 26d2eba4cc4b4c2e833d44cf98a76be2 b8b70549fbd448ed90f6eb523503daea - - default default] Successfully bumped revision number for resource 933abe48-b6e8-49ec-88ec-266b20f7d918 (type: security_group_rules) to 0
2026-07-22 23:14:27.311 9 INFO neutron.db.ovn_revision_numbers_db [req-e8f7682d-8db0-4c71-a606-bd20110a0617 req-267ba0ca-da02-4f0c-882c-06c195d3fd91 26d2eba4cc4b4c2e833d44cf98a76be2 b8b70549fbd448ed90f6eb523503daea - - default default] Successfully bumped revision number for resource a57c1437-dbe4-485f-8901-ee7593e72c39 (type: security_group_rules) to 0
2026-07-22 23:14:27.357 9 INFO neutron.wsgi [req-e8f7682d-8db0-4c71-a606-bd20110a0617 req-267ba0ca-da02-4f0c-882c-06c195d3fd91 26d2eba4cc4b4c2e833d44cf98a76be2 b8b70549fbd448ed90f6eb523503daea - - default default] 10.0.0.167 "POST /v2.0/security-groups HTTP/1.1" status: 201 len: 1886 time: 0.3137424
2026-07-22 23:14:27.391 9 WARNING neutron_lib.context [req-ac62c750-f363-46a8-be94-b7a7793c3d71 req-ccbe665e-3537-4974-a552-5631b37c0679 26d2eba4cc4b4c2e833d44cf98a76be2 b8b70549fbd448ed90f6eb523503daea - - default default] Method 'is_advsvc' is deprecated since 2023.2 release (neutron-lib 3.8.0) and will be removed once support for the old RBAC API policies will be removed from Neutron. Please use method 'is_service_role' instead.
2026-07-22 23:14:27.491 10 INFO neutron.db.ovn_revision_numbers_db [None req-0ae7225b-6cd6-4c32-b391-d20474edc710 - - - - - -] Successfully bumped revision number for resource 383817db-39f4-4f9c-91f9-cd069153e790 (type: ports) to 4
2026-07-22 23:14:27.546 9 INFO neutron.db.ovn_revision_numbers_db [req-ac62c750-f363-46a8-be94-b7a7793c3d71 req-ccbe665e-3537-4974-a552-5631b37c0679 26d2eba4cc4b4c2e833d44cf98a76be2 b8b70549fbd448ed90f6eb523503daea - - default default] Successfully bumped revision number for resource e1fab95b-3696-4a91-91a7-c6c7f7bf18ec (type: security_groups) to 1
2026-07-22 23:14:27.564 9 INFO neutron.db.ovn_revision_numbers_db [req-ac62c750-f363-46a8-be94-b7a7793c3d71 req-ccbe665e-3537-4974-a552-5631b37c0679 26d2eba4cc4b4c2e833d44cf98a76be2 b8b70549fbd448ed90f6eb523503daea - - default default] Successfully bumped revision number for resource 0643d85e-1c17-4728-861a-fb9a5753dfaa (type: security_group_rules) to 0
