2026-07-22 23:14:34.886 9 INFO neutron.services.segments.plugin [-] Segment ad6d2f19-6391-4ec5-bdc2-916e01d414da resource provider not found; error: Placement Client Error (4xx): {"errors": [{"status": 404, "title": "Not Found", "detail": "The resource could not be found.\n\n No resource provider with uuid ad6d2f19-6391-4ec5-bdc2-916e01d414da found for delete ", "request_id": "req-6d65d36e-c202-4cd5-b62f-0b83bfcefc63"}]}
2026-07-22 23:14:34.911 10 INFO neutron.notifiers.nova [-] Nova event matching ['req-62359cc3-b32f-4d63-bf26-8df476fd440e'] response: {'name': 'network-changed', 'server_uuid': '8be16716-6933-482f-9976-99ce537191be', 'tag': 'c067974c-7402-47ec-bc7e-57b44a4d83df', 'status': 'completed', 'code': 200}
2026-07-22 23:14:34.935 9 WARNING neutron.plugins.ml2.drivers.ovn.mech_driver.ovsdb.ovn_client [None req-fe374d2f-ee0e-4dc5-9e9a-305e21e3287c - - - - - -] No hosting information found for port 36d0b80e-c9b2-4a65-bd46-cfc7ce406e38: RuntimeError: No hosting information found for port 36d0b80e-c9b2-4a65-bd46-cfc7ce406e38
2026-07-22 23:14:35.007 10 INFO neutron.wsgi [req-d341ea97-0fd8-4944-a48c-75052660ed50 req-d7848f79-a29c-43a2-b049-e5a4d579ebb2 38b7af1608ab41288e45d13e552b4b4c 9e638baa87ad423dac194c8e5e228763 - - abae589cee0a4341a3424b5ec21a2a36 abae589cee0a4341a3424b5ec21a2a36] 199.204.45.240 "GET /v2.0/ports?tenant_id=bf6904432abe429388e42e13917d91b2&device_id=8be16716-6933-482f-9976-99ce537191be HTTP/1.1" status: 200 len: 1411 time: 0.0742030
2026-07-22 23:14:35.068 10 INFO neutron.wsgi [None req-46550b2e-688f-4f63-afc1-698f54f2e72e ebbdda3948f148a492dd875a4ced6796 f2d0a8ebe7d244c18dc84a3e8f1419b4 - - default default] 10.0.0.158 "DELETE /v2.0/security-groups/7958aee7-7173-46f0-8bd5-a013da90a24c HTTP/1.1" status: 204 len: 168 time: 0.3875396
2026-07-22 23:14:35.115 10 INFO neutron.wsgi [None req-f95dadab-8985-40fe-b0cd-e720fbab0f5b ebbdda3948f148a492dd875a4ced6796 f2d0a8ebe7d244c18dc84a3e8f1419b4 - - default default] 10.0.0.158 "DELETE /v2.0/networks/f77e5af5-7a2a-428c-adbe-8c7c13a2dd7b HTTP/1.1" status: 204 len: 168 time: 0.5953400
2026-07-22 23:14:35.122 10 INFO neutron.wsgi [req-d341ea97-0fd8-4944-a48c-75052660ed50 req-fdbfc4e4-28f1-4b99-ac22-efb13ae562e7 38b7af1608ab41288e45d13e552b4b4c 9e638baa87ad423dac194c8e5e228763 - - abae589cee0a4341a3424b5ec21a2a36 abae589cee0a4341a3424b5ec21a2a36] 199.204.45.240 "GET /v2.0/networks?id=bdfc2692-d1d0-4597-b8da-1c0fea2f7b32 HTTP/1.1" status: 200 len: 974 time: 0.1110842
2026-07-22 23:14:35.165 10 INFO neutron.wsgi [req-d341ea97-0fd8-4944-a48c-75052660ed50 req-d079d78e-84cd-4273-a0b5-085a2ab61b9e 38b7af1608ab41288e45d13e552b4b4c 9e638baa87ad423dac194c8e5e228763 - - abae589cee0a4341a3424b5ec21a2a36 abae589cee0a4341a3424b5ec21a2a36] 199.204.45.240 "GET /v2.0/floatingips?fixed_ip_address=10.100.0.11&port_id=c067974c-7402-47ec-bc7e-57b44a4d83df HTTP/1.1" status: 200 len: 217 time: 0.0375555
2026-07-22 23:14:35.201 10 INFO neutron.wsgi [req-d341ea97-0fd8-4944-a48c-75052660ed50 req-237aecca-b40b-4395-8f9c-63a29fba0b5a 38b7af1608ab41288e45d13e552b4b4c 9e638baa87ad423dac194c8e5e228763 - - abae589cee0a4341a3424b5ec21a2a36 abae589cee0a4341a3424b5ec21a2a36] 199.204.45.240 "GET /v2.0/subnets?id=79188133-4197-4841-be9c-fbbc1adbf8eb HTTP/1.1" status: 200 len: 869 time: 0.0321259
2026-07-22 23:14:35.204 9 INFO neutron.plugins.ml2.drivers.ovn.mech_driver.mech_driver [None req-fe374d2f-ee0e-4dc5-9e9a-305e21e3287c - - - - - -] OVN reports status up for port: c067974c-7402-47ec-bc7e-57b44a4d83df
2026-07-22 23:14:35.229 10 INFO neutron.wsgi [req-d341ea97-0fd8-4944-a48c-75052660ed50 req-a65e3323-a2b2-478c-bb64-fea96a9532f7 38b7af1608ab41288e45d13e552b4b4c 9e638baa87ad423dac194c8e5e228763 - - abae589cee0a4341a3424b5ec21a2a36 abae589cee0a4341a3424b5ec21a2a36] 199.204.45.240 "GET /v2.0/ports?network_id=bdfc2692-d1d0-4597-b8da-1c0fea2f7b32&device_owner=network%3Adhcp HTTP/1.1" status: 200 len: 210 time: 0.0244966
2026-07-22 23:14:35.240 9 INFO neutron.plugins.ml2.plugin [None req-fe374d2f-ee0e-4dc5-9e9a-305e21e3287c - - - - - -] Attempt 1 to provision port c067974c-7402-47ec-bc7e-57b44a4d83df
2026-07-22 23:14:35.305 10 INFO neutron.wsgi [req-d341ea97-0fd8-4944-a48c-75052660ed50 req-7aa65c8f-ac1d-4dd2-8e92-e28db39fea0d 38b7af1608ab41288e45d13e552b4b4c 9e638baa87ad423dac194c8e5e228763 - - abae589cee0a4341a3424b5ec21a2a36 abae589cee0a4341a3424b5ec21a2a36] 199.204.45.240 "GET /v2.0/networks/bdfc2692-d1d0-4597-b8da-1c0fea2f7b32?fields=segments HTTP/1.1" status: 200 len: 212 time: 0.0699751
2026-07-22 23:14:35.401 10 INFO neutron.wsgi [req-d341ea97-0fd8-4944-a48c-75052660ed50 req-076791b9-b0b5-4631-9e7a-548cade0a746 38b7af1608ab41288e45d13e552b4b4c 9e638baa87ad423dac194c8e5e228763 - - abae589cee0a4341a3424b5ec21a2a36 abae589cee0a4341a3424b5ec21a2a36] 199.204.45.240 "GET /v2.0/networks/bdfc2692-d1d0-4597-b8da-1c0fea2f7b32?fields=provider%3Aphysical_network&fields=provider%3Anetwork_type HTTP/1.1" status: 200 len: 277 time: 0.0910785
2026-07-22 23:14:35.484 10 INFO neutron.wsgi [None req-da168bbd-63da-45c5-8ae8-8d8ddf8bfba0 ebbdda3948f148a492dd875a4ced6796 f2d0a8ebe7d244c18dc84a3e8f1419b4 - - default default] 10.0.0.158 "GET /v2.0/security-groups?tenant_id=bc8f5228d8cb4339b2dd3cbc7bef4bfe&name=default HTTP/1.1" status: 200 len: 3116 time: 0.0548801
2026-07-22 23:14:35.598 9 INFO neutron.wsgi [req-9885e8a5-cc42-4a62-994a-ea45e6cdb00e req-82aa0f02-4e28-460c-844a-a52f54ec95e0 95f632aab16946c786f287260dd82dc0 5b7ad6df618f44a585f96d7a1f762d16 - - default default] 10.0.0.167 "GET /v2.0/ports?device_id=a8b7670f-d2a6-456a-bbe6-57abd2ee8ab5 HTTP/1.1" status: 200 len: 1168 time: 0.0625629
2026-07-22 23:14:35.678 9 INFO neutron.wsgi [req-9885e8a5-cc42-4a62-994a-ea45e6cdb00e req-f584f9b7-e69a-4fcb-8896-86303d9aac09 95f632aab16946c786f287260dd82dc0 5b7ad6df618f44a585f96d7a1f762d16 - - default default] 10.0.0.167 "GET /v2.0/security-groups?id=46a1af6f-7627-4d7c-bde5-5fc2c554a17c&fields=id&fields=name HTTP/1.1" status: 200 len: 313 time: 0.0738835
2026-07-22 23:14:35.680 9 INFO neutron.db.ovn_revision_numbers_db [None req-fe374d2f-ee0e-4dc5-9e9a-305e21e3287c - - - - - -] Successfully bumped revision number for resource c067974c-7402-47ec-bc7e-57b44a4d83df (type: ports) to 4 /var/lib/openstack/lib/python3.10/site-packages/pycadf/identifier.py:71: UserWarning: Invalid uuid: neutron. To ensure interoperability, identifiers should be a valid uuid. warnings.warn(('Invalid uuid: %s. To ensure interoperability, '
2026-07-22 23:14:35.763 10 INFO neutron.services.segments.plugin [-] Segment e3472b38-1747-4621-8f69-5c535b389b52 resource provider aggregate not found
2026-07-22 23:14:35.773 10 INFO neutron.services.segments.plugin [-] Segment e3472b38-1747-4621-8f69-5c535b389b52 resource provider aggregate not found
2026-07-22 23:14:35.800 10 INFO neutron.services.segments.plugin [-] Segment e3472b38-1747-4621-8f69-5c535b389b52 resource provider not found; error: Placement Client Error (4xx): {"errors": [{"status": 404, "title": "Not Found", "detail": "The resource could not be found.\n\n No resource provider with uuid e3472b38-1747-4621-8f69-5c535b389b52 found for delete ", "request_id": "req-49efb603-21af-4e91-a3c7-169840d680e7"}]}
2026-07-22 23:14:35.802 10 INFO neutron.services.segments.plugin [-] Segment e3472b38-1747-4621-8f69-5c535b389b52 resource provider not found; error: Placement Client Error (4xx): {"errors": [{"status": 404, "title": "Not Found", "detail": "The resource could not be found.\n\n No resource provider with uuid e3472b38-1747-4621-8f69-5c535b389b52 found for delete ", "request_id": "req-a4e04c80-3431-452e-ad11-07844ad9f407"}]}
2026-07-22 23:14:35.807 9 INFO neutron.wsgi [req-a9278a49-5d34-4a66-83bc-0c8172fa2101 req-6f58f542-9cdc-4f2a-8ead-5f9e42cdf0fa 12ebc514fc7c40a5bb0fc325f7b6b14d bf6904432abe429388e42e13917d91b2 - - default default] 10.0.0.167 "GET /v2.0/ports?device_id=8be16716-6933-482f-9976-99ce537191be HTTP/1.1" status: 200 len: 1174 time: 0.0624454
2026-07-22 23:14:35.861 9 INFO neutron.wsgi [req-a9278a49-5d34-4a66-83bc-0c8172fa2101 req-c3d189cf-5ab8-40f8-b80f-a9177ffaedf3 12ebc514fc7c40a5bb0fc325f7b6b14d bf6904432abe429388e42e13917d91b2 - - default default] 10.0.0.167 "GET /v2.0/security-groups?id=d6da6ae0-5443-4a8b-ab4a-e4bb994ea98f&fields=id&fields=name HTTP/1.1" status: 200 len: 313 time: 0.0476766
2026-07-22 23:14:35.895 9 INFO neutron.wsgi [None req-04325313-9581-48e3-8106-d93d5b82d405 ebbdda3948f148a492dd875a4ced6796 f2d0a8ebe7d244c18dc84a3e8f1419b4 - - default default] 10.0.0.158 "DELETE /v2.0/security-groups/b71fb341-9bfe-4f00-a81e-44b7ee807806 HTTP/1.1" status: 204 len: 168 time: 0.4070654
2026-07-22 23:14:35.955 9 INFO neutron.notifiers.nova [-] Nova event matching ['req-a983bf46-295b-4aa1-92ca-ef509b5671db'] response: {'server_uuid': '8be16716-6933-482f-9976-99ce537191be', 'name': 'network-vif-plugged', 'status': 'completed', 'tag': 'c067974c-7402-47ec-bc7e-57b44a4d83df', 'code': 200}
2026-07-22 23:14:36.200 10 WARNING neutron.plugins.ml2.drivers.ovn.mech_driver.ovsdb.ovn_client [None req-a8bdee5e-8c9c-4de5-8966-45d7ee8c5aef - - - - - -] No port found with ID 08e093bf-8e88-4627-b515-f38cb27b09af: RuntimeError: No port found with ID 08e093bf-8e88-4627-b515-f38cb27b09af
2026-07-22 23:14:36.200 10 INFO neutron.plugins.ml2.drivers.ovn.mech_driver.mech_driver [None req-a8bdee5e-8c9c-4de5-8966-45d7ee8c5aef - - - - - -] OVN reports status up for port: 220f400e-443c-48b4-b8de-6350a4abfaad
2026-07-22 23:14:36.212 10 INFO neutron.plugins.ml2.plugin [None req-a8bdee5e-8c9c-4de5-8966-45d7ee8c5aef - - - - - -] Attempt 1 to provision port 220f400e-443c-48b4-b8de-6350a4abfaad
2026-07-22 23:14:36.504 10 INFO neutron.db.ovn_revision_numbers_db [None req-a8bdee5e-8c9c-4de5-8966-45d7ee8c5aef - - - - - -] Successfully bumped revision number for resource 220f400e-443c-48b4-b8de-6350a4abfaad (type: ports) to 4
2026-07-22 23:14:36.790 9 INFO neutron.wsgi [req-cb0dcab9-6da9-4f05-bd7e-72aca74aa15f req-44d3b4eb-6727-4346-80fd-db300d1def9b 95f632aab16946c786f287260dd82dc0 5b7ad6df618f44a585f96d7a1f762d16 - - default default] 10.0.0.167 "GET /v2.0/ports?device_id=a8b7670f-d2a6-456a-bbe6-57abd2ee8ab5 HTTP/1.1" status: 200 len: 1170 time: 0.0508742
2026-07-22 23:14:36.842 9 INFO neutron.wsgi [req-cb0dcab9-6da9-4f05-bd7e-72aca74aa15f req-713c6492-3a7e-44a4-abcb-5cc52cfc837e 95f632aab16946c786f287260dd82dc0 5b7ad6df618f44a585f96d7a1f762d16 - - default default] 10.0.0.167 "GET /v2.0/security-groups?id=46a1af6f-7627-4d7c-bde5-5fc2c554a17c&fields=id&fields=name HTTP/1.1" status: 200 len: 313 time: 0.0467997
2026-07-22 23:14:36.942 10 INFO neutron.notifiers.nova [-] Nova event matching ['req-5834bef5-7ada-4a59-bf11-0e424c011e37'] response: {'server_uuid': 'a8b7670f-d2a6-456a-bbe6-57abd2ee8ab5', 'name': 'network-vif-plugged', 'status': 'completed', 'tag': '220f400e-443c-48b4-b8de-6350a4abfaad', 'code': 200}
2026-07-22 23:14:36.942 10 INFO neutron.notifiers.nova [-] Nova event matching ['req-5834bef5-7ada-4a59-bf11-0e424c011e37'] response: {'server_uuid': 'a8b7670f-d2a6-456a-bbe6-57abd2ee8ab5', 'name': 'network-vif-plugged', 'status': 'completed', 'tag': '220f400e-443c-48b4-b8de-6350a4abfaad', 'code': 200}
2026-07-22 23:14:36.983 9 INFO neutron.wsgi [req-1952ab05-1a55-4e2a-a9f6-7b874ab8a595 req-c4db479c-be9d-4c29-b9fa-b1fd3ec44b63 12ebc514fc7c40a5bb0fc325f7b6b14d bf6904432abe429388e42e13917d91b2 - - default default] 10.0.0.167 "GET /v2.0/ports?device_id=8be16716-6933-482f-9976-99ce537191be HTTP/1.1" status: 200 len: 1174 time: 0.0531328
2026-07-22 23:14:37.027 9 INFO neutron.wsgi [req-1952ab05-1a55-4e2a-a9f6-7b874ab8a595 req-f717bf07-f448-4218-b12e-b3501c658a81 12ebc514fc7c40a5bb0fc325f7b6b14d bf6904432abe429388e42e13917d91b2 - - default default] 10.0.0.167 "GET /v2.0/security-groups?id=d6da6ae0-5443-4a8b-ab4a-e4bb994ea98f&fields=id&fields=name HTTP/1.1" status: 200 len: 313 time: 0.0359883
2026-07-22 23:14:37.156 9 INFO neutron.wsgi [req-1a5e3859-e800-4e8d-b616-86aebaa97dd4 req-d8816825-a869-4ac8-a648-3da3be9f8ba4 12ebc514fc7c40a5bb0fc325f7b6b14d bf6904432abe429388e42e13917d91b2 - - default default] 10.0.0.167 "GET /v2.0/ports?device_id=8be16716-6933-482f-9976-99ce537191be HTTP/1.1" status: 200 len: 1174 time: 0.0470173 /var/lib/openstack/lib/python3.10/site-packages/pycadf/identifier.py:71: UserWarning: Invalid uuid: neutron. To ensure interoperability, identifiers should be a valid uuid. warnings.warn(('Invalid uuid: %s. To ensure interoperability, '
2026-07-22 23:14:37.998 9 INFO neutron.notifiers.nova [-] Nova event matching ['req-7fe7d13d-8a42-4574-bdf7-1a54a2b41129'] response: {'server_uuid': '8be16716-6933-482f-9976-99ce537191be', 'name': 'network-vif-plugged', 'status': 'completed', 'tag': 'c067974c-7402-47ec-bc7e-57b44a4d83df', 'code': 200}
2026-07-22 23:14:38.019 9 INFO neutron.wsgi [req-2d0c3d9e-6bf6-435a-92a5-dc803aafe9c2 req-ca689f39-6166-48d6-9fd1-2557769cab44 95f632aab16946c786f287260dd82dc0 5b7ad6df618f44a585f96d7a1f762d16 - - default default] 10.0.0.167 "GET /v2.0/ports?device_id=a8b7670f-d2a6-456a-bbe6-57abd2ee8ab5 HTTP/1.1" status: 200 len: 1170 time: 0.1187875
2026-07-22 23:14:38.071 9 INFO neutron.wsgi [req-2d0c3d9e-6bf6-435a-92a5-dc803aafe9c2 req-0023e0a9-c8be-4235-bc12-e36312601a26 95f632aab16946c786f287260dd82dc0 5b7ad6df618f44a585f96d7a1f762d16 - - default default] 10.0.0.167 "GET /v2.0/security-groups?id=46a1af6f-7627-4d7c-bde5-5fc2c554a17c&fields=id&fields=name HTTP/1.1" status: 200 len: 313 time: 0.0461495 /var/lib/openstack/lib/python3.10/site-packages/pycadf/identifier.py:71: UserWarning: Invalid uuid: neutron. To ensure interoperability, identifiers should be a valid uuid. warnings.warn(('Invalid uuid: %s. To ensure interoperability, '
2026-07-22 23:14:38.174 10 INFO neutron.db.ovn_revision_numbers_db [None req-8eb471ef-b2c3-4721-99c1-ba3b7d0d6ac3 12ebc514fc7c40a5bb0fc325f7b6b14d bf6904432abe429388e42e13917d91b2 - - default default] Successfully bumped revision number for resource 06454e63-cc01-4f00-af8a-7d797dd2a2a8 (type: floatingips) to 1
2026-07-22 23:14:38.180 9 INFO neutron.wsgi [req-bed34d51-4368-465e-934f-dbe5022f4e52 req-270f56af-e04a-400e-a4af-cd2029c5cde7 95f632aab16946c786f287260dd82dc0 5b7ad6df618f44a585f96d7a1f762d16 - - default default] 10.0.0.167 "GET /v2.0/ports?device_id=a8b7670f-d2a6-456a-bbe6-57abd2ee8ab5 HTTP/1.1" status: 200 len: 1170 time: 0.0478280
2026-07-22 23:14:38.339 10 INFO neutron.db.ovn_revision_numbers_db [None req-3ebba808-f465-4c83-aa7c-908122b3286b ebbdda3948f148a492dd875a4ced6796 f2d0a8ebe7d244c18dc84a3e8f1419b4 - - default default] Successfully bumped revision number for resource 00927f91-8e96-416b-a778-a5511a7d4164 (type: security_groups) to 1
2026-07-22 23:14:38.364 10 INFO neutron.db.ovn_revision_numbers_db [None req-3ebba808-f465-4c83-aa7c-908122b3286b ebbdda3948f148a492dd875a4ced6796 f2d0a8ebe7d244c18dc84a3e8f1419b4 - - default default] Successfully bumped revision number for resource 5756eb90-03c6-434a-a31a-c78f53439bf6 (type: security_group_rules) to 0
2026-07-22 23:14:38.377 10 INFO neutron.db.ovn_revision_numbers_db [None req-8eb471ef-b2c3-4721-99c1-ba3b7d0d6ac3 12ebc514fc7c40a5bb0fc325f7b6b14d bf6904432abe429388e42e13917d91b2 - - default default] Successfully bumped revision number for resource 06454e63-cc01-4f00-af8a-7d797dd2a2a8 (type: floatingips) to 2
2026-07-22 23:14:38.377 10 INFO neutron.db.l3_db [None req-8eb471ef-b2c3-4721-99c1-ba3b7d0d6ac3 12ebc514fc7c40a5bb0fc325f7b6b14d bf6904432abe429388e42e13917d91b2 - - default default] Floating IP 06454e63-cc01-4f00-af8a-7d797dd2a2a8 associated. External IP: 10.96.250.213, port: c067974c-7402-47ec-bc7e-57b44a4d83df.
2026-07-22 23:14:38.395 10 INFO neutron.db.ovn_revision_numbers_db [None req-3ebba808-f465-4c83-aa7c-908122b3286b ebbdda3948f148a492dd875a4ced6796 f2d0a8ebe7d244c18dc84a3e8f1419b4 - - default default] Successfully bumped revision number for resource 628c53d6-7532-446e-95d5-bc94972d4521 (type: security_group_rules) to 0
2026-07-22 23:14:38.408 10 INFO neutron.wsgi [None req-8eb471ef-b2c3-4721-99c1-ba3b7d0d6ac3 12ebc514fc7c40a5bb0fc325f7b6b14d bf6904432abe429388e42e13917d91b2 - - default default] 10.0.0.158 "PUT /v2.0/floatingips/06454e63-cc01-4f00-af8a-7d797dd2a2a8 HTTP/1.1" status: 200 len: 1050 time: 1.2416081
2026-07-22 23:14:38.420 10 INFO neutron.db.ovn_revision_numbers_db [None req-3ebba808-f465-4c83-aa7c-908122b3286b ebbdda3948f148a492dd875a4ced6796 f2d0a8ebe7d244c18dc84a3e8f1419b4 - - default default] Successfully bumped revision number for resource 80b33044-681f-4d90-82af-1f22c53359b3 (type: security_group_rules) to 0
2026-07-22 23:14:38.444 10 INFO neutron.db.ovn_revision_numbers_db [None req-3ebba808-f465-4c83-aa7c-908122b3286b ebbdda3948f148a492dd875a4ced6796 f2d0a8ebe7d244c18dc84a3e8f1419b4 - - default default] Successfully bumped revision number for resource c4210154-7958-47cd-ab71-fd803bb4de23 (type: security_group_rules) to 0
2026-07-22 23:14:38.510 10 INFO neutron.db.segments_db [None req-3ebba808-f465-4c83-aa7c-908122b3286b ebbdda3948f148a492dd875a4ced6796 f2d0a8ebe7d244c18dc84a3e8f1419b4 - - default default] Added segment 9eee16b0-568c-4517-b162-6f505b96e069 of type geneve for network 7e1e88c8-1f09-486e-b0c5-930d9bef7792
2026-07-22 23:14:38.627 10 INFO neutron.db.ovn_revision_numbers_db [None req-cea93b6a-e0e8-4425-bc0c-c07757b53d2d ebbdda3948f148a492dd875a4ced6796 f2d0a8ebe7d244c18dc84a3e8f1419b4 - - default default] Successfully bumped revision number for resource baef7db7-f555-4b78-99cf-8012f2c9e533 (type: security_groups) to 1
2026-07-22 23:14:38.635 9 INFO neutron.wsgi [req-57199195-948d-47c9-bd55-b52f97d56759 req-f9e8fb0a-9343-453f-afa4-42fa8afaaec0 12ebc514fc7c40a5bb0fc325f7b6b14d bf6904432abe429388e42e13917d91b2 - - default default] 10.0.0.167 "GET /v2.0/ports?device_id=8be16716-6933-482f-9976-99ce537191be HTTP/1.1" status: 200 len: 1174 time: 0.1779122
2026-07-22 23:14:38.654 10 INFO neutron.db.ovn_revision_numbers_db [None req-cea93b6a-e0e8-4425-bc0c-c07757b53d2d ebbdda3948f148a492dd875a4ced6796 f2d0a8ebe7d244c18dc84a3e8f1419b4 - - default default] Successfully bumped revision number for resource 76ddafd1-55a1-4ad0-a3e5-867528ee0fb2 (type: security_group_rules) to 0
2026-07-22 23:14:38.664 10 INFO neutron.db.ovn_revision_numbers_db [None req-3ebba808-f465-4c83-aa7c-908122b3286b ebbdda3948f148a492dd875a4ced6796 f2d0a8ebe7d244c18dc84a3e8f1419b4 - - default default] Successfully bumped revision number for resource 7e1e88c8-1f09-486e-b0c5-930d9bef7792 (type: networks) to 1
2026-07-22 23:14:38.672 10 INFO neutron.db.ovn_revision_numbers_db [None req-cea93b6a-e0e8-4425-bc0c-c07757b53d2d ebbdda3948f148a492dd875a4ced6796 f2d0a8ebe7d244c18dc84a3e8f1419b4 - - default default] Successfully bumped revision number for resource b16081e4-468c-4639-842c-eb673f3ff8a3 (type: security_group_rules) to 0
2026-07-22 23:14:38.691 10 INFO neutron.db.ovn_revision_numbers_db [None req-cea93b6a-e0e8-4425-bc0c-c07757b53d2d ebbdda3948f148a492dd875a4ced6796 f2d0a8ebe7d244c18dc84a3e8f1419b4 - - default default] Successfully bumped revision number for resource d223d7a0-3616-4526-a9be-66501490dc65 (type: security_group_rules) to 0
2026-07-22 23:14:38.727 10 INFO neutron.db.ovn_revision_numbers_db [None req-cea93b6a-e0e8-4425-bc0c-c07757b53d2d ebbdda3948f148a492dd875a4ced6796 f2d0a8ebe7d244c18dc84a3e8f1419b4 - - default default] Successfully bumped revision number for resource dfc25615-e528-4364-bd54-573f6707d335 (type: security_group_rules) to 0
2026-07-22 23:14:38.761 10 INFO neutron.wsgi [None req-cea93b6a-e0e8-4425-bc0c-c07757b53d2d ebbdda3948f148a492dd875a4ced6796 f2d0a8ebe7d244c18dc84a3e8f1419b4 - - default default] 10.0.0.158 "GET /v2.0/security-groups?tenant_id=7f8317093eec4a4a98cf23a865e2a11f&name=default HTTP/1.1" status: 200 len: 3120 time: 0.3971720
2026-07-22 23:14:38.887 9 INFO neutron.wsgi [req-57199195-948d-47c9-bd55-b52f97d56759 req-bb8ab2ee-df7d-4ca2-b792-4c850454ac01 12ebc514fc7c40a5bb0fc325f7b6b14d bf6904432abe429388e42e13917d91b2 - - default default] 10.0.0.167 "GET /v2.0/security-groups?id=d6da6ae0-5443-4a8b-ab4a-e4bb994ea98f&fields=id&fields=name HTTP/1.1" status: 200 len: 313 time: 0.2383382
2026-07-22 23:14:38.916 10 WARNING neutron.scheduler.dhcp_agent_scheduler [None req-3ebba808-f465-4c83-aa7c-908122b3286b ebbdda3948f148a492dd875a4ced6796 f2d0a8ebe7d244c18dc84a3e8f1419b4 - - default default] No more DHCP agents
2026-07-22 23:14:38.919 10 WARNING neutron.api.rpc.agentnotifiers.dhcp_rpc_agent_api [None req-3ebba808-f465-4c83-aa7c-908122b3286b ebbdda3948f148a492dd875a4ced6796 f2d0a8ebe7d244c18dc84a3e8f1419b4 - - default default] Unable to schedule network 7e1e88c8-1f09-486e-b0c5-930d9bef7792: no agents available; will retry on subsequent port and subnet creation events.
2026-07-22 23:14:38.985 10 INFO neutron.notifiers.nova [-] Nova event matching ['req-6b48a056-620c-4adc-966b-65f005b05d9d'] response: {'name': 'network-changed', 'server_uuid': '8be16716-6933-482f-9976-99ce537191be', 'tag': 'c067974c-7402-47ec-bc7e-57b44a4d83df', 'status': 'completed', 'code': 200}
2026-07-22 23:14:39.056 10 INFO neutron.wsgi [req-66a2d316-92a3-4e98-a0e9-cffa723d823c req-51c706bd-8285-4d75-9134-c7d8ad75a196 38b7af1608ab41288e45d13e552b4b4c 9e638baa87ad423dac194c8e5e228763 - - abae589cee0a4341a3424b5ec21a2a36 abae589cee0a4341a3424b5ec21a2a36] 199.204.45.240 "GET /v2.0/ports?tenant_id=bf6904432abe429388e42e13917d91b2&device_id=8be16716-6933-482f-9976-99ce537191be HTTP/1.1" status: 200 len: 1413 time: 0.0506668
2026-07-22 23:14:39.070 10 INFO neutron.db.ovn_revision_numbers_db [None req-3ebba808-f465-4c83-aa7c-908122b3286b ebbdda3948f148a492dd875a4ced6796 f2d0a8ebe7d244c18dc84a3e8f1419b4 - - default default] Successfully bumped revision number for resource ba18532a-68ae-441c-b0fe-3723680f95df (type: ports) to 1
2026-07-22 23:14:39.115 10 INFO neutron.wsgi [None req-3ebba808-f465-4c83-aa7c-908122b3286b ebbdda3948f148a492dd875a4ced6796 f2d0a8ebe7d244c18dc84a3e8f1419b4 - - default default] 10.0.0.158 "POST /v2.0/networks HTTP/1.1" status: 201 len: 949 time: 1.3235018
2026-07-22 23:14:39.129 10 INFO neutron.wsgi [req-66a2d316-92a3-4e98-a0e9-cffa723d823c req-55c53a07-0a57-4fc3-bb66-9963947672d2 38b7af1608ab41288e45d13e552b4b4c 9e638baa87ad423dac194c8e5e228763 - - abae589cee0a4341a3424b5ec21a2a36 abae589cee0a4341a3424b5ec21a2a36] 199.204.45.240 "GET /v2.0/networks?id=bdfc2692-d1d0-4597-b8da-1c0fea2f7b32 HTTP/1.1" status: 200 len: 974 time: 0.0662448
2026-07-22 23:14:39.132 10 INFO neutron.wsgi [None req-c2e49a16-7095-4535-921d-94df09a8fe39 ebbdda3948f148a492dd875a4ced6796 f2d0a8ebe7d244c18dc84a3e8f1419b4 - - default default] 10.0.0.158 "DELETE /v2.0/security-groups/baef7db7-f555-4b78-99cf-8012f2c9e533 HTTP/1.1" status: 204 len: 168 time: 0.3622003
2026-07-22 23:14:39.201 10 INFO neutron.wsgi [req-66a2d316-92a3-4e98-a0e9-cffa723d823c req-b3e04bae-cb9a-48d9-9519-6a1e20c97aea 38b7af1608ab41288e45d13e552b4b4c 9e638baa87ad423dac194c8e5e228763 - - abae589cee0a4341a3424b5ec21a2a36 abae589cee0a4341a3424b5ec21a2a36] 199.204.45.240 "GET /v2.0/floatingips?fixed_ip_address=10.100.0.11&port_id=c067974c-7402-47ec-bc7e-57b44a4d83df HTTP/1.1" status: 200 len: 1060 time: 0.0630665
2026-07-22 23:14:39.259 10 INFO neutron.wsgi [req-66a2d316-92a3-4e98-a0e9-cffa723d823c req-cd7ef963-7bfe-445d-b782-115036af7bbf 38b7af1608ab41288e45d13e552b4b4c 9e638baa87ad423dac194c8e5e228763 - - abae589cee0a4341a3424b5ec21a2a36 abae589cee0a4341a3424b5ec21a2a36] 199.204.45.240 "GET /v2.0/subnets?id=79188133-4197-4841-be9c-fbbc1adbf8eb HTTP/1.1" status: 200 len: 869 time: 0.0517175
2026-07-22 23:14:39.290 10 INFO neutron.wsgi [req-66a2d316-92a3-4e98-a0e9-cffa723d823c req-03e59f3b-93a3-4a5f-b7ee-915383b2f558 38b7af1608ab41288e45d13e552b4b4c 9e638baa87ad423dac194c8e5e228763 - - abae589cee0a4341a3424b5ec21a2a36 abae589cee0a4341a3424b5ec21a2a36] 199.204.45.240 "GET /v2.0/ports?network_id=bdfc2692-d1d0-4597-b8da-1c0fea2f7b32&device_owner=network%3Adhcp HTTP/1.1" status: 200 len: 210 time: 0.0260231 /var/lib/openstack/lib/python3.10/site-packages/pycadf/identifier.py:71: UserWarning: Invalid uuid: neutron. To ensure interoperability, identifiers should be a valid uuid. warnings.warn(('Invalid uuid: %s. To ensure interoperability, '
2026-07-22 23:14:39.387 10 INFO neutron.wsgi [req-66a2d316-92a3-4e98-a0e9-cffa723d823c req-67a0386f-215e-4f71-accb-504e1f287121 38b7af1608ab41288e45d13e552b4b4c 9e638baa87ad423dac194c8e5e228763 - - abae589cee0a4341a3424b5ec21a2a36 abae589cee0a4341a3424b5ec21a2a36] 199.204.45.240 "GET /v2.0/networks/bdfc2692-d1d0-4597-b8da-1c0fea2f7b32?fields=segments HTTP/1.1" status: 200 len: 212 time: 0.0877321
2026-07-22 23:14:39.396 9 INFO neutron.plugins.ml2.drivers.ovn.mech_driver.mech_driver [None req-fe374d2f-ee0e-4dc5-9e9a-305e21e3287c - - - - - -] OVN reports status down for port: c067974c-7402-47ec-bc7e-57b44a4d83df
2026-07-22 23:14:39.400 9 INFO neutron.db.ovn_revision_numbers_db [None req-aa0edce4-7174-4f5c-83f4-8695e84eb2e3 95f632aab16946c786f287260dd82dc0 5b7ad6df618f44a585f96d7a1f762d16 - - default default] Successfully bumped revision number for resource 99f15b3b-107b-4a0e-9f51-f66454b8e9c1 (type: floatingips) to 1
2026-07-22 23:14:39.409 9 INFO neutron.wsgi [req-6f8a83e9-9c14-46ae-b2b0-fd0b7a999f62 req-bf4ec0ba-00f0-457a-9881-1918873f7d5b 12ebc514fc7c40a5bb0fc325f7b6b14d bf6904432abe429388e42e13917d91b2 - - default default] 10.0.0.167 "GET /v2.0/ports?device_id=8be16716-6933-482f-9976-99ce537191be HTTP/1.1" status: 200 len: 1174 time: 0.0680947
2026-07-22 23:14:39.484 10 INFO neutron.wsgi [req-66a2d316-92a3-4e98-a0e9-cffa723d823c req-fc1eb103-e312-41df-9ab5-bba745620462 38b7af1608ab41288e45d13e552b4b4c 9e638baa87ad423dac194c8e5e228763 - - abae589cee0a4341a3424b5ec21a2a36 abae589cee0a4341a3424b5ec21a2a36] 199.204.45.240 "GET /v2.0/networks/bdfc2692-d1d0-4597-b8da-1c0fea2f7b32?fields=provider%3Aphysical_network&fields=provider%3Anetwork_type HTTP/1.1" status: 200 len: 277 time: 0.0821207
2026-07-22 23:14:39.568 9 WARNING neutron.scheduler.dhcp_agent_scheduler [None req-172cd057-dc61-4b67-a726-beda99be30d7 ebbdda3948f148a492dd875a4ced6796 f2d0a8ebe7d244c18dc84a3e8f1419b4 - - default default] No more DHCP agents
2026-07-22 23:14:39.574 9 INFO neutron.wsgi [req-6f8a83e9-9c14-46ae-b2b0-fd0b7a999f62 req-4d43d985-084e-4b3a-84d7-b98bf6a02c5a 12ebc514fc7c40a5bb0fc325f7b6b14d bf6904432abe429388e42e13917d91b2 - - default default] 10.0.0.167 "GET /v2.0/security-groups?id=d6da6ae0-5443-4a8b-ab4a-e4bb994ea98f&fields=id&fields=name HTTP/1.1" status: 200 len: 313 time: 0.1550968
2026-07-22 23:14:39.585 9 WARNING neutron.api.rpc.agentnotifiers.dhcp_rpc_agent_api [None req-172cd057-dc61-4b67-a726-beda99be30d7 ebbdda3948f148a492dd875a4ced6796 f2d0a8ebe7d244c18dc84a3e8f1419b4 - - default default] Unable to schedule network 7e1e88c8-1f09-486e-b0c5-930d9bef7792: no agents available; will retry on subsequent port and subnet creation events.
2026-07-22 23:14:39.712 9 INFO neutron.db.ovn_revision_numbers_db [None req-aa0edce4-7174-4f5c-83f4-8695e84eb2e3 95f632aab16946c786f287260dd82dc0 5b7ad6df618f44a585f96d7a1f762d16 - - default default] Successfully bumped revision number for resource 99f15b3b-107b-4a0e-9f51-f66454b8e9c1 (type: floatingips) to 2
2026-07-22 23:14:39.712 9 INFO neutron.db.l3_db [None req-aa0edce4-7174-4f5c-83f4-8695e84eb2e3 95f632aab16946c786f287260dd82dc0 5b7ad6df618f44a585f96d7a1f762d16 - - default default] Floating IP 99f15b3b-107b-4a0e-9f51-f66454b8e9c1 associated. External IP: 10.96.250.219, port: 220f400e-443c-48b4-b8de-6350a4abfaad.
2026-07-22 23:14:39.772 9 INFO neutron.wsgi [None req-aa0edce4-7174-4f5c-83f4-8695e84eb2e3 95f632aab16946c786f287260dd82dc0 5b7ad6df618f44a585f96d7a1f762d16 - - default default] 10.0.0.158 "PUT /v2.0/floatingips/99f15b3b-107b-4a0e-9f51-f66454b8e9c1 HTTP/1.1" status: 200 len: 1049 time: 1.5804203
2026-07-22 23:14:39.821 10 INFO neutron.wsgi [req-c4f54193-fbe7-4efc-8503-7abb4cbee7ae req-de5c1610-3700-453b-a8a4-eb53ebeb0bca 12ebc514fc7c40a5bb0fc325f7b6b14d bf6904432abe429388e42e13917d91b2 - - default default] 199.204.45.240 "GET /v2.0/ports?device_id=8be16716-6933-482f-9976-99ce537191be HTTP/1.1" status: 200 len: 1172 time: 0.1311734
2026-07-22 23:14:39.898 9 INFO neutron.wsgi [req-80d0974a-fdf7-4c07-978f-09db8ce2795f req-b3fb8924-ff21-47f5-bef0-7362fdca7b76 95f632aab16946c786f287260dd82dc0 5b7ad6df618f44a585f96d7a1f762d16 - - default default] 10.0.0.167 "GET /v2.0/ports?device_id=a8b7670f-d2a6-456a-bbe6-57abd2ee8ab5 HTTP/1.1" status: 200 len: 1170 time: 0.0824103
2026-07-22 23:14:40.023 9 INFO neutron.wsgi [req-80d0974a-fdf7-4c07-978f-09db8ce2795f req-af54c532-7291-4d74-9fb0-c2253ff6a61b 95f632aab16946c786f287260dd82dc0 5b7ad6df618f44a585f96d7a1f762d16 - - default default] 10.0.0.167 "GET /v2.0/security-groups?id=46a1af6f-7627-4d7c-bde5-5fc2c554a17c&fields=id&fields=name HTTP/1.1" status: 200 len: 313 time: 0.1131842
2026-07-22 23:14:40.038 9 INFO neutron.db.ovn_revision_numbers_db [None req-fe374d2f-ee0e-4dc5-9e9a-305e21e3287c - - - - - -] Successfully bumped revision number for resource c067974c-7402-47ec-bc7e-57b44a4d83df (type: ports) to 5
2026-07-22 23:14:40.061 9 INFO neutron.notifiers.nova [-] Nova event matching ['req-36f161e4-28e7-4e05-b7b6-10198b50ed4b'] response: {'server_uuid': '8be16716-6933-482f-9976-99ce537191be', 'name': 'network-vif-unplugged', 'status': 'completed', 'tag': 'c067974c-7402-47ec-bc7e-57b44a4d83df', 'code': 200}
2026-07-22 23:14:40.062 9 INFO neutron.notifiers.nova [-] Nova event matching ['req-36f161e4-28e7-4e05-b7b6-10198b50ed4b'] response: {'name': 'network-changed', 'server_uuid': 'a8b7670f-d2a6-456a-bbe6-57abd2ee8ab5', 'tag': '220f400e-443c-48b4-b8de-6350a4abfaad', 'status': 'completed', 'code': 200}
2026-07-22 23:14:40.171 10 INFO neutron.wsgi [req-b4f6681a-9cf7-4fd9-8990-da2d457890bf req-3aaf2bb6-69ec-4257-920c-a7e494c0c8e0 38b7af1608ab41288e45d13e552b4b4c 9e638baa87ad423dac194c8e5e228763 - - abae589cee0a4341a3424b5ec21a2a36 abae589cee0a4341a3424b5ec21a2a36] 199.204.45.240 "GET /v2.0/ports?tenant_id=5b7ad6df618f44a585f96d7a1f762d16&device_id=a8b7670f-d2a6-456a-bbe6-57abd2ee8ab5 HTTP/1.1" status: 200 len: 1409 time: 0.0706842
2026-07-22 23:14:40.365 9 INFO neutron.db.ovn_revision_numbers_db [None req-172cd057-dc61-4b67-a726-beda99be30d7 ebbdda3948f148a492dd875a4ced6796 f2d0a8ebe7d244c18dc84a3e8f1419b4 - - default default] Successfully bumped revision number for resource ba18532a-68ae-441c-b0fe-3723680f95df (type: ports) to 2
2026-07-22 23:14:40.391 9 INFO neutron.db.ovn_revision_numbers_db [None req-172cd057-dc61-4b67-a726-beda99be30d7 ebbdda3948f148a492dd875a4ced6796 f2d0a8ebe7d244c18dc84a3e8f1419b4 - - default default] Successfully bumped revision number for resource c4d484ec-068a-4d19-bf1a-0a4096622947 (type: subnets) to 0
2026-07-22 23:14:40.409 9 INFO neutron.wsgi [None req-172cd057-dc61-4b67-a726-beda99be30d7 ebbdda3948f148a492dd875a4ced6796 f2d0a8ebe7d244c18dc84a3e8f1419b4 - - default default] 10.0.0.158 "POST /v2.0/subnets HTTP/1.1" status: 201 len: 869 time: 1.2756617 /var/lib/openstack/lib/python3.10/site-packages/pycadf/identifier.py:71: UserWarning: Invalid uuid: neutron. To ensure interoperability, identifiers should be a valid uuid. warnings.warn(('Invalid uuid: %s. To ensure interoperability, '
2026-07-22 23:14:40.494 10 INFO neutron.wsgi [req-b4f6681a-9cf7-4fd9-8990-da2d457890bf req-c8ba70c4-2eb3-47c0-a968-08383e37535b 38b7af1608ab41288e45d13e552b4b4c 9e638baa87ad423dac194c8e5e228763 - - abae589cee0a4341a3424b5ec21a2a36 abae589cee0a4341a3424b5ec21a2a36] 199.204.45.240 "GET /v2.0/networks?id=16777d93-204b-481e-8ab6-31c663d6089f HTTP/1.1" status: 200 len: 981 time: 0.3145201
2026-07-22 23:14:40.573 10 INFO neutron.wsgi [req-b4f6681a-9cf7-4fd9-8990-da2d457890bf req-e79004ea-ea76-47cb-a739-1f3685362b4b 38b7af1608ab41288e45d13e552b4b4c 9e638baa87ad423dac194c8e5e228763 - - abae589cee0a4341a3424b5ec21a2a36 abae589cee0a4341a3424b5ec21a2a36] 199.204.45.240 "GET /v2.0/floatingips?fixed_ip_address=10.100.0.3&port_id=220f400e-443c-48b4-b8de-6350a4abfaad HTTP/1.1" status: 200 len: 1059 time: 0.0674095
2026-07-22 23:14:40.576 10 INFO neutron.db.l3_db [req-c4f54193-fbe7-4efc-8503-7abb4cbee7ae req-1c249ced-b330-4698-97a7-a78b01fc6d4f 12ebc514fc7c40a5bb0fc325f7b6b14d bf6904432abe429388e42e13917d91b2 - - default default] Floating IP 06454e63-cc01-4f00-af8a-7d797dd2a2a8 disassociated. External IP: 10.96.250.213, port: c067974c-7402-47ec-bc7e-57b44a4d83df.
2026-07-22 23:14:40.626 10 INFO neutron.wsgi [req-b4f6681a-9cf7-4fd9-8990-da2d457890bf req-445e9feb-1dac-475d-80ed-715acaae07e3 38b7af1608ab41288e45d13e552b4b4c 9e638baa87ad423dac194c8e5e228763 - - abae589cee0a4341a3424b5ec21a2a36 abae589cee0a4341a3424b5ec21a2a36] 199.204.45.240 "GET /v2.0/subnets?id=7b7e0294-15f0-4b77-ad75-fb023c9a39f1 HTTP/1.1" status: 200 len: 877 time: 0.0462074
2026-07-22 23:14:40.665 10 INFO neutron.wsgi [req-b4f6681a-9cf7-4fd9-8990-da2d457890bf req-2a28e581-984c-4884-b2fb-25fff9427497 38b7af1608ab41288e45d13e552b4b4c 9e638baa87ad423dac194c8e5e228763 - - abae589cee0a4341a3424b5ec21a2a36 abae589cee0a4341a3424b5ec21a2a36] 199.204.45.240 "GET /v2.0/ports?network_id=16777d93-204b-481e-8ab6-31c663d6089f&device_owner=network%3Adhcp HTTP/1.1" status: 200 len: 210 time: 0.0296731
2026-07-22 23:14:40.738 10 INFO neutron.wsgi [req-b4f6681a-9cf7-4fd9-8990-da2d457890bf req-8442cd6f-d8f4-4f44-9106-4eb6e118f76e 38b7af1608ab41288e45d13e552b4b4c 9e638baa87ad423dac194c8e5e228763 - - abae589cee0a4341a3424b5ec21a2a36 abae589cee0a4341a3424b5ec21a2a36] 199.204.45.240 "GET /v2.0/networks/16777d93-204b-481e-8ab6-31c663d6089f?fields=segments HTTP/1.1" status: 200 len: 212 time: 0.0667474
2026-07-22 23:14:40.743 10 INFO neutron.wsgi [req-c4f54193-fbe7-4efc-8503-7abb4cbee7ae req-1c249ced-b330-4698-97a7-a78b01fc6d4f 12ebc514fc7c40a5bb0fc325f7b6b14d bf6904432abe429388e42e13917d91b2 - - default default] 199.204.45.240 "DELETE /v2.0/ports/c067974c-7402-47ec-bc7e-57b44a4d83df HTTP/1.1" status: 204 len: 173 time: 0.9160416 /var/lib/openstack/lib/python3.10/site-packages/pycadf/identifier.py:71: UserWarning: Invalid uuid: neutron. To ensure interoperability, identifiers should be a valid uuid. warnings.warn(('Invalid uuid: %s. To ensure interoperability, '
2026-07-22 23:14:40.785 9 INFO neutron.wsgi [req-a20901e1-54a8-482a-a113-cf7b337eb8ba req-be0b7987-fd54-459e-b37d-3f78ab7df985 12ebc514fc7c40a5bb0fc325f7b6b14d bf6904432abe429388e42e13917d91b2 - - default default] 10.0.0.167 "GET /v2.0/ports?device_id=8be16716-6933-482f-9976-99ce537191be HTTP/1.1" status: 200 len: 210 time: 0.0381503
2026-07-22 23:14:40.829 10 INFO neutron.wsgi [req-b4f6681a-9cf7-4fd9-8990-da2d457890bf req-0aea84fb-b035-4ae6-ab25-b1a33c5340ec 38b7af1608ab41288e45d13e552b4b4c 9e638baa87ad423dac194c8e5e228763 - - abae589cee0a4341a3424b5ec21a2a36 abae589cee0a4341a3424b5ec21a2a36] 199.204.45.240 "GET /v2.0/networks/16777d93-204b-481e-8ab6-31c663d6089f?fields=provider%3Aphysical_network&fields=provider%3Anetwork_type HTTP/1.1" status: 200 len: 277 time: 0.0823872
2026-07-22 23:14:41.020 10 INFO neutron.notifiers.nova [-] Nova event matching ['req-092cc1ca-fa61-4679-9d92-6d30c2d70921'] response: {'server_uuid': '8be16716-6933-482f-9976-99ce537191be', 'name': 'network-vif-deleted', 'tag': 'c067974c-7402-47ec-bc7e-57b44a4d83df', 'status': 'completed', 'code': 200}
2026-07-22 23:14:41.198 9 WARNING neutron.scheduler.dhcp_agent_scheduler [None req-cd98f3fa-f1c1-4d19-8d4e-aa3817316823 ebbdda3948f148a492dd875a4ced6796 f2d0a8ebe7d244c18dc84a3e8f1419b4 - - default default] No more DHCP agents
2026-07-22 23:14:41.200 9 WARNING neutron.api.rpc.agentnotifiers.dhcp_rpc_agent_api [None req-cd98f3fa-f1c1-4d19-8d4e-aa3817316823 ebbdda3948f148a492dd875a4ced6796 f2d0a8ebe7d244c18dc84a3e8f1419b4 - - default default] Unable to schedule network bf4d9735-a477-438d-a56d-0935727297ff: no agents available; will retry on subsequent port and subnet creation events.
2026-07-22 23:14:41.391 9 INFO neutron.db.ovn_revision_numbers_db [None req-cd98f3fa-f1c1-4d19-8d4e-aa3817316823 ebbdda3948f148a492dd875a4ced6796 f2d0a8ebe7d244c18dc84a3e8f1419b4 - - default default] Successfully bumped revision number for resource b52bb255-2ba4-41f3-afaf-4e2b6005b7cf (type: ports) to 1
2026-07-22 23:14:41.494 9 INFO neutron.wsgi [None req-7197212d-764b-4e3a-b7dc-b6c7eaccc99a ebbdda3948f148a492dd875a4ced6796 f2d0a8ebe7d244c18dc84a3e8f1419b4 - - default default] 10.0.0.190 "GET /v2.0/floatingips HTTP/1.1" status: 200 len: 1574 time: 0.2120113
2026-07-22 23:14:41.615 9 INFO neutron.wsgi [None req-a74aafdd-42fa-4693-a342-2a75d2bf1cfd ebbdda3948f148a492dd875a4ced6796 f2d0a8ebe7d244c18dc84a3e8f1419b4 - - default default] 10.0.0.190 "GET /v2.0/networks HTTP/1.1" status: 200 len: 4643 time: 0.1194816
2026-07-22 23:14:41.709 9 INFO neutron.wsgi [None req-8a6ba671-e2b5-4987-96ad-2dc9a0ac80f4 ebbdda3948f148a492dd875a4ced6796 f2d0a8ebe7d244c18dc84a3e8f1419b4 - - default default] 10.0.0.190 "GET /v2.0/security-groups HTTP/1.1" status: 200 len: 32010 time: 0.0902514
2026-07-22 23:14:41.737 9 INFO neutron.wsgi [None req-50e38a63-9575-4005-a122-fcab6a070b76 ebbdda3948f148a492dd875a4ced6796 f2d0a8ebe7d244c18dc84a3e8f1419b4 - - default default] 10.0.0.190 "GET /v2.0/network-ip-availabilities HTTP/1.1" status: 200 len: 2736 time: 0.0137932
2026-07-22 23:14:41.800 9 INFO neutron.wsgi [None req-a0cbc2af-8235-4430-85ae-26f749fa43d8 ebbdda3948f148a492dd875a4ced6796 f2d0a8ebe7d244c18dc84a3e8f1419b4 - - default default] 10.0.0.190 "GET /v2.0/subnets HTTP/1.1" status: 200 len: 3419 time: 0.0519917
2026-07-22 23:14:41.838 9 INFO neutron.wsgi [None req-a1e258ae-7fd9-4c8c-8f30-0cd2e1299119 ebbdda3948f148a492dd875a4ced6796 f2d0a8ebe7d244c18dc84a3e8f1419b4 - - default default] 10.0.0.190 "GET /v2.0/subnetpools HTTP/1.1" status: 200 len: 193 time: 0.0341959
2026-07-22 23:14:41.876 9 INFO neutron.wsgi [None req-e45cce99-0d5c-4ebe-8e34-2f57a964ce41 ebbdda3948f148a492dd875a4ced6796 f2d0a8ebe7d244c18dc84a3e8f1419b4 - - default default] 10.0.0.190 "GET /v2.0/subnets HTTP/1.1" status: 200 len: 3419 time: 0.0368199
2026-07-22 23:14:42.009 10 INFO neutron.wsgi [None req-d230b4a4-ebeb-4cf0-a1e4-d96bb20b832a 12ebc514fc7c40a5bb0fc325f7b6b14d bf6904432abe429388e42e13917d91b2 - - default default] 10.0.0.158 "DELETE /v2.0/security-groups/d6da6ae0-5443-4a8b-ab4a-e4bb994ea98f HTTP/1.1" status: 204 len: 168 time: 0.1364334
2026-07-22 23:14:42.025 10 INFO neutron.api.v2.resource [None req-1d4ba5f3-fade-4533-bb6f-7a8a093b222b 12ebc514fc7c40a5bb0fc325f7b6b14d bf6904432abe429388e42e13917d91b2 - - default default] show failed (client error): The resource could not be found.
2026-07-22 23:14:42.026 10 INFO neutron.wsgi [None req-1d4ba5f3-fade-4533-bb6f-7a8a093b222b 12ebc514fc7c40a5bb0fc325f7b6b14d bf6904432abe429388e42e13917d91b2 - - default default] 10.0.0.158 "GET /v2.0/security-groups/d6da6ae0-5443-4a8b-ab4a-e4bb994ea98f HTTP/1.1" status: 404 len: 347 time: 0.0120225
2026-07-22 23:14:42.041 9 INFO neutron.wsgi [None req-331b9c76-76cc-44bb-9252-fa20145a7135 ebbdda3948f148a492dd875a4ced6796 f2d0a8ebe7d244c18dc84a3e8f1419b4 - - default default] 10.0.0.190 "GET /v2.0/routers HTTP/1.1" status: 200 len: 3089 time: 0.1621995
2026-07-22 23:14:42.073 9 INFO neutron.wsgi [None req-ea861262-e2b0-48e5-a0e9-1d80da174776 ebbdda3948f148a492dd875a4ced6796 f2d0a8ebe7d244c18dc84a3e8f1419b4 - - default default] 10.0.0.190 "GET /v2.0/agents?binary=ovn-controller HTTP/1.1" status: 200 len: 591 time: 0.0303028
2026-07-22 23:14:42.102 9 INFO neutron.notifiers.nova [-] Nova event matching ['req-9f79ca6c-cb68-4433-9942-249e9d96508f'] response: {'server_uuid': '8be16716-6933-482f-9976-99ce537191be', 'name': 'network-vif-unplugged', 'status': 'completed', 'tag': 'c067974c-7402-47ec-bc7e-57b44a4d83df', 'code': 200}
2026-07-22 23:14:42.158 9 INFO neutron.wsgi [None req-03ee5638-87c5-4658-9f57-853abc1ff647 ebbdda3948f148a492dd875a4ced6796 f2d0a8ebe7d244c18dc84a3e8f1419b4 - - default default] 10.0.0.190 "GET /v2.0/ports HTTP/1.1" status: 200 len: 17034 time: 0.0811145
2026-07-22 23:14:42.193 9 INFO neutron.wsgi [None req-d085941a-8b8f-4cc1-8ebc-689deed3c12a ebbdda3948f148a492dd875a4ced6796 f2d0a8ebe7d244c18dc84a3e8f1419b4 - - default default] 10.0.0.190 "GET /v2.0/agents HTTP/1.1" status: 200 len: 1390 time: 0.0232074
2026-07-22 23:14:42.382 9 INFO neutron.plugins.ml2.drivers.ovn.mech_driver.ovsdb.commands [None req-10d1209e-ae13-45bf-b51d-213f10456a7b - - - - - -] Schedule LRP lrp-b52bb255-2ba4-41f3-afaf-4e2b6005b7cf on gateway 29c9d2a8-b421-488d-8da2-2727d29b50d3 with priority 1
2026-07-22 23:14:42.398 10 INFO neutron.plugins.ml2.drivers.ovn.mech_driver.mech_driver [None req-a8bdee5e-8c9c-4de5-8966-45d7ee8c5aef - - - - - -] OVN reports status up for port: b52bb255-2ba4-41f3-afaf-4e2b6005b7cf
2026-07-22 23:14:42.409 10 INFO neutron.plugins.ml2.drivers.ovn.mech_driver.ovsdb.ovsdb_monitor [None req-0ae7225b-6cd6-4c32-b391-d20474edc710 - - - - - -] Router 54408198-80ad-4f76-825c-a18508c685d5 is bound to host instance
2026-07-22 23:14:42.422 10 INFO neutron.plugins.ml2.plugin [None req-a8bdee5e-8c9c-4de5-8966-45d7ee8c5aef - - - - - -] Attempt 1 to provision port b52bb255-2ba4-41f3-afaf-4e2b6005b7cf
2026-07-22 23:14:42.424 9 INFO neutron.db.ovn_revision_numbers_db [None req-cd98f3fa-f1c1-4d19-8d4e-aa3817316823 ebbdda3948f148a492dd875a4ced6796 f2d0a8ebe7d244c18dc84a3e8f1419b4 - - default default] Successfully bumped revision number for resource b52bb255-2ba4-41f3-afaf-4e2b6005b7cf (type: router_ports) to 1
2026-07-22 23:14:42.444 10 INFO neutron.wsgi [None req-a00905a8-68b6-48d3-b05f-41776af861b6 12ebc514fc7c40a5bb0fc325f7b6b14d bf6904432abe429388e42e13917d91b2 - - default default] 10.0.0.158 "DELETE /v2.0/floatingips/06454e63-cc01-4f00-af8a-7d797dd2a2a8 HTTP/1.1" status: 204 len: 168 time: 0.4141812
2026-07-22 23:14:42.692 9 INFO neutron.db.ovn_revision_numbers_db [None req-cd98f3fa-f1c1-4d19-8d4e-aa3817316823 ebbdda3948f148a492dd875a4ced6796 f2d0a8ebe7d244c18dc84a3e8f1419b4 - - default default] Successfully bumped revision number for resource 54408198-80ad-4f76-825c-a18508c685d5 (type: routers) to 2
2026-07-22 23:14:42.711 9 INFO neutron.wsgi [None req-cd98f3fa-f1c1-4d19-8d4e-aa3817316823 ebbdda3948f148a492dd875a4ced6796 f2d0a8ebe7d244c18dc84a3e8f1419b4 - - default default] 10.0.0.158 "POST /v2.0/routers HTTP/1.1" status: 201 len: 1171 time: 2.2976213
2026-07-22 23:14:43.298 10 INFO neutron.db.ovn_revision_numbers_db [None req-0ae7225b-6cd6-4c32-b391-d20474edc710 - - - - - -] Successfully bumped revision number for resource b52bb255-2ba4-41f3-afaf-4e2b6005b7cf (type: ports) to 1
2026-07-22 23:14:43.492 10 WARNING neutron.scheduler.dhcp_agent_scheduler [None req-4d4a5139-dbc6-445e-ab2e-9a7c542751d7 ebbdda3948f148a492dd875a4ced6796 f2d0a8ebe7d244c18dc84a3e8f1419b4 - - default default] No more DHCP agents
2026-07-22 23:14:43.507 10 WARNING neutron.api.rpc.agentnotifiers.dhcp_rpc_agent_api [None req-4d4a5139-dbc6-445e-ab2e-9a7c542751d7 ebbdda3948f148a492dd875a4ced6796 f2d0a8ebe7d244c18dc84a3e8f1419b4 - - default default] Unable to schedule network 7e1e88c8-1f09-486e-b0c5-930d9bef7792: no agents available; will retry on subsequent port and subnet creation events.
2026-07-22 23:14:43.963 9 INFO neutron.wsgi [None req-1dab13b3-edf5-4b4a-83b9-9b2b7bac75f7 ebbdda3948f148a492dd875a4ced6796 f2d0a8ebe7d244c18dc84a3e8f1419b4 - - default default] 10.0.0.158 "PUT /v2.0/routers/68fd32ff-c137-4bf3-bcff-05b49b86c1d8/remove_router_interface HTTP/1.1" status: 200 len: 503 time: 1.5140769
2026-07-22 23:14:43.968 10 INFO neutron.db.ovn_revision_numbers_db [None req-4d4a5139-dbc6-445e-ab2e-9a7c542751d7 ebbdda3948f148a492dd875a4ced6796 f2d0a8ebe7d244c18dc84a3e8f1419b4 - - default default] Successfully bumped revision number for resource 98897e90-979b-4878-b82e-1929f190393f (type: ports) to 1 /var/lib/openstack/lib/python3.10/site-packages/pycadf/identifier.py:71: UserWarning: Invalid uuid: neutron. To ensure interoperability, identifiers should be a valid uuid. warnings.warn(('Invalid uuid: %s. To ensure interoperability, '
2026-07-22 23:14:44.052 10 INFO neutron.db.ovn_revision_numbers_db [None req-0ae7225b-6cd6-4c32-b391-d20474edc710 - - - - - -] Successfully bumped revision number for resource b52bb255-2ba4-41f3-afaf-4e2b6005b7cf (type: router_ports) to 3
2026-07-22 23:14:44.370 10 INFO neutron.db.ovn_revision_numbers_db [None req-0ae7225b-6cd6-4c32-b391-d20474edc710 - - - - - -] Successfully bumped revision number for resource b52bb255-2ba4-41f3-afaf-4e2b6005b7cf (type: ports) to 2
2026-07-22 23:14:44.664 10 ERROR ovsdbapp.backend.ovs_idl.command [None req-4d4a5139-dbc6-445e-ab2e-9a7c542751d7 ebbdda3948f148a492dd875a4ced6796 f2d0a8ebe7d244c18dc84a3e8f1419b4 - - default default] Error executing command (DbGetCommand): ovsdbapp.backend.ovs_idl.idlutils.RowNotFound: Cannot find Logical_Router_Port with name=lrp-98897e90-979b-4878-b82e-1929f190393f
2026-07-22 23:14:44.664 10 ERROR ovsdbapp.backend.ovs_idl.command
Traceback (most recent call last):
2026-07-22 23:14:44.664 10 ERROR ovsdbapp.backend.ovs_idl.command
File "/var/lib/openstack/lib/python3.10/site-packages/ovsdbapp/backend/ovs_idl/command.py", line 47, in execute
2026-07-22 23:14:44.664 10 ERROR ovsdbapp.backend.ovs_idl.command self.run_idl(None)
2026-07-22 23:14:44.664 10 ERROR ovsdbapp.backend.ovs_idl.command
File "/var/lib/openstack/lib/python3.10/site-packages/ovsdbapp/backend/ovs_idl/command.py", line 235, in run_idl
2026-07-22 23:14:44.664 10 ERROR ovsdbapp.backend.ovs_idl.command record = self.api.lookup(self.table, self.record)
2026-07-22 23:14:44.664 10 ERROR ovsdbapp.backend.ovs_idl.command
File "/var/lib/openstack/lib/python3.10/site-packages/ovsdbapp/backend/ovs_idl/__init__.py", line 184, in lookup
2026-07-22 23:14:44.664 10 ERROR ovsdbapp.backend.ovs_idl.command return self._lookup(table, record)
2026-07-22 23:14:44.664 10 ERROR ovsdbapp.backend.ovs_idl.command
File "/var/lib/openstack/lib/python3.10/site-packages/ovsdbapp/backend/ovs_idl/__init__.py", line 235, in _lookup
2026-07-22 23:14:44.664 10 ERROR ovsdbapp.backend.ovs_idl.command row = idlutils.row_by_value(self, rl.table, rl.column, record)
2026-07-22 23:14:44.664 10 ERROR ovsdbapp.backend.ovs_idl.command
File "/var/lib/openstack/lib/python3.10/site-packages/ovsdbapp/backend/ovs_idl/idlutils.py", line 114, in row_by_value
2026-07-22 23:14:44.664 10 ERROR ovsdbapp.backend.ovs_idl.command raise RowNotFound(table=table, col=column, match=match)
2026-07-22 23:14:44.664 10 ERROR ovsdbapp.backend.ovs_idl.command ovsdbapp.backend.ovs_idl.idlutils.RowNotFound: Cannot find Logical_Router_Port with name=lrp-98897e90-979b-4878-b82e-1929f190393f
2026-07-22 23:14:44.664 10 ERROR ovsdbapp.backend.ovs_idl.command 
2026-07-22 23:14:44.664 10 ERROR neutron_lib.callbacks.manager [None req-4d4a5139-dbc6-445e-ab2e-9a7c542751d7 ebbdda3948f148a492dd875a4ced6796 f2d0a8ebe7d244c18dc84a3e8f1419b4 - - default default] Error during notification for neutron.services.ovn_l3.plugin.OVNL3RouterPlugin._port_update-8726360469222 port, after_update: ovsdbapp.backend.ovs_idl.idlutils.RowNotFound: Cannot find Logical_Router_Port with name=lrp-98897e90-979b-4878-b82e-1929f190393f
2026-07-22 23:14:44.664 10 ERROR neutron_lib.callbacks.manager
Traceback (most recent call last):
2026-07-22 23:14:44.664 10 ERROR neutron_lib.callbacks.manager
File "/var/lib/openstack/lib/python3.10/site-packages/neutron_lib/callbacks/manager.py", line 189, in _notify_loop
2026-07-22 23:14:44.664 10 ERROR neutron_lib.callbacks.manager callback.method(resource, event, trigger, payload=payload)
2026-07-22 23:14:44.664 10 ERROR neutron_lib.callbacks.manager
File "/var/lib/openstack/lib/python3.10/site-packages/neutron/services/ovn_l3/plugin.py", line 391, in _port_update
2026-07-22 23:14:44.664 10 ERROR neutron_lib.callbacks.manager l3plugin._ovn_client.update_router_port(context,
2026-07-22 23:14:44.664 10 ERROR neutron_lib.callbacks.manager
File "/var/lib/openstack/lib/python3.10/site-packages/neutron/plugins/ml2/drivers/ovn/mech_driver/ovsdb/ovn_client.py", line 1878, in update_router_port
2026-07-22 23:14:44.664 10 ERROR neutron_lib.callbacks.manager self._update_lrouter_port(context, port, if_exists=if_exists,
2026-07-22 23:14:44.664 10 ERROR neutron_lib.callbacks.manager
File "/var/lib/openstack/lib/python3.10/site-packages/neutron/plugins/ml2/drivers/ovn/mech_driver/ovsdb/ovn_client.py", line 1855, in _update_lrouter_port
2026-07-22 23:14:44.664 10 ERROR neutron_lib.callbacks.manager external_ids = self._nb_idl.db_get(
2026-07-22 23:14:44.664 10 ERROR neutron_lib.callbacks.manager
File "/var/lib/openstack/lib/python3.10/site-packages/ovsdbapp/backend/ovs_idl/command.py", line 47, in execute
2026-07-22 23:14:44.664 10 ERROR neutron_lib.callbacks.manager self.run_idl(None)
2026-07-22 23:14:44.664 10 ERROR neutron_lib.callbacks.manager
File "/var/lib/openstack/lib/python3.10/site-packages/ovsdbapp/backend/ovs_idl/command.py", line 235, in run_idl
2026-07-22 23:14:44.664 10 ERROR neutron_lib.callbacks.manager record = self.api.lookup(self.table, self.record)
2026-07-22 23:14:44.664 10 ERROR neutron_lib.callbacks.manager
File "/var/lib/openstack/lib/python3.10/site-packages/ovsdbapp/backend/ovs_idl/__init__.py", line 184, in lookup
2026-07-22 23:14:44.664 10 ERROR neutron_lib.callbacks.manager return self._lookup(table, record)
2026-07-22 23:14:44.664 10 ERROR neutron_lib.callbacks.manager
File "/var/lib/openstack/lib/python3.10/site-packages/ovsdbapp/backend/ovs_idl/__init__.py", line 235, in _lookup
2026-07-22 23:14:44.664 10 ERROR neutron_lib.callbacks.manager row = idlutils.row_by_value(self, rl.table, rl.column, record)
2026-07-22 23:14:44.664 10 ERROR neutron_lib.callbacks.manager
File "/var/lib/openstack/lib/python3.10/site-packages/ovsdbapp/backend/ovs_idl/idlutils.py", line 114, in row_by_value
2026-07-22 23:14:44.664 10 ERROR neutron_lib.callbacks.manager raise RowNotFound(table=table, col=column, match=match)
2026-07-22 23:14:44.664 10 ERROR neutron_lib.callbacks.manager ovsdbapp.backend.ovs_idl.idlutils.RowNotFound: Cannot find Logical_Router_Port with name=lrp-98897e90-979b-4878-b82e-1929f190393f
2026-07-22 23:14:44.664 10 ERROR neutron_lib.callbacks.manager 
