2026-07-22 23:15:33.094 9 INFO neutron.services.segments.plugin [-] Segment d81074a6-f3cf-47e1-a35d-b84aafea77d3 resource provider not found; error: Placement Client Error (4xx): {"errors": [{"status": 404, "title": "Not Found", "detail": "The resource could not be found.\n\n No resource provider with uuid d81074a6-f3cf-47e1-a35d-b84aafea77d3 found for delete ", "request_id": "req-7fea589c-6528-4e0e-b1a2-f9189153d9df"}]}
2026-07-22 23:15:33.165 10 INFO neutron.wsgi [None req-b5479ebf-2e83-4154-ab19-8bc7b0fc9d3c 3b659b78fe744ae0a4fdd0f36492e5f7 42a36189d6b34916949304f09d6ec15d - - default default] 10.0.0.158 "DELETE /v2.0/networks/439925c5-9574-4e1c-87cc-7c1002c967b7 HTTP/1.1" status: 204 len: 168 time: 0.7357197
2026-07-22 23:15:33.186 10 WARNING keystonemiddleware.audit [None req-043b550e-c68a-4118-8d08-155a25a4ee92 - - - - - -] Skipping service tempest-service-1031061955 as it have no endpoints.
2026-07-22 23:15:33.590 10 INFO neutron.wsgi [None req-26595760-e6d2-463d-b72d-3fa6418d7471 3b659b78fe744ae0a4fdd0f36492e5f7 42a36189d6b34916949304f09d6ec15d - - default default] 10.0.0.158 "DELETE /v2.0/networks/734cf52d-cae6-464c-a4c2-0f48f865f7fd HTTP/1.1" status: 204 len: 168 time: 0.4092641
2026-07-22 23:15:33.936 10 WARNING neutron_lib.context [None req-ea8415e9-1313-4c4f-bfe2-eca023dc0b9f a47b263937f448b99fae7b1cae9ac1ba 15b9360959ec431a8d4294c79a2ca132 - - default default] Method 'is_advsvc' is deprecated since 2023.2 release (neutron-lib 3.8.0) and will be removed once support for the old RBAC API policies will be removed from Neutron. Please use method 'is_service_role' instead.
2026-07-22 23:15:33.995 10 INFO neutron.services.segments.plugin [-] Segment 206ec62f-a8bd-46d4-ad52-fd6c9703d1f4 resource provider aggregate not found
2026-07-22 23:15:34.001 10 INFO neutron.services.segments.plugin [-] Segment 206ec62f-a8bd-46d4-ad52-fd6c9703d1f4 resource provider aggregate not found
2026-07-22 23:15:34.012 10 INFO neutron.services.segments.plugin [-] Segment 206ec62f-a8bd-46d4-ad52-fd6c9703d1f4 resource provider not found; error: Placement Client Error (4xx): {"errors": [{"status": 404, "title": "Not Found", "detail": "The resource could not be found.\n\n No resource provider with uuid 206ec62f-a8bd-46d4-ad52-fd6c9703d1f4 found for delete ", "request_id": "req-c2304061-7e6a-4db1-b5df-4974dbdb4f60"}]}
2026-07-22 23:15:34.019 10 INFO neutron.services.segments.plugin [-] Segment 206ec62f-a8bd-46d4-ad52-fd6c9703d1f4 resource provider not found; error: Placement Client Error (4xx): {"errors": [{"status": 404, "title": "Not Found", "detail": "The resource could not be found.\n\n No resource provider with uuid 206ec62f-a8bd-46d4-ad52-fd6c9703d1f4 found for delete ", "request_id": "req-e2636138-e0c3-4517-ba74-e6c4e465d724"}]}
2026-07-22 23:15:34.036 10 INFO neutron.services.segments.plugin [-] Segment 071727b1-ab90-44b0-acd8-604dc2ab97ee resource provider aggregate not found
2026-07-22 23:15:34.040 9 WARNING neutron_lib.context [None req-176f0637-2caa-4395-a9fb-6bf6fc5b69bb f4f7bbf32d0d4e2b909095443813a7a8 442d027b130746229be12b85873ac0cb - - default default] Method 'is_advsvc' is deprecated since 2023.2 release (neutron-lib 3.8.0) and will be removed once support for the old RBAC API policies will be removed from Neutron. Please use method 'is_service_role' instead.
2026-07-22 23:15:34.047 10 INFO neutron.services.segments.plugin [-] Segment 071727b1-ab90-44b0-acd8-604dc2ab97ee resource provider aggregate not found
2026-07-22 23:15:34.050 10 INFO neutron.services.segments.plugin [-] Segment 071727b1-ab90-44b0-acd8-604dc2ab97ee resource provider not found; error: Placement Client Error (4xx): {"errors": [{"status": 404, "title": "Not Found", "detail": "The resource could not be found.\n\n No resource provider with uuid 071727b1-ab90-44b0-acd8-604dc2ab97ee found for delete ", "request_id": "req-701f1dc0-1dec-471a-b1ef-c066bcc7dcf8"}]}
2026-07-22 23:15:34.063 10 INFO neutron.services.segments.plugin [-] Segment 071727b1-ab90-44b0-acd8-604dc2ab97ee resource provider not found; error: Placement Client Error (4xx): {"errors": [{"status": 404, "title": "Not Found", "detail": "The resource could not be found.\n\n No resource provider with uuid 071727b1-ab90-44b0-acd8-604dc2ab97ee found for delete ", "request_id": "req-db55af3e-f5c4-444d-b539-6334dcd984af"}]}
2026-07-22 23:15:34.113 10 INFO neutron.db.ovn_revision_numbers_db [None req-ea8415e9-1313-4c4f-bfe2-eca023dc0b9f a47b263937f448b99fae7b1cae9ac1ba 15b9360959ec431a8d4294c79a2ca132 - - default default] Successfully bumped revision number for resource 1849a119-84ac-49c5-b5e4-d7e446371a38 (type: security_groups) to 1
2026-07-22 23:15:34.125 10 INFO neutron.db.ovn_revision_numbers_db [None req-ea8415e9-1313-4c4f-bfe2-eca023dc0b9f a47b263937f448b99fae7b1cae9ac1ba 15b9360959ec431a8d4294c79a2ca132 - - default default] Successfully bumped revision number for resource 18ed81b2-afd0-4431-aeaf-fe6ed184255c (type: security_group_rules) to 0
2026-07-22 23:15:34.142 10 INFO neutron.db.ovn_revision_numbers_db [None req-ea8415e9-1313-4c4f-bfe2-eca023dc0b9f a47b263937f448b99fae7b1cae9ac1ba 15b9360959ec431a8d4294c79a2ca132 - - default default] Successfully bumped revision number for resource 5c5895c2-89b7-4d2d-b8ea-9e900e650541 (type: security_group_rules) to 0
2026-07-22 23:15:34.154 10 INFO neutron.db.ovn_revision_numbers_db [None req-ea8415e9-1313-4c4f-bfe2-eca023dc0b9f a47b263937f448b99fae7b1cae9ac1ba 15b9360959ec431a8d4294c79a2ca132 - - default default] Successfully bumped revision number for resource b9cd4d08-aad3-47a4-81bd-550a0a40eb08 (type: security_group_rules) to 0
2026-07-22 23:15:34.170 10 INFO neutron.db.ovn_revision_numbers_db [None req-ea8415e9-1313-4c4f-bfe2-eca023dc0b9f a47b263937f448b99fae7b1cae9ac1ba 15b9360959ec431a8d4294c79a2ca132 - - default default] Successfully bumped revision number for resource dfbcc289-1962-4f45-a183-2342c057cef9 (type: security_group_rules) to 0
2026-07-22 23:15:34.225 10 INFO neutron.db.segments_db [None req-ea8415e9-1313-4c4f-bfe2-eca023dc0b9f a47b263937f448b99fae7b1cae9ac1ba 15b9360959ec431a8d4294c79a2ca132 - - default default] Added segment e49e9ead-87fb-40d9-9504-55d9b54bd34f of type geneve for network e351336e-f114-4dcb-ae0b-aa0aaed0f9b7
2026-07-22 23:15:34.269 9 INFO neutron.wsgi [None req-3459530c-9214-40c3-9e7b-4e7f007c571a ebbdda3948f148a492dd875a4ced6796 f2d0a8ebe7d244c18dc84a3e8f1419b4 - - default default] 10.0.0.158 "GET /v2.0/security-groups?tenant_id=42a36189d6b34916949304f09d6ec15d&name=default HTTP/1.1" status: 200 len: 3120 time: 0.1382611
2026-07-22 23:15:34.313 9 INFO neutron.db.ovn_revision_numbers_db [None req-176f0637-2caa-4395-a9fb-6bf6fc5b69bb f4f7bbf32d0d4e2b909095443813a7a8 442d027b130746229be12b85873ac0cb - - default default] Successfully bumped revision number for resource a8b298c7-7576-4748-b5a9-5f969c6273a8 (type: security_groups) to 1
2026-07-22 23:15:34.339 9 INFO neutron.db.ovn_revision_numbers_db [None req-176f0637-2caa-4395-a9fb-6bf6fc5b69bb f4f7bbf32d0d4e2b909095443813a7a8 442d027b130746229be12b85873ac0cb - - default default] Successfully bumped revision number for resource 327bd42c-e678-4644-94df-0290add99a23 (type: security_group_rules) to 0
2026-07-22 23:15:34.361 9 INFO neutron.db.ovn_revision_numbers_db [None req-176f0637-2caa-4395-a9fb-6bf6fc5b69bb f4f7bbf32d0d4e2b909095443813a7a8 442d027b130746229be12b85873ac0cb - - default default] Successfully bumped revision number for resource 79c62916-5211-4b25-8c59-f50c1052f8f0 (type: security_group_rules) to 0
2026-07-22 23:15:34.376 10 INFO neutron.db.ovn_revision_numbers_db [None req-ea8415e9-1313-4c4f-bfe2-eca023dc0b9f a47b263937f448b99fae7b1cae9ac1ba 15b9360959ec431a8d4294c79a2ca132 - - default default] Successfully bumped revision number for resource e351336e-f114-4dcb-ae0b-aa0aaed0f9b7 (type: networks) to 1
2026-07-22 23:15:34.390 9 INFO neutron.db.ovn_revision_numbers_db [None req-176f0637-2caa-4395-a9fb-6bf6fc5b69bb f4f7bbf32d0d4e2b909095443813a7a8 442d027b130746229be12b85873ac0cb - - default default] Successfully bumped revision number for resource 7e6dda82-d874-45e7-bf2d-974650a1b72a (type: security_group_rules) to 0
2026-07-22 23:15:34.418 9 INFO neutron.db.ovn_revision_numbers_db [None req-176f0637-2caa-4395-a9fb-6bf6fc5b69bb f4f7bbf32d0d4e2b909095443813a7a8 442d027b130746229be12b85873ac0cb - - default default] Successfully bumped revision number for resource ab80864a-f5ed-49d7-b876-a2bb40e71d68 (type: security_group_rules) to 0
2026-07-22 23:15:34.480 9 INFO neutron.db.segments_db [None req-176f0637-2caa-4395-a9fb-6bf6fc5b69bb f4f7bbf32d0d4e2b909095443813a7a8 442d027b130746229be12b85873ac0cb - - default default] Added segment e5b490c3-f466-4b88-a80b-2d41a8506da8 of type geneve for network cf2a8197-be46-47b4-92b4-d6599deec2d0
2026-07-22 23:15:34.556 10 WARNING neutron.scheduler.dhcp_agent_scheduler [None req-ea8415e9-1313-4c4f-bfe2-eca023dc0b9f a47b263937f448b99fae7b1cae9ac1ba 15b9360959ec431a8d4294c79a2ca132 - - default default] No more DHCP agents
2026-07-22 23:15:34.559 10 WARNING neutron.api.rpc.agentnotifiers.dhcp_rpc_agent_api [None req-ea8415e9-1313-4c4f-bfe2-eca023dc0b9f a47b263937f448b99fae7b1cae9ac1ba 15b9360959ec431a8d4294c79a2ca132 - - default default] Unable to schedule network e351336e-f114-4dcb-ae0b-aa0aaed0f9b7: no agents available; will retry on subsequent port and subnet creation events.
2026-07-22 23:15:34.561 9 INFO neutron.wsgi [None req-2c7c3bc9-9059-41bf-b7a1-d725a7ba3bbb ebbdda3948f148a492dd875a4ced6796 f2d0a8ebe7d244c18dc84a3e8f1419b4 - - default default] 10.0.0.158 "PUT /v2.0/routers/899e2290-a652-4f9b-b8c6-b1264863aa18/remove_router_interface HTTP/1.1" status: 200 len: 503 time: 1.5931263 /var/lib/openstack/lib/python3.10/site-packages/pycadf/identifier.py:71: UserWarning: Invalid uuid: neutron. To ensure interoperability, identifiers should be a valid uuid. warnings.warn(('Invalid uuid: %s. To ensure interoperability, '
2026-07-22 23:15:34.641 10 INFO neutron.db.ovn_revision_numbers_db [None req-ea8415e9-1313-4c4f-bfe2-eca023dc0b9f a47b263937f448b99fae7b1cae9ac1ba 15b9360959ec431a8d4294c79a2ca132 - - default default] Successfully bumped revision number for resource 79c61ba5-8ed2-4c87-9d8b-991e931acc2a (type: ports) to 1
2026-07-22 23:15:34.665 10 INFO neutron.wsgi [None req-ea8415e9-1313-4c4f-bfe2-eca023dc0b9f a47b263937f448b99fae7b1cae9ac1ba 15b9360959ec431a8d4294c79a2ca132 - - default default] 10.0.0.158 "POST /v2.0/networks HTTP/1.1" status: 201 len: 845 time: 0.9773543
2026-07-22 23:15:34.737 9 INFO neutron.wsgi [None req-6e974d93-4b34-4a3e-9763-da0e2ac9af20 ebbdda3948f148a492dd875a4ced6796 f2d0a8ebe7d244c18dc84a3e8f1419b4 - - default default] 10.0.0.158 "DELETE /v2.0/security-groups/c1a0d2bf-c4d1-45a9-aecf-c06525631376 HTTP/1.1" status: 204 len: 168 time: 0.4614921
2026-07-22 23:15:34.766 9 INFO neutron.db.ovn_revision_numbers_db [None req-176f0637-2caa-4395-a9fb-6bf6fc5b69bb f4f7bbf32d0d4e2b909095443813a7a8 442d027b130746229be12b85873ac0cb - - default default] Successfully bumped revision number for resource cf2a8197-be46-47b4-92b4-d6599deec2d0 (type: networks) to 1
2026-07-22 23:15:35.007 9 WARNING neutron.scheduler.dhcp_agent_scheduler [None req-176f0637-2caa-4395-a9fb-6bf6fc5b69bb f4f7bbf32d0d4e2b909095443813a7a8 442d027b130746229be12b85873ac0cb - - default default] No more DHCP agents
2026-07-22 23:15:35.011 9 WARNING neutron.api.rpc.agentnotifiers.dhcp_rpc_agent_api [None req-176f0637-2caa-4395-a9fb-6bf6fc5b69bb f4f7bbf32d0d4e2b909095443813a7a8 442d027b130746229be12b85873ac0cb - - default default] Unable to schedule network cf2a8197-be46-47b4-92b4-d6599deec2d0: no agents available; will retry on subsequent port and subnet creation events.
2026-07-22 23:15:35.117 9 INFO neutron.db.ovn_revision_numbers_db [None req-176f0637-2caa-4395-a9fb-6bf6fc5b69bb f4f7bbf32d0d4e2b909095443813a7a8 442d027b130746229be12b85873ac0cb - - default default] Successfully bumped revision number for resource f9f2b294-47c3-4195-ac86-4fcdf941cdc3 (type: ports) to 1
2026-07-22 23:15:35.148 10 WARNING neutron_lib.context [None req-a0c19436-f9c7-469a-b53c-c7c6a3498f55 a47b263937f448b99fae7b1cae9ac1ba 15b9360959ec431a8d4294c79a2ca132 - - default default] Method 'is_advsvc' is deprecated since 2023.2 release (neutron-lib 3.8.0) and will be removed once support for the old RBAC API policies will be removed from Neutron. Please use method 'is_service_role' instead.
2026-07-22 23:15:35.153 9 INFO neutron.wsgi [None req-176f0637-2caa-4395-a9fb-6bf6fc5b69bb f4f7bbf32d0d4e2b909095443813a7a8 442d027b130746229be12b85873ac0cb - - default default] 10.0.0.158 "POST /v2.0/networks HTTP/1.1" status: 201 len: 829 time: 1.1958141
2026-07-22 23:15:35.163 9 WARNING neutron_lib.context [None req-8f87b2e6-7d9f-4a64-b47c-f5168bc5f05d f4f7bbf32d0d4e2b909095443813a7a8 442d027b130746229be12b85873ac0cb - - default default] Method 'is_advsvc' is deprecated since 2023.2 release (neutron-lib 3.8.0) and will be removed once support for the old RBAC API policies will be removed from Neutron. Please use method 'is_service_role' instead.
2026-07-22 23:15:35.295 9 INFO neutron.db.segments_db [None req-8f87b2e6-7d9f-4a64-b47c-f5168bc5f05d f4f7bbf32d0d4e2b909095443813a7a8 442d027b130746229be12b85873ac0cb - - default default] Added segment 10fba0c1-9338-4db7-9eb7-37d965c58b79 of type geneve for network b9763dad-d8be-4e09-8f37-04a9447eb461
2026-07-22 23:15:35.477 10 WARNING neutron.scheduler.dhcp_agent_scheduler [None req-a0c19436-f9c7-469a-b53c-c7c6a3498f55 a47b263937f448b99fae7b1cae9ac1ba 15b9360959ec431a8d4294c79a2ca132 - - default default] No more DHCP agents
2026-07-22 23:15:35.479 10 WARNING neutron.api.rpc.agentnotifiers.dhcp_rpc_agent_api [None req-a0c19436-f9c7-469a-b53c-c7c6a3498f55 a47b263937f448b99fae7b1cae9ac1ba 15b9360959ec431a8d4294c79a2ca132 - - default default] Unable to schedule network e351336e-f114-4dcb-ae0b-aa0aaed0f9b7: no agents available; will retry on subsequent port and subnet creation events.
2026-07-22 23:15:35.494 9 INFO neutron.db.ovn_revision_numbers_db [None req-8f87b2e6-7d9f-4a64-b47c-f5168bc5f05d f4f7bbf32d0d4e2b909095443813a7a8 442d027b130746229be12b85873ac0cb - - default default] Successfully bumped revision number for resource b9763dad-d8be-4e09-8f37-04a9447eb461 (type: networks) to 1
2026-07-22 23:15:35.516 10 INFO neutron.db.ovn_revision_numbers_db [None req-a0c19436-f9c7-469a-b53c-c7c6a3498f55 a47b263937f448b99fae7b1cae9ac1ba 15b9360959ec431a8d4294c79a2ca132 - - default default] Successfully bumped revision number for resource 29de149c-641d-4090-95fd-46fab4498e1b (type: subnets) to 0
2026-07-22 23:15:35.532 10 INFO neutron.wsgi [None req-a0c19436-f9c7-469a-b53c-c7c6a3498f55 a47b263937f448b99fae7b1cae9ac1ba 15b9360959ec431a8d4294c79a2ca132 - - default default] 10.0.0.158 "POST /v2.0/subnets HTTP/1.1" status: 201 len: 848 time: 0.3877821
2026-07-22 23:15:35.547 9 WARNING neutron_lib.context [None req-57bb824d-bec2-4758-aaa5-6de2f4028d50 a47b263937f448b99fae7b1cae9ac1ba 15b9360959ec431a8d4294c79a2ca132 - - default default] Method 'is_advsvc' is deprecated since 2023.2 release (neutron-lib 3.8.0) and will be removed once support for the old RBAC API policies will be removed from Neutron. Please use method 'is_service_role' instead.
2026-07-22 23:15:35.956 9 INFO neutron.db.segments_db [None req-57bb824d-bec2-4758-aaa5-6de2f4028d50 a47b263937f448b99fae7b1cae9ac1ba 15b9360959ec431a8d4294c79a2ca132 - - default default] Added segment 31909df5-d048-4cda-964d-f94e3390a79f of type geneve for network fd8ab919-2d8f-4456-8825-374113d8725a
2026-07-22 23:15:35.996 9 INFO neutron.wsgi [None req-2663080e-2db1-492c-a26c-123f3cfc59d2 ebbdda3948f148a492dd875a4ced6796 f2d0a8ebe7d244c18dc84a3e8f1419b4 - - default default] 10.0.0.158 "DELETE /v2.0/routers/899e2290-a652-4f9b-b8c6-b1264863aa18 HTTP/1.1" status: 204 len: 168 time: 1.4245615
2026-07-22 23:15:36.038 9 WARNING neutron.scheduler.dhcp_agent_scheduler [None req-8f87b2e6-7d9f-4a64-b47c-f5168bc5f05d f4f7bbf32d0d4e2b909095443813a7a8 442d027b130746229be12b85873ac0cb - - default default] No more DHCP agents
2026-07-22 23:15:36.041 9 WARNING neutron.api.rpc.agentnotifiers.dhcp_rpc_agent_api [None req-8f87b2e6-7d9f-4a64-b47c-f5168bc5f05d f4f7bbf32d0d4e2b909095443813a7a8 442d027b130746229be12b85873ac0cb - - default default] Unable to schedule network b9763dad-d8be-4e09-8f37-04a9447eb461: no agents available; will retry on subsequent port and subnet creation events.
2026-07-22 23:15:36.146 9 INFO neutron.db.ovn_revision_numbers_db [None req-57bb824d-bec2-4758-aaa5-6de2f4028d50 a47b263937f448b99fae7b1cae9ac1ba 15b9360959ec431a8d4294c79a2ca132 - - default default] Successfully bumped revision number for resource fd8ab919-2d8f-4456-8825-374113d8725a (type: networks) to 1
2026-07-22 23:15:36.171 9 INFO neutron.db.ovn_revision_numbers_db [None req-8f87b2e6-7d9f-4a64-b47c-f5168bc5f05d f4f7bbf32d0d4e2b909095443813a7a8 442d027b130746229be12b85873ac0cb - - default default] Successfully bumped revision number for resource fad30892-2ad3-446a-9cd4-467bc8f9c22f (type: ports) to 1
2026-07-22 23:15:36.186 10 INFO neutron.wsgi [None req-ea0b5697-4143-45d7-b749-6cf83cafdeab ebbdda3948f148a492dd875a4ced6796 f2d0a8ebe7d244c18dc84a3e8f1419b4 - - default default] 10.0.0.158 "DELETE /v2.0/subnets/ee5f0fee-0922-411f-a0aa-a30111237de2 HTTP/1.1" status: 204 len: 168 time: 0.1832874
2026-07-22 23:15:36.198 9 INFO neutron.wsgi [None req-8f87b2e6-7d9f-4a64-b47c-f5168bc5f05d f4f7bbf32d0d4e2b909095443813a7a8 442d027b130746229be12b85873ac0cb - - default default] 10.0.0.158 "POST /v2.0/networks HTTP/1.1" status: 201 len: 829 time: 1.0410249
2026-07-22 23:15:36.209 9 WARNING neutron_lib.context [None req-6ea78328-efe7-48af-ba31-a45c936bdc03 f4f7bbf32d0d4e2b909095443813a7a8 442d027b130746229be12b85873ac0cb - - default default] Method 'is_advsvc' is deprecated since 2023.2 release (neutron-lib 3.8.0) and will be removed once support for the old RBAC API policies will be removed from Neutron. Please use method 'is_service_role' instead.
2026-07-22 23:15:36.382 9 WARNING neutron.scheduler.dhcp_agent_scheduler [None req-57bb824d-bec2-4758-aaa5-6de2f4028d50 a47b263937f448b99fae7b1cae9ac1ba 15b9360959ec431a8d4294c79a2ca132 - - default default] No more DHCP agents
2026-07-22 23:15:36.388 9 WARNING neutron.api.rpc.agentnotifiers.dhcp_rpc_agent_api [None req-57bb824d-bec2-4758-aaa5-6de2f4028d50 a47b263937f448b99fae7b1cae9ac1ba 15b9360959ec431a8d4294c79a2ca132 - - default default] Unable to schedule network fd8ab919-2d8f-4456-8825-374113d8725a: no agents available; will retry on subsequent port and subnet creation events.
2026-07-22 23:15:36.509 9 INFO neutron.db.ovn_revision_numbers_db [None req-57bb824d-bec2-4758-aaa5-6de2f4028d50 a47b263937f448b99fae7b1cae9ac1ba 15b9360959ec431a8d4294c79a2ca132 - - default default] Successfully bumped revision number for resource 2bc8a24b-576a-437c-b168-b3724c109cf4 (type: ports) to 1
2026-07-22 23:15:36.543 9 INFO neutron.wsgi [None req-57bb824d-bec2-4758-aaa5-6de2f4028d50 a47b263937f448b99fae7b1cae9ac1ba 15b9360959ec431a8d4294c79a2ca132 - - default default] 10.0.0.158 "POST /v2.0/networks HTTP/1.1" status: 201 len: 847 time: 1.0009654
2026-07-22 23:15:36.544 9 WARNING neutron.scheduler.dhcp_agent_scheduler [None req-6ea78328-efe7-48af-ba31-a45c936bdc03 f4f7bbf32d0d4e2b909095443813a7a8 442d027b130746229be12b85873ac0cb - - default default] No more DHCP agents
2026-07-22 23:15:36.546 9 WARNING neutron.api.rpc.agentnotifiers.dhcp_rpc_agent_api [None req-6ea78328-efe7-48af-ba31-a45c936bdc03 f4f7bbf32d0d4e2b909095443813a7a8 442d027b130746229be12b85873ac0cb - - default default] Unable to schedule network cf2a8197-be46-47b4-92b4-d6599deec2d0: no agents available; will retry on subsequent port and subnet creation events.
2026-07-22 23:15:36.548 10 INFO neutron.services.segments.plugin [-] Segment ab8d0e43-afa1-480f-8e0f-0cc8383ea992 resource provider aggregate not found
2026-07-22 23:15:36.552 10 INFO neutron.services.segments.plugin [-] Segment ab8d0e43-afa1-480f-8e0f-0cc8383ea992 resource provider aggregate not found
2026-07-22 23:15:36.568 10 INFO neutron.services.segments.plugin [-] Segment ab8d0e43-afa1-480f-8e0f-0cc8383ea992 resource provider not found; error: Placement Client Error (4xx): {"errors": [{"status": 404, "title": "Not Found", "detail": "The resource could not be found.\n\n No resource provider with uuid ab8d0e43-afa1-480f-8e0f-0cc8383ea992 found for delete ", "request_id": "req-aeaa3971-89f2-4318-ac1e-388a3903bf2d"}]}
2026-07-22 23:15:36.571 10 INFO neutron.services.segments.plugin [-] Segment ab8d0e43-afa1-480f-8e0f-0cc8383ea992 resource provider not found; error: Placement Client Error (4xx): {"errors": [{"status": 404, "title": "Not Found", "detail": "The resource could not be found.\n\n No resource provider with uuid ab8d0e43-afa1-480f-8e0f-0cc8383ea992 found for delete ", "request_id": "req-dfa228e9-11da-4474-afc5-a648a865fe30"}]}
2026-07-22 23:15:36.596 10 INFO neutron.wsgi [None req-d684320b-b303-4628-9022-9e534c795a19 ebbdda3948f148a492dd875a4ced6796 f2d0a8ebe7d244c18dc84a3e8f1419b4 - - default default] 10.0.0.158 "DELETE /v2.0/networks/67f8141d-4de5-46ca-a240-7b28fc4053c7 HTTP/1.1" status: 204 len: 168 time: 0.4057119
2026-07-22 23:15:36.714 10 WARNING neutron_lib.context [None req-d8c60eef-2782-4135-ab7a-03bc7c8a37e8 c20ed0bbe47e49df952ec78ea164a609 0cc3b40bf1924492ae19d9d977a88fa6 - - default default] Method 'is_advsvc' is deprecated since 2023.2 release (neutron-lib 3.8.0) and will be removed once support for the old RBAC API policies will be removed from Neutron. Please use method 'is_service_role' instead.
2026-07-22 23:15:36.714 10 WARNING neutron_lib.context [None req-d8c60eef-2782-4135-ab7a-03bc7c8a37e8 c20ed0bbe47e49df952ec78ea164a609 0cc3b40bf1924492ae19d9d977a88fa6 - - default default] Method 'is_advsvc' is deprecated since 2023.2 release (neutron-lib 3.8.0) and will be removed once support for the old RBAC API policies will be removed from Neutron. Please use method 'is_service_role' instead.
2026-07-22 23:15:36.825 9 INFO neutron.db.ovn_revision_numbers_db [None req-0151b93a-48cf-4092-aaa0-51a1b397023b a47b263937f448b99fae7b1cae9ac1ba 15b9360959ec431a8d4294c79a2ca132 - - default default] Successfully bumped revision number for resource fd8ab919-2d8f-4456-8825-374113d8725a (type: networks) to 2
2026-07-22 23:15:36.829 9 INFO neutron.wsgi [None req-0151b93a-48cf-4092-aaa0-51a1b397023b a47b263937f448b99fae7b1cae9ac1ba 15b9360959ec431a8d4294c79a2ca132 - - default default] 10.0.0.158 "PUT /v2.0/networks/fd8ab919-2d8f-4456-8825-374113d8725a HTTP/1.1" status: 200 len: 792 time: 0.2802153
2026-07-22 23:15:36.840 9 WARNING neutron_lib.context [None req-8ea1a9cf-3d4a-4e2a-910d-465f80ac927b a47b263937f448b99fae7b1cae9ac1ba 15b9360959ec431a8d4294c79a2ca132 - - default default] Method 'is_advsvc' is deprecated since 2023.2 release (neutron-lib 3.8.0) and will be removed once support for the old RBAC API policies will be removed from Neutron. Please use method 'is_service_role' instead.
2026-07-22 23:15:36.850 10 INFO neutron.wsgi [None req-e2e6d45c-b915-4561-bc71-bbd91ab88dfa ebbdda3948f148a492dd875a4ced6796 f2d0a8ebe7d244c18dc84a3e8f1419b4 - - default default] 10.0.0.158 "GET /v2.0/security-groups?tenant_id=a0d592fc005d498d9d6e5a4ff6abd0e5&name=default HTTP/1.1" status: 200 len: 3120 time: 0.0701213
2026-07-22 23:15:36.921 10 INFO neutron.db.ovn_revision_numbers_db [None req-d8c60eef-2782-4135-ab7a-03bc7c8a37e8 c20ed0bbe47e49df952ec78ea164a609 0cc3b40bf1924492ae19d9d977a88fa6 - - default default] Successfully bumped revision number for resource a3520614-1dc4-41d1-ab39-e76786712bbb (type: security_groups) to 1
2026-07-22 23:15:36.946 10 INFO neutron.db.ovn_revision_numbers_db [None req-d8c60eef-2782-4135-ab7a-03bc7c8a37e8 c20ed0bbe47e49df952ec78ea164a609 0cc3b40bf1924492ae19d9d977a88fa6 - - default default] Successfully bumped revision number for resource 15b5ad83-cfbe-4eb9-a818-665700cdb6da (type: security_group_rules) to 0
2026-07-22 23:15:36.975 10 INFO neutron.db.ovn_revision_numbers_db [None req-d8c60eef-2782-4135-ab7a-03bc7c8a37e8 c20ed0bbe47e49df952ec78ea164a609 0cc3b40bf1924492ae19d9d977a88fa6 - - default default] Successfully bumped revision number for resource 1a6e9232-8d18-4022-9639-3e216dfce372 (type: security_group_rules) to 0
2026-07-22 23:15:36.999 10 INFO neutron.db.ovn_revision_numbers_db [None req-d8c60eef-2782-4135-ab7a-03bc7c8a37e8 c20ed0bbe47e49df952ec78ea164a609 0cc3b40bf1924492ae19d9d977a88fa6 - - default default] Successfully bumped revision number for resource 88e9fcd2-7017-4b09-ad25-eff8713595f7 (type: security_group_rules) to 0
2026-07-22 23:15:37.015 10 INFO neutron.db.ovn_revision_numbers_db [None req-d8c60eef-2782-4135-ab7a-03bc7c8a37e8 c20ed0bbe47e49df952ec78ea164a609 0cc3b40bf1924492ae19d9d977a88fa6 - - default default] Successfully bumped revision number for resource c8191812-18f2-4937-8548-4d42187e0a99 (type: security_group_rules) to 0
2026-07-22 23:15:37.102 10 INFO neutron.db.segments_db [None req-d8c60eef-2782-4135-ab7a-03bc7c8a37e8 c20ed0bbe47e49df952ec78ea164a609 0cc3b40bf1924492ae19d9d977a88fa6 - - default default] Added segment fe593352-e69e-4d08-970a-a36bc68318a3 of type geneve for network 53e3023a-65b5-4b56-8cf6-66151d18cf31
2026-07-22 23:15:37.136 10 INFO neutron.wsgi [None req-711f4f16-c7f6-47e9-8bf6-a54c44e2e51e ebbdda3948f148a492dd875a4ced6796 f2d0a8ebe7d244c18dc84a3e8f1419b4 - - default default] 10.0.0.158 "DELETE /v2.0/security-groups/d0d06773-3f8a-44b5-bdab-594353d66e53 HTTP/1.1" status: 204 len: 168 time: 0.2822754
2026-07-22 23:15:37.172 9 WARNING neutron.scheduler.dhcp_agent_scheduler [None req-8ea1a9cf-3d4a-4e2a-910d-465f80ac927b a47b263937f448b99fae7b1cae9ac1ba 15b9360959ec431a8d4294c79a2ca132 - - default default] No more DHCP agents
2026-07-22 23:15:37.178 9 WARNING neutron.api.rpc.agentnotifiers.dhcp_rpc_agent_api [None req-8ea1a9cf-3d4a-4e2a-910d-465f80ac927b a47b263937f448b99fae7b1cae9ac1ba 15b9360959ec431a8d4294c79a2ca132 - - default default] Unable to schedule network fd8ab919-2d8f-4456-8825-374113d8725a: no agents available; will retry on subsequent port and subnet creation events.
2026-07-22 23:15:37.222 9 INFO neutron.db.ovn_revision_numbers_db [None req-8ea1a9cf-3d4a-4e2a-910d-465f80ac927b a47b263937f448b99fae7b1cae9ac1ba 15b9360959ec431a8d4294c79a2ca132 - - default default] Successfully bumped revision number for resource 9a394d33-fdab-4e02-8056-1c5bdea959e1 (type: subnets) to 0
2026-07-22 23:15:37.238 10 INFO neutron.db.segments_db [None req-d8c60eef-2782-4135-ab7a-03bc7c8a37e8 c20ed0bbe47e49df952ec78ea164a609 0cc3b40bf1924492ae19d9d977a88fa6 - - default default] Added segment 0d59e456-b3c6-431a-9e0f-2e5f52e16f08 of type geneve for network 65104250-8511-4853-818b-306954ff0198
2026-07-22 23:15:37.241 9 INFO neutron.wsgi [None req-8ea1a9cf-3d4a-4e2a-910d-465f80ac927b a47b263937f448b99fae7b1cae9ac1ba 15b9360959ec431a8d4294c79a2ca132 - - default default] 10.0.0.158 "POST /v2.0/subnets HTTP/1.1" status: 201 len: 821 time: 0.4067674
2026-07-22 23:15:37.348 9 INFO neutron.db.ovn_revision_numbers_db [None req-6ea78328-efe7-48af-ba31-a45c936bdc03 f4f7bbf32d0d4e2b909095443813a7a8 442d027b130746229be12b85873ac0cb - - default default] Successfully bumped revision number for resource f9f2b294-47c3-4195-ac86-4fcdf941cdc3 (type: ports) to 2
2026-07-22 23:15:37.380 9 INFO neutron.db.ovn_revision_numbers_db [None req-6ea78328-efe7-48af-ba31-a45c936bdc03 f4f7bbf32d0d4e2b909095443813a7a8 442d027b130746229be12b85873ac0cb - - default default] Successfully bumped revision number for resource 95cef2a9-3f66-46e1-920f-1ff4b6015c01 (type: subnets) to 0
2026-07-22 23:15:37.398 9 INFO neutron.wsgi [None req-6ea78328-efe7-48af-ba31-a45c936bdc03 f4f7bbf32d0d4e2b909095443813a7a8 442d027b130746229be12b85873ac0cb - - default default] 10.0.0.158 "POST /v2.0/subnets HTTP/1.1" status: 201 len: 801 time: 1.1932251
2026-07-22 23:15:37.413 9 WARNING neutron_lib.context [None req-45626701-d0a1-438b-b050-43167cbb08f2 f4f7bbf32d0d4e2b909095443813a7a8 442d027b130746229be12b85873ac0cb - - default default] Method 'is_advsvc' is deprecated since 2023.2 release (neutron-lib 3.8.0) and will be removed once support for the old RBAC API policies will be removed from Neutron. Please use method 'is_service_role' instead.
2026-07-22 23:15:37.461 10 INFO neutron.db.ovn_revision_numbers_db [None req-d8c60eef-2782-4135-ab7a-03bc7c8a37e8 c20ed0bbe47e49df952ec78ea164a609 0cc3b40bf1924492ae19d9d977a88fa6 - - default default] Successfully bumped revision number for resource 53e3023a-65b5-4b56-8cf6-66151d18cf31 (type: networks) to 1
2026-07-22 23:15:37.668 9 WARNING neutron.scheduler.dhcp_agent_scheduler [None req-45626701-d0a1-438b-b050-43167cbb08f2 f4f7bbf32d0d4e2b909095443813a7a8 442d027b130746229be12b85873ac0cb - - default default] No more DHCP agents
2026-07-22 23:15:37.671 9 WARNING neutron.api.rpc.agentnotifiers.dhcp_rpc_agent_api [None req-45626701-d0a1-438b-b050-43167cbb08f2 f4f7bbf32d0d4e2b909095443813a7a8 442d027b130746229be12b85873ac0cb - - default default] Unable to schedule network b9763dad-d8be-4e09-8f37-04a9447eb461: no agents available; will retry on subsequent port and subnet creation events.
2026-07-22 23:15:37.704 10 WARNING neutron.scheduler.dhcp_agent_scheduler [None req-d8c60eef-2782-4135-ab7a-03bc7c8a37e8 c20ed0bbe47e49df952ec78ea164a609 0cc3b40bf1924492ae19d9d977a88fa6 - - default default] No more DHCP agents
2026-07-22 23:15:37.708 10 WARNING neutron.api.rpc.agentnotifiers.dhcp_rpc_agent_api [None req-d8c60eef-2782-4135-ab7a-03bc7c8a37e8 c20ed0bbe47e49df952ec78ea164a609 0cc3b40bf1924492ae19d9d977a88fa6 - - default default] Unable to schedule network 53e3023a-65b5-4b56-8cf6-66151d18cf31: no agents available; will retry on subsequent port and subnet creation events.
2026-07-22 23:15:37.831 10 INFO neutron.db.ovn_revision_numbers_db [None req-d8c60eef-2782-4135-ab7a-03bc7c8a37e8 c20ed0bbe47e49df952ec78ea164a609 0cc3b40bf1924492ae19d9d977a88fa6 - - default default] Successfully bumped revision number for resource 21e9faa8-5c59-4df2-898f-c13a25f80b85 (type: ports) to 1
2026-07-22 23:15:37.927 10 INFO neutron.db.ovn_revision_numbers_db [None req-d8c60eef-2782-4135-ab7a-03bc7c8a37e8 c20ed0bbe47e49df952ec78ea164a609 0cc3b40bf1924492ae19d9d977a88fa6 - - default default] Successfully bumped revision number for resource 65104250-8511-4853-818b-306954ff0198 (type: networks) to 1
2026-07-22 23:15:38.173 10 WARNING neutron.scheduler.dhcp_agent_scheduler [None req-d8c60eef-2782-4135-ab7a-03bc7c8a37e8 c20ed0bbe47e49df952ec78ea164a609 0cc3b40bf1924492ae19d9d977a88fa6 - - default default] No more DHCP agents
2026-07-22 23:15:38.180 10 WARNING neutron.api.rpc.agentnotifiers.dhcp_rpc_agent_api [None req-d8c60eef-2782-4135-ab7a-03bc7c8a37e8 c20ed0bbe47e49df952ec78ea164a609 0cc3b40bf1924492ae19d9d977a88fa6 - - default default] Unable to schedule network 65104250-8511-4853-818b-306954ff0198: no agents available; will retry on subsequent port and subnet creation events.
2026-07-22 23:15:38.203 9 INFO neutron.db.ovn_revision_numbers_db [None req-45626701-d0a1-438b-b050-43167cbb08f2 f4f7bbf32d0d4e2b909095443813a7a8 442d027b130746229be12b85873ac0cb - - default default] Successfully bumped revision number for resource fad30892-2ad3-446a-9cd4-467bc8f9c22f (type: ports) to 2
2026-07-22 23:15:38.259 9 INFO neutron.db.ovn_revision_numbers_db [None req-45626701-d0a1-438b-b050-43167cbb08f2 f4f7bbf32d0d4e2b909095443813a7a8 442d027b130746229be12b85873ac0cb - - default default] Successfully bumped revision number for resource 007f78ea-487e-4b8d-871c-0aafe3b8e1fe (type: subnets) to 0
2026-07-22 23:15:38.280 9 INFO neutron.wsgi [None req-45626701-d0a1-438b-b050-43167cbb08f2 f4f7bbf32d0d4e2b909095443813a7a8 442d027b130746229be12b85873ac0cb - - default default] 10.0.0.158 "POST /v2.0/subnets HTTP/1.1" status: 201 len: 801 time: 0.8708477
2026-07-22 23:15:38.291 10 WARNING neutron_lib.context [None req-b6a99181-2a13-4bb9-b295-3dabc3073b6e f4f7bbf32d0d4e2b909095443813a7a8 442d027b130746229be12b85873ac0cb - - default default] Method 'is_advsvc' is deprecated since 2023.2 release (neutron-lib 3.8.0) and will be removed once support for the old RBAC API policies will be removed from Neutron. Please use method 'is_service_role' instead.
2026-07-22 23:15:38.312 10 INFO neutron.db.ovn_revision_numbers_db [None req-d8c60eef-2782-4135-ab7a-03bc7c8a37e8 c20ed0bbe47e49df952ec78ea164a609 0cc3b40bf1924492ae19d9d977a88fa6 - - default default] Successfully bumped revision number for resource 5bf15f4f-810d-48b3-984b-e1186722b3a0 (type: ports) to 1
2026-07-22 23:15:38.337 10 INFO neutron.db.ovn_revision_numbers_db [None req-4b9736e7-9799-48ac-8716-096b9efe2047 a47b263937f448b99fae7b1cae9ac1ba 15b9360959ec431a8d4294c79a2ca132 - - default default] Successfully bumped revision number for resource 2bc8a24b-576a-437c-b168-b3724c109cf4 (type: ports) to 2
2026-07-22 23:15:38.345 10 INFO neutron.wsgi [None req-d8c60eef-2782-4135-ab7a-03bc7c8a37e8 c20ed0bbe47e49df952ec78ea164a609 0cc3b40bf1924492ae19d9d977a88fa6 - - default default] 10.0.0.158 "POST /v2.0/networks HTTP/1.1" status: 201 len: 1446 time: 1.7901521
2026-07-22 23:15:38.397 10 INFO neutron.db.ovn_revision_numbers_db [None req-4b9736e7-9799-48ac-8716-096b9efe2047 a47b263937f448b99fae7b1cae9ac1ba 15b9360959ec431a8d4294c79a2ca132 - - default default] Successfully bumped revision number for resource 9a394d33-fdab-4e02-8056-1c5bdea959e1 (type: subnets) to 1
2026-07-22 23:15:38.400 10 INFO neutron.wsgi [None req-4b9736e7-9799-48ac-8716-096b9efe2047 a47b263937f448b99fae7b1cae9ac1ba 15b9360959ec431a8d4294c79a2ca132 - - default default] 10.0.0.158 "PUT /v2.0/subnets/9a394d33-fdab-4e02-8056-1c5bdea959e1 HTTP/1.1" status: 200 len: 826 time: 1.1535416
2026-07-22 23:15:38.441 10 INFO neutron.db.ovn_revision_numbers_db [None req-b6a99181-2a13-4bb9-b295-3dabc3073b6e f4f7bbf32d0d4e2b909095443813a7a8 442d027b130746229be12b85873ac0cb - - default default] Successfully bumped revision number for resource 555c9db7-6b6f-4b31-805d-4f77a5b76e93 (type: routers) to 1
2026-07-22 23:15:38.459 10 INFO neutron.wsgi [None req-b6a99181-2a13-4bb9-b295-3dabc3073b6e f4f7bbf32d0d4e2b909095443813a7a8 442d027b130746229be12b85873ac0cb - - default default] 10.0.0.158 "POST /v2.0/routers HTTP/1.1" status: 201 len: 802 time: 0.1724408
2026-07-22 23:15:38.474 9 INFO neutron.wsgi [None req-57532e6b-ef90-44d8-a6df-dc4636e9375a c20ed0bbe47e49df952ec78ea164a609 0cc3b40bf1924492ae19d9d977a88fa6 - - default default] 10.0.0.158 "GET /v2.0/networks HTTP/1.1" status: 200 len: 2052 time: 0.1231382
2026-07-22 23:15:39.010 9 INFO neutron.services.segments.plugin [-] Segment fe593352-e69e-4d08-970a-a36bc68318a3 resource provider aggregate not found
2026-07-22 23:15:39.018 9 INFO neutron.services.segments.plugin [-] Segment fe593352-e69e-4d08-970a-a36bc68318a3 resource provider aggregate not found
2026-07-22 23:15:39.035 9 INFO neutron.services.segments.plugin [-] Segment fe593352-e69e-4d08-970a-a36bc68318a3 resource provider not found; error: Placement Client Error (4xx): {"errors": [{"status": 404, "title": "Not Found", "detail": "The resource could not be found.\n\n No resource provider with uuid fe593352-e69e-4d08-970a-a36bc68318a3 found for delete ", "request_id": "req-51c28a07-bf39-49cc-95ac-e5a111ef6361"}]}
2026-07-22 23:15:39.038 9 INFO neutron.services.segments.plugin [-] Segment fe593352-e69e-4d08-970a-a36bc68318a3 resource provider not found; error: Placement Client Error (4xx): {"errors": [{"status": 404, "title": "Not Found", "detail": "The resource could not be found.\n\n No resource provider with uuid fe593352-e69e-4d08-970a-a36bc68318a3 found for delete ", "request_id": "req-523779f2-ab33-4f02-a4d9-2e5271909b42"}]}
2026-07-22 23:15:39.067 9 INFO neutron.wsgi [None req-09d71878-28f4-4cc1-89af-0aacd0fd96fd c20ed0bbe47e49df952ec78ea164a609 0cc3b40bf1924492ae19d9d977a88fa6 - - default default] 10.0.0.158 "DELETE /v2.0/networks/53e3023a-65b5-4b56-8cf6-66151d18cf31 HTTP/1.1" status: 204 len: 168 time: 0.5860851
2026-07-22 23:15:39.233 9 INFO neutron.wsgi [None req-2e8de2d1-e1a9-4d15-9da3-d5885d609e5a a47b263937f448b99fae7b1cae9ac1ba 15b9360959ec431a8d4294c79a2ca132 - - default default] 10.0.0.158 "DELETE /v2.0/networks/fd8ab919-2d8f-4456-8825-374113d8725a HTTP/1.1" status: 204 len: 168 time: 0.8269262
2026-07-22 23:15:39.262 9 INFO neutron.pecan_wsgi.hooks.translation [None req-addf745d-49fc-4575-9ca6-6c4e30df28da a47b263937f448b99fae7b1cae9ac1ba 15b9360959ec431a8d4294c79a2ca132 - - default default] DELETE failed (client error): The resource could not be found.
2026-07-22 23:15:39.265 9 INFO neutron.wsgi [None req-addf745d-49fc-4575-9ca6-6c4e30df28da a47b263937f448b99fae7b1cae9ac1ba 15b9360959ec431a8d4294c79a2ca132 - - default default] 10.0.0.158 "DELETE /v2.0/networks/fd8ab919-2d8f-4456-8825-374113d8725a HTTP/1.1" status: 404 len: 339 time: 0.0185175
2026-07-22 23:15:39.452 10 WARNING neutron.scheduler.dhcp_agent_scheduler [None req-188ede0a-aaaa-43d7-849c-1a13af9a2500 f4f7bbf32d0d4e2b909095443813a7a8 442d027b130746229be12b85873ac0cb - - default default] No more DHCP agents
2026-07-22 23:15:39.465 10 WARNING neutron.api.rpc.agentnotifiers.dhcp_rpc_agent_api [None req-188ede0a-aaaa-43d7-849c-1a13af9a2500 f4f7bbf32d0d4e2b909095443813a7a8 442d027b130746229be12b85873ac0cb - - default default] Unable to schedule network cf2a8197-be46-47b4-92b4-d6599deec2d0: no agents available; will retry on subsequent port and subnet creation events.
2026-07-22 23:15:39.604 10 INFO neutron.db.ovn_revision_numbers_db [None req-00dbca89-a660-429c-9b8a-fd4f9c7e6b77 ebbdda3948f148a492dd875a4ced6796 f2d0a8ebe7d244c18dc84a3e8f1419b4 - - default default] Successfully bumped revision number for resource f02fbf26-c560-46bc-aa3d-fa516058f399 (type: security_groups) to 1
2026-07-22 23:15:39.634 10 INFO neutron.db.ovn_revision_numbers_db [None req-00dbca89-a660-429c-9b8a-fd4f9c7e6b77 ebbdda3948f148a492dd875a4ced6796 f2d0a8ebe7d244c18dc84a3e8f1419b4 - - default default] Successfully bumped revision number for resource 366acdc4-1c2a-4d28-92d1-fc460ac82326 (type: security_group_rules) to 0
2026-07-22 23:15:39.653 9 INFO neutron.wsgi [None req-71d9c259-e30f-421f-a418-fd1181959183 a47b263937f448b99fae7b1cae9ac1ba 15b9360959ec431a8d4294c79a2ca132 - - default default] 10.0.0.158 "GET /v2.0/networks?router%3Aexternal=True HTTP/1.1" status: 200 len: 845 time: 0.3804204
2026-07-22 23:15:39.667 10 INFO neutron.db.ovn_revision_numbers_db [None req-00dbca89-a660-429c-9b8a-fd4f9c7e6b77 ebbdda3948f148a492dd875a4ced6796 f2d0a8ebe7d244c18dc84a3e8f1419b4 - - default default] Successfully bumped revision number for resource 41d074d6-05b0-4c15-b509-851fac4358ef (type: security_group_rules) to 0
2026-07-22 23:15:39.698 9 INFO neutron.wsgi [None req-24448649-6d5d-4e5a-86d7-0d4533cc63dc a47b263937f448b99fae7b1cae9ac1ba 15b9360959ec431a8d4294c79a2ca132 - - default default] 10.0.0.158 "GET /v2.0/subnets?network_id=bf4d9735-a477-438d-a56d-0935727297ff HTTP/1.1" status: 200 len: 820 time: 0.0393162
2026-07-22 23:15:39.700 10 INFO neutron.db.ovn_revision_numbers_db [None req-00dbca89-a660-429c-9b8a-fd4f9c7e6b77 ebbdda3948f148a492dd875a4ced6796 f2d0a8ebe7d244c18dc84a3e8f1419b4 - - default default] Successfully bumped revision number for resource 4eac68d1-03ce-4696-b868-41a8b1852af4 (type: security_group_rules) to 0
2026-07-22 23:15:39.711 9 INFO neutron.wsgi [None req-212703e5-696a-4de1-b902-6434b0e02090 a47b263937f448b99fae7b1cae9ac1ba 15b9360959ec431a8d4294c79a2ca132 - - default default] 10.0.0.158 "GET /v2.0/extensions HTTP/1.1" status: 200 len: 18678 time: 0.0056975
2026-07-22 23:15:39.736 10 INFO neutron.db.ovn_revision_numbers_db [None req-00dbca89-a660-429c-9b8a-fd4f9c7e6b77 ebbdda3948f148a492dd875a4ced6796 f2d0a8ebe7d244c18dc84a3e8f1419b4 - - default default] Successfully bumped revision number for resource 52b29cc4-4a33-409c-a27c-01e3643db600 (type: security_group_rules) to 0
2026-07-22 23:15:39.767 10 INFO neutron.db.ovn_revision_numbers_db [None req-188ede0a-aaaa-43d7-849c-1a13af9a2500 f4f7bbf32d0d4e2b909095443813a7a8 442d027b130746229be12b85873ac0cb - - default default] Successfully bumped revision number for resource 4aff478b-ee25-4e6b-8b52-c52d13d9f2d3 (type: ports) to 1
2026-07-22 23:15:39.798 9 INFO neutron.wsgi [None req-5029b4fc-e8e2-482a-b97e-16a5a1761b44 a47b263937f448b99fae7b1cae9ac1ba 15b9360959ec431a8d4294c79a2ca132 - - default default] 10.0.0.158 "GET /v2.0/networks HTTP/1.1" status: 200 len: 1506 time: 0.0783317
2026-07-22 23:15:39.853 9 INFO neutron.wsgi [None req-afe046c5-a180-4fab-8e39-627b0aa97b3b a47b263937f448b99fae7b1cae9ac1ba 15b9360959ec431a8d4294c79a2ca132 - - default default] 10.0.0.158 "GET /v2.0/subnets HTTP/1.1" status: 200 len: 1460 time: 0.0479977
2026-07-22 23:15:39.854 10 INFO neutron.services.segments.plugin [-] Segment 0d59e456-b3c6-431a-9e0f-2e5f52e16f08 resource provider aggregate not found
2026-07-22 23:15:39.859 10 INFO neutron.services.segments.plugin [-] Segment 0d59e456-b3c6-431a-9e0f-2e5f52e16f08 resource provider aggregate not found
2026-07-22 23:15:39.869 10 INFO neutron.services.segments.plugin [-] Segment 0d59e456-b3c6-431a-9e0f-2e5f52e16f08 resource provider not found; error: Placement Client Error (4xx): {"errors": [{"status": 404, "title": "Not Found", "detail": "The resource could not be found.\n\n No resource provider with uuid 0d59e456-b3c6-431a-9e0f-2e5f52e16f08 found for delete ", "request_id": "req-b92187a8-b5dd-463b-83a3-cc4df4d09484"}]}
2026-07-22 23:15:39.881 10 INFO neutron.services.segments.plugin [-] Segment 0d59e456-b3c6-431a-9e0f-2e5f52e16f08 resource provider not found; error: Placement Client Error (4xx): {"errors": [{"status": 404, "title": "Not Found", "detail": "The resource could not be found.\n\n No resource provider with uuid 0d59e456-b3c6-431a-9e0f-2e5f52e16f08 found for delete ", "request_id": "req-37c4a09c-9c0b-4696-b107-6b667d5921f8"}]}
2026-07-22 23:15:39.885 10 INFO neutron.db.segments_db [None req-00dbca89-a660-429c-9b8a-fd4f9c7e6b77 ebbdda3948f148a492dd875a4ced6796 f2d0a8ebe7d244c18dc84a3e8f1419b4 - - default default] Added segment db216512-aacf-4b2d-9580-bab6417803e5 of type geneve for network 549d0643-681a-4821-8e65-225a819feb10
2026-07-22 23:15:39.948 9 INFO neutron.wsgi [None req-700c0d94-e2e9-4442-a3f3-2e3c050cd8d9 a47b263937f448b99fae7b1cae9ac1ba 15b9360959ec431a8d4294c79a2ca132 - - default default] 10.0.0.158 "GET /v2.0/networks/e351336e-f114-4dcb-ae0b-aa0aaed0f9b7 HTTP/1.1" status: 200 len: 865 time: 0.0899541
2026-07-22 23:15:39.967 10 INFO neutron.wsgi [None req-44cf9c30-2611-4c86-9759-91bc60521097 c20ed0bbe47e49df952ec78ea164a609 0cc3b40bf1924492ae19d9d977a88fa6 - - default default] 10.0.0.158 "DELETE /v2.0/networks/65104250-8511-4853-818b-306954ff0198 HTTP/1.1" status: 204 len: 168 time: 0.8935633
2026-07-22 23:15:40.020 9 INFO neutron.wsgi [None req-54a3677a-70b2-49ca-9802-1165c570a174 a47b263937f448b99fae7b1cae9ac1ba 15b9360959ec431a8d4294c79a2ca132 - - default default] 10.0.0.158 "GET /v2.0/subnets/29de149c-641d-4090-95fd-46fab4498e1b HTTP/1.1" status: 200 len: 843 time: 0.0638254
2026-07-22 23:15:40.044 9 INFO neutron.pecan_wsgi.hooks.translation [None req-c8bccd8e-a61c-473d-9ff8-6a5637d668c7 a47b263937f448b99fae7b1cae9ac1ba 15b9360959ec431a8d4294c79a2ca132 - - default default] DELETE failed (client error): The resource could not be found.
2026-07-22 23:15:40.046 9 INFO neutron.wsgi [None req-c8bccd8e-a61c-473d-9ff8-6a5637d668c7 a47b263937f448b99fae7b1cae9ac1ba 15b9360959ec431a8d4294c79a2ca132 - - default default] 10.0.0.158 "DELETE /v2.0/subnets/9a394d33-fdab-4e02-8056-1c5bdea959e1 HTTP/1.1" status: 404 len: 337 time: 0.0199676
2026-07-22 23:15:40.065 9 INFO neutron.pecan_wsgi.hooks.translation [None req-d8f9a5b6-6ab7-4f24-8e98-9ea92c6718b3 a47b263937f448b99fae7b1cae9ac1ba 15b9360959ec431a8d4294c79a2ca132 - - default default] DELETE failed (client error): The resource could not be found.
2026-07-22 23:15:40.068 9 INFO neutron.wsgi [None req-d8f9a5b6-6ab7-4f24-8e98-9ea92c6718b3 a47b263937f448b99fae7b1cae9ac1ba 15b9360959ec431a8d4294c79a2ca132 - - default default] 10.0.0.158 "DELETE /v2.0/networks/fd8ab919-2d8f-4456-8825-374113d8725a HTTP/1.1" status: 404 len: 339 time: 0.0169404
2026-07-22 23:15:40.072 9 INFO neutron.wsgi [None req-dbdd0ad4-f7b8-4607-b490-1a5b663b87c1 c20ed0bbe47e49df952ec78ea164a609 0cc3b40bf1924492ae19d9d977a88fa6 - - default default] 10.0.0.158 "GET /v2.0/networks HTTP/1.1" status: 200 len: 845 time: 0.0920453
2026-07-22 23:15:40.091 9 WARNING neutron_lib.context [None req-34af77ef-abcc-438f-ac73-33658e0030ca c20ed0bbe47e49df952ec78ea164a609 0cc3b40bf1924492ae19d9d977a88fa6 - - default default] Method 'is_advsvc' is deprecated since 2023.2 release (neutron-lib 3.8.0) and will be removed once support for the old RBAC API policies will be removed from Neutron. Please use method 'is_service_role' instead.
2026-07-22 23:15:40.128 10 INFO neutron.db.ovn_revision_numbers_db [None req-00dbca89-a660-429c-9b8a-fd4f9c7e6b77 ebbdda3948f148a492dd875a4ced6796 f2d0a8ebe7d244c18dc84a3e8f1419b4 - - default default] Successfully bumped revision number for resource 549d0643-681a-4821-8e65-225a819feb10 (type: networks) to 1
2026-07-22 23:15:40.207 9 INFO neutron.db.segments_db [None req-34af77ef-abcc-438f-ac73-33658e0030ca c20ed0bbe47e49df952ec78ea164a609 0cc3b40bf1924492ae19d9d977a88fa6 - - default default] Added segment 90497860-d227-4207-b82f-c60bdcb8835d of type geneve for network 688f6ccb-5218-4cb8-98cd-cb618f974f03
2026-07-22 23:15:40.345 9 INFO neutron.wsgi [None req-9083b6c9-81bc-40b5-a0d3-39a778a23208 a47b263937f448b99fae7b1cae9ac1ba 15b9360959ec431a8d4294c79a2ca132 - - default default] 10.0.0.158 "DELETE /v2.0/subnets/29de149c-641d-4090-95fd-46fab4498e1b HTTP/1.1" status: 204 len: 168 time: 0.2721658
2026-07-22 23:15:40.406 9 INFO neutron.db.ovn_revision_numbers_db [None req-34af77ef-abcc-438f-ac73-33658e0030ca c20ed0bbe47e49df952ec78ea164a609 0cc3b40bf1924492ae19d9d977a88fa6 - - default default] Successfully bumped revision number for resource 688f6ccb-5218-4cb8-98cd-cb618f974f03 (type: networks) to 1
2026-07-22 23:15:40.423 10 WARNING neutron.scheduler.dhcp_agent_scheduler [None req-00dbca89-a660-429c-9b8a-fd4f9c7e6b77 ebbdda3948f148a492dd875a4ced6796 f2d0a8ebe7d244c18dc84a3e8f1419b4 - - default default] No more DHCP agents
2026-07-22 23:15:40.427 10 WARNING neutron.api.rpc.agentnotifiers.dhcp_rpc_agent_api [None req-00dbca89-a660-429c-9b8a-fd4f9c7e6b77 ebbdda3948f148a492dd875a4ced6796 f2d0a8ebe7d244c18dc84a3e8f1419b4 - - default default] Unable to schedule network 549d0643-681a-4821-8e65-225a819feb10: no agents available; will retry on subsequent port and subnet creation events.
2026-07-22 23:15:40.611 9 WARNING neutron.scheduler.dhcp_agent_scheduler [None req-34af77ef-abcc-438f-ac73-33658e0030ca c20ed0bbe47e49df952ec78ea164a609 0cc3b40bf1924492ae19d9d977a88fa6 - - default default] No more DHCP agents
2026-07-22 23:15:40.614 9 WARNING neutron.api.rpc.agentnotifiers.dhcp_rpc_agent_api [None req-34af77ef-abcc-438f-ac73-33658e0030ca c20ed0bbe47e49df952ec78ea164a609 0cc3b40bf1924492ae19d9d977a88fa6 - - default default] Unable to schedule network 688f6ccb-5218-4cb8-98cd-cb618f974f03: no agents available; will retry on subsequent port and subnet creation events.
2026-07-22 23:15:40.723 9 INFO neutron.db.ovn_revision_numbers_db [None req-34af77ef-abcc-438f-ac73-33658e0030ca c20ed0bbe47e49df952ec78ea164a609 0cc3b40bf1924492ae19d9d977a88fa6 - - default default] Successfully bumped revision number for resource d5e521a1-499b-45ac-a542-87948bed57a2 (type: ports) to 1
2026-07-22 23:15:40.747 9 INFO neutron.wsgi [None req-34af77ef-abcc-438f-ac73-33658e0030ca c20ed0bbe47e49df952ec78ea164a609 0cc3b40bf1924492ae19d9d977a88fa6 - - default default] 10.0.0.158 "POST /v2.0/networks HTTP/1.1" status: 201 len: 849 time: 0.6606934
2026-07-22 23:15:40.760 9 WARNING neutron_lib.context [None req-b3ee1b41-aaf3-46f1-8c00-920d9a371916 c20ed0bbe47e49df952ec78ea164a609 0cc3b40bf1924492ae19d9d977a88fa6 - - default default] Method 'is_advsvc' is deprecated since 2023.2 release (neutron-lib 3.8.0) and will be removed once support for the old RBAC API policies will be removed from Neutron. Please use method 'is_service_role' instead.
2026-07-22 23:15:40.803 10 ERROR ovsdbapp.backend.ovs_idl.command [None req-188ede0a-aaaa-43d7-849c-1a13af9a2500 f4f7bbf32d0d4e2b909095443813a7a8 442d027b130746229be12b85873ac0cb - - default default] Error executing command (DbGetCommand): ovsdbapp.backend.ovs_idl.idlutils.RowNotFound: Cannot find Logical_Router_Port with name=lrp-4aff478b-ee25-4e6b-8b52-c52d13d9f2d3
2026-07-22 23:15:40.803 10 ERROR ovsdbapp.backend.ovs_idl.command
Traceback (most recent call last):
2026-07-22 23:15:40.803 10 ERROR ovsdbapp.backend.ovs_idl.command
File "/var/lib/openstack/lib/python3.10/site-packages/ovsdbapp/backend/ovs_idl/command.py", line 47, in execute
2026-07-22 23:15:40.803 10 ERROR ovsdbapp.backend.ovs_idl.command self.run_idl(None)
2026-07-22 23:15:40.803 10 ERROR ovsdbapp.backend.ovs_idl.command
File "/var/lib/openstack/lib/python3.10/site-packages/ovsdbapp/backend/ovs_idl/command.py", line 235, in run_idl
2026-07-22 23:15:40.803 10 ERROR ovsdbapp.backend.ovs_idl.command record = self.api.lookup(self.table, self.record)
2026-07-22 23:15:40.803 10 ERROR ovsdbapp.backend.ovs_idl.command
File "/var/lib/openstack/lib/python3.10/site-packages/ovsdbapp/backend/ovs_idl/__init__.py", line 184, in lookup
2026-07-22 23:15:40.803 10 ERROR ovsdbapp.backend.ovs_idl.command return self._lookup(table, record)
2026-07-22 23:15:40.803 10 ERROR ovsdbapp.backend.ovs_idl.command
File "/var/lib/openstack/lib/python3.10/site-packages/ovsdbapp/backend/ovs_idl/__init__.py", line 235, in _lookup
2026-07-22 23:15:40.803 10 ERROR ovsdbapp.backend.ovs_idl.command row = idlutils.row_by_value(self, rl.table, rl.column, record)
2026-07-22 23:15:40.803 10 ERROR ovsdbapp.backend.ovs_idl.command
File "/var/lib/openstack/lib/python3.10/site-packages/ovsdbapp/backend/ovs_idl/idlutils.py", line 114, in row_by_value
