2026-07-22 23:15:47.998 10 ERROR neutron_lib.callbacks.manager
Traceback (most recent call last):
2026-07-22 23:15:47.998 10 ERROR neutron_lib.callbacks.manager
File "/var/lib/openstack/lib/python3.10/site-packages/neutron_lib/callbacks/manager.py", line 189, in _notify_loop
2026-07-22 23:15:47.998 10 ERROR neutron_lib.callbacks.manager callback.method(resource, event, trigger, payload=payload)
2026-07-22 23:15:47.998 10 ERROR neutron_lib.callbacks.manager
File "/var/lib/openstack/lib/python3.10/site-packages/neutron/services/ovn_l3/plugin.py", line 391, in _port_update
2026-07-22 23:15:47.998 10 ERROR neutron_lib.callbacks.manager l3plugin._ovn_client.update_router_port(context,
2026-07-22 23:15:47.998 10 ERROR neutron_lib.callbacks.manager
File "/var/lib/openstack/lib/python3.10/site-packages/neutron/plugins/ml2/drivers/ovn/mech_driver/ovsdb/ovn_client.py", line 1878, in update_router_port
2026-07-22 23:15:47.998 10 ERROR neutron_lib.callbacks.manager self._update_lrouter_port(context, port, if_exists=if_exists,
2026-07-22 23:15:47.998 10 ERROR neutron_lib.callbacks.manager
File "/var/lib/openstack/lib/python3.10/site-packages/neutron/plugins/ml2/drivers/ovn/mech_driver/ovsdb/ovn_client.py", line 1855, in _update_lrouter_port
2026-07-22 23:15:47.998 10 ERROR neutron_lib.callbacks.manager external_ids = self._nb_idl.db_get(
2026-07-22 23:15:47.998 10 ERROR neutron_lib.callbacks.manager
File "/var/lib/openstack/lib/python3.10/site-packages/ovsdbapp/backend/ovs_idl/command.py", line 47, in execute
2026-07-22 23:15:47.998 10 ERROR neutron_lib.callbacks.manager self.run_idl(None)
2026-07-22 23:15:47.998 10 ERROR neutron_lib.callbacks.manager
File "/var/lib/openstack/lib/python3.10/site-packages/ovsdbapp/backend/ovs_idl/command.py", line 235, in run_idl
2026-07-22 23:15:47.998 10 ERROR neutron_lib.callbacks.manager record = self.api.lookup(self.table, self.record)
2026-07-22 23:15:47.998 10 ERROR neutron_lib.callbacks.manager
File "/var/lib/openstack/lib/python3.10/site-packages/ovsdbapp/backend/ovs_idl/__init__.py", line 184, in lookup
2026-07-22 23:15:47.998 10 ERROR neutron_lib.callbacks.manager return self._lookup(table, record)
2026-07-22 23:15:47.998 10 ERROR neutron_lib.callbacks.manager
File "/var/lib/openstack/lib/python3.10/site-packages/ovsdbapp/backend/ovs_idl/__init__.py", line 235, in _lookup
2026-07-22 23:15:47.998 10 ERROR neutron_lib.callbacks.manager row = idlutils.row_by_value(self, rl.table, rl.column, record)
2026-07-22 23:15:47.998 10 ERROR neutron_lib.callbacks.manager
File "/var/lib/openstack/lib/python3.10/site-packages/ovsdbapp/backend/ovs_idl/idlutils.py", line 114, in row_by_value
2026-07-22 23:15:47.998 10 ERROR neutron_lib.callbacks.manager raise RowNotFound(table=table, col=column, match=match)
2026-07-22 23:15:47.998 10 ERROR neutron_lib.callbacks.manager ovsdbapp.backend.ovs_idl.idlutils.RowNotFound: Cannot find Logical_Router_Port with name=lrp-1ac819c0-dded-4010-9e3a-54d8dc6a0ba3
2026-07-22 23:15:47.998 10 ERROR neutron_lib.callbacks.manager 
2026-07-22 23:15:48.063 9 INFO neutron.db.ovn_revision_numbers_db [None req-48430fec-5a0e-4079-882c-cb15edc12623 828c2d50e5264574bb71867a695f21fc f3bd6e44de0d4f0caa39e13115b51f02 - - default default] Successfully bumped revision number for resource 491b4aa8-ac7c-4461-a6b8-b5798d4ca50c (type: subnets) to 0
2026-07-22 23:15:48.094 9 INFO neutron.wsgi [None req-48430fec-5a0e-4079-882c-cb15edc12623 828c2d50e5264574bb71867a695f21fc f3bd6e44de0d4f0caa39e13115b51f02 - - default default] 10.0.0.158 "POST /v2.0/subnets HTTP/1.1" status: 201 len: 816 time: 1.8274436
2026-07-22 23:15:48.120 9 WARNING neutron_lib.context [None req-444dd96a-71a1-4b13-aaf6-9c0f869ee5d3 828c2d50e5264574bb71867a695f21fc f3bd6e44de0d4f0caa39e13115b51f02 - - default default] Method 'is_advsvc' is deprecated since 2023.2 release (neutron-lib 3.8.0) and will be removed once support for the old RBAC API policies will be removed from Neutron. Please use method 'is_service_role' instead.
2026-07-22 23:15:48.250 9 INFO neutron.db.segments_db [None req-444dd96a-71a1-4b13-aaf6-9c0f869ee5d3 828c2d50e5264574bb71867a695f21fc f3bd6e44de0d4f0caa39e13115b51f02 - - default default] Added segment 61b1e70a-d155-4bf0-be8c-c9a46ee2510a of type geneve for network 16321b56-b839-4c9f-8840-20a4dd99d398
2026-07-22 23:15:48.267 10 INFO neutron.wsgi [None req-dc95ebe3-b422-4912-bc58-d1c21f64d26b f4f7bbf32d0d4e2b909095443813a7a8 442d027b130746229be12b85873ac0cb - - default default] 10.0.0.158 "DELETE /v2.0/subnets/95cef2a9-3f66-46e1-920f-1ff4b6015c01 HTTP/1.1" status: 204 len: 168 time: 0.3195043
2026-07-22 23:15:48.329 10 INFO neutron.db.ovn_revision_numbers_db [None req-275fa7f9-c8ca-4e48-9478-859f73e2c98b ebbdda3948f148a492dd875a4ced6796 f2d0a8ebe7d244c18dc84a3e8f1419b4 - - default default] Successfully bumped revision number for resource 1ac819c0-dded-4010-9e3a-54d8dc6a0ba3 (type: ports) to 1
2026-07-22 23:15:48.396 10 WARNING neutron.scheduler.dhcp_agent_scheduler [None req-275fa7f9-c8ca-4e48-9478-859f73e2c98b ebbdda3948f148a492dd875a4ced6796 f2d0a8ebe7d244c18dc84a3e8f1419b4 - - default default] No more DHCP agents
2026-07-22 23:15:48.397 10 WARNING neutron.api.rpc.agentnotifiers.dhcp_rpc_agent_api [None req-275fa7f9-c8ca-4e48-9478-859f73e2c98b ebbdda3948f148a492dd875a4ced6796 f2d0a8ebe7d244c18dc84a3e8f1419b4 - - default default] Unable to schedule network 549d0643-681a-4821-8e65-225a819feb10: no agents available; will retry on subsequent port and subnet creation events.
2026-07-22 23:15:48.407 9 WARNING neutron.plugins.ml2.drivers.ovn.mech_driver.ovsdb.ovn_client [None req-fe374d2f-ee0e-4dc5-9e9a-305e21e3287c - - - - - -] No port found with ID 4aff478b-ee25-4e6b-8b52-c52d13d9f2d3: RuntimeError: No port found with ID 4aff478b-ee25-4e6b-8b52-c52d13d9f2d3
2026-07-22 23:15:48.407 9 INFO neutron.plugins.ml2.drivers.ovn.mech_driver.mech_driver [None req-fe374d2f-ee0e-4dc5-9e9a-305e21e3287c - - - - - -] OVN reports status up for port: c9da4b76-dc1f-44d1-9cd7-95a32f7acf51
2026-07-22 23:15:48.451 9 INFO neutron.plugins.ml2.plugin [None req-fe374d2f-ee0e-4dc5-9e9a-305e21e3287c - - - - - -] Attempt 1 to provision port c9da4b76-dc1f-44d1-9cd7-95a32f7acf51
2026-07-22 23:15:48.748 9 INFO neutron.db.ovn_revision_numbers_db [None req-bf9e5ae6-8c64-4132-bf15-ed28b8ab1ce9 c20ed0bbe47e49df952ec78ea164a609 0cc3b40bf1924492ae19d9d977a88fa6 - - default default] Successfully bumped revision number for resource f915741f-14c0-450c-98d1-ae43938a7418 (type: ports) to 2
2026-07-22 23:15:48.816 9 INFO neutron.db.ovn_revision_numbers_db [None req-444dd96a-71a1-4b13-aaf6-9c0f869ee5d3 828c2d50e5264574bb71867a695f21fc f3bd6e44de0d4f0caa39e13115b51f02 - - default default] Successfully bumped revision number for resource 16321b56-b839-4c9f-8840-20a4dd99d398 (type: networks) to 1
2026-07-22 23:15:48.858 9 INFO neutron.db.ovn_revision_numbers_db [None req-bf9e5ae6-8c64-4132-bf15-ed28b8ab1ce9 c20ed0bbe47e49df952ec78ea164a609 0cc3b40bf1924492ae19d9d977a88fa6 - - default default] Successfully bumped revision number for resource e3506965-c00c-4b3a-aaf3-4680e3df4f6d (type: subnets) to 0
2026-07-22 23:15:48.862 9 INFO neutron.db.ovn_revision_numbers_db [None req-7db64f69-662b-4af1-95de-b718aaa0cef9 - - - - - -] Successfully bumped revision number for resource c9da4b76-dc1f-44d1-9cd7-95a32f7acf51 (type: ports) to 4
2026-07-22 23:15:48.947 9 WARNING neutron.scheduler.dhcp_agent_scheduler [None req-bf9e5ae6-8c64-4132-bf15-ed28b8ab1ce9 c20ed0bbe47e49df952ec78ea164a609 0cc3b40bf1924492ae19d9d977a88fa6 - - default default] No more DHCP agents
2026-07-22 23:15:48.965 9 WARNING neutron.api.rpc.agentnotifiers.dhcp_rpc_agent_api [None req-bf9e5ae6-8c64-4132-bf15-ed28b8ab1ce9 c20ed0bbe47e49df952ec78ea164a609 0cc3b40bf1924492ae19d9d977a88fa6 - - default default] Unable to schedule network f30bc287-8b80-41d4-baac-c5cbc348fcdb: no agents available; will retry on subsequent port and subnet creation events.
2026-07-22 23:15:49.086 10 INFO neutron.db.ovn_revision_numbers_db [None req-275fa7f9-c8ca-4e48-9478-859f73e2c98b ebbdda3948f148a492dd875a4ced6796 f2d0a8ebe7d244c18dc84a3e8f1419b4 - - default default] Successfully bumped revision number for resource 1ac819c0-dded-4010-9e3a-54d8dc6a0ba3 (type: router_ports) to 1
2026-07-22 23:15:49.092 10 INFO neutron.wsgi [None req-275fa7f9-c8ca-4e48-9478-859f73e2c98b ebbdda3948f148a492dd875a4ced6796 f2d0a8ebe7d244c18dc84a3e8f1419b4 - - default default] 10.0.0.158 "PUT /v2.0/routers/104c52d3-1869-4d34-a194-d5de90083558/add_router_interface HTTP/1.1" status: 200 len: 503 time: 3.6116941
2026-07-22 23:15:49.319 9 WARNING neutron.scheduler.dhcp_agent_scheduler [None req-444dd96a-71a1-4b13-aaf6-9c0f869ee5d3 828c2d50e5264574bb71867a695f21fc f3bd6e44de0d4f0caa39e13115b51f02 - - default default] No more DHCP agents
2026-07-22 23:15:49.324 9 WARNING neutron.api.rpc.agentnotifiers.dhcp_rpc_agent_api [None req-444dd96a-71a1-4b13-aaf6-9c0f869ee5d3 828c2d50e5264574bb71867a695f21fc f3bd6e44de0d4f0caa39e13115b51f02 - - default default] Unable to schedule network 16321b56-b839-4c9f-8840-20a4dd99d398: no agents available; will retry on subsequent port and subnet creation events.
2026-07-22 23:15:49.548 9 INFO neutron.db.ovn_revision_numbers_db [None req-444dd96a-71a1-4b13-aaf6-9c0f869ee5d3 828c2d50e5264574bb71867a695f21fc f3bd6e44de0d4f0caa39e13115b51f02 - - default default] Successfully bumped revision number for resource 75b310da-dd66-4464-8605-0858dfbbffe2 (type: ports) to 1
2026-07-22 23:15:49.610 9 INFO neutron.wsgi [None req-444dd96a-71a1-4b13-aaf6-9c0f869ee5d3 828c2d50e5264574bb71867a695f21fc f3bd6e44de0d4f0caa39e13115b51f02 - - default default] 10.0.0.158 "POST /v2.0/networks HTTP/1.1" status: 201 len: 842 time: 1.5058126
2026-07-22 23:15:49.614 9 INFO neutron.db.ovn_revision_numbers_db [None req-7db64f69-662b-4af1-95de-b718aaa0cef9 - - - - - -] Successfully bumped revision number for resource c9da4b76-dc1f-44d1-9cd7-95a32f7acf51 (type: router_ports) to 4
2026-07-22 23:15:49.628 9 INFO neutron.services.segments.plugin [-] Segment 10fba0c1-9338-4db7-9eb7-37d965c58b79 resource provider aggregate not found
2026-07-22 23:15:49.637 10 WARNING neutron.plugins.ml2.drivers.ovn.mech_driver.ovsdb.ovn_client [None req-a8bdee5e-8c9c-4de5-8966-45d7ee8c5aef - - - - - -] No port found with ID 17da0b89-873b-4b9b-846f-0b4779deca75: RuntimeError: No port found with ID 17da0b89-873b-4b9b-846f-0b4779deca75
2026-07-22 23:15:49.637 10 INFO neutron.plugins.ml2.drivers.ovn.mech_driver.mech_driver [None req-a8bdee5e-8c9c-4de5-8966-45d7ee8c5aef - - - - - -] OVN reports status up for port: 1ac819c0-dded-4010-9e3a-54d8dc6a0ba3
2026-07-22 23:15:49.649 9 INFO neutron.services.segments.plugin [-] Segment 10fba0c1-9338-4db7-9eb7-37d965c58b79 resource provider not found; error: Placement Client Error (4xx): {"errors": [{"status": 404, "title": "Not Found", "detail": "The resource could not be found.\n\n No resource provider with uuid 10fba0c1-9338-4db7-9eb7-37d965c58b79 found for delete ", "request_id": "req-c7e61128-89c6-4a3f-9bd4-aa7a80fc7e4b"}]}
2026-07-22 23:15:49.650 9 INFO neutron.services.segments.plugin [-] Segment 10fba0c1-9338-4db7-9eb7-37d965c58b79 resource provider aggregate not found
2026-07-22 23:15:49.676 9 INFO neutron.services.segments.plugin [-] Segment 10fba0c1-9338-4db7-9eb7-37d965c58b79 resource provider not found; error: Placement Client Error (4xx): {"errors": [{"status": 404, "title": "Not Found", "detail": "The resource could not be found.\n\n No resource provider with uuid 10fba0c1-9338-4db7-9eb7-37d965c58b79 found for delete ", "request_id": "req-63982a60-fb27-4f41-a3d5-fe32abad277b"}]}
2026-07-22 23:15:49.684 10 INFO neutron.plugins.ml2.plugin [None req-a8bdee5e-8c9c-4de5-8966-45d7ee8c5aef - - - - - -] Attempt 1 to provision port 1ac819c0-dded-4010-9e3a-54d8dc6a0ba3
2026-07-22 23:15:49.708 9 INFO neutron.wsgi [None req-65b72a2f-1cd3-4067-b8d9-8bddd09b1185 f4f7bbf32d0d4e2b909095443813a7a8 442d027b130746229be12b85873ac0cb - - default default] 10.0.0.158 "DELETE /v2.0/networks/b9763dad-d8be-4e09-8f37-04a9447eb461 HTTP/1.1" status: 204 len: 168 time: 1.4344351
2026-07-22 23:15:49.751 9 WARNING neutron_lib.context [None req-ca88c9cc-5dea-4b52-9e46-cc80e2f9f678 df24ff90c00e48bbb61fe4d12e230f82 bc28743b4d7e407ea89d44772cfe7051 - - default default] Method 'is_advsvc' is deprecated since 2023.2 release (neutron-lib 3.8.0) and will be removed once support for the old RBAC API policies will be removed from Neutron. Please use method 'is_service_role' instead.
2026-07-22 23:15:49.923 9 INFO neutron.db.ovn_revision_numbers_db [None req-ca88c9cc-5dea-4b52-9e46-cc80e2f9f678 df24ff90c00e48bbb61fe4d12e230f82 bc28743b4d7e407ea89d44772cfe7051 - - default default] Successfully bumped revision number for resource 78788d9b-b3ce-48d2-a5bf-2f231bb6e839 (type: security_groups) to 1
2026-07-22 23:15:49.940 9 INFO neutron.db.ovn_revision_numbers_db [None req-ca88c9cc-5dea-4b52-9e46-cc80e2f9f678 df24ff90c00e48bbb61fe4d12e230f82 bc28743b4d7e407ea89d44772cfe7051 - - default default] Successfully bumped revision number for resource 2dc7898d-5097-4ea9-bcf7-46fc75e23699 (type: security_group_rules) to 0
2026-07-22 23:15:49.958 9 INFO neutron.db.ovn_revision_numbers_db [None req-ca88c9cc-5dea-4b52-9e46-cc80e2f9f678 df24ff90c00e48bbb61fe4d12e230f82 bc28743b4d7e407ea89d44772cfe7051 - - default default] Successfully bumped revision number for resource 77f89fa1-deb7-4ccb-a975-c998d8a417e5 (type: security_group_rules) to 0
2026-07-22 23:15:49.991 9 INFO neutron.wsgi [None req-ca88c9cc-5dea-4b52-9e46-cc80e2f9f678 df24ff90c00e48bbb61fe4d12e230f82 bc28743b4d7e407ea89d44772cfe7051 - - default default] 10.0.0.158 "POST /v2.0/security-groups HTTP/1.1" status: 201 len: 1859 time: 0.2553504
2026-07-22 23:15:50.001 9 WARNING neutron_lib.context [None req-c04bf60d-efbc-4949-bebe-d6cc4aba567b df24ff90c00e48bbb61fe4d12e230f82 bc28743b4d7e407ea89d44772cfe7051 - - default default] Method 'is_advsvc' is deprecated since 2023.2 release (neutron-lib 3.8.0) and will be removed once support for the old RBAC API policies will be removed from Neutron. Please use method 'is_service_role' instead.
2026-07-22 23:15:50.018 9 INFO neutron.db.ovn_revision_numbers_db [None req-bf9e5ae6-8c64-4132-bf15-ed28b8ab1ce9 c20ed0bbe47e49df952ec78ea164a609 0cc3b40bf1924492ae19d9d977a88fa6 - - default default] Successfully bumped revision number for resource c7320ae2-ef68-47d1-9523-7d44515cdb89 (type: ports) to 2
2026-07-22 23:15:50.028 10 INFO neutron.db.ovn_revision_numbers_db [None req-805bd3e9-620e-42bb-98dc-1d917e560309 828c2d50e5264574bb71867a695f21fc f3bd6e44de0d4f0caa39e13115b51f02 - - default default] Successfully bumped revision number for resource 16321b56-b839-4c9f-8840-20a4dd99d398 (type: networks) to 2
2026-07-22 23:15:50.031 10 INFO neutron.wsgi [None req-805bd3e9-620e-42bb-98dc-1d917e560309 828c2d50e5264574bb71867a695f21fc f3bd6e44de0d4f0caa39e13115b51f02 - - default default] 10.0.0.158 "PUT /v2.0/networks/16321b56-b839-4c9f-8840-20a4dd99d398 HTTP/1.1" status: 200 len: 792 time: 0.4147456
2026-07-22 23:15:50.043 9 WARNING neutron_lib.context [None req-2682a808-19bb-4fd7-97e1-453781d6a087 828c2d50e5264574bb71867a695f21fc f3bd6e44de0d4f0caa39e13115b51f02 - - default default] Method 'is_advsvc' is deprecated since 2023.2 release (neutron-lib 3.8.0) and will be removed once support for the old RBAC API policies will be removed from Neutron. Please use method 'is_service_role' instead.
2026-07-22 23:15:50.090 9 INFO neutron.db.ovn_revision_numbers_db [None req-bf9e5ae6-8c64-4132-bf15-ed28b8ab1ce9 c20ed0bbe47e49df952ec78ea164a609 0cc3b40bf1924492ae19d9d977a88fa6 - - default default] Successfully bumped revision number for resource 95caf763-6d1c-47ef-aaef-4b8b40aec785 (type: subnets) to 0
2026-07-22 23:15:50.110 9 INFO neutron.wsgi [None req-bf9e5ae6-8c64-4132-bf15-ed28b8ab1ce9 c20ed0bbe47e49df952ec78ea164a609 0cc3b40bf1924492ae19d9d977a88fa6 - - default default] 10.0.0.158 "POST /v2.0/subnets HTTP/1.1" status: 201 len: 1426 time: 3.6933184
2026-07-22 23:15:50.187 9 INFO neutron.wsgi [None req-a1cd0d08-a1d7-408e-8878-a27b1e043616 c20ed0bbe47e49df952ec78ea164a609 0cc3b40bf1924492ae19d9d977a88fa6 - - default default] 10.0.0.158 "GET /v2.0/subnets HTTP/1.1" status: 200 len: 2034 time: 0.0695124
2026-07-22 23:15:50.239 9 INFO neutron.db.ovn_revision_numbers_db [None req-c04bf60d-efbc-4949-bebe-d6cc4aba567b df24ff90c00e48bbb61fe4d12e230f82 bc28743b4d7e407ea89d44772cfe7051 - - default default] Successfully bumped revision number for resource ba701bd4-a040-4645-a2f4-b764d46abc86 (type: security_group_rules) to 0
2026-07-22 23:15:50.274 9 INFO neutron.wsgi [None req-c04bf60d-efbc-4949-bebe-d6cc4aba567b df24ff90c00e48bbb61fe4d12e230f82 bc28743b4d7e407ea89d44772cfe7051 - - default default] 10.0.0.158 "POST /v2.0/security-group-rules HTTP/1.1" status: 201 len: 796 time: 0.2780006
2026-07-22 23:15:50.286 9 WARNING neutron_lib.context [None req-1f26187c-73bf-4dd8-99e4-3c9d04c9cc40 df24ff90c00e48bbb61fe4d12e230f82 bc28743b4d7e407ea89d44772cfe7051 - - default default] Method 'is_advsvc' is deprecated since 2023.2 release (neutron-lib 3.8.0) and will be removed once support for the old RBAC API policies will be removed from Neutron. Please use method 'is_service_role' instead.
2026-07-22 23:15:50.365 9 WARNING neutron.scheduler.dhcp_agent_scheduler [None req-2682a808-19bb-4fd7-97e1-453781d6a087 828c2d50e5264574bb71867a695f21fc f3bd6e44de0d4f0caa39e13115b51f02 - - default default] No more DHCP agents
2026-07-22 23:15:50.367 9 WARNING neutron.api.rpc.agentnotifiers.dhcp_rpc_agent_api [None req-2682a808-19bb-4fd7-97e1-453781d6a087 828c2d50e5264574bb71867a695f21fc f3bd6e44de0d4f0caa39e13115b51f02 - - default default] Unable to schedule network 16321b56-b839-4c9f-8840-20a4dd99d398: no agents available; will retry on subsequent port and subnet creation events.
2026-07-22 23:15:50.393 10 INFO neutron.services.segments.plugin [-] Segment e5b490c3-f466-4b88-a80b-2d41a8506da8 resource provider aggregate not found
2026-07-22 23:15:50.397 10 INFO neutron.services.segments.plugin [-] Segment e5b490c3-f466-4b88-a80b-2d41a8506da8 resource provider aggregate not found
2026-07-22 23:15:50.417 10 INFO neutron.services.segments.plugin [-] Segment e5b490c3-f466-4b88-a80b-2d41a8506da8 resource provider not found; error: Placement Client Error (4xx): {"errors": [{"status": 404, "title": "Not Found", "detail": "The resource could not be found.\n\n No resource provider with uuid e5b490c3-f466-4b88-a80b-2d41a8506da8 found for delete ", "request_id": "req-77b93dde-78d5-4c3b-a976-0cd4ba202c1f"}]}
2026-07-22 23:15:50.418 10 INFO neutron.services.segments.plugin [-] Segment e5b490c3-f466-4b88-a80b-2d41a8506da8 resource provider not found; error: Placement Client Error (4xx): {"errors": [{"status": 404, "title": "Not Found", "detail": "The resource could not be found.\n\n No resource provider with uuid e5b490c3-f466-4b88-a80b-2d41a8506da8 found for delete ", "request_id": "req-08429d9f-f448-413c-a3d0-9f528a03012d"}]}
2026-07-22 23:15:50.470 10 INFO neutron.wsgi [None req-e52ccbdc-17d4-403f-a19f-920ad22c78e4 f4f7bbf32d0d4e2b909095443813a7a8 442d027b130746229be12b85873ac0cb - - default default] 10.0.0.158 "DELETE /v2.0/networks/cf2a8197-be46-47b4-92b4-d6599deec2d0 HTTP/1.1" status: 204 len: 168 time: 0.7555599
2026-07-22 23:15:50.472 9 INFO neutron.db.ovn_revision_numbers_db [None req-1f26187c-73bf-4dd8-99e4-3c9d04c9cc40 df24ff90c00e48bbb61fe4d12e230f82 bc28743b4d7e407ea89d44772cfe7051 - - default default] Successfully bumped revision number for resource 2468694f-5de2-482c-9523-894589d99447 (type: security_group_rules) to 0
2026-07-22 23:15:50.492 9 WARNING neutron_lib.context [None req-c7da7120-a9e2-4c64-8fba-3bb7653ba34e f4f7bbf32d0d4e2b909095443813a7a8 442d027b130746229be12b85873ac0cb - - default default] Method 'is_advsvc' is deprecated since 2023.2 release (neutron-lib 3.8.0) and will be removed once support for the old RBAC API policies will be removed from Neutron. Please use method 'is_service_role' instead.
2026-07-22 23:15:50.520 10 INFO neutron.db.ovn_revision_numbers_db [None req-a8bdee5e-8c9c-4de5-8966-45d7ee8c5aef - - - - - -] Successfully bumped revision number for resource 1ac819c0-dded-4010-9e3a-54d8dc6a0ba3 (type: ports) to 2
2026-07-22 23:15:50.522 9 INFO neutron.wsgi [None req-1f26187c-73bf-4dd8-99e4-3c9d04c9cc40 df24ff90c00e48bbb61fe4d12e230f82 bc28743b4d7e407ea89d44772cfe7051 - - default default] 10.0.0.158 "POST /v2.0/security-group-rules HTTP/1.1" status: 201 len: 801 time: 0.2416553
2026-07-22 23:15:50.534 10 WARNING neutron_lib.context [None req-6b0b8111-5d52-417e-b0e1-9e93b73985db df24ff90c00e48bbb61fe4d12e230f82 bc28743b4d7e407ea89d44772cfe7051 - - default default] Method 'is_advsvc' is deprecated since 2023.2 release (neutron-lib 3.8.0) and will be removed once support for the old RBAC API policies will be removed from Neutron. Please use method 'is_service_role' instead.
2026-07-22 23:15:50.621 9 INFO neutron.db.segments_db [None req-c7da7120-a9e2-4c64-8fba-3bb7653ba34e f4f7bbf32d0d4e2b909095443813a7a8 442d027b130746229be12b85873ac0cb - - default default] Added segment 257dd12e-b407-4e1c-b9a6-7fe5596e9ff2 of type geneve for network 1f97ce56-7d53-459c-a2a9-ccfd12ff0613
2026-07-22 23:15:50.656 10 INFO neutron.wsgi [None req-1f440bfe-ee91-4145-b205-4b6df147ba90 c20ed0bbe47e49df952ec78ea164a609 0cc3b40bf1924492ae19d9d977a88fa6 - - default default] 10.0.0.158 "DELETE /v2.0/subnets/e3506965-c00c-4b3a-aaf3-4680e3df4f6d HTTP/1.1" status: 204 len: 168 time: 0.4547763
2026-07-22 23:15:50.767 10 INFO neutron.db.ovn_revision_numbers_db [None req-a8bdee5e-8c9c-4de5-8966-45d7ee8c5aef - - - - - -] Successfully bumped revision number for resource 1ac819c0-dded-4010-9e3a-54d8dc6a0ba3 (type: router_ports) to 2
2026-07-22 23:15:50.896 10 WARNING neutron.scheduler.dhcp_agent_scheduler [None req-6b0b8111-5d52-417e-b0e1-9e93b73985db df24ff90c00e48bbb61fe4d12e230f82 bc28743b4d7e407ea89d44772cfe7051 - - default default] No more DHCP agents
2026-07-22 23:15:50.898 10 WARNING neutron.api.rpc.agentnotifiers.dhcp_rpc_agent_api [None req-6b0b8111-5d52-417e-b0e1-9e93b73985db df24ff90c00e48bbb61fe4d12e230f82 bc28743b4d7e407ea89d44772cfe7051 - - default default] Unable to schedule network bf4d9735-a477-438d-a56d-0935727297ff: no agents available; will retry on subsequent port and subnet creation events.
2026-07-22 23:15:51.102 9 INFO neutron.db.ovn_revision_numbers_db [None req-c7da7120-a9e2-4c64-8fba-3bb7653ba34e f4f7bbf32d0d4e2b909095443813a7a8 442d027b130746229be12b85873ac0cb - - default default] Successfully bumped revision number for resource 1f97ce56-7d53-459c-a2a9-ccfd12ff0613 (type: networks) to 1
2026-07-22 23:15:51.212 10 INFO neutron.wsgi [None req-6b0b8111-5d52-417e-b0e1-9e93b73985db df24ff90c00e48bbb61fe4d12e230f82 bc28743b4d7e407ea89d44772cfe7051 - - default default] 10.0.0.158 "POST /v2.0/floatingips HTTP/1.1" status: 201 len: 751 time: 0.6827998
2026-07-22 23:15:51.379 9 INFO neutron.wsgi [None req-2294f2fd-fdf6-4e36-a3b4-2b916b3f7cf1 c20ed0bbe47e49df952ec78ea164a609 0cc3b40bf1924492ae19d9d977a88fa6 - - default default] 10.0.0.158 "DELETE /v2.0/subnets/95caf763-6d1c-47ef-aaef-4b8b40aec785 HTTP/1.1" status: 204 len: 168 time: 0.7173061
2026-07-22 23:15:51.421 10 INFO neutron.wsgi [None req-8a8b6f65-4ae8-4e54-9e9d-f6f8075404fb c20ed0bbe47e49df952ec78ea164a609 0cc3b40bf1924492ae19d9d977a88fa6 - - default default] 10.0.0.158 "GET /v2.0/subnets HTTP/1.1" status: 200 len: 820 time: 0.0368993
2026-07-22 23:15:51.461 9 WARNING neutron.scheduler.dhcp_agent_scheduler [None req-c7da7120-a9e2-4c64-8fba-3bb7653ba34e f4f7bbf32d0d4e2b909095443813a7a8 442d027b130746229be12b85873ac0cb - - default default] No more DHCP agents
2026-07-22 23:15:51.466 9 WARNING neutron.api.rpc.agentnotifiers.dhcp_rpc_agent_api [None req-c7da7120-a9e2-4c64-8fba-3bb7653ba34e f4f7bbf32d0d4e2b909095443813a7a8 442d027b130746229be12b85873ac0cb - - default default] Unable to schedule network 1f97ce56-7d53-459c-a2a9-ccfd12ff0613: no agents available; will retry on subsequent port and subnet creation events.
2026-07-22 23:15:51.485 9 INFO neutron.db.ovn_revision_numbers_db [None req-2682a808-19bb-4fd7-97e1-453781d6a087 828c2d50e5264574bb71867a695f21fc f3bd6e44de0d4f0caa39e13115b51f02 - - default default] Successfully bumped revision number for resource 75b310da-dd66-4464-8605-0858dfbbffe2 (type: ports) to 2
2026-07-22 23:15:51.553 9 INFO neutron.db.ovn_revision_numbers_db [None req-2682a808-19bb-4fd7-97e1-453781d6a087 828c2d50e5264574bb71867a695f21fc f3bd6e44de0d4f0caa39e13115b51f02 - - default default] Successfully bumped revision number for resource f263a5d6-4542-4960-9680-6c2c8e86d8b2 (type: subnets) to 0
2026-07-22 23:15:51.571 9 INFO neutron.wsgi [None req-2682a808-19bb-4fd7-97e1-453781d6a087 828c2d50e5264574bb71867a695f21fc f3bd6e44de0d4f0caa39e13115b51f02 - - default default] 10.0.0.158 "POST /v2.0/subnets HTTP/1.1" status: 201 len: 801 time: 1.5344005
2026-07-22 23:15:51.571 9 INFO neutron.db.ovn_revision_numbers_db [None req-c7da7120-a9e2-4c64-8fba-3bb7653ba34e f4f7bbf32d0d4e2b909095443813a7a8 442d027b130746229be12b85873ac0cb - - default default] Successfully bumped revision number for resource d165c159-7855-47f4-9ea2-85accd917582 (type: ports) to 1
2026-07-22 23:15:51.609 9 INFO neutron.wsgi [None req-c7da7120-a9e2-4c64-8fba-3bb7653ba34e f4f7bbf32d0d4e2b909095443813a7a8 442d027b130746229be12b85873ac0cb - - default default] 10.0.0.158 "POST /v2.0/networks HTTP/1.1" status: 201 len: 829 time: 1.1247690
2026-07-22 23:15:51.618 9 WARNING neutron_lib.context [None req-2ef31882-9377-4f68-8124-bf122d4354cb f4f7bbf32d0d4e2b909095443813a7a8 442d027b130746229be12b85873ac0cb - - default default] Method 'is_advsvc' is deprecated since 2023.2 release (neutron-lib 3.8.0) and will be removed once support for the old RBAC API policies will be removed from Neutron. Please use method 'is_service_role' instead.
2026-07-22 23:15:51.820 9 INFO neutron.wsgi [req-0ba85658-4a4c-4738-b9c5-0eaa552506e5 req-d02dc6e1-2fd9-486f-994f-8f00ebd67afb df24ff90c00e48bbb61fe4d12e230f82 bc28743b4d7e407ea89d44772cfe7051 - - default default] 10.0.0.167 "GET /v2.0/security-groups?name=tempest-securitygroup--61543164&fields=id&tenant_id=bc28743b4d7e407ea89d44772cfe7051 HTTP/1.1" status: 200 len: 267 time: 0.1043565
2026-07-22 23:15:51.838 10 INFO neutron.wsgi [None req-984e44d0-f9b3-4477-8d1b-bde97bd16c69 c20ed0bbe47e49df952ec78ea164a609 0cc3b40bf1924492ae19d9d977a88fa6 - - default default] 10.0.0.158 "DELETE /v2.0/networks/f30bc287-8b80-41d4-baac-c5cbc348fcdb HTTP/1.1" status: 204 len: 168 time: 0.4063685
2026-07-22 23:15:51.977 9 INFO neutron.wsgi [req-0ba85658-4a4c-4738-b9c5-0eaa552506e5 req-d2487828-ec30-48fd-bdde-fba04607ca5f df24ff90c00e48bbb61fe4d12e230f82 bc28743b4d7e407ea89d44772cfe7051 - - default default] 10.0.0.167 "GET /v2.0/networks?id=549d0643-681a-4821-8e65-225a819feb10 HTTP/1.1" status: 200 len: 874 time: 0.1456382
2026-07-22 23:15:52.010 9 INFO neutron.wsgi [req-0ba85658-4a4c-4738-b9c5-0eaa552506e5 req-fb68a0f4-3fcb-4ce4-a9b2-53ed5b694050 df24ff90c00e48bbb61fe4d12e230f82 bc28743b4d7e407ea89d44772cfe7051 - - default default] 10.0.0.167 "GET /v2.0/quotas/bc28743b4d7e407ea89d44772cfe7051 HTTP/1.1" status: 200 len: 491 time: 0.0241725
2026-07-22 23:15:52.104 9 WARNING neutron.scheduler.dhcp_agent_scheduler [None req-2ef31882-9377-4f68-8124-bf122d4354cb f4f7bbf32d0d4e2b909095443813a7a8 442d027b130746229be12b85873ac0cb - - default default] No more DHCP agents
2026-07-22 23:15:52.116 9 WARNING neutron.api.rpc.agentnotifiers.dhcp_rpc_agent_api [None req-2ef31882-9377-4f68-8124-bf122d4354cb f4f7bbf32d0d4e2b909095443813a7a8 442d027b130746229be12b85873ac0cb - - default default] Unable to schedule network 1f97ce56-7d53-459c-a2a9-ccfd12ff0613: no agents available; will retry on subsequent port and subnet creation events.
2026-07-22 23:15:52.202 9 INFO neutron.wsgi [req-0ba85658-4a4c-4738-b9c5-0eaa552506e5 req-abcc8ba9-9b47-4fd5-a43a-3a0f59b37efb df24ff90c00e48bbb61fe4d12e230f82 bc28743b4d7e407ea89d44772cfe7051 - - default default] 10.0.0.167 "GET /v2.0/ports?tenant_id=bc28743b4d7e407ea89d44772cfe7051&fields=id HTTP/1.1" status: 200 len: 302 time: 0.1819289
2026-07-22 23:15:52.203 9 INFO neutron.db.ovn_revision_numbers_db [None req-2e1a7c14-f802-4a54-a91d-28f83c2942a2 828c2d50e5264574bb71867a695f21fc f3bd6e44de0d4f0caa39e13115b51f02 - - default default] Successfully bumped revision number for resource f263a5d6-4542-4960-9680-6c2c8e86d8b2 (type: subnets) to 1
2026-07-22 23:15:52.206 9 INFO neutron.wsgi [None req-2e1a7c14-f802-4a54-a91d-28f83c2942a2 828c2d50e5264574bb71867a695f21fc f3bd6e44de0d4f0caa39e13115b51f02 - - default default] 10.0.0.158 "PUT /v2.0/subnets/f263a5d6-4542-4960-9680-6c2c8e86d8b2 HTTP/1.1" status: 200 len: 806 time: 0.6303031
2026-07-22 23:15:52.260 10 INFO neutron.wsgi [None req-5e61517d-130d-4cdb-8a14-3cb573d53db3 c20ed0bbe47e49df952ec78ea164a609 0cc3b40bf1924492ae19d9d977a88fa6 - - default default] 10.0.0.158 "DELETE /v2.0/networks/7926a1a2-502b-4e6b-8aa9-376436a5dcf8 HTTP/1.1" status: 204 len: 168 time: 0.4152799
2026-07-22 23:15:52.336 9 INFO neutron.wsgi [req-0ba85658-4a4c-4738-b9c5-0eaa552506e5 req-2f21f291-72f3-479b-b03a-37b7f48122ba 38b7af1608ab41288e45d13e552b4b4c 9e638baa87ad423dac194c8e5e228763 - - abae589cee0a4341a3424b5ec21a2a36 abae589cee0a4341a3424b5ec21a2a36] 10.0.0.167 "GET /v2.0/networks/549d0643-681a-4821-8e65-225a819feb10?fields=segments HTTP/1.1" status: 200 len: 212 time: 0.1131554
2026-07-22 23:15:52.431 9 INFO neutron.wsgi [req-0ba85658-4a4c-4738-b9c5-0eaa552506e5 req-7fc4ee98-6570-4b18-b1c8-53f8e9e4d85c 38b7af1608ab41288e45d13e552b4b4c 9e638baa87ad423dac194c8e5e228763 - - abae589cee0a4341a3424b5ec21a2a36 abae589cee0a4341a3424b5ec21a2a36] 10.0.0.167 "GET /v2.0/networks/549d0643-681a-4821-8e65-225a819feb10?fields=provider%3Aphysical_network&fields=provider%3Anetwork_type HTTP/1.1" status: 200 len: 277 time: 0.0863600
2026-07-22 23:15:52.442 10 INFO neutron.services.segments.plugin [-] Segment ded87937-496b-4d6e-a4a9-5ec5d8d1d102 resource provider aggregate not found
2026-07-22 23:15:52.448 10 INFO neutron.services.segments.plugin [-] Segment ded87937-496b-4d6e-a4a9-5ec5d8d1d102 resource provider aggregate not found
2026-07-22 23:15:52.472 10 INFO neutron.services.segments.plugin [-] Segment ded87937-496b-4d6e-a4a9-5ec5d8d1d102 resource provider not found; error: Placement Client Error (4xx): {"errors": [{"status": 404, "title": "Not Found", "detail": "The resource could not be found.\n\n No resource provider with uuid ded87937-496b-4d6e-a4a9-5ec5d8d1d102 found for delete ", "request_id": "req-8ebc8d38-3359-4c04-90c6-96f6cf8afc01"}]}
2026-07-22 23:15:52.476 10 INFO neutron.services.segments.plugin [-] Segment ded87937-496b-4d6e-a4a9-5ec5d8d1d102 resource provider not found; error: Placement Client Error (4xx): {"errors": [{"status": 404, "title": "Not Found", "detail": "The resource could not be found.\n\n No resource provider with uuid ded87937-496b-4d6e-a4a9-5ec5d8d1d102 found for delete ", "request_id": "req-68f02d89-260a-48d0-83fc-335ed2ced234"}]}
2026-07-22 23:15:52.492 10 INFO neutron.services.segments.plugin [-] Segment c15d4c5d-a06f-4932-b054-1682904e154e resource provider aggregate not found
2026-07-22 23:15:52.498 10 INFO neutron.services.segments.plugin [-] Segment c15d4c5d-a06f-4932-b054-1682904e154e resource provider aggregate not found
2026-07-22 23:15:52.508 10 INFO neutron.services.segments.plugin [-] Segment c15d4c5d-a06f-4932-b054-1682904e154e resource provider not found; error: Placement Client Error (4xx): {"errors": [{"status": 404, "title": "Not Found", "detail": "The resource could not be found.\n\n No resource provider with uuid c15d4c5d-a06f-4932-b054-1682904e154e found for delete ", "request_id": "req-e26d2207-5d94-4187-9a6f-c4deda70e203"}]}
2026-07-22 23:15:52.511 10 INFO neutron.services.segments.plugin [-] Segment c15d4c5d-a06f-4932-b054-1682904e154e resource provider not found; error: Placement Client Error (4xx): {"errors": [{"status": 404, "title": "Not Found", "detail": "The resource could not be found.\n\n No resource provider with uuid c15d4c5d-a06f-4932-b054-1682904e154e found for delete ", "request_id": "req-8d249816-d7e5-4d3c-9171-b21f033ade31"}]}
2026-07-22 23:15:52.599 9 INFO neutron.wsgi [req-1f2825ec-9d3b-4a04-bfde-5b604826ab2c req-ac28de07-6ac7-45fc-a763-9b6f9b02eb7d df24ff90c00e48bbb61fe4d12e230f82 bc28743b4d7e407ea89d44772cfe7051 - - default default] 10.0.0.167 "GET /v2.0/ports?device_id=76d1ac90-dece-474b-bd86-03d6a7623b90 HTTP/1.1" status: 200 len: 210 time: 0.0401506
2026-07-22 23:15:52.920 10 INFO neutron.wsgi [None req-29025b01-cfa4-49f3-9a9b-36f67432dde8 c20ed0bbe47e49df952ec78ea164a609 0cc3b40bf1924492ae19d9d977a88fa6 - - default default] 10.0.0.158 "DELETE /v2.0/networks/e96d570d-0ed4-46ab-8ad7-5160ebf58810 HTTP/1.1" status: 204 len: 168 time: 0.6498649
2026-07-22 23:15:53.089 9 INFO neutron.db.ovn_revision_numbers_db [None req-2ef31882-9377-4f68-8124-bf122d4354cb f4f7bbf32d0d4e2b909095443813a7a8 442d027b130746229be12b85873ac0cb - - default default] Successfully bumped revision number for resource d165c159-7855-47f4-9ea2-85accd917582 (type: ports) to 2
2026-07-22 23:15:53.151 9 INFO neutron.db.ovn_revision_numbers_db [None req-2ef31882-9377-4f68-8124-bf122d4354cb f4f7bbf32d0d4e2b909095443813a7a8 442d027b130746229be12b85873ac0cb - - default default] Successfully bumped revision number for resource 4ab6988c-dd48-4da5-a4c4-15035e961f4f (type: subnets) to 0
2026-07-22 23:15:53.169 9 INFO neutron.wsgi [None req-2ef31882-9377-4f68-8124-bf122d4354cb f4f7bbf32d0d4e2b909095443813a7a8 442d027b130746229be12b85873ac0cb - - default default] 10.0.0.158 "POST /v2.0/subnets HTTP/1.1" status: 201 len: 801 time: 1.5553644
2026-07-22 23:15:53.181 10 WARNING neutron_lib.context [None req-e3b0163e-b4da-4550-89ba-df274532d3af f4f7bbf32d0d4e2b909095443813a7a8 442d027b130746229be12b85873ac0cb - - default default] Method 'is_advsvc' is deprecated since 2023.2 release (neutron-lib 3.8.0) and will be removed once support for the old RBAC API policies will be removed from Neutron. Please use method 'is_service_role' instead.
2026-07-22 23:15:53.240 9 INFO neutron.services.segments.plugin [-] Segment 61b1e70a-d155-4bf0-be8c-c9a46ee2510a resource provider aggregate not found
2026-07-22 23:15:53.247 9 INFO neutron.services.segments.plugin [-] Segment 61b1e70a-d155-4bf0-be8c-c9a46ee2510a resource provider aggregate not found
2026-07-22 23:15:53.257 9 INFO neutron.services.segments.plugin [-] Segment 61b1e70a-d155-4bf0-be8c-c9a46ee2510a resource provider not found; error: Placement Client Error (4xx): {"errors": [{"status": 404, "title": "Not Found", "detail": "The resource could not be found.\n\n No resource provider with uuid 61b1e70a-d155-4bf0-be8c-c9a46ee2510a found for delete ", "request_id": "req-7d2739dc-8df8-4713-a675-e73916c06359"}]}
2026-07-22 23:15:53.260 9 INFO neutron.services.segments.plugin [-] Segment 61b1e70a-d155-4bf0-be8c-c9a46ee2510a resource provider not found; error: Placement Client Error (4xx): {"errors": [{"status": 404, "title": "Not Found", "detail": "The resource could not be found.\n\n No resource provider with uuid 61b1e70a-d155-4bf0-be8c-c9a46ee2510a found for delete ", "request_id": "req-9d857d70-9b4d-43db-9251-c792f422dc22"}]}
2026-07-22 23:15:53.290 9 INFO neutron.wsgi [None req-dd3817de-9903-427f-a917-f0a9459259a8 828c2d50e5264574bb71867a695f21fc f3bd6e44de0d4f0caa39e13115b51f02 - - default default] 10.0.0.158 "DELETE /v2.0/networks/16321b56-b839-4c9f-8840-20a4dd99d398 HTTP/1.1" status: 204 len: 168 time: 1.0783119
2026-07-22 23:15:53.317 9 INFO neutron.pecan_wsgi.hooks.translation [None req-fcc98593-0d89-4d17-b5c5-68ec8c7d2b7e 828c2d50e5264574bb71867a695f21fc f3bd6e44de0d4f0caa39e13115b51f02 - - default default] DELETE failed (client error): The resource could not be found.
2026-07-22 23:15:53.323 9 INFO neutron.wsgi [None req-fcc98593-0d89-4d17-b5c5-68ec8c7d2b7e 828c2d50e5264574bb71867a695f21fc f3bd6e44de0d4f0caa39e13115b51f02 - - default default] 10.0.0.158 "DELETE /v2.0/networks/16321b56-b839-4c9f-8840-20a4dd99d398 HTTP/1.1" status: 404 len: 339 time: 0.0243711
2026-07-22 23:15:53.424 9 INFO neutron.wsgi [None req-03aaf369-62e1-4c48-a827-8e59a283210f 828c2d50e5264574bb71867a695f21fc f3bd6e44de0d4f0caa39e13115b51f02 - - default default] 10.0.0.158 "GET /v2.0/networks?router%3Aexternal=True HTTP/1.1" status: 200 len: 845 time: 0.0930433
2026-07-22 23:15:53.430 10 INFO neutron.wsgi [req-0ba85658-4a4c-4738-b9c5-0eaa552506e5 req-4c5a743e-f167-4c71-887e-2464ad8cfd37 df24ff90c00e48bbb61fe4d12e230f82 bc28743b4d7e407ea89d44772cfe7051 - - default default] 199.204.45.240 "GET /v2.0/networks?id=549d0643-681a-4821-8e65-225a819feb10 HTTP/1.1" status: 200 len: 874 time: 0.2084386
2026-07-22 23:15:53.446 10 INFO neutron.db.ovn_revision_numbers_db [None req-e3b0163e-b4da-4550-89ba-df274532d3af f4f7bbf32d0d4e2b909095443813a7a8 442d027b130746229be12b85873ac0cb - - default default] Successfully bumped revision number for resource 051524ac-808b-442b-b21e-2011678b1825 (type: routers) to 1
2026-07-22 23:15:53.465 10 INFO neutron.wsgi [None req-5eb1097b-d1a0-4416-b760-8c39cf597c1e c20ed0bbe47e49df952ec78ea164a609 0cc3b40bf1924492ae19d9d977a88fa6 - - default default] 10.0.0.158 "DELETE /v2.0/networks/688f6ccb-5218-4cb8-98cd-cb618f974f03 HTTP/1.1" status: 204 len: 168 time: 0.5379174
2026-07-22 23:15:53.466 9 INFO neutron.wsgi [None req-1593cb56-44f8-4dc2-b203-ba7dbd7f4d2e 828c2d50e5264574bb71867a695f21fc f3bd6e44de0d4f0caa39e13115b51f02 - - default default] 10.0.0.158 "GET /v2.0/subnets?network_id=bf4d9735-a477-438d-a56d-0935727297ff HTTP/1.1" status: 200 len: 820 time: 0.0356765
2026-07-22 23:15:53.469 10 INFO neutron.wsgi [None req-e3b0163e-b4da-4550-89ba-df274532d3af f4f7bbf32d0d4e2b909095443813a7a8 442d027b130746229be12b85873ac0cb - - default default] 10.0.0.158 "POST /v2.0/routers HTTP/1.1" status: 201 len: 802 time: 0.2931590
2026-07-22 23:15:53.480 10 INFO neutron.wsgi [None req-1ef96bf8-f44f-47c9-bb19-561af38628e8 828c2d50e5264574bb71867a695f21fc f3bd6e44de0d4f0caa39e13115b51f02 - - default default] 10.0.0.158 "GET /v2.0/extensions HTTP/1.1" status: 200 len: 18678 time: 0.0085132
2026-07-22 23:15:53.485 9 WARNING neutron_lib.context [None req-5476b1df-f9c0-4dd3-b5bc-f7df080d85be f4f7bbf32d0d4e2b909095443813a7a8 442d027b130746229be12b85873ac0cb - - default default] Method 'is_advsvc' is deprecated since 2023.2 release (neutron-lib 3.8.0) and will be removed once support for the old RBAC API policies will be removed from Neutron. Please use method 'is_service_role' instead.
2026-07-22 23:15:53.518 10 INFO neutron.wsgi [req-0ba85658-4a4c-4738-b9c5-0eaa552506e5 req-da316f52-f738-4393-8869-8755dfdc7f94 df24ff90c00e48bbb61fe4d12e230f82 bc28743b4d7e407ea89d44772cfe7051 - - default default] 199.204.45.240 "GET /v2.0/security-groups?fields=id&fields=name&tenant_id=bc28743b4d7e407ea89d44772cfe7051 HTTP/1.1" status: 200 len: 378 time: 0.0786397
2026-07-22 23:15:53.530 10 WARNING neutron_lib.context [req-0ba85658-4a4c-4738-b9c5-0eaa552506e5 req-4608ad77-a546-4828-943b-820ce087a3dc df24ff90c00e48bbb61fe4d12e230f82 bc28743b4d7e407ea89d44772cfe7051 - - default default] Method 'is_advsvc' is deprecated since 2023.2 release (neutron-lib 3.8.0) and will be removed once support for the old RBAC API policies will be removed from Neutron. Please use method 'is_service_role' instead.
2026-07-22 23:15:53.579 10 INFO neutron.wsgi [None req-260eea3b-2ab5-4669-9465-2abb4fff525e 828c2d50e5264574bb71867a695f21fc f3bd6e44de0d4f0caa39e13115b51f02 - - default default] 10.0.0.158 "GET /v2.0/networks HTTP/1.1" status: 200 len: 1504 time: 0.0906441
2026-07-22 23:15:53.656 9 INFO neutron.wsgi [None req-300f5c29-4859-4a90-8b07-3af723352ae4 828c2d50e5264574bb71867a695f21fc f3bd6e44de0d4f0caa39e13115b51f02 - - default default] 10.0.0.158 "GET /v2.0/subnets HTTP/1.1" status: 200 len: 1428 time: 0.0687957
2026-07-22 23:15:53.714 9 INFO neutron.wsgi [req-05873b70-bddf-4238-94d1-9b88ef11f08f req-c078c871-1c20-4a0d-a907-8c8da113fcf5 df24ff90c00e48bbb61fe4d12e230f82 bc28743b4d7e407ea89d44772cfe7051 - - default default] 10.0.0.167 "GET /v2.0/ports?device_id=76d1ac90-dece-474b-bd86-03d6a7623b90 HTTP/1.1" status: 200 len: 210 time: 0.0389779
2026-07-22 23:15:53.758 9 INFO neutron.wsgi [None req-0e7c914e-9120-4c36-bd7c-7ce126a42ceb 828c2d50e5264574bb71867a695f21fc f3bd6e44de0d4f0caa39e13115b51f02 - - default default] 10.0.0.158 "GET /v2.0/networks/c2231004-cfad-48a6-a24a-2058683fe106 HTTP/1.1" status: 200 len: 863 time: 0.0941498
2026-07-22 23:15:53.814 9 INFO neutron.wsgi [None req-edd1b4fa-c14c-4cbc-bc81-1d8baa63bbd8 828c2d50e5264574bb71867a695f21fc f3bd6e44de0d4f0caa39e13115b51f02 - - default default] 10.0.0.158 "GET /v2.0/subnets/491b4aa8-ac7c-4461-a6b8-b5798d4ca50c HTTP/1.1" status: 200 len: 811 time: 0.0468318
2026-07-22 23:15:53.833 9 INFO neutron.pecan_wsgi.hooks.translation [None req-8b62060a-49f3-47ab-ab7f-c1a15989eb49 828c2d50e5264574bb71867a695f21fc f3bd6e44de0d4f0caa39e13115b51f02 - - default default] DELETE failed (client error): The resource could not be found.
2026-07-22 23:15:53.835 9 INFO neutron.wsgi [None req-8b62060a-49f3-47ab-ab7f-c1a15989eb49 828c2d50e5264574bb71867a695f21fc f3bd6e44de0d4f0caa39e13115b51f02 - - default default] 10.0.0.158 "DELETE /v2.0/subnets/f263a5d6-4542-4960-9680-6c2c8e86d8b2 HTTP/1.1" status: 404 len: 337 time: 0.0171728
2026-07-22 23:15:53.856 9 INFO neutron.pecan_wsgi.hooks.translation [None req-29c50864-0429-4598-9ef3-d6afed904eb8 828c2d50e5264574bb71867a695f21fc f3bd6e44de0d4f0caa39e13115b51f02 - - default default] DELETE failed (client error): The resource could not be found.
2026-07-22 23:15:53.858 9 INFO neutron.wsgi [None req-29c50864-0429-4598-9ef3-d6afed904eb8 828c2d50e5264574bb71867a695f21fc f3bd6e44de0d4f0caa39e13115b51f02 - - default default] 10.0.0.158 "DELETE /v2.0/networks/16321b56-b839-4c9f-8840-20a4dd99d398 HTTP/1.1" status: 404 len: 339 time: 0.0173132
2026-07-22 23:15:53.862 10 WARNING neutron.scheduler.dhcp_agent_scheduler [req-0ba85658-4a4c-4738-b9c5-0eaa552506e5 req-4608ad77-a546-4828-943b-820ce087a3dc df24ff90c00e48bbb61fe4d12e230f82 bc28743b4d7e407ea89d44772cfe7051 - - default default] No more DHCP agents
2026-07-22 23:15:53.864 10 WARNING neutron.api.rpc.agentnotifiers.dhcp_rpc_agent_api [req-0ba85658-4a4c-4738-b9c5-0eaa552506e5 req-4608ad77-a546-4828-943b-820ce087a3dc df24ff90c00e48bbb61fe4d12e230f82 bc28743b4d7e407ea89d44772cfe7051 - - default default] Unable to schedule network 549d0643-681a-4821-8e65-225a819feb10: no agents available; will retry on subsequent port and subnet creation events.
2026-07-22 23:15:53.962 9 WARNING neutron.scheduler.dhcp_agent_scheduler [None req-5476b1df-f9c0-4dd3-b5bc-f7df080d85be f4f7bbf32d0d4e2b909095443813a7a8 442d027b130746229be12b85873ac0cb - - default default] No more DHCP agents
2026-07-22 23:15:53.967 9 WARNING neutron.api.rpc.agentnotifiers.dhcp_rpc_agent_api [None req-5476b1df-f9c0-4dd3-b5bc-f7df080d85be f4f7bbf32d0d4e2b909095443813a7a8 442d027b130746229be12b85873ac0cb - - default default] Unable to schedule network 1f97ce56-7d53-459c-a2a9-ccfd12ff0613: no agents available; will retry on subsequent port and subnet creation events.
2026-07-22 23:15:54.048 10 INFO neutron.db.ovn_revision_numbers_db [req-0ba85658-4a4c-4738-b9c5-0eaa552506e5 req-4608ad77-a546-4828-943b-820ce087a3dc df24ff90c00e48bbb61fe4d12e230f82 bc28743b4d7e407ea89d44772cfe7051 - - default default] Successfully bumped revision number for resource f124cb61-93d4-465a-8823-dc0e08125adf (type: ports) to 1
2026-07-22 23:15:54.068 10 INFO neutron.wsgi [req-0ba85658-4a4c-4738-b9c5-0eaa552506e5 req-4608ad77-a546-4828-943b-820ce087a3dc df24ff90c00e48bbb61fe4d12e230f82 bc28743b4d7e407ea89d44772cfe7051 - - default default] 199.204.45.240 "POST /v2.0/ports HTTP/1.1" status: 201 len: 1162 time: 0.5430467 /var/lib/openstack/lib/python3.10/site-packages/pycadf/identifier.py:71: UserWarning: Invalid uuid: neutron. To ensure interoperability, identifiers should be a valid uuid. warnings.warn(('Invalid uuid: %s. To ensure interoperability, '
2026-07-22 23:15:54.176 9 INFO neutron.wsgi [None req-a8686437-e3b5-498c-b4c3-2165037dd342 828c2d50e5264574bb71867a695f21fc f3bd6e44de0d4f0caa39e13115b51f02 - - default default] 10.0.0.158 "DELETE /v2.0/subnets/491b4aa8-ac7c-4461-a6b8-b5798d4ca50c HTTP/1.1" status: 204 len: 168 time: 0.3098452 /var/lib/openstack/lib/python3.10/site-packages/pycadf/identifier.py:71: UserWarning: Invalid uuid: neutron. To ensure interoperability, identifiers should be a valid uuid. warnings.warn(('Invalid uuid: %s. To ensure interoperability, '
2026-07-22 23:15:54.223 9 INFO neutron.db.ovn_revision_numbers_db [None req-5476b1df-f9c0-4dd3-b5bc-f7df080d85be f4f7bbf32d0d4e2b909095443813a7a8 442d027b130746229be12b85873ac0cb - - default default] Successfully bumped revision number for resource a09ae0c2-c1f1-46d7-a959-4ca45410c752 (type: ports) to 1
2026-07-22 23:15:54.251 9 INFO neutron.wsgi [None req-5476b1df-f9c0-4dd3-b5bc-f7df080d85be f4f7bbf32d0d4e2b909095443813a7a8 442d027b130746229be12b85873ac0cb - - default default] 10.0.0.158 "POST /v2.0/ports HTTP/1.1" status: 201 len: 1151 time: 0.7735200
2026-07-22 23:15:54.326 10 INFO neutron.wsgi [None req-c9616ce3-b46d-416e-a108-d7003fe0d4a8 ebbdda3948f148a492dd875a4ced6796 f2d0a8ebe7d244c18dc84a3e8f1419b4 - - default default] 10.0.0.158 "GET /v2.0/security-groups?tenant_id=0cc3b40bf1924492ae19d9d977a88fa6&name=default HTTP/1.1" status: 200 len: 3120 time: 0.2924671
2026-07-22 23:15:54.522 10 INFO neutron.services.segments.plugin [-] Segment 80115b3e-f092-4896-a63f-f2b73f5f4cdd resource provider aggregate not found
2026-07-22 23:15:54.533 10 INFO neutron.services.segments.plugin [-] Segment 80115b3e-f092-4896-a63f-f2b73f5f4cdd resource provider aggregate not found
2026-07-22 23:15:54.538 10 INFO neutron.services.segments.plugin [-] Segment 80115b3e-f092-4896-a63f-f2b73f5f4cdd resource provider not found; error: Placement Client Error (4xx): {"errors": [{"status": 404, "title": "Not Found", "detail": "The resource could not be found.\n\n No resource provider with uuid 80115b3e-f092-4896-a63f-f2b73f5f4cdd found for delete ", "request_id": "req-4ea0ba69-27ec-4a0d-a22f-ddcda6198f06"}]}
2026-07-22 23:15:54.548 10 INFO neutron.services.segments.plugin [-] Segment 80115b3e-f092-4896-a63f-f2b73f5f4cdd resource provider not found; error: Placement Client Error (4xx): {"errors": [{"status": 404, "title": "Not Found", "detail": "The resource could not be found.\n\n No resource provider with uuid 80115b3e-f092-4896-a63f-f2b73f5f4cdd found for delete ", "request_id": "req-99b4f01b-0a73-495a-bcfd-47003db4e7fe"}]}
2026-07-22 23:15:54.553 10 INFO neutron.services.segments.plugin [-] Segment 90497860-d227-4207-b82f-c60bdcb8835d resource provider aggregate not found
2026-07-22 23:15:54.571 10 INFO neutron.services.segments.plugin [-] Segment 90497860-d227-4207-b82f-c60bdcb8835d resource provider aggregate not found
2026-07-22 23:15:54.575 10 INFO neutron.services.segments.plugin [-] Segment 90497860-d227-4207-b82f-c60bdcb8835d resource provider not found; error: Placement Client Error (4xx): {"errors": [{"status": 404, "title": "Not Found", "detail": "The resource could not be found.\n\n No resource provider with uuid 90497860-d227-4207-b82f-c60bdcb8835d found for delete ", "request_id": "req-193e53a5-344d-4e8b-934c-c5b8be7c57dc"}]}
2026-07-22 23:15:54.601 10 INFO neutron.services.segments.plugin [-] Segment 90497860-d227-4207-b82f-c60bdcb8835d resource provider not found; error: Placement Client Error (4xx): {"errors": [{"status": 404, "title": "Not Found", "detail": "The resource could not be found.\n\n No resource provider with uuid 90497860-d227-4207-b82f-c60bdcb8835d found for delete ", "request_id": "req-31938c44-2e9e-4658-98b6-df11380b5c2e"}]}
2026-07-22 23:15:54.670 10 INFO neutron.wsgi [None req-26ddb4b4-9f5e-49b2-b559-5b12ec6711fd ebbdda3948f148a492dd875a4ced6796 f2d0a8ebe7d244c18dc84a3e8f1419b4 - - default default] 10.0.0.158 "DELETE /v2.0/security-groups/a3520614-1dc4-41d1-ab39-e76786712bbb HTTP/1.1" status: 204 len: 168 time: 0.3400097
2026-07-22 23:15:54.700 10 INFO neutron.db.ovn_revision_numbers_db [req-0ba85658-4a4c-4738-b9c5-0eaa552506e5 req-683d4579-dbaa-4d75-a249-4b98b2d3ed60 38b7af1608ab41288e45d13e552b4b4c 9e638baa87ad423dac194c8e5e228763 - - abae589cee0a4341a3424b5ec21a2a36 abae589cee0a4341a3424b5ec21a2a36] Successfully bumped revision number for resource f124cb61-93d4-465a-8823-dc0e08125adf (type: ports) to 2
2026-07-22 23:15:54.845 9 INFO neutron.wsgi [None req-aba28497-a621-4bfd-be93-38b88cc32c8c 828c2d50e5264574bb71867a695f21fc f3bd6e44de0d4f0caa39e13115b51f02 - - default default] 10.0.0.158 "DELETE /v2.0/networks/c2231004-cfad-48a6-a24a-2058683fe106 HTTP/1.1" status: 204 len: 168 time: 0.6641586
2026-07-22 23:15:54.850 9 INFO neutron.wsgi [req-dc374fcf-adaa-45f9-ab46-6002a1dd6d7f req-b7570730-bc87-4f63-9152-f3dc65f45701 df24ff90c00e48bbb61fe4d12e230f82 bc28743b4d7e407ea89d44772cfe7051 - - default default] 10.0.0.167 "GET /v2.0/ports?device_id=76d1ac90-dece-474b-bd86-03d6a7623b90 HTTP/1.1" status: 200 len: 1172 time: 0.0593295
2026-07-22 23:15:54.851 9 ERROR ovsdbapp.backend.ovs_idl.command [None req-c3000d94-8f40-4da1-8911-f8fae9e73480 f4f7bbf32d0d4e2b909095443813a7a8 442d027b130746229be12b85873ac0cb - - default default] Error executing command (DbGetCommand): ovsdbapp.backend.ovs_idl.idlutils.RowNotFound: Cannot find Logical_Router_Port with name=lrp-a09ae0c2-c1f1-46d7-a959-4ca45410c752
2026-07-22 23:15:54.851 9 ERROR ovsdbapp.backend.ovs_idl.command
Traceback (most recent call last):
2026-07-22 23:15:54.851 9 ERROR ovsdbapp.backend.ovs_idl.command
File "/var/lib/openstack/lib/python3.10/site-packages/ovsdbapp/backend/ovs_idl/command.py", line 47, in execute
2026-07-22 23:15:54.851 9 ERROR ovsdbapp.backend.ovs_idl.command self.run_idl(None)
2026-07-22 23:15:54.851 9 ERROR ovsdbapp.backend.ovs_idl.command
File "/var/lib/openstack/lib/python3.10/site-packages/ovsdbapp/backend/ovs_idl/command.py", line 235, in run_idl
