2026-07-22 23:15:59.412 9 INFO neutron.services.segments.plugin [-] Segment 257dd12e-b407-4e1c-b9a6-7fe5596e9ff2 resource provider not found; error: Placement Client Error (4xx): {"errors": [{"status": 404, "title": "Not Found", "detail": "The resource could not be found.\n\n No resource provider with uuid 257dd12e-b407-4e1c-b9a6-7fe5596e9ff2 found for delete ", "request_id": "req-b961d9ba-de7c-414b-b3fe-10cbe0d15e49"}]}
2026-07-22 23:15:59.438 9 INFO neutron.wsgi [None req-44981b37-77a0-4119-b756-783e67d5c4b2 f4f7bbf32d0d4e2b909095443813a7a8 442d027b130746229be12b85873ac0cb - - default default] 10.0.0.158 "DELETE /v2.0/networks/1f97ce56-7d53-459c-a2a9-ccfd12ff0613 HTTP/1.1" status: 204 len: 168 time: 0.7493060
2026-07-22 23:15:59.455 9 WARNING neutron_lib.context [None req-bb287ef1-2919-4a4d-a984-0f37eb211136 f4f7bbf32d0d4e2b909095443813a7a8 442d027b130746229be12b85873ac0cb - - default default] Method 'is_advsvc' is deprecated since 2023.2 release (neutron-lib 3.8.0) and will be removed once support for the old RBAC API policies will be removed from Neutron. Please use method 'is_service_role' instead.
2026-07-22 23:15:59.585 9 INFO neutron.db.segments_db [None req-bb287ef1-2919-4a4d-a984-0f37eb211136 f4f7bbf32d0d4e2b909095443813a7a8 442d027b130746229be12b85873ac0cb - - default default] Added segment dd8d0b5f-f04e-4fd2-bef7-331b2daccb43 of type geneve for network 96ff27eb-95bf-46f0-a52d-8c463420e000
2026-07-22 23:15:59.763 10 WARNING neutron.scheduler.dhcp_agent_scheduler [None req-80a67fdf-b831-4fe6-9521-f99f02e503e3 a3f184b9fbc24c9993f17aa4e8eccc4f ecfa8ef3faf346a583a21b03c2fa1b73 - - default default] No more DHCP agents
2026-07-22 23:15:59.767 10 WARNING neutron.api.rpc.agentnotifiers.dhcp_rpc_agent_api [None req-80a67fdf-b831-4fe6-9521-f99f02e503e3 a3f184b9fbc24c9993f17aa4e8eccc4f ecfa8ef3faf346a583a21b03c2fa1b73 - - default default] Unable to schedule network fdc4f372-61ed-4122-8d0b-dcfe6c2c9a25: no agents available; will retry on subsequent port and subnet creation events.
2026-07-22 23:15:59.893 10 INFO neutron.db.ovn_revision_numbers_db [None req-80a67fdf-b831-4fe6-9521-f99f02e503e3 a3f184b9fbc24c9993f17aa4e8eccc4f ecfa8ef3faf346a583a21b03c2fa1b73 - - default default] Successfully bumped revision number for resource fa493156-4291-4473-ae72-789d55a65573 (type: ports) to 1
2026-07-22 23:15:59.963 10 INFO neutron.wsgi [None req-80a67fdf-b831-4fe6-9521-f99f02e503e3 a3f184b9fbc24c9993f17aa4e8eccc4f ecfa8ef3faf346a583a21b03c2fa1b73 - - default default] 10.0.0.158 "POST /v2.0/ports HTTP/1.1" status: 201 len: 974 time: 0.8928015
2026-07-22 23:15:59.977 9 WARNING neutron_lib.context [None req-2314d914-4f54-4427-9372-f4a99157fd58 a3f184b9fbc24c9993f17aa4e8eccc4f ecfa8ef3faf346a583a21b03c2fa1b73 - - default default] Method 'is_advsvc' is deprecated since 2023.2 release (neutron-lib 3.8.0) and will be removed once support for the old RBAC API policies will be removed from Neutron. Please use method 'is_service_role' instead.
2026-07-22 23:15:59.987 10 WARNING neutron.scheduler.dhcp_agent_scheduler [None req-5fbb0de4-8a74-41fe-a4c8-d6680b59785c d9151e1f389d486190ebb9ea2e2657be 56a3ead74a7a45d18ffce4a6a6f95c60 - - default default] No more DHCP agents
2026-07-22 23:15:59.995 10 WARNING neutron.api.rpc.agentnotifiers.dhcp_rpc_agent_api [None req-5fbb0de4-8a74-41fe-a4c8-d6680b59785c d9151e1f389d486190ebb9ea2e2657be 56a3ead74a7a45d18ffce4a6a6f95c60 - - default default] Unable to schedule network 0f1f89e9-eade-4657-aa68-1bee4e39fab2: no agents available; will retry on subsequent port and subnet creation events.
2026-07-22 23:16:00.102 9 INFO neutron.db.ovn_revision_numbers_db [None req-a806fa2c-6aff-456f-af7e-8a3e49b1e488 df24ff90c00e48bbb61fe4d12e230f82 bc28743b4d7e407ea89d44772cfe7051 - - default default] Successfully bumped revision number for resource 97a8965f-bc74-4055-ab3d-2f45966511e0 (type: floatingips) to 1
2026-07-22 23:16:00.145 10 INFO neutron.db.ovn_revision_numbers_db [None req-5fbb0de4-8a74-41fe-a4c8-d6680b59785c d9151e1f389d486190ebb9ea2e2657be 56a3ead74a7a45d18ffce4a6a6f95c60 - - default default] Successfully bumped revision number for resource df380b40-c56e-447a-bd2d-b6810e1df237 (type: ports) to 1
2026-07-22 23:16:00.153 9 INFO neutron.db.ovn_revision_numbers_db [None req-bb287ef1-2919-4a4d-a984-0f37eb211136 f4f7bbf32d0d4e2b909095443813a7a8 442d027b130746229be12b85873ac0cb - - default default] Successfully bumped revision number for resource 96ff27eb-95bf-46f0-a52d-8c463420e000 (type: networks) to 1
2026-07-22 23:16:00.194 9 INFO neutron.db.segments_db [None req-2314d914-4f54-4427-9372-f4a99157fd58 a3f184b9fbc24c9993f17aa4e8eccc4f ecfa8ef3faf346a583a21b03c2fa1b73 - - default default] Added segment e1f19923-f6fa-4dd9-8f77-4f06eba9f77e of type geneve for network 72fbc210-b5a3-43ab-a9a2-a66af9690abe
2026-07-22 23:16:00.362 9 INFO neutron.db.ovn_revision_numbers_db [None req-a806fa2c-6aff-456f-af7e-8a3e49b1e488 df24ff90c00e48bbb61fe4d12e230f82 bc28743b4d7e407ea89d44772cfe7051 - - default default] Successfully bumped revision number for resource 97a8965f-bc74-4055-ab3d-2f45966511e0 (type: floatingips) to 2
2026-07-22 23:16:00.362 9 INFO neutron.db.l3_db [None req-a806fa2c-6aff-456f-af7e-8a3e49b1e488 df24ff90c00e48bbb61fe4d12e230f82 bc28743b4d7e407ea89d44772cfe7051 - - default default] Floating IP 97a8965f-bc74-4055-ab3d-2f45966511e0 associated. External IP: 10.96.250.205, port: f124cb61-93d4-465a-8823-dc0e08125adf.
2026-07-22 23:16:00.433 9 INFO neutron.wsgi [None req-a806fa2c-6aff-456f-af7e-8a3e49b1e488 df24ff90c00e48bbb61fe4d12e230f82 bc28743b4d7e407ea89d44772cfe7051 - - default default] 10.0.0.158 "PUT /v2.0/floatingips/97a8965f-bc74-4055-ab3d-2f45966511e0 HTTP/1.1" status: 200 len: 1050 time: 1.6249573
2026-07-22 23:16:00.467 9 INFO neutron.db.ovn_revision_numbers_db [None req-2314d914-4f54-4427-9372-f4a99157fd58 a3f184b9fbc24c9993f17aa4e8eccc4f ecfa8ef3faf346a583a21b03c2fa1b73 - - default default] Successfully bumped revision number for resource 72fbc210-b5a3-43ab-a9a2-a66af9690abe (type: networks) to 1
2026-07-22 23:16:00.500 9 INFO neutron.notifiers.nova [-] Nova event matching ['req-876de943-cf74-4d08-b9c7-1a8be881f990'] response: {'name': 'network-changed', 'server_uuid': '76d1ac90-dece-474b-bd86-03d6a7623b90', 'tag': 'f124cb61-93d4-465a-8823-dc0e08125adf', 'status': 'completed', 'code': 200}
2026-07-22 23:16:00.511 9 WARNING neutron.scheduler.dhcp_agent_scheduler [None req-bb287ef1-2919-4a4d-a984-0f37eb211136 f4f7bbf32d0d4e2b909095443813a7a8 442d027b130746229be12b85873ac0cb - - default default] No more DHCP agents /var/lib/openstack/lib/python3.10/site-packages/pycadf/identifier.py:71: UserWarning: Invalid uuid: neutron. To ensure interoperability, identifiers should be a valid uuid. warnings.warn(('Invalid uuid: %s. To ensure interoperability, '
2026-07-22 23:16:00.515 9 WARNING neutron.api.rpc.agentnotifiers.dhcp_rpc_agent_api [None req-bb287ef1-2919-4a4d-a984-0f37eb211136 f4f7bbf32d0d4e2b909095443813a7a8 442d027b130746229be12b85873ac0cb - - default default] Unable to schedule network 96ff27eb-95bf-46f0-a52d-8c463420e000: no agents available; will retry on subsequent port and subnet creation events.
2026-07-22 23:16:00.563 10 INFO neutron.wsgi [req-28020dce-b308-4028-8032-bba971e1154d req-c009df17-9c51-4f41-b016-448d945cb015 38b7af1608ab41288e45d13e552b4b4c 9e638baa87ad423dac194c8e5e228763 - - abae589cee0a4341a3424b5ec21a2a36 abae589cee0a4341a3424b5ec21a2a36] 199.204.45.240 "GET /v2.0/ports?tenant_id=bc28743b4d7e407ea89d44772cfe7051&device_id=76d1ac90-dece-474b-bd86-03d6a7623b90 HTTP/1.1" status: 200 len: 1413 time: 0.0532238
2026-07-22 23:16:00.636 9 INFO neutron.db.ovn_revision_numbers_db [None req-bb287ef1-2919-4a4d-a984-0f37eb211136 f4f7bbf32d0d4e2b909095443813a7a8 442d027b130746229be12b85873ac0cb - - default default] Successfully bumped revision number for resource 25ddf2a0-efa9-4dd4-865c-572b41918df9 (type: ports) to 1
2026-07-22 23:16:00.669 9 INFO neutron.wsgi [None req-bb287ef1-2919-4a4d-a984-0f37eb211136 f4f7bbf32d0d4e2b909095443813a7a8 442d027b130746229be12b85873ac0cb - - default default] 10.0.0.158 "POST /v2.0/networks HTTP/1.1" status: 201 len: 829 time: 1.2202692
2026-07-22 23:16:00.678 9 WARNING neutron_lib.context [None req-acce4c2f-3817-429f-9aae-b0450832b7b3 f4f7bbf32d0d4e2b909095443813a7a8 442d027b130746229be12b85873ac0cb - - default default] Method 'is_advsvc' is deprecated since 2023.2 release (neutron-lib 3.8.0) and will be removed once support for the old RBAC API policies will be removed from Neutron. Please use method 'is_service_role' instead.
2026-07-22 23:16:00.699 10 INFO neutron.wsgi [req-28020dce-b308-4028-8032-bba971e1154d req-ab136e33-4b8c-4aad-91c5-36b5e19bb0e6 38b7af1608ab41288e45d13e552b4b4c 9e638baa87ad423dac194c8e5e228763 - - abae589cee0a4341a3424b5ec21a2a36 abae589cee0a4341a3424b5ec21a2a36] 199.204.45.240 "GET /v2.0/networks?id=549d0643-681a-4821-8e65-225a819feb10 HTTP/1.1" status: 200 len: 973 time: 0.1266136
2026-07-22 23:16:00.711 9 WARNING neutron.scheduler.dhcp_agent_scheduler [None req-2314d914-4f54-4427-9372-f4a99157fd58 a3f184b9fbc24c9993f17aa4e8eccc4f ecfa8ef3faf346a583a21b03c2fa1b73 - - default default] No more DHCP agents
2026-07-22 23:16:00.714 9 WARNING neutron.api.rpc.agentnotifiers.dhcp_rpc_agent_api [None req-2314d914-4f54-4427-9372-f4a99157fd58 a3f184b9fbc24c9993f17aa4e8eccc4f ecfa8ef3faf346a583a21b03c2fa1b73 - - default default] Unable to schedule network 72fbc210-b5a3-43ab-a9a2-a66af9690abe: no agents available; will retry on subsequent port and subnet creation events.
2026-07-22 23:16:00.742 10 ERROR ovsdbapp.backend.ovs_idl.command [None req-5fbb0de4-8a74-41fe-a4c8-d6680b59785c d9151e1f389d486190ebb9ea2e2657be 56a3ead74a7a45d18ffce4a6a6f95c60 - - default default] Error executing command (DbGetCommand): ovsdbapp.backend.ovs_idl.idlutils.RowNotFound: Cannot find Logical_Router_Port with name=lrp-df380b40-c56e-447a-bd2d-b6810e1df237
2026-07-22 23:16:00.742 10 ERROR ovsdbapp.backend.ovs_idl.command
Traceback (most recent call last):
2026-07-22 23:16:00.742 10 ERROR ovsdbapp.backend.ovs_idl.command
File "/var/lib/openstack/lib/python3.10/site-packages/ovsdbapp/backend/ovs_idl/command.py", line 47, in execute
2026-07-22 23:16:00.742 10 ERROR ovsdbapp.backend.ovs_idl.command self.run_idl(None)
2026-07-22 23:16:00.742 10 ERROR ovsdbapp.backend.ovs_idl.command
File "/var/lib/openstack/lib/python3.10/site-packages/ovsdbapp/backend/ovs_idl/command.py", line 235, in run_idl
2026-07-22 23:16:00.742 10 ERROR ovsdbapp.backend.ovs_idl.command record = self.api.lookup(self.table, self.record)
2026-07-22 23:16:00.742 10 ERROR ovsdbapp.backend.ovs_idl.command
File "/var/lib/openstack/lib/python3.10/site-packages/ovsdbapp/backend/ovs_idl/__init__.py", line 184, in lookup
2026-07-22 23:16:00.742 10 ERROR ovsdbapp.backend.ovs_idl.command return self._lookup(table, record)
2026-07-22 23:16:00.742 10 ERROR ovsdbapp.backend.ovs_idl.command
File "/var/lib/openstack/lib/python3.10/site-packages/ovsdbapp/backend/ovs_idl/__init__.py", line 235, in _lookup
2026-07-22 23:16:00.742 10 ERROR ovsdbapp.backend.ovs_idl.command row = idlutils.row_by_value(self, rl.table, rl.column, record)
2026-07-22 23:16:00.742 10 ERROR ovsdbapp.backend.ovs_idl.command
File "/var/lib/openstack/lib/python3.10/site-packages/ovsdbapp/backend/ovs_idl/idlutils.py", line 114, in row_by_value
2026-07-22 23:16:00.742 10 ERROR ovsdbapp.backend.ovs_idl.command raise RowNotFound(table=table, col=column, match=match)
2026-07-22 23:16:00.742 10 ERROR ovsdbapp.backend.ovs_idl.command ovsdbapp.backend.ovs_idl.idlutils.RowNotFound: Cannot find Logical_Router_Port with name=lrp-df380b40-c56e-447a-bd2d-b6810e1df237
2026-07-22 23:16:00.742 10 ERROR ovsdbapp.backend.ovs_idl.command 
2026-07-22 23:16:00.742 10 ERROR neutron_lib.callbacks.manager [None req-5fbb0de4-8a74-41fe-a4c8-d6680b59785c d9151e1f389d486190ebb9ea2e2657be 56a3ead74a7a45d18ffce4a6a6f95c60 - - default default] Error during notification for neutron.services.ovn_l3.plugin.OVNL3RouterPlugin._port_update-8726360469222 port, after_update: ovsdbapp.backend.ovs_idl.idlutils.RowNotFound: Cannot find Logical_Router_Port with name=lrp-df380b40-c56e-447a-bd2d-b6810e1df237
2026-07-22 23:16:00.742 10 ERROR neutron_lib.callbacks.manager
Traceback (most recent call last):
2026-07-22 23:16:00.742 10 ERROR neutron_lib.callbacks.manager
File "/var/lib/openstack/lib/python3.10/site-packages/neutron_lib/callbacks/manager.py", line 189, in _notify_loop
2026-07-22 23:16:00.742 10 ERROR neutron_lib.callbacks.manager callback.method(resource, event, trigger, payload=payload)
2026-07-22 23:16:00.742 10 ERROR neutron_lib.callbacks.manager
File "/var/lib/openstack/lib/python3.10/site-packages/neutron/services/ovn_l3/plugin.py", line 391, in _port_update
2026-07-22 23:16:00.742 10 ERROR neutron_lib.callbacks.manager l3plugin._ovn_client.update_router_port(context,
2026-07-22 23:16:00.742 10 ERROR neutron_lib.callbacks.manager
File "/var/lib/openstack/lib/python3.10/site-packages/neutron/plugins/ml2/drivers/ovn/mech_driver/ovsdb/ovn_client.py", line 1878, in update_router_port
2026-07-22 23:16:00.742 10 ERROR neutron_lib.callbacks.manager self._update_lrouter_port(context, port, if_exists=if_exists,
2026-07-22 23:16:00.742 10 ERROR neutron_lib.callbacks.manager
File "/var/lib/openstack/lib/python3.10/site-packages/neutron/plugins/ml2/drivers/ovn/mech_driver/ovsdb/ovn_client.py", line 1855, in _update_lrouter_port
2026-07-22 23:16:00.742 10 ERROR neutron_lib.callbacks.manager external_ids = self._nb_idl.db_get(
2026-07-22 23:16:00.742 10 ERROR neutron_lib.callbacks.manager
File "/var/lib/openstack/lib/python3.10/site-packages/ovsdbapp/backend/ovs_idl/command.py", line 47, in execute
2026-07-22 23:16:00.742 10 ERROR neutron_lib.callbacks.manager self.run_idl(None)
2026-07-22 23:16:00.742 10 ERROR neutron_lib.callbacks.manager
File "/var/lib/openstack/lib/python3.10/site-packages/ovsdbapp/backend/ovs_idl/command.py", line 235, in run_idl
2026-07-22 23:16:00.742 10 ERROR neutron_lib.callbacks.manager record = self.api.lookup(self.table, self.record)
2026-07-22 23:16:00.742 10 ERROR neutron_lib.callbacks.manager
File "/var/lib/openstack/lib/python3.10/site-packages/ovsdbapp/backend/ovs_idl/__init__.py", line 184, in lookup
2026-07-22 23:16:00.742 10 ERROR neutron_lib.callbacks.manager return self._lookup(table, record)
2026-07-22 23:16:00.742 10 ERROR neutron_lib.callbacks.manager
File "/var/lib/openstack/lib/python3.10/site-packages/ovsdbapp/backend/ovs_idl/__init__.py", line 235, in _lookup
2026-07-22 23:16:00.742 10 ERROR neutron_lib.callbacks.manager row = idlutils.row_by_value(self, rl.table, rl.column, record)
2026-07-22 23:16:00.742 10 ERROR neutron_lib.callbacks.manager
File "/var/lib/openstack/lib/python3.10/site-packages/ovsdbapp/backend/ovs_idl/idlutils.py", line 114, in row_by_value
2026-07-22 23:16:00.742 10 ERROR neutron_lib.callbacks.manager raise RowNotFound(table=table, col=column, match=match)
2026-07-22 23:16:00.742 10 ERROR neutron_lib.callbacks.manager ovsdbapp.backend.ovs_idl.idlutils.RowNotFound: Cannot find Logical_Router_Port with name=lrp-df380b40-c56e-447a-bd2d-b6810e1df237
2026-07-22 23:16:00.742 10 ERROR neutron_lib.callbacks.manager 
2026-07-22 23:16:00.772 10 INFO neutron.wsgi [req-28020dce-b308-4028-8032-bba971e1154d req-38116bf5-6159-45cd-af1f-6cdcf7d4c491 38b7af1608ab41288e45d13e552b4b4c 9e638baa87ad423dac194c8e5e228763 - - abae589cee0a4341a3424b5ec21a2a36 abae589cee0a4341a3424b5ec21a2a36] 199.204.45.240 "GET /v2.0/floatingips?fixed_ip_address=10.100.0.14&port_id=f124cb61-93d4-465a-8823-dc0e08125adf HTTP/1.1" status: 200 len: 1060 time: 0.0658901
2026-07-22 23:16:00.818 9 INFO neutron.db.ovn_revision_numbers_db [None req-2314d914-4f54-4427-9372-f4a99157fd58 a3f184b9fbc24c9993f17aa4e8eccc4f ecfa8ef3faf346a583a21b03c2fa1b73 - - default default] Successfully bumped revision number for resource 6e98580d-f3c2-48fc-87ec-882a63fd114e (type: ports) to 1
2026-07-22 23:16:00.829 10 INFO neutron.wsgi [req-28020dce-b308-4028-8032-bba971e1154d req-f3a131e9-8bc5-457a-ad93-262446c786b4 38b7af1608ab41288e45d13e552b4b4c 9e638baa87ad423dac194c8e5e228763 - - abae589cee0a4341a3424b5ec21a2a36 abae589cee0a4341a3424b5ec21a2a36] 199.204.45.240 "GET /v2.0/subnets?id=0288bcb7-7e37-4da2-8424-9a7512852ef6 HTTP/1.1" status: 200 len: 868 time: 0.0450346
2026-07-22 23:16:00.853 9 INFO neutron.wsgi [None req-2314d914-4f54-4427-9372-f4a99157fd58 a3f184b9fbc24c9993f17aa4e8eccc4f ecfa8ef3faf346a583a21b03c2fa1b73 - - default default] 10.0.0.158 "POST /v2.0/networks HTTP/1.1" status: 201 len: 831 time: 0.8825133
2026-07-22 23:16:00.860 10 INFO neutron.wsgi [req-28020dce-b308-4028-8032-bba971e1154d req-a3d27cb5-ae9a-4610-9956-05b332c2c6df 38b7af1608ab41288e45d13e552b4b4c 9e638baa87ad423dac194c8e5e228763 - - abae589cee0a4341a3424b5ec21a2a36 abae589cee0a4341a3424b5ec21a2a36] 199.204.45.240 "GET /v2.0/ports?network_id=549d0643-681a-4821-8e65-225a819feb10&device_owner=network%3Adhcp HTTP/1.1" status: 200 len: 210 time: 0.0256400
2026-07-22 23:16:00.863 9 WARNING neutron_lib.context [None req-966f3c11-fb42-4ba9-80e1-b5dfd409aed9 a3f184b9fbc24c9993f17aa4e8eccc4f ecfa8ef3faf346a583a21b03c2fa1b73 - - default default] Method 'is_advsvc' is deprecated since 2023.2 release (neutron-lib 3.8.0) and will be removed once support for the old RBAC API policies will be removed from Neutron. Please use method 'is_service_role' instead.
2026-07-22 23:16:00.971 10 INFO neutron.wsgi [req-28020dce-b308-4028-8032-bba971e1154d req-8773050a-1d13-411e-aa8f-9d8708e6f24e 38b7af1608ab41288e45d13e552b4b4c 9e638baa87ad423dac194c8e5e228763 - - abae589cee0a4341a3424b5ec21a2a36 abae589cee0a4341a3424b5ec21a2a36] 199.204.45.240 "GET /v2.0/networks/549d0643-681a-4821-8e65-225a819feb10?fields=segments HTTP/1.1" status: 200 len: 212 time: 0.1066544
2026-07-22 23:16:00.997 9 WARNING neutron.scheduler.dhcp_agent_scheduler [None req-acce4c2f-3817-429f-9aae-b0450832b7b3 f4f7bbf32d0d4e2b909095443813a7a8 442d027b130746229be12b85873ac0cb - - default default] No more DHCP agents
2026-07-22 23:16:01.001 9 WARNING neutron.api.rpc.agentnotifiers.dhcp_rpc_agent_api [None req-acce4c2f-3817-429f-9aae-b0450832b7b3 f4f7bbf32d0d4e2b909095443813a7a8 442d027b130746229be12b85873ac0cb - - default default] Unable to schedule network 96ff27eb-95bf-46f0-a52d-8c463420e000: no agents available; will retry on subsequent port and subnet creation events.
2026-07-22 23:16:01.027 10 INFO neutron.db.ovn_revision_numbers_db [None req-5fbb0de4-8a74-41fe-a4c8-d6680b59785c d9151e1f389d486190ebb9ea2e2657be 56a3ead74a7a45d18ffce4a6a6f95c60 - - default default] Successfully bumped revision number for resource df380b40-c56e-447a-bd2d-b6810e1df237 (type: ports) to 1
2026-07-22 23:16:01.045 10 INFO neutron.wsgi [req-28020dce-b308-4028-8032-bba971e1154d req-4a01a283-9d51-4f9b-a63c-a87f196fb089 38b7af1608ab41288e45d13e552b4b4c 9e638baa87ad423dac194c8e5e228763 - - abae589cee0a4341a3424b5ec21a2a36 abae589cee0a4341a3424b5ec21a2a36] 199.204.45.240 "GET /v2.0/networks/549d0643-681a-4821-8e65-225a819feb10?fields=provider%3Aphysical_network&fields=provider%3Anetwork_type HTTP/1.1" status: 200 len: 277 time: 0.0616055
2026-07-22 23:16:01.098 10 INFO neutron.wsgi [-] 10.0.0.178 "GET / HTTP/1.1" status: 200 len: 247 time: 0.0017273
2026-07-22 23:16:01.098 9 INFO neutron.wsgi [-] 10.0.0.178 "GET / HTTP/1.1" status: 200 len: 247 time: 0.0016451
2026-07-22 23:16:01.099 10 WARNING neutron.scheduler.dhcp_agent_scheduler [None req-5fbb0de4-8a74-41fe-a4c8-d6680b59785c d9151e1f389d486190ebb9ea2e2657be 56a3ead74a7a45d18ffce4a6a6f95c60 - - default default] No more DHCP agents
2026-07-22 23:16:01.100 10 WARNING neutron.api.rpc.agentnotifiers.dhcp_rpc_agent_api [None req-5fbb0de4-8a74-41fe-a4c8-d6680b59785c d9151e1f389d486190ebb9ea2e2657be 56a3ead74a7a45d18ffce4a6a6f95c60 - - default default] Unable to schedule network 0f1f89e9-eade-4657-aa68-1bee4e39fab2: no agents available; will retry on subsequent port and subnet creation events.
2026-07-22 23:16:01.168 9 WARNING neutron.scheduler.dhcp_agent_scheduler [None req-966f3c11-fb42-4ba9-80e1-b5dfd409aed9 a3f184b9fbc24c9993f17aa4e8eccc4f ecfa8ef3faf346a583a21b03c2fa1b73 - - default default] No more DHCP agents
2026-07-22 23:16:01.172 9 WARNING neutron.api.rpc.agentnotifiers.dhcp_rpc_agent_api [None req-966f3c11-fb42-4ba9-80e1-b5dfd409aed9 a3f184b9fbc24c9993f17aa4e8eccc4f ecfa8ef3faf346a583a21b03c2fa1b73 - - default default] Unable to schedule network 72fbc210-b5a3-43ab-a9a2-a66af9690abe: no agents available; will retry on subsequent port and subnet creation events.
2026-07-22 23:16:01.275 10 INFO neutron.db.ovn_revision_numbers_db [None req-5fbb0de4-8a74-41fe-a4c8-d6680b59785c d9151e1f389d486190ebb9ea2e2657be 56a3ead74a7a45d18ffce4a6a6f95c60 - - default default] Successfully bumped revision number for resource df380b40-c56e-447a-bd2d-b6810e1df237 (type: router_ports) to 1
2026-07-22 23:16:01.282 10 INFO neutron.wsgi [None req-5fbb0de4-8a74-41fe-a4c8-d6680b59785c d9151e1f389d486190ebb9ea2e2657be 56a3ead74a7a45d18ffce4a6a6f95c60 - - default default] 10.0.0.158 "PUT /v2.0/routers/a8155303-107b-40e6-8e64-02e0b04902b7/add_router_interface HTTP/1.1" status: 200 len: 503 time: 2.1485722
2026-07-22 23:16:01.338 10 INFO neutron.wsgi [None req-a2d78595-25b5-472d-8b36-b9694b33ec37 d9151e1f389d486190ebb9ea2e2657be 56a3ead74a7a45d18ffce4a6a6f95c60 - - default default] 10.0.0.158 "GET /v2.0/ports/df380b40-c56e-447a-bd2d-b6810e1df237 HTTP/1.1" status: 200 len: 1139 time: 0.0470991
2026-07-22 23:16:01.358 9 WARNING neutron.plugins.ml2.drivers.ovn.mech_driver.ovsdb.ovn_client [None req-fe374d2f-ee0e-4dc5-9e9a-305e21e3287c - - - - - -] No port found with ID a09ae0c2-c1f1-46d7-a959-4ca45410c752: RuntimeError: No port found with ID a09ae0c2-c1f1-46d7-a959-4ca45410c752
2026-07-22 23:16:01.388 9 INFO neutron.plugins.ml2.drivers.ovn.mech_driver.mech_driver [None req-fe374d2f-ee0e-4dc5-9e9a-305e21e3287c - - - - - -] OVN reports status up for port: df380b40-c56e-447a-bd2d-b6810e1df237
2026-07-22 23:16:01.405 9 INFO neutron.plugins.ml2.plugin [None req-fe374d2f-ee0e-4dc5-9e9a-305e21e3287c - - - - - -] Attempt 1 to provision port df380b40-c56e-447a-bd2d-b6810e1df237
2026-07-22 23:16:02.039 9 INFO neutron.db.ovn_revision_numbers_db [None req-acce4c2f-3817-429f-9aae-b0450832b7b3 f4f7bbf32d0d4e2b909095443813a7a8 442d027b130746229be12b85873ac0cb - - default default] Successfully bumped revision number for resource 25ddf2a0-efa9-4dd4-865c-572b41918df9 (type: ports) to 2
2026-07-22 23:16:02.120 10 WARNING neutron.scheduler.dhcp_agent_scheduler [None req-93a284cb-76e5-49e3-b592-d4f781f36351 d9151e1f389d486190ebb9ea2e2657be 56a3ead74a7a45d18ffce4a6a6f95c60 - - default default] No more DHCP agents
2026-07-22 23:16:02.122 10 WARNING neutron.api.rpc.agentnotifiers.dhcp_rpc_agent_api [None req-93a284cb-76e5-49e3-b592-d4f781f36351 d9151e1f389d486190ebb9ea2e2657be 56a3ead74a7a45d18ffce4a6a6f95c60 - - default default] Unable to schedule network 5fae5103-6aba-48b0-a989-07cd30b3142d: no agents available; will retry on subsequent port and subnet creation events.
2026-07-22 23:16:02.128 9 INFO neutron.db.ovn_revision_numbers_db [None req-acce4c2f-3817-429f-9aae-b0450832b7b3 f4f7bbf32d0d4e2b909095443813a7a8 442d027b130746229be12b85873ac0cb - - default default] Successfully bumped revision number for resource a8fe5416-c28b-45ae-8923-c94665655c78 (type: subnets) to 0
2026-07-22 23:16:02.156 9 INFO neutron.wsgi [None req-acce4c2f-3817-429f-9aae-b0450832b7b3 f4f7bbf32d0d4e2b909095443813a7a8 442d027b130746229be12b85873ac0cb - - default default] 10.0.0.158 "POST /v2.0/subnets HTTP/1.1" status: 201 len: 801 time: 1.4824507 /var/lib/openstack/lib/python3.10/site-packages/pycadf/identifier.py:71: UserWarning: Invalid uuid: neutron. To ensure interoperability, identifiers should be a valid uuid. warnings.warn(('Invalid uuid: %s. To ensure interoperability, '
2026-07-22 23:16:02.166 9 WARNING neutron_lib.context [None req-4c1fc269-e348-4ef6-9cdc-49890114aab6 f4f7bbf32d0d4e2b909095443813a7a8 442d027b130746229be12b85873ac0cb - - default default] Method 'is_advsvc' is deprecated since 2023.2 release (neutron-lib 3.8.0) and will be removed once support for the old RBAC API policies will be removed from Neutron. Please use method 'is_service_role' instead.
2026-07-22 23:16:02.249 10 INFO neutron.db.ovn_revision_numbers_db [None req-93a284cb-76e5-49e3-b592-d4f781f36351 d9151e1f389d486190ebb9ea2e2657be 56a3ead74a7a45d18ffce4a6a6f95c60 - - default default] Successfully bumped revision number for resource 4134f182-1d43-40a0-848b-95a843a43d8a (type: ports) to 1
2026-07-22 23:16:02.344 9 INFO neutron.db.ovn_revision_numbers_db [None req-966f3c11-fb42-4ba9-80e1-b5dfd409aed9 a3f184b9fbc24c9993f17aa4e8eccc4f ecfa8ef3faf346a583a21b03c2fa1b73 - - default default] Successfully bumped revision number for resource 6e98580d-f3c2-48fc-87ec-882a63fd114e (type: ports) to 2
2026-07-22 23:16:02.353 9 INFO neutron.db.ovn_revision_numbers_db [None req-fe374d2f-ee0e-4dc5-9e9a-305e21e3287c - - - - - -] Successfully bumped revision number for resource df380b40-c56e-447a-bd2d-b6810e1df237 (type: ports) to 2
2026-07-22 23:16:02.454 9 INFO neutron.db.ovn_revision_numbers_db [None req-4c1fc269-e348-4ef6-9cdc-49890114aab6 f4f7bbf32d0d4e2b909095443813a7a8 442d027b130746229be12b85873ac0cb - - default default] Successfully bumped revision number for resource b235e52c-e105-44cb-8112-c51b11105407 (type: routers) to 1
2026-07-22 23:16:02.458 9 INFO neutron.db.ovn_revision_numbers_db [None req-966f3c11-fb42-4ba9-80e1-b5dfd409aed9 a3f184b9fbc24c9993f17aa4e8eccc4f ecfa8ef3faf346a583a21b03c2fa1b73 - - default default] Successfully bumped revision number for resource 45843be1-3ae5-450c-8579-47581afddea2 (type: subnets) to 0
2026-07-22 23:16:02.477 9 INFO neutron.wsgi [None req-4c1fc269-e348-4ef6-9cdc-49890114aab6 f4f7bbf32d0d4e2b909095443813a7a8 442d027b130746229be12b85873ac0cb - - default default] 10.0.0.158 "POST /v2.0/routers HTTP/1.1" status: 201 len: 802 time: 0.3165622
2026-07-22 23:16:02.491 9 INFO neutron.wsgi [None req-966f3c11-fb42-4ba9-80e1-b5dfd409aed9 a3f184b9fbc24c9993f17aa4e8eccc4f ecfa8ef3faf346a583a21b03c2fa1b73 - - default default] 10.0.0.158 "POST /v2.0/subnets HTTP/1.1" status: 201 len: 801 time: 1.6330869
2026-07-22 23:16:02.505 10 WARNING neutron_lib.context [None req-cf93be09-692f-4894-a620-08202947593a a3f184b9fbc24c9993f17aa4e8eccc4f ecfa8ef3faf346a583a21b03c2fa1b73 - - default default] Method 'is_advsvc' is deprecated since 2023.2 release (neutron-lib 3.8.0) and will be removed once support for the old RBAC API policies will be removed from Neutron. Please use method 'is_service_role' instead.
2026-07-22 23:16:02.622 9 INFO neutron.db.ovn_revision_numbers_db [None req-fe374d2f-ee0e-4dc5-9e9a-305e21e3287c - - - - - -] Successfully bumped revision number for resource df380b40-c56e-447a-bd2d-b6810e1df237 (type: router_ports) to 2
2026-07-22 23:16:02.915 10 ERROR ovsdbapp.backend.ovs_idl.command [None req-93a284cb-76e5-49e3-b592-d4f781f36351 d9151e1f389d486190ebb9ea2e2657be 56a3ead74a7a45d18ffce4a6a6f95c60 - - default default] Error executing command (DbGetCommand): ovsdbapp.backend.ovs_idl.idlutils.RowNotFound: Cannot find Logical_Router_Port with name=lrp-4134f182-1d43-40a0-848b-95a843a43d8a
2026-07-22 23:16:02.915 10 ERROR ovsdbapp.backend.ovs_idl.command
Traceback (most recent call last):
2026-07-22 23:16:02.915 10 ERROR ovsdbapp.backend.ovs_idl.command
File "/var/lib/openstack/lib/python3.10/site-packages/ovsdbapp/backend/ovs_idl/command.py", line 47, in execute
2026-07-22 23:16:02.915 10 ERROR ovsdbapp.backend.ovs_idl.command self.run_idl(None)
2026-07-22 23:16:02.915 10 ERROR ovsdbapp.backend.ovs_idl.command
File "/var/lib/openstack/lib/python3.10/site-packages/ovsdbapp/backend/ovs_idl/command.py", line 235, in run_idl
2026-07-22 23:16:02.915 10 ERROR ovsdbapp.backend.ovs_idl.command record = self.api.lookup(self.table, self.record)
2026-07-22 23:16:02.915 10 ERROR ovsdbapp.backend.ovs_idl.command
File "/var/lib/openstack/lib/python3.10/site-packages/ovsdbapp/backend/ovs_idl/__init__.py", line 184, in lookup
2026-07-22 23:16:02.915 10 ERROR ovsdbapp.backend.ovs_idl.command return self._lookup(table, record)
2026-07-22 23:16:02.915 10 ERROR ovsdbapp.backend.ovs_idl.command
File "/var/lib/openstack/lib/python3.10/site-packages/ovsdbapp/backend/ovs_idl/__init__.py", line 235, in _lookup
2026-07-22 23:16:02.915 10 ERROR ovsdbapp.backend.ovs_idl.command row = idlutils.row_by_value(self, rl.table, rl.column, record)
2026-07-22 23:16:02.915 10 ERROR ovsdbapp.backend.ovs_idl.command
File "/var/lib/openstack/lib/python3.10/site-packages/ovsdbapp/backend/ovs_idl/idlutils.py", line 114, in row_by_value
2026-07-22 23:16:02.915 10 ERROR ovsdbapp.backend.ovs_idl.command raise RowNotFound(table=table, col=column, match=match)
2026-07-22 23:16:02.915 10 ERROR ovsdbapp.backend.ovs_idl.command ovsdbapp.backend.ovs_idl.idlutils.RowNotFound: Cannot find Logical_Router_Port with name=lrp-4134f182-1d43-40a0-848b-95a843a43d8a
2026-07-22 23:16:02.915 10 ERROR ovsdbapp.backend.ovs_idl.command 
2026-07-22 23:16:02.916 10 ERROR neutron_lib.callbacks.manager [None req-93a284cb-76e5-49e3-b592-d4f781f36351 d9151e1f389d486190ebb9ea2e2657be 56a3ead74a7a45d18ffce4a6a6f95c60 - - default default] Error during notification for neutron.services.ovn_l3.plugin.OVNL3RouterPlugin._port_update-8726360469222 port, after_update: ovsdbapp.backend.ovs_idl.idlutils.RowNotFound: Cannot find Logical_Router_Port with name=lrp-4134f182-1d43-40a0-848b-95a843a43d8a
2026-07-22 23:16:02.916 10 ERROR neutron_lib.callbacks.manager
Traceback (most recent call last):
2026-07-22 23:16:02.916 10 ERROR neutron_lib.callbacks.manager
File "/var/lib/openstack/lib/python3.10/site-packages/neutron_lib/callbacks/manager.py", line 189, in _notify_loop
2026-07-22 23:16:02.916 10 ERROR neutron_lib.callbacks.manager callback.method(resource, event, trigger, payload=payload)
2026-07-22 23:16:02.916 10 ERROR neutron_lib.callbacks.manager
File "/var/lib/openstack/lib/python3.10/site-packages/neutron/services/ovn_l3/plugin.py", line 391, in _port_update
2026-07-22 23:16:02.916 10 ERROR neutron_lib.callbacks.manager l3plugin._ovn_client.update_router_port(context,
2026-07-22 23:16:02.916 10 ERROR neutron_lib.callbacks.manager
File "/var/lib/openstack/lib/python3.10/site-packages/neutron/plugins/ml2/drivers/ovn/mech_driver/ovsdb/ovn_client.py", line 1878, in update_router_port
2026-07-22 23:16:02.916 10 ERROR neutron_lib.callbacks.manager self._update_lrouter_port(context, port, if_exists=if_exists,
2026-07-22 23:16:02.916 10 ERROR neutron_lib.callbacks.manager
File "/var/lib/openstack/lib/python3.10/site-packages/neutron/plugins/ml2/drivers/ovn/mech_driver/ovsdb/ovn_client.py", line 1855, in _update_lrouter_port
2026-07-22 23:16:02.916 10 ERROR neutron_lib.callbacks.manager external_ids = self._nb_idl.db_get(
2026-07-22 23:16:02.916 10 ERROR neutron_lib.callbacks.manager
File "/var/lib/openstack/lib/python3.10/site-packages/ovsdbapp/backend/ovs_idl/command.py", line 47, in execute
2026-07-22 23:16:02.916 10 ERROR neutron_lib.callbacks.manager self.run_idl(None)
2026-07-22 23:16:02.916 10 ERROR neutron_lib.callbacks.manager
File "/var/lib/openstack/lib/python3.10/site-packages/ovsdbapp/backend/ovs_idl/command.py", line 235, in run_idl
2026-07-22 23:16:02.916 10 ERROR neutron_lib.callbacks.manager record = self.api.lookup(self.table, self.record)
2026-07-22 23:16:02.916 10 ERROR neutron_lib.callbacks.manager
File "/var/lib/openstack/lib/python3.10/site-packages/ovsdbapp/backend/ovs_idl/__init__.py", line 184, in lookup
2026-07-22 23:16:02.916 10 ERROR neutron_lib.callbacks.manager return self._lookup(table, record)
2026-07-22 23:16:02.916 10 ERROR neutron_lib.callbacks.manager
File "/var/lib/openstack/lib/python3.10/site-packages/ovsdbapp/backend/ovs_idl/__init__.py", line 235, in _lookup
2026-07-22 23:16:02.916 10 ERROR neutron_lib.callbacks.manager row = idlutils.row_by_value(self, rl.table, rl.column, record)
2026-07-22 23:16:02.916 10 ERROR neutron_lib.callbacks.manager
File "/var/lib/openstack/lib/python3.10/site-packages/ovsdbapp/backend/ovs_idl/idlutils.py", line 114, in row_by_value
2026-07-22 23:16:02.916 10 ERROR neutron_lib.callbacks.manager raise RowNotFound(table=table, col=column, match=match)
2026-07-22 23:16:02.916 10 ERROR neutron_lib.callbacks.manager ovsdbapp.backend.ovs_idl.idlutils.RowNotFound: Cannot find Logical_Router_Port with name=lrp-4134f182-1d43-40a0-848b-95a843a43d8a
2026-07-22 23:16:02.916 10 ERROR neutron_lib.callbacks.manager 
2026-07-22 23:16:02.995 9 WARNING neutron.scheduler.dhcp_agent_scheduler [None req-b61a74bd-c99e-484a-a802-75503bf198bb f4f7bbf32d0d4e2b909095443813a7a8 442d027b130746229be12b85873ac0cb - - default default] No more DHCP agents
2026-07-22 23:16:02.999 9 WARNING neutron.api.rpc.agentnotifiers.dhcp_rpc_agent_api [None req-b61a74bd-c99e-484a-a802-75503bf198bb f4f7bbf32d0d4e2b909095443813a7a8 442d027b130746229be12b85873ac0cb - - default default] Unable to schedule network 96ff27eb-95bf-46f0-a52d-8c463420e000: no agents available; will retry on subsequent port and subnet creation events.
2026-07-22 23:16:03.062 10 WARNING neutron.scheduler.dhcp_agent_scheduler [None req-cf93be09-692f-4894-a620-08202947593a a3f184b9fbc24c9993f17aa4e8eccc4f ecfa8ef3faf346a583a21b03c2fa1b73 - - default default] No more DHCP agents
2026-07-22 23:16:03.067 10 WARNING neutron.api.rpc.agentnotifiers.dhcp_rpc_agent_api [None req-cf93be09-692f-4894-a620-08202947593a a3f184b9fbc24c9993f17aa4e8eccc4f ecfa8ef3faf346a583a21b03c2fa1b73 - - default default] Unable to schedule network 72fbc210-b5a3-43ab-a9a2-a66af9690abe: no agents available; will retry on subsequent port and subnet creation events.
2026-07-22 23:16:03.099 10 INFO neutron.plugins.ml2.drivers.ovn.mech_driver.mech_driver [None req-a8bdee5e-8c9c-4de5-8966-45d7ee8c5aef - - - - - -] OVN reports status up for port: 4134f182-1d43-40a0-848b-95a843a43d8a
2026-07-22 23:16:03.136 10 INFO neutron.plugins.ml2.plugin [None req-a8bdee5e-8c9c-4de5-8966-45d7ee8c5aef - - - - - -] Attempt 1 to provision port 4134f182-1d43-40a0-848b-95a843a43d8a
2026-07-22 23:16:03.160 10 INFO neutron.db.ovn_revision_numbers_db [None req-93a284cb-76e5-49e3-b592-d4f781f36351 d9151e1f389d486190ebb9ea2e2657be 56a3ead74a7a45d18ffce4a6a6f95c60 - - default default] Successfully bumped revision number for resource 4134f182-1d43-40a0-848b-95a843a43d8a (type: ports) to 1
2026-07-22 23:16:03.180 9 INFO neutron.db.ovn_revision_numbers_db [None req-b61a74bd-c99e-484a-a802-75503bf198bb f4f7bbf32d0d4e2b909095443813a7a8 442d027b130746229be12b85873ac0cb - - default default] Successfully bumped revision number for resource af9016c7-4fc2-4bdd-8289-a1b7b1e73bdf (type: ports) to 1
2026-07-22 23:16:03.331 10 WARNING neutron.scheduler.dhcp_agent_scheduler [None req-93a284cb-76e5-49e3-b592-d4f781f36351 d9151e1f389d486190ebb9ea2e2657be 56a3ead74a7a45d18ffce4a6a6f95c60 - - default default] No more DHCP agents
2026-07-22 23:16:03.334 10 WARNING neutron.api.rpc.agentnotifiers.dhcp_rpc_agent_api [None req-93a284cb-76e5-49e3-b592-d4f781f36351 d9151e1f389d486190ebb9ea2e2657be 56a3ead74a7a45d18ffce4a6a6f95c60 - - default default] Unable to schedule network 5fae5103-6aba-48b0-a989-07cd30b3142d: no agents available; will retry on subsequent port and subnet creation events.
2026-07-22 23:16:03.468 10 INFO neutron.db.ovn_revision_numbers_db [None req-cf93be09-692f-4894-a620-08202947593a a3f184b9fbc24c9993f17aa4e8eccc4f ecfa8ef3faf346a583a21b03c2fa1b73 - - default default] Successfully bumped revision number for resource 26865f15-ac7b-4051-9dd9-377fccc499bf (type: ports) to 1
2026-07-22 23:16:03.507 10 INFO neutron.wsgi [None req-cf93be09-692f-4894-a620-08202947593a a3f184b9fbc24c9993f17aa4e8eccc4f ecfa8ef3faf346a583a21b03c2fa1b73 - - default default] 10.0.0.158 "POST /v2.0/ports HTTP/1.1" status: 201 len: 1151 time: 1.0065835 /var/lib/openstack/lib/python3.10/site-packages/pycadf/identifier.py:71: UserWarning: Invalid uuid: neutron. To ensure interoperability, identifiers should be a valid uuid. warnings.warn(('Invalid uuid: %s. To ensure interoperability, '
2026-07-22 23:16:03.911 10 INFO neutron.db.ovn_revision_numbers_db [None req-93a284cb-76e5-49e3-b592-d4f781f36351 d9151e1f389d486190ebb9ea2e2657be 56a3ead74a7a45d18ffce4a6a6f95c60 - - default default] Successfully bumped revision number for resource 4134f182-1d43-40a0-848b-95a843a43d8a (type: router_ports) to 1
2026-07-22 23:16:03.917 10 INFO neutron.wsgi [None req-93a284cb-76e5-49e3-b592-d4f781f36351 d9151e1f389d486190ebb9ea2e2657be 56a3ead74a7a45d18ffce4a6a6f95c60 - - default default] 10.0.0.158 "PUT /v2.0/routers/a8155303-107b-40e6-8e64-02e0b04902b7/add_router_interface HTTP/1.1" status: 200 len: 503 time: 2.5708580
2026-07-22 23:16:03.959 9 ERROR ovsdbapp.backend.ovs_idl.command [None req-b61a74bd-c99e-484a-a802-75503bf198bb f4f7bbf32d0d4e2b909095443813a7a8 442d027b130746229be12b85873ac0cb - - default default] Error executing command (DbGetCommand): ovsdbapp.backend.ovs_idl.idlutils.RowNotFound: Cannot find Logical_Router_Port with name=lrp-af9016c7-4fc2-4bdd-8289-a1b7b1e73bdf
2026-07-22 23:16:03.959 9 ERROR ovsdbapp.backend.ovs_idl.command
Traceback (most recent call last):
2026-07-22 23:16:03.959 9 ERROR ovsdbapp.backend.ovs_idl.command
File "/var/lib/openstack/lib/python3.10/site-packages/ovsdbapp/backend/ovs_idl/command.py", line 47, in execute
2026-07-22 23:16:03.959 9 ERROR ovsdbapp.backend.ovs_idl.command self.run_idl(None)
2026-07-22 23:16:03.959 9 ERROR ovsdbapp.backend.ovs_idl.command
File "/var/lib/openstack/lib/python3.10/site-packages/ovsdbapp/backend/ovs_idl/command.py", line 235, in run_idl
2026-07-22 23:16:03.959 9 ERROR ovsdbapp.backend.ovs_idl.command record = self.api.lookup(self.table, self.record)
2026-07-22 23:16:03.959 9 ERROR ovsdbapp.backend.ovs_idl.command
File "/var/lib/openstack/lib/python3.10/site-packages/ovsdbapp/backend/ovs_idl/__init__.py", line 184, in lookup
2026-07-22 23:16:03.959 9 ERROR ovsdbapp.backend.ovs_idl.command return self._lookup(table, record)
2026-07-22 23:16:03.959 9 ERROR ovsdbapp.backend.ovs_idl.command
File "/var/lib/openstack/lib/python3.10/site-packages/ovsdbapp/backend/ovs_idl/__init__.py", line 235, in _lookup
2026-07-22 23:16:03.959 9 ERROR ovsdbapp.backend.ovs_idl.command row = idlutils.row_by_value(self, rl.table, rl.column, record)
2026-07-22 23:16:03.959 9 ERROR ovsdbapp.backend.ovs_idl.command
File "/var/lib/openstack/lib/python3.10/site-packages/ovsdbapp/backend/ovs_idl/idlutils.py", line 114, in row_by_value
2026-07-22 23:16:03.959 9 ERROR ovsdbapp.backend.ovs_idl.command raise RowNotFound(table=table, col=column, match=match)
2026-07-22 23:16:03.959 9 ERROR ovsdbapp.backend.ovs_idl.command ovsdbapp.backend.ovs_idl.idlutils.RowNotFound: Cannot find Logical_Router_Port with name=lrp-af9016c7-4fc2-4bdd-8289-a1b7b1e73bdf
2026-07-22 23:16:03.959 9 ERROR ovsdbapp.backend.ovs_idl.command 
2026-07-22 23:16:03.960 9 ERROR neutron_lib.callbacks.manager [None req-b61a74bd-c99e-484a-a802-75503bf198bb f4f7bbf32d0d4e2b909095443813a7a8 442d027b130746229be12b85873ac0cb - - default default] Error during notification for neutron.services.ovn_l3.plugin.OVNL3RouterPlugin._port_update-8726360469222 port, after_update: ovsdbapp.backend.ovs_idl.idlutils.RowNotFound: Cannot find Logical_Router_Port with name=lrp-af9016c7-4fc2-4bdd-8289-a1b7b1e73bdf
2026-07-22 23:16:03.960 9 ERROR neutron_lib.callbacks.manager
Traceback (most recent call last):
2026-07-22 23:16:03.960 9 ERROR neutron_lib.callbacks.manager
File "/var/lib/openstack/lib/python3.10/site-packages/neutron_lib/callbacks/manager.py", line 189, in _notify_loop
2026-07-22 23:16:03.960 9 ERROR neutron_lib.callbacks.manager callback.method(resource, event, trigger, payload=payload)
2026-07-22 23:16:03.960 9 ERROR neutron_lib.callbacks.manager
File "/var/lib/openstack/lib/python3.10/site-packages/neutron/services/ovn_l3/plugin.py", line 391, in _port_update
2026-07-22 23:16:03.960 9 ERROR neutron_lib.callbacks.manager l3plugin._ovn_client.update_router_port(context,
2026-07-22 23:16:03.960 9 ERROR neutron_lib.callbacks.manager
File "/var/lib/openstack/lib/python3.10/site-packages/neutron/plugins/ml2/drivers/ovn/mech_driver/ovsdb/ovn_client.py", line 1878, in update_router_port
2026-07-22 23:16:03.960 9 ERROR neutron_lib.callbacks.manager self._update_lrouter_port(context, port, if_exists=if_exists,
2026-07-22 23:16:03.960 9 ERROR neutron_lib.callbacks.manager
File "/var/lib/openstack/lib/python3.10/site-packages/neutron/plugins/ml2/drivers/ovn/mech_driver/ovsdb/ovn_client.py", line 1855, in _update_lrouter_port
2026-07-22 23:16:03.960 9 ERROR neutron_lib.callbacks.manager external_ids = self._nb_idl.db_get(
2026-07-22 23:16:03.960 9 ERROR neutron_lib.callbacks.manager
File "/var/lib/openstack/lib/python3.10/site-packages/ovsdbapp/backend/ovs_idl/command.py", line 47, in execute
2026-07-22 23:16:03.960 9 ERROR neutron_lib.callbacks.manager self.run_idl(None)
2026-07-22 23:16:03.960 9 ERROR neutron_lib.callbacks.manager
File "/var/lib/openstack/lib/python3.10/site-packages/ovsdbapp/backend/ovs_idl/command.py", line 235, in run_idl
2026-07-22 23:16:03.960 9 ERROR neutron_lib.callbacks.manager record = self.api.lookup(self.table, self.record)
2026-07-22 23:16:03.960 9 ERROR neutron_lib.callbacks.manager
File "/var/lib/openstack/lib/python3.10/site-packages/ovsdbapp/backend/ovs_idl/__init__.py", line 184, in lookup
2026-07-22 23:16:03.960 9 ERROR neutron_lib.callbacks.manager return self._lookup(table, record)
2026-07-22 23:16:03.960 9 ERROR neutron_lib.callbacks.manager
File "/var/lib/openstack/lib/python3.10/site-packages/ovsdbapp/backend/ovs_idl/__init__.py", line 235, in _lookup
2026-07-22 23:16:03.960 9 ERROR neutron_lib.callbacks.manager row = idlutils.row_by_value(self, rl.table, rl.column, record)
2026-07-22 23:16:03.960 9 ERROR neutron_lib.callbacks.manager
File "/var/lib/openstack/lib/python3.10/site-packages/ovsdbapp/backend/ovs_idl/idlutils.py", line 114, in row_by_value
2026-07-22 23:16:03.960 9 ERROR neutron_lib.callbacks.manager raise RowNotFound(table=table, col=column, match=match)
2026-07-22 23:16:03.960 9 ERROR neutron_lib.callbacks.manager ovsdbapp.backend.ovs_idl.idlutils.RowNotFound: Cannot find Logical_Router_Port with name=lrp-af9016c7-4fc2-4bdd-8289-a1b7b1e73bdf
2026-07-22 23:16:03.960 9 ERROR neutron_lib.callbacks.manager 
2026-07-22 23:16:04.098 10 INFO neutron.wsgi [None req-ebe1c26e-ebde-48e5-bfee-eee6a938d4a8 d9151e1f389d486190ebb9ea2e2657be 56a3ead74a7a45d18ffce4a6a6f95c60 - - default default] 10.0.0.158 "GET /v2.0/ports/4134f182-1d43-40a0-848b-95a843a43d8a HTTP/1.1" status: 200 len: 1149 time: 0.1713719
2026-07-22 23:16:04.165 10 INFO neutron.db.ovn_revision_numbers_db [None req-a8bdee5e-8c9c-4de5-8966-45d7ee8c5aef - - - - - -] Successfully bumped revision number for resource 4134f182-1d43-40a0-848b-95a843a43d8a (type: ports) to 2
2026-07-22 23:16:04.248 9 INFO neutron.wsgi [None req-4954c0df-f636-4d5d-bac3-397565a91f49 d9151e1f389d486190ebb9ea2e2657be 56a3ead74a7a45d18ffce4a6a6f95c60 - - default default] 10.0.0.158 "GET /v2.0/ports/4134f182-1d43-40a0-848b-95a843a43d8a HTTP/1.1" status: 200 len: 1149 time: 0.1426115
2026-07-22 23:16:04.262 9 INFO neutron.db.ovn_revision_numbers_db [None req-b61a74bd-c99e-484a-a802-75503bf198bb f4f7bbf32d0d4e2b909095443813a7a8 442d027b130746229be12b85873ac0cb - - default default] Successfully bumped revision number for resource af9016c7-4fc2-4bdd-8289-a1b7b1e73bdf (type: ports) to 1
2026-07-22 23:16:04.366 10 INFO neutron.db.ovn_revision_numbers_db [None req-a8bdee5e-8c9c-4de5-8966-45d7ee8c5aef - - - - - -] Successfully bumped revision number for resource 4134f182-1d43-40a0-848b-95a843a43d8a (type: router_ports) to 2
2026-07-22 23:16:04.408 9 WARNING neutron.scheduler.dhcp_agent_scheduler [None req-b61a74bd-c99e-484a-a802-75503bf198bb f4f7bbf32d0d4e2b909095443813a7a8 442d027b130746229be12b85873ac0cb - - default default] No more DHCP agents
2026-07-22 23:16:04.411 9 WARNING neutron.api.rpc.agentnotifiers.dhcp_rpc_agent_api [None req-b61a74bd-c99e-484a-a802-75503bf198bb f4f7bbf32d0d4e2b909095443813a7a8 442d027b130746229be12b85873ac0cb - - default default] Unable to schedule network 96ff27eb-95bf-46f0-a52d-8c463420e000: no agents available; will retry on subsequent port and subnet creation events.
2026-07-22 23:16:04.470 10 INFO neutron.wsgi [None req-7ba8f72e-f360-4fb4-bb2e-ede243566c60 a3f184b9fbc24c9993f17aa4e8eccc4f ecfa8ef3faf346a583a21b03c2fa1b73 - - default default] 10.0.0.158 "DELETE /v2.0/ports/26865f15-ac7b-4051-9dd9-377fccc499bf HTTP/1.1" status: 204 len: 168 time: 0.9543717
2026-07-22 23:16:04.514 10 INFO neutron.pecan_wsgi.hooks.translation [None req-e80ffd95-74f7-4517-86d4-dff3f0cf7c22 a3f184b9fbc24c9993f17aa4e8eccc4f ecfa8ef3faf346a583a21b03c2fa1b73 - - default default] DELETE failed (client error): The resource could not be found.
2026-07-22 23:16:04.518 10 INFO neutron.wsgi [None req-e80ffd95-74f7-4517-86d4-dff3f0cf7c22 a3f184b9fbc24c9993f17aa4e8eccc4f ecfa8ef3faf346a583a21b03c2fa1b73 - - default default] 10.0.0.158 "DELETE /v2.0/ports/26865f15-ac7b-4051-9dd9-377fccc499bf HTTP/1.1" status: 404 len: 333 time: 0.0394449
2026-07-22 23:16:04.547 10 INFO neutron.pecan_wsgi.hooks.translation [None req-0401b740-84de-4ef8-a970-2c3c4ce44c96 a3f184b9fbc24c9993f17aa4e8eccc4f ecfa8ef3faf346a583a21b03c2fa1b73 - - default default] GET failed (client error): The resource could not be found.
2026-07-22 23:16:04.549 10 INFO neutron.wsgi [None req-0401b740-84de-4ef8-a970-2c3c4ce44c96 a3f184b9fbc24c9993f17aa4e8eccc4f ecfa8ef3faf346a583a21b03c2fa1b73 - - default default] 10.0.0.158 "GET /v2.0/ports/26865f15-ac7b-4051-9dd9-377fccc499bf HTTP/1.1" status: 404 len: 333 time: 0.0237150
2026-07-22 23:16:04.667 9 INFO neutron.db.ovn_revision_numbers_db [None req-b61a74bd-c99e-484a-a802-75503bf198bb f4f7bbf32d0d4e2b909095443813a7a8 442d027b130746229be12b85873ac0cb - - default default] Successfully bumped revision number for resource af9016c7-4fc2-4bdd-8289-a1b7b1e73bdf (type: router_ports) to 1
2026-07-22 23:16:04.673 9 INFO neutron.wsgi [None req-b61a74bd-c99e-484a-a802-75503bf198bb f4f7bbf32d0d4e2b909095443813a7a8 442d027b130746229be12b85873ac0cb - - default default] 10.0.0.158 "PUT /v2.0/routers/b235e52c-e105-44cb-8112-c51b11105407/add_router_interface HTTP/1.1" status: 200 len: 503 time: 2.1914482
2026-07-22 23:16:04.724 9 INFO neutron.wsgi [None req-1b2d300b-47f3-460d-bd84-60f00678e97e f4f7bbf32d0d4e2b909095443813a7a8 442d027b130746229be12b85873ac0cb - - default default] 10.0.0.158 "GET /v2.0/ports/af9016c7-4fc2-4bdd-8289-a1b7b1e73bdf HTTP/1.1" status: 200 len: 1135 time: 0.0437174
2026-07-22 23:16:04.811 10 INFO neutron.wsgi [None req-fc17cabb-a74c-497f-83d3-f4176c34cdc0 a3f184b9fbc24c9993f17aa4e8eccc4f ecfa8ef3faf346a583a21b03c2fa1b73 - - default default] 10.0.0.158 "DELETE /v2.0/subnets/45843be1-3ae5-450c-8579-47581afddea2 HTTP/1.1" status: 204 len: 168 time: 0.2562547
2026-07-22 23:16:04.819 10 INFO neutron.wsgi [None req-daaafe9c-f44b-4645-bd7c-67e51f38b004 f4f7bbf32d0d4e2b909095443813a7a8 442d027b130746229be12b85873ac0cb - - default default] 10.0.0.158 "GET /v2.0/ports/af9016c7-4fc2-4bdd-8289-a1b7b1e73bdf HTTP/1.1" status: 200 len: 1135 time: 0.0893369
2026-07-22 23:16:05.229 9 INFO neutron.wsgi [None req-656b7ff9-90d7-4789-b78a-922f5640d728 d9151e1f389d486190ebb9ea2e2657be 56a3ead74a7a45d18ffce4a6a6f95c60 - - default default] 10.0.0.158 "PUT /v2.0/routers/a8155303-107b-40e6-8e64-02e0b04902b7/remove_router_interface HTTP/1.1" status: 200 len: 503 time: 0.9764545
2026-07-22 23:16:05.330 10 INFO neutron.wsgi [None req-484c3925-e806-4880-be5b-21e87e322c89 d9151e1f389d486190ebb9ea2e2657be 56a3ead74a7a45d18ffce4a6a6f95c60 - - default default] 10.0.0.158 "GET /v2.0/ports/df380b40-c56e-447a-bd2d-b6810e1df237 HTTP/1.1" status: 200 len: 1141 time: 0.0941734
2026-07-22 23:16:05.336 9 INFO neutron.services.segments.plugin [-] Segment e1f19923-f6fa-4dd9-8f77-4f06eba9f77e resource provider aggregate not found
2026-07-22 23:16:05.352 9 INFO neutron.services.segments.plugin [-] Segment e1f19923-f6fa-4dd9-8f77-4f06eba9f77e resource provider aggregate not found
2026-07-22 23:16:05.358 9 INFO neutron.services.segments.plugin [-] Segment e1f19923-f6fa-4dd9-8f77-4f06eba9f77e resource provider not found; error: Placement Client Error (4xx): {"errors": [{"status": 404, "title": "Not Found", "detail": "The resource could not be found.\n\n No resource provider with uuid e1f19923-f6fa-4dd9-8f77-4f06eba9f77e found for delete ", "request_id": "req-0424cb45-068f-4f17-b615-15333d85332f"}]}
2026-07-22 23:16:05.377 9 INFO neutron.services.segments.plugin [-] Segment e1f19923-f6fa-4dd9-8f77-4f06eba9f77e resource provider not found; error: Placement Client Error (4xx): {"errors": [{"status": 404, "title": "Not Found", "detail": "The resource could not be found.\n\n No resource provider with uuid e1f19923-f6fa-4dd9-8f77-4f06eba9f77e found for delete ", "request_id": "req-cd8d21c5-6603-4be2-8c53-9d2e21fe59e9"}]}
2026-07-22 23:16:05.390 9 INFO neutron.wsgi [None req-34dfc4a1-646a-46a7-abed-d5f4fe703342 a3f184b9fbc24c9993f17aa4e8eccc4f ecfa8ef3faf346a583a21b03c2fa1b73 - - default default] 10.0.0.158 "DELETE /v2.0/networks/72fbc210-b5a3-43ab-a9a2-a66af9690abe HTTP/1.1" status: 204 len: 168 time: 0.5742760
2026-07-22 23:16:05.406 10 WARNING neutron_lib.context [None req-576c2457-9040-4eee-9a8b-5cf3d94c45d0 a3f184b9fbc24c9993f17aa4e8eccc4f ecfa8ef3faf346a583a21b03c2fa1b73 - - default default] Method 'is_advsvc' is deprecated since 2023.2 release (neutron-lib 3.8.0) and will be removed once support for the old RBAC API policies will be removed from Neutron. Please use method 'is_service_role' instead.
2026-07-22 23:16:05.524 10 INFO neutron.db.segments_db [None req-576c2457-9040-4eee-9a8b-5cf3d94c45d0 a3f184b9fbc24c9993f17aa4e8eccc4f ecfa8ef3faf346a583a21b03c2fa1b73 - - default default] Added segment 4dfb986f-10df-42f6-8843-7a39828e76c8 of type geneve for network 9fe282c7-d36e-4efb-b27b-ad1fd0b96111
