2026-07-22 23:16:05.678 10 INFO neutron.db.ovn_revision_numbers_db [None req-576c2457-9040-4eee-9a8b-5cf3d94c45d0 a3f184b9fbc24c9993f17aa4e8eccc4f ecfa8ef3faf346a583a21b03c2fa1b73 - - default default] Successfully bumped revision number for resource 9fe282c7-d36e-4efb-b27b-ad1fd0b96111 (type: networks) to 1 /var/lib/openstack/lib/python3.10/site-packages/pycadf/identifier.py:71: UserWarning: Invalid uuid: neutron. To ensure interoperability, identifiers should be a valid uuid. warnings.warn(('Invalid uuid: %s. To ensure interoperability, '
2026-07-22 23:16:05.897 10 WARNING neutron.scheduler.dhcp_agent_scheduler [None req-576c2457-9040-4eee-9a8b-5cf3d94c45d0 a3f184b9fbc24c9993f17aa4e8eccc4f ecfa8ef3faf346a583a21b03c2fa1b73 - - default default] No more DHCP agents
2026-07-22 23:16:05.901 10 WARNING neutron.api.rpc.agentnotifiers.dhcp_rpc_agent_api [None req-576c2457-9040-4eee-9a8b-5cf3d94c45d0 a3f184b9fbc24c9993f17aa4e8eccc4f ecfa8ef3faf346a583a21b03c2fa1b73 - - default default] Unable to schedule network 9fe282c7-d36e-4efb-b27b-ad1fd0b96111: no agents available; will retry on subsequent port and subnet creation events.
2026-07-22 23:16:06.035 10 INFO neutron.db.ovn_revision_numbers_db [None req-576c2457-9040-4eee-9a8b-5cf3d94c45d0 a3f184b9fbc24c9993f17aa4e8eccc4f ecfa8ef3faf346a583a21b03c2fa1b73 - - default default] Successfully bumped revision number for resource e4ecf3c5-e43b-42ff-877e-a57c3da1782f (type: ports) to 1
2026-07-22 23:16:06.077 10 INFO neutron.wsgi [None req-576c2457-9040-4eee-9a8b-5cf3d94c45d0 a3f184b9fbc24c9993f17aa4e8eccc4f ecfa8ef3faf346a583a21b03c2fa1b73 - - default default] 10.0.0.158 "POST /v2.0/networks HTTP/1.1" status: 201 len: 830 time: 0.6808822
2026-07-22 23:16:06.088 10 WARNING neutron_lib.context [None req-499d2bc3-3bc2-4bf3-b8d2-2a679ec0233e a3f184b9fbc24c9993f17aa4e8eccc4f ecfa8ef3faf346a583a21b03c2fa1b73 - - default default] Method 'is_advsvc' is deprecated since 2023.2 release (neutron-lib 3.8.0) and will be removed once support for the old RBAC API policies will be removed from Neutron. Please use method 'is_service_role' instead.
2026-07-22 23:16:06.140 10 INFO neutron.wsgi [None req-ac5df525-f8cf-4631-89f9-30aaf1558cb5 d9151e1f389d486190ebb9ea2e2657be 56a3ead74a7a45d18ffce4a6a6f95c60 - - default default] 10.0.0.158 "PUT /v2.0/routers/a8155303-107b-40e6-8e64-02e0b04902b7/remove_router_interface HTTP/1.1" status: 200 len: 503 time: 0.8039079 /var/lib/openstack/lib/python3.10/site-packages/pycadf/identifier.py:71: UserWarning: Invalid uuid: neutron. To ensure interoperability, identifiers should be a valid uuid. warnings.warn(('Invalid uuid: %s. To ensure interoperability, '
2026-07-22 23:16:06.157 9 INFO neutron.wsgi [None req-50f34432-5df4-4838-93e8-d830aec48ec9 f4f7bbf32d0d4e2b909095443813a7a8 442d027b130746229be12b85873ac0cb - - default default] 10.0.0.158 "GET /v2.0/ports/af9016c7-4fc2-4bdd-8289-a1b7b1e73bdf HTTP/1.1" status: 200 len: 1135 time: 0.3318892
2026-07-22 23:16:06.173 10 INFO neutron.wsgi [None req-ffdc4a0c-e21a-4c1d-a9aa-badf2e727a25 d9151e1f389d486190ebb9ea2e2657be 56a3ead74a7a45d18ffce4a6a6f95c60 - - default default] 10.0.0.158 "GET /v2.0/ports?device_id=a8155303-107b-40e6-8e64-02e0b04902b7 HTTP/1.1" status: 200 len: 205 time: 0.0265718
2026-07-22 23:16:06.401 10 WARNING neutron.scheduler.dhcp_agent_scheduler [None req-499d2bc3-3bc2-4bf3-b8d2-2a679ec0233e a3f184b9fbc24c9993f17aa4e8eccc4f ecfa8ef3faf346a583a21b03c2fa1b73 - - default default] No more DHCP agents
2026-07-22 23:16:06.403 10 WARNING neutron.api.rpc.agentnotifiers.dhcp_rpc_agent_api [None req-499d2bc3-3bc2-4bf3-b8d2-2a679ec0233e a3f184b9fbc24c9993f17aa4e8eccc4f ecfa8ef3faf346a583a21b03c2fa1b73 - - default default] Unable to schedule network 9fe282c7-d36e-4efb-b27b-ad1fd0b96111: no agents available; will retry on subsequent port and subnet creation events.
2026-07-22 23:16:06.441 9 INFO neutron.wsgi [None req-cfbd6c74-03f1-450c-8552-57e37ade9d10 d9151e1f389d486190ebb9ea2e2657be 56a3ead74a7a45d18ffce4a6a6f95c60 - - default default] 10.0.0.158 "DELETE /v2.0/routers/a8155303-107b-40e6-8e64-02e0b04902b7 HTTP/1.1" status: 204 len: 168 time: 0.2630794
2026-07-22 23:16:06.631 9 INFO neutron.wsgi [None req-669dded4-5bb9-4705-bbe9-bef8193ff581 d9151e1f389d486190ebb9ea2e2657be 56a3ead74a7a45d18ffce4a6a6f95c60 - - default default] 10.0.0.158 "DELETE /v2.0/subnets/d3b37da7-ac69-45ac-9006-2892001ebce9 HTTP/1.1" status: 204 len: 168 time: 0.1846447
2026-07-22 23:16:06.817 9 INFO neutron.wsgi [None req-289ed433-02bc-40c4-b286-0bf4fc14cd8e d9151e1f389d486190ebb9ea2e2657be 56a3ead74a7a45d18ffce4a6a6f95c60 - - default default] 10.0.0.158 "DELETE /v2.0/subnets/1fd4269d-edea-41c3-a982-a362345996be HTTP/1.1" status: 204 len: 168 time: 0.1819398
2026-07-22 23:16:06.940 10 INFO neutron.db.ovn_revision_numbers_db [None req-499d2bc3-3bc2-4bf3-b8d2-2a679ec0233e a3f184b9fbc24c9993f17aa4e8eccc4f ecfa8ef3faf346a583a21b03c2fa1b73 - - default default] Successfully bumped revision number for resource e4ecf3c5-e43b-42ff-877e-a57c3da1782f (type: ports) to 2
2026-07-22 23:16:06.979 10 INFO neutron.db.ovn_revision_numbers_db [None req-499d2bc3-3bc2-4bf3-b8d2-2a679ec0233e a3f184b9fbc24c9993f17aa4e8eccc4f ecfa8ef3faf346a583a21b03c2fa1b73 - - default default] Successfully bumped revision number for resource def3a2a5-d77d-4ea4-8c1d-62aefd3ed8a0 (type: subnets) to 0
2026-07-22 23:16:07.000 10 INFO neutron.wsgi [None req-499d2bc3-3bc2-4bf3-b8d2-2a679ec0233e a3f184b9fbc24c9993f17aa4e8eccc4f ecfa8ef3faf346a583a21b03c2fa1b73 - - default default] 10.0.0.158 "POST /v2.0/subnets HTTP/1.1" status: 201 len: 801 time: 0.9169610
2026-07-22 23:16:07.013 10 WARNING neutron_lib.context [None req-1d7949cc-168d-4db7-bb72-e64101b972e7 a3f184b9fbc24c9993f17aa4e8eccc4f ecfa8ef3faf346a583a21b03c2fa1b73 - - default default] Method 'is_advsvc' is deprecated since 2023.2 release (neutron-lib 3.8.0) and will be removed once support for the old RBAC API policies will be removed from Neutron. Please use method 'is_service_role' instead.
2026-07-22 23:16:07.231 9 INFO neutron.wsgi [None req-f5008459-bfd6-48f5-ac55-c2a9f81532ba f4f7bbf32d0d4e2b909095443813a7a8 442d027b130746229be12b85873ac0cb - - default default] 10.0.0.158 "GET /v2.0/ports/af9016c7-4fc2-4bdd-8289-a1b7b1e73bdf HTTP/1.1" status: 200 len: 1135 time: 0.0684178
2026-07-22 23:16:07.251 9 WARNING neutron.plugins.ml2.drivers.ovn.mech_driver.ovsdb.ovn_client [None req-fe374d2f-ee0e-4dc5-9e9a-305e21e3287c - - - - - -] No port found with ID df380b40-c56e-447a-bd2d-b6810e1df237: RuntimeError: No port found with ID df380b40-c56e-447a-bd2d-b6810e1df237
2026-07-22 23:16:07.252 9 INFO neutron.plugins.ml2.drivers.ovn.mech_driver.mech_driver [None req-fe374d2f-ee0e-4dc5-9e9a-305e21e3287c - - - - - -] OVN reports status up for port: af9016c7-4fc2-4bdd-8289-a1b7b1e73bdf
2026-07-22 23:16:07.261 9 INFO neutron.plugins.ml2.plugin [None req-fe374d2f-ee0e-4dc5-9e9a-305e21e3287c - - - - - -] Attempt 1 to provision port af9016c7-4fc2-4bdd-8289-a1b7b1e73bdf
2026-07-22 23:16:07.282 9 INFO neutron.wsgi [None req-5bdb7069-f0c9-4d5f-863b-307c45e2e906 d9151e1f389d486190ebb9ea2e2657be 56a3ead74a7a45d18ffce4a6a6f95c60 - - default default] 10.0.0.158 "DELETE /v2.0/networks/5fae5103-6aba-48b0-a989-07cd30b3142d HTTP/1.1" status: 204 len: 168 time: 0.4603460
2026-07-22 23:16:07.366 10 WARNING neutron.scheduler.dhcp_agent_scheduler [None req-1d7949cc-168d-4db7-bb72-e64101b972e7 a3f184b9fbc24c9993f17aa4e8eccc4f ecfa8ef3faf346a583a21b03c2fa1b73 - - default default] No more DHCP agents
2026-07-22 23:16:07.369 10 WARNING neutron.api.rpc.agentnotifiers.dhcp_rpc_agent_api [None req-1d7949cc-168d-4db7-bb72-e64101b972e7 a3f184b9fbc24c9993f17aa4e8eccc4f ecfa8ef3faf346a583a21b03c2fa1b73 - - default default] Unable to schedule network 9fe282c7-d36e-4efb-b27b-ad1fd0b96111: no agents available; will retry on subsequent port and subnet creation events.
2026-07-22 23:16:07.375 9 INFO neutron.services.segments.plugin [-] Segment 92b11a40-cd5a-4661-968e-048535d02282 resource provider aggregate not found
2026-07-22 23:16:07.400 9 INFO neutron.services.segments.plugin [-] Segment 92b11a40-cd5a-4661-968e-048535d02282 resource provider aggregate not found
2026-07-22 23:16:07.403 9 INFO neutron.services.segments.plugin [-] Segment 92b11a40-cd5a-4661-968e-048535d02282 resource provider not found; error: Placement Client Error (4xx): {"errors": [{"status": 404, "title": "Not Found", "detail": "The resource could not be found.\n\n No resource provider with uuid 92b11a40-cd5a-4661-968e-048535d02282 found for delete ", "request_id": "req-1788b8ae-ceac-4556-a1df-2d889969999b"}]}
2026-07-22 23:16:07.415 9 INFO neutron.services.segments.plugin [-] Segment 92b11a40-cd5a-4661-968e-048535d02282 resource provider not found; error: Placement Client Error (4xx): {"errors": [{"status": 404, "title": "Not Found", "detail": "The resource could not be found.\n\n No resource provider with uuid 92b11a40-cd5a-4661-968e-048535d02282 found for delete ", "request_id": "req-a73fd09c-ecde-4e72-ba67-8ecbb5247b09"}]}
2026-07-22 23:16:07.555 10 INFO neutron.db.ovn_revision_numbers_db [None req-1d7949cc-168d-4db7-bb72-e64101b972e7 a3f184b9fbc24c9993f17aa4e8eccc4f ecfa8ef3faf346a583a21b03c2fa1b73 - - default default] Successfully bumped revision number for resource d37270e9-1469-4564-9f3c-823b46a40527 (type: ports) to 1
2026-07-22 23:16:07.585 10 INFO neutron.wsgi [None req-1d7949cc-168d-4db7-bb72-e64101b972e7 a3f184b9fbc24c9993f17aa4e8eccc4f ecfa8ef3faf346a583a21b03c2fa1b73 - - default default] 10.0.0.158 "POST /v2.0/ports HTTP/1.1" status: 201 len: 1114 time: 0.5781107
2026-07-22 23:16:07.832 9 INFO neutron.db.ovn_revision_numbers_db [None req-fe374d2f-ee0e-4dc5-9e9a-305e21e3287c - - - - - -] Successfully bumped revision number for resource af9016c7-4fc2-4bdd-8289-a1b7b1e73bdf (type: ports) to 2
2026-07-22 23:16:07.918 9 INFO neutron.wsgi [None req-4c1a1b88-db5b-47e9-b81d-1ec133ab2a59 d9151e1f389d486190ebb9ea2e2657be 56a3ead74a7a45d18ffce4a6a6f95c60 - - default default] 10.0.0.158 "DELETE /v2.0/networks/0f1f89e9-eade-4657-aa68-1bee4e39fab2 HTTP/1.1" status: 204 len: 168 time: 0.6282740
2026-07-22 23:16:07.937 10 WARNING neutron_lib.context [None req-7ba37475-5328-4705-b30d-a4c05e5d265b d9151e1f389d486190ebb9ea2e2657be 56a3ead74a7a45d18ffce4a6a6f95c60 - - default default] Method 'is_advsvc' is deprecated since 2023.2 release (neutron-lib 3.8.0) and will be removed once support for the old RBAC API policies will be removed from Neutron. Please use method 'is_service_role' instead.
2026-07-22 23:16:08.023 10 INFO neutron.wsgi [None req-41a13624-e1eb-461f-a74a-3ed352213401 a3f184b9fbc24c9993f17aa4e8eccc4f ecfa8ef3faf346a583a21b03c2fa1b73 - - default default] 10.0.0.158 "DELETE /v2.0/ports/d37270e9-1469-4564-9f3c-823b46a40527 HTTP/1.1" status: 204 len: 168 time: 0.4314995
2026-07-22 23:16:08.051 10 INFO neutron.pecan_wsgi.hooks.translation [None req-75bba9bf-4401-4e92-bf8d-c5235563b58c a3f184b9fbc24c9993f17aa4e8eccc4f ecfa8ef3faf346a583a21b03c2fa1b73 - - default default] GET failed (client error): The resource could not be found.
2026-07-22 23:16:08.053 10 INFO neutron.wsgi [None req-75bba9bf-4401-4e92-bf8d-c5235563b58c a3f184b9fbc24c9993f17aa4e8eccc4f ecfa8ef3faf346a583a21b03c2fa1b73 - - default default] 10.0.0.158 "GET /v2.0/ports/d37270e9-1469-4564-9f3c-823b46a40527 HTTP/1.1" status: 404 len: 333 time: 0.0222869
2026-07-22 23:16:08.056 10 INFO neutron.db.segments_db [None req-7ba37475-5328-4705-b30d-a4c05e5d265b d9151e1f389d486190ebb9ea2e2657be 56a3ead74a7a45d18ffce4a6a6f95c60 - - default default] Added segment 4c1400fb-3924-4c81-88ff-5256a0705dab of type geneve for network 7a9edb93-a351-47c2-8aac-f55f512ae29e
2026-07-22 23:16:08.200 9 INFO neutron.db.ovn_revision_numbers_db [None req-fe374d2f-ee0e-4dc5-9e9a-305e21e3287c - - - - - -] Successfully bumped revision number for resource af9016c7-4fc2-4bdd-8289-a1b7b1e73bdf (type: router_ports) to 2
2026-07-22 23:16:08.301 9 INFO neutron.wsgi [None req-4fc5b0c9-e2bd-43d3-82f5-85868ee58442 f4f7bbf32d0d4e2b909095443813a7a8 442d027b130746229be12b85873ac0cb - - default default] 10.0.0.158 "GET /v2.0/ports/af9016c7-4fc2-4bdd-8289-a1b7b1e73bdf HTTP/1.1" status: 200 len: 1137 time: 0.0619912
2026-07-22 23:16:08.481 10 INFO neutron.db.ovn_revision_numbers_db [None req-7ba37475-5328-4705-b30d-a4c05e5d265b d9151e1f389d486190ebb9ea2e2657be 56a3ead74a7a45d18ffce4a6a6f95c60 - - default default] Successfully bumped revision number for resource 7a9edb93-a351-47c2-8aac-f55f512ae29e (type: networks) to 1
2026-07-22 23:16:08.582 10 INFO neutron.wsgi [None req-2ffef3ce-1ad6-4b1c-b646-220125e0496b a3f184b9fbc24c9993f17aa4e8eccc4f ecfa8ef3faf346a583a21b03c2fa1b73 - - default default] 10.0.0.158 "DELETE /v2.0/subnets/def3a2a5-d77d-4ea4-8c1d-62aefd3ed8a0 HTTP/1.1" status: 204 len: 168 time: 0.5216479
2026-07-22 23:16:08.666 10 WARNING neutron.scheduler.dhcp_agent_scheduler [None req-7ba37475-5328-4705-b30d-a4c05e5d265b d9151e1f389d486190ebb9ea2e2657be 56a3ead74a7a45d18ffce4a6a6f95c60 - - default default] No more DHCP agents
2026-07-22 23:16:08.670 10 WARNING neutron.api.rpc.agentnotifiers.dhcp_rpc_agent_api [None req-7ba37475-5328-4705-b30d-a4c05e5d265b d9151e1f389d486190ebb9ea2e2657be 56a3ead74a7a45d18ffce4a6a6f95c60 - - default default] Unable to schedule network 7a9edb93-a351-47c2-8aac-f55f512ae29e: no agents available; will retry on subsequent port and subnet creation events.
2026-07-22 23:16:08.755 10 INFO neutron.db.ovn_revision_numbers_db [None req-7ba37475-5328-4705-b30d-a4c05e5d265b d9151e1f389d486190ebb9ea2e2657be 56a3ead74a7a45d18ffce4a6a6f95c60 - - default default] Successfully bumped revision number for resource fa2ffdad-6455-48da-93af-96c74c936c0e (type: ports) to 1
2026-07-22 23:16:08.776 10 INFO neutron.wsgi [None req-7ba37475-5328-4705-b30d-a4c05e5d265b d9151e1f389d486190ebb9ea2e2657be 56a3ead74a7a45d18ffce4a6a6f95c60 - - default default] 10.0.0.158 "POST /v2.0/networks HTTP/1.1" status: 201 len: 832 time: 0.8502152
2026-07-22 23:16:08.786 10 WARNING neutron_lib.context [None req-68721240-be76-4029-bc60-858e8a81f2e5 d9151e1f389d486190ebb9ea2e2657be 56a3ead74a7a45d18ffce4a6a6f95c60 - - default default] Method 'is_advsvc' is deprecated since 2023.2 release (neutron-lib 3.8.0) and will be removed once support for the old RBAC API policies will be removed from Neutron. Please use method 'is_service_role' instead.
2026-07-22 23:16:09.000 10 WARNING neutron.scheduler.dhcp_agent_scheduler [None req-68721240-be76-4029-bc60-858e8a81f2e5 d9151e1f389d486190ebb9ea2e2657be 56a3ead74a7a45d18ffce4a6a6f95c60 - - default default] No more DHCP agents
2026-07-22 23:16:09.001 10 WARNING neutron.api.rpc.agentnotifiers.dhcp_rpc_agent_api [None req-68721240-be76-4029-bc60-858e8a81f2e5 d9151e1f389d486190ebb9ea2e2657be 56a3ead74a7a45d18ffce4a6a6f95c60 - - default default] Unable to schedule network 7a9edb93-a351-47c2-8aac-f55f512ae29e: no agents available; will retry on subsequent port and subnet creation events.
2026-07-22 23:16:09.032 10 INFO neutron.db.ovn_revision_numbers_db [None req-68721240-be76-4029-bc60-858e8a81f2e5 d9151e1f389d486190ebb9ea2e2657be 56a3ead74a7a45d18ffce4a6a6f95c60 - - default default] Successfully bumped revision number for resource bcf2a315-20f2-4cc8-bb00-a78ebb5e2bf0 (type: subnets) to 0
2026-07-22 23:16:09.047 10 INFO neutron.wsgi [None req-68721240-be76-4029-bc60-858e8a81f2e5 d9151e1f389d486190ebb9ea2e2657be 56a3ead74a7a45d18ffce4a6a6f95c60 - - default default] 10.0.0.158 "POST /v2.0/subnets HTTP/1.1" status: 201 len: 821 time: 0.2657385
2026-07-22 23:16:09.060 10 WARNING neutron_lib.context [None req-e609d6f0-69ee-4560-94dd-3b5331bd6e73 d9151e1f389d486190ebb9ea2e2657be 56a3ead74a7a45d18ffce4a6a6f95c60 - - default default] Method 'is_advsvc' is deprecated since 2023.2 release (neutron-lib 3.8.0) and will be removed once support for the old RBAC API policies will be removed from Neutron. Please use method 'is_service_role' instead.
2026-07-22 23:16:09.137 9 INFO neutron.wsgi [None req-6ebf2811-defe-4176-bf34-c8dc5ec6f4eb f4f7bbf32d0d4e2b909095443813a7a8 442d027b130746229be12b85873ac0cb - - default default] 10.0.0.158 "PUT /v2.0/routers/b235e52c-e105-44cb-8112-c51b11105407/remove_router_interface HTTP/1.1" status: 200 len: 503 time: 0.8240449 /var/lib/openstack/lib/python3.10/site-packages/pycadf/identifier.py:71: UserWarning: Invalid uuid: neutron. To ensure interoperability, identifiers should be a valid uuid. warnings.warn(('Invalid uuid: %s. To ensure interoperability, '
2026-07-22 23:16:09.163 9 INFO neutron.wsgi [None req-7a9adf05-eea6-42f5-ab64-a6a9793f7e20 f4f7bbf32d0d4e2b909095443813a7a8 442d027b130746229be12b85873ac0cb - - default default] 10.0.0.158 "GET /v2.0/ports?device_id=b235e52c-e105-44cb-8112-c51b11105407 HTTP/1.1" status: 200 len: 205 time: 0.0216699
2026-07-22 23:16:09.180 9 INFO neutron.wsgi [None req-c1061a2c-6cd8-40a0-b43b-7f38e7af13bd a3f184b9fbc24c9993f17aa4e8eccc4f ecfa8ef3faf346a583a21b03c2fa1b73 - - default default] 10.0.0.158 "DELETE /v2.0/networks/9fe282c7-d36e-4efb-b27b-ad1fd0b96111 HTTP/1.1" status: 204 len: 168 time: 0.5924263
2026-07-22 23:16:09.193 10 WARNING neutron_lib.context [None req-3b44f70f-9315-4fe4-a577-b9159b812b05 a3f184b9fbc24c9993f17aa4e8eccc4f ecfa8ef3faf346a583a21b03c2fa1b73 - - default default] Method 'is_advsvc' is deprecated since 2023.2 release (neutron-lib 3.8.0) and will be removed once support for the old RBAC API policies will be removed from Neutron. Please use method 'is_service_role' instead.
2026-07-22 23:16:09.252 10 INFO neutron.db.ovn_revision_numbers_db [None req-e609d6f0-69ee-4560-94dd-3b5331bd6e73 d9151e1f389d486190ebb9ea2e2657be 56a3ead74a7a45d18ffce4a6a6f95c60 - - default default] Successfully bumped revision number for resource a714e743-e405-45b7-8cc5-976981706e3b (type: routers) to 1
2026-07-22 23:16:09.268 10 INFO neutron.wsgi [None req-e609d6f0-69ee-4560-94dd-3b5331bd6e73 d9151e1f389d486190ebb9ea2e2657be 56a3ead74a7a45d18ffce4a6a6f95c60 - - default default] 10.0.0.158 "POST /v2.0/routers HTTP/1.1" status: 201 len: 806 time: 0.2140868
2026-07-22 23:16:09.279 10 WARNING neutron_lib.context [None req-4398753e-5e33-4281-9cd4-41a538754354 d9151e1f389d486190ebb9ea2e2657be 56a3ead74a7a45d18ffce4a6a6f95c60 - - default default] Method 'is_advsvc' is deprecated since 2023.2 release (neutron-lib 3.8.0) and will be removed once support for the old RBAC API policies will be removed from Neutron. Please use method 'is_service_role' instead.
2026-07-22 23:16:09.418 9 INFO neutron.wsgi [None req-2b8bb59f-5892-4395-92ca-e3c53a3be14f f4f7bbf32d0d4e2b909095443813a7a8 442d027b130746229be12b85873ac0cb - - default default] 10.0.0.158 "DELETE /v2.0/routers/b235e52c-e105-44cb-8112-c51b11105407 HTTP/1.1" status: 204 len: 168 time: 0.2504714
2026-07-22 23:16:09.424 9 INFO neutron.services.segments.plugin [-] Segment 0bac29b7-b6fc-4009-97d4-0c8d414bfebc resource provider aggregate not found
2026-07-22 23:16:09.445 9 INFO neutron.services.segments.plugin [-] Segment 0bac29b7-b6fc-4009-97d4-0c8d414bfebc resource provider aggregate not found
2026-07-22 23:16:09.450 9 INFO neutron.services.segments.plugin [-] Segment 0bac29b7-b6fc-4009-97d4-0c8d414bfebc resource provider not found; error: Placement Client Error (4xx): {"errors": [{"status": 404, "title": "Not Found", "detail": "The resource could not be found.\n\n No resource provider with uuid 0bac29b7-b6fc-4009-97d4-0c8d414bfebc found for delete ", "request_id": "req-4dd6c1b2-728a-43ac-8c56-4a40a1cc2304"}]}
2026-07-22 23:16:09.463 10 WARNING neutron.plugins.ml2.drivers.ovn.mech_driver.ovsdb.ovn_client [None req-a8bdee5e-8c9c-4de5-8966-45d7ee8c5aef - - - - - -] No port found with ID 4134f182-1d43-40a0-848b-95a843a43d8a: RuntimeError: No port found with ID 4134f182-1d43-40a0-848b-95a843a43d8a
2026-07-22 23:16:09.472 9 INFO neutron.services.segments.plugin [-] Segment 0bac29b7-b6fc-4009-97d4-0c8d414bfebc resource provider not found; error: Placement Client Error (4xx): {"errors": [{"status": 404, "title": "Not Found", "detail": "The resource could not be found.\n\n No resource provider with uuid 0bac29b7-b6fc-4009-97d4-0c8d414bfebc found for delete ", "request_id": "req-cc2d19c0-dc6e-4ee8-a39e-3fa1941631d3"}]}
2026-07-22 23:16:09.476 9 INFO neutron.services.segments.plugin [-] Segment 4dfb986f-10df-42f6-8843-7a39828e76c8 resource provider aggregate not found
2026-07-22 23:16:09.494 9 INFO neutron.services.segments.plugin [-] Segment 4dfb986f-10df-42f6-8843-7a39828e76c8 resource provider not found; error: Placement Client Error (4xx): {"errors": [{"status": 404, "title": "Not Found", "detail": "The resource could not be found.\n\n No resource provider with uuid 4dfb986f-10df-42f6-8843-7a39828e76c8 found for delete ", "request_id": "req-9b07bbd5-f8fb-4de6-b891-bebd3dcdcd45"}]}
2026-07-22 23:16:09.503 9 INFO neutron.services.segments.plugin [-] Segment 4dfb986f-10df-42f6-8843-7a39828e76c8 resource provider aggregate not found
2026-07-22 23:16:09.522 9 INFO neutron.services.segments.plugin [-] Segment 4dfb986f-10df-42f6-8843-7a39828e76c8 resource provider not found; error: Placement Client Error (4xx): {"errors": [{"status": 404, "title": "Not Found", "detail": "The resource could not be found.\n\n No resource provider with uuid 4dfb986f-10df-42f6-8843-7a39828e76c8 found for delete ", "request_id": "req-4c9bbb65-9944-469b-b547-94d5a7257ec2"}]}
2026-07-22 23:16:09.554 10 WARNING neutron.scheduler.dhcp_agent_scheduler [None req-3b44f70f-9315-4fe4-a577-b9159b812b05 a3f184b9fbc24c9993f17aa4e8eccc4f ecfa8ef3faf346a583a21b03c2fa1b73 - - default default] No more DHCP agents
2026-07-22 23:16:09.559 10 WARNING neutron.api.rpc.agentnotifiers.dhcp_rpc_agent_api [None req-3b44f70f-9315-4fe4-a577-b9159b812b05 a3f184b9fbc24c9993f17aa4e8eccc4f ecfa8ef3faf346a583a21b03c2fa1b73 - - default default] Unable to schedule network fdc4f372-61ed-4122-8d0b-dcfe6c2c9a25: no agents available; will retry on subsequent port and subnet creation events.
2026-07-22 23:16:09.675 9 INFO neutron.wsgi [None req-a84e3902-c191-4f71-a078-8b62d94f464f f4f7bbf32d0d4e2b909095443813a7a8 442d027b130746229be12b85873ac0cb - - default default] 10.0.0.158 "DELETE /v2.0/subnets/a8fe5416-c28b-45ae-8923-c94665655c78 HTTP/1.1" status: 204 len: 168 time: 0.2466643
2026-07-22 23:16:09.678 10 INFO neutron.db.ovn_revision_numbers_db [None req-3b44f70f-9315-4fe4-a577-b9159b812b05 a3f184b9fbc24c9993f17aa4e8eccc4f ecfa8ef3faf346a583a21b03c2fa1b73 - - default default] Successfully bumped revision number for resource 4eb7fea0-22ab-4474-b8ce-47b584984d65 (type: ports) to 1
2026-07-22 23:16:09.702 10 INFO neutron.wsgi [None req-3b44f70f-9315-4fe4-a577-b9159b812b05 a3f184b9fbc24c9993f17aa4e8eccc4f ecfa8ef3faf346a583a21b03c2fa1b73 - - default default] 10.0.0.158 "POST /v2.0/ports HTTP/1.1" status: 201 len: 974 time: 0.5141222
2026-07-22 23:16:09.722 10 WARNING neutron.scheduler.dhcp_agent_scheduler [None req-4398753e-5e33-4281-9cd4-41a538754354 d9151e1f389d486190ebb9ea2e2657be 56a3ead74a7a45d18ffce4a6a6f95c60 - - default default] No more DHCP agents
2026-07-22 23:16:09.724 10 WARNING neutron.api.rpc.agentnotifiers.dhcp_rpc_agent_api [None req-4398753e-5e33-4281-9cd4-41a538754354 d9151e1f389d486190ebb9ea2e2657be 56a3ead74a7a45d18ffce4a6a6f95c60 - - default default] Unable to schedule network 7a9edb93-a351-47c2-8aac-f55f512ae29e: no agents available; will retry on subsequent port and subnet creation events.
2026-07-22 23:16:09.838 10 INFO neutron.db.ovn_revision_numbers_db [None req-4398753e-5e33-4281-9cd4-41a538754354 d9151e1f389d486190ebb9ea2e2657be 56a3ead74a7a45d18ffce4a6a6f95c60 - - default default] Successfully bumped revision number for resource 233b3f15-68bf-4422-9b74-d1d1a8bfc202 (type: ports) to 1
2026-07-22 23:16:09.869 10 INFO neutron.wsgi [None req-4398753e-5e33-4281-9cd4-41a538754354 d9151e1f389d486190ebb9ea2e2657be 56a3ead74a7a45d18ffce4a6a6f95c60 - - default default] 10.0.0.158 "POST /v2.0/ports HTTP/1.1" status: 201 len: 1163 time: 0.5931501 /var/lib/openstack/lib/python3.10/site-packages/pycadf/identifier.py:71: UserWarning: Invalid uuid: neutron. To ensure interoperability, identifiers should be a valid uuid. warnings.warn(('Invalid uuid: %s. To ensure interoperability, '
2026-07-22 23:16:10.082 9 INFO neutron.db.ovn_revision_numbers_db [None req-59b185d8-9968-475d-b85d-5e45b283c200 a3f184b9fbc24c9993f17aa4e8eccc4f ecfa8ef3faf346a583a21b03c2fa1b73 - - default default] Successfully bumped revision number for resource 4eb7fea0-22ab-4474-b8ce-47b584984d65 (type: ports) to 2
2026-07-22 23:16:10.110 9 INFO neutron.wsgi [None req-59b185d8-9968-475d-b85d-5e45b283c200 a3f184b9fbc24c9993f17aa4e8eccc4f ecfa8ef3faf346a583a21b03c2fa1b73 - - default default] 10.0.0.158 "PUT /v2.0/ports/4eb7fea0-22ab-4474-b8ce-47b584984d65 HTTP/1.1" status: 200 len: 946 time: 0.4021041
2026-07-22 23:16:10.243 9 INFO neutron.wsgi [None req-e869f8ee-2f0f-44c3-9c6c-fae9e0762bf1 f4f7bbf32d0d4e2b909095443813a7a8 442d027b130746229be12b85873ac0cb - - default default] 10.0.0.158 "DELETE /v2.0/networks/96ff27eb-95bf-46f0-a52d-8c463420e000 HTTP/1.1" status: 204 len: 168 time: 0.5636060
2026-07-22 23:16:10.258 10 WARNING neutron_lib.context [None req-fab34053-1c96-4539-b8b5-17c8950749a0 f4f7bbf32d0d4e2b909095443813a7a8 442d027b130746229be12b85873ac0cb - - default default] Method 'is_advsvc' is deprecated since 2023.2 release (neutron-lib 3.8.0) and will be removed once support for the old RBAC API policies will be removed from Neutron. Please use method 'is_service_role' instead. /var/lib/openstack/lib/python3.10/site-packages/pycadf/identifier.py:71: UserWarning: Invalid uuid: neutron. To ensure interoperability, identifiers should be a valid uuid. warnings.warn(('Invalid uuid: %s. To ensure interoperability, '
2026-07-22 23:16:10.390 9 INFO neutron.wsgi [req-309e41ea-1260-4ab8-9139-a142f873a5cc req-056d889c-072d-4003-bdb0-e40db74370e1 38b7af1608ab41288e45d13e552b4b4c 9e638baa87ad423dac194c8e5e228763 - - abae589cee0a4341a3424b5ec21a2a36 abae589cee0a4341a3424b5ec21a2a36] 10.0.0.165 "GET /v2.0/ports?device_id=76d1ac90-dece-474b-bd86-03d6a7623b90 HTTP/1.1" status: 200 len: 1413 time: 0.1671016
2026-07-22 23:16:10.450 9 INFO neutron.wsgi [req-309e41ea-1260-4ab8-9139-a142f873a5cc req-581d2399-4230-4061-b83c-255c1499f019 38b7af1608ab41288e45d13e552b4b4c 9e638baa87ad423dac194c8e5e228763 - - abae589cee0a4341a3424b5ec21a2a36 abae589cee0a4341a3424b5ec21a2a36] 10.0.0.165 "GET /v2.0/security-groups?id=78788d9b-b3ce-48d2-a5bf-2f231bb6e839&fields=id&fields=name HTTP/1.1" status: 200 len: 311 time: 0.0479031
2026-07-22 23:16:10.536 10 ERROR ovsdbapp.backend.ovs_idl.command [None req-5c87f48e-7023-4e6a-b49e-b99e87073a59 d9151e1f389d486190ebb9ea2e2657be 56a3ead74a7a45d18ffce4a6a6f95c60 - - default default] Error executing command (DbGetCommand): ovsdbapp.backend.ovs_idl.idlutils.RowNotFound: Cannot find Logical_Router_Port with name=lrp-233b3f15-68bf-4422-9b74-d1d1a8bfc202
2026-07-22 23:16:10.536 10 ERROR ovsdbapp.backend.ovs_idl.command
Traceback (most recent call last):
2026-07-22 23:16:10.536 10 ERROR ovsdbapp.backend.ovs_idl.command
File "/var/lib/openstack/lib/python3.10/site-packages/ovsdbapp/backend/ovs_idl/command.py", line 47, in execute
2026-07-22 23:16:10.536 10 ERROR ovsdbapp.backend.ovs_idl.command self.run_idl(None)
2026-07-22 23:16:10.536 10 ERROR ovsdbapp.backend.ovs_idl.command
File "/var/lib/openstack/lib/python3.10/site-packages/ovsdbapp/backend/ovs_idl/command.py", line 235, in run_idl
2026-07-22 23:16:10.536 10 ERROR ovsdbapp.backend.ovs_idl.command record = self.api.lookup(self.table, self.record)
2026-07-22 23:16:10.536 10 ERROR ovsdbapp.backend.ovs_idl.command
File "/var/lib/openstack/lib/python3.10/site-packages/ovsdbapp/backend/ovs_idl/__init__.py", line 184, in lookup
2026-07-22 23:16:10.536 10 ERROR ovsdbapp.backend.ovs_idl.command return self._lookup(table, record)
2026-07-22 23:16:10.536 10 ERROR ovsdbapp.backend.ovs_idl.command
File "/var/lib/openstack/lib/python3.10/site-packages/ovsdbapp/backend/ovs_idl/__init__.py", line 235, in _lookup
2026-07-22 23:16:10.536 10 ERROR ovsdbapp.backend.ovs_idl.command row = idlutils.row_by_value(self, rl.table, rl.column, record)
2026-07-22 23:16:10.536 10 ERROR ovsdbapp.backend.ovs_idl.command
File "/var/lib/openstack/lib/python3.10/site-packages/ovsdbapp/backend/ovs_idl/idlutils.py", line 114, in row_by_value
2026-07-22 23:16:10.536 10 ERROR ovsdbapp.backend.ovs_idl.command raise RowNotFound(table=table, col=column, match=match)
2026-07-22 23:16:10.536 10 ERROR ovsdbapp.backend.ovs_idl.command ovsdbapp.backend.ovs_idl.idlutils.RowNotFound: Cannot find Logical_Router_Port with name=lrp-233b3f15-68bf-4422-9b74-d1d1a8bfc202
2026-07-22 23:16:10.536 10 ERROR ovsdbapp.backend.ovs_idl.command 
2026-07-22 23:16:10.537 10 ERROR neutron_lib.callbacks.manager [None req-5c87f48e-7023-4e6a-b49e-b99e87073a59 d9151e1f389d486190ebb9ea2e2657be 56a3ead74a7a45d18ffce4a6a6f95c60 - - default default] Error during notification for neutron.services.ovn_l3.plugin.OVNL3RouterPlugin._port_update-8726360469222 port, after_update: ovsdbapp.backend.ovs_idl.idlutils.RowNotFound: Cannot find Logical_Router_Port with name=lrp-233b3f15-68bf-4422-9b74-d1d1a8bfc202
2026-07-22 23:16:10.537 10 ERROR neutron_lib.callbacks.manager
Traceback (most recent call last):
2026-07-22 23:16:10.537 10 ERROR neutron_lib.callbacks.manager
File "/var/lib/openstack/lib/python3.10/site-packages/neutron_lib/callbacks/manager.py", line 189, in _notify_loop
2026-07-22 23:16:10.537 10 ERROR neutron_lib.callbacks.manager callback.method(resource, event, trigger, payload=payload)
2026-07-22 23:16:10.537 10 ERROR neutron_lib.callbacks.manager
File "/var/lib/openstack/lib/python3.10/site-packages/neutron/services/ovn_l3/plugin.py", line 391, in _port_update
2026-07-22 23:16:10.537 10 ERROR neutron_lib.callbacks.manager l3plugin._ovn_client.update_router_port(context,
2026-07-22 23:16:10.537 10 ERROR neutron_lib.callbacks.manager
File "/var/lib/openstack/lib/python3.10/site-packages/neutron/plugins/ml2/drivers/ovn/mech_driver/ovsdb/ovn_client.py", line 1878, in update_router_port
2026-07-22 23:16:10.537 10 ERROR neutron_lib.callbacks.manager self._update_lrouter_port(context, port, if_exists=if_exists,
2026-07-22 23:16:10.537 10 ERROR neutron_lib.callbacks.manager
File "/var/lib/openstack/lib/python3.10/site-packages/neutron/plugins/ml2/drivers/ovn/mech_driver/ovsdb/ovn_client.py", line 1855, in _update_lrouter_port
2026-07-22 23:16:10.537 10 ERROR neutron_lib.callbacks.manager external_ids = self._nb_idl.db_get(
2026-07-22 23:16:10.537 10 ERROR neutron_lib.callbacks.manager
File "/var/lib/openstack/lib/python3.10/site-packages/ovsdbapp/backend/ovs_idl/command.py", line 47, in execute
2026-07-22 23:16:10.537 10 ERROR neutron_lib.callbacks.manager self.run_idl(None)
2026-07-22 23:16:10.537 10 ERROR neutron_lib.callbacks.manager
File "/var/lib/openstack/lib/python3.10/site-packages/ovsdbapp/backend/ovs_idl/command.py", line 235, in run_idl
2026-07-22 23:16:10.537 10 ERROR neutron_lib.callbacks.manager record = self.api.lookup(self.table, self.record)
2026-07-22 23:16:10.537 10 ERROR neutron_lib.callbacks.manager
File "/var/lib/openstack/lib/python3.10/site-packages/ovsdbapp/backend/ovs_idl/__init__.py", line 184, in lookup
2026-07-22 23:16:10.537 10 ERROR neutron_lib.callbacks.manager return self._lookup(table, record)
2026-07-22 23:16:10.537 10 ERROR neutron_lib.callbacks.manager
File "/var/lib/openstack/lib/python3.10/site-packages/ovsdbapp/backend/ovs_idl/__init__.py", line 235, in _lookup
2026-07-22 23:16:10.537 10 ERROR neutron_lib.callbacks.manager row = idlutils.row_by_value(self, rl.table, rl.column, record)
2026-07-22 23:16:10.537 10 ERROR neutron_lib.callbacks.manager
File "/var/lib/openstack/lib/python3.10/site-packages/ovsdbapp/backend/ovs_idl/idlutils.py", line 114, in row_by_value
2026-07-22 23:16:10.537 10 ERROR neutron_lib.callbacks.manager raise RowNotFound(table=table, col=column, match=match)
2026-07-22 23:16:10.537 10 ERROR neutron_lib.callbacks.manager ovsdbapp.backend.ovs_idl.idlutils.RowNotFound: Cannot find Logical_Router_Port with name=lrp-233b3f15-68bf-4422-9b74-d1d1a8bfc202
2026-07-22 23:16:10.537 10 ERROR neutron_lib.callbacks.manager 
2026-07-22 23:16:10.789 10 INFO neutron.wsgi [None req-595fe532-b46e-4ab1-b095-f6f181fa8c0c a3f184b9fbc24c9993f17aa4e8eccc4f ecfa8ef3faf346a583a21b03c2fa1b73 - - default default] 10.0.0.158 "DELETE /v2.0/ports/4eb7fea0-22ab-4474-b8ce-47b584984d65 HTTP/1.1" status: 204 len: 168 time: 0.6707203
2026-07-22 23:16:10.816 10 INFO neutron.db.ovn_revision_numbers_db [None req-5c87f48e-7023-4e6a-b49e-b99e87073a59 d9151e1f389d486190ebb9ea2e2657be 56a3ead74a7a45d18ffce4a6a6f95c60 - - default default] Successfully bumped revision number for resource 233b3f15-68bf-4422-9b74-d1d1a8bfc202 (type: ports) to 2
2026-07-22 23:16:10.900 9 INFO neutron.wsgi [None req-95a64fa9-284b-4331-af7d-c6333011ffd0 a3f184b9fbc24c9993f17aa4e8eccc4f ecfa8ef3faf346a583a21b03c2fa1b73 - - default default] 10.0.0.158 "GET /v2.0/ports HTTP/1.1" status: 200 len: 1729 time: 0.1067894
2026-07-22 23:16:10.930 9 INFO neutron.pecan_wsgi.hooks.translation [None req-5588917d-20b5-43e9-8969-198ef2fc0a80 a3f184b9fbc24c9993f17aa4e8eccc4f ecfa8ef3faf346a583a21b03c2fa1b73 - - default default] GET failed (client error): The resource could not be found.
2026-07-22 23:16:10.932 9 INFO neutron.wsgi [None req-5588917d-20b5-43e9-8969-198ef2fc0a80 a3f184b9fbc24c9993f17aa4e8eccc4f ecfa8ef3faf346a583a21b03c2fa1b73 - - default default] 10.0.0.158 "GET /v2.0/ports/4eb7fea0-22ab-4474-b8ce-47b584984d65 HTTP/1.1" status: 404 len: 333 time: 0.0224986
2026-07-22 23:16:10.989 9 INFO neutron.wsgi [None req-76678a6b-3286-43ad-bb0c-7715360caf25 a3f184b9fbc24c9993f17aa4e8eccc4f ecfa8ef3faf346a583a21b03c2fa1b73 - - default default] 10.0.0.158 "GET /v2.0/ports HTTP/1.1" status: 200 len: 1729 time: 0.0509918
2026-07-22 23:16:11.031 9 INFO neutron.wsgi [None req-4e433bda-a255-4299-8d32-d5d3af68720e a3f184b9fbc24c9993f17aa4e8eccc4f ecfa8ef3faf346a583a21b03c2fa1b73 - - default default] 10.0.0.158 "GET /v2.0/ports/fa493156-4291-4473-ae72-789d55a65573 HTTP/1.1" status: 200 len: 969 time: 0.0359030
2026-07-22 23:16:11.054 9 INFO neutron.pecan_wsgi.hooks.translation [None req-f546ddb1-ba52-4358-ab2b-ffd296451189 a3f184b9fbc24c9993f17aa4e8eccc4f ecfa8ef3faf346a583a21b03c2fa1b73 - - default default] DELETE failed (client error): The resource could not be found.
2026-07-22 23:16:11.057 9 INFO neutron.wsgi [None req-f546ddb1-ba52-4358-ab2b-ffd296451189 a3f184b9fbc24c9993f17aa4e8eccc4f ecfa8ef3faf346a583a21b03c2fa1b73 - - default default] 10.0.0.158 "DELETE /v2.0/ports/d37270e9-1469-4564-9f3c-823b46a40527 HTTP/1.1" status: 404 len: 333 time: 0.0208600
2026-07-22 23:16:11.086 9 INFO neutron.pecan_wsgi.hooks.translation [None req-444895e3-1e54-4497-a9aa-86259e769c51 a3f184b9fbc24c9993f17aa4e8eccc4f ecfa8ef3faf346a583a21b03c2fa1b73 - - default default] DELETE failed (client error): The resource could not be found.
2026-07-22 23:16:11.089 9 INFO neutron.wsgi [None req-444895e3-1e54-4497-a9aa-86259e769c51 a3f184b9fbc24c9993f17aa4e8eccc4f ecfa8ef3faf346a583a21b03c2fa1b73 - - default default] 10.0.0.158 "DELETE /v2.0/subnets/def3a2a5-d77d-4ea4-8c1d-62aefd3ed8a0 HTTP/1.1" status: 404 len: 337 time: 0.0280101
2026-07-22 23:16:11.111 9 INFO neutron.pecan_wsgi.hooks.translation [None req-4361d50e-4f75-4521-97a2-6e373aa29fa4 a3f184b9fbc24c9993f17aa4e8eccc4f ecfa8ef3faf346a583a21b03c2fa1b73 - - default default] DELETE failed (client error): The resource could not be found.
2026-07-22 23:16:11.115 9 INFO neutron.wsgi [None req-4361d50e-4f75-4521-97a2-6e373aa29fa4 a3f184b9fbc24c9993f17aa4e8eccc4f ecfa8ef3faf346a583a21b03c2fa1b73 - - default default] 10.0.0.158 "DELETE /v2.0/subnets/45843be1-3ae5-450c-8579-47581afddea2 HTTP/1.1" status: 404 len: 337 time: 0.0205173
2026-07-22 23:16:11.285 10 WARNING neutron.scheduler.dhcp_agent_scheduler [None req-fab34053-1c96-4539-b8b5-17c8950749a0 f4f7bbf32d0d4e2b909095443813a7a8 442d027b130746229be12b85873ac0cb - - default default] No more DHCP agents
2026-07-22 23:16:11.290 10 WARNING neutron.api.rpc.agentnotifiers.dhcp_rpc_agent_api [None req-fab34053-1c96-4539-b8b5-17c8950749a0 f4f7bbf32d0d4e2b909095443813a7a8 442d027b130746229be12b85873ac0cb - - default default] Unable to schedule network bf4d9735-a477-438d-a56d-0935727297ff: no agents available; will retry on subsequent port and subnet creation events.
2026-07-22 23:16:11.400 9 INFO neutron.wsgi [None req-cf0a87e8-74cb-414b-8ef6-fc6d51ed77b1 a3f184b9fbc24c9993f17aa4e8eccc4f ecfa8ef3faf346a583a21b03c2fa1b73 - - default default] 10.0.0.158 "DELETE /v2.0/ports/fa493156-4291-4473-ae72-789d55a65573 HTTP/1.1" status: 204 len: 168 time: 0.2799704
2026-07-22 23:16:11.503 10 INFO neutron.db.ovn_revision_numbers_db [None req-fab34053-1c96-4539-b8b5-17c8950749a0 f4f7bbf32d0d4e2b909095443813a7a8 442d027b130746229be12b85873ac0cb - - default default] Successfully bumped revision number for resource 4bc91467-6e77-478a-b9f0-64b8d246a83b (type: ports) to 1
2026-07-22 23:16:11.529 9 INFO neutron.services.segments.plugin [-] Segment dd8d0b5f-f04e-4fd2-bef7-331b2daccb43 resource provider aggregate not found
2026-07-22 23:16:11.553 9 INFO neutron.services.segments.plugin [-] Segment dd8d0b5f-f04e-4fd2-bef7-331b2daccb43 resource provider aggregate not found
2026-07-22 23:16:11.557 9 INFO neutron.services.segments.plugin [-] Segment dd8d0b5f-f04e-4fd2-bef7-331b2daccb43 resource provider not found; error: Placement Client Error (4xx): {"errors": [{"status": 404, "title": "Not Found", "detail": "The resource could not be found.\n\n No resource provider with uuid dd8d0b5f-f04e-4fd2-bef7-331b2daccb43 found for delete ", "request_id": "req-4ab822a5-8979-44ca-9a21-a60e36dae0fc"}]}
2026-07-22 23:16:11.573 9 INFO neutron.services.segments.plugin [-] Segment dd8d0b5f-f04e-4fd2-bef7-331b2daccb43 resource provider not found; error: Placement Client Error (4xx): {"errors": [{"status": 404, "title": "Not Found", "detail": "The resource could not be found.\n\n No resource provider with uuid dd8d0b5f-f04e-4fd2-bef7-331b2daccb43 found for delete ", "request_id": "req-07c8b980-cb50-4150-a858-c5db2d681e39"}]}
2026-07-22 23:16:11.718 10 ERROR ovsdbapp.backend.ovs_idl.command [None req-5c87f48e-7023-4e6a-b49e-b99e87073a59 d9151e1f389d486190ebb9ea2e2657be 56a3ead74a7a45d18ffce4a6a6f95c60 - - default default] Error executing command (DbGetCommand): ovsdbapp.backend.ovs_idl.idlutils.RowNotFound: Cannot find Logical_Router_Port with name=lrp-233b3f15-68bf-4422-9b74-d1d1a8bfc202
2026-07-22 23:16:11.718 10 ERROR ovsdbapp.backend.ovs_idl.command
Traceback (most recent call last):
2026-07-22 23:16:11.718 10 ERROR ovsdbapp.backend.ovs_idl.command
File "/var/lib/openstack/lib/python3.10/site-packages/ovsdbapp/backend/ovs_idl/command.py", line 47, in execute
2026-07-22 23:16:11.718 10 ERROR ovsdbapp.backend.ovs_idl.command self.run_idl(None)
2026-07-22 23:16:11.718 10 ERROR ovsdbapp.backend.ovs_idl.command
File "/var/lib/openstack/lib/python3.10/site-packages/ovsdbapp/backend/ovs_idl/command.py", line 235, in run_idl
2026-07-22 23:16:11.718 10 ERROR ovsdbapp.backend.ovs_idl.command record = self.api.lookup(self.table, self.record)
2026-07-22 23:16:11.718 10 ERROR ovsdbapp.backend.ovs_idl.command
File "/var/lib/openstack/lib/python3.10/site-packages/ovsdbapp/backend/ovs_idl/__init__.py", line 184, in lookup
2026-07-22 23:16:11.718 10 ERROR ovsdbapp.backend.ovs_idl.command return self._lookup(table, record)
2026-07-22 23:16:11.718 10 ERROR ovsdbapp.backend.ovs_idl.command
File "/var/lib/openstack/lib/python3.10/site-packages/ovsdbapp/backend/ovs_idl/__init__.py", line 235, in _lookup
2026-07-22 23:16:11.718 10 ERROR ovsdbapp.backend.ovs_idl.command row = idlutils.row_by_value(self, rl.table, rl.column, record)
2026-07-22 23:16:11.718 10 ERROR ovsdbapp.backend.ovs_idl.command
File "/var/lib/openstack/lib/python3.10/site-packages/ovsdbapp/backend/ovs_idl/idlutils.py", line 114, in row_by_value
2026-07-22 23:16:11.718 10 ERROR ovsdbapp.backend.ovs_idl.command raise RowNotFound(table=table, col=column, match=match)
2026-07-22 23:16:11.718 10 ERROR ovsdbapp.backend.ovs_idl.command ovsdbapp.backend.ovs_idl.idlutils.RowNotFound: Cannot find Logical_Router_Port with name=lrp-233b3f15-68bf-4422-9b74-d1d1a8bfc202
2026-07-22 23:16:11.718 10 ERROR ovsdbapp.backend.ovs_idl.command 
2026-07-22 23:16:11.719 10 ERROR neutron_lib.callbacks.manager [None req-5c87f48e-7023-4e6a-b49e-b99e87073a59 d9151e1f389d486190ebb9ea2e2657be 56a3ead74a7a45d18ffce4a6a6f95c60 - - default default] Error during notification for neutron.services.ovn_l3.plugin.OVNL3RouterPlugin._port_update-8726360469222 port, after_update: ovsdbapp.backend.ovs_idl.idlutils.RowNotFound: Cannot find Logical_Router_Port with name=lrp-233b3f15-68bf-4422-9b74-d1d1a8bfc202
2026-07-22 23:16:11.719 10 ERROR neutron_lib.callbacks.manager
Traceback (most recent call last):
2026-07-22 23:16:11.719 10 ERROR neutron_lib.callbacks.manager
File "/var/lib/openstack/lib/python3.10/site-packages/neutron_lib/callbacks/manager.py", line 189, in _notify_loop
2026-07-22 23:16:11.719 10 ERROR neutron_lib.callbacks.manager callback.method(resource, event, trigger, payload=payload)
2026-07-22 23:16:11.719 10 ERROR neutron_lib.callbacks.manager
File "/var/lib/openstack/lib/python3.10/site-packages/neutron/services/ovn_l3/plugin.py", line 391, in _port_update
2026-07-22 23:16:11.719 10 ERROR neutron_lib.callbacks.manager l3plugin._ovn_client.update_router_port(context,
2026-07-22 23:16:11.719 10 ERROR neutron_lib.callbacks.manager
File "/var/lib/openstack/lib/python3.10/site-packages/neutron/plugins/ml2/drivers/ovn/mech_driver/ovsdb/ovn_client.py", line 1878, in update_router_port
2026-07-22 23:16:11.719 10 ERROR neutron_lib.callbacks.manager self._update_lrouter_port(context, port, if_exists=if_exists,
2026-07-22 23:16:11.719 10 ERROR neutron_lib.callbacks.manager
File "/var/lib/openstack/lib/python3.10/site-packages/neutron/plugins/ml2/drivers/ovn/mech_driver/ovsdb/ovn_client.py", line 1855, in _update_lrouter_port
2026-07-22 23:16:11.719 10 ERROR neutron_lib.callbacks.manager external_ids = self._nb_idl.db_get(
2026-07-22 23:16:11.719 10 ERROR neutron_lib.callbacks.manager
File "/var/lib/openstack/lib/python3.10/site-packages/ovsdbapp/backend/ovs_idl/command.py", line 47, in execute
2026-07-22 23:16:11.719 10 ERROR neutron_lib.callbacks.manager self.run_idl(None)
2026-07-22 23:16:11.719 10 ERROR neutron_lib.callbacks.manager
File "/var/lib/openstack/lib/python3.10/site-packages/ovsdbapp/backend/ovs_idl/command.py", line 235, in run_idl
2026-07-22 23:16:11.719 10 ERROR neutron_lib.callbacks.manager record = self.api.lookup(self.table, self.record)
2026-07-22 23:16:11.719 10 ERROR neutron_lib.callbacks.manager
File "/var/lib/openstack/lib/python3.10/site-packages/ovsdbapp/backend/ovs_idl/__init__.py", line 184, in lookup
2026-07-22 23:16:11.719 10 ERROR neutron_lib.callbacks.manager return self._lookup(table, record)
2026-07-22 23:16:11.719 10 ERROR neutron_lib.callbacks.manager
File "/var/lib/openstack/lib/python3.10/site-packages/ovsdbapp/backend/ovs_idl/__init__.py", line 235, in _lookup
2026-07-22 23:16:11.719 10 ERROR neutron_lib.callbacks.manager row = idlutils.row_by_value(self, rl.table, rl.column, record)
2026-07-22 23:16:11.719 10 ERROR neutron_lib.callbacks.manager
File "/var/lib/openstack/lib/python3.10/site-packages/ovsdbapp/backend/ovs_idl/idlutils.py", line 114, in row_by_value
2026-07-22 23:16:11.719 10 ERROR neutron_lib.callbacks.manager raise RowNotFound(table=table, col=column, match=match)
2026-07-22 23:16:11.719 10 ERROR neutron_lib.callbacks.manager ovsdbapp.backend.ovs_idl.idlutils.RowNotFound: Cannot find Logical_Router_Port with name=lrp-233b3f15-68bf-4422-9b74-d1d1a8bfc202
2026-07-22 23:16:11.719 10 ERROR neutron_lib.callbacks.manager 
2026-07-22 23:16:11.941 10 INFO neutron.db.ovn_revision_numbers_db [None req-5c87f48e-7023-4e6a-b49e-b99e87073a59 d9151e1f389d486190ebb9ea2e2657be 56a3ead74a7a45d18ffce4a6a6f95c60 - - default default] Successfully bumped revision number for resource 233b3f15-68bf-4422-9b74-d1d1a8bfc202 (type: ports) to 2
2026-07-22 23:16:12.028 10 WARNING neutron.scheduler.dhcp_agent_scheduler [None req-5c87f48e-7023-4e6a-b49e-b99e87073a59 d9151e1f389d486190ebb9ea2e2657be 56a3ead74a7a45d18ffce4a6a6f95c60 - - default default] No more DHCP agents
2026-07-22 23:16:12.028 9 INFO neutron.wsgi [None req-2b1bbc08-9e05-4ff0-bc59-05fc6e148247 a3f184b9fbc24c9993f17aa4e8eccc4f ecfa8ef3faf346a583a21b03c2fa1b73 - - default default] 10.0.0.158 "DELETE /v2.0/networks/fdc4f372-61ed-4122-8d0b-dcfe6c2c9a25 HTTP/1.1" status: 204 len: 168 time: 0.6244757
2026-07-22 23:16:12.029 10 WARNING neutron.api.rpc.agentnotifiers.dhcp_rpc_agent_api [None req-5c87f48e-7023-4e6a-b49e-b99e87073a59 d9151e1f389d486190ebb9ea2e2657be 56a3ead74a7a45d18ffce4a6a6f95c60 - - default default] Unable to schedule network 7a9edb93-a351-47c2-8aac-f55f512ae29e: no agents available; will retry on subsequent port and subnet creation events.
2026-07-22 23:16:12.449 10 INFO neutron.db.ovn_revision_numbers_db [None req-5c87f48e-7023-4e6a-b49e-b99e87073a59 d9151e1f389d486190ebb9ea2e2657be 56a3ead74a7a45d18ffce4a6a6f95c60 - - default default] Successfully bumped revision number for resource 233b3f15-68bf-4422-9b74-d1d1a8bfc202 (type: router_ports) to 2
2026-07-22 23:16:12.453 10 INFO neutron.wsgi [None req-5c87f48e-7023-4e6a-b49e-b99e87073a59 d9151e1f389d486190ebb9ea2e2657be 56a3ead74a7a45d18ffce4a6a6f95c60 - - default default] 10.0.0.158 "PUT /v2.0/routers/a714e743-e405-45b7-8cc5-976981706e3b/add_router_interface HTTP/1.1" status: 200 len: 503 time: 2.5784044
2026-07-22 23:16:12.561 9 INFO neutron.wsgi [None req-05f0a252-19f5-47a9-91cf-f50882bbfd31 d9151e1f389d486190ebb9ea2e2657be 56a3ead74a7a45d18ffce4a6a6f95c60 - - default default] 10.0.0.158 "GET /v2.0/ports/233b3f15-68bf-4422-9b74-d1d1a8bfc202 HTTP/1.1" status: 200 len: 1219 time: 0.1020730
2026-07-22 23:16:12.573 10 INFO neutron.plugins.ml2.drivers.ovn.mech_driver.ovsdb.commands [None req-5ed7c81e-d2d8-4ccd-a4fc-57ec07a3f679 - - - - - -] Schedule LRP lrp-4bc91467-6e77-478a-b9f0-64b8d246a83b on gateway 29c9d2a8-b421-488d-8da2-2727d29b50d3 with priority 1
2026-07-22 23:16:12.621 10 INFO neutron.db.ovn_revision_numbers_db [None req-fab34053-1c96-4539-b8b5-17c8950749a0 f4f7bbf32d0d4e2b909095443813a7a8 442d027b130746229be12b85873ac0cb - - default default] Successfully bumped revision number for resource 4bc91467-6e77-478a-b9f0-64b8d246a83b (type: router_ports) to 1 /var/lib/openstack/lib/python3.10/site-packages/pycadf/identifier.py:71: UserWarning: Invalid uuid: neutron. To ensure interoperability, identifiers should be a valid uuid. warnings.warn(('Invalid uuid: %s. To ensure interoperability, '
2026-07-22 23:16:12.693 10 INFO neutron.db.ovn_revision_numbers_db [None req-fab34053-1c96-4539-b8b5-17c8950749a0 f4f7bbf32d0d4e2b909095443813a7a8 442d027b130746229be12b85873ac0cb - - default default] Successfully bumped revision number for resource 230985ae-c8c7-43ce-a20a-7ef40279837d (type: routers) to 2
2026-07-22 23:16:12.712 10 INFO neutron.wsgi [None req-fab34053-1c96-4539-b8b5-17c8950749a0 f4f7bbf32d0d4e2b909095443813a7a8 442d027b130746229be12b85873ac0cb - - default default] 10.0.0.158 "POST /v2.0/routers HTTP/1.1" status: 201 len: 1146 time: 2.4607172
2026-07-22 23:16:12.720 9 INFO neutron.wsgi [None req-05938a85-d76a-4d28-a4ba-fd9cd781f3fe ebbdda3948f148a492dd875a4ced6796 f2d0a8ebe7d244c18dc84a3e8f1419b4 - - default default] 10.0.0.158 "GET /v2.0/security-groups?tenant_id=ecfa8ef3faf346a583a21b03c2fa1b73&name=default HTTP/1.1" status: 200 len: 3120 time: 0.1479158 /var/lib/openstack/lib/python3.10/site-packages/pycadf/identifier.py:71: UserWarning: Invalid uuid: neutron. To ensure interoperability, identifiers should be a valid uuid. warnings.warn(('Invalid uuid: %s. To ensure interoperability, '
2026-07-22 23:16:12.830 10 INFO neutron.wsgi [None req-a1253152-45da-4192-954a-a2494b3f870f f4f7bbf32d0d4e2b909095443813a7a8 442d027b130746229be12b85873ac0cb - - default default] 10.0.0.158 "GET /v2.0/routers/230985ae-c8c7-43ce-a20a-7ef40279837d HTTP/1.1" status: 200 len: 1147 time: 0.1123285
2026-07-22 23:16:12.975 10 INFO neutron.wsgi [None req-e5184fbd-b29e-4d22-bd5d-e024ea5c6b41 f4f7bbf32d0d4e2b909095443813a7a8 442d027b130746229be12b85873ac0cb - - default default] 10.0.0.158 "GET /v2.0/routers HTTP/1.1" status: 200 len: 1150 time: 0.1379888
2026-07-22 23:16:13.135 10 INFO neutron.wsgi [None req-fb890632-ada2-4f8b-8c4d-69be09bc8722 ebbdda3948f148a492dd875a4ced6796 f2d0a8ebe7d244c18dc84a3e8f1419b4 - - default default] 10.0.0.158 "DELETE /v2.0/security-groups/bfdb6313-a8dc-4e3c-ac47-3adee54cc0ac HTTP/1.1" status: 204 len: 168 time: 0.4089568
2026-07-22 23:16:13.213 9 INFO neutron.wsgi [None req-ef99d849-d451-495f-b486-bbe264cba0f8 d9151e1f389d486190ebb9ea2e2657be 56a3ead74a7a45d18ffce4a6a6f95c60 - - default default] 10.0.0.158 "PUT /v2.0/routers/a714e743-e405-45b7-8cc5-976981706e3b/remove_router_interface HTTP/1.1" status: 200 len: 503 time: 0.6469607 /var/lib/openstack/lib/python3.10/site-packages/pycadf/identifier.py:71: UserWarning: Invalid uuid: neutron. To ensure interoperability, identifiers should be a valid uuid. warnings.warn(('Invalid uuid: %s. To ensure interoperability, '
2026-07-22 23:16:13.311 9 INFO neutron.api.v2.resource [None req-0ce932ac-f88c-4598-92c4-ea87192f1e38 d9151e1f389d486190ebb9ea2e2657be 56a3ead74a7a45d18ffce4a6a6f95c60 - - default default] remove_router_interface failed (client error): The resource could not be found.
2026-07-22 23:16:13.312 9 INFO neutron.wsgi [None req-0ce932ac-f88c-4598-92c4-ea87192f1e38 d9151e1f389d486190ebb9ea2e2657be 56a3ead74a7a45d18ffce4a6a6f95c60 - - default default] 10.0.0.158 "PUT /v2.0/routers/a714e743-e405-45b7-8cc5-976981706e3b/remove_router_interface HTTP/1.1" status: 404 len: 398 time: 0.0925632
