2026-07-22 23:15:21.717 9 INFO neutron.wsgi [req-674f6094-4305-431f-809d-5ae631471eaf req-01a4cec2-3cd5-407a-9ba6-e28a053deb27 cf63205c506b4e489905ebf31859fd31 a0d592fc005d498d9d6e5a4ff6abd0e5 - - default default] 10.0.0.167 "GET /v2.0/networks?id=67f8141d-4de5-46ca-a240-7b28fc4053c7 HTTP/1.1" status: 200 len: 869 time: 0.0995579
2026-07-22 23:15:21.737 10 INFO neutron.wsgi [None req-d5fc5629-6f7e-489d-9f4e-13ba26b5c55c 09fb6424392047468b365aacffaae58e 6e4538a77ecd4381834788db79bcc1ac - - default default] 10.0.0.158 "POST /v2.0/networks HTTP/1.1" status: 201 len: 848 time: 1.2158208
2026-07-22 23:15:21.750 9 INFO neutron.wsgi [req-674f6094-4305-431f-809d-5ae631471eaf req-fdd8b44a-bf8e-4909-b8f7-213ba57358d7 cf63205c506b4e489905ebf31859fd31 a0d592fc005d498d9d6e5a4ff6abd0e5 - - default default] 10.0.0.167 "GET /v2.0/quotas/a0d592fc005d498d9d6e5a4ff6abd0e5 HTTP/1.1" status: 200 len: 491 time: 0.0252628
2026-07-22 23:15:21.752 9 WARNING keystonemiddleware.audit [None req-61b17939-8b28-45a8-bd08-d9ddfd50436e - - - - - -] Skipping service tempest-service-1480313199 as it have no endpoints.
2026-07-22 23:15:21.754 9 WARNING neutron_lib.context [None req-42d51cfe-f08c-40c8-a0bd-972819817554 09fb6424392047468b365aacffaae58e 6e4538a77ecd4381834788db79bcc1ac - - default default] Method 'is_advsvc' is deprecated since 2023.2 release (neutron-lib 3.8.0) and will be removed once support for the old RBAC API policies will be removed from Neutron. Please use method 'is_service_role' instead.
2026-07-22 23:15:21.793 9 WARNING neutron.scheduler.dhcp_agent_scheduler [None req-45d3c9a4-0aff-444b-a7f9-ff350901dace 3b659b78fe744ae0a4fdd0f36492e5f7 42a36189d6b34916949304f09d6ec15d - - default default] No more DHCP agents
2026-07-22 23:15:21.800 9 WARNING neutron.api.rpc.agentnotifiers.dhcp_rpc_agent_api [None req-45d3c9a4-0aff-444b-a7f9-ff350901dace 3b659b78fe744ae0a4fdd0f36492e5f7 42a36189d6b34916949304f09d6ec15d - - default default] Unable to schedule network a9e4dc9d-28dc-4236-8bd5-7e65fc7574ac: no agents available; will retry on subsequent port and subnet creation events.
2026-07-22 23:15:21.847 10 INFO neutron.db.ovn_revision_numbers_db [None req-2fb6431a-2a04-466f-b34b-379010aa3bfb ebbdda3948f148a492dd875a4ced6796 f2d0a8ebe7d244c18dc84a3e8f1419b4 - - default default] Successfully bumped revision number for resource 5c8c01b6-1412-4156-b23b-6fe242304ec0 (type: security_groups) to 1
2026-07-22 23:15:21.861 10 INFO neutron.db.ovn_revision_numbers_db [None req-2fb6431a-2a04-466f-b34b-379010aa3bfb ebbdda3948f148a492dd875a4ced6796 f2d0a8ebe7d244c18dc84a3e8f1419b4 - - default default] Successfully bumped revision number for resource 55f43007-f2ce-4038-abeb-b14de4d9f220 (type: security_group_rules) to 0
2026-07-22 23:15:21.873 10 INFO neutron.db.ovn_revision_numbers_db [None req-2fb6431a-2a04-466f-b34b-379010aa3bfb ebbdda3948f148a492dd875a4ced6796 f2d0a8ebe7d244c18dc84a3e8f1419b4 - - default default] Successfully bumped revision number for resource 93ae158c-925e-47cd-8a13-1a9bc673ff45 (type: security_group_rules) to 0
2026-07-22 23:15:21.888 10 INFO neutron.db.ovn_revision_numbers_db [None req-2fb6431a-2a04-466f-b34b-379010aa3bfb ebbdda3948f148a492dd875a4ced6796 f2d0a8ebe7d244c18dc84a3e8f1419b4 - - default default] Successfully bumped revision number for resource 975bf070-f15f-4ec9-9beb-3a6ae9cca7f4 (type: security_group_rules) to 0
2026-07-22 23:15:21.902 10 INFO neutron.db.ovn_revision_numbers_db [None req-2fb6431a-2a04-466f-b34b-379010aa3bfb ebbdda3948f148a492dd875a4ced6796 f2d0a8ebe7d244c18dc84a3e8f1419b4 - - default default] Successfully bumped revision number for resource a5320355-33f7-40e4-bacf-7e50081a852b (type: security_group_rules) to 0
2026-07-22 23:15:21.934 10 INFO neutron.wsgi [None req-2fb6431a-2a04-466f-b34b-379010aa3bfb ebbdda3948f148a492dd875a4ced6796 f2d0a8ebe7d244c18dc84a3e8f1419b4 - - default default] 10.0.0.158 "GET /v2.0/security-groups?tenant_id=a8b61d47284044668009ab3b0b62779b&name=default HTTP/1.1" status: 200 len: 3120 time: 0.3961635
2026-07-22 23:15:21.948 9 INFO neutron.wsgi [req-674f6094-4305-431f-809d-5ae631471eaf req-2f0c4574-12f7-4e4f-ba5e-d4047008cd9b cf63205c506b4e489905ebf31859fd31 a0d592fc005d498d9d6e5a4ff6abd0e5 - - default default] 10.0.0.167 "GET /v2.0/ports?tenant_id=a0d592fc005d498d9d6e5a4ff6abd0e5&fields=id HTTP/1.1" status: 200 len: 302 time: 0.1854353
2026-07-22 23:15:21.975 9 INFO neutron.db.ovn_revision_numbers_db [None req-45d3c9a4-0aff-444b-a7f9-ff350901dace 3b659b78fe744ae0a4fdd0f36492e5f7 42a36189d6b34916949304f09d6ec15d - - default default] Successfully bumped revision number for resource 01fff1ac-105d-4592-96ef-f71c4b85cd5b (type: ports) to 1
2026-07-22 23:15:22.026 9 INFO neutron.wsgi [None req-45d3c9a4-0aff-444b-a7f9-ff350901dace 3b659b78fe744ae0a4fdd0f36492e5f7 42a36189d6b34916949304f09d6ec15d - - default default] 10.0.0.158 "POST /v2.0/networks HTTP/1.1" status: 201 len: 1444 time: 1.8570070
2026-07-22 23:15:22.035 10 WARNING keystonemiddleware.audit [None req-1c8448f5-d393-4825-a98a-f36347244db8 - - - - - -] Skipping service tempest-service-1031061955 as it have no endpoints.
2026-07-22 23:15:22.060 9 INFO neutron.wsgi [req-674f6094-4305-431f-809d-5ae631471eaf req-f6368584-e937-4cf1-84fd-2b24f6a61e02 38b7af1608ab41288e45d13e552b4b4c 9e638baa87ad423dac194c8e5e228763 - - abae589cee0a4341a3424b5ec21a2a36 abae589cee0a4341a3424b5ec21a2a36] 10.0.0.167 "GET /v2.0/networks/67f8141d-4de5-46ca-a240-7b28fc4053c7?fields=segments HTTP/1.1" status: 200 len: 212 time: 0.0933862
2026-07-22 23:15:22.139 9 INFO neutron.wsgi [req-674f6094-4305-431f-809d-5ae631471eaf req-beae5555-697c-4fa4-8bfe-0e9bce8133b4 38b7af1608ab41288e45d13e552b4b4c 9e638baa87ad423dac194c8e5e228763 - - abae589cee0a4341a3424b5ec21a2a36 abae589cee0a4341a3424b5ec21a2a36] 10.0.0.167 "GET /v2.0/networks/67f8141d-4de5-46ca-a240-7b28fc4053c7?fields=provider%3Aphysical_network&fields=provider%3Anetwork_type HTTP/1.1" status: 200 len: 277 time: 0.0687959
2026-07-22 23:15:22.156 10 INFO neutron.wsgi [None req-a6efb358-8f6c-471b-b0b4-d46d02869154 3b659b78fe744ae0a4fdd0f36492e5f7 42a36189d6b34916949304f09d6ec15d - - default default] 10.0.0.158 "GET /v2.0/networks HTTP/1.1" status: 200 len: 2050 time: 0.1257050
2026-07-22 23:15:22.164 10 WARNING keystonemiddleware.audit [None req-1bad4a91-5570-48b3-8e72-85d603f3c058 - - - - - -] Skipping service tempest-service-1031061955 as it have no endpoints.
2026-07-22 23:15:22.168 9 WARNING neutron.scheduler.dhcp_agent_scheduler [None req-42d51cfe-f08c-40c8-a0bd-972819817554 09fb6424392047468b365aacffaae58e 6e4538a77ecd4381834788db79bcc1ac - - default default] No more DHCP agents
2026-07-22 23:15:22.170 9 WARNING neutron.api.rpc.agentnotifiers.dhcp_rpc_agent_api [None req-42d51cfe-f08c-40c8-a0bd-972819817554 09fb6424392047468b365aacffaae58e 6e4538a77ecd4381834788db79bcc1ac - - default default] Unable to schedule network 7e04aeba-cc67-49d9-adea-b2e1f87e703c: no agents available; will retry on subsequent port and subnet creation events.
2026-07-22 23:15:22.250 9 INFO neutron.db.ovn_revision_numbers_db [None req-42d51cfe-f08c-40c8-a0bd-972819817554 09fb6424392047468b365aacffaae58e 6e4538a77ecd4381834788db79bcc1ac - - default default] Successfully bumped revision number for resource 6ecc1811-728b-4a02-85a8-8cd6e42ef1e4 (type: ports) to 1
2026-07-22 23:15:22.279 9 INFO neutron.wsgi [None req-42d51cfe-f08c-40c8-a0bd-972819817554 09fb6424392047468b365aacffaae58e 6e4538a77ecd4381834788db79bcc1ac - - default default] 10.0.0.158 "POST /v2.0/ports HTTP/1.1" status: 201 len: 978 time: 0.5358725
2026-07-22 23:15:22.296 10 WARNING keystonemiddleware.audit [None req-60fb617b-e3a6-4993-9831-ce4dd51976de - - - - - -] Skipping service tempest-service-1480313199 as it have no endpoints.
2026-07-22 23:15:22.298 10 WARNING neutron_lib.context [None req-43a66e68-58ee-4b8a-b599-b5f9d8f62217 09fb6424392047468b365aacffaae58e 6e4538a77ecd4381834788db79bcc1ac - - default default] Method 'is_advsvc' is deprecated since 2023.2 release (neutron-lib 3.8.0) and will be removed once support for the old RBAC API policies will be removed from Neutron. Please use method 'is_service_role' instead. /var/lib/openstack/lib/python3.10/site-packages/pycadf/identifier.py:71: UserWarning: Invalid uuid: neutron. To ensure interoperability, identifiers should be a valid uuid. warnings.warn(('Invalid uuid: %s. To ensure interoperability, '
2026-07-22 23:15:22.336 9 INFO neutron.wsgi [req-fedf8562-6713-45ad-b1c4-8cd527c36882 req-e6167476-ab4c-4433-b48f-f1bc1d91846d cf63205c506b4e489905ebf31859fd31 a0d592fc005d498d9d6e5a4ff6abd0e5 - - default default] 10.0.0.167 "GET /v2.0/ports?device_id=2dc9a3b7-1fce-4fa7-b29d-9d9837d071be HTTP/1.1" status: 200 len: 210 time: 0.0412619
2026-07-22 23:15:22.344 10 INFO neutron.wsgi [None req-e02acfe6-636d-4851-952f-a27383458c37 ebbdda3948f148a492dd875a4ced6796 f2d0a8ebe7d244c18dc84a3e8f1419b4 - - default default] 10.0.0.158 "DELETE /v2.0/security-groups/5c8c01b6-1412-4156-b23b-6fe242304ec0 HTTP/1.1" status: 204 len: 168 time: 0.4048257
2026-07-22 23:15:22.420 10 INFO neutron.db.segments_db [None req-43a66e68-58ee-4b8a-b599-b5f9d8f62217 09fb6424392047468b365aacffaae58e 6e4538a77ecd4381834788db79bcc1ac - - default default] Added segment 67102448-d6ee-4a8e-85d9-ab9866f50da2 of type geneve for network a0b925d0-b03e-466d-bf6a-19c900a74ded
2026-07-22 23:15:22.576 9 INFO neutron.db.ovn_revision_numbers_db [None req-faaba1b9-a0bd-40d6-a7ad-1b1a135cd30a ebbdda3948f148a492dd875a4ced6796 f2d0a8ebe7d244c18dc84a3e8f1419b4 - - default default] Successfully bumped revision number for resource 8f10bf97-fc51-4af1-8ea3-04cf04d2279b (type: security_groups) to 1
2026-07-22 23:15:22.590 9 INFO neutron.db.ovn_revision_numbers_db [None req-faaba1b9-a0bd-40d6-a7ad-1b1a135cd30a ebbdda3948f148a492dd875a4ced6796 f2d0a8ebe7d244c18dc84a3e8f1419b4 - - default default] Successfully bumped revision number for resource 901f23ef-a5cb-46f0-8cf9-40b31bf0c8fd (type: security_group_rules) to 0
2026-07-22 23:15:22.603 9 INFO neutron.db.ovn_revision_numbers_db [None req-faaba1b9-a0bd-40d6-a7ad-1b1a135cd30a ebbdda3948f148a492dd875a4ced6796 f2d0a8ebe7d244c18dc84a3e8f1419b4 - - default default] Successfully bumped revision number for resource b3e3c6b1-3549-4fd2-9d6a-0fbb75ae485b (type: security_group_rules) to 0
2026-07-22 23:15:22.625 9 INFO neutron.db.ovn_revision_numbers_db [None req-faaba1b9-a0bd-40d6-a7ad-1b1a135cd30a ebbdda3948f148a492dd875a4ced6796 f2d0a8ebe7d244c18dc84a3e8f1419b4 - - default default] Successfully bumped revision number for resource bc9a8f3b-17bb-4216-9c58-b8708b903126 (type: security_group_rules) to 0
2026-07-22 23:15:22.626 10 INFO neutron.db.ovn_revision_numbers_db [None req-43a66e68-58ee-4b8a-b599-b5f9d8f62217 09fb6424392047468b365aacffaae58e 6e4538a77ecd4381834788db79bcc1ac - - default default] Successfully bumped revision number for resource a0b925d0-b03e-466d-bf6a-19c900a74ded (type: networks) to 1
2026-07-22 23:15:22.645 9 INFO neutron.db.ovn_revision_numbers_db [None req-faaba1b9-a0bd-40d6-a7ad-1b1a135cd30a ebbdda3948f148a492dd875a4ced6796 f2d0a8ebe7d244c18dc84a3e8f1419b4 - - default default] Successfully bumped revision number for resource f6ec66d8-2599-41da-80d6-854afd3a3826 (type: security_group_rules) to 0
2026-07-22 23:15:22.668 9 INFO neutron.wsgi [None req-faaba1b9-a0bd-40d6-a7ad-1b1a135cd30a ebbdda3948f148a492dd875a4ced6796 f2d0a8ebe7d244c18dc84a3e8f1419b4 - - default default] 10.0.0.158 "GET /v2.0/security-groups?tenant_id=918f28b1dd7f459b9f08f9d0b3e96f08&name=default HTTP/1.1" status: 200 len: 3120 time: 0.2252085
2026-07-22 23:15:22.682 10 INFO neutron.services.segments.plugin [-] Segment c0b7fccb-e98b-4005-9b17-49af7b2dd725 resource provider aggregate not found
2026-07-22 23:15:22.692 10 INFO neutron.services.segments.plugin [-] Segment c0b7fccb-e98b-4005-9b17-49af7b2dd725 resource provider aggregate not found
2026-07-22 23:15:22.708 10 INFO neutron.services.segments.plugin [-] Segment c0b7fccb-e98b-4005-9b17-49af7b2dd725 resource provider not found; error: Placement Client Error (4xx): {"errors": [{"status": 404, "title": "Not Found", "detail": "The resource could not be found.\n\n No resource provider with uuid c0b7fccb-e98b-4005-9b17-49af7b2dd725 found for delete ", "request_id": "req-6136f49e-26aa-4cbd-b376-780b7546f7e3"}]}
2026-07-22 23:15:22.713 10 INFO neutron.services.segments.plugin [-] Segment c0b7fccb-e98b-4005-9b17-49af7b2dd725 resource provider not found; error: Placement Client Error (4xx): {"errors": [{"status": 404, "title": "Not Found", "detail": "The resource could not be found.\n\n No resource provider with uuid c0b7fccb-e98b-4005-9b17-49af7b2dd725 found for delete ", "request_id": "req-66a1c258-a758-4d87-82e6-620d59b3d435"}]}
2026-07-22 23:15:22.765 10 INFO neutron.wsgi [None req-47f07fa2-2656-4939-8d07-76c879320648 3b659b78fe744ae0a4fdd0f36492e5f7 42a36189d6b34916949304f09d6ec15d - - default default] 10.0.0.158 "DELETE /v2.0/networks/3bb3876e-46c4-4148-8b4e-d16cb234259f HTTP/1.1" status: 204 len: 168 time: 0.6023040
2026-07-22 23:15:22.778 9 WARNING keystonemiddleware.audit [None req-47a64bb1-f0ff-4983-93dd-52dfc03c6cb5 - - - - - -] Skipping service tempest-service-1031061955 as it have no endpoints.
2026-07-22 23:15:22.887 10 WARNING neutron.scheduler.dhcp_agent_scheduler [None req-43a66e68-58ee-4b8a-b599-b5f9d8f62217 09fb6424392047468b365aacffaae58e 6e4538a77ecd4381834788db79bcc1ac - - default default] No more DHCP agents
2026-07-22 23:15:22.890 10 WARNING neutron.api.rpc.agentnotifiers.dhcp_rpc_agent_api [None req-43a66e68-58ee-4b8a-b599-b5f9d8f62217 09fb6424392047468b365aacffaae58e 6e4538a77ecd4381834788db79bcc1ac - - default default] Unable to schedule network a0b925d0-b03e-466d-bf6a-19c900a74ded: no agents available; will retry on subsequent port and subnet creation events.
2026-07-22 23:15:22.962 9 INFO neutron.wsgi [None req-d0db2129-ccfc-463a-a149-2624db8aa774 ebbdda3948f148a492dd875a4ced6796 f2d0a8ebe7d244c18dc84a3e8f1419b4 - - default default] 10.0.0.158 "DELETE /v2.0/security-groups/8f10bf97-fc51-4af1-8ea3-04cf04d2279b HTTP/1.1" status: 204 len: 168 time: 0.2872667
2026-07-22 23:15:22.984 10 INFO neutron.db.ovn_revision_numbers_db [None req-43a66e68-58ee-4b8a-b599-b5f9d8f62217 09fb6424392047468b365aacffaae58e 6e4538a77ecd4381834788db79bcc1ac - - default default] Successfully bumped revision number for resource e3e87c82-3fb1-46db-9f10-ac94e01afe2d (type: ports) to 1
2026-07-22 23:15:23.007 10 INFO neutron.wsgi [None req-43a66e68-58ee-4b8a-b599-b5f9d8f62217 09fb6424392047468b365aacffaae58e 6e4538a77ecd4381834788db79bcc1ac - - default default] 10.0.0.158 "POST /v2.0/networks HTTP/1.1" status: 201 len: 835 time: 0.7222395
2026-07-22 23:15:23.019 9 WARNING keystonemiddleware.audit [None req-e979eccd-094c-40fa-98c9-bb19255d0ac6 - - - - - -] Skipping service tempest-service-1480313199 as it have no endpoints.
2026-07-22 23:15:23.021 9 WARNING neutron_lib.context [None req-6d624834-b6e2-4812-89da-9516e12d6708 09fb6424392047468b365aacffaae58e 6e4538a77ecd4381834788db79bcc1ac - - default default] Method 'is_advsvc' is deprecated since 2023.2 release (neutron-lib 3.8.0) and will be removed once support for the old RBAC API policies will be removed from Neutron. Please use method 'is_service_role' instead.
2026-07-22 23:15:23.113 9 INFO neutron.wsgi [req-674f6094-4305-431f-809d-5ae631471eaf req-86980b15-58f8-4cf2-872d-860848bbec0a cf63205c506b4e489905ebf31859fd31 a0d592fc005d498d9d6e5a4ff6abd0e5 - - default default] 199.204.45.240 "GET /v2.0/networks?id=67f8141d-4de5-46ca-a240-7b28fc4053c7 HTTP/1.1" status: 200 len: 869 time: 0.1151941
2026-07-22 23:15:23.196 9 INFO neutron.wsgi [req-674f6094-4305-431f-809d-5ae631471eaf req-029ba899-11d3-4aa1-8d53-b29d5c4c41d2 cf63205c506b4e489905ebf31859fd31 a0d592fc005d498d9d6e5a4ff6abd0e5 - - default default] 199.204.45.240 "GET /v2.0/security-groups?fields=id&fields=name&tenant_id=a0d592fc005d498d9d6e5a4ff6abd0e5 HTTP/1.1" status: 200 len: 380 time: 0.0654569
2026-07-22 23:15:23.230 9 WARNING neutron_lib.context [req-674f6094-4305-431f-809d-5ae631471eaf req-91e99236-a24e-4573-8cae-b7f3e55858c9 cf63205c506b4e489905ebf31859fd31 a0d592fc005d498d9d6e5a4ff6abd0e5 - - default default] Method 'is_advsvc' is deprecated since 2023.2 release (neutron-lib 3.8.0) and will be removed once support for the old RBAC API policies will be removed from Neutron. Please use method 'is_service_role' instead.
2026-07-22 23:15:23.381 9 INFO neutron.services.segments.plugin [-] Segment be9dbe42-16d4-48fc-9904-cf5f1c360c33 resource provider aggregate not found
2026-07-22 23:15:23.385 9 INFO neutron.services.segments.plugin [-] Segment be9dbe42-16d4-48fc-9904-cf5f1c360c33 resource provider aggregate not found
2026-07-22 23:15:23.408 9 INFO neutron.services.segments.plugin [-] Segment be9dbe42-16d4-48fc-9904-cf5f1c360c33 resource provider not found; error: Placement Client Error (4xx): {"errors": [{"status": 404, "title": "Not Found", "detail": "The resource could not be found.\n\n No resource provider with uuid be9dbe42-16d4-48fc-9904-cf5f1c360c33 found for delete ", "request_id": "req-ad9ebe2a-e022-4836-a8ee-fd738eb977fe"}]}
2026-07-22 23:15:23.417 9 INFO neutron.services.segments.plugin [-] Segment be9dbe42-16d4-48fc-9904-cf5f1c360c33 resource provider not found; error: Placement Client Error (4xx): {"errors": [{"status": 404, "title": "Not Found", "detail": "The resource could not be found.\n\n No resource provider with uuid be9dbe42-16d4-48fc-9904-cf5f1c360c33 found for delete ", "request_id": "req-f6d2adf7-cc6f-47be-9642-9495311fac05"}]}
2026-07-22 23:15:23.457 9 INFO neutron.wsgi [req-5d5f9952-3718-4141-833a-e1f9688bafef req-83c8aa5f-af33-4d9f-a316-59a761ead7ae cf63205c506b4e489905ebf31859fd31 a0d592fc005d498d9d6e5a4ff6abd0e5 - - default default] 10.0.0.167 "GET /v2.0/ports?device_id=2dc9a3b7-1fce-4fa7-b29d-9d9837d071be HTTP/1.1" status: 200 len: 210 time: 0.0340152
2026-07-22 23:15:23.496 9 INFO neutron.wsgi [None req-413680c2-01c1-4c48-a6a5-56606281d214 3b659b78fe744ae0a4fdd0f36492e5f7 42a36189d6b34916949304f09d6ec15d - - default default] 10.0.0.158 "DELETE /v2.0/networks/a9e4dc9d-28dc-4236-8bd5-7e65fc7574ac HTTP/1.1" status: 204 len: 168 time: 0.7237465
2026-07-22 23:15:23.506 10 WARNING keystonemiddleware.audit [None req-31297ca2-976d-418b-9e82-b9254ac27f87 - - - - - -] Skipping service tempest-service-1031061955 as it have no endpoints.
2026-07-22 23:15:23.541 9 WARNING neutron.scheduler.dhcp_agent_scheduler [None req-6d624834-b6e2-4812-89da-9516e12d6708 09fb6424392047468b365aacffaae58e 6e4538a77ecd4381834788db79bcc1ac - - default default] No more DHCP agents
2026-07-22 23:15:23.546 9 WARNING neutron.api.rpc.agentnotifiers.dhcp_rpc_agent_api [None req-6d624834-b6e2-4812-89da-9516e12d6708 09fb6424392047468b365aacffaae58e 6e4538a77ecd4381834788db79bcc1ac - - default default] Unable to schedule network a0b925d0-b03e-466d-bf6a-19c900a74ded: no agents available; will retry on subsequent port and subnet creation events.
2026-07-22 23:15:23.578 10 INFO neutron.wsgi [None req-5ed8e92b-2d94-4521-aaaa-94d4ff2e727a 3b659b78fe744ae0a4fdd0f36492e5f7 42a36189d6b34916949304f09d6ec15d - - default default] 10.0.0.158 "GET /v2.0/networks HTTP/1.1" status: 200 len: 845 time: 0.0746217
2026-07-22 23:15:23.596 9 WARNING keystonemiddleware.audit [None req-5c0b882b-21fc-4713-8fda-69a2ed39e5f2 - - - - - -] Skipping service tempest-service-1031061955 as it have no endpoints.
2026-07-22 23:15:23.598 9 WARNING neutron_lib.context [None req-93e5733f-8207-4cfc-90ef-079e7875f070 3b659b78fe744ae0a4fdd0f36492e5f7 42a36189d6b34916949304f09d6ec15d - - default default] Method 'is_advsvc' is deprecated since 2023.2 release (neutron-lib 3.8.0) and will be removed once support for the old RBAC API policies will be removed from Neutron. Please use method 'is_service_role' instead.
2026-07-22 23:15:23.606 9 INFO neutron.db.ovn_revision_numbers_db [None req-6d624834-b6e2-4812-89da-9516e12d6708 09fb6424392047468b365aacffaae58e 6e4538a77ecd4381834788db79bcc1ac - - default default] Successfully bumped revision number for resource cca22de7-32ef-4f1a-b118-074fe88bdae7 (type: subnets) to 0
2026-07-22 23:15:23.627 9 INFO neutron.wsgi [None req-6d624834-b6e2-4812-89da-9516e12d6708 09fb6424392047468b365aacffaae58e 6e4538a77ecd4381834788db79bcc1ac - - default default] 10.0.0.158 "POST /v2.0/subnets HTTP/1.1" status: 201 len: 821 time: 0.6155462
2026-07-22 23:15:23.635 10 WARNING keystonemiddleware.audit [None req-8eb7204a-a4aa-4a7a-bf31-5f85975c3de8 - - - - - -] Skipping service tempest-service-1480313199 as it have no endpoints.
2026-07-22 23:15:23.640 10 WARNING neutron_lib.context [None req-e0e689fa-af8c-42f6-a81e-0dd7b25a6e25 09fb6424392047468b365aacffaae58e 6e4538a77ecd4381834788db79bcc1ac - - default default] Method 'is_advsvc' is deprecated since 2023.2 release (neutron-lib 3.8.0) and will be removed once support for the old RBAC API policies will be removed from Neutron. Please use method 'is_service_role' instead.
2026-07-22 23:15:23.729 9 INFO neutron.db.segments_db [None req-93e5733f-8207-4cfc-90ef-079e7875f070 3b659b78fe744ae0a4fdd0f36492e5f7 42a36189d6b34916949304f09d6ec15d - - default default] Added segment 071727b1-ab90-44b0-acd8-604dc2ab97ee of type geneve for network 734cf52d-cae6-464c-a4c2-0f48f865f7fd
2026-07-22 23:15:23.906 9 WARNING neutron.scheduler.dhcp_agent_scheduler [req-674f6094-4305-431f-809d-5ae631471eaf req-91e99236-a24e-4573-8cae-b7f3e55858c9 cf63205c506b4e489905ebf31859fd31 a0d592fc005d498d9d6e5a4ff6abd0e5 - - default default] No more DHCP agents
2026-07-22 23:15:23.916 9 WARNING neutron.api.rpc.agentnotifiers.dhcp_rpc_agent_api [req-674f6094-4305-431f-809d-5ae631471eaf req-91e99236-a24e-4573-8cae-b7f3e55858c9 cf63205c506b4e489905ebf31859fd31 a0d592fc005d498d9d6e5a4ff6abd0e5 - - default default] Unable to schedule network 67f8141d-4de5-46ca-a240-7b28fc4053c7: no agents available; will retry on subsequent port and subnet creation events.
2026-07-22 23:15:23.972 9 INFO neutron.db.ovn_revision_numbers_db [None req-93e5733f-8207-4cfc-90ef-079e7875f070 3b659b78fe744ae0a4fdd0f36492e5f7 42a36189d6b34916949304f09d6ec15d - - default default] Successfully bumped revision number for resource 734cf52d-cae6-464c-a4c2-0f48f865f7fd (type: networks) to 1
2026-07-22 23:15:24.102 10 WARNING neutron.scheduler.dhcp_agent_scheduler [None req-e0e689fa-af8c-42f6-a81e-0dd7b25a6e25 09fb6424392047468b365aacffaae58e 6e4538a77ecd4381834788db79bcc1ac - - default default] No more DHCP agents
2026-07-22 23:15:24.106 10 WARNING neutron.api.rpc.agentnotifiers.dhcp_rpc_agent_api [None req-e0e689fa-af8c-42f6-a81e-0dd7b25a6e25 09fb6424392047468b365aacffaae58e 6e4538a77ecd4381834788db79bcc1ac - - default default] Unable to schedule network a0b925d0-b03e-466d-bf6a-19c900a74ded: no agents available; will retry on subsequent port and subnet creation events.
2026-07-22 23:15:24.210 9 INFO neutron.db.ovn_revision_numbers_db [req-674f6094-4305-431f-809d-5ae631471eaf req-91e99236-a24e-4573-8cae-b7f3e55858c9 cf63205c506b4e489905ebf31859fd31 a0d592fc005d498d9d6e5a4ff6abd0e5 - - default default] Successfully bumped revision number for resource 063ff52c-2437-4b86-bdaf-845373e33178 (type: ports) to 1
2026-07-22 23:15:24.230 10 INFO neutron.db.ovn_revision_numbers_db [None req-e0e689fa-af8c-42f6-a81e-0dd7b25a6e25 09fb6424392047468b365aacffaae58e 6e4538a77ecd4381834788db79bcc1ac - - default default] Successfully bumped revision number for resource 530e9845-01b0-4c90-bbc5-8240ae0d5d05 (type: ports) to 1
2026-07-22 23:15:24.254 10 INFO neutron.wsgi [None req-e0e689fa-af8c-42f6-a81e-0dd7b25a6e25 09fb6424392047468b365aacffaae58e 6e4538a77ecd4381834788db79bcc1ac - - default default] 10.0.0.158 "POST /v2.0/ports HTTP/1.1" status: 201 len: 1164 time: 0.6226964
2026-07-22 23:15:24.255 9 WARNING neutron.scheduler.dhcp_agent_scheduler [None req-93e5733f-8207-4cfc-90ef-079e7875f070 3b659b78fe744ae0a4fdd0f36492e5f7 42a36189d6b34916949304f09d6ec15d - - default default] No more DHCP agents
2026-07-22 23:15:24.258 9 WARNING neutron.api.rpc.agentnotifiers.dhcp_rpc_agent_api [None req-93e5733f-8207-4cfc-90ef-079e7875f070 3b659b78fe744ae0a4fdd0f36492e5f7 42a36189d6b34916949304f09d6ec15d - - default default] Unable to schedule network 734cf52d-cae6-464c-a4c2-0f48f865f7fd: no agents available; will retry on subsequent port and subnet creation events.
2026-07-22 23:15:24.266 9 INFO neutron.wsgi [req-674f6094-4305-431f-809d-5ae631471eaf req-91e99236-a24e-4573-8cae-b7f3e55858c9 cf63205c506b4e489905ebf31859fd31 a0d592fc005d498d9d6e5a4ff6abd0e5 - - default default] 199.204.45.240 "POST /v2.0/ports HTTP/1.1" status: 201 len: 1162 time: 1.0455701
2026-07-22 23:15:24.268 10 WARNING keystonemiddleware.audit [None req-cdc49f69-7c75-4a71-b3f2-817b403f7cb7 - - - - - -] Skipping service tempest-service-1480313199 as it have no endpoints. /var/lib/openstack/lib/python3.10/site-packages/pycadf/identifier.py:71: UserWarning: Invalid uuid: neutron. To ensure interoperability, identifiers should be a valid uuid. warnings.warn(('Invalid uuid: %s. To ensure interoperability, ' /var/lib/openstack/lib/python3.10/site-packages/pycadf/identifier.py:71: UserWarning: Invalid uuid: neutron. To ensure interoperability, identifiers should be a valid uuid. warnings.warn(('Invalid uuid: %s. To ensure interoperability, '
2026-07-22 23:15:24.407 9 INFO neutron.db.ovn_revision_numbers_db [None req-93e5733f-8207-4cfc-90ef-079e7875f070 3b659b78fe744ae0a4fdd0f36492e5f7 42a36189d6b34916949304f09d6ec15d - - default default] Successfully bumped revision number for resource c8fde197-c1bf-45be-a682-4f167d902990 (type: ports) to 1
2026-07-22 23:15:24.464 9 INFO neutron.wsgi [None req-93e5733f-8207-4cfc-90ef-079e7875f070 3b659b78fe744ae0a4fdd0f36492e5f7 42a36189d6b34916949304f09d6ec15d - - default default] 10.0.0.158 "POST /v2.0/networks HTTP/1.1" status: 201 len: 853 time: 0.8714006
2026-07-22 23:15:24.499 9 WARNING keystonemiddleware.audit [None req-f98666b6-c1d8-4eaf-a903-7ded4bb2a778 - - - - - -] Skipping service tempest-service-1031061955 as it have no endpoints.
2026-07-22 23:15:24.503 9 WARNING neutron_lib.context [None req-5d65532b-4696-4565-96d3-b5ffcca4c721 3b659b78fe744ae0a4fdd0f36492e5f7 42a36189d6b34916949304f09d6ec15d - - default default] Method 'is_advsvc' is deprecated since 2023.2 release (neutron-lib 3.8.0) and will be removed once support for the old RBAC API policies will be removed from Neutron. Please use method 'is_service_role' instead.
2026-07-22 23:15:24.616 10 WARNING neutron.plugins.ml2.drivers.ovn.mech_driver.ovsdb.ovn_client [None req-a8bdee5e-8c9c-4de5-8966-45d7ee8c5aef - - - - - -] No hosting information found for port 00add00e-cdd0-4520-ad59-595e58d751a2: RuntimeError: No hosting information found for port 00add00e-cdd0-4520-ad59-595e58d751a2
2026-07-22 23:15:24.619 9 INFO neutron.wsgi [req-78e7874c-97de-4fa9-98af-a7306ce544af req-8b41a4d0-26df-4ef1-bafc-4f14ef2afbd0 cf63205c506b4e489905ebf31859fd31 a0d592fc005d498d9d6e5a4ff6abd0e5 - - default default] 10.0.0.167 "GET /v2.0/ports?device_id=2dc9a3b7-1fce-4fa7-b29d-9d9837d071be HTTP/1.1" status: 200 len: 1160 time: 0.0667562
2026-07-22 23:15:24.695 9 INFO neutron.db.segments_db [None req-5d65532b-4696-4565-96d3-b5ffcca4c721 3b659b78fe744ae0a4fdd0f36492e5f7 42a36189d6b34916949304f09d6ec15d - - default default] Added segment 206ec62f-a8bd-46d4-ad52-fd6c9703d1f4 of type geneve for network 439925c5-9574-4e1c-87cc-7c1002c967b7
2026-07-22 23:15:24.696 10 INFO neutron.wsgi [None req-f62b0aa1-2fa7-4cf0-a837-e79ebda32a73 09fb6424392047468b365aacffaae58e 6e4538a77ecd4381834788db79bcc1ac - - default default] 10.0.0.158 "DELETE /v2.0/ports/530e9845-01b0-4c90-bbc5-8240ae0d5d05 HTTP/1.1" status: 204 len: 168 time: 0.4330580
2026-07-22 23:15:24.704 10 WARNING keystonemiddleware.audit [None req-edb49c61-3275-4bf6-b632-4e30bd612ac0 - - - - - -] Skipping service tempest-service-1480313199 as it have no endpoints.
2026-07-22 23:15:24.717 10 INFO neutron.pecan_wsgi.hooks.translation [None req-a262daff-5b58-4004-be08-3f8a66ea0252 09fb6424392047468b365aacffaae58e 6e4538a77ecd4381834788db79bcc1ac - - default default] DELETE failed (client error): The resource could not be found.
2026-07-22 23:15:24.720 10 INFO neutron.wsgi [None req-a262daff-5b58-4004-be08-3f8a66ea0252 09fb6424392047468b365aacffaae58e 6e4538a77ecd4381834788db79bcc1ac - - default default] 10.0.0.158 "DELETE /v2.0/ports/530e9845-01b0-4c90-bbc5-8240ae0d5d05 HTTP/1.1" status: 404 len: 333 time: 0.0184023
2026-07-22 23:15:24.725 10 WARNING keystonemiddleware.audit [None req-10e932cd-c9d4-45f3-a751-0b9017e211f9 - - - - - -] Skipping service tempest-service-1480313199 as it have no endpoints.
2026-07-22 23:15:24.729 9 INFO neutron.wsgi [req-78e7874c-97de-4fa9-98af-a7306ce544af req-b904da88-1f9f-464a-9acb-d43708a0ba53 cf63205c506b4e489905ebf31859fd31 a0d592fc005d498d9d6e5a4ff6abd0e5 - - default default] 10.0.0.167 "GET /v2.0/security-groups?id=9f3ca3e7-8fb0-4feb-9d37-3ce0191f9fcb&fields=id&fields=name HTTP/1.1" status: 200 len: 313 time: 0.1025259
2026-07-22 23:15:24.745 10 INFO neutron.pecan_wsgi.hooks.translation [None req-d22e6140-e3ae-4736-9675-cc749fd3ac36 09fb6424392047468b365aacffaae58e 6e4538a77ecd4381834788db79bcc1ac - - default default] GET failed (client error): The resource could not be found.
2026-07-22 23:15:24.746 10 INFO neutron.wsgi [None req-d22e6140-e3ae-4736-9675-cc749fd3ac36 09fb6424392047468b365aacffaae58e 6e4538a77ecd4381834788db79bcc1ac - - default default] 10.0.0.158 "GET /v2.0/ports/530e9845-01b0-4c90-bbc5-8240ae0d5d05 HTTP/1.1" status: 404 len: 333 time: 0.0230842
2026-07-22 23:15:24.757 10 WARNING keystonemiddleware.audit [None req-05bd7780-9766-44ac-8b03-41a6786d53d8 - - - - - -] Skipping service tempest-service-1480313199 as it have no endpoints.
2026-07-22 23:15:24.997 10 INFO neutron.wsgi [None req-dc1a9ec3-70b0-4987-a62e-c2fe856ea202 09fb6424392047468b365aacffaae58e 6e4538a77ecd4381834788db79bcc1ac - - default default] 10.0.0.158 "DELETE /v2.0/subnets/cca22de7-32ef-4f1a-b118-074fe88bdae7 HTTP/1.1" status: 204 len: 168 time: 0.2452345
2026-07-22 23:15:25.006 10 WARNING keystonemiddleware.audit [None req-1fa1f414-4c4e-4973-8359-5064bae1d20e - - - - - -] Skipping service tempest-service-1480313199 as it have no endpoints.
2026-07-22 23:15:25.111 9 INFO neutron.db.ovn_revision_numbers_db [None req-5d65532b-4696-4565-96d3-b5ffcca4c721 3b659b78fe744ae0a4fdd0f36492e5f7 42a36189d6b34916949304f09d6ec15d - - default default] Successfully bumped revision number for resource 439925c5-9574-4e1c-87cc-7c1002c967b7 (type: networks) to 1
2026-07-22 23:15:25.233 9 INFO neutron.db.ovn_revision_numbers_db [req-674f6094-4305-431f-809d-5ae631471eaf req-40b7297f-90c3-4c37-b070-fa2a2d55c384 38b7af1608ab41288e45d13e552b4b4c 9e638baa87ad423dac194c8e5e228763 - - abae589cee0a4341a3424b5ec21a2a36 abae589cee0a4341a3424b5ec21a2a36] Successfully bumped revision number for resource 063ff52c-2437-4b86-bdaf-845373e33178 (type: ports) to 2
2026-07-22 23:15:25.350 9 WARNING neutron.scheduler.dhcp_agent_scheduler [None req-5d65532b-4696-4565-96d3-b5ffcca4c721 3b659b78fe744ae0a4fdd0f36492e5f7 42a36189d6b34916949304f09d6ec15d - - default default] No more DHCP agents
2026-07-22 23:15:25.352 9 WARNING neutron.api.rpc.agentnotifiers.dhcp_rpc_agent_api [None req-5d65532b-4696-4565-96d3-b5ffcca4c721 3b659b78fe744ae0a4fdd0f36492e5f7 42a36189d6b34916949304f09d6ec15d - - default default] Unable to schedule network 439925c5-9574-4e1c-87cc-7c1002c967b7: no agents available; will retry on subsequent port and subnet creation events.
2026-07-22 23:15:25.446 10 INFO neutron.services.segments.plugin [-] Segment 67102448-d6ee-4a8e-85d9-ab9866f50da2 resource provider aggregate not found
2026-07-22 23:15:25.452 10 INFO neutron.services.segments.plugin [-] Segment 67102448-d6ee-4a8e-85d9-ab9866f50da2 resource provider aggregate not found
2026-07-22 23:15:25.461 10 INFO neutron.services.segments.plugin [-] Segment 67102448-d6ee-4a8e-85d9-ab9866f50da2 resource provider not found; error: Placement Client Error (4xx): {"errors": [{"status": 404, "title": "Not Found", "detail": "The resource could not be found.\n\n No resource provider with uuid 67102448-d6ee-4a8e-85d9-ab9866f50da2 found for delete ", "request_id": "req-977c0fa1-aa96-4534-8dca-87a4debb9596"}]}
2026-07-22 23:15:25.474 9 INFO neutron.db.ovn_revision_numbers_db [None req-5d65532b-4696-4565-96d3-b5ffcca4c721 3b659b78fe744ae0a4fdd0f36492e5f7 42a36189d6b34916949304f09d6ec15d - - default default] Successfully bumped revision number for resource 969e887b-d0f2-4178-9f90-84c14c461ee7 (type: ports) to 1
2026-07-22 23:15:25.475 10 INFO neutron.services.segments.plugin [-] Segment 67102448-d6ee-4a8e-85d9-ab9866f50da2 resource provider not found; error: Placement Client Error (4xx): {"errors": [{"status": 404, "title": "Not Found", "detail": "The resource could not be found.\n\n No resource provider with uuid 67102448-d6ee-4a8e-85d9-ab9866f50da2 found for delete ", "request_id": "req-b2409696-f695-4ccf-85ed-ec84e8623bef"}]}
2026-07-22 23:15:25.483 10 INFO neutron.wsgi [None req-1f3be1ef-c55c-4746-acaa-9519844d4a3d 09fb6424392047468b365aacffaae58e 6e4538a77ecd4381834788db79bcc1ac - - default default] 10.0.0.158 "DELETE /v2.0/networks/a0b925d0-b03e-466d-bf6a-19c900a74ded HTTP/1.1" status: 204 len: 168 time: 0.4793930
2026-07-22 23:15:25.491 10 WARNING keystonemiddleware.audit [None req-8ea186b0-7597-4c27-b744-aad89433a6ab - - - - - -] Skipping service tempest-service-1480313199 as it have no endpoints.
2026-07-22 23:15:25.494 10 WARNING neutron_lib.context [None req-39a5db30-1ef2-470d-a932-fedd19fa6c5f 09fb6424392047468b365aacffaae58e 6e4538a77ecd4381834788db79bcc1ac - - default default] Method 'is_advsvc' is deprecated since 2023.2 release (neutron-lib 3.8.0) and will be removed once support for the old RBAC API policies will be removed from Neutron. Please use method 'is_service_role' instead.
2026-07-22 23:15:25.504 9 INFO neutron.wsgi [None req-5d65532b-4696-4565-96d3-b5ffcca4c721 3b659b78fe744ae0a4fdd0f36492e5f7 42a36189d6b34916949304f09d6ec15d - - default default] 10.0.0.158 "POST /v2.0/networks HTTP/1.1" status: 201 len: 852 time: 1.0271249
2026-07-22 23:15:25.510 9 WARNING keystonemiddleware.audit [None req-4d4c735b-0f32-4c2d-bbf3-851697ddad42 - - - - - -] Skipping service tempest-service-1031061955 as it have no endpoints. /var/lib/openstack/lib/python3.10/site-packages/pycadf/identifier.py:71: UserWarning: Invalid uuid: neutron. To ensure interoperability, identifiers should be a valid uuid. warnings.warn(('Invalid uuid: %s. To ensure interoperability, '
2026-07-22 23:15:25.514 9 WARNING neutron_lib.context [None req-4f8fda19-dc74-4a84-b2ff-ec1953842a35 3b659b78fe744ae0a4fdd0f36492e5f7 42a36189d6b34916949304f09d6ec15d - - default default] Method 'is_advsvc' is deprecated since 2023.2 release (neutron-lib 3.8.0) and will be removed once support for the old RBAC API policies will be removed from Neutron. Please use method 'is_service_role' instead.
2026-07-22 23:15:25.560 9 INFO neutron.db.ovn_revision_numbers_db [req-674f6094-4305-431f-809d-5ae631471eaf req-40b7297f-90c3-4c37-b070-fa2a2d55c384 38b7af1608ab41288e45d13e552b4b4c 9e638baa87ad423dac194c8e5e228763 - - abae589cee0a4341a3424b5ec21a2a36 abae589cee0a4341a3424b5ec21a2a36] Successfully bumped revision number for resource 063ff52c-2437-4b86-bdaf-845373e33178 (type: ports) to 2
2026-07-22 23:15:25.565 9 WARNING neutron_lib.context [None req-4f8fda19-dc74-4a84-b2ff-ec1953842a35 3b659b78fe744ae0a4fdd0f36492e5f7 42a36189d6b34916949304f09d6ec15d - - default default] Method 'is_advsvc' is deprecated since 2023.2 release (neutron-lib 3.8.0) and will be removed once support for the old RBAC API policies will be removed from Neutron. Please use method 'is_service_role' instead.
2026-07-22 23:15:25.587 9 INFO neutron.wsgi [req-674f6094-4305-431f-809d-5ae631471eaf req-40b7297f-90c3-4c37-b070-fa2a2d55c384 38b7af1608ab41288e45d13e552b4b4c 9e638baa87ad423dac194c8e5e228763 - - abae589cee0a4341a3424b5ec21a2a36 abae589cee0a4341a3424b5ec21a2a36] 199.204.45.240 "PUT /v2.0/ports/063ff52c-2437-4b86-bdaf-845373e33178 HTTP/1.1" status: 200 len: 1380 time: 1.3113899
2026-07-22 23:15:25.594 10 INFO neutron.db.segments_db [None req-39a5db30-1ef2-470d-a932-fedd19fa6c5f 09fb6424392047468b365aacffaae58e 6e4538a77ecd4381834788db79bcc1ac - - default default] Added segment e55918a8-4281-443c-9350-9ddda6ebea0d of type geneve for network e6a3aa8d-1970-4664-8168-90cf526c469d
2026-07-22 23:15:25.625 9 INFO neutron.notifiers.nova [-] Nova event matching ['req-0357288d-220e-426f-9b3f-078e2fdadc11'] response: {'name': 'network-changed', 'server_uuid': '2dc9a3b7-1fce-4fa7-b29d-9d9837d071be', 'tag': '063ff52c-2437-4b86-bdaf-845373e33178', 'status': 'completed', 'code': 200}
2026-07-22 23:15:25.705 9 INFO neutron.wsgi [req-674f6094-4305-431f-809d-5ae631471eaf req-21f110a8-aaa2-46d5-9b0c-073a85b46610 38b7af1608ab41288e45d13e552b4b4c 9e638baa87ad423dac194c8e5e228763 - - abae589cee0a4341a3424b5ec21a2a36 abae589cee0a4341a3424b5ec21a2a36] 199.204.45.240 "GET /v2.0/ports?tenant_id=a0d592fc005d498d9d6e5a4ff6abd0e5&device_id=2dc9a3b7-1fce-4fa7-b29d-9d9837d071be HTTP/1.1" status: 200 len: 1411 time: 0.0634837
2026-07-22 23:15:25.757 10 INFO neutron.db.ovn_revision_numbers_db [None req-39a5db30-1ef2-470d-a932-fedd19fa6c5f 09fb6424392047468b365aacffaae58e 6e4538a77ecd4381834788db79bcc1ac - - default default] Successfully bumped revision number for resource e6a3aa8d-1970-4664-8168-90cf526c469d (type: networks) to 1
2026-07-22 23:15:25.759 9 INFO neutron.wsgi [req-674f6094-4305-431f-809d-5ae631471eaf req-4473ad94-e007-4dc8-b962-d484bc4f3a38 38b7af1608ab41288e45d13e552b4b4c 9e638baa87ad423dac194c8e5e228763 - - abae589cee0a4341a3424b5ec21a2a36 abae589cee0a4341a3424b5ec21a2a36] 199.204.45.240 "GET /v2.0/floatingips?fixed_ip_address=10.100.0.11&port_id=063ff52c-2437-4b86-bdaf-845373e33178 HTTP/1.1" status: 200 len: 217 time: 0.0400896
2026-07-22 23:15:25.834 9 INFO neutron.wsgi [req-674f6094-4305-431f-809d-5ae631471eaf req-51dea2bf-6ebc-4a81-bee4-f04fcf896adb 38b7af1608ab41288e45d13e552b4b4c 9e638baa87ad423dac194c8e5e228763 - - abae589cee0a4341a3424b5ec21a2a36 abae589cee0a4341a3424b5ec21a2a36] 199.204.45.240 "GET /v2.0/subnets?id=ee5f0fee-0922-411f-a0aa-a30111237de2 HTTP/1.1" status: 200 len: 863 time: 0.0691531
2026-07-22 23:15:25.880 9 INFO neutron.wsgi [req-674f6094-4305-431f-809d-5ae631471eaf req-d2571121-bc40-4516-9e2f-c24649f4d0b5 38b7af1608ab41288e45d13e552b4b4c 9e638baa87ad423dac194c8e5e228763 - - abae589cee0a4341a3424b5ec21a2a36 abae589cee0a4341a3424b5ec21a2a36] 199.204.45.240 "GET /v2.0/ports?network_id=67f8141d-4de5-46ca-a240-7b28fc4053c7&device_owner=network%3Adhcp HTTP/1.1" status: 200 len: 210 time: 0.0337293
2026-07-22 23:15:25.886 9 INFO neutron.wsgi [req-3d1b69a3-ca9f-4c8e-9781-4071f7936742 req-e1d99b75-3065-449c-b431-943849231cc7 cf63205c506b4e489905ebf31859fd31 a0d592fc005d498d9d6e5a4ff6abd0e5 - - default default] 10.0.0.167 "GET /v2.0/ports?device_id=2dc9a3b7-1fce-4fa7-b29d-9d9837d071be HTTP/1.1" status: 200 len: 1172 time: 0.0775228
2026-07-22 23:15:25.941 10 WARNING neutron.scheduler.dhcp_agent_scheduler [None req-39a5db30-1ef2-470d-a932-fedd19fa6c5f 09fb6424392047468b365aacffaae58e 6e4538a77ecd4381834788db79bcc1ac - - default default] No more DHCP agents
2026-07-22 23:15:25.943 10 WARNING neutron.api.rpc.agentnotifiers.dhcp_rpc_agent_api [None req-39a5db30-1ef2-470d-a932-fedd19fa6c5f 09fb6424392047468b365aacffaae58e 6e4538a77ecd4381834788db79bcc1ac - - default default] Unable to schedule network e6a3aa8d-1970-4664-8168-90cf526c469d: no agents available; will retry on subsequent port and subnet creation events.
2026-07-22 23:15:25.964 9 INFO neutron.wsgi [req-3d1b69a3-ca9f-4c8e-9781-4071f7936742 req-148ab973-1d64-4d58-bc6c-bdf2f5d44a19 cf63205c506b4e489905ebf31859fd31 a0d592fc005d498d9d6e5a4ff6abd0e5 - - default default] 10.0.0.167 "GET /v2.0/security-groups?id=9f3ca3e7-8fb0-4feb-9d37-3ce0191f9fcb&fields=id&fields=name HTTP/1.1" status: 200 len: 313 time: 0.0678635
2026-07-22 23:15:25.972 9 INFO neutron.wsgi [req-674f6094-4305-431f-809d-5ae631471eaf req-303d396e-88c5-4bdb-bfaf-d38884cf77af 38b7af1608ab41288e45d13e552b4b4c 9e638baa87ad423dac194c8e5e228763 - - abae589cee0a4341a3424b5ec21a2a36 abae589cee0a4341a3424b5ec21a2a36] 199.204.45.240 "GET /v2.0/networks/67f8141d-4de5-46ca-a240-7b28fc4053c7?fields=segments HTTP/1.1" status: 200 len: 212 time: 0.0849743
2026-07-22 23:15:26.024 10 INFO neutron.db.ovn_revision_numbers_db [None req-39a5db30-1ef2-470d-a932-fedd19fa6c5f 09fb6424392047468b365aacffaae58e 6e4538a77ecd4381834788db79bcc1ac - - default default] Successfully bumped revision number for resource 47c2760d-2874-49a3-aa5f-d79b9ba9efaf (type: ports) to 1
2026-07-22 23:15:26.047 10 INFO neutron.wsgi [None req-39a5db30-1ef2-470d-a932-fedd19fa6c5f 09fb6424392047468b365aacffaae58e 6e4538a77ecd4381834788db79bcc1ac - - default default] 10.0.0.158 "POST /v2.0/networks HTTP/1.1" status: 201 len: 835 time: 0.5576618
2026-07-22 23:15:26.052 9 INFO neutron.wsgi [req-674f6094-4305-431f-809d-5ae631471eaf req-4d9f8f09-9e41-4d37-a0e6-38b11426c829 38b7af1608ab41288e45d13e552b4b4c 9e638baa87ad423dac194c8e5e228763 - - abae589cee0a4341a3424b5ec21a2a36 abae589cee0a4341a3424b5ec21a2a36] 199.204.45.240 "GET /v2.0/networks/67f8141d-4de5-46ca-a240-7b28fc4053c7?fields=provider%3Aphysical_network&fields=provider%3Anetwork_type HTTP/1.1" status: 200 len: 277 time: 0.0712166
2026-07-22 23:15:26.054 10 WARNING keystonemiddleware.audit [None req-01050024-1ad4-4b77-bc68-3c6e8860729b - - - - - -] Skipping service tempest-service-1480313199 as it have no endpoints.
2026-07-22 23:15:26.058 10 WARNING neutron_lib.context [None req-88b7cc73-397a-4682-85b7-4db8ef08babc 09fb6424392047468b365aacffaae58e 6e4538a77ecd4381834788db79bcc1ac - - default default] Method 'is_advsvc' is deprecated since 2023.2 release (neutron-lib 3.8.0) and will be removed once support for the old RBAC API policies will be removed from Neutron. Please use method 'is_service_role' instead. /var/lib/openstack/lib/python3.10/site-packages/pycadf/identifier.py:71: UserWarning: Invalid uuid: neutron. To ensure interoperability, identifiers should be a valid uuid. warnings.warn(('Invalid uuid: %s. To ensure interoperability, '
2026-07-22 23:15:26.144 9 INFO neutron.wsgi [req-fc073dd8-d07a-472c-8519-b34d0fbf89d0 req-958414bf-f57e-4049-9765-b818e5d59474 38b7af1608ab41288e45d13e552b4b4c 9e638baa87ad423dac194c8e5e228763 - - abae589cee0a4341a3424b5ec21a2a36 abae589cee0a4341a3424b5ec21a2a36] 199.204.45.240 "GET /v2.0/ports?tenant_id=a0d592fc005d498d9d6e5a4ff6abd0e5&device_id=2dc9a3b7-1fce-4fa7-b29d-9d9837d071be HTTP/1.1" status: 200 len: 1411 time: 0.0462439
2026-07-22 23:15:26.233 9 INFO neutron.wsgi [req-fc073dd8-d07a-472c-8519-b34d0fbf89d0 req-bf7a8ebe-e97b-4a38-918d-37f9423d7a74 38b7af1608ab41288e45d13e552b4b4c 9e638baa87ad423dac194c8e5e228763 - - abae589cee0a4341a3424b5ec21a2a36 abae589cee0a4341a3424b5ec21a2a36] 199.204.45.240 "GET /v2.0/networks?id=67f8141d-4de5-46ca-a240-7b28fc4053c7 HTTP/1.1" status: 200 len: 968 time: 0.0802336 /var/lib/openstack/lib/python3.10/site-packages/pycadf/identifier.py:71: UserWarning: Invalid uuid: neutron. To ensure interoperability, identifiers should be a valid uuid. warnings.warn(('Invalid uuid: %s. To ensure interoperability, '
2026-07-22 23:15:26.265 9 INFO neutron.plugins.ml2.drivers.ovn.mech_driver.mech_driver [None req-fe374d2f-ee0e-4dc5-9e9a-305e21e3287c - - - - - -] OVN reports status up for port: 063ff52c-2437-4b86-bdaf-845373e33178
2026-07-22 23:15:26.270 9 INFO neutron.wsgi [req-fc073dd8-d07a-472c-8519-b34d0fbf89d0 req-7f0228a5-02a8-4a67-85d8-e3be583b5811 38b7af1608ab41288e45d13e552b4b4c 9e638baa87ad423dac194c8e5e228763 - - abae589cee0a4341a3424b5ec21a2a36 abae589cee0a4341a3424b5ec21a2a36] 199.204.45.240 "GET /v2.0/floatingips?fixed_ip_address=10.100.0.11&port_id=063ff52c-2437-4b86-bdaf-845373e33178 HTTP/1.1" status: 200 len: 217 time: 0.0258124
2026-07-22 23:15:26.302 9 WARNING neutron.scheduler.dhcp_agent_scheduler [None req-4f8fda19-dc74-4a84-b2ff-ec1953842a35 3b659b78fe744ae0a4fdd0f36492e5f7 42a36189d6b34916949304f09d6ec15d - - default default] No more DHCP agents
2026-07-22 23:15:26.306 9 INFO neutron.plugins.ml2.plugin [None req-fe374d2f-ee0e-4dc5-9e9a-305e21e3287c - - - - - -] Attempt 1 to provision port 063ff52c-2437-4b86-bdaf-845373e33178
2026-07-22 23:15:26.318 9 WARNING neutron.api.rpc.agentnotifiers.dhcp_rpc_agent_api [None req-4f8fda19-dc74-4a84-b2ff-ec1953842a35 3b659b78fe744ae0a4fdd0f36492e5f7 42a36189d6b34916949304f09d6ec15d - - default default] Unable to schedule network 734cf52d-cae6-464c-a4c2-0f48f865f7fd: no agents available; will retry on subsequent port and subnet creation events.
2026-07-22 23:15:26.320 10 WARNING neutron.scheduler.dhcp_agent_scheduler [None req-88b7cc73-397a-4682-85b7-4db8ef08babc 09fb6424392047468b365aacffaae58e 6e4538a77ecd4381834788db79bcc1ac - - default default] No more DHCP agents
2026-07-22 23:15:26.323 10 WARNING neutron.api.rpc.agentnotifiers.dhcp_rpc_agent_api [None req-88b7cc73-397a-4682-85b7-4db8ef08babc 09fb6424392047468b365aacffaae58e 6e4538a77ecd4381834788db79bcc1ac - - default default] Unable to schedule network e6a3aa8d-1970-4664-8168-90cf526c469d: no agents available; will retry on subsequent port and subnet creation events.
2026-07-22 23:15:26.338 9 INFO neutron.wsgi [req-fc073dd8-d07a-472c-8519-b34d0fbf89d0 req-21feed5b-d9f1-4077-af56-25b4ef9b2373 38b7af1608ab41288e45d13e552b4b4c 9e638baa87ad423dac194c8e5e228763 - - abae589cee0a4341a3424b5ec21a2a36 abae589cee0a4341a3424b5ec21a2a36] 199.204.45.240 "GET /v2.0/subnets?id=ee5f0fee-0922-411f-a0aa-a30111237de2 HTTP/1.1" status: 200 len: 863 time: 0.0617573 /var/lib/openstack/lib/python3.10/site-packages/pycadf/identifier.py:71: UserWarning: Invalid uuid: neutron. To ensure interoperability, identifiers should be a valid uuid. warnings.warn(('Invalid uuid: %s. To ensure interoperability, '
2026-07-22 23:15:26.362 10 INFO neutron.db.ovn_revision_numbers_db [None req-88b7cc73-397a-4682-85b7-4db8ef08babc 09fb6424392047468b365aacffaae58e 6e4538a77ecd4381834788db79bcc1ac - - default default] Successfully bumped revision number for resource a6e57e88-a7df-4562-a5a3-6568a390e182 (type: subnets) to 0
2026-07-22 23:15:26.370 9 INFO neutron.wsgi [req-fc073dd8-d07a-472c-8519-b34d0fbf89d0 req-ffce2879-5257-4a6e-aa6d-8ee181f67601 38b7af1608ab41288e45d13e552b4b4c 9e638baa87ad423dac194c8e5e228763 - - abae589cee0a4341a3424b5ec21a2a36 abae589cee0a4341a3424b5ec21a2a36] 199.204.45.240 "GET /v2.0/ports?network_id=67f8141d-4de5-46ca-a240-7b28fc4053c7&device_owner=network%3Adhcp HTTP/1.1" status: 200 len: 210 time: 0.0273066
2026-07-22 23:15:26.387 10 INFO neutron.wsgi [None req-88b7cc73-397a-4682-85b7-4db8ef08babc 09fb6424392047468b365aacffaae58e 6e4538a77ecd4381834788db79bcc1ac - - default default] 10.0.0.158 "POST /v2.0/subnets HTTP/1.1" status: 201 len: 821 time: 0.3345144
2026-07-22 23:15:26.393 10 WARNING keystonemiddleware.audit [None req-96d7d6f2-fcc7-4d1f-9174-6afb560dc796 - - - - - -] Skipping service tempest-service-1480313199 as it have no endpoints.
2026-07-22 23:15:26.396 10 WARNING neutron_lib.context [None req-38d562c1-c58c-45e2-a422-e9d8e7bb15fb 09fb6424392047468b365aacffaae58e 6e4538a77ecd4381834788db79bcc1ac - - default default] Method 'is_advsvc' is deprecated since 2023.2 release (neutron-lib 3.8.0) and will be removed once support for the old RBAC API policies will be removed from Neutron. Please use method 'is_service_role' instead.
2026-07-22 23:15:26.477 9 INFO neutron.wsgi [req-fc073dd8-d07a-472c-8519-b34d0fbf89d0 req-f7eedd82-6f7c-4b93-8829-d6fdeb446ac5 38b7af1608ab41288e45d13e552b4b4c 9e638baa87ad423dac194c8e5e228763 - - abae589cee0a4341a3424b5ec21a2a36 abae589cee0a4341a3424b5ec21a2a36] 199.204.45.240 "GET /v2.0/networks/67f8141d-4de5-46ca-a240-7b28fc4053c7?fields=segments HTTP/1.1" status: 200 len: 212 time: 0.1021712
2026-07-22 23:15:26.479 9 INFO neutron.db.ovn_revision_numbers_db [None req-4f8fda19-dc74-4a84-b2ff-ec1953842a35 3b659b78fe744ae0a4fdd0f36492e5f7 42a36189d6b34916949304f09d6ec15d - - default default] Successfully bumped revision number for resource 775098bf-635b-41de-b53b-7fa52e9b3fdb (type: ports) to 1
2026-07-22 23:15:26.542 9 WARNING neutron.scheduler.dhcp_agent_scheduler [None req-4f8fda19-dc74-4a84-b2ff-ec1953842a35 3b659b78fe744ae0a4fdd0f36492e5f7 42a36189d6b34916949304f09d6ec15d - - default default] No more DHCP agents
2026-07-22 23:15:26.547 9 WARNING neutron.api.rpc.agentnotifiers.dhcp_rpc_agent_api [None req-4f8fda19-dc74-4a84-b2ff-ec1953842a35 3b659b78fe744ae0a4fdd0f36492e5f7 42a36189d6b34916949304f09d6ec15d - - default default] Unable to schedule network 439925c5-9574-4e1c-87cc-7c1002c967b7: no agents available; will retry on subsequent port and subnet creation events.
2026-07-22 23:15:26.594 9 INFO neutron.wsgi [req-fc073dd8-d07a-472c-8519-b34d0fbf89d0 req-56ed7df6-030e-44b0-9554-6dc277b7419b 38b7af1608ab41288e45d13e552b4b4c 9e638baa87ad423dac194c8e5e228763 - - abae589cee0a4341a3424b5ec21a2a36 abae589cee0a4341a3424b5ec21a2a36] 199.204.45.240 "GET /v2.0/networks/67f8141d-4de5-46ca-a240-7b28fc4053c7?fields=provider%3Aphysical_network&fields=provider%3Anetwork_type HTTP/1.1" status: 200 len: 277 time: 0.1100378
2026-07-22 23:15:26.673 9 INFO neutron.db.ovn_revision_numbers_db [None req-4f8fda19-dc74-4a84-b2ff-ec1953842a35 3b659b78fe744ae0a4fdd0f36492e5f7 42a36189d6b34916949304f09d6ec15d - - default default] Successfully bumped revision number for resource ee8aae0a-b506-4c64-b037-469a4e748ed5 (type: ports) to 1
2026-07-22 23:15:26.723 9 INFO neutron.wsgi [None req-4f8fda19-dc74-4a84-b2ff-ec1953842a35 3b659b78fe744ae0a4fdd0f36492e5f7 42a36189d6b34916949304f09d6ec15d - - default default] 10.0.0.158 "POST /v2.0/ports HTTP/1.1" status: 201 len: 1705 time: 1.2153530
2026-07-22 23:15:26.745 10 WARNING keystonemiddleware.audit [None req-a24261c9-2a62-4d67-a1f6-c14c11ccc08d - - - - - -] Skipping service tempest-service-1031061955 as it have no endpoints.
