2026-07-22 23:16:36.667 10 INFO neutron.wsgi [req-9a25e77b-3c7c-4b65-8b8d-4e673bdf274b req-4f1b411b-c5ed-43f6-8d32-ba2968987208 df24ff90c00e48bbb61fe4d12e230f82 bc28743b4d7e407ea89d44772cfe7051 - - default default] 199.204.45.240 "DELETE /v2.0/ports/f124cb61-93d4-465a-8823-dc0e08125adf HTTP/1.1" status: 204 len: 173 time: 0.6751866
2026-07-22 23:16:36.836 10 WARNING neutron.scheduler.dhcp_agent_scheduler [None req-8c1f1427-0972-4039-8c0a-eb7b28529cbc f5d3e90e4f554597b01256c3feefb09e 6b7245b6dc7c44c2b65068cff8ee9bf0 - - default default] No more DHCP agents
2026-07-22 23:16:36.840 10 WARNING neutron.api.rpc.agentnotifiers.dhcp_rpc_agent_api [None req-8c1f1427-0972-4039-8c0a-eb7b28529cbc f5d3e90e4f554597b01256c3feefb09e 6b7245b6dc7c44c2b65068cff8ee9bf0 - - default default] Unable to schedule network bf4d9735-a477-438d-a56d-0935727297ff: no agents available; will retry on subsequent port and subnet creation events.
2026-07-22 23:16:37.167 10 INFO neutron.wsgi [None req-8c1f1427-0972-4039-8c0a-eb7b28529cbc f5d3e90e4f554597b01256c3feefb09e 6b7245b6dc7c44c2b65068cff8ee9bf0 - - default default] 10.0.0.158 "POST /v2.0/floatingips HTTP/1.1" status: 201 len: 751 time: 0.6940315
2026-07-22 23:16:37.177 10 WARNING neutron_lib.context [None req-8d1265a1-77ce-451a-8d88-f9d96f7aee2a f5d3e90e4f554597b01256c3feefb09e 6b7245b6dc7c44c2b65068cff8ee9bf0 - - default default] Method 'is_advsvc' is deprecated since 2023.2 release (neutron-lib 3.8.0) and will be removed once support for the old RBAC API policies will be removed from Neutron. Please use method 'is_service_role' instead.
2026-07-22 23:16:37.467 10 WARNING neutron.scheduler.dhcp_agent_scheduler [None req-8d1265a1-77ce-451a-8d88-f9d96f7aee2a f5d3e90e4f554597b01256c3feefb09e 6b7245b6dc7c44c2b65068cff8ee9bf0 - - default default] No more DHCP agents
2026-07-22 23:16:37.469 10 WARNING neutron.api.rpc.agentnotifiers.dhcp_rpc_agent_api [None req-8d1265a1-77ce-451a-8d88-f9d96f7aee2a f5d3e90e4f554597b01256c3feefb09e 6b7245b6dc7c44c2b65068cff8ee9bf0 - - default default] Unable to schedule network bf4d9735-a477-438d-a56d-0935727297ff: no agents available; will retry on subsequent port and subnet creation events.
2026-07-22 23:16:37.587 10 INFO neutron.notifiers.nova [-] Nova event matching ['req-d7ae1d47-a2a4-44c0-a53a-40e01926e2c4'] response: {'server_uuid': '76d1ac90-dece-474b-bd86-03d6a7623b90', 'name': 'network-vif-unplugged', 'status': 'completed', 'tag': 'f124cb61-93d4-465a-8823-dc0e08125adf', 'code': 200}
2026-07-22 23:16:37.588 10 INFO neutron.notifiers.nova [-] Nova event matching ['req-d7ae1d47-a2a4-44c0-a53a-40e01926e2c4'] response: {'server_uuid': '76d1ac90-dece-474b-bd86-03d6a7623b90', 'name': 'network-vif-deleted', 'tag': 'f124cb61-93d4-465a-8823-dc0e08125adf', 'status': 'completed', 'code': 200}
2026-07-22 23:16:37.817 9 INFO neutron.wsgi [None req-3e58ca7f-c8ba-4ff3-aa07-22134db42b71 df24ff90c00e48bbb61fe4d12e230f82 bc28743b4d7e407ea89d44772cfe7051 - - default default] 10.0.0.158 "DELETE /v2.0/security-groups/78788d9b-b3ce-48d2-a5bf-2f231bb6e839 HTTP/1.1" status: 204 len: 168 time: 0.1575913
2026-07-22 23:16:37.828 10 INFO neutron.wsgi [None req-8d1265a1-77ce-451a-8d88-f9d96f7aee2a f5d3e90e4f554597b01256c3feefb09e 6b7245b6dc7c44c2b65068cff8ee9bf0 - - default default] 10.0.0.158 "POST /v2.0/floatingips HTTP/1.1" status: 201 len: 751 time: 0.6565447
2026-07-22 23:16:37.844 10 WARNING neutron_lib.context [None req-36e20489-5a27-44ec-8e27-4e8688e7dd81 f5d3e90e4f554597b01256c3feefb09e 6b7245b6dc7c44c2b65068cff8ee9bf0 - - default default] Method 'is_advsvc' is deprecated since 2023.2 release (neutron-lib 3.8.0) and will be removed once support for the old RBAC API policies will be removed from Neutron. Please use method 'is_service_role' instead.
2026-07-22 23:16:37.849 9 INFO neutron.api.v2.resource [None req-a79030c3-692e-4425-b404-f632d8fab6ff df24ff90c00e48bbb61fe4d12e230f82 bc28743b4d7e407ea89d44772cfe7051 - - default default] show failed (client error): The resource could not be found.
2026-07-22 23:16:37.851 9 INFO neutron.wsgi [None req-a79030c3-692e-4425-b404-f632d8fab6ff df24ff90c00e48bbb61fe4d12e230f82 bc28743b4d7e407ea89d44772cfe7051 - - default default] 10.0.0.158 "GET /v2.0/security-groups/78788d9b-b3ce-48d2-a5bf-2f231bb6e839 HTTP/1.1" status: 404 len: 347 time: 0.0280168
2026-07-22 23:16:38.150 10 WARNING neutron.scheduler.dhcp_agent_scheduler [None req-36e20489-5a27-44ec-8e27-4e8688e7dd81 f5d3e90e4f554597b01256c3feefb09e 6b7245b6dc7c44c2b65068cff8ee9bf0 - - default default] No more DHCP agents
2026-07-22 23:16:38.151 10 WARNING neutron.api.rpc.agentnotifiers.dhcp_rpc_agent_api [None req-36e20489-5a27-44ec-8e27-4e8688e7dd81 f5d3e90e4f554597b01256c3feefb09e 6b7245b6dc7c44c2b65068cff8ee9bf0 - - default default] Unable to schedule network bf4d9735-a477-438d-a56d-0935727297ff: no agents available; will retry on subsequent port and subnet creation events.
2026-07-22 23:16:38.201 9 INFO neutron.wsgi [None req-25709d40-a82b-4837-a3c0-89976a728d55 df24ff90c00e48bbb61fe4d12e230f82 bc28743b4d7e407ea89d44772cfe7051 - - default default] 10.0.0.158 "DELETE /v2.0/floatingips/97a8965f-bc74-4055-ab3d-2f45966511e0 HTTP/1.1" status: 204 len: 168 time: 0.3459890
2026-07-22 23:16:38.519 10 INFO neutron.wsgi [None req-36e20489-5a27-44ec-8e27-4e8688e7dd81 f5d3e90e4f554597b01256c3feefb09e 6b7245b6dc7c44c2b65068cff8ee9bf0 - - default default] 10.0.0.158 "POST /v2.0/floatingips HTTP/1.1" status: 201 len: 751 time: 0.6790709
2026-07-22 23:16:38.528 10 WARNING neutron_lib.context [None req-b8863630-9ad5-422b-9055-efcc913b9f02 f5d3e90e4f554597b01256c3feefb09e 6b7245b6dc7c44c2b65068cff8ee9bf0 - - default default] Method 'is_advsvc' is deprecated since 2023.2 release (neutron-lib 3.8.0) and will be removed once support for the old RBAC API policies will be removed from Neutron. Please use method 'is_service_role' instead.
2026-07-22 23:16:38.680 9 WARNING neutron_lib.context [None req-13b075b9-a304-4361-9c46-08e306858969 c81d96f3fe7c4a4dac0863658c984362 8fbdf56b1ac848c4bfe2df1043ee716c - - default default] Method 'is_advsvc' is deprecated since 2023.2 release (neutron-lib 3.8.0) and will be removed once support for the old RBAC API policies will be removed from Neutron. Please use method 'is_service_role' instead.
2026-07-22 23:16:38.755 10 WARNING neutron.scheduler.dhcp_agent_scheduler [None req-b8863630-9ad5-422b-9055-efcc913b9f02 f5d3e90e4f554597b01256c3feefb09e 6b7245b6dc7c44c2b65068cff8ee9bf0 - - default default] No more DHCP agents
2026-07-22 23:16:38.757 10 WARNING neutron.api.rpc.agentnotifiers.dhcp_rpc_agent_api [None req-b8863630-9ad5-422b-9055-efcc913b9f02 f5d3e90e4f554597b01256c3feefb09e 6b7245b6dc7c44c2b65068cff8ee9bf0 - - default default] Unable to schedule network bf4d9735-a477-438d-a56d-0935727297ff: no agents available; will retry on subsequent port and subnet creation events.
2026-07-22 23:16:38.857 9 INFO neutron.db.ovn_revision_numbers_db [None req-13b075b9-a304-4361-9c46-08e306858969 c81d96f3fe7c4a4dac0863658c984362 8fbdf56b1ac848c4bfe2df1043ee716c - - default default] Successfully bumped revision number for resource c156c10d-df7d-400e-8db8-45e5fbc966dc (type: security_groups) to 1
2026-07-22 23:16:39.112 10 INFO neutron.db.ovn_revision_numbers_db [None req-98f7891a-a8d9-4a42-8c6c-bddc648c4aff ebbdda3948f148a492dd875a4ced6796 f2d0a8ebe7d244c18dc84a3e8f1419b4 - - default default] Successfully bumped revision number for resource d0450ab3-573e-4beb-b391-c3e831152647 (type: security_groups) to 1
2026-07-22 23:16:39.128 10 INFO neutron.wsgi [None req-b8863630-9ad5-422b-9055-efcc913b9f02 f5d3e90e4f554597b01256c3feefb09e 6b7245b6dc7c44c2b65068cff8ee9bf0 - - default default] 10.0.0.158 "POST /v2.0/floatingips HTTP/1.1" status: 201 len: 751 time: 0.6049209
2026-07-22 23:16:39.129 10 INFO neutron.db.ovn_revision_numbers_db [None req-98f7891a-a8d9-4a42-8c6c-bddc648c4aff ebbdda3948f148a492dd875a4ced6796 f2d0a8ebe7d244c18dc84a3e8f1419b4 - - default default] Successfully bumped revision number for resource 66dba0a6-809f-4cb3-ae4a-57e6a20b4064 (type: security_group_rules) to 0
2026-07-22 23:16:39.140 9 INFO neutron.db.ovn_revision_numbers_db [None req-13b075b9-a304-4361-9c46-08e306858969 c81d96f3fe7c4a4dac0863658c984362 8fbdf56b1ac848c4bfe2df1043ee716c - - default default] Successfully bumped revision number for resource 03f1be36-9d68-49c0-a2fb-841b142c5baf (type: security_group_rules) to 0
2026-07-22 23:16:39.142 10 INFO neutron.db.ovn_revision_numbers_db [None req-98f7891a-a8d9-4a42-8c6c-bddc648c4aff ebbdda3948f148a492dd875a4ced6796 f2d0a8ebe7d244c18dc84a3e8f1419b4 - - default default] Successfully bumped revision number for resource 7089f27d-a3b6-41b9-a743-082894c833cc (type: security_group_rules) to 0
2026-07-22 23:16:39.156 10 INFO neutron.db.ovn_revision_numbers_db [None req-98f7891a-a8d9-4a42-8c6c-bddc648c4aff ebbdda3948f148a492dd875a4ced6796 f2d0a8ebe7d244c18dc84a3e8f1419b4 - - default default] Successfully bumped revision number for resource 7519d1f0-2588-4ee5-a3b7-05122881cf2e (type: security_group_rules) to 0
2026-07-22 23:16:39.173 10 INFO neutron.db.ovn_revision_numbers_db [None req-98f7891a-a8d9-4a42-8c6c-bddc648c4aff ebbdda3948f148a492dd875a4ced6796 f2d0a8ebe7d244c18dc84a3e8f1419b4 - - default default] Successfully bumped revision number for resource 7ef2a8f5-3d38-4ee8-b3ef-ccf16ed68769 (type: security_group_rules) to 0
2026-07-22 23:16:39.192 9 INFO neutron.db.ovn_revision_numbers_db [None req-13b075b9-a304-4361-9c46-08e306858969 c81d96f3fe7c4a4dac0863658c984362 8fbdf56b1ac848c4bfe2df1043ee716c - - default default] Successfully bumped revision number for resource 0e1b422f-eace-41f7-942b-28cfa59d8d14 (type: security_group_rules) to 0
2026-07-22 23:16:39.200 10 INFO neutron.wsgi [None req-98f7891a-a8d9-4a42-8c6c-bddc648c4aff ebbdda3948f148a492dd875a4ced6796 f2d0a8ebe7d244c18dc84a3e8f1419b4 - - default default] 10.0.0.158 "GET /v2.0/security-groups?tenant_id=aa16bce9b3a249c89d976efdc1c113e7&name=default HTTP/1.1" status: 200 len: 3120 time: 0.3226628
2026-07-22 23:16:39.208 9 INFO neutron.wsgi [None req-e3ab5926-c282-408a-a314-7f34fa7d3f59 f5d3e90e4f554597b01256c3feefb09e 6b7245b6dc7c44c2b65068cff8ee9bf0 - - default default] 10.0.0.158 "PUT /v2.0/floatingips/5f6866f7-1f4d-4503-bd08-b860cdd7d303/tags HTTP/1.1" status: 200 len: 210 time: 0.0748675
2026-07-22 23:16:39.213 9 INFO neutron.db.ovn_revision_numbers_db [None req-13b075b9-a304-4361-9c46-08e306858969 c81d96f3fe7c4a4dac0863658c984362 8fbdf56b1ac848c4bfe2df1043ee716c - - default default] Successfully bumped revision number for resource 9a13d62c-7655-49ca-a62c-0ef517c7538d (type: security_group_rules) to 0
2026-07-22 23:16:39.274 9 INFO neutron.db.ovn_revision_numbers_db [None req-13b075b9-a304-4361-9c46-08e306858969 c81d96f3fe7c4a4dac0863658c984362 8fbdf56b1ac848c4bfe2df1043ee716c - - default default] Successfully bumped revision number for resource e73af7e1-4d69-41c3-924f-aba75764fdc6 (type: security_group_rules) to 0
2026-07-22 23:16:39.300 9 INFO neutron.wsgi [None req-60ba8dd2-6432-4fb9-9e0e-1f821f9ed337 f5d3e90e4f554597b01256c3feefb09e 6b7245b6dc7c44c2b65068cff8ee9bf0 - - default default] 10.0.0.158 "PUT /v2.0/floatingips/0d9fa7d2-bf17-4337-a7a2-427064f23ec3/tags HTTP/1.1" status: 200 len: 218 time: 0.0812948
2026-07-22 23:16:39.373 10 INFO neutron.wsgi [None req-7feb047a-851e-48c7-8458-bf4354e10016 f5d3e90e4f554597b01256c3feefb09e 6b7245b6dc7c44c2b65068cff8ee9bf0 - - default default] 10.0.0.158 "PUT /v2.0/floatingips/b0e98ee0-59d1-4f6e-844e-bcfe38376f34/tags HTTP/1.1" status: 200 len: 227 time: 0.0680733
2026-07-22 23:16:39.426 9 INFO neutron.db.ovn_revision_numbers_db [None req-13b075b9-a304-4361-9c46-08e306858969 c81d96f3fe7c4a4dac0863658c984362 8fbdf56b1ac848c4bfe2df1043ee716c - - default default] Successfully bumped revision number for resource 1ea36547-ee86-4177-8801-c482a9ac2557 (type: security_groups) to 1
2026-07-22 23:16:39.440 10 INFO neutron.wsgi [None req-7dd7d9dc-ed55-40af-9e13-86ed3b89554e f5d3e90e4f554597b01256c3feefb09e 6b7245b6dc7c44c2b65068cff8ee9bf0 - - default default] 10.0.0.158 "PUT /v2.0/floatingips/bb9bd164-d1cc-48c9-82e0-d62e6a529c47/tags HTTP/1.1" status: 200 len: 212 time: 0.0618844
2026-07-22 23:16:39.461 9 INFO neutron.db.ovn_revision_numbers_db [None req-13b075b9-a304-4361-9c46-08e306858969 c81d96f3fe7c4a4dac0863658c984362 8fbdf56b1ac848c4bfe2df1043ee716c - - default default] Successfully bumped revision number for resource 6d3f80df-20dc-40c4-9d81-515ca5d38a24 (type: security_group_rules) to 0
2026-07-22 23:16:39.485 9 INFO neutron.db.ovn_revision_numbers_db [None req-13b075b9-a304-4361-9c46-08e306858969 c81d96f3fe7c4a4dac0863658c984362 8fbdf56b1ac848c4bfe2df1043ee716c - - default default] Successfully bumped revision number for resource f9a7861a-f299-4b73-a666-59d0163c9e4d (type: security_group_rules) to 0
2026-07-22 23:16:39.490 10 INFO neutron.wsgi [None req-c76036bf-9bd5-4499-9819-6f1532c8b12e f5d3e90e4f554597b01256c3feefb09e 6b7245b6dc7c44c2b65068cff8ee9bf0 - - default default] 10.0.0.158 "GET /v2.0/floatingips?tags=red HTTP/1.1" status: 200 len: 1866 time: 0.0441592
2026-07-22 23:16:39.519 9 INFO neutron.wsgi [None req-13b075b9-a304-4361-9c46-08e306858969 c81d96f3fe7c4a4dac0863658c984362 8fbdf56b1ac848c4bfe2df1043ee716c - - default default] 10.0.0.158 "POST /v2.0/security-groups HTTP/1.1" status: 201 len: 1801 time: 1.0836191
2026-07-22 23:16:39.531 9 WARNING neutron_lib.context [None req-e37c99f7-44ef-47f4-b967-8d5b5a1e812b c81d96f3fe7c4a4dac0863658c984362 8fbdf56b1ac848c4bfe2df1043ee716c - - default default] Method 'is_advsvc' is deprecated since 2023.2 release (neutron-lib 3.8.0) and will be removed once support for the old RBAC API policies will be removed from Neutron. Please use method 'is_service_role' instead.
2026-07-22 23:16:39.544 10 INFO neutron.wsgi [None req-7a1ca2b3-cc2f-48ca-9ad9-48e178cc2e40 f5d3e90e4f554597b01256c3feefb09e 6b7245b6dc7c44c2b65068cff8ee9bf0 - - default default] 10.0.0.158 "GET /v2.0/floatingips?tags=red%2Cblue HTTP/1.1" status: 200 len: 1323 time: 0.0421913
2026-07-22 23:16:39.591 10 INFO neutron.wsgi [None req-e8251570-f589-49fb-a722-049759603d27 f5d3e90e4f554597b01256c3feefb09e 6b7245b6dc7c44c2b65068cff8ee9bf0 - - default default] 10.0.0.158 "GET /v2.0/floatingips?tags-any=blue HTTP/1.1" status: 200 len: 1323 time: 0.0415137
2026-07-22 23:16:39.596 10 INFO neutron.wsgi [None req-b510268c-03fe-477a-ae9c-300160d7c525 ebbdda3948f148a492dd875a4ced6796 f2d0a8ebe7d244c18dc84a3e8f1419b4 - - default default] 10.0.0.158 "DELETE /v2.0/security-groups/d0450ab3-573e-4beb-b391-c3e831152647 HTTP/1.1" status: 204 len: 168 time: 0.3902683
2026-07-22 23:16:39.644 9 INFO neutron.wsgi [None req-704e2dc7-3362-486a-97f9-557009caaaa7 f5d3e90e4f554597b01256c3feefb09e 6b7245b6dc7c44c2b65068cff8ee9bf0 - - default default] 10.0.0.158 "GET /v2.0/floatingips?tags-any=red%2Cblue HTTP/1.1" status: 200 len: 1866 time: 0.0473099
2026-07-22 23:16:39.692 10 INFO neutron.wsgi [None req-03c5c008-be66-4838-a707-ccca34f950e5 f5d3e90e4f554597b01256c3feefb09e 6b7245b6dc7c44c2b65068cff8ee9bf0 - - default default] 10.0.0.158 "GET /v2.0/floatingips?not-tags=red HTTP/1.1" status: 200 len: 1295 time: 0.0433500
2026-07-22 23:16:39.742 10 INFO neutron.wsgi [None req-1b8aaa85-2c3a-4e14-b394-4ab5604a18dd f5d3e90e4f554597b01256c3feefb09e 6b7245b6dc7c44c2b65068cff8ee9bf0 - - default default] 10.0.0.158 "GET /v2.0/floatingips?not-tags=red%2Cblue HTTP/1.1" status: 200 len: 1838 time: 0.0438244
2026-07-22 23:16:39.751 9 INFO neutron.wsgi [None req-9bc1b416-980c-4e72-a385-7313b2d69dc9 ebbdda3948f148a492dd875a4ced6796 f2d0a8ebe7d244c18dc84a3e8f1419b4 - - default default] 10.0.0.158 "PUT /v2.0/routers/104c52d3-1869-4d34-a194-d5de90083558/remove_router_interface HTTP/1.1" status: 200 len: 503 time: 1.5435939 /var/lib/openstack/lib/python3.10/site-packages/pycadf/identifier.py:71: UserWarning: Invalid uuid: neutron. To ensure interoperability, identifiers should be a valid uuid. warnings.warn(('Invalid uuid: %s. To ensure interoperability, '
2026-07-22 23:16:39.782 9 INFO neutron.db.ovn_revision_numbers_db [None req-e37c99f7-44ef-47f4-b967-8d5b5a1e812b c81d96f3fe7c4a4dac0863658c984362 8fbdf56b1ac848c4bfe2df1043ee716c - - default default] Successfully bumped revision number for resource e0213293-d59a-4248-a70d-dd4fd16961f6 (type: security_groups) to 1
2026-07-22 23:16:39.797 10 INFO neutron.wsgi [None req-7beb5f25-9a3b-437f-9913-1aacedd9d6f5 f5d3e90e4f554597b01256c3feefb09e 6b7245b6dc7c44c2b65068cff8ee9bf0 - - default default] 10.0.0.158 "GET /v2.0/floatingips?not-tags-any=blue HTTP/1.1" status: 200 len: 1838 time: 0.0496662
2026-07-22 23:16:39.797 9 INFO neutron.db.ovn_revision_numbers_db [None req-e37c99f7-44ef-47f4-b967-8d5b5a1e812b c81d96f3fe7c4a4dac0863658c984362 8fbdf56b1ac848c4bfe2df1043ee716c - - default default] Successfully bumped revision number for resource 4d1f9adf-9eeb-4fbf-a3f9-2d8b8aa096f4 (type: security_group_rules) to 0
2026-07-22 23:16:39.835 9 INFO neutron.db.ovn_revision_numbers_db [None req-e37c99f7-44ef-47f4-b967-8d5b5a1e812b c81d96f3fe7c4a4dac0863658c984362 8fbdf56b1ac848c4bfe2df1043ee716c - - default default] Successfully bumped revision number for resource e0a1a160-979d-4ac6-b6a8-5f738aa50ee0 (type: security_group_rules) to 0
2026-07-22 23:16:39.837 10 INFO neutron.wsgi [None req-192cdfaa-defa-4d62-b53d-302016951634 f5d3e90e4f554597b01256c3feefb09e 6b7245b6dc7c44c2b65068cff8ee9bf0 - - default default] 10.0.0.158 "GET /v2.0/floatingips?not-tags-any=red%2Cblue HTTP/1.1" status: 200 len: 1295 time: 0.0352786
2026-07-22 23:16:39.872 9 INFO neutron.wsgi [None req-e37c99f7-44ef-47f4-b967-8d5b5a1e812b c81d96f3fe7c4a4dac0863658c984362 8fbdf56b1ac848c4bfe2df1043ee716c - - default default] 10.0.0.158 "POST /v2.0/security-groups HTTP/1.1" status: 201 len: 1801 time: 0.3463230
2026-07-22 23:16:39.894 9 WARNING neutron_lib.context [None req-72b18d6c-acbe-40e1-9f82-124bb7b2a627 c81d96f3fe7c4a4dac0863658c984362 8fbdf56b1ac848c4bfe2df1043ee716c - - default default] Method 'is_advsvc' is deprecated since 2023.2 release (neutron-lib 3.8.0) and will be removed once support for the old RBAC API policies will be removed from Neutron. Please use method 'is_service_role' instead.
2026-07-22 23:16:40.094 9 INFO neutron.db.ovn_revision_numbers_db [None req-72b18d6c-acbe-40e1-9f82-124bb7b2a627 c81d96f3fe7c4a4dac0863658c984362 8fbdf56b1ac848c4bfe2df1043ee716c - - default default] Successfully bumped revision number for resource 8e53590e-ee02-4d7b-897e-54ae9a7faf8c (type: security_groups) to 1
2026-07-22 23:16:40.117 9 INFO neutron.db.ovn_revision_numbers_db [None req-72b18d6c-acbe-40e1-9f82-124bb7b2a627 c81d96f3fe7c4a4dac0863658c984362 8fbdf56b1ac848c4bfe2df1043ee716c - - default default] Successfully bumped revision number for resource 98da4de3-d40a-4f60-9a90-643b24d5f9cc (type: security_group_rules) to 0
2026-07-22 23:16:40.141 9 INFO neutron.db.ovn_revision_numbers_db [None req-72b18d6c-acbe-40e1-9f82-124bb7b2a627 c81d96f3fe7c4a4dac0863658c984362 8fbdf56b1ac848c4bfe2df1043ee716c - - default default] Successfully bumped revision number for resource dcef0ac6-bb18-45e4-99bf-4aaf9244f6d1 (type: security_group_rules) to 0
2026-07-22 23:16:40.165 9 INFO neutron.wsgi [None req-72b18d6c-acbe-40e1-9f82-124bb7b2a627 c81d96f3fe7c4a4dac0863658c984362 8fbdf56b1ac848c4bfe2df1043ee716c - - default default] 10.0.0.158 "POST /v2.0/security-groups HTTP/1.1" status: 201 len: 1801 time: 0.2767730
2026-07-22 23:16:40.176 10 WARNING neutron_lib.context [None req-5dd9b041-4299-4c93-95d6-6e87b7cf8549 c81d96f3fe7c4a4dac0863658c984362 8fbdf56b1ac848c4bfe2df1043ee716c - - default default] Method 'is_advsvc' is deprecated since 2023.2 release (neutron-lib 3.8.0) and will be removed once support for the old RBAC API policies will be removed from Neutron. Please use method 'is_service_role' instead.
2026-07-22 23:16:40.237 10 INFO neutron.wsgi [None req-785d3388-e4d4-4f87-bb25-d04d29977ec4 f5d3e90e4f554597b01256c3feefb09e 6b7245b6dc7c44c2b65068cff8ee9bf0 - - default default] 10.0.0.158 "DELETE /v2.0/floatingips/5f6866f7-1f4d-4503-bd08-b860cdd7d303 HTTP/1.1" status: 204 len: 168 time: 0.3904145
2026-07-22 23:16:40.325 10 INFO neutron.db.ovn_revision_numbers_db [None req-5dd9b041-4299-4c93-95d6-6e87b7cf8549 c81d96f3fe7c4a4dac0863658c984362 8fbdf56b1ac848c4bfe2df1043ee716c - - default default] Successfully bumped revision number for resource 7bbd2cc5-935c-42ec-ad3c-dd1806e63d0e (type: security_groups) to 1
2026-07-22 23:16:40.342 10 INFO neutron.db.ovn_revision_numbers_db [None req-5dd9b041-4299-4c93-95d6-6e87b7cf8549 c81d96f3fe7c4a4dac0863658c984362 8fbdf56b1ac848c4bfe2df1043ee716c - - default default] Successfully bumped revision number for resource 9a74da8a-5e14-46cb-968d-ab325b00acf5 (type: security_group_rules) to 0
2026-07-22 23:16:40.357 10 INFO neutron.db.ovn_revision_numbers_db [None req-5dd9b041-4299-4c93-95d6-6e87b7cf8549 c81d96f3fe7c4a4dac0863658c984362 8fbdf56b1ac848c4bfe2df1043ee716c - - default default] Successfully bumped revision number for resource df75691f-650c-4406-97f9-2518688380b9 (type: security_group_rules) to 0
2026-07-22 23:16:40.378 10 INFO neutron.wsgi [None req-5dd9b041-4299-4c93-95d6-6e87b7cf8549 c81d96f3fe7c4a4dac0863658c984362 8fbdf56b1ac848c4bfe2df1043ee716c - - default default] 10.0.0.158 "POST /v2.0/security-groups HTTP/1.1" status: 201 len: 1801 time: 0.2077904
2026-07-22 23:16:40.391 10 WARNING neutron_lib.context [None req-ef06297c-0038-43a9-b229-4477e6f93e94 c81d96f3fe7c4a4dac0863658c984362 8fbdf56b1ac848c4bfe2df1043ee716c - - default default] Method 'is_advsvc' is deprecated since 2023.2 release (neutron-lib 3.8.0) and will be removed once support for the old RBAC API policies will be removed from Neutron. Please use method 'is_service_role' instead.
2026-07-22 23:16:40.513 10 INFO neutron.db.ovn_revision_numbers_db [None req-ef06297c-0038-43a9-b229-4477e6f93e94 c81d96f3fe7c4a4dac0863658c984362 8fbdf56b1ac848c4bfe2df1043ee716c - - default default] Successfully bumped revision number for resource 232e8cd9-a99c-45af-ba97-08f70f123068 (type: security_groups) to 1
2026-07-22 23:16:40.529 10 INFO neutron.db.ovn_revision_numbers_db [None req-ef06297c-0038-43a9-b229-4477e6f93e94 c81d96f3fe7c4a4dac0863658c984362 8fbdf56b1ac848c4bfe2df1043ee716c - - default default] Successfully bumped revision number for resource aa15482d-fe8b-4042-8981-7675165b01f0 (type: security_group_rules) to 0
2026-07-22 23:16:40.541 10 INFO neutron.db.ovn_revision_numbers_db [None req-ef06297c-0038-43a9-b229-4477e6f93e94 c81d96f3fe7c4a4dac0863658c984362 8fbdf56b1ac848c4bfe2df1043ee716c - - default default] Successfully bumped revision number for resource bcb60e28-85bb-4cd4-bf4b-fe0009e7ba80 (type: security_group_rules) to 0
2026-07-22 23:16:40.564 10 INFO neutron.wsgi [None req-ef06297c-0038-43a9-b229-4477e6f93e94 c81d96f3fe7c4a4dac0863658c984362 8fbdf56b1ac848c4bfe2df1043ee716c - - default default] 10.0.0.158 "POST /v2.0/security-groups HTTP/1.1" status: 201 len: 1801 time: 0.1792054
2026-07-22 23:16:40.613 10 INFO neutron.wsgi [None req-22285ae9-e573-4f92-a36a-8a354a1bb855 c81d96f3fe7c4a4dac0863658c984362 8fbdf56b1ac848c4bfe2df1043ee716c - - default default] 10.0.0.158 "PUT /v2.0/security-groups/1ea36547-ee86-4177-8801-c482a9ac2557/tags HTTP/1.1" status: 200 len: 210 time: 0.0373006
2026-07-22 23:16:40.671 10 INFO neutron.wsgi [None req-724001e2-2261-47b2-9976-e4a9f2ed0c50 c81d96f3fe7c4a4dac0863658c984362 8fbdf56b1ac848c4bfe2df1043ee716c - - default default] 10.0.0.158 "PUT /v2.0/security-groups/e0213293-d59a-4248-a70d-dd4fd16961f6/tags HTTP/1.1" status: 200 len: 218 time: 0.0347426
2026-07-22 23:16:40.705 10 INFO neutron.wsgi [None req-c404da01-9323-4906-921d-cc4d6a948a72 c81d96f3fe7c4a4dac0863658c984362 8fbdf56b1ac848c4bfe2df1043ee716c - - default default] 10.0.0.158 "PUT /v2.0/security-groups/8e53590e-ee02-4d7b-897e-54ae9a7faf8c/tags HTTP/1.1" status: 200 len: 227 time: 0.0308921
2026-07-22 23:16:40.740 10 INFO neutron.wsgi [None req-c20b1e1d-63bd-4d0c-8968-bf63fdec4841 c81d96f3fe7c4a4dac0863658c984362 8fbdf56b1ac848c4bfe2df1043ee716c - - default default] 10.0.0.158 "PUT /v2.0/security-groups/7bbd2cc5-935c-42ec-ad3c-dd1806e63d0e/tags HTTP/1.1" status: 200 len: 212 time: 0.0302355
2026-07-22 23:16:40.793 10 INFO neutron.wsgi [None req-b5549d90-8543-4b43-99a9-64d3b32e4b2e c81d96f3fe7c4a4dac0863658c984362 8fbdf56b1ac848c4bfe2df1043ee716c - - default default] 10.0.0.158 "GET /v2.0/security-groups?tags=red HTTP/1.1" status: 200 len: 4999 time: 0.0480268
2026-07-22 23:16:40.849 9 INFO neutron.wsgi [None req-f6ac0c87-1c50-4257-81ed-770e4e491455 ebbdda3948f148a492dd875a4ced6796 f2d0a8ebe7d244c18dc84a3e8f1419b4 - - default default] 10.0.0.158 "DELETE /v2.0/routers/104c52d3-1869-4d34-a194-d5de90083558 HTTP/1.1" status: 204 len: 168 time: 1.0942600
2026-07-22 23:16:40.854 9 INFO neutron.wsgi [None req-f260662c-49ae-4b42-b4d7-5d2b90fdd911 f5d3e90e4f554597b01256c3feefb09e 6b7245b6dc7c44c2b65068cff8ee9bf0 - - default default] 10.0.0.158 "DELETE /v2.0/floatingips/0d9fa7d2-bf17-4337-a7a2-427064f23ec3 HTTP/1.1" status: 204 len: 168 time: 0.6107469
2026-07-22 23:16:40.855 10 INFO neutron.wsgi [None req-703fc72d-7936-4c94-b4af-80b35e7eba79 c81d96f3fe7c4a4dac0863658c984362 8fbdf56b1ac848c4bfe2df1043ee716c - - default default] 10.0.0.158 "GET /v2.0/security-groups?tags=red%2Cblue HTTP/1.1" status: 200 len: 3413 time: 0.0576375
2026-07-22 23:16:40.909 10 INFO neutron.wsgi [None req-58309edd-3670-4b9a-8fa0-81a64aaaad5b c81d96f3fe7c4a4dac0863658c984362 8fbdf56b1ac848c4bfe2df1043ee716c - - default default] 10.0.0.158 "GET /v2.0/security-groups?tags-any=blue HTTP/1.1" status: 200 len: 3413 time: 0.0488658
2026-07-22 23:16:40.972 10 INFO neutron.wsgi [None req-5b187b91-2f15-4506-886d-e85d015ac55f c81d96f3fe7c4a4dac0863658c984362 8fbdf56b1ac848c4bfe2df1043ee716c - - default default] 10.0.0.158 "GET /v2.0/security-groups?tags-any=red%2Cblue HTTP/1.1" status: 200 len: 4999 time: 0.0593376
2026-07-22 23:16:41.021 10 INFO neutron.wsgi [None req-fbde2617-ebbf-4ecc-af11-cfa736f83f06 c81d96f3fe7c4a4dac0863658c984362 8fbdf56b1ac848c4bfe2df1043ee716c - - default default] 10.0.0.158 "GET /v2.0/security-groups?not-tags=red HTTP/1.1" status: 200 len: 6289 time: 0.0440478
2026-07-22 23:16:41.082 10 INFO neutron.wsgi [None req-5664b9e1-0bba-4d7f-915b-89d66b67eb5a c81d96f3fe7c4a4dac0863658c984362 8fbdf56b1ac848c4bfe2df1043ee716c - - default default] 10.0.0.158 "GET /v2.0/security-groups?not-tags=red%2Cblue HTTP/1.1" status: 200 len: 7875 time: 0.0566607
2026-07-22 23:16:41.125 9 INFO neutron.wsgi [None req-51d6efc7-1608-459b-9295-81d2b027edcb ebbdda3948f148a492dd875a4ced6796 f2d0a8ebe7d244c18dc84a3e8f1419b4 - - default default] 10.0.0.158 "DELETE /v2.0/subnets/0288bcb7-7e37-4da2-8424-9a7512852ef6 HTTP/1.1" status: 204 len: 168 time: 0.2706037
2026-07-22 23:16:41.132 10 INFO neutron.wsgi [None req-094425fe-056f-4b2d-b069-855264d98207 c81d96f3fe7c4a4dac0863658c984362 8fbdf56b1ac848c4bfe2df1043ee716c - - default default] 10.0.0.158 "GET /v2.0/security-groups?not-tags-any=blue HTTP/1.1" status: 200 len: 7875 time: 0.0455830
2026-07-22 23:16:41.176 10 INFO neutron.wsgi [None req-539eb5cb-fe42-4a70-aed6-cb7ad1f9f2af c81d96f3fe7c4a4dac0863658c984362 8fbdf56b1ac848c4bfe2df1043ee716c - - default default] 10.0.0.158 "GET /v2.0/security-groups?not-tags-any=red%2Cblue HTTP/1.1" status: 200 len: 6289 time: 0.0401471
2026-07-22 23:16:41.540 10 INFO neutron.wsgi [None req-2b4b2ebe-92c4-44c2-8d4f-aa0642baab2d c81d96f3fe7c4a4dac0863658c984362 8fbdf56b1ac848c4bfe2df1043ee716c - - default default] 10.0.0.158 "DELETE /v2.0/security-groups/1ea36547-ee86-4177-8801-c482a9ac2557 HTTP/1.1" status: 204 len: 168 time: 0.3575082
2026-07-22 23:16:41.665 9 INFO neutron.wsgi [None req-443e1ae7-8477-4e19-9958-c3208a4b24fe f5d3e90e4f554597b01256c3feefb09e 6b7245b6dc7c44c2b65068cff8ee9bf0 - - default default] 10.0.0.158 "DELETE /v2.0/floatingips/b0e98ee0-59d1-4f6e-844e-bcfe38376f34 HTTP/1.1" status: 204 len: 168 time: 0.8040555
2026-07-22 23:16:41.666 10 INFO neutron.wsgi [None req-2bcda0ce-3b46-4fda-8731-7597cc849a4d c81d96f3fe7c4a4dac0863658c984362 8fbdf56b1ac848c4bfe2df1043ee716c - - default default] 10.0.0.158 "DELETE /v2.0/security-groups/e0213293-d59a-4248-a70d-dd4fd16961f6 HTTP/1.1" status: 204 len: 168 time: 0.1225441
2026-07-22 23:16:41.718 9 INFO neutron.wsgi [None req-6226b919-7419-43a6-abdc-729602a77c71 ebbdda3948f148a492dd875a4ced6796 f2d0a8ebe7d244c18dc84a3e8f1419b4 - - default default] 10.0.0.190 "GET /v2.0/agents HTTP/1.1" status: 200 len: 1390 time: 0.1547997
2026-07-22 23:16:41.851 9 INFO neutron.wsgi [None req-14e43eb7-89c0-4340-9f12-8f0be1cf938a ebbdda3948f148a492dd875a4ced6796 f2d0a8ebe7d244c18dc84a3e8f1419b4 - - default default] 10.0.0.190 "GET /v2.0/networks HTTP/1.1" status: 200 len: 3072 time: 0.1161673
2026-07-22 23:16:41.885 10 INFO neutron.wsgi [None req-ded349cd-3ce8-40c7-a4a0-a808e9ab80d1 c81d96f3fe7c4a4dac0863658c984362 8fbdf56b1ac848c4bfe2df1043ee716c - - default default] 10.0.0.158 "DELETE /v2.0/security-groups/8e53590e-ee02-4d7b-897e-54ae9a7faf8c HTTP/1.1" status: 204 len: 168 time: 0.2137113
2026-07-22 23:16:41.910 9 INFO neutron.wsgi [None req-1fdc3ae7-73af-4bf7-8dba-74405b6199c3 ebbdda3948f148a492dd875a4ced6796 f2d0a8ebe7d244c18dc84a3e8f1419b4 - - default default] 10.0.0.190 "GET /v2.0/subnets HTTP/1.1" status: 200 len: 1437 time: 0.0533593
2026-07-22 23:16:42.002 9 INFO neutron.wsgi [None req-1f53f79b-a0db-4333-8e93-cf2ef5e4e64e ebbdda3948f148a492dd875a4ced6796 f2d0a8ebe7d244c18dc84a3e8f1419b4 - - default default] 10.0.0.190 "GET /v2.0/ports HTTP/1.1" status: 200 len: 7335 time: 0.0913653
2026-07-22 23:16:42.035 9 INFO neutron.wsgi [None req-6207f84d-fd24-45cf-aa00-ec51e0cb85e2 ebbdda3948f148a492dd875a4ced6796 f2d0a8ebe7d244c18dc84a3e8f1419b4 - - default default] 10.0.0.190 "GET /v2.0/network-ip-availabilities HTTP/1.1" status: 200 len: 1563 time: 0.0238144
2026-07-22 23:16:42.051 10 INFO neutron.wsgi [None req-aa84e04c-c249-4a4d-b765-3f67be7a881d c81d96f3fe7c4a4dac0863658c984362 8fbdf56b1ac848c4bfe2df1043ee716c - - default default] 10.0.0.158 "DELETE /v2.0/security-groups/7bbd2cc5-935c-42ec-ad3c-dd1806e63d0e HTTP/1.1" status: 204 len: 168 time: 0.1549158
2026-07-22 23:16:42.075 9 INFO neutron.wsgi [None req-d8030d05-9923-4b41-aecc-63c3861a1062 ebbdda3948f148a492dd875a4ced6796 f2d0a8ebe7d244c18dc84a3e8f1419b4 - - default default] 10.0.0.190 "GET /v2.0/subnets HTTP/1.1" status: 200 len: 1437 time: 0.0379786
2026-07-22 23:16:42.104 9 INFO neutron.wsgi [None req-53ecc980-87f7-4353-8849-79094f8668a7 ebbdda3948f148a492dd875a4ced6796 f2d0a8ebe7d244c18dc84a3e8f1419b4 - - default default] 10.0.0.190 "GET /v2.0/subnetpools HTTP/1.1" status: 200 len: 193 time: 0.0265052
2026-07-22 23:16:42.134 10 INFO neutron.wsgi [None req-700fdadd-d0b3-4443-b67c-21e8b706c692 f5d3e90e4f554597b01256c3feefb09e 6b7245b6dc7c44c2b65068cff8ee9bf0 - - default default] 10.0.0.158 "DELETE /v2.0/floatingips/bb9bd164-d1cc-48c9-82e0-d62e6a529c47 HTTP/1.1" status: 204 len: 168 time: 0.4636931
2026-07-22 23:16:42.140 9 INFO neutron.services.segments.plugin [-] Segment db216512-aacf-4b2d-9580-bab6417803e5 resource provider aggregate not found
2026-07-22 23:16:42.146 9 INFO neutron.services.segments.plugin [-] Segment db216512-aacf-4b2d-9580-bab6417803e5 resource provider aggregate not found
2026-07-22 23:16:42.168 9 INFO neutron.services.segments.plugin [-] Segment db216512-aacf-4b2d-9580-bab6417803e5 resource provider not found; error: Placement Client Error (4xx): {"errors": [{"status": 404, "title": "Not Found", "detail": "The resource could not be found.\n\n No resource provider with uuid db216512-aacf-4b2d-9580-bab6417803e5 found for delete ", "request_id": "req-1601df99-ff93-4064-aeaf-c52ac79b8fa1"}]}
2026-07-22 23:16:42.169 9 INFO neutron.services.segments.plugin [-] Segment db216512-aacf-4b2d-9580-bab6417803e5 resource provider not found; error: Placement Client Error (4xx): {"errors": [{"status": 404, "title": "Not Found", "detail": "The resource could not be found.\n\n No resource provider with uuid db216512-aacf-4b2d-9580-bab6417803e5 found for delete ", "request_id": "req-79e5a552-063a-433f-a81e-8ce8c0ca2b3a"}]}
2026-07-22 23:16:42.185 9 INFO neutron.wsgi [None req-68ca3369-73ab-4943-89af-89ef7be61d74 ebbdda3948f148a492dd875a4ced6796 f2d0a8ebe7d244c18dc84a3e8f1419b4 - - default default] 10.0.0.158 "DELETE /v2.0/networks/549d0643-681a-4821-8e65-225a819feb10 HTTP/1.1" status: 204 len: 168 time: 1.0541873
2026-07-22 23:16:42.206 9 INFO neutron.wsgi [None req-dc7c7040-d257-42bc-b4d9-fce369ebca5f ebbdda3948f148a492dd875a4ced6796 f2d0a8ebe7d244c18dc84a3e8f1419b4 - - default default] 10.0.0.190 "GET /v2.0/security-groups HTTP/1.1" status: 200 len: 24963 time: 0.0846241
2026-07-22 23:16:42.222 10 INFO neutron.wsgi [None req-1f0330c2-c01b-4349-89c3-815e97aa143e c81d96f3fe7c4a4dac0863658c984362 8fbdf56b1ac848c4bfe2df1043ee716c - - default default] 10.0.0.158 "DELETE /v2.0/security-groups/232e8cd9-a99c-45af-ba97-08f70f123068 HTTP/1.1" status: 204 len: 168 time: 0.1631079
2026-07-22 23:16:42.250 9 INFO neutron.wsgi [None req-7f368d22-6b99-49c5-a0a6-22da190c500f ebbdda3948f148a492dd875a4ced6796 f2d0a8ebe7d244c18dc84a3e8f1419b4 - - default default] 10.0.0.190 "GET /v2.0/routers HTTP/1.1" status: 200 len: 189 time: 0.0382912
2026-07-22 23:16:42.264 9 INFO neutron.wsgi [None req-f8523c96-cf21-4e9d-858e-097afbacd20f ebbdda3948f148a492dd875a4ced6796 f2d0a8ebe7d244c18dc84a3e8f1419b4 - - default default] 10.0.0.190 "GET /v2.0/agents?binary=ovn-controller HTTP/1.1" status: 200 len: 591 time: 0.0136182
2026-07-22 23:16:42.308 9 INFO neutron.wsgi [None req-0e08148c-19c5-4ae6-a18f-fe0c3a117657 ebbdda3948f148a492dd875a4ced6796 f2d0a8ebe7d244c18dc84a3e8f1419b4 - - default default] 10.0.0.190 "GET /v2.0/floatingips HTTP/1.1" status: 200 len: 730 time: 0.0422339
2026-07-22 23:16:42.387 9 INFO neutron.wsgi [None req-48dc1aaf-ae3f-4c85-80d4-12a768c1de1d ebbdda3948f148a492dd875a4ced6796 f2d0a8ebe7d244c18dc84a3e8f1419b4 - - default default] 10.0.0.158 "GET /v2.0/security-groups?tenant_id=bc28743b4d7e407ea89d44772cfe7051&name=default HTTP/1.1" status: 200 len: 3120 time: 0.0400972
2026-07-22 23:16:42.563 10 INFO neutron.wsgi [None req-a0de016c-39e6-4782-9bcd-70cfc66ddba4 f5d3e90e4f554597b01256c3feefb09e 6b7245b6dc7c44c2b65068cff8ee9bf0 - - default default] 10.0.0.158 "DELETE /v2.0/floatingips/4fdd89e6-f999-4538-8cc5-0daa0c30edfb HTTP/1.1" status: 204 len: 168 time: 0.4218943
2026-07-22 23:16:42.657 10 INFO neutron.wsgi [None req-8d08786b-1341-4fa0-bb07-74550c6cfc33 ebbdda3948f148a492dd875a4ced6796 f2d0a8ebe7d244c18dc84a3e8f1419b4 - - default default] 10.0.0.158 "DELETE /v2.0/security-groups/f02fbf26-c560-46bc-aa3d-fa516058f399 HTTP/1.1" status: 204 len: 168 time: 0.2658944
2026-07-22 23:16:43.492 9 INFO neutron.wsgi [None req-fc673580-9ff9-41c1-94e7-ed4f7490275e ebbdda3948f148a492dd875a4ced6796 f2d0a8ebe7d244c18dc84a3e8f1419b4 - - default default] 10.0.0.158 "GET /v2.0/security-groups?tenant_id=8fbdf56b1ac848c4bfe2df1043ee716c&name=default HTTP/1.1" status: 200 len: 3120 time: 0.3759427
2026-07-22 23:16:43.790 10 INFO neutron.db.ovn_revision_numbers_db [None req-71faccd1-e717-4a8b-a267-bb78da48139d ebbdda3948f148a492dd875a4ced6796 f2d0a8ebe7d244c18dc84a3e8f1419b4 - - default default] Successfully bumped revision number for resource ad624c58-0ac7-46ae-b048-31af0a0fb0eb (type: security_groups) to 1
2026-07-22 23:16:43.810 10 INFO neutron.wsgi [None req-89ae30a8-49c2-4ce6-b499-c060c041d64b ebbdda3948f148a492dd875a4ced6796 f2d0a8ebe7d244c18dc84a3e8f1419b4 - - default default] 10.0.0.158 "DELETE /v2.0/security-groups/c156c10d-df7d-400e-8db8-45e5fbc966dc HTTP/1.1" status: 204 len: 168 time: 0.3081417
2026-07-22 23:16:43.812 10 INFO neutron.db.ovn_revision_numbers_db [None req-71faccd1-e717-4a8b-a267-bb78da48139d ebbdda3948f148a492dd875a4ced6796 f2d0a8ebe7d244c18dc84a3e8f1419b4 - - default default] Successfully bumped revision number for resource 88bf2a87-0bf8-40ef-94db-45cae0b41c8d (type: security_group_rules) to 0
2026-07-22 23:16:43.842 10 INFO neutron.db.ovn_revision_numbers_db [None req-71faccd1-e717-4a8b-a267-bb78da48139d ebbdda3948f148a492dd875a4ced6796 f2d0a8ebe7d244c18dc84a3e8f1419b4 - - default default] Successfully bumped revision number for resource 8f276bcb-00e5-461a-9c44-cd382e8de4cd (type: security_group_rules) to 0
2026-07-22 23:16:43.866 10 INFO neutron.db.ovn_revision_numbers_db [None req-71faccd1-e717-4a8b-a267-bb78da48139d ebbdda3948f148a492dd875a4ced6796 f2d0a8ebe7d244c18dc84a3e8f1419b4 - - default default] Successfully bumped revision number for resource d07b9b78-db51-4770-b476-da9e723afc33 (type: security_group_rules) to 0
2026-07-22 23:16:43.885 10 INFO neutron.db.ovn_revision_numbers_db [None req-71faccd1-e717-4a8b-a267-bb78da48139d ebbdda3948f148a492dd875a4ced6796 f2d0a8ebe7d244c18dc84a3e8f1419b4 - - default default] Successfully bumped revision number for resource e16c16e0-c5d7-463d-9cfd-ede414351e79 (type: security_group_rules) to 0
2026-07-22 23:16:43.916 10 INFO neutron.wsgi [None req-71faccd1-e717-4a8b-a267-bb78da48139d ebbdda3948f148a492dd875a4ced6796 f2d0a8ebe7d244c18dc84a3e8f1419b4 - - default default] 10.0.0.158 "GET /v2.0/security-groups?tenant_id=abadb3733d8c45fa901949fdd5033832&name=default HTTP/1.1" status: 200 len: 3120 time: 0.4261899
2026-07-22 23:16:44.152 10 INFO neutron.db.ovn_revision_numbers_db [None req-a8c738d8-f098-41dc-82ba-d8a1003d6aee ebbdda3948f148a492dd875a4ced6796 f2d0a8ebe7d244c18dc84a3e8f1419b4 - - default default] Successfully bumped revision number for resource 1fcc74f9-d6fe-4f3d-998d-de41d1faf913 (type: security_groups) to 1
2026-07-22 23:16:44.170 10 INFO neutron.db.ovn_revision_numbers_db [None req-a8c738d8-f098-41dc-82ba-d8a1003d6aee ebbdda3948f148a492dd875a4ced6796 f2d0a8ebe7d244c18dc84a3e8f1419b4 - - default default] Successfully bumped revision number for resource 925ca942-d5c4-479e-9f3d-a47aa16bc1c0 (type: security_group_rules) to 0
2026-07-22 23:16:44.199 10 INFO neutron.db.ovn_revision_numbers_db [None req-a8c738d8-f098-41dc-82ba-d8a1003d6aee ebbdda3948f148a492dd875a4ced6796 f2d0a8ebe7d244c18dc84a3e8f1419b4 - - default default] Successfully bumped revision number for resource 9615a872-c3a2-44cc-a66a-473d84e2efe2 (type: security_group_rules) to 0
2026-07-22 23:16:44.219 10 INFO neutron.db.ovn_revision_numbers_db [None req-a8c738d8-f098-41dc-82ba-d8a1003d6aee ebbdda3948f148a492dd875a4ced6796 f2d0a8ebe7d244c18dc84a3e8f1419b4 - - default default] Successfully bumped revision number for resource 9e8b0198-a41a-4bc0-bbd0-2d39fa1f1998 (type: security_group_rules) to 0
2026-07-22 23:16:44.246 10 INFO neutron.db.ovn_revision_numbers_db [None req-a8c738d8-f098-41dc-82ba-d8a1003d6aee ebbdda3948f148a492dd875a4ced6796 f2d0a8ebe7d244c18dc84a3e8f1419b4 - - default default] Successfully bumped revision number for resource ace15108-d588-4fb5-b781-fc8e4bc4811b (type: security_group_rules) to 0
2026-07-22 23:16:44.255 10 INFO neutron.wsgi [None req-91e8ff5e-f98e-4640-a415-c72b6cf4e861 ebbdda3948f148a492dd875a4ced6796 f2d0a8ebe7d244c18dc84a3e8f1419b4 - - default default] 10.0.0.158 "DELETE /v2.0/security-groups/ad624c58-0ac7-46ae-b048-31af0a0fb0eb HTTP/1.1" status: 204 len: 168 time: 0.3336687
2026-07-22 23:16:44.275 10 INFO neutron.wsgi [None req-a8c738d8-f098-41dc-82ba-d8a1003d6aee ebbdda3948f148a492dd875a4ced6796 f2d0a8ebe7d244c18dc84a3e8f1419b4 - - default default] 10.0.0.158 "GET /v2.0/security-groups?tenant_id=76977d0060f241beb15aee7100b49ab8&name=default HTTP/1.1" status: 200 len: 3120 time: 0.3129871
2026-07-22 23:16:44.558 9 INFO neutron.wsgi [None req-2f1c8442-5d34-4c91-8051-26dfae2d362d ebbdda3948f148a492dd875a4ced6796 f2d0a8ebe7d244c18dc84a3e8f1419b4 - - default default] 10.0.0.158 "DELETE /v2.0/security-groups/1fcc74f9-d6fe-4f3d-998d-de41d1faf913 HTTP/1.1" status: 204 len: 168 time: 0.2764597
2026-07-22 23:16:44.613 10 INFO neutron.db.ovn_revision_numbers_db [None req-c8483da6-81e5-4bab-bcc6-f2518837f8c2 ebbdda3948f148a492dd875a4ced6796 f2d0a8ebe7d244c18dc84a3e8f1419b4 - - default default] Successfully bumped revision number for resource ee070e27-9bb9-4a43-ae27-c78edfaa77c1 (type: security_groups) to 1
2026-07-22 23:16:44.627 10 INFO neutron.db.ovn_revision_numbers_db [None req-c8483da6-81e5-4bab-bcc6-f2518837f8c2 ebbdda3948f148a492dd875a4ced6796 f2d0a8ebe7d244c18dc84a3e8f1419b4 - - default default] Successfully bumped revision number for resource 5d78f334-9d89-48db-9190-f3bcf3c3eed6 (type: security_group_rules) to 0
2026-07-22 23:16:44.644 10 INFO neutron.db.ovn_revision_numbers_db [None req-c8483da6-81e5-4bab-bcc6-f2518837f8c2 ebbdda3948f148a492dd875a4ced6796 f2d0a8ebe7d244c18dc84a3e8f1419b4 - - default default] Successfully bumped revision number for resource a240f2f5-de3f-4859-afdb-3d8046e6344c (type: security_group_rules) to 0
2026-07-22 23:16:44.657 10 INFO neutron.db.ovn_revision_numbers_db [None req-c8483da6-81e5-4bab-bcc6-f2518837f8c2 ebbdda3948f148a492dd875a4ced6796 f2d0a8ebe7d244c18dc84a3e8f1419b4 - - default default] Successfully bumped revision number for resource d80c247d-6a5c-4e0e-9596-e9971e69d556 (type: security_group_rules) to 0
2026-07-22 23:16:44.670 10 INFO neutron.db.ovn_revision_numbers_db [None req-c8483da6-81e5-4bab-bcc6-f2518837f8c2 ebbdda3948f148a492dd875a4ced6796 f2d0a8ebe7d244c18dc84a3e8f1419b4 - - default default] Successfully bumped revision number for resource f2e20f84-8273-4b0e-9de3-07b3c2e472ff (type: security_group_rules) to 0
2026-07-22 23:16:44.692 10 INFO neutron.wsgi [None req-c8483da6-81e5-4bab-bcc6-f2518837f8c2 ebbdda3948f148a492dd875a4ced6796 f2d0a8ebe7d244c18dc84a3e8f1419b4 - - default default] 10.0.0.158 "GET /v2.0/security-groups?tenant_id=6b7245b6dc7c44c2b65068cff8ee9bf0&name=default HTTP/1.1" status: 200 len: 3120 time: 0.2075925
2026-07-22 23:16:44.866 10 INFO neutron.db.ovn_revision_numbers_db [None req-9e49be9a-fb88-4753-8632-ba898cb5ac9f ebbdda3948f148a492dd875a4ced6796 f2d0a8ebe7d244c18dc84a3e8f1419b4 - - default default] Successfully bumped revision number for resource a57914d1-82d6-4a22-920d-f437b4d5b4c1 (type: security_groups) to 1
2026-07-22 23:16:44.886 10 INFO neutron.db.ovn_revision_numbers_db [None req-9e49be9a-fb88-4753-8632-ba898cb5ac9f ebbdda3948f148a492dd875a4ced6796 f2d0a8ebe7d244c18dc84a3e8f1419b4 - - default default] Successfully bumped revision number for resource 2f823cb9-dc5f-4974-98b9-c7625f0f9130 (type: security_group_rules) to 0
2026-07-22 23:16:44.908 10 INFO neutron.db.ovn_revision_numbers_db [None req-9e49be9a-fb88-4753-8632-ba898cb5ac9f ebbdda3948f148a492dd875a4ced6796 f2d0a8ebe7d244c18dc84a3e8f1419b4 - - default default] Successfully bumped revision number for resource 95ca1eef-bea2-4e49-811d-c9a86e7472db (type: security_group_rules) to 0
2026-07-22 23:16:44.931 10 INFO neutron.db.ovn_revision_numbers_db [None req-9e49be9a-fb88-4753-8632-ba898cb5ac9f ebbdda3948f148a492dd875a4ced6796 f2d0a8ebe7d244c18dc84a3e8f1419b4 - - default default] Successfully bumped revision number for resource fac50150-dc24-415e-b832-fe0a895d5a54 (type: security_group_rules) to 0
2026-07-22 23:16:44.949 10 INFO neutron.db.ovn_revision_numbers_db [None req-9e49be9a-fb88-4753-8632-ba898cb5ac9f ebbdda3948f148a492dd875a4ced6796 f2d0a8ebe7d244c18dc84a3e8f1419b4 - - default default] Successfully bumped revision number for resource fcc04f8f-3972-42ee-977f-fd538c3be6c2 (type: security_group_rules) to 0
2026-07-22 23:16:44.973 10 INFO neutron.wsgi [None req-9e49be9a-fb88-4753-8632-ba898cb5ac9f ebbdda3948f148a492dd875a4ced6796 f2d0a8ebe7d244c18dc84a3e8f1419b4 - - default default] 10.0.0.158 "GET /v2.0/security-groups?tenant_id=7229fe1692a5422283a1ab73cb6d1f28&name=default HTTP/1.1" status: 200 len: 3120 time: 0.2347233
2026-07-22 23:16:44.991 9 INFO neutron.wsgi [None req-0c5c40ad-313e-4d51-b9f1-36e065821f21 ebbdda3948f148a492dd875a4ced6796 f2d0a8ebe7d244c18dc84a3e8f1419b4 - - default default] 10.0.0.158 "DELETE /v2.0/security-groups/ee070e27-9bb9-4a43-ae27-c78edfaa77c1 HTTP/1.1" status: 204 len: 168 time: 0.2911747
2026-07-22 23:16:45.036 9 INFO neutron.db.ovn_revision_numbers_db [None req-1de4ccdf-2cb4-45fc-9ae7-663478e5b57c ebbdda3948f148a492dd875a4ced6796 f2d0a8ebe7d244c18dc84a3e8f1419b4 - - default default] Successfully bumped revision number for resource eb47101c-7801-4ccc-bdd0-d08193a41a45 (type: security_groups) to 1
2026-07-22 23:16:45.050 9 INFO neutron.db.ovn_revision_numbers_db [None req-1de4ccdf-2cb4-45fc-9ae7-663478e5b57c ebbdda3948f148a492dd875a4ced6796 f2d0a8ebe7d244c18dc84a3e8f1419b4 - - default default] Successfully bumped revision number for resource 36d16594-776a-468b-abc4-43b811462d9c (type: security_group_rules) to 0
2026-07-22 23:16:45.063 9 INFO neutron.db.ovn_revision_numbers_db [None req-1de4ccdf-2cb4-45fc-9ae7-663478e5b57c ebbdda3948f148a492dd875a4ced6796 f2d0a8ebe7d244c18dc84a3e8f1419b4 - - default default] Successfully bumped revision number for resource 668f743d-7104-41c9-83bc-6055cee77c92 (type: security_group_rules) to 0
2026-07-22 23:16:45.076 9 INFO neutron.db.ovn_revision_numbers_db [None req-1de4ccdf-2cb4-45fc-9ae7-663478e5b57c ebbdda3948f148a492dd875a4ced6796 f2d0a8ebe7d244c18dc84a3e8f1419b4 - - default default] Successfully bumped revision number for resource 71675f03-900c-4446-a904-d92f463911c4 (type: security_group_rules) to 0
2026-07-22 23:16:45.092 9 INFO neutron.db.ovn_revision_numbers_db [None req-1de4ccdf-2cb4-45fc-9ae7-663478e5b57c ebbdda3948f148a492dd875a4ced6796 f2d0a8ebe7d244c18dc84a3e8f1419b4 - - default default] Successfully bumped revision number for resource 8d1fcc09-6db4-4211-8ff9-1ea7615e3213 (type: security_group_rules) to 0
2026-07-22 23:16:45.145 9 INFO neutron.db.segments_db [None req-1de4ccdf-2cb4-45fc-9ae7-663478e5b57c ebbdda3948f148a492dd875a4ced6796 f2d0a8ebe7d244c18dc84a3e8f1419b4 - - default default] Added segment 306baee6-6b52-46fd-8157-902fbb48cfd7 of type geneve for network d8bf75f3-c35f-40de-90d9-5878b990e764
2026-07-22 23:16:45.236 10 INFO neutron.wsgi [None req-f1501c08-1390-48d7-bb94-954f9ce3e687 ebbdda3948f148a492dd875a4ced6796 f2d0a8ebe7d244c18dc84a3e8f1419b4 - - default default] 10.0.0.158 "DELETE /v2.0/security-groups/a57914d1-82d6-4a22-920d-f437b4d5b4c1 HTTP/1.1" status: 204 len: 168 time: 0.2584717
2026-07-22 23:16:45.259 10 INFO neutron.db.ovn_revision_numbers_db [None req-b3e13a3f-9e5b-4e1c-bb15-7d2087cb669d ebbdda3948f148a492dd875a4ced6796 f2d0a8ebe7d244c18dc84a3e8f1419b4 - - default default] Successfully bumped revision number for resource 6c73b6fb-9bb1-4a34-9b56-1a830839d3b1 (type: security_groups) to 1
2026-07-22 23:16:45.284 10 INFO neutron.db.ovn_revision_numbers_db [None req-b3e13a3f-9e5b-4e1c-bb15-7d2087cb669d ebbdda3948f148a492dd875a4ced6796 f2d0a8ebe7d244c18dc84a3e8f1419b4 - - default default] Successfully bumped revision number for resource 20c12123-34b0-4063-a2c4-87088d6039d0 (type: security_group_rules) to 0
2026-07-22 23:16:45.304 10 INFO neutron.db.ovn_revision_numbers_db [None req-b3e13a3f-9e5b-4e1c-bb15-7d2087cb669d ebbdda3948f148a492dd875a4ced6796 f2d0a8ebe7d244c18dc84a3e8f1419b4 - - default default] Successfully bumped revision number for resource 7682bca2-f72a-4125-848f-c05a592ba6a0 (type: security_group_rules) to 0
2026-07-22 23:16:45.315 9 INFO neutron.db.ovn_revision_numbers_db [None req-1de4ccdf-2cb4-45fc-9ae7-663478e5b57c ebbdda3948f148a492dd875a4ced6796 f2d0a8ebe7d244c18dc84a3e8f1419b4 - - default default] Successfully bumped revision number for resource d8bf75f3-c35f-40de-90d9-5878b990e764 (type: networks) to 1
2026-07-22 23:16:45.322 10 INFO neutron.db.ovn_revision_numbers_db [None req-b3e13a3f-9e5b-4e1c-bb15-7d2087cb669d ebbdda3948f148a492dd875a4ced6796 f2d0a8ebe7d244c18dc84a3e8f1419b4 - - default default] Successfully bumped revision number for resource a057d24e-2f81-4a07-a02c-b22921e5eed9 (type: security_group_rules) to 0
2026-07-22 23:16:45.335 10 INFO neutron.db.ovn_revision_numbers_db [None req-b3e13a3f-9e5b-4e1c-bb15-7d2087cb669d ebbdda3948f148a492dd875a4ced6796 f2d0a8ebe7d244c18dc84a3e8f1419b4 - - default default] Successfully bumped revision number for resource e5d02c72-05e2-430a-8797-a4bd2c82f96e (type: security_group_rules) to 0
2026-07-22 23:16:45.356 10 INFO neutron.wsgi [None req-b3e13a3f-9e5b-4e1c-bb15-7d2087cb669d ebbdda3948f148a492dd875a4ced6796 f2d0a8ebe7d244c18dc84a3e8f1419b4 - - default default] 10.0.0.158 "GET /v2.0/security-groups?tenant_id=ebdf5992ac9341f99c7b9ccc2bba1e3d&name=default HTTP/1.1" status: 200 len: 3120 time: 0.2667480
2026-07-22 23:16:45.512 9 WARNING neutron.scheduler.dhcp_agent_scheduler [None req-1de4ccdf-2cb4-45fc-9ae7-663478e5b57c ebbdda3948f148a492dd875a4ced6796 f2d0a8ebe7d244c18dc84a3e8f1419b4 - - default default] No more DHCP agents
2026-07-22 23:16:45.515 9 WARNING neutron.api.rpc.agentnotifiers.dhcp_rpc_agent_api [None req-1de4ccdf-2cb4-45fc-9ae7-663478e5b57c ebbdda3948f148a492dd875a4ced6796 f2d0a8ebe7d244c18dc84a3e8f1419b4 - - default default] Unable to schedule network d8bf75f3-c35f-40de-90d9-5878b990e764: no agents available; will retry on subsequent port and subnet creation events.
2026-07-22 23:16:45.618 10 INFO neutron.wsgi [None req-26273d17-867e-4e33-8d73-79b3329f7ffc ebbdda3948f148a492dd875a4ced6796 f2d0a8ebe7d244c18dc84a3e8f1419b4 - - default default] 10.0.0.158 "DELETE /v2.0/security-groups/6c73b6fb-9bb1-4a34-9b56-1a830839d3b1 HTTP/1.1" status: 204 len: 168 time: 0.2517214
2026-07-22 23:16:45.630 9 INFO neutron.db.ovn_revision_numbers_db [None req-1de4ccdf-2cb4-45fc-9ae7-663478e5b57c ebbdda3948f148a492dd875a4ced6796 f2d0a8ebe7d244c18dc84a3e8f1419b4 - - default default] Successfully bumped revision number for resource ff1e4692-15d1-4b7e-a1b6-4f61a6ebf3fc (type: ports) to 1
2026-07-22 23:16:45.664 9 INFO neutron.wsgi [None req-1de4ccdf-2cb4-45fc-9ae7-663478e5b57c ebbdda3948f148a492dd875a4ced6796 f2d0a8ebe7d244c18dc84a3e8f1419b4 - - default default] 10.0.0.158 "POST /v2.0/networks HTTP/1.1" status: 201 len: 948 time: 1.0462594
2026-07-22 23:16:45.822 9 WARNING neutron.scheduler.dhcp_agent_scheduler [None req-b7a9717f-7c48-4669-8695-0fe342b261d7 ebbdda3948f148a492dd875a4ced6796 f2d0a8ebe7d244c18dc84a3e8f1419b4 - - default default] No more DHCP agents
