2026-07-22 23:13:41.533 9 INFO neutron.wsgi [None req-be45c40e-5b99-44d6-8575-1c71aa795f55 ebbdda3948f148a492dd875a4ced6796 f2d0a8ebe7d244c18dc84a3e8f1419b4 - - default default] 10.0.0.190 "GET /v2.0/agents HTTP/1.1" status: 200 len: 1390 time: 0.0164726
2026-07-22 23:13:41.546 9 INFO neutron.wsgi [None req-5ce4c92e-6f29-4c43-a9d4-2aeb02bf8f46 ebbdda3948f148a492dd875a4ced6796 f2d0a8ebe7d244c18dc84a3e8f1419b4 - - default default] 10.0.0.190 "GET /v2.0/network-ip-availabilities HTTP/1.1" status: 200 len: 1280 time: 0.0121846
2026-07-22 23:13:41.569 9 INFO neutron.wsgi [None req-7d57a25d-c8af-448e-b3ab-eebd529988c9 ebbdda3948f148a492dd875a4ced6796 f2d0a8ebe7d244c18dc84a3e8f1419b4 - - default default] 10.0.0.190 "GET /v2.0/floatingips HTTP/1.1" status: 200 len: 193 time: 0.0221777
2026-07-22 23:13:41.632 9 INFO neutron.wsgi [None req-61e7b641-9e43-4aa4-8666-437e8918f7e1 ebbdda3948f148a492dd875a4ced6796 f2d0a8ebe7d244c18dc84a3e8f1419b4 - - default default] 10.0.0.190 "GET /v2.0/networks HTTP/1.1" status: 200 len: 2350 time: 0.0620725
2026-07-22 23:13:41.668 9 INFO neutron.wsgi [None req-a4f3b1ba-ef42-480f-8414-90d89a2467db ebbdda3948f148a492dd875a4ced6796 f2d0a8ebe7d244c18dc84a3e8f1419b4 - - default default] 10.0.0.190 "GET /v2.0/subnets HTTP/1.1" status: 200 len: 1437 time: 0.0333705
2026-07-22 23:13:41.678 9 INFO neutron.wsgi [None req-d4d052f0-ebb1-478f-9832-275d7ed97c61 ebbdda3948f148a492dd875a4ced6796 f2d0a8ebe7d244c18dc84a3e8f1419b4 - - default default] 10.0.0.190 "GET /v2.0/subnetpools HTTP/1.1" status: 200 len: 193 time: 0.0081234
2026-07-22 23:13:46.099 9 INFO neutron.wsgi [-] 10.0.0.178 "GET / HTTP/1.1" status: 200 len: 247 time: 0.0022507
2026-07-22 23:13:46.100 10 INFO neutron.wsgi [-] 10.0.0.178 "GET / HTTP/1.1" status: 200 len: 247 time: 0.0031700
2026-07-22 23:14:01.100 10 INFO neutron.wsgi [-] 10.0.0.178 "GET / HTTP/1.1" status: 200 len: 247 time: 0.0032532
2026-07-22 23:14:01.101 9 INFO neutron.wsgi [-] 10.0.0.178 "GET / HTTP/1.1" status: 200 len: 247 time: 0.0037003
2026-07-22 23:14:01.211 10 INFO neutron.wsgi [None req-3697c483-ed61-457b-a3b2-3d45198a495c ebbdda3948f148a492dd875a4ced6796 f2d0a8ebe7d244c18dc84a3e8f1419b4 - - default default] 10.0.0.158 "GET /v2.0/networks HTTP/1.1" status: 200 len: 2369 time: 0.2052093
2026-07-22 23:14:02.337 9 INFO neutron.wsgi [None req-738284e1-2b6e-44fb-8732-4cd2b74c81a3 ebbdda3948f148a492dd875a4ced6796 f2d0a8ebe7d244c18dc84a3e8f1419b4 - - default default] 10.0.0.158 "GET /v2.0/floatingips HTTP/1.1" status: 200 len: 212 time: 0.0234423
2026-07-22 23:14:02.369 9 INFO neutron.wsgi [None req-938c0b7c-504e-4287-9c2e-ea644712eac4 ebbdda3948f148a492dd875a4ced6796 f2d0a8ebe7d244c18dc84a3e8f1419b4 - - default default] 10.0.0.158 "GET /v2.0/routers HTTP/1.1" status: 200 len: 208 time: 0.0255721
2026-07-22 23:14:02.432 9 INFO neutron.wsgi [None req-bca724cf-f5df-42ea-92a3-4114e7fa6ab7 ebbdda3948f148a492dd875a4ced6796 f2d0a8ebe7d244c18dc84a3e8f1419b4 - - default default] 10.0.0.158 "GET /v2.0/ports HTTP/1.1" status: 200 len: 5366 time: 0.0565255
2026-07-22 23:14:02.465 9 INFO neutron.wsgi [None req-2d68be3e-2d60-49dd-8e1f-c26f957ee1b7 ebbdda3948f148a492dd875a4ced6796 f2d0a8ebe7d244c18dc84a3e8f1419b4 - - default default] 10.0.0.158 "GET /v2.0/subnets HTTP/1.1" status: 200 len: 1456 time: 0.0279698
2026-07-22 23:14:02.527 9 INFO neutron.wsgi [None req-82d49c32-0cc7-45e6-9ccf-47cd9ae2ef8e ebbdda3948f148a492dd875a4ced6796 f2d0a8ebe7d244c18dc84a3e8f1419b4 - - default default] 10.0.0.158 "GET /v2.0/networks HTTP/1.1" status: 200 len: 2369 time: 0.0572824
2026-07-22 23:14:02.572 9 INFO neutron.wsgi [None req-4075bc5b-a4a1-421f-824c-2f24d2944e9f ebbdda3948f148a492dd875a4ced6796 f2d0a8ebe7d244c18dc84a3e8f1419b4 - - default default] 10.0.0.158 "GET /v2.0/security-groups HTTP/1.1" status: 200 len: 17593 time: 0.0415852
2026-07-22 23:14:02.588 9 INFO neutron.wsgi [None req-3cbf07f6-2946-4328-a885-07a65f4d03e9 ebbdda3948f148a492dd875a4ced6796 f2d0a8ebe7d244c18dc84a3e8f1419b4 - - default default] 10.0.0.158 "GET /v2.0/subnetpools HTTP/1.1" status: 200 len: 212 time: 0.0103338
2026-07-22 23:14:13.605 9 INFO neutron.db.ovn_revision_numbers_db [None req-ab40c7b0-3d99-4208-8a1e-8ec3cf3ff37c ebbdda3948f148a492dd875a4ced6796 f2d0a8ebe7d244c18dc84a3e8f1419b4 - - default default] Successfully bumped revision number for resource 7958aee7-7173-46f0-8bd5-a013da90a24c (type: security_groups) to 1
2026-07-22 23:14:13.608 9 INFO neutron.db.ovn_revision_numbers_db [None req-576d1350-fcaf-44ef-8fdf-a46009ac2188 ebbdda3948f148a492dd875a4ced6796 f2d0a8ebe7d244c18dc84a3e8f1419b4 - - default default] Successfully bumped revision number for resource ca062929-3c96-401a-af77-15339194c692 (type: security_groups) to 1
2026-07-22 23:14:13.624 9 INFO neutron.db.ovn_revision_numbers_db [None req-ab40c7b0-3d99-4208-8a1e-8ec3cf3ff37c ebbdda3948f148a492dd875a4ced6796 f2d0a8ebe7d244c18dc84a3e8f1419b4 - - default default] Successfully bumped revision number for resource 58f78bf5-6f43-43af-9746-2015dc203560 (type: security_group_rules) to 0
2026-07-22 23:14:13.627 9 INFO neutron.db.ovn_revision_numbers_db [None req-576d1350-fcaf-44ef-8fdf-a46009ac2188 ebbdda3948f148a492dd875a4ced6796 f2d0a8ebe7d244c18dc84a3e8f1419b4 - - default default] Successfully bumped revision number for resource 28f81c8f-bb3a-4273-846a-16223ffbc67e (type: security_group_rules) to 0
2026-07-22 23:14:13.639 9 INFO neutron.db.ovn_revision_numbers_db [None req-ab40c7b0-3d99-4208-8a1e-8ec3cf3ff37c ebbdda3948f148a492dd875a4ced6796 f2d0a8ebe7d244c18dc84a3e8f1419b4 - - default default] Successfully bumped revision number for resource a655c635-d544-4342-9f5b-2de3ebf28cdc (type: security_group_rules) to 0
2026-07-22 23:14:13.642 9 INFO neutron.db.ovn_revision_numbers_db [None req-576d1350-fcaf-44ef-8fdf-a46009ac2188 ebbdda3948f148a492dd875a4ced6796 f2d0a8ebe7d244c18dc84a3e8f1419b4 - - default default] Successfully bumped revision number for resource 702ac680-7368-4c39-8671-d57d1ceb7005 (type: security_group_rules) to 0
2026-07-22 23:14:13.652 9 INFO neutron.db.ovn_revision_numbers_db [None req-ab40c7b0-3d99-4208-8a1e-8ec3cf3ff37c ebbdda3948f148a492dd875a4ced6796 f2d0a8ebe7d244c18dc84a3e8f1419b4 - - default default] Successfully bumped revision number for resource ab5ad6c5-0258-4027-97ba-4bed21cc9849 (type: security_group_rules) to 0
2026-07-22 23:14:13.656 9 INFO neutron.db.ovn_revision_numbers_db [None req-576d1350-fcaf-44ef-8fdf-a46009ac2188 ebbdda3948f148a492dd875a4ced6796 f2d0a8ebe7d244c18dc84a3e8f1419b4 - - default default] Successfully bumped revision number for resource 85affc19-6b5c-4ce7-bcea-9f4703281cc5 (type: security_group_rules) to 0
2026-07-22 23:14:13.671 9 INFO neutron.db.ovn_revision_numbers_db [None req-ab40c7b0-3d99-4208-8a1e-8ec3cf3ff37c ebbdda3948f148a492dd875a4ced6796 f2d0a8ebe7d244c18dc84a3e8f1419b4 - - default default] Successfully bumped revision number for resource c0d0eacd-a7f5-4f1b-a6a5-a45800c40013 (type: security_group_rules) to 0
2026-07-22 23:14:13.678 9 INFO neutron.db.ovn_revision_numbers_db [None req-576d1350-fcaf-44ef-8fdf-a46009ac2188 ebbdda3948f148a492dd875a4ced6796 f2d0a8ebe7d244c18dc84a3e8f1419b4 - - default default] Successfully bumped revision number for resource 8a6d4c63-9432-495c-a053-e75a2c5673b6 (type: security_group_rules) to 0
2026-07-22 23:14:13.700 10 INFO neutron.db.ovn_revision_numbers_db [None req-61f04294-b446-4470-a33c-376bd4ee1094 ebbdda3948f148a492dd875a4ced6796 f2d0a8ebe7d244c18dc84a3e8f1419b4 - - default default] Successfully bumped revision number for resource ec873750-3f18-4364-9eeb-d05c2c932adf (type: security_groups) to 1
2026-07-22 23:14:13.713 10 INFO neutron.db.ovn_revision_numbers_db [None req-61f04294-b446-4470-a33c-376bd4ee1094 ebbdda3948f148a492dd875a4ced6796 f2d0a8ebe7d244c18dc84a3e8f1419b4 - - default default] Successfully bumped revision number for resource 2638f9ee-8748-48e9-9297-60453435e6b6 (type: security_group_rules) to 0
2026-07-22 23:14:13.724 10 INFO neutron.db.ovn_revision_numbers_db [None req-61f04294-b446-4470-a33c-376bd4ee1094 ebbdda3948f148a492dd875a4ced6796 f2d0a8ebe7d244c18dc84a3e8f1419b4 - - default default] Successfully bumped revision number for resource 72b5b26d-6e32-4283-ac4e-e82427b1a41d (type: security_group_rules) to 0
2026-07-22 23:14:13.731 9 INFO neutron.db.segments_db [None req-ab40c7b0-3d99-4208-8a1e-8ec3cf3ff37c ebbdda3948f148a492dd875a4ced6796 f2d0a8ebe7d244c18dc84a3e8f1419b4 - - default default] Added segment ad6d2f19-6391-4ec5-bdc2-916e01d414da of type geneve for network 9361a278-7a9d-4b48-9d7c-6108f1f10352
2026-07-22 23:14:13.738 10 INFO neutron.db.ovn_revision_numbers_db [None req-61f04294-b446-4470-a33c-376bd4ee1094 ebbdda3948f148a492dd875a4ced6796 f2d0a8ebe7d244c18dc84a3e8f1419b4 - - default default] Successfully bumped revision number for resource b8888aac-5894-4bb5-9fe5-20d14674a6ae (type: security_group_rules) to 0
2026-07-22 23:14:13.741 9 INFO neutron.db.segments_db [None req-576d1350-fcaf-44ef-8fdf-a46009ac2188 ebbdda3948f148a492dd875a4ced6796 f2d0a8ebe7d244c18dc84a3e8f1419b4 - - default default] Added segment 21d8888c-6fe1-4fb4-bdd6-d23411a2fb0a of type geneve for network bdfc2692-d1d0-4597-b8da-1c0fea2f7b32
2026-07-22 23:14:13.751 10 INFO neutron.db.ovn_revision_numbers_db [None req-61f04294-b446-4470-a33c-376bd4ee1094 ebbdda3948f148a492dd875a4ced6796 f2d0a8ebe7d244c18dc84a3e8f1419b4 - - default default] Successfully bumped revision number for resource fdc1ecf9-0885-4283-9e7a-6d7ce9806ede (type: security_group_rules) to 0
2026-07-22 23:14:13.800 10 INFO neutron.db.segments_db [None req-61f04294-b446-4470-a33c-376bd4ee1094 ebbdda3948f148a492dd875a4ced6796 f2d0a8ebe7d244c18dc84a3e8f1419b4 - - default default] Added segment 50d9821d-d6a7-423c-ad18-5f66815330cc of type geneve for network 16777d93-204b-481e-8ab6-31c663d6089f
2026-07-22 23:14:13.925 10 INFO neutron.db.ovn_revision_numbers_db [None req-61f04294-b446-4470-a33c-376bd4ee1094 ebbdda3948f148a492dd875a4ced6796 f2d0a8ebe7d244c18dc84a3e8f1419b4 - - default default] Successfully bumped revision number for resource 16777d93-204b-481e-8ab6-31c663d6089f (type: networks) to 1
2026-07-22 23:14:13.953 9 INFO neutron.db.ovn_revision_numbers_db [None req-576d1350-fcaf-44ef-8fdf-a46009ac2188 ebbdda3948f148a492dd875a4ced6796 f2d0a8ebe7d244c18dc84a3e8f1419b4 - - default default] Successfully bumped revision number for resource bdfc2692-d1d0-4597-b8da-1c0fea2f7b32 (type: networks) to 1
2026-07-22 23:14:13.962 9 INFO neutron.db.ovn_revision_numbers_db [None req-ab40c7b0-3d99-4208-8a1e-8ec3cf3ff37c ebbdda3948f148a492dd875a4ced6796 f2d0a8ebe7d244c18dc84a3e8f1419b4 - - default default] Successfully bumped revision number for resource 9361a278-7a9d-4b48-9d7c-6108f1f10352 (type: networks) to 1
2026-07-22 23:14:14.092 10 WARNING neutron.scheduler.dhcp_agent_scheduler [None req-61f04294-b446-4470-a33c-376bd4ee1094 ebbdda3948f148a492dd875a4ced6796 f2d0a8ebe7d244c18dc84a3e8f1419b4 - - default default] No more DHCP agents
2026-07-22 23:14:14.095 10 WARNING neutron.api.rpc.agentnotifiers.dhcp_rpc_agent_api [None req-61f04294-b446-4470-a33c-376bd4ee1094 ebbdda3948f148a492dd875a4ced6796 f2d0a8ebe7d244c18dc84a3e8f1419b4 - - default default] Unable to schedule network 16777d93-204b-481e-8ab6-31c663d6089f: no agents available; will retry on subsequent port and subnet creation events.
2026-07-22 23:14:14.177 10 INFO neutron.db.ovn_revision_numbers_db [None req-61f04294-b446-4470-a33c-376bd4ee1094 ebbdda3948f148a492dd875a4ced6796 f2d0a8ebe7d244c18dc84a3e8f1419b4 - - default default] Successfully bumped revision number for resource 743e5bb0-f08b-421f-9456-829fb46aec43 (type: ports) to 1
2026-07-22 23:14:14.209 10 INFO neutron.wsgi [None req-61f04294-b446-4470-a33c-376bd4ee1094 ebbdda3948f148a492dd875a4ced6796 f2d0a8ebe7d244c18dc84a3e8f1419b4 - - default default] 10.0.0.158 "POST /v2.0/networks HTTP/1.1" status: 201 len: 953 time: 0.7006307
2026-07-22 23:14:14.261 9 WARNING neutron.scheduler.dhcp_agent_scheduler [None req-ab40c7b0-3d99-4208-8a1e-8ec3cf3ff37c ebbdda3948f148a492dd875a4ced6796 f2d0a8ebe7d244c18dc84a3e8f1419b4 - - default default] No more DHCP agents
2026-07-22 23:14:14.277 9 WARNING neutron.scheduler.dhcp_agent_scheduler [None req-576d1350-fcaf-44ef-8fdf-a46009ac2188 ebbdda3948f148a492dd875a4ced6796 f2d0a8ebe7d244c18dc84a3e8f1419b4 - - default default] No more DHCP agents
2026-07-22 23:14:14.279 9 WARNING neutron.api.rpc.agentnotifiers.dhcp_rpc_agent_api [None req-ab40c7b0-3d99-4208-8a1e-8ec3cf3ff37c ebbdda3948f148a492dd875a4ced6796 f2d0a8ebe7d244c18dc84a3e8f1419b4 - - default default] Unable to schedule network 9361a278-7a9d-4b48-9d7c-6108f1f10352: no agents available; will retry on subsequent port and subnet creation events.
2026-07-22 23:14:14.293 9 WARNING neutron.api.rpc.agentnotifiers.dhcp_rpc_agent_api [None req-576d1350-fcaf-44ef-8fdf-a46009ac2188 ebbdda3948f148a492dd875a4ced6796 f2d0a8ebe7d244c18dc84a3e8f1419b4 - - default default] Unable to schedule network bdfc2692-d1d0-4597-b8da-1c0fea2f7b32: no agents available; will retry on subsequent port and subnet creation events.
2026-07-22 23:14:14.442 9 INFO neutron.db.ovn_revision_numbers_db [None req-ab40c7b0-3d99-4208-8a1e-8ec3cf3ff37c ebbdda3948f148a492dd875a4ced6796 f2d0a8ebe7d244c18dc84a3e8f1419b4 - - default default] Successfully bumped revision number for resource 8f36e394-a97c-4b07-8799-2531330f94d4 (type: ports) to 1
2026-07-22 23:14:14.447 9 INFO neutron.db.ovn_revision_numbers_db [None req-576d1350-fcaf-44ef-8fdf-a46009ac2188 ebbdda3948f148a492dd875a4ced6796 f2d0a8ebe7d244c18dc84a3e8f1419b4 - - default default] Successfully bumped revision number for resource 9fa21433-d426-4bd4-a2fe-6da94bf9c624 (type: ports) to 1
2026-07-22 23:14:14.452 10 INFO neutron.db.ovn_revision_numbers_db [None req-31bd24e6-8697-4d20-a5ba-8bb605bafdc4 ebbdda3948f148a492dd875a4ced6796 f2d0a8ebe7d244c18dc84a3e8f1419b4 - - default default] Successfully bumped revision number for resource 1c247e58-ec82-4ce8-a4d4-1a3283a0992a (type: security_groups) to 1
2026-07-22 23:14:14.467 10 INFO neutron.db.ovn_revision_numbers_db [None req-31bd24e6-8697-4d20-a5ba-8bb605bafdc4 ebbdda3948f148a492dd875a4ced6796 f2d0a8ebe7d244c18dc84a3e8f1419b4 - - default default] Successfully bumped revision number for resource 24f491ce-ed5a-432a-b440-5be0e41153e3 (type: security_group_rules) to 0
2026-07-22 23:14:14.480 9 WARNING neutron.scheduler.dhcp_agent_scheduler [None req-a7a32087-fad7-4df0-9065-8bb7f312af07 ebbdda3948f148a492dd875a4ced6796 f2d0a8ebe7d244c18dc84a3e8f1419b4 - - default default] No more DHCP agents
2026-07-22 23:14:14.482 10 INFO neutron.db.ovn_revision_numbers_db [None req-31bd24e6-8697-4d20-a5ba-8bb605bafdc4 ebbdda3948f148a492dd875a4ced6796 f2d0a8ebe7d244c18dc84a3e8f1419b4 - - default default] Successfully bumped revision number for resource 43a4370d-e6af-4a18-8b41-9ed460ac601f (type: security_group_rules) to 0
2026-07-22 23:14:14.482 9 INFO neutron.wsgi [None req-ab40c7b0-3d99-4208-8a1e-8ec3cf3ff37c ebbdda3948f148a492dd875a4ced6796 f2d0a8ebe7d244c18dc84a3e8f1419b4 - - default default] 10.0.0.158 "POST /v2.0/networks HTTP/1.1" status: 201 len: 946 time: 1.2994587
2026-07-22 23:14:14.484 9 WARNING neutron.api.rpc.agentnotifiers.dhcp_rpc_agent_api [None req-a7a32087-fad7-4df0-9065-8bb7f312af07 ebbdda3948f148a492dd875a4ced6796 f2d0a8ebe7d244c18dc84a3e8f1419b4 - - default default] Unable to schedule network 16777d93-204b-481e-8ab6-31c663d6089f: no agents available; will retry on subsequent port and subnet creation events.
2026-07-22 23:14:14.487 9 INFO neutron.wsgi [None req-576d1350-fcaf-44ef-8fdf-a46009ac2188 ebbdda3948f148a492dd875a4ced6796 f2d0a8ebe7d244c18dc84a3e8f1419b4 - - default default] 10.0.0.158 "POST /v2.0/networks HTTP/1.1" status: 201 len: 946 time: 1.1062090
2026-07-22 23:14:14.508 10 INFO neutron.db.ovn_revision_numbers_db [None req-31bd24e6-8697-4d20-a5ba-8bb605bafdc4 ebbdda3948f148a492dd875a4ced6796 f2d0a8ebe7d244c18dc84a3e8f1419b4 - - default default] Successfully bumped revision number for resource 6aeae6b3-cce8-4466-899e-8bc1207bfcf8 (type: security_group_rules) to 0
2026-07-22 23:14:14.540 10 INFO neutron.db.ovn_revision_numbers_db [None req-31bd24e6-8697-4d20-a5ba-8bb605bafdc4 ebbdda3948f148a492dd875a4ced6796 f2d0a8ebe7d244c18dc84a3e8f1419b4 - - default default] Successfully bumped revision number for resource b36e7bcc-86c9-435d-8093-f4a43bf6cb31 (type: security_group_rules) to 0
2026-07-22 23:14:14.587 10 INFO neutron.wsgi [None req-31bd24e6-8697-4d20-a5ba-8bb605bafdc4 ebbdda3948f148a492dd875a4ced6796 f2d0a8ebe7d244c18dc84a3e8f1419b4 - - default default] 10.0.0.158 "GET /v2.0/security-groups?tenant_id=9275cf7feb974574813a7e2a28c0d4b1&name=default HTTP/1.1" status: 200 len: 3116 time: 0.3912024
2026-07-22 23:14:14.837 10 WARNING neutron.scheduler.dhcp_agent_scheduler [None req-17ec3be4-8c51-408c-8168-6e774f64ba4a ebbdda3948f148a492dd875a4ced6796 f2d0a8ebe7d244c18dc84a3e8f1419b4 - - default default] No more DHCP agents
2026-07-22 23:14:14.843 10 WARNING neutron.api.rpc.agentnotifiers.dhcp_rpc_agent_api [None req-17ec3be4-8c51-408c-8168-6e774f64ba4a ebbdda3948f148a492dd875a4ced6796 f2d0a8ebe7d244c18dc84a3e8f1419b4 - - default default] Unable to schedule network 9361a278-7a9d-4b48-9d7c-6108f1f10352: no agents available; will retry on subsequent port and subnet creation events.
2026-07-22 23:14:14.900 10 WARNING neutron.scheduler.dhcp_agent_scheduler [None req-e0761afa-2d66-45c5-8121-3a0ecaa7c051 ebbdda3948f148a492dd875a4ced6796 f2d0a8ebe7d244c18dc84a3e8f1419b4 - - default default] No more DHCP agents
2026-07-22 23:14:14.903 10 WARNING neutron.api.rpc.agentnotifiers.dhcp_rpc_agent_api [None req-e0761afa-2d66-45c5-8121-3a0ecaa7c051 ebbdda3948f148a492dd875a4ced6796 f2d0a8ebe7d244c18dc84a3e8f1419b4 - - default default] Unable to schedule network bdfc2692-d1d0-4597-b8da-1c0fea2f7b32: no agents available; will retry on subsequent port and subnet creation events.
2026-07-22 23:14:15.027 9 INFO neutron.db.ovn_revision_numbers_db [None req-a7a32087-fad7-4df0-9065-8bb7f312af07 ebbdda3948f148a492dd875a4ced6796 f2d0a8ebe7d244c18dc84a3e8f1419b4 - - default default] Successfully bumped revision number for resource 743e5bb0-f08b-421f-9456-829fb46aec43 (type: ports) to 2
2026-07-22 23:14:15.088 9 INFO neutron.db.ovn_revision_numbers_db [None req-a7a32087-fad7-4df0-9065-8bb7f312af07 ebbdda3948f148a492dd875a4ced6796 f2d0a8ebe7d244c18dc84a3e8f1419b4 - - default default] Successfully bumped revision number for resource 7b7e0294-15f0-4b77-ad75-fb023c9a39f1 (type: subnets) to 0
2026-07-22 23:14:15.105 9 INFO neutron.wsgi [None req-a7a32087-fad7-4df0-9065-8bb7f312af07 ebbdda3948f148a492dd875a4ced6796 f2d0a8ebe7d244c18dc84a3e8f1419b4 - - default default] 10.0.0.158 "POST /v2.0/subnets HTTP/1.1" status: 201 len: 874 time: 0.8913329
2026-07-22 23:14:15.118 10 INFO neutron.wsgi [None req-b79b7c40-eadd-427a-a050-063645900119 ebbdda3948f148a492dd875a4ced6796 f2d0a8ebe7d244c18dc84a3e8f1419b4 - - default default] 10.0.0.158 "DELETE /v2.0/security-groups/1c247e58-ec82-4ce8-a4d4-1a3283a0992a HTTP/1.1" status: 204 len: 168 time: 0.5250313
2026-07-22 23:14:15.565 10 INFO neutron.db.ovn_revision_numbers_db [None req-e0761afa-2d66-45c5-8121-3a0ecaa7c051 ebbdda3948f148a492dd875a4ced6796 f2d0a8ebe7d244c18dc84a3e8f1419b4 - - default default] Successfully bumped revision number for resource 9fa21433-d426-4bd4-a2fe-6da94bf9c624 (type: ports) to 2
2026-07-22 23:14:15.585 10 INFO neutron.db.ovn_revision_numbers_db [None req-17ec3be4-8c51-408c-8168-6e774f64ba4a ebbdda3948f148a492dd875a4ced6796 f2d0a8ebe7d244c18dc84a3e8f1419b4 - - default default] Successfully bumped revision number for resource 8f36e394-a97c-4b07-8799-2531330f94d4 (type: ports) to 2
2026-07-22 23:14:15.599 10 INFO neutron.db.ovn_revision_numbers_db [None req-e0761afa-2d66-45c5-8121-3a0ecaa7c051 ebbdda3948f148a492dd875a4ced6796 f2d0a8ebe7d244c18dc84a3e8f1419b4 - - default default] Successfully bumped revision number for resource 79188133-4197-4841-be9c-fbbc1adbf8eb (type: subnets) to 0
2026-07-22 23:14:15.615 10 INFO neutron.wsgi [None req-e0761afa-2d66-45c5-8121-3a0ecaa7c051 ebbdda3948f148a492dd875a4ced6796 f2d0a8ebe7d244c18dc84a3e8f1419b4 - - default default] 10.0.0.158 "POST /v2.0/subnets HTTP/1.1" status: 201 len: 866 time: 1.1162932
2026-07-22 23:14:15.619 10 INFO neutron.db.ovn_revision_numbers_db [None req-17ec3be4-8c51-408c-8168-6e774f64ba4a ebbdda3948f148a492dd875a4ced6796 f2d0a8ebe7d244c18dc84a3e8f1419b4 - - default default] Successfully bumped revision number for resource 569b52bf-52d5-401c-ab38-45d66be6222d (type: subnets) to 0
2026-07-22 23:14:15.642 10 INFO neutron.wsgi [None req-17ec3be4-8c51-408c-8168-6e774f64ba4a ebbdda3948f148a492dd875a4ced6796 f2d0a8ebe7d244c18dc84a3e8f1419b4 - - default default] 10.0.0.158 "POST /v2.0/subnets HTTP/1.1" status: 201 len: 866 time: 1.1497705
2026-07-22 23:14:15.828 9 WARNING neutron.scheduler.dhcp_agent_scheduler [None req-1713b44d-b0c2-4954-a46c-3abd918f5be4 ebbdda3948f148a492dd875a4ced6796 f2d0a8ebe7d244c18dc84a3e8f1419b4 - - default default] No more DHCP agents
2026-07-22 23:14:15.831 9 WARNING neutron.api.rpc.agentnotifiers.dhcp_rpc_agent_api [None req-1713b44d-b0c2-4954-a46c-3abd918f5be4 ebbdda3948f148a492dd875a4ced6796 f2d0a8ebe7d244c18dc84a3e8f1419b4 - - default default] Unable to schedule network bf4d9735-a477-438d-a56d-0935727297ff: no agents available; will retry on subsequent port and subnet creation events.
2026-07-22 23:14:15.984 9 INFO neutron.db.ovn_revision_numbers_db [None req-1713b44d-b0c2-4954-a46c-3abd918f5be4 ebbdda3948f148a492dd875a4ced6796 f2d0a8ebe7d244c18dc84a3e8f1419b4 - - default default] Successfully bumped revision number for resource 235c97ca-f6aa-40ff-a80c-0f2860107159 (type: ports) to 1
2026-07-22 23:14:16.100 9 INFO neutron.wsgi [-] 10.0.0.178 "GET / HTTP/1.1" status: 200 len: 247 time: 0.0015430
2026-07-22 23:14:16.102 9 INFO neutron.wsgi [-] 10.0.0.178 "GET / HTTP/1.1" status: 200 len: 247 time: 0.0008736
2026-07-22 23:14:16.343 9 INFO neutron.plugins.ml2.drivers.ovn.mech_driver.ovsdb.extensions.qos [None req-1713b44d-b0c2-4954-a46c-3abd918f5be4 ebbdda3948f148a492dd875a4ced6796 f2d0a8ebe7d244c18dc84a3e8f1419b4 - - default default] Starting OVNClientQosExtension
2026-07-22 23:14:16.432 10 WARNING neutron.scheduler.dhcp_agent_scheduler [None req-eac76f52-1bcf-4bac-828c-0524d82b384c ebbdda3948f148a492dd875a4ced6796 f2d0a8ebe7d244c18dc84a3e8f1419b4 - - default default] No more DHCP agents
2026-07-22 23:14:16.434 10 WARNING neutron.api.rpc.agentnotifiers.dhcp_rpc_agent_api [None req-eac76f52-1bcf-4bac-828c-0524d82b384c ebbdda3948f148a492dd875a4ced6796 f2d0a8ebe7d244c18dc84a3e8f1419b4 - - default default] Unable to schedule network bf4d9735-a477-438d-a56d-0935727297ff: no agents available; will retry on subsequent port and subnet creation events.
2026-07-22 23:14:16.435 10 WARNING neutron.scheduler.dhcp_agent_scheduler [None req-3aa271e1-0b5d-4c49-bc41-d1836e2cad18 ebbdda3948f148a492dd875a4ced6796 f2d0a8ebe7d244c18dc84a3e8f1419b4 - - default default] No more DHCP agents
2026-07-22 23:14:16.443 10 WARNING neutron.api.rpc.agentnotifiers.dhcp_rpc_agent_api [None req-3aa271e1-0b5d-4c49-bc41-d1836e2cad18 ebbdda3948f148a492dd875a4ced6796 f2d0a8ebe7d244c18dc84a3e8f1419b4 - - default default] Unable to schedule network bf4d9735-a477-438d-a56d-0935727297ff: no agents available; will retry on subsequent port and subnet creation events.
2026-07-22 23:14:16.706 10 INFO neutron.db.ovn_revision_numbers_db [None req-3aa271e1-0b5d-4c49-bc41-d1836e2cad18 ebbdda3948f148a492dd875a4ced6796 f2d0a8ebe7d244c18dc84a3e8f1419b4 - - default default] Successfully bumped revision number for resource 6163c3f6-f220-48be-8960-10e3520521b6 (type: ports) to 1
2026-07-22 23:14:16.711 10 INFO neutron.db.ovn_revision_numbers_db [None req-eac76f52-1bcf-4bac-828c-0524d82b384c ebbdda3948f148a492dd875a4ced6796 f2d0a8ebe7d244c18dc84a3e8f1419b4 - - default default] Successfully bumped revision number for resource 0aaae743-11cb-4c26-993d-79d14a207304 (type: ports) to 1
2026-07-22 23:14:16.861 9 INFO neutron.plugins.ml2.drivers.ovn.mech_driver.ovsdb.commands [None req-10d1209e-ae13-45bf-b51d-213f10456a7b - - - - - -] Schedule LRP lrp-235c97ca-f6aa-40ff-a80c-0f2860107159 on gateway 29c9d2a8-b421-488d-8da2-2727d29b50d3 with priority 1
2026-07-22 23:14:16.869 9 INFO neutron.plugins.ml2.drivers.ovn.mech_driver.mech_driver [None req-fe374d2f-ee0e-4dc5-9e9a-305e21e3287c - - - - - -] OVN reports status up for port: 235c97ca-f6aa-40ff-a80c-0f2860107159
2026-07-22 23:14:16.886 9 INFO neutron.plugins.ml2.plugin [None req-fe374d2f-ee0e-4dc5-9e9a-305e21e3287c - - - - - -] Attempt 1 to provision port 235c97ca-f6aa-40ff-a80c-0f2860107159
2026-07-22 23:14:16.894 10 INFO neutron.plugins.ml2.drivers.ovn.mech_driver.ovsdb.ovsdb_monitor [-] Router 17a4f1fb-0173-491e-aa14-3f7687788ef1 is bound to host instance
2026-07-22 23:14:16.932 9 INFO neutron.db.ovn_revision_numbers_db [None req-1713b44d-b0c2-4954-a46c-3abd918f5be4 ebbdda3948f148a492dd875a4ced6796 f2d0a8ebe7d244c18dc84a3e8f1419b4 - - default default] Successfully bumped revision number for resource 235c97ca-f6aa-40ff-a80c-0f2860107159 (type: router_ports) to 1
2026-07-22 23:14:17.026 9 INFO neutron.db.ovn_revision_numbers_db [None req-1713b44d-b0c2-4954-a46c-3abd918f5be4 ebbdda3948f148a492dd875a4ced6796 f2d0a8ebe7d244c18dc84a3e8f1419b4 - - default default] Successfully bumped revision number for resource 17a4f1fb-0173-491e-aa14-3f7687788ef1 (type: routers) to 2
2026-07-22 23:14:17.044 9 INFO neutron.wsgi [None req-1713b44d-b0c2-4954-a46c-3abd918f5be4 ebbdda3948f148a492dd875a4ced6796 f2d0a8ebe7d244c18dc84a3e8f1419b4 - - default default] 10.0.0.158 "POST /v2.0/routers HTTP/1.1" status: 201 len: 1176 time: 1.9347465
2026-07-22 23:14:17.342 10 INFO neutron.plugins.ml2.drivers.ovn.mech_driver.ovsdb.extensions.qos [None req-eac76f52-1bcf-4bac-828c-0524d82b384c ebbdda3948f148a492dd875a4ced6796 f2d0a8ebe7d244c18dc84a3e8f1419b4 - - default default] Starting OVNClientQosExtension
2026-07-22 23:14:17.414 9 INFO neutron.db.ovn_revision_numbers_db [None req-a72e14f2-462f-4fab-b3bc-c436a1f15a49 ebbdda3948f148a492dd875a4ced6796 f2d0a8ebe7d244c18dc84a3e8f1419b4 - - default default] Successfully bumped revision number for resource b71fb341-9bfe-4f00-a81e-44b7ee807806 (type: security_groups) to 1
2026-07-22 23:14:17.498 9 INFO neutron.db.ovn_revision_numbers_db [None req-a72e14f2-462f-4fab-b3bc-c436a1f15a49 ebbdda3948f148a492dd875a4ced6796 f2d0a8ebe7d244c18dc84a3e8f1419b4 - - default default] Successfully bumped revision number for resource 0747ce6b-8f7a-44c9-b2c1-ee00f6a55ce4 (type: security_group_rules) to 0
2026-07-22 23:14:17.555 9 INFO neutron.db.ovn_revision_numbers_db [None req-a72e14f2-462f-4fab-b3bc-c436a1f15a49 ebbdda3948f148a492dd875a4ced6796 f2d0a8ebe7d244c18dc84a3e8f1419b4 - - default default] Successfully bumped revision number for resource 72d9a59b-8377-401b-a05b-a8e055d6dc0c (type: security_group_rules) to 0
2026-07-22 23:14:17.570 9 INFO neutron.db.ovn_revision_numbers_db [None req-a72e14f2-462f-4fab-b3bc-c436a1f15a49 ebbdda3948f148a492dd875a4ced6796 f2d0a8ebe7d244c18dc84a3e8f1419b4 - - default default] Successfully bumped revision number for resource dca69f93-df78-4511-94ce-a197669ced00 (type: security_group_rules) to 0
2026-07-22 23:14:17.592 9 INFO neutron.db.ovn_revision_numbers_db [None req-a72e14f2-462f-4fab-b3bc-c436a1f15a49 ebbdda3948f148a492dd875a4ced6796 f2d0a8ebe7d244c18dc84a3e8f1419b4 - - default default] Successfully bumped revision number for resource fe094fbf-eb8a-40da-9d15-db2c25c70b36 (type: security_group_rules) to 0
2026-07-22 23:14:17.594 9 WARNING neutron.scheduler.dhcp_agent_scheduler [None req-8bb36910-9471-4f35-baf0-a83c3b9789c0 ebbdda3948f148a492dd875a4ced6796 f2d0a8ebe7d244c18dc84a3e8f1419b4 - - default default] No more DHCP agents
2026-07-22 23:14:17.598 9 WARNING neutron.api.rpc.agentnotifiers.dhcp_rpc_agent_api [None req-8bb36910-9471-4f35-baf0-a83c3b9789c0 ebbdda3948f148a492dd875a4ced6796 f2d0a8ebe7d244c18dc84a3e8f1419b4 - - default default] Unable to schedule network 16777d93-204b-481e-8ab6-31c663d6089f: no agents available; will retry on subsequent port and subnet creation events.
2026-07-22 23:14:17.643 9 INFO neutron.db.segments_db [None req-a72e14f2-462f-4fab-b3bc-c436a1f15a49 ebbdda3948f148a492dd875a4ced6796 f2d0a8ebe7d244c18dc84a3e8f1419b4 - - default default] Added segment e3472b38-1747-4621-8f69-5c535b389b52 of type geneve for network f77e5af5-7a2a-428c-adbe-8c7c13a2dd7b
2026-07-22 23:14:17.780 9 INFO neutron.db.ovn_revision_numbers_db [None req-8bb36910-9471-4f35-baf0-a83c3b9789c0 ebbdda3948f148a492dd875a4ced6796 f2d0a8ebe7d244c18dc84a3e8f1419b4 - - default default] Successfully bumped revision number for resource 568b59b6-e4d5-44b8-adc1-89df6813da13 (type: ports) to 1
2026-07-22 23:14:17.820 9 INFO neutron.db.ovn_revision_numbers_db [None req-a72e14f2-462f-4fab-b3bc-c436a1f15a49 ebbdda3948f148a492dd875a4ced6796 f2d0a8ebe7d244c18dc84a3e8f1419b4 - - default default] Successfully bumped revision number for resource f77e5af5-7a2a-428c-adbe-8c7c13a2dd7b (type: networks) to 1
2026-07-22 23:14:18.163 9 WARNING neutron.scheduler.dhcp_agent_scheduler [None req-a72e14f2-462f-4fab-b3bc-c436a1f15a49 ebbdda3948f148a492dd875a4ced6796 f2d0a8ebe7d244c18dc84a3e8f1419b4 - - default default] No more DHCP agents
2026-07-22 23:14:18.165 9 WARNING neutron.api.rpc.agentnotifiers.dhcp_rpc_agent_api [None req-a72e14f2-462f-4fab-b3bc-c436a1f15a49 ebbdda3948f148a492dd875a4ced6796 f2d0a8ebe7d244c18dc84a3e8f1419b4 - - default default] Unable to schedule network f77e5af5-7a2a-428c-adbe-8c7c13a2dd7b: no agents available; will retry on subsequent port and subnet creation events.
2026-07-22 23:14:18.199 10 INFO neutron.plugins.ml2.drivers.ovn.mech_driver.ovsdb.commands [None req-5ed7c81e-d2d8-4ccd-a4fc-57ec07a3f679 - - - - - -] Schedule LRP lrp-6163c3f6-f220-48be-8960-10e3520521b6 on gateway 29c9d2a8-b421-488d-8da2-2727d29b50d3 with priority 1
2026-07-22 23:14:18.224 10 INFO neutron.plugins.ml2.drivers.ovn.mech_driver.mech_driver [None req-a8bdee5e-8c9c-4de5-8966-45d7ee8c5aef - - - - - -] OVN reports status up for port: 6163c3f6-f220-48be-8960-10e3520521b6
2026-07-22 23:14:18.241 9 INFO neutron.plugins.ml2.drivers.ovn.mech_driver.ovsdb.ovsdb_monitor [-] Router 68fd32ff-c137-4bf3-bcff-05b49b86c1d8 is bound to host instance
2026-07-22 23:14:18.252 10 INFO neutron.plugins.ml2.drivers.ovn.mech_driver.ovsdb.commands [None req-5ed7c81e-d2d8-4ccd-a4fc-57ec07a3f679 - - - - - -] Schedule LRP lrp-0aaae743-11cb-4c26-993d-79d14a207304 on gateway 29c9d2a8-b421-488d-8da2-2727d29b50d3 with priority 1
2026-07-22 23:14:18.269 10 INFO neutron.plugins.ml2.plugin [None req-a8bdee5e-8c9c-4de5-8966-45d7ee8c5aef - - - - - -] Attempt 1 to provision port 6163c3f6-f220-48be-8960-10e3520521b6
2026-07-22 23:14:18.321 10 INFO neutron.db.ovn_revision_numbers_db [None req-3aa271e1-0b5d-4c49-bc41-d1836e2cad18 ebbdda3948f148a492dd875a4ced6796 f2d0a8ebe7d244c18dc84a3e8f1419b4 - - default default] Successfully bumped revision number for resource 6163c3f6-f220-48be-8960-10e3520521b6 (type: router_ports) to 1
2026-07-22 23:14:18.360 10 INFO neutron.db.ovn_revision_numbers_db [None req-eac76f52-1bcf-4bac-828c-0524d82b384c ebbdda3948f148a492dd875a4ced6796 f2d0a8ebe7d244c18dc84a3e8f1419b4 - - default default] Successfully bumped revision number for resource 0aaae743-11cb-4c26-993d-79d14a207304 (type: router_ports) to 1
2026-07-22 23:14:18.370 9 INFO neutron.db.ovn_revision_numbers_db [None req-a72e14f2-462f-4fab-b3bc-c436a1f15a49 ebbdda3948f148a492dd875a4ced6796 f2d0a8ebe7d244c18dc84a3e8f1419b4 - - default default] Successfully bumped revision number for resource 85674103-fbf0-47d7-8b6d-315f9715e2de (type: ports) to 1
2026-07-22 23:14:18.421 9 INFO neutron.wsgi [None req-a72e14f2-462f-4fab-b3bc-c436a1f15a49 ebbdda3948f148a492dd875a4ced6796 f2d0a8ebe7d244c18dc84a3e8f1419b4 - - default default] 10.0.0.158 "POST /v2.0/networks HTTP/1.1" status: 201 len: 950 time: 1.4549696
2026-07-22 23:14:18.493 10 INFO neutron.db.ovn_revision_numbers_db [None req-3aa271e1-0b5d-4c49-bc41-d1836e2cad18 ebbdda3948f148a492dd875a4ced6796 f2d0a8ebe7d244c18dc84a3e8f1419b4 - - default default] Successfully bumped revision number for resource 68fd32ff-c137-4bf3-bcff-05b49b86c1d8 (type: routers) to 2
2026-07-22 23:14:18.508 10 INFO neutron.db.ovn_revision_numbers_db [None req-eac76f52-1bcf-4bac-828c-0524d82b384c ebbdda3948f148a492dd875a4ced6796 f2d0a8ebe7d244c18dc84a3e8f1419b4 - - default default] Successfully bumped revision number for resource 73186be8-0255-4074-be6e-444528dbd3f4 (type: routers) to 2
2026-07-22 23:14:18.516 10 INFO neutron.wsgi [None req-3aa271e1-0b5d-4c49-bc41-d1836e2cad18 ebbdda3948f148a492dd875a4ced6796 f2d0a8ebe7d244c18dc84a3e8f1419b4 - - default default] 10.0.0.158 "POST /v2.0/routers HTTP/1.1" status: 201 len: 1168 time: 2.8971522
2026-07-22 23:14:18.517 10 INFO neutron.db.ovn_revision_numbers_db [None req-0ae7225b-6cd6-4c32-b391-d20474edc710 - - - - - -] Successfully bumped revision number for resource 235c97ca-f6aa-40ff-a80c-0f2860107159 (type: ports) to 1
2026-07-22 23:14:18.531 10 INFO neutron.wsgi [None req-eac76f52-1bcf-4bac-828c-0524d82b384c ebbdda3948f148a492dd875a4ced6796 f2d0a8ebe7d244c18dc84a3e8f1419b4 - - default default] 10.0.0.158 "POST /v2.0/routers HTTP/1.1" status: 201 len: 1168 time: 2.8845508
2026-07-22 23:14:18.945 9 WARNING neutron.scheduler.dhcp_agent_scheduler [None req-3964e2eb-254b-4ec3-a80d-84e796ec20b0 ebbdda3948f148a492dd875a4ced6796 f2d0a8ebe7d244c18dc84a3e8f1419b4 - - default default] No more DHCP agents
2026-07-22 23:14:18.954 9 WARNING neutron.api.rpc.agentnotifiers.dhcp_rpc_agent_api [None req-3964e2eb-254b-4ec3-a80d-84e796ec20b0 ebbdda3948f148a492dd875a4ced6796 f2d0a8ebe7d244c18dc84a3e8f1419b4 - - default default] Unable to schedule network f77e5af5-7a2a-428c-adbe-8c7c13a2dd7b: no agents available; will retry on subsequent port and subnet creation events.
2026-07-22 23:14:19.033 9 ERROR ovsdbapp.backend.ovs_idl.command [None req-8bb36910-9471-4f35-baf0-a83c3b9789c0 ebbdda3948f148a492dd875a4ced6796 f2d0a8ebe7d244c18dc84a3e8f1419b4 - - default default] Error executing command (DbGetCommand): ovsdbapp.backend.ovs_idl.idlutils.RowNotFound: Cannot find Logical_Router_Port with name=lrp-568b59b6-e4d5-44b8-adc1-89df6813da13
2026-07-22 23:14:19.033 9 ERROR ovsdbapp.backend.ovs_idl.command
Traceback (most recent call last):
2026-07-22 23:14:19.033 9 ERROR ovsdbapp.backend.ovs_idl.command
File "/var/lib/openstack/lib/python3.10/site-packages/ovsdbapp/backend/ovs_idl/command.py", line 47, in execute
2026-07-22 23:14:19.033 9 ERROR ovsdbapp.backend.ovs_idl.command self.run_idl(None)
2026-07-22 23:14:19.033 9 ERROR ovsdbapp.backend.ovs_idl.command
File "/var/lib/openstack/lib/python3.10/site-packages/ovsdbapp/backend/ovs_idl/command.py", line 235, in run_idl
2026-07-22 23:14:19.033 9 ERROR ovsdbapp.backend.ovs_idl.command record = self.api.lookup(self.table, self.record)
2026-07-22 23:14:19.033 9 ERROR ovsdbapp.backend.ovs_idl.command
File "/var/lib/openstack/lib/python3.10/site-packages/ovsdbapp/backend/ovs_idl/__init__.py", line 184, in lookup
2026-07-22 23:14:19.033 9 ERROR ovsdbapp.backend.ovs_idl.command return self._lookup(table, record)
2026-07-22 23:14:19.033 9 ERROR ovsdbapp.backend.ovs_idl.command
File "/var/lib/openstack/lib/python3.10/site-packages/ovsdbapp/backend/ovs_idl/__init__.py", line 235, in _lookup
2026-07-22 23:14:19.033 9 ERROR ovsdbapp.backend.ovs_idl.command row = idlutils.row_by_value(self, rl.table, rl.column, record)
2026-07-22 23:14:19.033 9 ERROR ovsdbapp.backend.ovs_idl.command
File "/var/lib/openstack/lib/python3.10/site-packages/ovsdbapp/backend/ovs_idl/idlutils.py", line 114, in row_by_value
2026-07-22 23:14:19.033 9 ERROR ovsdbapp.backend.ovs_idl.command raise RowNotFound(table=table, col=column, match=match)
2026-07-22 23:14:19.033 9 ERROR ovsdbapp.backend.ovs_idl.command ovsdbapp.backend.ovs_idl.idlutils.RowNotFound: Cannot find Logical_Router_Port with name=lrp-568b59b6-e4d5-44b8-adc1-89df6813da13
2026-07-22 23:14:19.033 9 ERROR ovsdbapp.backend.ovs_idl.command 
2026-07-22 23:14:19.034 9 ERROR neutron_lib.callbacks.manager [None req-8bb36910-9471-4f35-baf0-a83c3b9789c0 ebbdda3948f148a492dd875a4ced6796 f2d0a8ebe7d244c18dc84a3e8f1419b4 - - default default] Error during notification for neutron.services.ovn_l3.plugin.OVNL3RouterPlugin._port_update-8726360469222 port, after_update: ovsdbapp.backend.ovs_idl.idlutils.RowNotFound: Cannot find Logical_Router_Port with name=lrp-568b59b6-e4d5-44b8-adc1-89df6813da13
2026-07-22 23:14:19.034 9 ERROR neutron_lib.callbacks.manager
Traceback (most recent call last):
2026-07-22 23:14:19.034 9 ERROR neutron_lib.callbacks.manager
File "/var/lib/openstack/lib/python3.10/site-packages/neutron_lib/callbacks/manager.py", line 189, in _notify_loop
2026-07-22 23:14:19.034 9 ERROR neutron_lib.callbacks.manager callback.method(resource, event, trigger, payload=payload)
2026-07-22 23:14:19.034 9 ERROR neutron_lib.callbacks.manager
File "/var/lib/openstack/lib/python3.10/site-packages/neutron/services/ovn_l3/plugin.py", line 391, in _port_update
2026-07-22 23:14:19.034 9 ERROR neutron_lib.callbacks.manager l3plugin._ovn_client.update_router_port(context,
2026-07-22 23:14:19.034 9 ERROR neutron_lib.callbacks.manager
File "/var/lib/openstack/lib/python3.10/site-packages/neutron/plugins/ml2/drivers/ovn/mech_driver/ovsdb/ovn_client.py", line 1878, in update_router_port
2026-07-22 23:14:19.034 9 ERROR neutron_lib.callbacks.manager self._update_lrouter_port(context, port, if_exists=if_exists,
2026-07-22 23:14:19.034 9 ERROR neutron_lib.callbacks.manager
File "/var/lib/openstack/lib/python3.10/site-packages/neutron/plugins/ml2/drivers/ovn/mech_driver/ovsdb/ovn_client.py", line 1855, in _update_lrouter_port
2026-07-22 23:14:19.034 9 ERROR neutron_lib.callbacks.manager external_ids = self._nb_idl.db_get(
2026-07-22 23:14:19.034 9 ERROR neutron_lib.callbacks.manager
File "/var/lib/openstack/lib/python3.10/site-packages/ovsdbapp/backend/ovs_idl/command.py", line 47, in execute
2026-07-22 23:14:19.034 9 ERROR neutron_lib.callbacks.manager self.run_idl(None)
2026-07-22 23:14:19.034 9 ERROR neutron_lib.callbacks.manager
File "/var/lib/openstack/lib/python3.10/site-packages/ovsdbapp/backend/ovs_idl/command.py", line 235, in run_idl
2026-07-22 23:14:19.034 9 ERROR neutron_lib.callbacks.manager record = self.api.lookup(self.table, self.record)
2026-07-22 23:14:19.034 9 ERROR neutron_lib.callbacks.manager
File "/var/lib/openstack/lib/python3.10/site-packages/ovsdbapp/backend/ovs_idl/__init__.py", line 184, in lookup
2026-07-22 23:14:19.034 9 ERROR neutron_lib.callbacks.manager return self._lookup(table, record)
2026-07-22 23:14:19.034 9 ERROR neutron_lib.callbacks.manager
File "/var/lib/openstack/lib/python3.10/site-packages/ovsdbapp/backend/ovs_idl/__init__.py", line 235, in _lookup
2026-07-22 23:14:19.034 9 ERROR neutron_lib.callbacks.manager row = idlutils.row_by_value(self, rl.table, rl.column, record)
2026-07-22 23:14:19.034 9 ERROR neutron_lib.callbacks.manager
File "/var/lib/openstack/lib/python3.10/site-packages/ovsdbapp/backend/ovs_idl/idlutils.py", line 114, in row_by_value
2026-07-22 23:14:19.034 9 ERROR neutron_lib.callbacks.manager raise RowNotFound(table=table, col=column, match=match)
2026-07-22 23:14:19.034 9 ERROR neutron_lib.callbacks.manager ovsdbapp.backend.ovs_idl.idlutils.RowNotFound: Cannot find Logical_Router_Port with name=lrp-568b59b6-e4d5-44b8-adc1-89df6813da13
2026-07-22 23:14:19.034 9 ERROR neutron_lib.callbacks.manager 
2026-07-22 23:14:19.136 10 INFO neutron.db.ovn_revision_numbers_db [None req-0ae7225b-6cd6-4c32-b391-d20474edc710 - - - - - -] Successfully bumped revision number for resource 235c97ca-f6aa-40ff-a80c-0f2860107159 (type: router_ports) to 3
2026-07-22 23:14:19.274 10 WARNING neutron.scheduler.dhcp_agent_scheduler [None req-b3cd6420-628c-4a03-ab41-55c89d4ffa27 ebbdda3948f148a492dd875a4ced6796 f2d0a8ebe7d244c18dc84a3e8f1419b4 - - default default] No more DHCP agents
2026-07-22 23:14:19.289 10 WARNING neutron.api.rpc.agentnotifiers.dhcp_rpc_agent_api [None req-b3cd6420-628c-4a03-ab41-55c89d4ffa27 ebbdda3948f148a492dd875a4ced6796 f2d0a8ebe7d244c18dc84a3e8f1419b4 - - default default] Unable to schedule network bdfc2692-d1d0-4597-b8da-1c0fea2f7b32: no agents available; will retry on subsequent port and subnet creation events.
2026-07-22 23:14:19.389 9 INFO neutron.plugins.ml2.drivers.ovn.mech_driver.mech_driver [None req-fe374d2f-ee0e-4dc5-9e9a-305e21e3287c - - - - - -] OVN reports status up for port: 0aaae743-11cb-4c26-993d-79d14a207304
2026-07-22 23:14:19.404 10 INFO neutron.db.ovn_revision_numbers_db [None req-0ae7225b-6cd6-4c32-b391-d20474edc710 - - - - - -] Successfully bumped revision number for resource 235c97ca-f6aa-40ff-a80c-0f2860107159 (type: ports) to 2
2026-07-22 23:14:19.434 9 INFO neutron.plugins.ml2.plugin [None req-fe374d2f-ee0e-4dc5-9e9a-305e21e3287c - - - - - -] Attempt 1 to provision port 0aaae743-11cb-4c26-993d-79d14a207304
2026-07-22 23:14:19.444 10 INFO neutron.db.ovn_revision_numbers_db [None req-b3cd6420-628c-4a03-ab41-55c89d4ffa27 ebbdda3948f148a492dd875a4ced6796 f2d0a8ebe7d244c18dc84a3e8f1419b4 - - default default] Successfully bumped revision number for resource 36d0b80e-c9b2-4a65-bd46-cfc7ce406e38 (type: ports) to 1
2026-07-22 23:14:19.778 9 INFO neutron.db.ovn_revision_numbers_db [None req-8bb36910-9471-4f35-baf0-a83c3b9789c0 ebbdda3948f148a492dd875a4ced6796 f2d0a8ebe7d244c18dc84a3e8f1419b4 - - default default] Successfully bumped revision number for resource 568b59b6-e4d5-44b8-adc1-89df6813da13 (type: ports) to 1
2026-07-22 23:14:19.998 9 WARNING neutron.scheduler.dhcp_agent_scheduler [None req-8bb36910-9471-4f35-baf0-a83c3b9789c0 ebbdda3948f148a492dd875a4ced6796 f2d0a8ebe7d244c18dc84a3e8f1419b4 - - default default] No more DHCP agents
2026-07-22 23:14:20.003 9 WARNING neutron.api.rpc.agentnotifiers.dhcp_rpc_agent_api [None req-8bb36910-9471-4f35-baf0-a83c3b9789c0 ebbdda3948f148a492dd875a4ced6796 f2d0a8ebe7d244c18dc84a3e8f1419b4 - - default default] Unable to schedule network 16777d93-204b-481e-8ab6-31c663d6089f: no agents available; will retry on subsequent port and subnet creation events.
2026-07-22 23:14:20.046 10 INFO neutron.db.ovn_revision_numbers_db [None req-0ae7225b-6cd6-4c32-b391-d20474edc710 - - - - - -] Successfully bumped revision number for resource 235c97ca-f6aa-40ff-a80c-0f2860107159 (type: ports) to 4
2026-07-22 23:14:20.061 9 WARNING neutron.scheduler.dhcp_agent_scheduler [None req-aeb7af0a-3bbe-4079-951c-3f3cee51cd89 ebbdda3948f148a492dd875a4ced6796 f2d0a8ebe7d244c18dc84a3e8f1419b4 - - default default] No more DHCP agents
2026-07-22 23:14:20.084 9 WARNING neutron.api.rpc.agentnotifiers.dhcp_rpc_agent_api [None req-aeb7af0a-3bbe-4079-951c-3f3cee51cd89 ebbdda3948f148a492dd875a4ced6796 f2d0a8ebe7d244c18dc84a3e8f1419b4 - - default default] Unable to schedule network 9361a278-7a9d-4b48-9d7c-6108f1f10352: no agents available; will retry on subsequent port and subnet creation events.
2026-07-22 23:14:20.130 9 INFO neutron.db.ovn_revision_numbers_db [None req-7db64f69-662b-4af1-95de-b718aaa0cef9 - - - - - -] Successfully bumped revision number for resource 6163c3f6-f220-48be-8960-10e3520521b6 (type: ports) to 1
2026-07-22 23:14:20.196 10 ERROR ovsdbapp.backend.ovs_idl.command [None req-b3cd6420-628c-4a03-ab41-55c89d4ffa27 ebbdda3948f148a492dd875a4ced6796 f2d0a8ebe7d244c18dc84a3e8f1419b4 - - default default] Error executing command (DbGetCommand): ovsdbapp.backend.ovs_idl.idlutils.RowNotFound: Cannot find Logical_Router_Port with name=lrp-36d0b80e-c9b2-4a65-bd46-cfc7ce406e38
2026-07-22 23:14:20.196 10 ERROR ovsdbapp.backend.ovs_idl.command
Traceback (most recent call last):
2026-07-22 23:14:20.196 10 ERROR ovsdbapp.backend.ovs_idl.command
File "/var/lib/openstack/lib/python3.10/site-packages/ovsdbapp/backend/ovs_idl/command.py", line 47, in execute
2026-07-22 23:14:20.196 10 ERROR ovsdbapp.backend.ovs_idl.command self.run_idl(None)
2026-07-22 23:14:20.196 10 ERROR ovsdbapp.backend.ovs_idl.command
File "/var/lib/openstack/lib/python3.10/site-packages/ovsdbapp/backend/ovs_idl/command.py", line 235, in run_idl
2026-07-22 23:14:20.196 10 ERROR ovsdbapp.backend.ovs_idl.command record = self.api.lookup(self.table, self.record)
2026-07-22 23:14:20.196 10 ERROR ovsdbapp.backend.ovs_idl.command
File "/var/lib/openstack/lib/python3.10/site-packages/ovsdbapp/backend/ovs_idl/__init__.py", line 184, in lookup
2026-07-22 23:14:20.196 10 ERROR ovsdbapp.backend.ovs_idl.command return self._lookup(table, record)
2026-07-22 23:14:20.196 10 ERROR ovsdbapp.backend.ovs_idl.command
File "/var/lib/openstack/lib/python3.10/site-packages/ovsdbapp/backend/ovs_idl/__init__.py", line 235, in _lookup
2026-07-22 23:14:20.196 10 ERROR ovsdbapp.backend.ovs_idl.command row = idlutils.row_by_value(self, rl.table, rl.column, record)
2026-07-22 23:14:20.196 10 ERROR ovsdbapp.backend.ovs_idl.command
File "/var/lib/openstack/lib/python3.10/site-packages/ovsdbapp/backend/ovs_idl/idlutils.py", line 114, in row_by_value
2026-07-22 23:14:20.196 10 ERROR ovsdbapp.backend.ovs_idl.command raise RowNotFound(table=table, col=column, match=match)
2026-07-22 23:14:20.196 10 ERROR ovsdbapp.backend.ovs_idl.command ovsdbapp.backend.ovs_idl.idlutils.RowNotFound: Cannot find Logical_Router_Port with name=lrp-36d0b80e-c9b2-4a65-bd46-cfc7ce406e38
2026-07-22 23:14:20.196 10 ERROR ovsdbapp.backend.ovs_idl.command 
2026-07-22 23:14:20.197 10 ERROR neutron_lib.callbacks.manager [None req-b3cd6420-628c-4a03-ab41-55c89d4ffa27 ebbdda3948f148a492dd875a4ced6796 f2d0a8ebe7d244c18dc84a3e8f1419b4 - - default default] Error during notification for neutron.services.ovn_l3.plugin.OVNL3RouterPlugin._port_update-8726360469222 port, after_update: ovsdbapp.backend.ovs_idl.idlutils.RowNotFound: Cannot find Logical_Router_Port with name=lrp-36d0b80e-c9b2-4a65-bd46-cfc7ce406e38
2026-07-22 23:14:20.197 10 ERROR neutron_lib.callbacks.manager
Traceback (most recent call last):
2026-07-22 23:14:20.197 10 ERROR neutron_lib.callbacks.manager
File "/var/lib/openstack/lib/python3.10/site-packages/neutron_lib/callbacks/manager.py", line 189, in _notify_loop
2026-07-22 23:14:20.197 10 ERROR neutron_lib.callbacks.manager callback.method(resource, event, trigger, payload=payload)
2026-07-22 23:14:20.197 10 ERROR neutron_lib.callbacks.manager
File "/var/lib/openstack/lib/python3.10/site-packages/neutron/services/ovn_l3/plugin.py", line 391, in _port_update
2026-07-22 23:14:20.197 10 ERROR neutron_lib.callbacks.manager l3plugin._ovn_client.update_router_port(context,
2026-07-22 23:14:20.197 10 ERROR neutron_lib.callbacks.manager
File "/var/lib/openstack/lib/python3.10/site-packages/neutron/plugins/ml2/drivers/ovn/mech_driver/ovsdb/ovn_client.py", line 1878, in update_router_port
2026-07-22 23:14:20.197 10 ERROR neutron_lib.callbacks.manager self._update_lrouter_port(context, port, if_exists=if_exists,
2026-07-22 23:14:20.197 10 ERROR neutron_lib.callbacks.manager
File "/var/lib/openstack/lib/python3.10/site-packages/neutron/plugins/ml2/drivers/ovn/mech_driver/ovsdb/ovn_client.py", line 1855, in _update_lrouter_port
2026-07-22 23:14:20.197 10 ERROR neutron_lib.callbacks.manager external_ids = self._nb_idl.db_get(
2026-07-22 23:14:20.197 10 ERROR neutron_lib.callbacks.manager
File "/var/lib/openstack/lib/python3.10/site-packages/ovsdbapp/backend/ovs_idl/command.py", line 47, in execute
2026-07-22 23:14:20.197 10 ERROR neutron_lib.callbacks.manager self.run_idl(None)
2026-07-22 23:14:20.197 10 ERROR neutron_lib.callbacks.manager
File "/var/lib/openstack/lib/python3.10/site-packages/ovsdbapp/backend/ovs_idl/command.py", line 235, in run_idl
2026-07-22 23:14:20.197 10 ERROR neutron_lib.callbacks.manager record = self.api.lookup(self.table, self.record)
2026-07-22 23:14:20.197 10 ERROR neutron_lib.callbacks.manager
File "/var/lib/openstack/lib/python3.10/site-packages/ovsdbapp/backend/ovs_idl/__init__.py", line 184, in lookup
2026-07-22 23:14:20.197 10 ERROR neutron_lib.callbacks.manager return self._lookup(table, record)
2026-07-22 23:14:20.197 10 ERROR neutron_lib.callbacks.manager
File "/var/lib/openstack/lib/python3.10/site-packages/ovsdbapp/backend/ovs_idl/__init__.py", line 235, in _lookup
2026-07-22 23:14:20.197 10 ERROR neutron_lib.callbacks.manager row = idlutils.row_by_value(self, rl.table, rl.column, record)
2026-07-22 23:14:20.197 10 ERROR neutron_lib.callbacks.manager
File "/var/lib/openstack/lib/python3.10/site-packages/ovsdbapp/backend/ovs_idl/idlutils.py", line 114, in row_by_value
2026-07-22 23:14:20.197 10 ERROR neutron_lib.callbacks.manager raise RowNotFound(table=table, col=column, match=match)
2026-07-22 23:14:20.197 10 ERROR neutron_lib.callbacks.manager ovsdbapp.backend.ovs_idl.idlutils.RowNotFound: Cannot find Logical_Router_Port with name=lrp-36d0b80e-c9b2-4a65-bd46-cfc7ce406e38
2026-07-22 23:14:20.197 10 ERROR neutron_lib.callbacks.manager 
2026-07-22 23:14:20.393 9 INFO neutron.db.ovn_revision_numbers_db [None req-aeb7af0a-3bbe-4079-951c-3f3cee51cd89 ebbdda3948f148a492dd875a4ced6796 f2d0a8ebe7d244c18dc84a3e8f1419b4 - - default default] Successfully bumped revision number for resource be474d0d-66d5-464b-bb0b-8e4a6803091b (type: ports) to 1
2026-07-22 23:14:20.411 9 INFO neutron.db.ovn_revision_numbers_db [None req-3964e2eb-254b-4ec3-a80d-84e796ec20b0 ebbdda3948f148a492dd875a4ced6796 f2d0a8ebe7d244c18dc84a3e8f1419b4 - - default default] Successfully bumped revision number for resource 85674103-fbf0-47d7-8b6d-315f9715e2de (type: ports) to 2
2026-07-22 23:14:20.435 10 INFO neutron.db.ovn_revision_numbers_db [None req-0ae7225b-6cd6-4c32-b391-d20474edc710 - - - - - -] Successfully bumped revision number for resource 235c97ca-f6aa-40ff-a80c-0f2860107159 (type: router_ports) to 4
2026-07-22 23:14:20.461 10 INFO neutron.plugins.ml2.drivers.ovn.mech_driver.ovsdb.ovsdb_monitor [None req-0ae7225b-6cd6-4c32-b391-d20474edc710 - - - - - -] Router 73186be8-0255-4074-be6e-444528dbd3f4 is bound to host instance
