2026-07-22 23:18:33.712 10 WARNING neutron.api.rpc.agentnotifiers.dhcp_rpc_agent_api [None req-1cd63ee9-60a3-4364-84d8-a1d25b4dbf8f 30770d4c0a394ad299c2f9c5de6bbb8a 6f6e33af0f43400ca4271004f0202e83 - - default default] Unable to schedule network 10ad25d6-22a1-4b56-9145-fbe9a03eba41: no agents available; will retry on subsequent port and subnet creation events.
2026-07-22 23:18:33.857 9 INFO neutron.db.ovn_revision_numbers_db [None req-7db64f69-662b-4af1-95de-b718aaa0cef9 - - - - - -] Successfully bumped revision number for resource 9af49734-11b4-49ee-9455-fab3f63a476b (type: router_ports) to 3
2026-07-22 23:18:34.044 10 WARNING neutron.scheduler.dhcp_agent_scheduler [None req-40cef4c0-b906-4605-8c54-a84b117bdaf7 ebbdda3948f148a492dd875a4ced6796 f2d0a8ebe7d244c18dc84a3e8f1419b4 - - default default] No more DHCP agents
2026-07-22 23:18:34.047 10 WARNING neutron.api.rpc.agentnotifiers.dhcp_rpc_agent_api [None req-40cef4c0-b906-4605-8c54-a84b117bdaf7 ebbdda3948f148a492dd875a4ced6796 f2d0a8ebe7d244c18dc84a3e8f1419b4 - - default default] Unable to schedule network b00dafb6-2b9f-43f7-bbed-ee890bc4e3f9: no agents available; will retry on subsequent port and subnet creation events.
2026-07-22 23:18:34.107 9 INFO neutron.db.ovn_revision_numbers_db [None req-7db64f69-662b-4af1-95de-b718aaa0cef9 - - - - - -] Successfully bumped revision number for resource 9af49734-11b4-49ee-9455-fab3f63a476b (type: ports) to 2
2026-07-22 23:18:34.207 10 INFO neutron.wsgi [None req-eea49c21-4cc1-42ee-a7dc-ad4fa1be0c8c ebbdda3948f148a492dd875a4ced6796 f2d0a8ebe7d244c18dc84a3e8f1419b4 - - default default] 10.0.0.158 "DELETE /v2.0/security-groups/4a12bd26-7a1b-44ce-ae1f-cadfa8f450f6 HTTP/1.1" status: 204 len: 168 time: 0.7693446
2026-07-22 23:18:34.257 10 INFO neutron.db.ovn_revision_numbers_db [None req-1cd63ee9-60a3-4364-84d8-a1d25b4dbf8f 30770d4c0a394ad299c2f9c5de6bbb8a 6f6e33af0f43400ca4271004f0202e83 - - default default] Successfully bumped revision number for resource 1ae310d9-e0f6-46cf-b23b-3cc6f4492b32 (type: ports) to 1
2026-07-22 23:18:34.293 10 INFO neutron.db.ovn_revision_numbers_db [None req-40cef4c0-b906-4605-8c54-a84b117bdaf7 ebbdda3948f148a492dd875a4ced6796 f2d0a8ebe7d244c18dc84a3e8f1419b4 - - default default] Successfully bumped revision number for resource 2e66ee68-469c-4e83-bf78-c92ac57fc4fe (type: ports) to 1
2026-07-22 23:18:34.437 10 INFO neutron.wsgi [None req-a0d30b68-0399-4a8e-b6d1-b11f8aa23f95 ebbdda3948f148a492dd875a4ced6796 f2d0a8ebe7d244c18dc84a3e8f1419b4 - - default default] 10.0.0.158 "GET /v2.0/security-groups?tenant_id=cfe49646550f417391da8458e39c2dc1&name=default HTTP/1.1" status: 200 len: 3120 time: 0.0880818
2026-07-22 23:18:34.578 9 INFO neutron.db.ovn_revision_numbers_db [None req-7db64f69-662b-4af1-95de-b718aaa0cef9 - - - - - -] Successfully bumped revision number for resource 9af49734-11b4-49ee-9455-fab3f63a476b (type: ports) to 4
2026-07-22 23:18:35.035 10 ERROR ovsdbapp.backend.ovs_idl.command [None req-40cef4c0-b906-4605-8c54-a84b117bdaf7 ebbdda3948f148a492dd875a4ced6796 f2d0a8ebe7d244c18dc84a3e8f1419b4 - - default default] Error executing command (DbGetCommand): ovsdbapp.backend.ovs_idl.idlutils.RowNotFound: Cannot find Logical_Router_Port with name=lrp-2e66ee68-469c-4e83-bf78-c92ac57fc4fe
2026-07-22 23:18:35.035 10 ERROR ovsdbapp.backend.ovs_idl.command
Traceback (most recent call last):
2026-07-22 23:18:35.035 10 ERROR ovsdbapp.backend.ovs_idl.command
File "/var/lib/openstack/lib/python3.10/site-packages/ovsdbapp/backend/ovs_idl/command.py", line 47, in execute
2026-07-22 23:18:35.035 10 ERROR ovsdbapp.backend.ovs_idl.command self.run_idl(None)
2026-07-22 23:18:35.035 10 ERROR ovsdbapp.backend.ovs_idl.command
File "/var/lib/openstack/lib/python3.10/site-packages/ovsdbapp/backend/ovs_idl/command.py", line 235, in run_idl
2026-07-22 23:18:35.035 10 ERROR ovsdbapp.backend.ovs_idl.command record = self.api.lookup(self.table, self.record)
2026-07-22 23:18:35.035 10 ERROR ovsdbapp.backend.ovs_idl.command
File "/var/lib/openstack/lib/python3.10/site-packages/ovsdbapp/backend/ovs_idl/__init__.py", line 184, in lookup
2026-07-22 23:18:35.035 10 ERROR ovsdbapp.backend.ovs_idl.command return self._lookup(table, record)
2026-07-22 23:18:35.035 10 ERROR ovsdbapp.backend.ovs_idl.command
File "/var/lib/openstack/lib/python3.10/site-packages/ovsdbapp/backend/ovs_idl/__init__.py", line 235, in _lookup
2026-07-22 23:18:35.035 10 ERROR ovsdbapp.backend.ovs_idl.command row = idlutils.row_by_value(self, rl.table, rl.column, record)
2026-07-22 23:18:35.035 10 ERROR ovsdbapp.backend.ovs_idl.command
File "/var/lib/openstack/lib/python3.10/site-packages/ovsdbapp/backend/ovs_idl/idlutils.py", line 114, in row_by_value
2026-07-22 23:18:35.035 10 ERROR ovsdbapp.backend.ovs_idl.command raise RowNotFound(table=table, col=column, match=match)
2026-07-22 23:18:35.035 10 ERROR ovsdbapp.backend.ovs_idl.command ovsdbapp.backend.ovs_idl.idlutils.RowNotFound: Cannot find Logical_Router_Port with name=lrp-2e66ee68-469c-4e83-bf78-c92ac57fc4fe
2026-07-22 23:18:35.035 10 ERROR ovsdbapp.backend.ovs_idl.command 
2026-07-22 23:18:35.036 10 ERROR neutron_lib.callbacks.manager [None req-40cef4c0-b906-4605-8c54-a84b117bdaf7 ebbdda3948f148a492dd875a4ced6796 f2d0a8ebe7d244c18dc84a3e8f1419b4 - - default default] Error during notification for neutron.services.ovn_l3.plugin.OVNL3RouterPlugin._port_update-8726360469222 port, after_update: ovsdbapp.backend.ovs_idl.idlutils.RowNotFound: Cannot find Logical_Router_Port with name=lrp-2e66ee68-469c-4e83-bf78-c92ac57fc4fe
2026-07-22 23:18:35.036 10 ERROR neutron_lib.callbacks.manager
Traceback (most recent call last):
2026-07-22 23:18:35.036 10 ERROR neutron_lib.callbacks.manager
File "/var/lib/openstack/lib/python3.10/site-packages/neutron_lib/callbacks/manager.py", line 189, in _notify_loop
2026-07-22 23:18:35.036 10 ERROR neutron_lib.callbacks.manager callback.method(resource, event, trigger, payload=payload)
2026-07-22 23:18:35.036 10 ERROR neutron_lib.callbacks.manager
File "/var/lib/openstack/lib/python3.10/site-packages/neutron/services/ovn_l3/plugin.py", line 391, in _port_update
2026-07-22 23:18:35.036 10 ERROR neutron_lib.callbacks.manager l3plugin._ovn_client.update_router_port(context,
2026-07-22 23:18:35.036 10 ERROR neutron_lib.callbacks.manager
File "/var/lib/openstack/lib/python3.10/site-packages/neutron/plugins/ml2/drivers/ovn/mech_driver/ovsdb/ovn_client.py", line 1878, in update_router_port
2026-07-22 23:18:35.036 10 ERROR neutron_lib.callbacks.manager self._update_lrouter_port(context, port, if_exists=if_exists,
2026-07-22 23:18:35.036 10 ERROR neutron_lib.callbacks.manager
File "/var/lib/openstack/lib/python3.10/site-packages/neutron/plugins/ml2/drivers/ovn/mech_driver/ovsdb/ovn_client.py", line 1855, in _update_lrouter_port
2026-07-22 23:18:35.036 10 ERROR neutron_lib.callbacks.manager external_ids = self._nb_idl.db_get(
2026-07-22 23:18:35.036 10 ERROR neutron_lib.callbacks.manager
File "/var/lib/openstack/lib/python3.10/site-packages/ovsdbapp/backend/ovs_idl/command.py", line 47, in execute
2026-07-22 23:18:35.036 10 ERROR neutron_lib.callbacks.manager self.run_idl(None)
2026-07-22 23:18:35.036 10 ERROR neutron_lib.callbacks.manager
File "/var/lib/openstack/lib/python3.10/site-packages/ovsdbapp/backend/ovs_idl/command.py", line 235, in run_idl
2026-07-22 23:18:35.036 10 ERROR neutron_lib.callbacks.manager record = self.api.lookup(self.table, self.record)
2026-07-22 23:18:35.036 10 ERROR neutron_lib.callbacks.manager
File "/var/lib/openstack/lib/python3.10/site-packages/ovsdbapp/backend/ovs_idl/__init__.py", line 184, in lookup
2026-07-22 23:18:35.036 10 ERROR neutron_lib.callbacks.manager return self._lookup(table, record)
2026-07-22 23:18:35.036 10 ERROR neutron_lib.callbacks.manager
File "/var/lib/openstack/lib/python3.10/site-packages/ovsdbapp/backend/ovs_idl/__init__.py", line 235, in _lookup
2026-07-22 23:18:35.036 10 ERROR neutron_lib.callbacks.manager row = idlutils.row_by_value(self, rl.table, rl.column, record)
2026-07-22 23:18:35.036 10 ERROR neutron_lib.callbacks.manager
File "/var/lib/openstack/lib/python3.10/site-packages/ovsdbapp/backend/ovs_idl/idlutils.py", line 114, in row_by_value
2026-07-22 23:18:35.036 10 ERROR neutron_lib.callbacks.manager raise RowNotFound(table=table, col=column, match=match)
2026-07-22 23:18:35.036 10 ERROR neutron_lib.callbacks.manager ovsdbapp.backend.ovs_idl.idlutils.RowNotFound: Cannot find Logical_Router_Port with name=lrp-2e66ee68-469c-4e83-bf78-c92ac57fc4fe
2026-07-22 23:18:35.036 10 ERROR neutron_lib.callbacks.manager 
2026-07-22 23:18:35.038 10 ERROR ovsdbapp.backend.ovs_idl.command [None req-1cd63ee9-60a3-4364-84d8-a1d25b4dbf8f 30770d4c0a394ad299c2f9c5de6bbb8a 6f6e33af0f43400ca4271004f0202e83 - - default default] Error executing command (DbGetCommand): ovsdbapp.backend.ovs_idl.idlutils.RowNotFound: Cannot find Logical_Router_Port with name=lrp-1ae310d9-e0f6-46cf-b23b-3cc6f4492b32
2026-07-22 23:18:35.038 10 ERROR ovsdbapp.backend.ovs_idl.command
Traceback (most recent call last):
2026-07-22 23:18:35.038 10 ERROR ovsdbapp.backend.ovs_idl.command
File "/var/lib/openstack/lib/python3.10/site-packages/ovsdbapp/backend/ovs_idl/command.py", line 47, in execute
2026-07-22 23:18:35.038 10 ERROR ovsdbapp.backend.ovs_idl.command self.run_idl(None)
2026-07-22 23:18:35.038 10 ERROR ovsdbapp.backend.ovs_idl.command
File "/var/lib/openstack/lib/python3.10/site-packages/ovsdbapp/backend/ovs_idl/command.py", line 235, in run_idl
2026-07-22 23:18:35.038 10 ERROR ovsdbapp.backend.ovs_idl.command record = self.api.lookup(self.table, self.record)
2026-07-22 23:18:35.038 10 ERROR ovsdbapp.backend.ovs_idl.command
File "/var/lib/openstack/lib/python3.10/site-packages/ovsdbapp/backend/ovs_idl/__init__.py", line 184, in lookup
2026-07-22 23:18:35.038 10 ERROR ovsdbapp.backend.ovs_idl.command return self._lookup(table, record)
2026-07-22 23:18:35.038 10 ERROR ovsdbapp.backend.ovs_idl.command
File "/var/lib/openstack/lib/python3.10/site-packages/ovsdbapp/backend/ovs_idl/__init__.py", line 235, in _lookup
2026-07-22 23:18:35.038 10 ERROR ovsdbapp.backend.ovs_idl.command row = idlutils.row_by_value(self, rl.table, rl.column, record)
2026-07-22 23:18:35.038 10 ERROR ovsdbapp.backend.ovs_idl.command
File "/var/lib/openstack/lib/python3.10/site-packages/ovsdbapp/backend/ovs_idl/idlutils.py", line 114, in row_by_value
2026-07-22 23:18:35.038 10 ERROR ovsdbapp.backend.ovs_idl.command raise RowNotFound(table=table, col=column, match=match)
2026-07-22 23:18:35.038 10 ERROR ovsdbapp.backend.ovs_idl.command ovsdbapp.backend.ovs_idl.idlutils.RowNotFound: Cannot find Logical_Router_Port with name=lrp-1ae310d9-e0f6-46cf-b23b-3cc6f4492b32
2026-07-22 23:18:35.038 10 ERROR ovsdbapp.backend.ovs_idl.command 
2026-07-22 23:18:35.038 10 ERROR neutron_lib.callbacks.manager [None req-1cd63ee9-60a3-4364-84d8-a1d25b4dbf8f 30770d4c0a394ad299c2f9c5de6bbb8a 6f6e33af0f43400ca4271004f0202e83 - - default default] Error during notification for neutron.services.ovn_l3.plugin.OVNL3RouterPlugin._port_update-8726360469222 port, after_update: ovsdbapp.backend.ovs_idl.idlutils.RowNotFound: Cannot find Logical_Router_Port with name=lrp-1ae310d9-e0f6-46cf-b23b-3cc6f4492b32
2026-07-22 23:18:35.038 10 ERROR neutron_lib.callbacks.manager
Traceback (most recent call last):
2026-07-22 23:18:35.038 10 ERROR neutron_lib.callbacks.manager
File "/var/lib/openstack/lib/python3.10/site-packages/neutron_lib/callbacks/manager.py", line 189, in _notify_loop
2026-07-22 23:18:35.038 10 ERROR neutron_lib.callbacks.manager callback.method(resource, event, trigger, payload=payload)
2026-07-22 23:18:35.038 10 ERROR neutron_lib.callbacks.manager
File "/var/lib/openstack/lib/python3.10/site-packages/neutron/services/ovn_l3/plugin.py", line 391, in _port_update
2026-07-22 23:18:35.038 10 ERROR neutron_lib.callbacks.manager l3plugin._ovn_client.update_router_port(context,
2026-07-22 23:18:35.038 10 ERROR neutron_lib.callbacks.manager
File "/var/lib/openstack/lib/python3.10/site-packages/neutron/plugins/ml2/drivers/ovn/mech_driver/ovsdb/ovn_client.py", line 1878, in update_router_port
2026-07-22 23:18:35.038 10 ERROR neutron_lib.callbacks.manager self._update_lrouter_port(context, port, if_exists=if_exists,
2026-07-22 23:18:35.038 10 ERROR neutron_lib.callbacks.manager
File "/var/lib/openstack/lib/python3.10/site-packages/neutron/plugins/ml2/drivers/ovn/mech_driver/ovsdb/ovn_client.py", line 1855, in _update_lrouter_port
2026-07-22 23:18:35.038 10 ERROR neutron_lib.callbacks.manager external_ids = self._nb_idl.db_get(
2026-07-22 23:18:35.038 10 ERROR neutron_lib.callbacks.manager
File "/var/lib/openstack/lib/python3.10/site-packages/ovsdbapp/backend/ovs_idl/command.py", line 47, in execute
2026-07-22 23:18:35.038 10 ERROR neutron_lib.callbacks.manager self.run_idl(None)
2026-07-22 23:18:35.038 10 ERROR neutron_lib.callbacks.manager
File "/var/lib/openstack/lib/python3.10/site-packages/ovsdbapp/backend/ovs_idl/command.py", line 235, in run_idl
2026-07-22 23:18:35.038 10 ERROR neutron_lib.callbacks.manager record = self.api.lookup(self.table, self.record)
2026-07-22 23:18:35.038 10 ERROR neutron_lib.callbacks.manager
File "/var/lib/openstack/lib/python3.10/site-packages/ovsdbapp/backend/ovs_idl/__init__.py", line 184, in lookup
2026-07-22 23:18:35.038 10 ERROR neutron_lib.callbacks.manager return self._lookup(table, record)
2026-07-22 23:18:35.038 10 ERROR neutron_lib.callbacks.manager
File "/var/lib/openstack/lib/python3.10/site-packages/ovsdbapp/backend/ovs_idl/__init__.py", line 235, in _lookup
2026-07-22 23:18:35.038 10 ERROR neutron_lib.callbacks.manager row = idlutils.row_by_value(self, rl.table, rl.column, record)
2026-07-22 23:18:35.038 10 ERROR neutron_lib.callbacks.manager
File "/var/lib/openstack/lib/python3.10/site-packages/ovsdbapp/backend/ovs_idl/idlutils.py", line 114, in row_by_value
2026-07-22 23:18:35.038 10 ERROR neutron_lib.callbacks.manager raise RowNotFound(table=table, col=column, match=match)
2026-07-22 23:18:35.038 10 ERROR neutron_lib.callbacks.manager ovsdbapp.backend.ovs_idl.idlutils.RowNotFound: Cannot find Logical_Router_Port with name=lrp-1ae310d9-e0f6-46cf-b23b-3cc6f4492b32
2026-07-22 23:18:35.038 10 ERROR neutron_lib.callbacks.manager 
2026-07-22 23:18:35.077 9 INFO neutron.wsgi [None req-dcf974a4-2959-4eb3-ae4b-36a048544903 ebbdda3948f148a492dd875a4ced6796 f2d0a8ebe7d244c18dc84a3e8f1419b4 - - default default] 10.0.0.158 "DELETE /v2.0/security-groups/3aae80f9-cdf1-41b8-be60-7e397f41ed9d HTTP/1.1" status: 204 len: 168 time: 0.6324730
2026-07-22 23:18:35.212 9 INFO neutron.db.ovn_revision_numbers_db [None req-7db64f69-662b-4af1-95de-b718aaa0cef9 - - - - - -] Successfully bumped revision number for resource 9af49734-11b4-49ee-9455-fab3f63a476b (type: router_ports) to 4
2026-07-22 23:18:35.381 10 INFO neutron.db.ovn_revision_numbers_db [None req-40cef4c0-b906-4605-8c54-a84b117bdaf7 ebbdda3948f148a492dd875a4ced6796 f2d0a8ebe7d244c18dc84a3e8f1419b4 - - default default] Successfully bumped revision number for resource 2e66ee68-469c-4e83-bf78-c92ac57fc4fe (type: ports) to 1
2026-07-22 23:18:35.385 10 INFO neutron.db.ovn_revision_numbers_db [None req-1cd63ee9-60a3-4364-84d8-a1d25b4dbf8f 30770d4c0a394ad299c2f9c5de6bbb8a 6f6e33af0f43400ca4271004f0202e83 - - default default] Successfully bumped revision number for resource 1ae310d9-e0f6-46cf-b23b-3cc6f4492b32 (type: ports) to 1
2026-07-22 23:18:35.481 9 INFO neutron.db.ovn_revision_numbers_db [None req-ff23e0ac-f7de-4627-b454-1dd9fd5d5b67 ebbdda3948f148a492dd875a4ced6796 f2d0a8ebe7d244c18dc84a3e8f1419b4 - - default default] Successfully bumped revision number for resource b2fe1adb-70ec-4df7-bfc5-576caf14bdb8 (type: security_groups) to 1
2026-07-22 23:18:35.502 9 INFO neutron.db.ovn_revision_numbers_db [None req-ff23e0ac-f7de-4627-b454-1dd9fd5d5b67 ebbdda3948f148a492dd875a4ced6796 f2d0a8ebe7d244c18dc84a3e8f1419b4 - - default default] Successfully bumped revision number for resource 4d229e94-d128-48c1-b67f-7109d77bd501 (type: security_group_rules) to 0
2026-07-22 23:18:35.520 9 INFO neutron.db.ovn_revision_numbers_db [None req-ff23e0ac-f7de-4627-b454-1dd9fd5d5b67 ebbdda3948f148a492dd875a4ced6796 f2d0a8ebe7d244c18dc84a3e8f1419b4 - - default default] Successfully bumped revision number for resource 8ef7d439-cf6f-47b2-8462-b9bd3fdd9d46 (type: security_group_rules) to 0
2026-07-22 23:18:35.544 9 INFO neutron.db.ovn_revision_numbers_db [None req-ff23e0ac-f7de-4627-b454-1dd9fd5d5b67 ebbdda3948f148a492dd875a4ced6796 f2d0a8ebe7d244c18dc84a3e8f1419b4 - - default default] Successfully bumped revision number for resource cb23a5fd-aa50-4367-b667-7bd51b3d6ef4 (type: security_group_rules) to 0
2026-07-22 23:18:35.558 9 INFO neutron.db.ovn_revision_numbers_db [None req-ff23e0ac-f7de-4627-b454-1dd9fd5d5b67 ebbdda3948f148a492dd875a4ced6796 f2d0a8ebe7d244c18dc84a3e8f1419b4 - - default default] Successfully bumped revision number for resource e50713d1-538e-4dcf-a120-2cb32db39e13 (type: security_group_rules) to 0
2026-07-22 23:18:35.579 9 INFO neutron.wsgi [None req-ff23e0ac-f7de-4627-b454-1dd9fd5d5b67 ebbdda3948f148a492dd875a4ced6796 f2d0a8ebe7d244c18dc84a3e8f1419b4 - - default default] 10.0.0.158 "GET /v2.0/security-groups?tenant_id=7500cfd20cb04448bf848f32642e3dad&name=default HTTP/1.1" status: 200 len: 3120 time: 0.2414944
2026-07-22 23:18:35.722 10 WARNING neutron.scheduler.dhcp_agent_scheduler [None req-40cef4c0-b906-4605-8c54-a84b117bdaf7 ebbdda3948f148a492dd875a4ced6796 f2d0a8ebe7d244c18dc84a3e8f1419b4 - - default default] No more DHCP agents
2026-07-22 23:18:35.724 10 WARNING neutron.api.rpc.agentnotifiers.dhcp_rpc_agent_api [None req-40cef4c0-b906-4605-8c54-a84b117bdaf7 ebbdda3948f148a492dd875a4ced6796 f2d0a8ebe7d244c18dc84a3e8f1419b4 - - default default] Unable to schedule network b00dafb6-2b9f-43f7-bbed-ee890bc4e3f9: no agents available; will retry on subsequent port and subnet creation events.
2026-07-22 23:18:35.726 10 WARNING neutron.scheduler.dhcp_agent_scheduler [None req-1cd63ee9-60a3-4364-84d8-a1d25b4dbf8f 30770d4c0a394ad299c2f9c5de6bbb8a 6f6e33af0f43400ca4271004f0202e83 - - default default] No more DHCP agents
2026-07-22 23:18:35.727 10 WARNING neutron.api.rpc.agentnotifiers.dhcp_rpc_agent_api [None req-1cd63ee9-60a3-4364-84d8-a1d25b4dbf8f 30770d4c0a394ad299c2f9c5de6bbb8a 6f6e33af0f43400ca4271004f0202e83 - - default default] Unable to schedule network 10ad25d6-22a1-4b56-9145-fbe9a03eba41: no agents available; will retry on subsequent port and subnet creation events.
2026-07-22 23:18:35.806 9 INFO neutron.wsgi [None req-338cf4d8-dfe8-405e-9a89-320f3a1aa006 ebbdda3948f148a492dd875a4ced6796 f2d0a8ebe7d244c18dc84a3e8f1419b4 - - default default] 10.0.0.158 "DELETE /v2.0/security-groups/b2fe1adb-70ec-4df7-bfc5-576caf14bdb8 HTTP/1.1" status: 204 len: 168 time: 0.2223456
2026-07-22 23:18:37.071 10 INFO neutron.wsgi [req-c501bd3e-8697-4fe2-93d4-b7502e710274 req-24a8f589-c9ba-4f07-a9b6-d524b820185b 38b7af1608ab41288e45d13e552b4b4c 9e638baa87ad423dac194c8e5e228763 - - abae589cee0a4341a3424b5ec21a2a36 abae589cee0a4341a3424b5ec21a2a36] 10.0.0.165 "GET /v2.0/ports?device_id=c9ba26c8-558e-43a6-9e66-def6199b18cf HTTP/1.1" status: 200 len: 1638 time: 0.0624104
2026-07-22 23:18:37.164 10 INFO neutron.wsgi [req-c501bd3e-8697-4fe2-93d4-b7502e710274 req-254c1fda-1de3-4bf7-a6be-58e124f6080e 38b7af1608ab41288e45d13e552b4b4c 9e638baa87ad423dac194c8e5e228763 - - abae589cee0a4341a3424b5ec21a2a36 abae589cee0a4341a3424b5ec21a2a36] 10.0.0.165 "GET /v2.0/security-groups?id=9a17976b-98be-4dd5-b062-ba0f2a4644cf&fields=id&fields=name HTTP/1.1" status: 200 len: 311 time: 0.0832241
2026-07-22 23:18:37.248 10 INFO neutron.db.ovn_revision_numbers_db [None req-40cef4c0-b906-4605-8c54-a84b117bdaf7 ebbdda3948f148a492dd875a4ced6796 f2d0a8ebe7d244c18dc84a3e8f1419b4 - - default default] Successfully bumped revision number for resource 2e66ee68-469c-4e83-bf78-c92ac57fc4fe (type: router_ports) to 1
2026-07-22 23:18:37.250 10 INFO neutron.db.ovn_revision_numbers_db [None req-1cd63ee9-60a3-4364-84d8-a1d25b4dbf8f 30770d4c0a394ad299c2f9c5de6bbb8a 6f6e33af0f43400ca4271004f0202e83 - - default default] Successfully bumped revision number for resource 1ae310d9-e0f6-46cf-b23b-3cc6f4492b32 (type: router_ports) to 1
2026-07-22 23:18:37.255 10 INFO neutron.wsgi [None req-40cef4c0-b906-4605-8c54-a84b117bdaf7 ebbdda3948f148a492dd875a4ced6796 f2d0a8ebe7d244c18dc84a3e8f1419b4 - - default default] 10.0.0.158 "PUT /v2.0/routers/96f1ec4f-46ff-4817-a662-cf4f9117136c/add_router_interface HTTP/1.1" status: 200 len: 503 time: 4.3667400
2026-07-22 23:18:37.523 10 WARNING neutron.scheduler.dhcp_agent_scheduler [None req-7974e239-cacc-46ab-803a-69bfbea883e8 - - - - - -] No more DHCP agents
2026-07-22 23:18:37.526 10 WARNING neutron.api.rpc.agentnotifiers.dhcp_rpc_agent_api [None req-7974e239-cacc-46ab-803a-69bfbea883e8 - - - - - -] Unable to schedule network 10ad25d6-22a1-4b56-9145-fbe9a03eba41: no agents available; will retry on subsequent port and subnet creation events.
2026-07-22 23:18:37.583 9 WARNING neutron.plugins.ml2.drivers.ovn.mech_driver.ovsdb.ovn_client [None req-fe374d2f-ee0e-4dc5-9e9a-305e21e3287c - - - - - -] No hosting information found for port d136ceee-286d-4730-82cd-6a4fa7ed796b: RuntimeError: No hosting information found for port d136ceee-286d-4730-82cd-6a4fa7ed796b
2026-07-22 23:18:37.612 9 INFO neutron.plugins.ml2.drivers.ovn.mech_driver.mech_driver [None req-fe374d2f-ee0e-4dc5-9e9a-305e21e3287c - - - - - -] OVN reports status up for port: 2e66ee68-469c-4e83-bf78-c92ac57fc4fe
2026-07-22 23:18:37.629 9 INFO neutron.plugins.ml2.plugin [None req-fe374d2f-ee0e-4dc5-9e9a-305e21e3287c - - - - - -] Attempt 1 to provision port 2e66ee68-469c-4e83-bf78-c92ac57fc4fe
2026-07-22 23:18:37.712 10 INFO neutron.db.ovn_revision_numbers_db [None req-7974e239-cacc-46ab-803a-69bfbea883e8 - - - - - -] Successfully bumped revision number for resource 1fe3a48f-5093-4c28-ad57-e15feb1adabc (type: ports) to 1
2026-07-22 23:18:37.990 10 INFO neutron.db.ovn_revision_numbers_db [None req-7974e239-cacc-46ab-803a-69bfbea883e8 - - - - - -] Successfully bumped revision number for resource 1fe3a48f-5093-4c28-ad57-e15feb1adabc (type: ports) to 1
2026-07-22 23:18:38.071 13 ERROR oslo_messaging.rpc.server [None req-da3db123-95d4-468c-942f-9ef6fa962a97 30770d4c0a394ad299c2f9c5de6bbb8a 6f6e33af0f43400ca4271004f0202e83 - - default default] Exception during message handling: sqlalchemy.exc.PendingRollbackError: This Session's transaction has been rolled back due to a previous exception during flush. To begin a new transaction with this Session, first issue Session.rollback(). Original exception was: (pymysql.err.IntegrityError) (1062, "Duplicate entry '461e98f2-8316-437e-83a2-4d7b81042bb2-260c5d33-965c-53ed-bea2-91b' for key 'routervpnagentbindings.PRIMARY'") [SQL: INSERT INTO routervpnagentbindings (router_id, vpn_agent_id) VALUES (%(router_id)s, %(vpn_agent_id)s)] [parameters: {'router_id': '461e98f2-8316-437e-83a2-4d7b81042bb2', 'vpn_agent_id': '260c5d33-965c-53ed-bea2-91be94567a3c'}] (Background on this error at: https://sqlalche.me/e/14/gkpj) (Background on this error at: https://sqlalche.me/e/14/7s2a)
2026-07-22 23:18:38.071 13 ERROR oslo_messaging.rpc.server
Traceback (most recent call last):
2026-07-22 23:18:38.071 13 ERROR oslo_messaging.rpc.server
File "/var/lib/openstack/lib/python3.10/site-packages/oslo_messaging/rpc/server.py", line 165, in _process_incoming
2026-07-22 23:18:38.071 13 ERROR oslo_messaging.rpc.server res = self.dispatcher.dispatch(message)
2026-07-22 23:18:38.071 13 ERROR oslo_messaging.rpc.server
File "/var/lib/openstack/lib/python3.10/site-packages/oslo_messaging/rpc/dispatcher.py", line 309, in dispatch
2026-07-22 23:18:38.071 13 ERROR oslo_messaging.rpc.server return self._do_dispatch(endpoint, method, ctxt, args)
2026-07-22 23:18:38.071 13 ERROR oslo_messaging.rpc.server
File "/var/lib/openstack/lib/python3.10/site-packages/oslo_messaging/rpc/dispatcher.py", line 229, in _do_dispatch
2026-07-22 23:18:38.071 13 ERROR oslo_messaging.rpc.server result = func(ctxt, **new_args)
2026-07-22 23:18:38.071 13 ERROR oslo_messaging.rpc.server
File "/var/lib/openstack/lib/python3.10/site-packages/oslo_db/sqlalchemy/enginefacade.py", line 998, in wrapper
2026-07-22 23:18:38.071 13 ERROR oslo_messaging.rpc.server return fn(*args, **kwargs)
2026-07-22 23:18:38.071 13 ERROR oslo_messaging.rpc.server
File "/var/lib/openstack/lib/python3.10/site-packages/neutron_vpnaas/services/vpn/service_drivers/base_ipsec.py", line 80, in get_vpn_services_on_host
2026-07-22 23:18:38.071 13 ERROR oslo_messaging.rpc.server local_cidr_map = plugin._build_local_subnet_cidr_map(context)
2026-07-22 23:18:38.071 13 ERROR oslo_messaging.rpc.server
File "/var/lib/openstack/lib/python3.10/site-packages/neutron_vpnaas/db/vpn/vpn_db.py", line 729, in _build_local_subnet_cidr_map
2026-07-22 23:18:38.071 13 ERROR oslo_messaging.rpc.server return {sn.id: sn.cidr for sn in query.all()}
2026-07-22 23:18:38.071 13 ERROR oslo_messaging.rpc.server
File "/var/lib/openstack/lib/python3.10/site-packages/sqlalchemy/orm/query.py", line 2773, in all
2026-07-22 23:18:38.071 13 ERROR oslo_messaging.rpc.server return self._iter().all()
2026-07-22 23:18:38.071 13 ERROR oslo_messaging.rpc.server
File "/var/lib/openstack/lib/python3.10/site-packages/sqlalchemy/orm/query.py", line 2916, in _iter
2026-07-22 23:18:38.071 13 ERROR oslo_messaging.rpc.server result = self.session.execute(
2026-07-22 23:18:38.071 13 ERROR oslo_messaging.rpc.server
File "/var/lib/openstack/lib/python3.10/site-packages/sqlalchemy/orm/session.py", line 1716, in execute
2026-07-22 23:18:38.071 13 ERROR oslo_messaging.rpc.server conn = self._connection_for_bind(bind)
2026-07-22 23:18:38.071 13 ERROR oslo_messaging.rpc.server
File "/var/lib/openstack/lib/python3.10/site-packages/sqlalchemy/orm/session.py", line 1555, in _connection_for_bind
2026-07-22 23:18:38.071 13 ERROR oslo_messaging.rpc.server return self._transaction._connection_for_bind(
2026-07-22 23:18:38.071 13 ERROR oslo_messaging.rpc.server
File "/var/lib/openstack/lib/python3.10/site-packages/sqlalchemy/orm/session.py", line 724, in _connection_for_bind
2026-07-22 23:18:38.071 13 ERROR oslo_messaging.rpc.server self._assert_active()
2026-07-22 23:18:38.071 13 ERROR oslo_messaging.rpc.server
File "/var/lib/openstack/lib/python3.10/site-packages/sqlalchemy/orm/session.py", line 604, in _assert_active
2026-07-22 23:18:38.071 13 ERROR oslo_messaging.rpc.server raise sa_exc.PendingRollbackError(
2026-07-22 23:18:38.071 13 ERROR oslo_messaging.rpc.server sqlalchemy.exc.PendingRollbackError: This Session's transaction has been rolled back due to a previous exception during flush. To begin a new transaction with this Session, first issue Session.rollback(). Original exception was: (pymysql.err.IntegrityError) (1062, "Duplicate entry '461e98f2-8316-437e-83a2-4d7b81042bb2-260c5d33-965c-53ed-bea2-91b' for key 'routervpnagentbindings.PRIMARY'")
2026-07-22 23:18:38.071 13 ERROR oslo_messaging.rpc.server [SQL: INSERT INTO routervpnagentbindings (router_id, vpn_agent_id) VALUES (%(router_id)s, %(vpn_agent_id)s)]
2026-07-22 23:18:38.071 13 ERROR oslo_messaging.rpc.server [parameters: {'router_id': '461e98f2-8316-437e-83a2-4d7b81042bb2', 'vpn_agent_id': '260c5d33-965c-53ed-bea2-91be94567a3c'}]
2026-07-22 23:18:38.071 13 ERROR oslo_messaging.rpc.server (Background on this error at: https://sqlalche.me/e/14/gkpj) (Background on this error at: https://sqlalche.me/e/14/7s2a)
2026-07-22 23:18:38.071 13 ERROR oslo_messaging.rpc.server 
2026-07-22 23:18:38.086 9 INFO neutron.db.ovn_revision_numbers_db [None req-fe374d2f-ee0e-4dc5-9e9a-305e21e3287c - - - - - -] Successfully bumped revision number for resource 2e66ee68-469c-4e83-bf78-c92ac57fc4fe (type: ports) to 2
2026-07-22 23:18:38.220 9 INFO neutron.db.ovn_revision_numbers_db [None req-fe374d2f-ee0e-4dc5-9e9a-305e21e3287c - - - - - -] Successfully bumped revision number for resource 2e66ee68-469c-4e83-bf78-c92ac57fc4fe (type: router_ports) to 2
2026-07-22 23:18:38.296 10 INFO neutron.wsgi [None req-1cd63ee9-60a3-4364-84d8-a1d25b4dbf8f 30770d4c0a394ad299c2f9c5de6bbb8a 6f6e33af0f43400ca4271004f0202e83 - - default default] 10.0.0.158 "POST /v2.0/vpn/vpnservices HTTP/1.1" status: 201 len: 658 time: 8.4585497
2026-07-22 23:18:38.322 10 INFO neutron.wsgi [None req-ba5a5e48-3f42-49f5-b450-c1cc3ef25936 30770d4c0a394ad299c2f9c5de6bbb8a 6f6e33af0f43400ca4271004f0202e83 - - default default] 10.0.0.158 "GET /v2.0/vpn/vpnservices HTTP/1.1" status: 200 len: 1502 time: 0.0172863 /var/lib/openstack/lib/python3.10/site-packages/pycadf/identifier.py:71: UserWarning: Invalid uuid: neutron. To ensure interoperability, identifiers should be a valid uuid. warnings.warn(('Invalid uuid: %s. To ensure interoperability, '
2026-07-22 23:18:38.735 9 INFO neutron.db.ovn_revision_numbers_db [None req-490ba85b-1ba2-4e13-b9e5-4a1a13b5095e ebbdda3948f148a492dd875a4ced6796 f2d0a8ebe7d244c18dc84a3e8f1419b4 - - default default] Successfully bumped revision number for resource 74f3091a-cfb4-49f5-86be-931fe45a3f8c (type: security_groups) to 1
2026-07-22 23:18:38.750 9 INFO neutron.db.ovn_revision_numbers_db [None req-490ba85b-1ba2-4e13-b9e5-4a1a13b5095e ebbdda3948f148a492dd875a4ced6796 f2d0a8ebe7d244c18dc84a3e8f1419b4 - - default default] Successfully bumped revision number for resource 0d42524c-16e0-47f0-b01c-6c5a36bee0c7 (type: security_group_rules) to 0
2026-07-22 23:18:38.766 9 INFO neutron.db.ovn_revision_numbers_db [None req-490ba85b-1ba2-4e13-b9e5-4a1a13b5095e ebbdda3948f148a492dd875a4ced6796 f2d0a8ebe7d244c18dc84a3e8f1419b4 - - default default] Successfully bumped revision number for resource 4cef5495-c7ad-4031-85cd-feda38f95740 (type: security_group_rules) to 0
2026-07-22 23:18:38.781 9 INFO neutron.db.ovn_revision_numbers_db [None req-490ba85b-1ba2-4e13-b9e5-4a1a13b5095e ebbdda3948f148a492dd875a4ced6796 f2d0a8ebe7d244c18dc84a3e8f1419b4 - - default default] Successfully bumped revision number for resource 982cc905-665b-4539-b07a-3496406c5454 (type: security_group_rules) to 0
2026-07-22 23:18:38.799 9 INFO neutron.db.ovn_revision_numbers_db [None req-490ba85b-1ba2-4e13-b9e5-4a1a13b5095e ebbdda3948f148a492dd875a4ced6796 f2d0a8ebe7d244c18dc84a3e8f1419b4 - - default default] Successfully bumped revision number for resource b1f706e1-5671-4d4d-906a-037ace2ffb97 (type: security_group_rules) to 0
2026-07-22 23:18:38.846 9 INFO neutron.db.segments_db [None req-490ba85b-1ba2-4e13-b9e5-4a1a13b5095e ebbdda3948f148a492dd875a4ced6796 f2d0a8ebe7d244c18dc84a3e8f1419b4 - - default default] Added segment f2979d1d-1455-4936-a633-5d2672d0b4ea of type geneve for network f65db998-70e2-4a91-a785-c2f58595d779
2026-07-22 23:18:39.000 9 INFO neutron.db.ovn_revision_numbers_db [None req-490ba85b-1ba2-4e13-b9e5-4a1a13b5095e ebbdda3948f148a492dd875a4ced6796 f2d0a8ebe7d244c18dc84a3e8f1419b4 - - default default] Successfully bumped revision number for resource f65db998-70e2-4a91-a785-c2f58595d779 (type: networks) to 1
2026-07-22 23:18:39.152 9 WARNING neutron.scheduler.dhcp_agent_scheduler [None req-490ba85b-1ba2-4e13-b9e5-4a1a13b5095e ebbdda3948f148a492dd875a4ced6796 f2d0a8ebe7d244c18dc84a3e8f1419b4 - - default default] No more DHCP agents
2026-07-22 23:18:39.153 9 WARNING neutron.api.rpc.agentnotifiers.dhcp_rpc_agent_api [None req-490ba85b-1ba2-4e13-b9e5-4a1a13b5095e ebbdda3948f148a492dd875a4ced6796 f2d0a8ebe7d244c18dc84a3e8f1419b4 - - default default] Unable to schedule network f65db998-70e2-4a91-a785-c2f58595d779: no agents available; will retry on subsequent port and subnet creation events.
2026-07-22 23:18:39.226 9 INFO neutron.db.ovn_revision_numbers_db [None req-490ba85b-1ba2-4e13-b9e5-4a1a13b5095e ebbdda3948f148a492dd875a4ced6796 f2d0a8ebe7d244c18dc84a3e8f1419b4 - - default default] Successfully bumped revision number for resource 353a6db9-71eb-495a-9743-df370bb66d59 (type: ports) to 1
2026-07-22 23:18:39.248 9 INFO neutron.wsgi [None req-490ba85b-1ba2-4e13-b9e5-4a1a13b5095e ebbdda3948f148a492dd875a4ced6796 f2d0a8ebe7d244c18dc84a3e8f1419b4 - - default default] 10.0.0.158 "POST /v2.0/networks HTTP/1.1" status: 201 len: 943 time: 0.6639686
2026-07-22 23:18:39.400 9 WARNING neutron.scheduler.dhcp_agent_scheduler [None req-5cbd82da-5541-44d9-8ea9-8d44052be221 ebbdda3948f148a492dd875a4ced6796 f2d0a8ebe7d244c18dc84a3e8f1419b4 - - default default] No more DHCP agents
2026-07-22 23:18:39.408 9 WARNING neutron.api.rpc.agentnotifiers.dhcp_rpc_agent_api [None req-5cbd82da-5541-44d9-8ea9-8d44052be221 ebbdda3948f148a492dd875a4ced6796 f2d0a8ebe7d244c18dc84a3e8f1419b4 - - default default] Unable to schedule network f65db998-70e2-4a91-a785-c2f58595d779: no agents available; will retry on subsequent port and subnet creation events.
2026-07-22 23:18:39.925 9 INFO neutron.db.ovn_revision_numbers_db [None req-5cbd82da-5541-44d9-8ea9-8d44052be221 ebbdda3948f148a492dd875a4ced6796 f2d0a8ebe7d244c18dc84a3e8f1419b4 - - default default] Successfully bumped revision number for resource 353a6db9-71eb-495a-9743-df370bb66d59 (type: ports) to 2
2026-07-22 23:18:39.959 9 INFO neutron.db.ovn_revision_numbers_db [None req-5cbd82da-5541-44d9-8ea9-8d44052be221 ebbdda3948f148a492dd875a4ced6796 f2d0a8ebe7d244c18dc84a3e8f1419b4 - - default default] Successfully bumped revision number for resource eaa8d2ef-c978-4b65-b05e-5d765bf4dd6f (type: subnets) to 0
2026-07-22 23:18:39.976 9 INFO neutron.wsgi [None req-5cbd82da-5541-44d9-8ea9-8d44052be221 ebbdda3948f148a492dd875a4ced6796 f2d0a8ebe7d244c18dc84a3e8f1419b4 - - default default] 10.0.0.158 "POST /v2.0/subnets HTTP/1.1" status: 201 len: 863 time: 0.7228270
2026-07-22 23:18:40.340 10 WARNING neutron_lib.context [None req-43b20303-c6a6-426e-87eb-bd2648cbba69 f6aabc31f41c4190a83c901a5cdb51a7 7f935bfeb4a84a2897ca78207944b99f - - default default] Method 'is_advsvc' is deprecated since 2023.2 release (neutron-lib 3.8.0) and will be removed once support for the old RBAC API policies will be removed from Neutron. Please use method 'is_service_role' instead.
2026-07-22 23:18:40.531 9 WARNING neutron.scheduler.dhcp_agent_scheduler [None req-f8d1b6cb-fb76-49f8-a109-13241acb27f8 ebbdda3948f148a492dd875a4ced6796 f2d0a8ebe7d244c18dc84a3e8f1419b4 - - default default] No more DHCP agents
2026-07-22 23:18:40.534 9 WARNING neutron.api.rpc.agentnotifiers.dhcp_rpc_agent_api [None req-f8d1b6cb-fb76-49f8-a109-13241acb27f8 ebbdda3948f148a492dd875a4ced6796 f2d0a8ebe7d244c18dc84a3e8f1419b4 - - default default] Unable to schedule network bf4d9735-a477-438d-a56d-0935727297ff: no agents available; will retry on subsequent port and subnet creation events.
2026-07-22 23:18:40.549 10 INFO neutron.db.ovn_revision_numbers_db [None req-43b20303-c6a6-426e-87eb-bd2648cbba69 f6aabc31f41c4190a83c901a5cdb51a7 7f935bfeb4a84a2897ca78207944b99f - - default default] Successfully bumped revision number for resource b1123d7d-74e8-4f19-9414-86c8854df3ad (type: security_groups) to 1
2026-07-22 23:18:40.568 10 INFO neutron.db.ovn_revision_numbers_db [None req-43b20303-c6a6-426e-87eb-bd2648cbba69 f6aabc31f41c4190a83c901a5cdb51a7 7f935bfeb4a84a2897ca78207944b99f - - default default] Successfully bumped revision number for resource 3980bc51-85c5-4913-aa81-33a8d44c3795 (type: security_group_rules) to 0
2026-07-22 23:18:40.596 10 INFO neutron.db.ovn_revision_numbers_db [None req-43b20303-c6a6-426e-87eb-bd2648cbba69 f6aabc31f41c4190a83c901a5cdb51a7 7f935bfeb4a84a2897ca78207944b99f - - default default] Successfully bumped revision number for resource db2340f7-a590-4cf2-a50f-07892930cb6f (type: security_group_rules) to 0
2026-07-22 23:18:40.618 10 INFO neutron.db.ovn_revision_numbers_db [None req-43b20303-c6a6-426e-87eb-bd2648cbba69 f6aabc31f41c4190a83c901a5cdb51a7 7f935bfeb4a84a2897ca78207944b99f - - default default] Successfully bumped revision number for resource dd4313a1-e0ea-45f6-af70-eaf65611cc32 (type: security_group_rules) to 0
2026-07-22 23:18:40.634 10 INFO neutron.db.ovn_revision_numbers_db [None req-43b20303-c6a6-426e-87eb-bd2648cbba69 f6aabc31f41c4190a83c901a5cdb51a7 7f935bfeb4a84a2897ca78207944b99f - - default default] Successfully bumped revision number for resource eaff7bd6-6325-4df2-a73a-3270ffde0790 (type: security_group_rules) to 0
2026-07-22 23:18:40.699 10 INFO neutron.db.segments_db [None req-43b20303-c6a6-426e-87eb-bd2648cbba69 f6aabc31f41c4190a83c901a5cdb51a7 7f935bfeb4a84a2897ca78207944b99f - - default default] Added segment 1f953124-dfdf-4fb3-a7d3-fd3c64c75237 of type geneve for network 5a172533-d24d-4d79-997b-b834dfddd0dd
2026-07-22 23:18:40.713 9 INFO neutron.db.ovn_revision_numbers_db [None req-f8d1b6cb-fb76-49f8-a109-13241acb27f8 ebbdda3948f148a492dd875a4ced6796 f2d0a8ebe7d244c18dc84a3e8f1419b4 - - default default] Successfully bumped revision number for resource 460e3c32-4b0d-44bb-970b-6a22963d232c (type: ports) to 1
2026-07-22 23:18:40.913 10 INFO neutron.db.ovn_revision_numbers_db [None req-43b20303-c6a6-426e-87eb-bd2648cbba69 f6aabc31f41c4190a83c901a5cdb51a7 7f935bfeb4a84a2897ca78207944b99f - - default default] Successfully bumped revision number for resource 5a172533-d24d-4d79-997b-b834dfddd0dd (type: networks) to 1
2026-07-22 23:18:41.210 10 WARNING neutron.scheduler.dhcp_agent_scheduler [None req-43b20303-c6a6-426e-87eb-bd2648cbba69 f6aabc31f41c4190a83c901a5cdb51a7 7f935bfeb4a84a2897ca78207944b99f - - default default] No more DHCP agents
2026-07-22 23:18:41.213 10 WARNING neutron.api.rpc.agentnotifiers.dhcp_rpc_agent_api [None req-43b20303-c6a6-426e-87eb-bd2648cbba69 f6aabc31f41c4190a83c901a5cdb51a7 7f935bfeb4a84a2897ca78207944b99f - - default default] Unable to schedule network 5a172533-d24d-4d79-997b-b834dfddd0dd: no agents available; will retry on subsequent port and subnet creation events.
2026-07-22 23:18:41.367 10 INFO neutron.db.ovn_revision_numbers_db [None req-43b20303-c6a6-426e-87eb-bd2648cbba69 f6aabc31f41c4190a83c901a5cdb51a7 7f935bfeb4a84a2897ca78207944b99f - - default default] Successfully bumped revision number for resource fdc4d369-a935-4529-97d0-fd0267f27940 (type: ports) to 1
2026-07-22 23:18:41.397 10 INFO neutron.wsgi [None req-43b20303-c6a6-426e-87eb-bd2648cbba69 f6aabc31f41c4190a83c901a5cdb51a7 7f935bfeb4a84a2897ca78207944b99f - - default default] 10.0.0.158 "POST /v2.0/networks HTTP/1.1" status: 201 len: 831 time: 1.2806828 /var/lib/openstack/lib/python3.10/site-packages/pycadf/identifier.py:71: UserWarning: Invalid uuid: neutron. To ensure interoperability, identifiers should be a valid uuid. warnings.warn(('Invalid uuid: %s. To ensure interoperability, '
2026-07-22 23:18:41.409 10 WARNING neutron_lib.context [None req-4906110d-283a-40fb-b3a8-b66841470883 f6aabc31f41c4190a83c901a5cdb51a7 7f935bfeb4a84a2897ca78207944b99f - - default default] Method 'is_advsvc' is deprecated since 2023.2 release (neutron-lib 3.8.0) and will be removed once support for the old RBAC API policies will be removed from Neutron. Please use method 'is_service_role' instead.
2026-07-22 23:18:41.508 10 INFO neutron.db.segments_db [None req-4906110d-283a-40fb-b3a8-b66841470883 f6aabc31f41c4190a83c901a5cdb51a7 7f935bfeb4a84a2897ca78207944b99f - - default default] Added segment f08bee80-8111-48dd-9592-7e4c9ccb294c of type geneve for network 96b5c955-c2ae-4022-95e3-dbe4c41ba058
2026-07-22 23:18:41.511 9 INFO neutron.wsgi [None req-e19923a2-ec31-4f7d-bafe-323d64ab40fd ebbdda3948f148a492dd875a4ced6796 f2d0a8ebe7d244c18dc84a3e8f1419b4 - - default default] 10.0.0.190 "GET /v2.0/security-groups HTTP/1.1" status: 200 len: 40433 time: 0.1350007
2026-07-22 23:18:41.675 10 INFO neutron.db.ovn_revision_numbers_db [None req-4906110d-283a-40fb-b3a8-b66841470883 f6aabc31f41c4190a83c901a5cdb51a7 7f935bfeb4a84a2897ca78207944b99f - - default default] Successfully bumped revision number for resource 96b5c955-c2ae-4022-95e3-dbe4c41ba058 (type: networks) to 1
2026-07-22 23:18:41.718 9 INFO neutron.wsgi [None req-52ffa87c-f7f4-4a3e-97f1-ff5655fa3e93 ebbdda3948f148a492dd875a4ced6796 f2d0a8ebe7d244c18dc84a3e8f1419b4 - - default default] 10.0.0.190 "GET /v2.0/ports HTTP/1.1" status: 200 len: 38051 time: 0.1830275
2026-07-22 23:18:41.775 9 INFO neutron.wsgi [None req-2fded72d-62a4-4364-a3c2-1d7cd8b60cb2 ebbdda3948f148a492dd875a4ced6796 f2d0a8ebe7d244c18dc84a3e8f1419b4 - - default default] 10.0.0.190 "GET /v2.0/network-ip-availabilities HTTP/1.1" status: 200 len: 6742 time: 0.0315561
2026-07-22 23:18:41.847 9 INFO neutron.wsgi [None req-6688fc8a-4763-42dd-952f-3c223836896e ebbdda3948f148a492dd875a4ced6796 f2d0a8ebe7d244c18dc84a3e8f1419b4 - - default default] 10.0.0.190 "GET /v2.0/floatingips HTTP/1.1" status: 200 len: 1876 time: 0.0700915
2026-07-22 23:18:41.868 9 INFO neutron.wsgi [None req-61b28951-354d-4428-b10b-0aafc69e856c ebbdda3948f148a492dd875a4ced6796 f2d0a8ebe7d244c18dc84a3e8f1419b4 - - default default] 10.0.0.190 "GET /v2.0/agents HTTP/1.1" status: 200 len: 1390 time: 0.0187645
2026-07-22 23:18:41.884 10 WARNING neutron.scheduler.dhcp_agent_scheduler [None req-4906110d-283a-40fb-b3a8-b66841470883 f6aabc31f41c4190a83c901a5cdb51a7 7f935bfeb4a84a2897ca78207944b99f - - default default] No more DHCP agents
2026-07-22 23:18:41.887 10 WARNING neutron.api.rpc.agentnotifiers.dhcp_rpc_agent_api [None req-4906110d-283a-40fb-b3a8-b66841470883 f6aabc31f41c4190a83c901a5cdb51a7 7f935bfeb4a84a2897ca78207944b99f - - default default] Unable to schedule network 96b5c955-c2ae-4022-95e3-dbe4c41ba058: no agents available; will retry on subsequent port and subnet creation events.
2026-07-22 23:18:41.943 9 INFO neutron.wsgi [None req-9b8dfbc2-dcd0-441c-8327-7a80ad919133 ebbdda3948f148a492dd875a4ced6796 f2d0a8ebe7d244c18dc84a3e8f1419b4 - - default default] 10.0.0.190 "GET /v2.0/subnets HTTP/1.1" status: 200 len: 9309 time: 0.0620427
2026-07-22 23:18:41.948 10 INFO neutron.services.segments.plugin [-] Segment af1daf35-a5b7-4203-8d53-a481b34e49f9 resource provider aggregate not found
2026-07-22 23:18:41.953 10 INFO neutron.services.segments.plugin [-] Segment af1daf35-a5b7-4203-8d53-a481b34e49f9 resource provider aggregate not found
2026-07-22 23:18:41.969 10 INFO neutron.services.segments.plugin [-] Segment af1daf35-a5b7-4203-8d53-a481b34e49f9 resource provider not found; error: Placement Client Error (4xx): {"errors": [{"status": 404, "title": "Not Found", "detail": "The resource could not be found.\n\n No resource provider with uuid af1daf35-a5b7-4203-8d53-a481b34e49f9 found for delete ", "request_id": "req-bf43e70a-7575-48b3-a714-6b39ffa99581"}]}
2026-07-22 23:18:41.972 10 INFO neutron.services.segments.plugin [-] Segment af1daf35-a5b7-4203-8d53-a481b34e49f9 resource provider not found; error: Placement Client Error (4xx): {"errors": [{"status": 404, "title": "Not Found", "detail": "The resource could not be found.\n\n No resource provider with uuid af1daf35-a5b7-4203-8d53-a481b34e49f9 found for delete ", "request_id": "req-d0ea684f-87e1-4c75-a081-046478cd5256"}]}
2026-07-22 23:18:42.018 10 INFO neutron.wsgi [None req-8dc07c6b-ec3c-46a0-a874-03e6c5e3f5bb 30770d4c0a394ad299c2f9c5de6bbb8a 6f6e33af0f43400ca4271004f0202e83 - - default default] 10.0.0.158 "DELETE /v2.0/vpn/vpnservices/3a823d73-8c95-4f50-ae66-2a809fceb588 HTTP/1.1" status: 204 len: 168 time: 3.6922650
2026-07-22 23:18:42.019 9 INFO neutron.wsgi [None req-70abf6af-9650-43ed-aee1-3a686ae083b8 ebbdda3948f148a492dd875a4ced6796 f2d0a8ebe7d244c18dc84a3e8f1419b4 - - default default] 10.0.0.190 "GET /v2.0/subnets HTTP/1.1" status: 200 len: 9309 time: 0.0626833
2026-07-22 23:18:42.027 10 INFO neutron.db.ovn_revision_numbers_db [None req-4906110d-283a-40fb-b3a8-b66841470883 f6aabc31f41c4190a83c901a5cdb51a7 7f935bfeb4a84a2897ca78207944b99f - - default default] Successfully bumped revision number for resource 19f7bca4-84d5-4c76-b89f-b50a9249ee0a (type: ports) to 1
2026-07-22 23:18:42.033 9 INFO neutron.wsgi [None req-ef17a324-e47e-4dff-9c0a-0c26c7d1c064 ebbdda3948f148a492dd875a4ced6796 f2d0a8ebe7d244c18dc84a3e8f1419b4 - - default default] 10.0.0.190 "GET /v2.0/subnetpools HTTP/1.1" status: 200 len: 193 time: 0.0105593
2026-07-22 23:18:42.035 10 INFO neutron.wsgi [None req-d5dca197-0f4e-4b5b-8e73-b71d5ed4ba89 30770d4c0a394ad299c2f9c5de6bbb8a 6f6e33af0f43400ca4271004f0202e83 - - default default] 10.0.0.158 "GET /v2.0/vpn/vpnservices HTTP/1.1" status: 200 len: 1056 time: 0.0118637
2026-07-22 23:18:42.046 10 WARNING neutron_lib.context [None req-af4751e6-0c26-4406-81ef-8f2fc8ecd6b4 30770d4c0a394ad299c2f9c5de6bbb8a 6f6e33af0f43400ca4271004f0202e83 - - default default] Method 'is_advsvc' is deprecated since 2023.2 release (neutron-lib 3.8.0) and will be removed once support for the old RBAC API policies will be removed from Neutron. Please use method 'is_service_role' instead.
2026-07-22 23:18:42.060 10 INFO neutron.wsgi [None req-4906110d-283a-40fb-b3a8-b66841470883 f6aabc31f41c4190a83c901a5cdb51a7 7f935bfeb4a84a2897ca78207944b99f - - default default] 10.0.0.158 "POST /v2.0/networks HTTP/1.1" status: 201 len: 831 time: 0.6561270
2026-07-22 23:18:42.069 10 WARNING neutron_lib.context [None req-6eadaf2d-e6e9-4c74-9e55-7d405f070bde f6aabc31f41c4190a83c901a5cdb51a7 7f935bfeb4a84a2897ca78207944b99f - - default default] Method 'is_advsvc' is deprecated since 2023.2 release (neutron-lib 3.8.0) and will be removed once support for the old RBAC API policies will be removed from Neutron. Please use method 'is_service_role' instead.
2026-07-22 23:18:42.129 10 INFO neutron.api.v2.resource [None req-af4751e6-0c26-4406-81ef-8f2fc8ecd6b4 30770d4c0a394ad299c2f9c5de6bbb8a 6f6e33af0f43400ca4271004f0202e83 - - default default] create failed (client error): The server could not comply with the request since it is either malformed or otherwise incorrect.
2026-07-22 23:18:42.130 10 INFO neutron.wsgi [None req-af4751e6-0c26-4406-81ef-8f2fc8ecd6b4 30770d4c0a394ad299c2f9c5de6bbb8a 6f6e33af0f43400ca4271004f0202e83 - - default default] 10.0.0.158 "POST /v2.0/vpn/ipsec-site-connections HTTP/1.1" status: 400 len: 330 time: 0.0888140
2026-07-22 23:18:42.149 10 WARNING neutron_lib.context [None req-78374408-164f-4fc5-a878-98dfd0832c9d 30770d4c0a394ad299c2f9c5de6bbb8a 6f6e33af0f43400ca4271004f0202e83 - - default default] Method 'is_advsvc' is deprecated since 2023.2 release (neutron-lib 3.8.0) and will be removed once support for the old RBAC API policies will be removed from Neutron. Please use method 'is_service_role' instead.
2026-07-22 23:18:42.167 9 INFO neutron.plugins.ml2.drivers.ovn.mech_driver.ovsdb.commands [None req-10d1209e-ae13-45bf-b51d-213f10456a7b - - - - - -] Schedule LRP lrp-460e3c32-4b0d-44bb-970b-6a22963d232c on gateway 29c9d2a8-b421-488d-8da2-2727d29b50d3 with priority 1
2026-07-22 23:18:42.167 10 INFO neutron.db.segments_db [None req-6eadaf2d-e6e9-4c74-9e55-7d405f070bde f6aabc31f41c4190a83c901a5cdb51a7 7f935bfeb4a84a2897ca78207944b99f - - default default] Added segment 94f9d041-d64c-4bb7-a497-37d907bed2d9 of type geneve for network 2fbba124-bc7e-44ef-9d24-13b238c1038e
2026-07-22 23:18:42.187 10 INFO neutron.plugins.ml2.drivers.ovn.mech_driver.mech_driver [None req-a8bdee5e-8c9c-4de5-8966-45d7ee8c5aef - - - - - -] OVN reports status up for port: 460e3c32-4b0d-44bb-970b-6a22963d232c
2026-07-22 23:18:42.202 9 INFO neutron.plugins.ml2.drivers.ovn.mech_driver.ovsdb.ovsdb_monitor [None req-7db64f69-662b-4af1-95de-b718aaa0cef9 - - - - - -] Router d393bfdb-c37f-4025-8d76-842ad3852361 is bound to host instance
2026-07-22 23:18:42.208 10 INFO neutron.plugins.ml2.plugin [None req-a8bdee5e-8c9c-4de5-8966-45d7ee8c5aef - - - - - -] Attempt 1 to provision port 460e3c32-4b0d-44bb-970b-6a22963d232c
2026-07-22 23:18:42.211 9 INFO neutron.wsgi [None req-22391eaf-7ec9-4719-810c-5441fa1d11df ebbdda3948f148a492dd875a4ced6796 f2d0a8ebe7d244c18dc84a3e8f1419b4 - - default default] 10.0.0.190 "GET /v2.0/routers HTTP/1.1" status: 200 len: 6011 time: 0.1772592
2026-07-22 23:18:42.237 9 INFO neutron.wsgi [None req-008322c6-fe78-4501-a05d-97cab20c01ce ebbdda3948f148a492dd875a4ced6796 f2d0a8ebe7d244c18dc84a3e8f1419b4 - - default default] 10.0.0.190 "GET /v2.0/agents?binary=ovn-controller HTTP/1.1" status: 200 len: 591 time: 0.0177002
2026-07-22 23:18:42.253 9 INFO neutron.db.ovn_revision_numbers_db [None req-f8d1b6cb-fb76-49f8-a109-13241acb27f8 ebbdda3948f148a492dd875a4ced6796 f2d0a8ebe7d244c18dc84a3e8f1419b4 - - default default] Successfully bumped revision number for resource 460e3c32-4b0d-44bb-970b-6a22963d232c (type: router_ports) to 1
2026-07-22 23:18:42.418 9 INFO neutron.wsgi [None req-1476d246-dcf3-4ea3-ba8f-f8383ea04931 ebbdda3948f148a492dd875a4ced6796 f2d0a8ebe7d244c18dc84a3e8f1419b4 - - default default] 10.0.0.190 "GET /v2.0/networks HTTP/1.1" status: 200 len: 10583 time: 0.1793644
2026-07-22 23:18:42.435 9 INFO neutron.db.ovn_revision_numbers_db [None req-f8d1b6cb-fb76-49f8-a109-13241acb27f8 ebbdda3948f148a492dd875a4ced6796 f2d0a8ebe7d244c18dc84a3e8f1419b4 - - default default] Successfully bumped revision number for resource d393bfdb-c37f-4025-8d76-842ad3852361 (type: routers) to 2
2026-07-22 23:18:42.460 9 INFO neutron.wsgi [None req-f8d1b6cb-fb76-49f8-a109-13241acb27f8 ebbdda3948f148a492dd875a4ced6796 f2d0a8ebe7d244c18dc84a3e8f1419b4 - - default default] 10.0.0.158 "POST /v2.0/routers HTTP/1.1" status: 201 len: 1165 time: 2.4558430
2026-07-22 23:18:42.558 10 INFO neutron.api.v2.resource [None req-78374408-164f-4fc5-a878-98dfd0832c9d 30770d4c0a394ad299c2f9c5de6bbb8a 6f6e33af0f43400ca4271004f0202e83 - - default default] create failed (client error): The server could not comply with the request since it is either malformed or otherwise incorrect.
2026-07-22 23:18:42.559 10 INFO neutron.wsgi [None req-78374408-164f-4fc5-a878-98dfd0832c9d 30770d4c0a394ad299c2f9c5de6bbb8a 6f6e33af0f43400ca4271004f0202e83 - - default default] 10.0.0.158 "POST /v2.0/vpn/ipsec-site-connections HTTP/1.1" status: 400 len: 339 time: 0.4171290
