2026-07-22 23:18:42.584 10 WARNING neutron.api.v2.base [None req-cd436227-7a01-43ef-9105-77552d919474 30770d4c0a394ad299c2f9c5de6bbb8a 6f6e33af0f43400ca4271004f0202e83 - - default default] An exception happened while processing the request body. The exception message is [Invalid input for dpd. Reason: '59' is not a dictionary.].: webob.exc.HTTPBadRequest: Invalid input for dpd. Reason: '59' is not a dictionary.
2026-07-22 23:18:42.585 10 INFO neutron.api.v2.resource [None req-cd436227-7a01-43ef-9105-77552d919474 30770d4c0a394ad299c2f9c5de6bbb8a 6f6e33af0f43400ca4271004f0202e83 - - default default] create failed (client error): Invalid input for dpd. Reason: '59' is not a dictionary.
2026-07-22 23:18:42.586 10 INFO neutron.wsgi [None req-cd436227-7a01-43ef-9105-77552d919474 30770d4c0a394ad299c2f9c5de6bbb8a 6f6e33af0f43400ca4271004f0202e83 - - default default] 10.0.0.158 "POST /v2.0/vpn/ipsec-site-connections HTTP/1.1" status: 400 len: 332 time: 0.0176287
2026-07-22 23:18:42.613 9 WARNING neutron_lib.context [None req-0ad5fc6a-58a8-48b4-bb15-fb0cfcca9ad1 30770d4c0a394ad299c2f9c5de6bbb8a 6f6e33af0f43400ca4271004f0202e83 - - default default] Method 'is_advsvc' is deprecated since 2023.2 release (neutron-lib 3.8.0) and will be removed once support for the old RBAC API policies will be removed from Neutron. Please use method 'is_service_role' instead.
2026-07-22 23:18:42.646 10 INFO neutron.db.ovn_revision_numbers_db [None req-6eadaf2d-e6e9-4c74-9e55-7d405f070bde f6aabc31f41c4190a83c901a5cdb51a7 7f935bfeb4a84a2897ca78207944b99f - - default default] Successfully bumped revision number for resource 2fbba124-bc7e-44ef-9d24-13b238c1038e (type: networks) to 1
2026-07-22 23:18:42.686 9 INFO neutron.wsgi [None req-0ad5fc6a-58a8-48b4-bb15-fb0cfcca9ad1 30770d4c0a394ad299c2f9c5de6bbb8a 6f6e33af0f43400ca4271004f0202e83 - - default default] 10.0.0.158 "POST /v2.0/vpn/endpoint-groups HTTP/1.1" status: 201 len: 492 time: 0.0786109
2026-07-22 23:18:42.698 9 WARNING neutron_lib.context [None req-c5480e10-023f-4cb6-8088-f49be677058c 30770d4c0a394ad299c2f9c5de6bbb8a 6f6e33af0f43400ca4271004f0202e83 - - default default] Method 'is_advsvc' is deprecated since 2023.2 release (neutron-lib 3.8.0) and will be removed once support for the old RBAC API policies will be removed from Neutron. Please use method 'is_service_role' instead.
2026-07-22 23:18:42.845 10 WARNING neutron.scheduler.dhcp_agent_scheduler [None req-6eadaf2d-e6e9-4c74-9e55-7d405f070bde f6aabc31f41c4190a83c901a5cdb51a7 7f935bfeb4a84a2897ca78207944b99f - - default default] No more DHCP agents
2026-07-22 23:18:42.848 10 WARNING neutron.api.rpc.agentnotifiers.dhcp_rpc_agent_api [None req-6eadaf2d-e6e9-4c74-9e55-7d405f070bde f6aabc31f41c4190a83c901a5cdb51a7 7f935bfeb4a84a2897ca78207944b99f - - default default] Unable to schedule network 2fbba124-bc7e-44ef-9d24-13b238c1038e: no agents available; will retry on subsequent port and subnet creation events.
2026-07-22 23:18:42.972 10 INFO neutron.db.ovn_revision_numbers_db [None req-6eadaf2d-e6e9-4c74-9e55-7d405f070bde f6aabc31f41c4190a83c901a5cdb51a7 7f935bfeb4a84a2897ca78207944b99f - - default default] Successfully bumped revision number for resource 333ff189-e281-4d45-b103-b7c539d5fb3e (type: ports) to 1
2026-07-22 23:18:42.988 10 INFO neutron.wsgi [None req-e7e428b4-7e9f-4729-8ba0-131279e284b4 33fdfa2da8584e9895dba94e2b917a42 f678e4991ce54cbdaed4031b05c4744a - - default default] 10.0.0.158 "GET /v2.0/subnets/4af02106-d347-494a-9b23-19728efca708 HTTP/1.1" status: 200 len: 846 time: 0.0495527
2026-07-22 23:18:43.002 10 INFO neutron.wsgi [None req-6eadaf2d-e6e9-4c74-9e55-7d405f070bde f6aabc31f41c4190a83c901a5cdb51a7 7f935bfeb4a84a2897ca78207944b99f - - default default] 10.0.0.158 "POST /v2.0/networks HTTP/1.1" status: 201 len: 830 time: 0.9377100
2026-07-22 23:18:43.026 10 WARNING neutron_lib.context [None req-9334710e-c5bc-437c-8120-a636a4f60d61 f6aabc31f41c4190a83c901a5cdb51a7 7f935bfeb4a84a2897ca78207944b99f - - default default] Method 'is_advsvc' is deprecated since 2023.2 release (neutron-lib 3.8.0) and will be removed once support for the old RBAC API policies will be removed from Neutron. Please use method 'is_service_role' instead.
2026-07-22 23:18:43.029 9 INFO neutron.api.v2.resource [None req-c5480e10-023f-4cb6-8088-f49be677058c 30770d4c0a394ad299c2f9c5de6bbb8a 6f6e33af0f43400ca4271004f0202e83 - - default default] create failed (client error): The server could not comply with the request since it is either malformed or otherwise incorrect.
2026-07-22 23:18:43.030 9 INFO neutron.wsgi [None req-c5480e10-023f-4cb6-8088-f49be677058c 30770d4c0a394ad299c2f9c5de6bbb8a 6f6e33af0f43400ca4271004f0202e83 - - default default] 10.0.0.158 "POST /v2.0/vpn/ipsec-site-connections HTTP/1.1" status: 400 len: 352 time: 0.3373024
2026-07-22 23:18:43.056 10 INFO neutron.wsgi [None req-cb408e3b-3153-42e3-aac3-d3045704ecb3 30770d4c0a394ad299c2f9c5de6bbb8a 6f6e33af0f43400ca4271004f0202e83 - - default default] 10.0.0.158 "GET /v2.0/vpn/endpoint-groups HTTP/1.1" status: 200 len: 1102 time: 0.0207942
2026-07-22 23:18:43.103 9 INFO neutron.wsgi [None req-b7b1f67b-53db-4b5f-912d-104e5fb17880 30770d4c0a394ad299c2f9c5de6bbb8a 6f6e33af0f43400ca4271004f0202e83 - - default default] 10.0.0.158 "DELETE /v2.0/vpn/endpoint-groups/a65d2ef1-89d2-499b-bda0-734aaad9f291 HTTP/1.1" status: 204 len: 168 time: 0.0416899
2026-07-22 23:18:43.125 10 INFO neutron.wsgi [None req-de73aab3-4ff1-4a98-b1db-51fbdcc6ee34 30770d4c0a394ad299c2f9c5de6bbb8a 6f6e33af0f43400ca4271004f0202e83 - - default default] 10.0.0.158 "GET /v2.0/vpn/endpoint-groups HTTP/1.1" status: 200 len: 827 time: 0.0165260
2026-07-22 23:18:43.127 10 INFO neutron.db.segments_db [None req-9334710e-c5bc-437c-8120-a636a4f60d61 f6aabc31f41c4190a83c901a5cdb51a7 7f935bfeb4a84a2897ca78207944b99f - - default default] Added segment 4be5c4f2-1759-4764-8bef-3709779245eb of type geneve for network db0efa79-c1bd-4a28-b57d-613c684a15f6
2026-07-22 23:18:43.135 10 WARNING neutron_lib.context [None req-18f16c96-4a34-4105-adb8-925c626645cd 30770d4c0a394ad299c2f9c5de6bbb8a 6f6e33af0f43400ca4271004f0202e83 - - default default] Method 'is_advsvc' is deprecated since 2023.2 release (neutron-lib 3.8.0) and will be removed once support for the old RBAC API policies will be removed from Neutron. Please use method 'is_service_role' instead.
2026-07-22 23:18:43.251 10 INFO neutron.wsgi [None req-18f16c96-4a34-4105-adb8-925c626645cd 30770d4c0a394ad299c2f9c5de6bbb8a 6f6e33af0f43400ca4271004f0202e83 - - default default] 10.0.0.158 "POST /v2.0/vpn/endpoint-groups HTTP/1.1" status: 201 len: 500 time: 0.1194830
2026-07-22 23:18:43.266 10 WARNING neutron_lib.context [None req-931d8e69-a287-4a63-b59d-57f70602a6f2 30770d4c0a394ad299c2f9c5de6bbb8a 6f6e33af0f43400ca4271004f0202e83 - - default default] Method 'is_advsvc' is deprecated since 2023.2 release (neutron-lib 3.8.0) and will be removed once support for the old RBAC API policies will be removed from Neutron. Please use method 'is_service_role' instead.
2026-07-22 23:18:43.307 10 INFO neutron.db.ovn_revision_numbers_db [None req-9334710e-c5bc-437c-8120-a636a4f60d61 f6aabc31f41c4190a83c901a5cdb51a7 7f935bfeb4a84a2897ca78207944b99f - - default default] Successfully bumped revision number for resource db0efa79-c1bd-4a28-b57d-613c684a15f6 (type: networks) to 1
2026-07-22 23:18:43.333 10 INFO neutron.api.v2.resource [None req-931d8e69-a287-4a63-b59d-57f70602a6f2 30770d4c0a394ad299c2f9c5de6bbb8a 6f6e33af0f43400ca4271004f0202e83 - - default default] create failed (client error): The server could not comply with the request since it is either malformed or otherwise incorrect.
2026-07-22 23:18:43.335 10 INFO neutron.wsgi [None req-931d8e69-a287-4a63-b59d-57f70602a6f2 30770d4c0a394ad299c2f9c5de6bbb8a 6f6e33af0f43400ca4271004f0202e83 - - default default] 10.0.0.158 "POST /v2.0/vpn/ipsec-site-connections HTTP/1.1" status: 400 len: 351 time: 0.0770476
2026-07-22 23:18:43.354 10 INFO neutron.wsgi [None req-7508b873-26ce-4468-acb4-1149a1debb64 30770d4c0a394ad299c2f9c5de6bbb8a 6f6e33af0f43400ca4271004f0202e83 - - default default] 10.0.0.158 "GET /v2.0/vpn/endpoint-groups HTTP/1.1" status: 200 len: 1110 time: 0.0154130
2026-07-22 23:18:43.406 10 INFO neutron.wsgi [None req-1678466d-eae3-4db9-a297-19f5be16e4c9 30770d4c0a394ad299c2f9c5de6bbb8a 6f6e33af0f43400ca4271004f0202e83 - - default default] 10.0.0.158 "DELETE /v2.0/vpn/endpoint-groups/80d63c89-dc52-4c5d-a2d5-d33b9b80d1ab HTTP/1.1" status: 204 len: 168 time: 0.0474777
2026-07-22 23:18:43.423 10 INFO neutron.wsgi [None req-43f9704a-a200-4db8-906c-ee80ef4a840b 30770d4c0a394ad299c2f9c5de6bbb8a 6f6e33af0f43400ca4271004f0202e83 - - default default] 10.0.0.158 "GET /v2.0/vpn/endpoint-groups HTTP/1.1" status: 200 len: 827 time: 0.0119202
2026-07-22 23:18:43.437 10 WARNING neutron.api.v2.base [None req-d91f3c87-5cbd-4086-91cf-fb2152ebf537 30770d4c0a394ad299c2f9c5de6bbb8a 6f6e33af0f43400ca4271004f0202e83 - - default default] An exception happened while processing the request body. The exception message is [Invalid input for peer_cidrs. Reason: '1.0.0.0/33' is not a valid IP subnet.].: webob.exc.HTTPBadRequest: Invalid input for peer_cidrs. Reason: '1.0.0.0/33' is not a valid IP subnet.
2026-07-22 23:18:43.437 10 INFO neutron.api.v2.resource [None req-d91f3c87-5cbd-4086-91cf-fb2152ebf537 30770d4c0a394ad299c2f9c5de6bbb8a 6f6e33af0f43400ca4271004f0202e83 - - default default] create failed (client error): Invalid input for peer_cidrs. Reason: '1.0.0.0/33' is not a valid IP subnet.
2026-07-22 23:18:43.438 10 INFO neutron.wsgi [None req-d91f3c87-5cbd-4086-91cf-fb2152ebf537 30770d4c0a394ad299c2f9c5de6bbb8a 6f6e33af0f43400ca4271004f0202e83 - - default default] 10.0.0.158 "POST /v2.0/vpn/ipsec-site-connections HTTP/1.1" status: 400 len: 352 time: 0.0070989
2026-07-22 23:18:43.448 10 WARNING neutron_lib.context [None req-37e9d371-a509-4c3f-b962-009e2608a21b 30770d4c0a394ad299c2f9c5de6bbb8a 6f6e33af0f43400ca4271004f0202e83 - - default default] Method 'is_advsvc' is deprecated since 2023.2 release (neutron-lib 3.8.0) and will be removed once support for the old RBAC API policies will be removed from Neutron. Please use method 'is_service_role' instead.
2026-07-22 23:18:43.470 9 WARNING neutron.scheduler.dhcp_agent_scheduler [None req-3df0e368-a481-4c2c-8469-d481a976e18d ebbdda3948f148a492dd875a4ced6796 f2d0a8ebe7d244c18dc84a3e8f1419b4 - - default default] No more DHCP agents
2026-07-22 23:18:43.474 9 WARNING neutron.api.rpc.agentnotifiers.dhcp_rpc_agent_api [None req-3df0e368-a481-4c2c-8469-d481a976e18d ebbdda3948f148a492dd875a4ced6796 f2d0a8ebe7d244c18dc84a3e8f1419b4 - - default default] Unable to schedule network f65db998-70e2-4a91-a785-c2f58595d779: no agents available; will retry on subsequent port and subnet creation events.
2026-07-22 23:18:43.505 9 INFO neutron.db.ovn_revision_numbers_db [None req-7db64f69-662b-4af1-95de-b718aaa0cef9 - - - - - -] Successfully bumped revision number for resource 460e3c32-4b0d-44bb-970b-6a22963d232c (type: ports) to 1
2026-07-22 23:18:43.557 10 INFO neutron.db.segments_db [None req-37e9d371-a509-4c3f-b962-009e2608a21b 30770d4c0a394ad299c2f9c5de6bbb8a 6f6e33af0f43400ca4271004f0202e83 - - default default] Added segment c1465226-bfb2-4ba4-a66b-2c5aec96e175 of type geneve for network 743dc6bd-08fe-4108-a20f-7b3f6d0836cd
2026-07-22 23:18:43.562 10 WARNING neutron.scheduler.dhcp_agent_scheduler [None req-9334710e-c5bc-437c-8120-a636a4f60d61 f6aabc31f41c4190a83c901a5cdb51a7 7f935bfeb4a84a2897ca78207944b99f - - default default] No more DHCP agents
2026-07-22 23:18:43.565 10 WARNING neutron.api.rpc.agentnotifiers.dhcp_rpc_agent_api [None req-9334710e-c5bc-437c-8120-a636a4f60d61 f6aabc31f41c4190a83c901a5cdb51a7 7f935bfeb4a84a2897ca78207944b99f - - default default] Unable to schedule network db0efa79-c1bd-4a28-b57d-613c684a15f6: no agents available; will retry on subsequent port and subnet creation events.
2026-07-22 23:18:43.583 9 WARNING neutron.plugins.ml2.drivers.ovn.mech_driver.ovsdb.ovn_client [None req-fe374d2f-ee0e-4dc5-9e9a-305e21e3287c - - - - - -] No hosting information found for port 2e66ee68-469c-4e83-bf78-c92ac57fc4fe: RuntimeError: No hosting information found for port 2e66ee68-469c-4e83-bf78-c92ac57fc4fe
2026-07-22 23:18:43.584 9 INFO neutron.plugins.ml2.drivers.ovn.mech_driver.mech_driver [None req-fe374d2f-ee0e-4dc5-9e9a-305e21e3287c - - - - - -] OVN reports status up for port: 1ae310d9-e0f6-46cf-b23b-3cc6f4492b32
2026-07-22 23:18:43.711 10 INFO neutron.db.ovn_revision_numbers_db [None req-9334710e-c5bc-437c-8120-a636a4f60d61 f6aabc31f41c4190a83c901a5cdb51a7 7f935bfeb4a84a2897ca78207944b99f - - default default] Successfully bumped revision number for resource 7f0cbf39-e2a2-4126-9c6a-8ff70616e43a (type: ports) to 1
2026-07-22 23:18:43.744 9 INFO neutron.db.ovn_revision_numbers_db [None req-3df0e368-a481-4c2c-8469-d481a976e18d ebbdda3948f148a492dd875a4ced6796 f2d0a8ebe7d244c18dc84a3e8f1419b4 - - default default] Successfully bumped revision number for resource c8614c3d-5ebb-4fa4-9ab1-07de515320d6 (type: ports) to 1
2026-07-22 23:18:43.757 10 INFO neutron.wsgi [None req-9334710e-c5bc-437c-8120-a636a4f60d61 f6aabc31f41c4190a83c901a5cdb51a7 7f935bfeb4a84a2897ca78207944b99f - - default default] 10.0.0.158 "POST /v2.0/networks HTTP/1.1" status: 201 len: 831 time: 0.7369633
2026-07-22 23:18:43.767 10 WARNING neutron_lib.context [None req-48fa43ed-dd78-47b6-a6a1-3f1df7918f8a f6aabc31f41c4190a83c901a5cdb51a7 7f935bfeb4a84a2897ca78207944b99f - - default default] Method 'is_advsvc' is deprecated since 2023.2 release (neutron-lib 3.8.0) and will be removed once support for the old RBAC API policies will be removed from Neutron. Please use method 'is_service_role' instead.
2026-07-22 23:18:43.776 10 INFO neutron.db.ovn_revision_numbers_db [None req-37e9d371-a509-4c3f-b962-009e2608a21b 30770d4c0a394ad299c2f9c5de6bbb8a 6f6e33af0f43400ca4271004f0202e83 - - default default] Successfully bumped revision number for resource 743dc6bd-08fe-4108-a20f-7b3f6d0836cd (type: networks) to 1
2026-07-22 23:18:43.886 10 INFO neutron.db.segments_db [None req-48fa43ed-dd78-47b6-a6a1-3f1df7918f8a f6aabc31f41c4190a83c901a5cdb51a7 7f935bfeb4a84a2897ca78207944b99f - - default default] Added segment 67559bc8-49e7-4693-9fdf-d1a713a1151d of type geneve for network 1a3d5ee1-4d16-4eec-bac8-6eb21171294c
2026-07-22 23:18:43.930 10 INFO neutron.wsgi [None req-6ea48052-411d-4396-aba2-118c60a7a77d ebbdda3948f148a492dd875a4ced6796 f2d0a8ebe7d244c18dc84a3e8f1419b4 - - default default] 10.0.0.63 "GET /v2.0/extensions/security-group HTTP/1.1" status: 200 len: 369 time: 0.0516591
2026-07-22 23:18:43.942 10 INFO neutron.wsgi [None req-0c227ccd-16b2-4303-8ec5-2652d7e8ef49 ebbdda3948f148a492dd875a4ced6796 f2d0a8ebe7d244c18dc84a3e8f1419b4 - - default default] 10.0.0.63 "GET /v2.0/extensions/dns-integration HTTP/1.1" status: 200 len: 371 time: 0.0047445
2026-07-22 23:18:43.962 10 INFO neutron.wsgi [None req-6ed67610-cef2-4a2b-b1d2-6d60fde9ed60 ebbdda3948f148a492dd875a4ced6796 f2d0a8ebe7d244c18dc84a3e8f1419b4 - - default default] 10.0.0.63 "GET /v2.0/extensions/qos HTTP/1.1" status: 200 len: 365 time: 0.0064089
2026-07-22 23:18:43.976 10 INFO neutron.wsgi [None req-9cb5be55-fcf6-4614-b33e-c45c05377c45 ebbdda3948f148a492dd875a4ced6796 f2d0a8ebe7d244c18dc84a3e8f1419b4 - - default default] 10.0.0.63 "GET /v2.0/extensions/allowed-address-pairs HTTP/1.1" status: 200 len: 383 time: 0.0053806
2026-07-22 23:18:44.006 10 WARNING neutron.scheduler.dhcp_agent_scheduler [None req-37e9d371-a509-4c3f-b962-009e2608a21b 30770d4c0a394ad299c2f9c5de6bbb8a 6f6e33af0f43400ca4271004f0202e83 - - default default] No more DHCP agents
2026-07-22 23:18:44.012 10 WARNING neutron.api.rpc.agentnotifiers.dhcp_rpc_agent_api [None req-37e9d371-a509-4c3f-b962-009e2608a21b 30770d4c0a394ad299c2f9c5de6bbb8a 6f6e33af0f43400ca4271004f0202e83 - - default default] Unable to schedule network 743dc6bd-08fe-4108-a20f-7b3f6d0836cd: no agents available; will retry on subsequent port and subnet creation events.
2026-07-22 23:18:44.104 10 INFO neutron.db.ovn_revision_numbers_db [None req-48fa43ed-dd78-47b6-a6a1-3f1df7918f8a f6aabc31f41c4190a83c901a5cdb51a7 7f935bfeb4a84a2897ca78207944b99f - - default default] Successfully bumped revision number for resource 1a3d5ee1-4d16-4eec-bac8-6eb21171294c (type: networks) to 1
2026-07-22 23:18:44.156 10 INFO neutron.db.ovn_revision_numbers_db [None req-37e9d371-a509-4c3f-b962-009e2608a21b 30770d4c0a394ad299c2f9c5de6bbb8a 6f6e33af0f43400ca4271004f0202e83 - - default default] Successfully bumped revision number for resource 5761be7b-fea5-481b-b536-80af17b7a0d6 (type: ports) to 1
2026-07-22 23:18:44.193 10 INFO neutron.wsgi [None req-37e9d371-a509-4c3f-b962-009e2608a21b 30770d4c0a394ad299c2f9c5de6bbb8a 6f6e33af0f43400ca4271004f0202e83 - - default default] 10.0.0.158 "POST /v2.0/networks HTTP/1.1" status: 201 len: 830 time: 0.7490823
2026-07-22 23:18:44.201 10 WARNING neutron_lib.context [None req-4606ad02-42e1-452c-8e92-96d492ff4e5b 30770d4c0a394ad299c2f9c5de6bbb8a 6f6e33af0f43400ca4271004f0202e83 - - default default] Method 'is_advsvc' is deprecated since 2023.2 release (neutron-lib 3.8.0) and will be removed once support for the old RBAC API policies will be removed from Neutron. Please use method 'is_service_role' instead.
2026-07-22 23:18:44.347 10 WARNING neutron.scheduler.dhcp_agent_scheduler [None req-48fa43ed-dd78-47b6-a6a1-3f1df7918f8a f6aabc31f41c4190a83c901a5cdb51a7 7f935bfeb4a84a2897ca78207944b99f - - default default] No more DHCP agents
2026-07-22 23:18:44.350 10 WARNING neutron.api.rpc.agentnotifiers.dhcp_rpc_agent_api [None req-48fa43ed-dd78-47b6-a6a1-3f1df7918f8a f6aabc31f41c4190a83c901a5cdb51a7 7f935bfeb4a84a2897ca78207944b99f - - default default] Unable to schedule network 1a3d5ee1-4d16-4eec-bac8-6eb21171294c: no agents available; will retry on subsequent port and subnet creation events.
2026-07-22 23:18:44.415 9 INFO neutron.db.ovn_revision_numbers_db [None req-7db64f69-662b-4af1-95de-b718aaa0cef9 - - - - - -] Successfully bumped revision number for resource 460e3c32-4b0d-44bb-970b-6a22963d232c (type: router_ports) to 3
2026-07-22 23:18:44.476 10 INFO neutron.db.ovn_revision_numbers_db [None req-48fa43ed-dd78-47b6-a6a1-3f1df7918f8a f6aabc31f41c4190a83c901a5cdb51a7 7f935bfeb4a84a2897ca78207944b99f - - default default] Successfully bumped revision number for resource d5405c4d-5db6-4cf8-bd92-1e2f5b1f6013 (type: ports) to 1
2026-07-22 23:18:44.502 10 INFO neutron.wsgi [None req-48fa43ed-dd78-47b6-a6a1-3f1df7918f8a f6aabc31f41c4190a83c901a5cdb51a7 7f935bfeb4a84a2897ca78207944b99f - - default default] 10.0.0.158 "POST /v2.0/networks HTTP/1.1" status: 201 len: 831 time: 0.7411237
2026-07-22 23:18:44.550 9 INFO neutron.wsgi [-] 10.0.0.63 "GET / HTTP/1.1" status: 200 len: 284 time: 0.0015171
2026-07-22 23:18:44.563 10 WARNING neutron.scheduler.dhcp_agent_scheduler [None req-4606ad02-42e1-452c-8e92-96d492ff4e5b 30770d4c0a394ad299c2f9c5de6bbb8a 6f6e33af0f43400ca4271004f0202e83 - - default default] No more DHCP agents
2026-07-22 23:18:44.567 10 WARNING neutron.api.rpc.agentnotifiers.dhcp_rpc_agent_api [None req-4606ad02-42e1-452c-8e92-96d492ff4e5b 30770d4c0a394ad299c2f9c5de6bbb8a 6f6e33af0f43400ca4271004f0202e83 - - default default] Unable to schedule network 743dc6bd-08fe-4108-a20f-7b3f6d0836cd: no agents available; will retry on subsequent port and subnet creation events.
2026-07-22 23:18:44.613 10 INFO neutron.wsgi [None req-124849c7-342c-4aad-aafd-048fd424322b f6aabc31f41c4190a83c901a5cdb51a7 7f935bfeb4a84a2897ca78207944b99f - - default default] 10.0.0.158 "PUT /v2.0/networks/5a172533-d24d-4d79-997b-b834dfddd0dd/tags HTTP/1.1" status: 200 len: 210 time: 0.1048701
2026-07-22 23:18:44.624 9 INFO neutron.wsgi [None req-592ffe91-c3c1-424b-8fdd-40f02e834faf ded1ad913d09455096ad1d7af1286183 3b29426218814660a282be2e0c96c1b3 - - default default] 10.0.0.63 "GET /v2.0/subnets/4af02106-d347-494a-9b23-19728efca708 HTTP/1.1" status: 200 len: 833 time: 0.0544844
2026-07-22 23:18:44.636 10 INFO neutron.wsgi [None req-a11c886e-8fc8-4396-bdbb-83f5e3e3fca4 ebbdda3948f148a492dd875a4ced6796 f2d0a8ebe7d244c18dc84a3e8f1419b4 - - default default] 10.0.0.63 "GET /v2.0/extensions/security-group HTTP/1.1" status: 200 len: 369 time: 0.0055916
2026-07-22 23:18:44.654 10 INFO neutron.wsgi [None req-35a7c32f-87e5-4c91-ab37-9ab6c04063ff ebbdda3948f148a492dd875a4ced6796 f2d0a8ebe7d244c18dc84a3e8f1419b4 - - default default] 10.0.0.63 "GET /v2.0/extensions/dns-integration HTTP/1.1" status: 200 len: 371 time: 0.0063050
2026-07-22 23:18:44.672 10 INFO neutron.wsgi [None req-a6a85423-97eb-4db5-9fe1-a0a1df6d2b40 ebbdda3948f148a492dd875a4ced6796 f2d0a8ebe7d244c18dc84a3e8f1419b4 - - default default] 10.0.0.63 "GET /v2.0/extensions/qos HTTP/1.1" status: 200 len: 365 time: 0.0078785
2026-07-22 23:18:44.686 10 INFO neutron.wsgi [None req-aa6feb9f-e539-4ce5-b6b0-b31545ead6a3 ebbdda3948f148a492dd875a4ced6796 f2d0a8ebe7d244c18dc84a3e8f1419b4 - - default default] 10.0.0.63 "GET /v2.0/extensions/allowed-address-pairs HTTP/1.1" status: 200 len: 383 time: 0.0070145
2026-07-22 23:18:44.727 10 INFO neutron.wsgi [None req-b2274bda-9689-4187-ad7a-a8ac07f43958 ebbdda3948f148a492dd875a4ced6796 f2d0a8ebe7d244c18dc84a3e8f1419b4 - - default default] 10.0.0.63 "GET /v2.0/subnets/4af02106-d347-494a-9b23-19728efca708 HTTP/1.1" status: 200 len: 851 time: 0.0350761
2026-07-22 23:18:44.752 9 INFO neutron.wsgi [None req-c304bd84-f7f6-4b4f-895e-839d3f7c8019 f6aabc31f41c4190a83c901a5cdb51a7 7f935bfeb4a84a2897ca78207944b99f - - default default] 10.0.0.158 "PUT /v2.0/networks/96b5c955-c2ae-4022-95e3-dbe4c41ba058/tags HTTP/1.1" status: 200 len: 218 time: 0.1317611
2026-07-22 23:18:44.823 10 INFO neutron.wsgi [None req-5f780f5c-805d-4d23-a1b8-700f7f436e1a ebbdda3948f148a492dd875a4ced6796 f2d0a8ebe7d244c18dc84a3e8f1419b4 - - default default] 10.0.0.63 "GET /v2.0/extensions/security-group HTTP/1.1" status: 200 len: 369 time: 0.0073833
2026-07-22 23:18:44.839 10 INFO neutron.wsgi [None req-bb15bc8e-ea10-4afc-9018-6241f41291fb ebbdda3948f148a492dd875a4ced6796 f2d0a8ebe7d244c18dc84a3e8f1419b4 - - default default] 10.0.0.63 "GET /v2.0/extensions/dns-integration HTTP/1.1" status: 200 len: 371 time: 0.0084500
2026-07-22 23:18:44.858 10 INFO neutron.wsgi [None req-cd293c3b-8a58-4f30-89c4-b3b0d8ef72f0 ebbdda3948f148a492dd875a4ced6796 f2d0a8ebe7d244c18dc84a3e8f1419b4 - - default default] 10.0.0.63 "GET /v2.0/extensions/qos HTTP/1.1" status: 200 len: 365 time: 0.0057726
2026-07-22 23:18:44.860 9 INFO neutron.db.ovn_revision_numbers_db [None req-7db64f69-662b-4af1-95de-b718aaa0cef9 - - - - - -] Successfully bumped revision number for resource 460e3c32-4b0d-44bb-970b-6a22963d232c (type: ports) to 2
2026-07-22 23:18:44.870 10 INFO neutron.wsgi [None req-605cdb1b-0ba0-4172-95cc-63ada2f879fb ebbdda3948f148a492dd875a4ced6796 f2d0a8ebe7d244c18dc84a3e8f1419b4 - - default default] 10.0.0.63 "GET /v2.0/extensions/allowed-address-pairs HTTP/1.1" status: 200 len: 383 time: 0.0046728
2026-07-22 23:18:44.873 10 INFO neutron.wsgi [None req-01c6e370-6451-4eb7-af44-816f539dbb1f f6aabc31f41c4190a83c901a5cdb51a7 7f935bfeb4a84a2897ca78207944b99f - - default default] 10.0.0.158 "PUT /v2.0/networks/2fbba124-bc7e-44ef-9d24-13b238c1038e/tags HTTP/1.1" status: 200 len: 227 time: 0.1116765
2026-07-22 23:18:44.970 10 INFO neutron.wsgi [None req-dcf4eb53-8f2c-4b19-bfd4-d8d177c35666 ebbdda3948f148a492dd875a4ced6796 f2d0a8ebe7d244c18dc84a3e8f1419b4 - - default default] 10.0.0.63 "GET /v2.0/networks/3658f482-f40c-4be4-9359-29c7361845e5 HTTP/1.1" status: 200 len: 1001 time: 0.0870240
2026-07-22 23:18:44.982 9 ERROR ovsdbapp.backend.ovs_idl.command [None req-3df0e368-a481-4c2c-8469-d481a976e18d ebbdda3948f148a492dd875a4ced6796 f2d0a8ebe7d244c18dc84a3e8f1419b4 - - default default] Error executing command (DbGetCommand): ovsdbapp.backend.ovs_idl.idlutils.RowNotFound: Cannot find Logical_Router_Port with name=lrp-c8614c3d-5ebb-4fa4-9ab1-07de515320d6
2026-07-22 23:18:44.982 9 ERROR ovsdbapp.backend.ovs_idl.command
Traceback (most recent call last):
2026-07-22 23:18:44.982 9 ERROR ovsdbapp.backend.ovs_idl.command
File "/var/lib/openstack/lib/python3.10/site-packages/ovsdbapp/backend/ovs_idl/command.py", line 47, in execute
2026-07-22 23:18:44.982 9 ERROR ovsdbapp.backend.ovs_idl.command self.run_idl(None)
2026-07-22 23:18:44.982 9 ERROR ovsdbapp.backend.ovs_idl.command
File "/var/lib/openstack/lib/python3.10/site-packages/ovsdbapp/backend/ovs_idl/command.py", line 235, in run_idl
2026-07-22 23:18:44.982 9 ERROR ovsdbapp.backend.ovs_idl.command record = self.api.lookup(self.table, self.record)
2026-07-22 23:18:44.982 9 ERROR ovsdbapp.backend.ovs_idl.command
File "/var/lib/openstack/lib/python3.10/site-packages/ovsdbapp/backend/ovs_idl/__init__.py", line 184, in lookup
2026-07-22 23:18:44.982 9 ERROR ovsdbapp.backend.ovs_idl.command return self._lookup(table, record)
2026-07-22 23:18:44.982 9 ERROR ovsdbapp.backend.ovs_idl.command
File "/var/lib/openstack/lib/python3.10/site-packages/ovsdbapp/backend/ovs_idl/__init__.py", line 235, in _lookup
2026-07-22 23:18:44.982 9 ERROR ovsdbapp.backend.ovs_idl.command row = idlutils.row_by_value(self, rl.table, rl.column, record)
2026-07-22 23:18:44.982 9 ERROR ovsdbapp.backend.ovs_idl.command
File "/var/lib/openstack/lib/python3.10/site-packages/ovsdbapp/backend/ovs_idl/idlutils.py", line 114, in row_by_value
2026-07-22 23:18:44.982 9 ERROR ovsdbapp.backend.ovs_idl.command raise RowNotFound(table=table, col=column, match=match)
2026-07-22 23:18:44.982 9 ERROR ovsdbapp.backend.ovs_idl.command ovsdbapp.backend.ovs_idl.idlutils.RowNotFound: Cannot find Logical_Router_Port with name=lrp-c8614c3d-5ebb-4fa4-9ab1-07de515320d6
2026-07-22 23:18:44.982 9 ERROR ovsdbapp.backend.ovs_idl.command 
2026-07-22 23:18:44.983 9 ERROR neutron_lib.callbacks.manager [None req-3df0e368-a481-4c2c-8469-d481a976e18d ebbdda3948f148a492dd875a4ced6796 f2d0a8ebe7d244c18dc84a3e8f1419b4 - - default default] Error during notification for neutron.services.ovn_l3.plugin.OVNL3RouterPlugin._port_update-8726360469222 port, after_update: ovsdbapp.backend.ovs_idl.idlutils.RowNotFound: Cannot find Logical_Router_Port with name=lrp-c8614c3d-5ebb-4fa4-9ab1-07de515320d6
2026-07-22 23:18:44.983 9 ERROR neutron_lib.callbacks.manager
Traceback (most recent call last):
2026-07-22 23:18:44.983 9 ERROR neutron_lib.callbacks.manager
File "/var/lib/openstack/lib/python3.10/site-packages/neutron_lib/callbacks/manager.py", line 189, in _notify_loop
2026-07-22 23:18:44.983 9 ERROR neutron_lib.callbacks.manager callback.method(resource, event, trigger, payload=payload)
2026-07-22 23:18:44.983 9 ERROR neutron_lib.callbacks.manager
File "/var/lib/openstack/lib/python3.10/site-packages/neutron/services/ovn_l3/plugin.py", line 391, in _port_update
2026-07-22 23:18:44.983 9 ERROR neutron_lib.callbacks.manager l3plugin._ovn_client.update_router_port(context,
2026-07-22 23:18:44.983 9 ERROR neutron_lib.callbacks.manager
File "/var/lib/openstack/lib/python3.10/site-packages/neutron/plugins/ml2/drivers/ovn/mech_driver/ovsdb/ovn_client.py", line 1878, in update_router_port
2026-07-22 23:18:44.983 9 ERROR neutron_lib.callbacks.manager self._update_lrouter_port(context, port, if_exists=if_exists,
2026-07-22 23:18:44.983 9 ERROR neutron_lib.callbacks.manager
File "/var/lib/openstack/lib/python3.10/site-packages/neutron/plugins/ml2/drivers/ovn/mech_driver/ovsdb/ovn_client.py", line 1855, in _update_lrouter_port
2026-07-22 23:18:44.983 9 ERROR neutron_lib.callbacks.manager external_ids = self._nb_idl.db_get(
2026-07-22 23:18:44.983 9 ERROR neutron_lib.callbacks.manager
File "/var/lib/openstack/lib/python3.10/site-packages/ovsdbapp/backend/ovs_idl/command.py", line 47, in execute
2026-07-22 23:18:44.983 9 ERROR neutron_lib.callbacks.manager self.run_idl(None)
2026-07-22 23:18:44.983 9 ERROR neutron_lib.callbacks.manager
File "/var/lib/openstack/lib/python3.10/site-packages/ovsdbapp/backend/ovs_idl/command.py", line 235, in run_idl
2026-07-22 23:18:44.983 9 ERROR neutron_lib.callbacks.manager record = self.api.lookup(self.table, self.record)
2026-07-22 23:18:44.983 9 ERROR neutron_lib.callbacks.manager
File "/var/lib/openstack/lib/python3.10/site-packages/ovsdbapp/backend/ovs_idl/__init__.py", line 184, in lookup
2026-07-22 23:18:44.983 9 ERROR neutron_lib.callbacks.manager return self._lookup(table, record)
2026-07-22 23:18:44.983 9 ERROR neutron_lib.callbacks.manager
File "/var/lib/openstack/lib/python3.10/site-packages/ovsdbapp/backend/ovs_idl/__init__.py", line 235, in _lookup
2026-07-22 23:18:44.983 9 ERROR neutron_lib.callbacks.manager row = idlutils.row_by_value(self, rl.table, rl.column, record)
2026-07-22 23:18:44.983 9 ERROR neutron_lib.callbacks.manager
File "/var/lib/openstack/lib/python3.10/site-packages/ovsdbapp/backend/ovs_idl/idlutils.py", line 114, in row_by_value
2026-07-22 23:18:44.983 9 ERROR neutron_lib.callbacks.manager raise RowNotFound(table=table, col=column, match=match)
2026-07-22 23:18:44.983 9 ERROR neutron_lib.callbacks.manager ovsdbapp.backend.ovs_idl.idlutils.RowNotFound: Cannot find Logical_Router_Port with name=lrp-c8614c3d-5ebb-4fa4-9ab1-07de515320d6
2026-07-22 23:18:44.983 9 ERROR neutron_lib.callbacks.manager 
2026-07-22 23:18:44.985 10 INFO neutron.wsgi [None req-5d9ea7f8-5ec6-405c-a3b4-0d93b19b34c4 ebbdda3948f148a492dd875a4ced6796 f2d0a8ebe7d244c18dc84a3e8f1419b4 - - default default] 10.0.0.63 "GET /v2.0/extensions/project-id HTTP/1.1" status: 200 len: 403 time: 0.0054183
2026-07-22 23:18:44.989 9 INFO neutron.wsgi [None req-591281ed-9b7c-414d-8633-d49b2bc52a85 f6aabc31f41c4190a83c901a5cdb51a7 7f935bfeb4a84a2897ca78207944b99f - - default default] 10.0.0.158 "PUT /v2.0/networks/db0efa79-c1bd-4a28-b57d-613c684a15f6/tags HTTP/1.1" status: 200 len: 212 time: 0.1047812
2026-07-22 23:18:45.135 10 INFO neutron.wsgi [None req-abb6872a-5292-4e91-9bea-810fc36971c5 f6aabc31f41c4190a83c901a5cdb51a7 7f935bfeb4a84a2897ca78207944b99f - - default default] 10.0.0.158 "GET /v2.0/networks?tags=red HTTP/1.1" status: 200 len: 2069 time: 0.1348016
2026-07-22 23:18:45.270 9 INFO neutron.wsgi [None req-01b65a32-9747-4202-8beb-463c0e17c858 f6aabc31f41c4190a83c901a5cdb51a7 7f935bfeb4a84a2897ca78207944b99f - - default default] 10.0.0.158 "GET /v2.0/networks?tags=red%2Cblue HTTP/1.1" status: 200 len: 1456 time: 0.1271021
2026-07-22 23:18:45.317 10 INFO neutron.plugins.ml2.drivers.ovn.mech_driver.mech_driver [None req-a8bdee5e-8c9c-4de5-8966-45d7ee8c5aef - - - - - -] OVN reports status up for port: c8614c3d-5ebb-4fa4-9ab1-07de515320d6
2026-07-22 23:18:45.338 9 INFO neutron.db.ovn_revision_numbers_db [None req-3df0e368-a481-4c2c-8469-d481a976e18d ebbdda3948f148a492dd875a4ced6796 f2d0a8ebe7d244c18dc84a3e8f1419b4 - - default default] Successfully bumped revision number for resource c8614c3d-5ebb-4fa4-9ab1-07de515320d6 (type: ports) to 1
2026-07-22 23:18:45.362 10 INFO neutron.plugins.ml2.plugin [None req-a8bdee5e-8c9c-4de5-8966-45d7ee8c5aef - - - - - -] Attempt 1 to provision port c8614c3d-5ebb-4fa4-9ab1-07de515320d6
2026-07-22 23:18:45.393 10 INFO neutron.wsgi [None req-a9fa974a-47ac-43e0-b65b-05c6efb5e658 f6aabc31f41c4190a83c901a5cdb51a7 7f935bfeb4a84a2897ca78207944b99f - - default default] 10.0.0.158 "GET /v2.0/networks?tags-any=blue HTTP/1.1" status: 200 len: 1456 time: 0.1165404
2026-07-22 23:18:45.521 9 INFO neutron.wsgi [None req-e8abf31e-9f15-488d-8fb4-f3fea1c26caf f6aabc31f41c4190a83c901a5cdb51a7 7f935bfeb4a84a2897ca78207944b99f - - default default] 10.0.0.158 "GET /v2.0/networks?tags-any=red%2Cblue HTTP/1.1" status: 200 len: 2069 time: 0.1199646
2026-07-22 23:18:45.550 9 WARNING neutron.scheduler.dhcp_agent_scheduler [None req-3df0e368-a481-4c2c-8469-d481a976e18d ebbdda3948f148a492dd875a4ced6796 f2d0a8ebe7d244c18dc84a3e8f1419b4 - - default default] No more DHCP agents
2026-07-22 23:18:45.575 9 WARNING neutron.api.rpc.agentnotifiers.dhcp_rpc_agent_api [None req-3df0e368-a481-4c2c-8469-d481a976e18d ebbdda3948f148a492dd875a4ced6796 f2d0a8ebe7d244c18dc84a3e8f1419b4 - - default default] Unable to schedule network f65db998-70e2-4a91-a785-c2f58595d779: no agents available; will retry on subsequent port and subnet creation events.
2026-07-22 23:18:45.654 10 INFO neutron.db.ovn_revision_numbers_db [None req-4606ad02-42e1-452c-8e92-96d492ff4e5b 30770d4c0a394ad299c2f9c5de6bbb8a 6f6e33af0f43400ca4271004f0202e83 - - default default] Successfully bumped revision number for resource 5761be7b-fea5-481b-b536-80af17b7a0d6 (type: ports) to 2
2026-07-22 23:18:45.735 10 WARNING neutron.scheduler.dhcp_agent_scheduler [None req-5beefd56-732b-49da-9f2a-70d4b1487020 ebbdda3948f148a492dd875a4ced6796 f2d0a8ebe7d244c18dc84a3e8f1419b4 - - default default] No more DHCP agents
2026-07-22 23:18:45.741 10 WARNING neutron.api.rpc.agentnotifiers.dhcp_rpc_agent_api [None req-5beefd56-732b-49da-9f2a-70d4b1487020 ebbdda3948f148a492dd875a4ced6796 f2d0a8ebe7d244c18dc84a3e8f1419b4 - - default default] Unable to schedule network 3658f482-f40c-4be4-9359-29c7361845e5: no agents available; will retry on subsequent port and subnet creation events.
2026-07-22 23:18:45.762 10 INFO neutron.db.ovn_revision_numbers_db [None req-4606ad02-42e1-452c-8e92-96d492ff4e5b 30770d4c0a394ad299c2f9c5de6bbb8a 6f6e33af0f43400ca4271004f0202e83 - - default default] Successfully bumped revision number for resource 7a35ae1d-3498-4830-9931-fe72827b1499 (type: subnets) to 0
2026-07-22 23:18:45.884 9 INFO neutron.db.ovn_revision_numbers_db [None req-7db64f69-662b-4af1-95de-b718aaa0cef9 - - - - - -] Successfully bumped revision number for resource 460e3c32-4b0d-44bb-970b-6a22963d232c (type: ports) to 4
2026-07-22 23:18:45.955 9 INFO neutron.wsgi [None req-dbbed5f2-e547-400c-b44b-8f794eca087e f6aabc31f41c4190a83c901a5cdb51a7 7f935bfeb4a84a2897ca78207944b99f - - default default] 10.0.0.158 "GET /v2.0/networks?not-tags=red HTTP/1.1" status: 200 len: 2069 time: 0.4288366
2026-07-22 23:18:46.086 10 INFO neutron.wsgi [None req-4606ad02-42e1-452c-8e92-96d492ff4e5b 30770d4c0a394ad299c2f9c5de6bbb8a 6f6e33af0f43400ca4271004f0202e83 - - default default] 10.0.0.158 "POST /v2.0/subnets HTTP/1.1" status: 201 len: 804 time: 1.8895333
2026-07-22 23:18:46.101 9 INFO neutron.wsgi [-] 10.0.0.178 "GET / HTTP/1.1" status: 200 len: 247 time: 0.0015221
2026-07-22 23:18:46.102 9 INFO neutron.wsgi [-] 10.0.0.178 "GET / HTTP/1.1" status: 200 len: 247 time: 0.0011816 /var/lib/openstack/lib/python3.10/site-packages/pycadf/identifier.py:71: UserWarning: Invalid uuid: neutron. To ensure interoperability, identifiers should be a valid uuid. warnings.warn(('Invalid uuid: %s. To ensure interoperability, '
2026-07-22 23:18:46.107 10 WARNING neutron_lib.context [None req-e94f04f5-a202-47b0-a335-9829e00bf5c2 30770d4c0a394ad299c2f9c5de6bbb8a 6f6e33af0f43400ca4271004f0202e83 - - default default] Method 'is_advsvc' is deprecated since 2023.2 release (neutron-lib 3.8.0) and will be removed once support for the old RBAC API policies will be removed from Neutron. Please use method 'is_service_role' instead.
2026-07-22 23:18:46.143 9 INFO neutron.wsgi [None req-667b5336-0cdc-4a24-aad1-92e43e39f7c1 f6aabc31f41c4190a83c901a5cdb51a7 7f935bfeb4a84a2897ca78207944b99f - - default default] 10.0.0.158 "GET /v2.0/networks?not-tags=red%2Cblue HTTP/1.1" status: 200 len: 2682 time: 0.1783922
2026-07-22 23:18:46.371 9 INFO neutron.wsgi [None req-a7fb9eba-5b18-424e-a3f7-5068f41e6cd0 f6aabc31f41c4190a83c901a5cdb51a7 7f935bfeb4a84a2897ca78207944b99f - - default default] 10.0.0.158 "GET /v2.0/networks?not-tags-any=blue HTTP/1.1" status: 200 len: 2682 time: 0.2215934
2026-07-22 23:18:46.405 10 INFO neutron.db.ovn_revision_numbers_db [None req-5beefd56-732b-49da-9f2a-70d4b1487020 ebbdda3948f148a492dd875a4ced6796 f2d0a8ebe7d244c18dc84a3e8f1419b4 - - default default] Successfully bumped revision number for resource acaa288c-e376-4920-8a7d-caeed97732e5 (type: ports) to 1
2026-07-22 23:18:46.478 10 INFO neutron.wsgi [None req-5beefd56-732b-49da-9f2a-70d4b1487020 ebbdda3948f148a492dd875a4ced6796 f2d0a8ebe7d244c18dc84a3e8f1419b4 - - default default] 10.0.0.63 "POST /v2.0/ports HTTP/1.1" status: 201 len: 1333 time: 1.4669399
2026-07-22 23:18:46.536 9 INFO neutron.wsgi [None req-b61b50d5-fdf8-4932-8ba7-171d46ea6f04 f6aabc31f41c4190a83c901a5cdb51a7 7f935bfeb4a84a2897ca78207944b99f - - default default] 10.0.0.158 "GET /v2.0/networks?not-tags-any=red%2Cblue HTTP/1.1" status: 200 len: 2069 time: 0.1552196
2026-07-22 23:18:46.622 9 INFO neutron.db.ovn_revision_numbers_db [None req-7db64f69-662b-4af1-95de-b718aaa0cef9 - - - - - -] Successfully bumped revision number for resource 460e3c32-4b0d-44bb-970b-6a22963d232c (type: router_ports) to 4
2026-07-22 23:18:46.650 10 INFO neutron.db.ovn_revision_numbers_db [None req-a8bdee5e-8c9c-4de5-8966-45d7ee8c5aef - - - - - -] Successfully bumped revision number for resource c8614c3d-5ebb-4fa4-9ab1-07de515320d6 (type: ports) to 2
2026-07-22 23:18:46.798 10 ERROR ovsdbapp.backend.ovs_idl.command [None req-a8bdee5e-8c9c-4de5-8966-45d7ee8c5aef - - - - - -] Error executing command (DbGetCommand): ovsdbapp.backend.ovs_idl.idlutils.RowNotFound: Cannot find Logical_Router_Port with name=lrp-c8614c3d-5ebb-4fa4-9ab1-07de515320d6
2026-07-22 23:18:46.798 10 ERROR ovsdbapp.backend.ovs_idl.command
Traceback (most recent call last):
2026-07-22 23:18:46.798 10 ERROR ovsdbapp.backend.ovs_idl.command
File "/var/lib/openstack/lib/python3.10/site-packages/ovsdbapp/backend/ovs_idl/command.py", line 47, in execute
2026-07-22 23:18:46.798 10 ERROR ovsdbapp.backend.ovs_idl.command self.run_idl(None)
2026-07-22 23:18:46.798 10 ERROR ovsdbapp.backend.ovs_idl.command
File "/var/lib/openstack/lib/python3.10/site-packages/ovsdbapp/backend/ovs_idl/command.py", line 235, in run_idl
2026-07-22 23:18:46.798 10 ERROR ovsdbapp.backend.ovs_idl.command record = self.api.lookup(self.table, self.record)
2026-07-22 23:18:46.798 10 ERROR ovsdbapp.backend.ovs_idl.command
File "/var/lib/openstack/lib/python3.10/site-packages/ovsdbapp/backend/ovs_idl/__init__.py", line 184, in lookup
2026-07-22 23:18:46.798 10 ERROR ovsdbapp.backend.ovs_idl.command return self._lookup(table, record)
2026-07-22 23:18:46.798 10 ERROR ovsdbapp.backend.ovs_idl.command
File "/var/lib/openstack/lib/python3.10/site-packages/ovsdbapp/backend/ovs_idl/__init__.py", line 235, in _lookup
2026-07-22 23:18:46.798 10 ERROR ovsdbapp.backend.ovs_idl.command row = idlutils.row_by_value(self, rl.table, rl.column, record)
2026-07-22 23:18:46.798 10 ERROR ovsdbapp.backend.ovs_idl.command
File "/var/lib/openstack/lib/python3.10/site-packages/ovsdbapp/backend/ovs_idl/idlutils.py", line 114, in row_by_value
2026-07-22 23:18:46.798 10 ERROR ovsdbapp.backend.ovs_idl.command raise RowNotFound(table=table, col=column, match=match)
2026-07-22 23:18:46.798 10 ERROR ovsdbapp.backend.ovs_idl.command ovsdbapp.backend.ovs_idl.idlutils.RowNotFound: Cannot find Logical_Router_Port with name=lrp-c8614c3d-5ebb-4fa4-9ab1-07de515320d6
2026-07-22 23:18:46.798 10 ERROR ovsdbapp.backend.ovs_idl.command 
2026-07-22 23:18:46.798 10 ERROR neutron_lib.callbacks.manager [None req-a8bdee5e-8c9c-4de5-8966-45d7ee8c5aef - - - - - -] Error during notification for neutron.services.ovn_l3.plugin.OVNL3RouterPlugin._port_update-8726360469222 port, after_update: ovsdbapp.backend.ovs_idl.idlutils.RowNotFound: Cannot find Logical_Router_Port with name=lrp-c8614c3d-5ebb-4fa4-9ab1-07de515320d6
2026-07-22 23:18:46.798 10 ERROR neutron_lib.callbacks.manager
Traceback (most recent call last):
2026-07-22 23:18:46.798 10 ERROR neutron_lib.callbacks.manager
File "/var/lib/openstack/lib/python3.10/site-packages/neutron_lib/callbacks/manager.py", line 189, in _notify_loop
2026-07-22 23:18:46.798 10 ERROR neutron_lib.callbacks.manager callback.method(resource, event, trigger, payload=payload)
2026-07-22 23:18:46.798 10 ERROR neutron_lib.callbacks.manager
File "/var/lib/openstack/lib/python3.10/site-packages/neutron/services/ovn_l3/plugin.py", line 391, in _port_update
2026-07-22 23:18:46.798 10 ERROR neutron_lib.callbacks.manager l3plugin._ovn_client.update_router_port(context,
2026-07-22 23:18:46.798 10 ERROR neutron_lib.callbacks.manager
File "/var/lib/openstack/lib/python3.10/site-packages/neutron/plugins/ml2/drivers/ovn/mech_driver/ovsdb/ovn_client.py", line 1878, in update_router_port
2026-07-22 23:18:46.798 10 ERROR neutron_lib.callbacks.manager self._update_lrouter_port(context, port, if_exists=if_exists,
2026-07-22 23:18:46.798 10 ERROR neutron_lib.callbacks.manager
File "/var/lib/openstack/lib/python3.10/site-packages/neutron/plugins/ml2/drivers/ovn/mech_driver/ovsdb/ovn_client.py", line 1855, in _update_lrouter_port
2026-07-22 23:18:46.798 10 ERROR neutron_lib.callbacks.manager external_ids = self._nb_idl.db_get(
2026-07-22 23:18:46.798 10 ERROR neutron_lib.callbacks.manager
File "/var/lib/openstack/lib/python3.10/site-packages/ovsdbapp/backend/ovs_idl/command.py", line 47, in execute
2026-07-22 23:18:46.798 10 ERROR neutron_lib.callbacks.manager self.run_idl(None)
2026-07-22 23:18:46.798 10 ERROR neutron_lib.callbacks.manager
File "/var/lib/openstack/lib/python3.10/site-packages/ovsdbapp/backend/ovs_idl/command.py", line 235, in run_idl
2026-07-22 23:18:46.798 10 ERROR neutron_lib.callbacks.manager record = self.api.lookup(self.table, self.record)
2026-07-22 23:18:46.798 10 ERROR neutron_lib.callbacks.manager
File "/var/lib/openstack/lib/python3.10/site-packages/ovsdbapp/backend/ovs_idl/__init__.py", line 184, in lookup
2026-07-22 23:18:46.798 10 ERROR neutron_lib.callbacks.manager return self._lookup(table, record)
2026-07-22 23:18:46.798 10 ERROR neutron_lib.callbacks.manager
File "/var/lib/openstack/lib/python3.10/site-packages/ovsdbapp/backend/ovs_idl/__init__.py", line 235, in _lookup
2026-07-22 23:18:46.798 10 ERROR neutron_lib.callbacks.manager row = idlutils.row_by_value(self, rl.table, rl.column, record)
2026-07-22 23:18:46.798 10 ERROR neutron_lib.callbacks.manager
File "/var/lib/openstack/lib/python3.10/site-packages/ovsdbapp/backend/ovs_idl/idlutils.py", line 114, in row_by_value
2026-07-22 23:18:46.798 10 ERROR neutron_lib.callbacks.manager raise RowNotFound(table=table, col=column, match=match)
2026-07-22 23:18:46.798 10 ERROR neutron_lib.callbacks.manager ovsdbapp.backend.ovs_idl.idlutils.RowNotFound: Cannot find Logical_Router_Port with name=lrp-c8614c3d-5ebb-4fa4-9ab1-07de515320d6
2026-07-22 23:18:46.798 10 ERROR neutron_lib.callbacks.manager 
2026-07-22 23:18:46.916 10 WARNING neutron.scheduler.dhcp_agent_scheduler [None req-e94f04f5-a202-47b0-a335-9829e00bf5c2 30770d4c0a394ad299c2f9c5de6bbb8a 6f6e33af0f43400ca4271004f0202e83 - - default default] No more DHCP agents
2026-07-22 23:18:46.921 10 WARNING neutron.api.rpc.agentnotifiers.dhcp_rpc_agent_api [None req-e94f04f5-a202-47b0-a335-9829e00bf5c2 30770d4c0a394ad299c2f9c5de6bbb8a 6f6e33af0f43400ca4271004f0202e83 - - default default] Unable to schedule network bf4d9735-a477-438d-a56d-0935727297ff: no agents available; will retry on subsequent port and subnet creation events.
2026-07-22 23:18:47.335 10 INFO neutron.db.ovn_revision_numbers_db [None req-e94f04f5-a202-47b0-a335-9829e00bf5c2 30770d4c0a394ad299c2f9c5de6bbb8a 6f6e33af0f43400ca4271004f0202e83 - - default default] Successfully bumped revision number for resource 5c1c2e5f-52a7-4255-b4fe-7d75c1349172 (type: ports) to 1
2026-07-22 23:18:47.407 9 INFO neutron.services.segments.plugin [-] Segment 1f953124-dfdf-4fb3-a7d3-fd3c64c75237 resource provider aggregate not found
2026-07-22 23:18:47.415 9 INFO neutron.services.segments.plugin [-] Segment 1f953124-dfdf-4fb3-a7d3-fd3c64c75237 resource provider aggregate not found
2026-07-22 23:18:47.434 9 INFO neutron.services.segments.plugin [-] Segment 1f953124-dfdf-4fb3-a7d3-fd3c64c75237 resource provider not found; error: Placement Client Error (4xx): {"errors": [{"status": 404, "title": "Not Found", "detail": "The resource could not be found.\n\n No resource provider with uuid 1f953124-dfdf-4fb3-a7d3-fd3c64c75237 found for delete ", "request_id": "req-4e8c9451-3f26-468c-9733-cb80afc46d82"}]}
2026-07-22 23:18:47.435 9 INFO neutron.services.segments.plugin [-] Segment 1f953124-dfdf-4fb3-a7d3-fd3c64c75237 resource provider not found; error: Placement Client Error (4xx): {"errors": [{"status": 404, "title": "Not Found", "detail": "The resource could not be found.\n\n No resource provider with uuid 1f953124-dfdf-4fb3-a7d3-fd3c64c75237 found for delete ", "request_id": "req-b4990aea-f8e4-44d0-9d87-d6d18fff0361"}]}
2026-07-22 23:18:47.477 9 INFO neutron.wsgi [None req-0eff932c-db37-465b-aaeb-971f2d908900 f6aabc31f41c4190a83c901a5cdb51a7 7f935bfeb4a84a2897ca78207944b99f - - default default] 10.0.0.158 "DELETE /v2.0/networks/5a172533-d24d-4d79-997b-b834dfddd0dd HTTP/1.1" status: 204 len: 168 time: 0.9283903
2026-07-22 23:18:47.900 9 INFO neutron.db.ovn_revision_numbers_db [None req-3df0e368-a481-4c2c-8469-d481a976e18d ebbdda3948f148a492dd875a4ced6796 f2d0a8ebe7d244c18dc84a3e8f1419b4 - - default default] Successfully bumped revision number for resource c8614c3d-5ebb-4fa4-9ab1-07de515320d6 (type: router_ports) to 1
2026-07-22 23:18:47.905 9 INFO neutron.wsgi [None req-3df0e368-a481-4c2c-8469-d481a976e18d ebbdda3948f148a492dd875a4ced6796 f2d0a8ebe7d244c18dc84a3e8f1419b4 - - default default] 10.0.0.158 "PUT /v2.0/routers/d393bfdb-c37f-4025-8d76-842ad3852361/add_router_interface HTTP/1.1" status: 200 len: 503 time: 5.4350858
2026-07-22 23:18:48.099 10 INFO neutron.services.segments.plugin [-] Segment f08bee80-8111-48dd-9592-7e4c9ccb294c resource provider aggregate not found
2026-07-22 23:18:48.108 10 INFO neutron.services.segments.plugin [-] Segment f08bee80-8111-48dd-9592-7e4c9ccb294c resource provider aggregate not found
2026-07-22 23:18:48.120 10 INFO neutron.services.segments.plugin [-] Segment f08bee80-8111-48dd-9592-7e4c9ccb294c resource provider not found; error: Placement Client Error (4xx): {"errors": [{"status": 404, "title": "Not Found", "detail": "The resource could not be found.\n\n No resource provider with uuid f08bee80-8111-48dd-9592-7e4c9ccb294c found for delete ", "request_id": "req-4d1d5644-2445-4b4c-8a1b-fe23aafacd2a"}]}
2026-07-22 23:18:48.144 10 INFO neutron.services.segments.plugin [-] Segment f08bee80-8111-48dd-9592-7e4c9ccb294c resource provider not found; error: Placement Client Error (4xx): {"errors": [{"status": 404, "title": "Not Found", "detail": "The resource could not be found.\n\n No resource provider with uuid f08bee80-8111-48dd-9592-7e4c9ccb294c found for delete ", "request_id": "req-bc44e8b0-7113-4449-8a2a-955890b0cbed"}]}
2026-07-22 23:18:48.147 10 INFO neutron.wsgi [None req-68044907-a5cb-4557-aa6f-6eaee2eab7a4 f6aabc31f41c4190a83c901a5cdb51a7 7f935bfeb4a84a2897ca78207944b99f - - default default] 10.0.0.158 "DELETE /v2.0/networks/96b5c955-c2ae-4022-95e3-dbe4c41ba058 HTTP/1.1" status: 204 len: 168 time: 0.6518366
2026-07-22 23:18:48.371 10 INFO neutron.plugins.ml2.drivers.ovn.mech_driver.ovsdb.commands [None req-5ed7c81e-d2d8-4ccd-a4fc-57ec07a3f679 - - - - - -] Schedule LRP lrp-5c1c2e5f-52a7-4255-b4fe-7d75c1349172 on gateway 29c9d2a8-b421-488d-8da2-2727d29b50d3 with priority 1
2026-07-22 23:18:48.455 10 INFO neutron.db.ovn_revision_numbers_db [None req-e94f04f5-a202-47b0-a335-9829e00bf5c2 30770d4c0a394ad299c2f9c5de6bbb8a 6f6e33af0f43400ca4271004f0202e83 - - default default] Successfully bumped revision number for resource 5c1c2e5f-52a7-4255-b4fe-7d75c1349172 (type: router_ports) to 1
2026-07-22 23:18:48.555 10 INFO neutron.db.ovn_revision_numbers_db [None req-e94f04f5-a202-47b0-a335-9829e00bf5c2 30770d4c0a394ad299c2f9c5de6bbb8a 6f6e33af0f43400ca4271004f0202e83 - - default default] Successfully bumped revision number for resource ac2e226e-0fb7-45ac-9db4-19643ebc2972 (type: routers) to 2
2026-07-22 23:18:48.576 10 INFO neutron.wsgi [None req-e94f04f5-a202-47b0-a335-9829e00bf5c2 30770d4c0a394ad299c2f9c5de6bbb8a 6f6e33af0f43400ca4271004f0202e83 - - default default] 10.0.0.158 "POST /v2.0/routers HTTP/1.1" status: 201 len: 1136 time: 2.4825983
2026-07-22 23:18:48.655 9 INFO neutron.wsgi [None req-48cefd56-5409-4ee5-a952-b8cd163daf98 f6aabc31f41c4190a83c901a5cdb51a7 7f935bfeb4a84a2897ca78207944b99f - - default default] 10.0.0.158 "DELETE /v2.0/networks/2fbba124-bc7e-44ef-9d24-13b238c1038e HTTP/1.1" status: 204 len: 168 time: 0.5027277
2026-07-22 23:18:48.695 9 WARNING neutron_lib.context [None req-ccfdf222-7bfd-40e4-9c67-4f215a9c9985 6aae78f121f0445ca814a71e5ec2f14e e4acb27cabdd4051950b84d3c4ceadd0 - - default default] Method 'is_advsvc' is deprecated since 2023.2 release (neutron-lib 3.8.0) and will be removed once support for the old RBAC API policies will be removed from Neutron. Please use method 'is_service_role' instead.
2026-07-22 23:18:48.736 10 INFO neutron.api.v2.resource [None req-24a5821a-8864-4c4a-924c-02be58101f76 731815ce213b4b328bc4526a8be4c3da 7c02c15da28440628067cc85609a1486 - - default default] create failed (client error): The server could not comply with the request since it is either malformed or otherwise incorrect.
2026-07-22 23:18:48.738 10 INFO neutron.wsgi [None req-24a5821a-8864-4c4a-924c-02be58101f76 731815ce213b4b328bc4526a8be4c3da 7c02c15da28440628067cc85609a1486 - - default default] 10.0.0.158 "POST /v2.0/vpn/vpnservices HTTP/1.1" status: 400 len: 397 time: 0.1563470
2026-07-22 23:18:48.888 9 INFO neutron.db.ovn_revision_numbers_db [None req-ccfdf222-7bfd-40e4-9c67-4f215a9c9985 6aae78f121f0445ca814a71e5ec2f14e e4acb27cabdd4051950b84d3c4ceadd0 - - default default] Successfully bumped revision number for resource d3113aac-a960-445e-87ff-96323c640506 (type: security_groups) to 1
2026-07-22 23:18:48.912 9 INFO neutron.db.ovn_revision_numbers_db [None req-ccfdf222-7bfd-40e4-9c67-4f215a9c9985 6aae78f121f0445ca814a71e5ec2f14e e4acb27cabdd4051950b84d3c4ceadd0 - - default default] Successfully bumped revision number for resource 29070d1a-26eb-4477-be67-9f701a4b6cad (type: security_group_rules) to 0
