2026-07-22 23:15:53.245 7 INFO placement.requestlog [None req-247dfbeb-bf8c-4a39-9e7b-865eadb248b9 38b7af1608ab41288e45d13e552b4b4c 9e638baa87ad423dac194c8e5e228763 - - abae589cee0a4341a3424b5ec21a2a36 abae589cee0a4341a3424b5ec21a2a36] 10.0.0.189 "GET /resource_providers/61b1e70a-d155-4bf0-be8c-c9a46ee2510a/aggregates" status: 404 len: 235 microversion: 1.1 [pid: 7|app: 0|req: 378/757] 10.0.0.189 () {32 vars in 825 bytes} [Wed Jul 22 23:15:53 2026] GET /resource_providers/61b1e70a-d155-4bf0-be8c-c9a46ee2510a/aggregates => generated 235 bytes in 15 msecs (HTTP/1.1 404) 5 headers in 202 bytes (1 switches on core 0)
2026-07-22 23:15:53.256 8 INFO placement.requestlog [None req-7d2739dc-8df8-4713-a675-e73916c06359 38b7af1608ab41288e45d13e552b4b4c 9e638baa87ad423dac194c8e5e228763 - - abae589cee0a4341a3424b5ec21a2a36 abae589cee0a4341a3424b5ec21a2a36] 10.0.0.189 "DELETE /resource_providers/61b1e70a-d155-4bf0-be8c-c9a46ee2510a" status: 404 len: 246 microversion: 1.1 [pid: 8|app: 0|req: 380/758] 10.0.0.189 () {34 vars in 825 bytes} [Wed Jul 22 23:15:53 2026] DELETE /resource_providers/61b1e70a-d155-4bf0-be8c-c9a46ee2510a => generated 246 bytes in 11 msecs (HTTP/1.1 404) 6 headers in 231 bytes (1 switches on core 0)
2026-07-22 23:15:53.259 7 INFO placement.requestlog [None req-9d857d70-9b4d-43db-9251-c792f422dc22 38b7af1608ab41288e45d13e552b4b4c 9e638baa87ad423dac194c8e5e228763 - - abae589cee0a4341a3424b5ec21a2a36 abae589cee0a4341a3424b5ec21a2a36] 10.0.0.189 "DELETE /resource_providers/61b1e70a-d155-4bf0-be8c-c9a46ee2510a" status: 404 len: 246 microversion: 1.1 [pid: 7|app: 0|req: 379/759] 10.0.0.189 () {34 vars in 825 bytes} [Wed Jul 22 23:15:53 2026] DELETE /resource_providers/61b1e70a-d155-4bf0-be8c-c9a46ee2510a => generated 246 bytes in 9 msecs (HTTP/1.1 404) 6 headers in 231 bytes (1 switches on core 0)
2026-07-22 23:15:54.521 8 INFO placement.requestlog [None req-2a852a24-4400-4c81-b373-c433c15e2963 38b7af1608ab41288e45d13e552b4b4c 9e638baa87ad423dac194c8e5e228763 - - abae589cee0a4341a3424b5ec21a2a36 abae589cee0a4341a3424b5ec21a2a36] 10.0.0.189 "GET /resource_providers/80115b3e-f092-4896-a63f-f2b73f5f4cdd/aggregates" status: 404 len: 235 microversion: 1.1 [pid: 8|app: 0|req: 381/760] 10.0.0.189 () {32 vars in 825 bytes} [Wed Jul 22 23:15:54 2026] GET /resource_providers/80115b3e-f092-4896-a63f-f2b73f5f4cdd/aggregates => generated 235 bytes in 9 msecs (HTTP/1.1 404) 5 headers in 202 bytes (1 switches on core 0)
2026-07-22 23:15:54.531 7 INFO placement.requestlog [None req-614b8c2a-6505-435d-9273-8c33f8db17ea 38b7af1608ab41288e45d13e552b4b4c 9e638baa87ad423dac194c8e5e228763 - - abae589cee0a4341a3424b5ec21a2a36 abae589cee0a4341a3424b5ec21a2a36] 10.0.0.189 "GET /resource_providers/80115b3e-f092-4896-a63f-f2b73f5f4cdd/aggregates" status: 404 len: 235 microversion: 1.1 [pid: 7|app: 0|req: 380/761] 10.0.0.189 () {32 vars in 825 bytes} [Wed Jul 22 23:15:54 2026] GET /resource_providers/80115b3e-f092-4896-a63f-f2b73f5f4cdd/aggregates => generated 235 bytes in 16 msecs (HTTP/1.1 404) 5 headers in 202 bytes (1 switches on core 0)
2026-07-22 23:15:54.533 8 INFO placement.requestlog [None req-4ea0ba69-27ec-4a0d-a22f-ddcda6198f06 38b7af1608ab41288e45d13e552b4b4c 9e638baa87ad423dac194c8e5e228763 - - abae589cee0a4341a3424b5ec21a2a36 abae589cee0a4341a3424b5ec21a2a36] 10.0.0.189 "DELETE /resource_providers/80115b3e-f092-4896-a63f-f2b73f5f4cdd" status: 404 len: 246 microversion: 1.1 [pid: 8|app: 0|req: 382/762] 10.0.0.189 () {34 vars in 825 bytes} [Wed Jul 22 23:15:54 2026] DELETE /resource_providers/80115b3e-f092-4896-a63f-f2b73f5f4cdd => generated 246 bytes in 7 msecs (HTTP/1.1 404) 6 headers in 231 bytes (1 switches on core 0)
2026-07-22 23:15:54.547 7 INFO placement.requestlog [None req-99b4f01b-0a73-495a-bcfd-47003db4e7fe 38b7af1608ab41288e45d13e552b4b4c 9e638baa87ad423dac194c8e5e228763 - - abae589cee0a4341a3424b5ec21a2a36 abae589cee0a4341a3424b5ec21a2a36] 10.0.0.189 "DELETE /resource_providers/80115b3e-f092-4896-a63f-f2b73f5f4cdd" status: 404 len: 246 microversion: 1.1 [pid: 7|app: 0|req: 381/763] 10.0.0.189 () {34 vars in 825 bytes} [Wed Jul 22 23:15:54 2026] DELETE /resource_providers/80115b3e-f092-4896-a63f-f2b73f5f4cdd => generated 246 bytes in 10 msecs (HTTP/1.1 404) 6 headers in 231 bytes (1 switches on core 0)
2026-07-22 23:15:54.550 8 INFO placement.requestlog [None req-ac0777e3-5866-43a6-b41c-47e01c9a2069 38b7af1608ab41288e45d13e552b4b4c 9e638baa87ad423dac194c8e5e228763 - - abae589cee0a4341a3424b5ec21a2a36 abae589cee0a4341a3424b5ec21a2a36] 10.0.0.189 "GET /resource_providers/90497860-d227-4207-b82f-c60bdcb8835d/aggregates" status: 404 len: 235 microversion: 1.1 [pid: 8|app: 0|req: 383/764] 10.0.0.189 () {32 vars in 825 bytes} [Wed Jul 22 23:15:54 2026] GET /resource_providers/90497860-d227-4207-b82f-c60bdcb8835d/aggregates => generated 235 bytes in 9 msecs (HTTP/1.1 404) 5 headers in 202 bytes (1 switches on core 0)
2026-07-22 23:15:54.569 7 INFO placement.requestlog [None req-f96e412e-c4b7-4cdf-872c-2f4ee094ae24 38b7af1608ab41288e45d13e552b4b4c 9e638baa87ad423dac194c8e5e228763 - - abae589cee0a4341a3424b5ec21a2a36 abae589cee0a4341a3424b5ec21a2a36] 10.0.0.189 "GET /resource_providers/90497860-d227-4207-b82f-c60bdcb8835d/aggregates" status: 404 len: 235 microversion: 1.1
2026-07-22 23:15:54.569 8 INFO placement.requestlog [None req-193e53a5-344d-4e8b-934c-c5b8be7c57dc 38b7af1608ab41288e45d13e552b4b4c 9e638baa87ad423dac194c8e5e228763 - - abae589cee0a4341a3424b5ec21a2a36 abae589cee0a4341a3424b5ec21a2a36] 10.0.0.189 "DELETE /resource_providers/90497860-d227-4207-b82f-c60bdcb8835d" status: 404 len: 246 microversion: 1.1 [pid: 7|app: 0|req: 382/765] 10.0.0.189 () {32 vars in 825 bytes} [Wed Jul 22 23:15:54 2026] GET /resource_providers/90497860-d227-4207-b82f-c60bdcb8835d/aggregates => generated 235 bytes in 13 msecs (HTTP/1.1 404) 5 headers in 202 bytes (1 switches on core 0) [pid: 8|app: 0|req: 384/766] 10.0.0.189 () {34 vars in 825 bytes} [Wed Jul 22 23:15:54 2026] DELETE /resource_providers/90497860-d227-4207-b82f-c60bdcb8835d => generated 246 bytes in 11 msecs (HTTP/1.1 404) 6 headers in 231 bytes (1 switches on core 0)
2026-07-22 23:15:54.598 7 INFO placement.requestlog [None req-31938c44-2e9e-4658-98b6-df11380b5c2e 38b7af1608ab41288e45d13e552b4b4c 9e638baa87ad423dac194c8e5e228763 - - abae589cee0a4341a3424b5ec21a2a36 abae589cee0a4341a3424b5ec21a2a36] 10.0.0.189 "DELETE /resource_providers/90497860-d227-4207-b82f-c60bdcb8835d" status: 404 len: 246 microversion: 1.1 [pid: 7|app: 0|req: 383/767] 10.0.0.189 () {34 vars in 825 bytes} [Wed Jul 22 23:15:54 2026] DELETE /resource_providers/90497860-d227-4207-b82f-c60bdcb8835d => generated 246 bytes in 22 msecs (HTTP/1.1 404) 6 headers in 231 bytes (1 switches on core 0)
2026-07-22 23:15:55.491 7 INFO placement.requestlog [None req-94773c50-9fff-4f76-b673-2c4d599f0a3c 38b7af1608ab41288e45d13e552b4b4c 9e638baa87ad423dac194c8e5e228763 - - abae589cee0a4341a3424b5ec21a2a36 abae589cee0a4341a3424b5ec21a2a36] 10.0.0.189 "GET /resource_providers/1bcdb3da-3210-411e-bf73-93249e0ab577/aggregates" status: 404 len: 235 microversion: 1.1 [pid: 7|app: 0|req: 384/768] 10.0.0.189 () {32 vars in 825 bytes} [Wed Jul 22 23:15:55 2026] GET /resource_providers/1bcdb3da-3210-411e-bf73-93249e0ab577/aggregates => generated 235 bytes in 14 msecs (HTTP/1.1 404) 5 headers in 202 bytes (1 switches on core 0)
2026-07-22 23:15:55.494 8 INFO placement.requestlog [None req-ac0556c4-acc6-4852-9931-4330c1f6a7b7 38b7af1608ab41288e45d13e552b4b4c 9e638baa87ad423dac194c8e5e228763 - - abae589cee0a4341a3424b5ec21a2a36 abae589cee0a4341a3424b5ec21a2a36] 10.0.0.189 "GET /resource_providers/1bcdb3da-3210-411e-bf73-93249e0ab577/aggregates" status: 404 len: 235 microversion: 1.1 [pid: 8|app: 0|req: 385/769] 10.0.0.189 () {32 vars in 825 bytes} [Wed Jul 22 23:15:55 2026] GET /resource_providers/1bcdb3da-3210-411e-bf73-93249e0ab577/aggregates => generated 235 bytes in 17 msecs (HTTP/1.1 404) 5 headers in 202 bytes (1 switches on core 0)
2026-07-22 23:15:55.517 8 INFO placement.requestlog [None req-59ff665f-ccdd-46f2-bfd0-d32c2bdbdcea 38b7af1608ab41288e45d13e552b4b4c 9e638baa87ad423dac194c8e5e228763 - - abae589cee0a4341a3424b5ec21a2a36 abae589cee0a4341a3424b5ec21a2a36] 10.0.0.189 "DELETE /resource_providers/1bcdb3da-3210-411e-bf73-93249e0ab577" status: 404 len: 246 microversion: 1.1 [pid: 8|app: 0|req: 386/770] 10.0.0.189 () {34 vars in 825 bytes} [Wed Jul 22 23:15:55 2026] DELETE /resource_providers/1bcdb3da-3210-411e-bf73-93249e0ab577 => generated 246 bytes in 11 msecs (HTTP/1.1 404) 6 headers in 231 bytes (1 switches on core 0)
2026-07-22 23:15:55.525 7 INFO placement.requestlog [None req-027636d9-2f9d-4d70-b872-85bc264f5f80 38b7af1608ab41288e45d13e552b4b4c 9e638baa87ad423dac194c8e5e228763 - - abae589cee0a4341a3424b5ec21a2a36 abae589cee0a4341a3424b5ec21a2a36] 10.0.0.189 "DELETE /resource_providers/1bcdb3da-3210-411e-bf73-93249e0ab577" status: 404 len: 246 microversion: 1.1 [pid: 7|app: 0|req: 385/771] 10.0.0.189 () {34 vars in 825 bytes} [Wed Jul 22 23:15:55 2026] DELETE /resource_providers/1bcdb3da-3210-411e-bf73-93249e0ab577 => generated 246 bytes in 21 msecs (HTTP/1.1 404) 6 headers in 231 bytes (1 switches on core 0)
2026-07-22 23:15:59.379 8 INFO placement.requestlog [None req-46ba4903-5e5c-42e6-b34a-cd0ae2f32d0e 38b7af1608ab41288e45d13e552b4b4c 9e638baa87ad423dac194c8e5e228763 - - abae589cee0a4341a3424b5ec21a2a36 abae589cee0a4341a3424b5ec21a2a36] 10.0.0.189 "GET /resource_providers/257dd12e-b407-4e1c-b9a6-7fe5596e9ff2/aggregates" status: 404 len: 235 microversion: 1.1 [pid: 8|app: 0|req: 387/772] 10.0.0.189 () {32 vars in 825 bytes} [Wed Jul 22 23:15:59 2026] GET /resource_providers/257dd12e-b407-4e1c-b9a6-7fe5596e9ff2/aggregates => generated 235 bytes in 15 msecs (HTTP/1.1 404) 5 headers in 202 bytes (1 switches on core 0)
2026-07-22 23:15:59.386 7 INFO placement.requestlog [None req-dd5bbd08-610d-46a5-8e26-d0c7b9b77af6 38b7af1608ab41288e45d13e552b4b4c 9e638baa87ad423dac194c8e5e228763 - - abae589cee0a4341a3424b5ec21a2a36 abae589cee0a4341a3424b5ec21a2a36] 10.0.0.189 "GET /resource_providers/257dd12e-b407-4e1c-b9a6-7fe5596e9ff2/aggregates" status: 404 len: 235 microversion: 1.1 [pid: 7|app: 0|req: 386/773] 10.0.0.189 () {32 vars in 825 bytes} [Wed Jul 22 23:15:59 2026] GET /resource_providers/257dd12e-b407-4e1c-b9a6-7fe5596e9ff2/aggregates => generated 235 bytes in 20 msecs (HTTP/1.1 404) 5 headers in 202 bytes (1 switches on core 0)
2026-07-22 23:15:59.396 8 INFO placement.requestlog [None req-038358ea-05be-489a-8a0e-ef69e8a0a29f 38b7af1608ab41288e45d13e552b4b4c 9e638baa87ad423dac194c8e5e228763 - - abae589cee0a4341a3424b5ec21a2a36 abae589cee0a4341a3424b5ec21a2a36] 10.0.0.189 "DELETE /resource_providers/257dd12e-b407-4e1c-b9a6-7fe5596e9ff2" status: 404 len: 246 microversion: 1.1 [pid: 8|app: 0|req: 388/774] 10.0.0.189 () {34 vars in 825 bytes} [Wed Jul 22 23:15:59 2026] DELETE /resource_providers/257dd12e-b407-4e1c-b9a6-7fe5596e9ff2 => generated 246 bytes in 10 msecs (HTTP/1.1 404) 6 headers in 231 bytes (1 switches on core 0)
2026-07-22 23:15:59.407 7 INFO placement.requestlog [None req-b961d9ba-de7c-414b-b3fe-10cbe0d15e49 38b7af1608ab41288e45d13e552b4b4c 9e638baa87ad423dac194c8e5e228763 - - abae589cee0a4341a3424b5ec21a2a36 abae589cee0a4341a3424b5ec21a2a36] 10.0.0.189 "DELETE /resource_providers/257dd12e-b407-4e1c-b9a6-7fe5596e9ff2" status: 404 len: 246 microversion: 1.1 [pid: 7|app: 0|req: 387/775] 10.0.0.189 () {34 vars in 825 bytes} [Wed Jul 22 23:15:59 2026] DELETE /resource_providers/257dd12e-b407-4e1c-b9a6-7fe5596e9ff2 => generated 246 bytes in 12 msecs (HTTP/1.1 404) 6 headers in 231 bytes (1 switches on core 0)
2026-07-22 23:16:01.028 8 INFO placement.requestlog [None req-1fc4e925-9e99-493b-9409-097120be9252 - - - - - -] 10.0.0.178 "GET /" status: 200 len: 136 microversion: 1.0
2026-07-22 23:16:01.036 7 INFO placement.requestlog [None req-d7094726-02d9-461b-8cbf-f654cac8a733 - - - - - -] 10.0.0.178 "GET /" status: 200 len: 136 microversion: 1.0
2026-07-22 23:16:05.334 8 INFO placement.requestlog [None req-bea059ea-d878-4688-b471-d5b98750f61b 38b7af1608ab41288e45d13e552b4b4c 9e638baa87ad423dac194c8e5e228763 - - abae589cee0a4341a3424b5ec21a2a36 abae589cee0a4341a3424b5ec21a2a36] 10.0.0.189 "GET /resource_providers/e1f19923-f6fa-4dd9-8f77-4f06eba9f77e/aggregates" status: 404 len: 235 microversion: 1.1 [pid: 8|app: 0|req: 390/778] 10.0.0.189 () {32 vars in 825 bytes} [Wed Jul 22 23:16:05 2026] GET /resource_providers/e1f19923-f6fa-4dd9-8f77-4f06eba9f77e/aggregates => generated 235 bytes in 13 msecs (HTTP/1.1 404) 5 headers in 202 bytes (1 switches on core 0)
2026-07-22 23:16:05.341 7 INFO placement.requestlog [None req-3768abe6-2474-4e0b-bc80-40a8dab30ff8 38b7af1608ab41288e45d13e552b4b4c 9e638baa87ad423dac194c8e5e228763 - - abae589cee0a4341a3424b5ec21a2a36 abae589cee0a4341a3424b5ec21a2a36] 10.0.0.189 "GET /resource_providers/e1f19923-f6fa-4dd9-8f77-4f06eba9f77e/aggregates" status: 404 len: 235 microversion: 1.1 [pid: 7|app: 0|req: 389/779] 10.0.0.189 () {32 vars in 825 bytes} [Wed Jul 22 23:16:05 2026] GET /resource_providers/e1f19923-f6fa-4dd9-8f77-4f06eba9f77e/aggregates => generated 235 bytes in 20 msecs (HTTP/1.1 404) 5 headers in 202 bytes (1 switches on core 0)
2026-07-22 23:16:05.357 8 INFO placement.requestlog [None req-0424cb45-068f-4f17-b615-15333d85332f 38b7af1608ab41288e45d13e552b4b4c 9e638baa87ad423dac194c8e5e228763 - - abae589cee0a4341a3424b5ec21a2a36 abae589cee0a4341a3424b5ec21a2a36] 10.0.0.189 "DELETE /resource_providers/e1f19923-f6fa-4dd9-8f77-4f06eba9f77e" status: 404 len: 246 microversion: 1.1 [pid: 8|app: 0|req: 391/780] 10.0.0.189 () {34 vars in 825 bytes} [Wed Jul 22 23:16:05 2026] DELETE /resource_providers/e1f19923-f6fa-4dd9-8f77-4f06eba9f77e => generated 246 bytes in 13 msecs (HTTP/1.1 404) 6 headers in 231 bytes (1 switches on core 0)
2026-07-22 23:16:05.374 7 INFO placement.requestlog [None req-cd8d21c5-6603-4be2-8c53-9d2e21fe59e9 38b7af1608ab41288e45d13e552b4b4c 9e638baa87ad423dac194c8e5e228763 - - abae589cee0a4341a3424b5ec21a2a36 abae589cee0a4341a3424b5ec21a2a36] 10.0.0.189 "DELETE /resource_providers/e1f19923-f6fa-4dd9-8f77-4f06eba9f77e" status: 404 len: 246 microversion: 1.1 [pid: 7|app: 0|req: 390/781] 10.0.0.189 () {34 vars in 825 bytes} [Wed Jul 22 23:16:05 2026] DELETE /resource_providers/e1f19923-f6fa-4dd9-8f77-4f06eba9f77e => generated 246 bytes in 18 msecs (HTTP/1.1 404) 6 headers in 231 bytes (1 switches on core 0)
2026-07-22 23:16:07.371 8 INFO placement.requestlog [None req-2b7c1df2-f7d1-46ea-9287-a00befd8d80c 38b7af1608ab41288e45d13e552b4b4c 9e638baa87ad423dac194c8e5e228763 - - abae589cee0a4341a3424b5ec21a2a36 abae589cee0a4341a3424b5ec21a2a36] 10.0.0.189 "GET /resource_providers/92b11a40-cd5a-4661-968e-048535d02282/aggregates" status: 404 len: 235 microversion: 1.1 [pid: 8|app: 0|req: 392/782] 10.0.0.189 () {32 vars in 825 bytes} [Wed Jul 22 23:16:07 2026] GET /resource_providers/92b11a40-cd5a-4661-968e-048535d02282/aggregates => generated 235 bytes in 8 msecs (HTTP/1.1 404) 5 headers in 202 bytes (1 switches on core 0)
2026-07-22 23:16:07.392 8 INFO placement.requestlog [None req-1788b8ae-ceac-4556-a1df-2d889969999b 38b7af1608ab41288e45d13e552b4b4c 9e638baa87ad423dac194c8e5e228763 - - abae589cee0a4341a3424b5ec21a2a36 abae589cee0a4341a3424b5ec21a2a36] 10.0.0.189 "DELETE /resource_providers/92b11a40-cd5a-4661-968e-048535d02282" status: 404 len: 246 microversion: 1.1 [pid: 8|app: 0|req: 393/783] 10.0.0.189 () {34 vars in 825 bytes} [Wed Jul 22 23:16:07 2026] DELETE /resource_providers/92b11a40-cd5a-4661-968e-048535d02282 => generated 246 bytes in 9 msecs (HTTP/1.1 404) 6 headers in 231 bytes (1 switches on core 0)
2026-07-22 23:16:07.396 7 INFO placement.requestlog [None req-9c96607d-34bb-42a3-a13e-46ff92ee19fb 38b7af1608ab41288e45d13e552b4b4c 9e638baa87ad423dac194c8e5e228763 - - abae589cee0a4341a3424b5ec21a2a36 abae589cee0a4341a3424b5ec21a2a36] 10.0.0.189 "GET /resource_providers/92b11a40-cd5a-4661-968e-048535d02282/aggregates" status: 404 len: 235 microversion: 1.1 [pid: 7|app: 0|req: 391/784] 10.0.0.189 () {32 vars in 825 bytes} [Wed Jul 22 23:16:07 2026] GET /resource_providers/92b11a40-cd5a-4661-968e-048535d02282/aggregates => generated 235 bytes in 13 msecs (HTTP/1.1 404) 5 headers in 202 bytes (1 switches on core 0)
2026-07-22 23:16:07.411 8 INFO placement.requestlog [None req-a73fd09c-ecde-4e72-ba67-8ecbb5247b09 38b7af1608ab41288e45d13e552b4b4c 9e638baa87ad423dac194c8e5e228763 - - abae589cee0a4341a3424b5ec21a2a36 abae589cee0a4341a3424b5ec21a2a36] 10.0.0.189 "DELETE /resource_providers/92b11a40-cd5a-4661-968e-048535d02282" status: 404 len: 246 microversion: 1.1 [pid: 8|app: 0|req: 394/785] 10.0.0.189 () {34 vars in 825 bytes} [Wed Jul 22 23:16:07 2026] DELETE /resource_providers/92b11a40-cd5a-4661-968e-048535d02282 => generated 246 bytes in 8 msecs (HTTP/1.1 404) 6 headers in 231 bytes (1 switches on core 0)
2026-07-22 23:16:09.421 7 INFO placement.requestlog [None req-df64f6a4-cee3-4bb5-829d-92ce743c1c76 38b7af1608ab41288e45d13e552b4b4c 9e638baa87ad423dac194c8e5e228763 - - abae589cee0a4341a3424b5ec21a2a36 abae589cee0a4341a3424b5ec21a2a36] 10.0.0.189 "GET /resource_providers/0bac29b7-b6fc-4009-97d4-0c8d414bfebc/aggregates" status: 404 len: 235 microversion: 1.1 [pid: 7|app: 0|req: 392/786] 10.0.0.189 () {32 vars in 825 bytes} [Wed Jul 22 23:16:09 2026] GET /resource_providers/0bac29b7-b6fc-4009-97d4-0c8d414bfebc/aggregates => generated 235 bytes in 13 msecs (HTTP/1.1 404) 5 headers in 202 bytes (1 switches on core 0)
2026-07-22 23:16:09.438 8 INFO placement.requestlog [None req-55e9092c-3f3d-407c-988e-b8de323a2bdc 38b7af1608ab41288e45d13e552b4b4c 9e638baa87ad423dac194c8e5e228763 - - abae589cee0a4341a3424b5ec21a2a36 abae589cee0a4341a3424b5ec21a2a36] 10.0.0.189 "GET /resource_providers/0bac29b7-b6fc-4009-97d4-0c8d414bfebc/aggregates" status: 404 len: 235 microversion: 1.1 [pid: 8|app: 0|req: 395/787] 10.0.0.189 () {32 vars in 825 bytes} [Wed Jul 22 23:16:09 2026] GET /resource_providers/0bac29b7-b6fc-4009-97d4-0c8d414bfebc/aggregates => generated 235 bytes in 10 msecs (HTTP/1.1 404) 5 headers in 202 bytes (1 switches on core 0)
2026-07-22 23:16:09.444 7 INFO placement.requestlog [None req-4dd6c1b2-728a-43ac-8c56-4a40a1cc2304 38b7af1608ab41288e45d13e552b4b4c 9e638baa87ad423dac194c8e5e228763 - - abae589cee0a4341a3424b5ec21a2a36 abae589cee0a4341a3424b5ec21a2a36] 10.0.0.189 "DELETE /resource_providers/0bac29b7-b6fc-4009-97d4-0c8d414bfebc" status: 404 len: 246 microversion: 1.1 [pid: 7|app: 0|req: 393/788] 10.0.0.189 () {34 vars in 825 bytes} [Wed Jul 22 23:16:09 2026] DELETE /resource_providers/0bac29b7-b6fc-4009-97d4-0c8d414bfebc => generated 246 bytes in 15 msecs (HTTP/1.1 404) 6 headers in 231 bytes (1 switches on core 0)
2026-07-22 23:16:09.467 8 INFO placement.requestlog [None req-cc2d19c0-dc6e-4ee8-a39e-3fa1941631d3 38b7af1608ab41288e45d13e552b4b4c 9e638baa87ad423dac194c8e5e228763 - - abae589cee0a4341a3424b5ec21a2a36 abae589cee0a4341a3424b5ec21a2a36] 10.0.0.189 "DELETE /resource_providers/0bac29b7-b6fc-4009-97d4-0c8d414bfebc" status: 404 len: 246 microversion: 1.1 [pid: 8|app: 0|req: 396/789] 10.0.0.189 () {34 vars in 825 bytes} [Wed Jul 22 23:16:09 2026] DELETE /resource_providers/0bac29b7-b6fc-4009-97d4-0c8d414bfebc => generated 246 bytes in 14 msecs (HTTP/1.1 404) 6 headers in 231 bytes (1 switches on core 0)
2026-07-22 23:16:09.468 7 INFO placement.requestlog [None req-8210dad0-3631-4fc9-a80a-99e1095e355e 38b7af1608ab41288e45d13e552b4b4c 9e638baa87ad423dac194c8e5e228763 - - abae589cee0a4341a3424b5ec21a2a36 abae589cee0a4341a3424b5ec21a2a36] 10.0.0.189 "GET /resource_providers/4dfb986f-10df-42f6-8843-7a39828e76c8/aggregates" status: 404 len: 235 microversion: 1.1 [pid: 7|app: 0|req: 394/790] 10.0.0.189 () {32 vars in 825 bytes} [Wed Jul 22 23:16:09 2026] GET /resource_providers/4dfb986f-10df-42f6-8843-7a39828e76c8/aggregates => generated 235 bytes in 14 msecs (HTTP/1.1 404) 5 headers in 202 bytes (1 switches on core 0)
2026-07-22 23:16:09.492 8 INFO placement.requestlog [None req-9b07bbd5-f8fb-4de6-b891-bebd3dcdcd45 38b7af1608ab41288e45d13e552b4b4c 9e638baa87ad423dac194c8e5e228763 - - abae589cee0a4341a3424b5ec21a2a36 abae589cee0a4341a3424b5ec21a2a36] 10.0.0.189 "DELETE /resource_providers/4dfb986f-10df-42f6-8843-7a39828e76c8" status: 404 len: 246 microversion: 1.1 [pid: 8|app: 0|req: 397/791] 10.0.0.189 () {34 vars in 825 bytes} [Wed Jul 22 23:16:09 2026] DELETE /resource_providers/4dfb986f-10df-42f6-8843-7a39828e76c8 => generated 246 bytes in 13 msecs (HTTP/1.1 404) 6 headers in 231 bytes (1 switches on core 0)
2026-07-22 23:16:09.499 7 INFO placement.requestlog [None req-4b54f6e4-7b4a-41b2-a6be-378205644cb2 38b7af1608ab41288e45d13e552b4b4c 9e638baa87ad423dac194c8e5e228763 - - abae589cee0a4341a3424b5ec21a2a36 abae589cee0a4341a3424b5ec21a2a36] 10.0.0.189 "GET /resource_providers/4dfb986f-10df-42f6-8843-7a39828e76c8/aggregates" status: 404 len: 235 microversion: 1.1 [pid: 7|app: 0|req: 395/792] 10.0.0.189 () {32 vars in 825 bytes} [Wed Jul 22 23:16:09 2026] GET /resource_providers/4dfb986f-10df-42f6-8843-7a39828e76c8/aggregates => generated 235 bytes in 20 msecs (HTTP/1.1 404) 5 headers in 202 bytes (1 switches on core 0)
2026-07-22 23:16:09.521 8 INFO placement.requestlog [None req-4c9bbb65-9944-469b-b547-94d5a7257ec2 38b7af1608ab41288e45d13e552b4b4c 9e638baa87ad423dac194c8e5e228763 - - abae589cee0a4341a3424b5ec21a2a36 abae589cee0a4341a3424b5ec21a2a36] 10.0.0.189 "DELETE /resource_providers/4dfb986f-10df-42f6-8843-7a39828e76c8" status: 404 len: 246 microversion: 1.1 [pid: 8|app: 0|req: 398/793] 10.0.0.189 () {34 vars in 825 bytes} [Wed Jul 22 23:16:09 2026] DELETE /resource_providers/4dfb986f-10df-42f6-8843-7a39828e76c8 => generated 246 bytes in 11 msecs (HTTP/1.1 404) 6 headers in 231 bytes (1 switches on core 0)
2026-07-22 23:16:11.028 7 INFO placement.requestlog [None req-024b7512-68dd-4db6-ab55-9cc61054b8ce - - - - - -] 10.0.0.178 "GET /" status: 200 len: 136 microversion: 1.0
2026-07-22 23:16:11.029 8 INFO placement.requestlog [None req-cc32d3fd-262c-4597-be08-c1cc4976abb0 - - - - - -] 10.0.0.178 "GET /" status: 200 len: 136 microversion: 1.0
2026-07-22 23:16:11.527 7 INFO placement.requestlog [None req-036dc070-0266-4dbd-b672-33cff39cb365 38b7af1608ab41288e45d13e552b4b4c 9e638baa87ad423dac194c8e5e228763 - - abae589cee0a4341a3424b5ec21a2a36 abae589cee0a4341a3424b5ec21a2a36] 10.0.0.189 "GET /resource_providers/dd8d0b5f-f04e-4fd2-bef7-331b2daccb43/aggregates" status: 404 len: 235 microversion: 1.1 [pid: 7|app: 0|req: 397/796] 10.0.0.189 () {32 vars in 825 bytes} [Wed Jul 22 23:16:11 2026] GET /resource_providers/dd8d0b5f-f04e-4fd2-bef7-331b2daccb43/aggregates => generated 235 bytes in 15 msecs (HTTP/1.1 404) 5 headers in 202 bytes (1 switches on core 0)
2026-07-22 23:16:11.540 8 INFO placement.requestlog [None req-36cb56f7-0c03-4b89-8e6d-ae43cef177ca 38b7af1608ab41288e45d13e552b4b4c 9e638baa87ad423dac194c8e5e228763 - - abae589cee0a4341a3424b5ec21a2a36 abae589cee0a4341a3424b5ec21a2a36] 10.0.0.189 "GET /resource_providers/dd8d0b5f-f04e-4fd2-bef7-331b2daccb43/aggregates" status: 404 len: 235 microversion: 1.1 [pid: 8|app: 0|req: 400/797] 10.0.0.189 () {32 vars in 825 bytes} [Wed Jul 22 23:16:11 2026] GET /resource_providers/dd8d0b5f-f04e-4fd2-bef7-331b2daccb43/aggregates => generated 235 bytes in 14 msecs (HTTP/1.1 404) 5 headers in 202 bytes (1 switches on core 0)
2026-07-22 23:16:11.543 7 INFO placement.requestlog [None req-4ab822a5-8979-44ca-9a21-a60e36dae0fc 38b7af1608ab41288e45d13e552b4b4c 9e638baa87ad423dac194c8e5e228763 - - abae589cee0a4341a3424b5ec21a2a36 abae589cee0a4341a3424b5ec21a2a36] 10.0.0.189 "DELETE /resource_providers/dd8d0b5f-f04e-4fd2-bef7-331b2daccb43" status: 404 len: 246 microversion: 1.1 [pid: 7|app: 0|req: 398/798] 10.0.0.189 () {34 vars in 825 bytes} [Wed Jul 22 23:16:11 2026] DELETE /resource_providers/dd8d0b5f-f04e-4fd2-bef7-331b2daccb43 => generated 246 bytes in 10 msecs (HTTP/1.1 404) 6 headers in 231 bytes (1 switches on core 0)
2026-07-22 23:16:11.571 8 INFO placement.requestlog [None req-07c8b980-cb50-4150-a858-c5db2d681e39 38b7af1608ab41288e45d13e552b4b4c 9e638baa87ad423dac194c8e5e228763 - - abae589cee0a4341a3424b5ec21a2a36 abae589cee0a4341a3424b5ec21a2a36] 10.0.0.189 "DELETE /resource_providers/dd8d0b5f-f04e-4fd2-bef7-331b2daccb43" status: 404 len: 246 microversion: 1.1 [pid: 8|app: 0|req: 401/799] 10.0.0.189 () {34 vars in 825 bytes} [Wed Jul 22 23:16:11 2026] DELETE /resource_providers/dd8d0b5f-f04e-4fd2-bef7-331b2daccb43 => generated 246 bytes in 13 msecs (HTTP/1.1 404) 6 headers in 231 bytes (1 switches on core 0)
2026-07-22 23:16:13.607 7 INFO placement.requestlog [None req-7802bd0d-9e43-4512-a56a-ba45badd30e9 38b7af1608ab41288e45d13e552b4b4c 9e638baa87ad423dac194c8e5e228763 - - abae589cee0a4341a3424b5ec21a2a36 abae589cee0a4341a3424b5ec21a2a36] 10.0.0.189 "GET /resource_providers/50c7f33d-4bba-44cc-9ee9-5b77f2a11d2a/aggregates" status: 404 len: 235 microversion: 1.1 [pid: 7|app: 0|req: 399/800] 10.0.0.189 () {32 vars in 825 bytes} [Wed Jul 22 23:16:13 2026] GET /resource_providers/50c7f33d-4bba-44cc-9ee9-5b77f2a11d2a/aggregates => generated 235 bytes in 13 msecs (HTTP/1.1 404) 5 headers in 202 bytes (1 switches on core 0)
2026-07-22 23:16:13.616 8 INFO placement.requestlog [None req-0a8864cc-cb58-49a3-8a00-73eb76a722dc 38b7af1608ab41288e45d13e552b4b4c 9e638baa87ad423dac194c8e5e228763 - - abae589cee0a4341a3424b5ec21a2a36 abae589cee0a4341a3424b5ec21a2a36] 10.0.0.189 "GET /resource_providers/50c7f33d-4bba-44cc-9ee9-5b77f2a11d2a/aggregates" status: 404 len: 235 microversion: 1.1 [pid: 8|app: 0|req: 402/801] 10.0.0.189 () {32 vars in 825 bytes} [Wed Jul 22 23:16:13 2026] GET /resource_providers/50c7f33d-4bba-44cc-9ee9-5b77f2a11d2a/aggregates => generated 235 bytes in 17 msecs (HTTP/1.1 404) 5 headers in 202 bytes (1 switches on core 0)
2026-07-22 23:16:13.645 7 INFO placement.requestlog [None req-e5b3e899-06b1-41c2-aefb-12a1ba4e2eae 38b7af1608ab41288e45d13e552b4b4c 9e638baa87ad423dac194c8e5e228763 - - abae589cee0a4341a3424b5ec21a2a36 abae589cee0a4341a3424b5ec21a2a36] 10.0.0.189 "DELETE /resource_providers/50c7f33d-4bba-44cc-9ee9-5b77f2a11d2a" status: 404 len: 246 microversion: 1.1 [pid: 7|app: 0|req: 400/802] 10.0.0.189 () {34 vars in 825 bytes} [Wed Jul 22 23:16:13 2026] DELETE /resource_providers/50c7f33d-4bba-44cc-9ee9-5b77f2a11d2a => generated 246 bytes in 12 msecs (HTTP/1.1 404) 6 headers in 231 bytes (1 switches on core 0)
2026-07-22 23:16:13.648 8 INFO placement.requestlog [None req-b619448e-2b4f-41bd-850a-4516e5b25115 38b7af1608ab41288e45d13e552b4b4c 9e638baa87ad423dac194c8e5e228763 - - abae589cee0a4341a3424b5ec21a2a36 abae589cee0a4341a3424b5ec21a2a36] 10.0.0.189 "DELETE /resource_providers/50c7f33d-4bba-44cc-9ee9-5b77f2a11d2a" status: 404 len: 246 microversion: 1.1 [pid: 8|app: 0|req: 403/803] 10.0.0.189 () {34 vars in 825 bytes} [Wed Jul 22 23:16:13 2026] DELETE /resource_providers/50c7f33d-4bba-44cc-9ee9-5b77f2a11d2a => generated 246 bytes in 11 msecs (HTTP/1.1 404) 6 headers in 231 bytes (1 switches on core 0)
2026-07-22 23:16:15.664 7 INFO placement.requestlog [None req-7e005e4b-9876-400b-a76e-128902368db9 38b7af1608ab41288e45d13e552b4b4c 9e638baa87ad423dac194c8e5e228763 - - abae589cee0a4341a3424b5ec21a2a36 abae589cee0a4341a3424b5ec21a2a36] 10.0.0.189 "GET /resource_providers/4c1400fb-3924-4c81-88ff-5256a0705dab/aggregates" status: 404 len: 235 microversion: 1.1 [pid: 7|app: 0|req: 401/804] 10.0.0.189 () {32 vars in 825 bytes} [Wed Jul 22 23:16:15 2026] GET /resource_providers/4c1400fb-3924-4c81-88ff-5256a0705dab/aggregates => generated 235 bytes in 10 msecs (HTTP/1.1 404) 5 headers in 202 bytes (1 switches on core 0)
2026-07-22 23:16:15.688 8 INFO placement.requestlog [None req-08c99fd8-cdb4-4779-b94d-e5acae37dba1 38b7af1608ab41288e45d13e552b4b4c 9e638baa87ad423dac194c8e5e228763 - - abae589cee0a4341a3424b5ec21a2a36 abae589cee0a4341a3424b5ec21a2a36] 10.0.0.189 "DELETE /resource_providers/4c1400fb-3924-4c81-88ff-5256a0705dab" status: 404 len: 246 microversion: 1.1 [pid: 8|app: 0|req: 404/805] 10.0.0.189 () {34 vars in 825 bytes} [Wed Jul 22 23:16:15 2026] DELETE /resource_providers/4c1400fb-3924-4c81-88ff-5256a0705dab => generated 246 bytes in 11 msecs (HTTP/1.1 404) 6 headers in 231 bytes (1 switches on core 0)
2026-07-22 23:16:15.689 7 INFO placement.requestlog [None req-8d4ba410-3182-4067-baec-352a5d464466 38b7af1608ab41288e45d13e552b4b4c 9e638baa87ad423dac194c8e5e228763 - - abae589cee0a4341a3424b5ec21a2a36 abae589cee0a4341a3424b5ec21a2a36] 10.0.0.189 "GET /resource_providers/4c1400fb-3924-4c81-88ff-5256a0705dab/aggregates" status: 404 len: 235 microversion: 1.1 [pid: 7|app: 0|req: 402/806] 10.0.0.189 () {32 vars in 825 bytes} [Wed Jul 22 23:16:15 2026] GET /resource_providers/4c1400fb-3924-4c81-88ff-5256a0705dab/aggregates => generated 235 bytes in 13 msecs (HTTP/1.1 404) 5 headers in 202 bytes (1 switches on core 0)
2026-07-22 23:16:15.712 8 INFO placement.requestlog [None req-4e0cf301-7509-4d16-bbab-802b1e4f504c 38b7af1608ab41288e45d13e552b4b4c 9e638baa87ad423dac194c8e5e228763 - - abae589cee0a4341a3424b5ec21a2a36 abae589cee0a4341a3424b5ec21a2a36] 10.0.0.189 "DELETE /resource_providers/4c1400fb-3924-4c81-88ff-5256a0705dab" status: 404 len: 246 microversion: 1.1 [pid: 8|app: 0|req: 405/807] 10.0.0.189 () {34 vars in 825 bytes} [Wed Jul 22 23:16:15 2026] DELETE /resource_providers/4c1400fb-3924-4c81-88ff-5256a0705dab => generated 246 bytes in 13 msecs (HTTP/1.1 404) 6 headers in 231 bytes (1 switches on core 0)
2026-07-22 23:16:21.038 7 INFO placement.requestlog [None req-92cf6996-b74a-4ec7-af65-0f61ef13a7a9 - - - - - -] 10.0.0.178 "GET /" status: 200 len: 136 microversion: 1.0
2026-07-22 23:16:21.041 8 INFO placement.requestlog [None req-359669f2-0d58-4792-a964-ec4d1d50dd07 - - - - - -] 10.0.0.178 "GET /" status: 200 len: 136 microversion: 1.0
2026-07-22 23:16:21.122 8 INFO placement.requestlog [None req-bd9cf022-8cc7-46e3-a566-e606e218069b 38b7af1608ab41288e45d13e552b4b4c 9e638baa87ad423dac194c8e5e228763 - - abae589cee0a4341a3424b5ec21a2a36 abae589cee0a4341a3424b5ec21a2a36] 10.0.0.189 "GET /resource_providers/bf8fdab1-e279-4ec3-863e-0b0333c66f35/aggregates" status: 404 len: 235 microversion: 1.1 [pid: 8|app: 0|req: 407/810] 10.0.0.189 () {32 vars in 825 bytes} [Wed Jul 22 23:16:21 2026] GET /resource_providers/bf8fdab1-e279-4ec3-863e-0b0333c66f35/aggregates => generated 235 bytes in 10 msecs (HTTP/1.1 404) 5 headers in 202 bytes (1 switches on core 0)
2026-07-22 23:16:21.126 7 INFO placement.requestlog [None req-25086d53-5169-4087-844f-fb0ccbc3b0ad 38b7af1608ab41288e45d13e552b4b4c 9e638baa87ad423dac194c8e5e228763 - - abae589cee0a4341a3424b5ec21a2a36 abae589cee0a4341a3424b5ec21a2a36] 10.0.0.189 "GET /resource_providers/bf8fdab1-e279-4ec3-863e-0b0333c66f35/aggregates" status: 404 len: 235 microversion: 1.1 [pid: 7|app: 0|req: 404/811] 10.0.0.189 () {32 vars in 825 bytes} [Wed Jul 22 23:16:21 2026] GET /resource_providers/bf8fdab1-e279-4ec3-863e-0b0333c66f35/aggregates => generated 235 bytes in 16 msecs (HTTP/1.1 404) 5 headers in 202 bytes (1 switches on core 0)
2026-07-22 23:16:21.146 8 INFO placement.requestlog [None req-34bd0996-b3de-4a9d-bc70-dbef811a4b00 38b7af1608ab41288e45d13e552b4b4c 9e638baa87ad423dac194c8e5e228763 - - abae589cee0a4341a3424b5ec21a2a36 abae589cee0a4341a3424b5ec21a2a36] 10.0.0.189 "DELETE /resource_providers/bf8fdab1-e279-4ec3-863e-0b0333c66f35" status: 404 len: 246 microversion: 1.1
2026-07-22 23:16:21.146 7 INFO placement.requestlog [None req-3b7d083f-430f-4473-a474-f9220fb99421 38b7af1608ab41288e45d13e552b4b4c 9e638baa87ad423dac194c8e5e228763 - - abae589cee0a4341a3424b5ec21a2a36 abae589cee0a4341a3424b5ec21a2a36] 10.0.0.189 "DELETE /resource_providers/bf8fdab1-e279-4ec3-863e-0b0333c66f35" status: 404 len: 246 microversion: 1.1 [pid: 8|app: 0|req: 408/812] 10.0.0.189 () {34 vars in 825 bytes} [Wed Jul 22 23:16:21 2026] DELETE /resource_providers/bf8fdab1-e279-4ec3-863e-0b0333c66f35 => generated 246 bytes in 19 msecs (HTTP/1.1 404) 6 headers in 231 bytes (1 switches on core 0) [pid: 7|app: 0|req: 405/813] 10.0.0.189 () {34 vars in 825 bytes} [Wed Jul 22 23:16:21 2026] DELETE /resource_providers/bf8fdab1-e279-4ec3-863e-0b0333c66f35 => generated 246 bytes in 15 msecs (HTTP/1.1 404) 6 headers in 231 bytes (1 switches on core 0)
2026-07-22 23:16:25.367 8 INFO placement.requestlog [req-0551b449-735c-4c2d-ac77-d57104147c4e req-194e2f14-1927-4850-98e8-d042f3fc774d a95ad06c1c3246e8a1a7900ca18f3dde 9e638baa87ad423dac194c8e5e228763 - - abae589cee0a4341a3424b5ec21a2a36 abae589cee0a4341a3424b5ec21a2a36] 199.204.45.240 "GET /resource_providers/11b6058c-c72d-4f32-99c8-e8246135a5f4/allocations" status: 200 len: 152 microversion: 1.0 [pid: 8|app: 0|req: 409/814] 199.204.45.240 () {32 vars in 857 bytes} [Wed Jul 22 23:16:25 2026] GET /resource_providers/11b6058c-c72d-4f32-99c8-e8246135a5f4/allocations => generated 152 bytes in 214 msecs (HTTP/1.1 200) 6 headers in 224 bytes (1 switches on core 0)
2026-07-22 23:16:25.394 7 INFO placement.requestlog [req-0551b449-735c-4c2d-ac77-d57104147c4e req-cf53d526-4ac9-4273-bc3b-6e87e5236c1b a95ad06c1c3246e8a1a7900ca18f3dde 9e638baa87ad423dac194c8e5e228763 - - abae589cee0a4341a3424b5ec21a2a36 abae589cee0a4341a3424b5ec21a2a36] 199.204.45.240 "GET /resource_providers?in_tree=11b6058c-c72d-4f32-99c8-e8246135a5f4" status: 200 len: 797 microversion: 1.14 [pid: 7|app: 0|req: 406/815] 199.204.45.240 () {34 vars in 892 bytes} [Wed Jul 22 23:16:25 2026] GET /resource_providers?in_tree=11b6058c-c72d-4f32-99c8-e8246135a5f4 => generated 797 bytes in 21 msecs (HTTP/1.1 200) 6 headers in 225 bytes (1 switches on core 0)
2026-07-22 23:16:25.420 8 INFO placement.requestlog [req-0551b449-735c-4c2d-ac77-d57104147c4e req-a6906d86-f23e-431a-af72-08b04673b388 a95ad06c1c3246e8a1a7900ca18f3dde 9e638baa87ad423dac194c8e5e228763 - - abae589cee0a4341a3424b5ec21a2a36 abae589cee0a4341a3424b5ec21a2a36] 199.204.45.240 "GET /resource_providers/11b6058c-c72d-4f32-99c8-e8246135a5f4/inventories" status: 200 len: 400 microversion: 1.0 [pid: 8|app: 0|req: 410/816] 199.204.45.240 () {32 vars in 857 bytes} [Wed Jul 22 23:16:25 2026] GET /resource_providers/11b6058c-c72d-4f32-99c8-e8246135a5f4/inventories => generated 400 bytes in 17 msecs (HTTP/1.1 200) 6 headers in 224 bytes (1 switches on core 0)
2026-07-22 23:16:25.443 7 INFO placement.requestlog [req-0551b449-735c-4c2d-ac77-d57104147c4e req-628ee578-67e2-44e2-94d0-59ade45f07dd a95ad06c1c3246e8a1a7900ca18f3dde 9e638baa87ad423dac194c8e5e228763 - - abae589cee0a4341a3424b5ec21a2a36 abae589cee0a4341a3424b5ec21a2a36] 199.204.45.240 "GET /resource_providers/11b6058c-c72d-4f32-99c8-e8246135a5f4/aggregates" status: 200 len: 53 microversion: 1.19 [pid: 7|app: 0|req: 407/817] 199.204.45.240 () {34 vars in 899 bytes} [Wed Jul 22 23:16:25 2026] GET /resource_providers/11b6058c-c72d-4f32-99c8-e8246135a5f4/aggregates => generated 53 bytes in 13 msecs (HTTP/1.1 200) 8 headers in 295 bytes (1 switches on core 0)
2026-07-22 23:16:25.483 8 INFO placement.requestlog [req-0551b449-735c-4c2d-ac77-d57104147c4e req-78c7f019-40ae-465f-a2a0-3c307f2cd3f5 a95ad06c1c3246e8a1a7900ca18f3dde 9e638baa87ad423dac194c8e5e228763 - - abae589cee0a4341a3424b5ec21a2a36 abae589cee0a4341a3424b5ec21a2a36] 199.204.45.240 "GET /resource_providers/11b6058c-c72d-4f32-99c8-e8246135a5f4/traits" status: 200 len: 1752 microversion: 1.6 [pid: 8|app: 0|req: 411/818] 199.204.45.240 () {34 vars in 890 bytes} [Wed Jul 22 23:16:25 2026] GET /resource_providers/11b6058c-c72d-4f32-99c8-e8246135a5f4/traits => generated 1752 bytes in 29 msecs (HTTP/1.1 200) 6 headers in 225 bytes (1 switches on core 0)
2026-07-22 23:16:25.509 7 INFO placement.requestlog [req-0551b449-735c-4c2d-ac77-d57104147c4e req-6f63d543-4340-471c-ae03-93feccbcbb94 a95ad06c1c3246e8a1a7900ca18f3dde 9e638baa87ad423dac194c8e5e228763 - - abae589cee0a4341a3424b5ec21a2a36 abae589cee0a4341a3424b5ec21a2a36] 199.204.45.240 "GET /resource_providers/11b6058c-c72d-4f32-99c8-e8246135a5f4/allocations" status: 200 len: 152 microversion: 1.0 [pid: 7|app: 0|req: 408/819] 199.204.45.240 () {32 vars in 857 bytes} [Wed Jul 22 23:16:25 2026] GET /resource_providers/11b6058c-c72d-4f32-99c8-e8246135a5f4/allocations => generated 152 bytes in 20 msecs (HTTP/1.1 200) 6 headers in 224 bytes (1 switches on core 0)
2026-07-22 23:16:25.531 8 INFO placement.requestlog [req-0551b449-735c-4c2d-ac77-d57104147c4e req-be1ac9b0-1761-4517-b3ad-b558395f8acb a95ad06c1c3246e8a1a7900ca18f3dde 9e638baa87ad423dac194c8e5e228763 - - abae589cee0a4341a3424b5ec21a2a36 abae589cee0a4341a3424b5ec21a2a36] 199.204.45.240 "GET /allocations/76d1ac90-dece-474b-bd86-03d6a7623b90" status: 200 len: 257 microversion: 1.28 [pid: 8|app: 0|req: 412/820] 199.204.45.240 () {34 vars in 863 bytes} [Wed Jul 22 23:16:25 2026] GET /allocations/76d1ac90-dece-474b-bd86-03d6a7623b90 => generated 257 bytes in 14 msecs (HTTP/1.1 200) 8 headers in 296 bytes (1 switches on core 0)
2026-07-22 23:16:31.029 7 INFO placement.requestlog [None req-f9f0e3a9-1a04-4dbe-92a4-700a976dfcac - - - - - -] 10.0.0.178 "GET /" status: 200 len: 136 microversion: 1.0
2026-07-22 23:16:31.029 8 INFO placement.requestlog [None req-822c8c1c-febb-4cba-94e6-d38fe1e0fee7 - - - - - -] 10.0.0.178 "GET /" status: 200 len: 136 microversion: 1.0
2026-07-22 23:16:36.782 8 INFO placement.requestlog [req-9a25e77b-3c7c-4b65-8b8d-4e673bdf274b req-2b1a46b2-1a5c-47ad-aacc-4abfef0ca814 a95ad06c1c3246e8a1a7900ca18f3dde 9e638baa87ad423dac194c8e5e228763 - - abae589cee0a4341a3424b5ec21a2a36 abae589cee0a4341a3424b5ec21a2a36] 199.204.45.240 "GET /resource_providers/11b6058c-c72d-4f32-99c8-e8246135a5f4/allocations" status: 200 len: 152 microversion: 1.0 [pid: 8|app: 0|req: 414/823] 199.204.45.240 () {32 vars in 857 bytes} [Wed Jul 22 23:16:36 2026] GET /resource_providers/11b6058c-c72d-4f32-99c8-e8246135a5f4/allocations => generated 152 bytes in 17 msecs (HTTP/1.1 200) 6 headers in 224 bytes (1 switches on core 0)
2026-07-22 23:16:36.806 7 INFO placement.requestlog [req-9a25e77b-3c7c-4b65-8b8d-4e673bdf274b req-6e3be9f0-8f1d-4e11-a7d9-4c91f819f84d a95ad06c1c3246e8a1a7900ca18f3dde 9e638baa87ad423dac194c8e5e228763 - - abae589cee0a4341a3424b5ec21a2a36 abae589cee0a4341a3424b5ec21a2a36] 199.204.45.240 "GET /allocations/76d1ac90-dece-474b-bd86-03d6a7623b90" status: 200 len: 257 microversion: 1.28 [pid: 7|app: 0|req: 410/824] 199.204.45.240 () {34 vars in 863 bytes} [Wed Jul 22 23:16:36 2026] GET /allocations/76d1ac90-dece-474b-bd86-03d6a7623b90 => generated 257 bytes in 13 msecs (HTTP/1.1 200) 8 headers in 296 bytes (1 switches on core 0)
2026-07-22 23:16:36.888 8 INFO placement.requestlog [req-9a25e77b-3c7c-4b65-8b8d-4e673bdf274b req-458f5a1c-68c9-461a-8e12-709e39f30b37 a95ad06c1c3246e8a1a7900ca18f3dde 9e638baa87ad423dac194c8e5e228763 - - abae589cee0a4341a3424b5ec21a2a36 abae589cee0a4341a3424b5ec21a2a36] 199.204.45.240 "DELETE /allocations/76d1ac90-dece-474b-bd86-03d6a7623b90" status: 204 len: 0 microversion: 1.0 [pid: 8|app: 0|req: 415/825] 199.204.45.240 () {34 vars in 841 bytes} [Wed Jul 22 23:16:36 2026] DELETE /allocations/76d1ac90-dece-474b-bd86-03d6a7623b90 => generated 0 bytes in 27 msecs (HTTP/1.1 204) 5 headers in 198 bytes (1 switches on core 0)
2026-07-22 23:16:41.029 7 INFO placement.requestlog [None req-461a6669-feb6-42e5-80cb-19d5a8af77d3 - - - - - -] 10.0.0.178 "GET /" status: 200 len: 136 microversion: 1.0
2026-07-22 23:16:41.029 8 INFO placement.requestlog [None req-e92ff863-ced6-4742-af81-c2422a6f10db - - - - - -] 10.0.0.178 "GET /" status: 200 len: 136 microversion: 1.0
2026-07-22 23:16:42.137 8 INFO placement.requestlog [None req-3ffa76f7-9a1e-4005-8ca1-fc82d3d7328a 38b7af1608ab41288e45d13e552b4b4c 9e638baa87ad423dac194c8e5e228763 - - abae589cee0a4341a3424b5ec21a2a36 abae589cee0a4341a3424b5ec21a2a36] 10.0.0.189 "GET /resource_providers/db216512-aacf-4b2d-9580-bab6417803e5/aggregates" status: 404 len: 235 microversion: 1.1 [pid: 8|app: 0|req: 417/828] 10.0.0.189 () {32 vars in 825 bytes} [Wed Jul 22 23:16:42 2026] GET /resource_providers/db216512-aacf-4b2d-9580-bab6417803e5/aggregates => generated 235 bytes in 13 msecs (HTTP/1.1 404) 5 headers in 202 bytes (1 switches on core 0)
2026-07-22 23:16:42.142 7 INFO placement.requestlog [None req-ec2d4a38-4383-4f05-a893-5643049f90fc 38b7af1608ab41288e45d13e552b4b4c 9e638baa87ad423dac194c8e5e228763 - - abae589cee0a4341a3424b5ec21a2a36 abae589cee0a4341a3424b5ec21a2a36] 10.0.0.189 "GET /resource_providers/db216512-aacf-4b2d-9580-bab6417803e5/aggregates" status: 404 len: 235 microversion: 1.1 [pid: 7|app: 0|req: 412/829] 10.0.0.189 () {32 vars in 825 bytes} [Wed Jul 22 23:16:42 2026] GET /resource_providers/db216512-aacf-4b2d-9580-bab6417803e5/aggregates => generated 235 bytes in 17 msecs (HTTP/1.1 404) 5 headers in 202 bytes (1 switches on core 0)
2026-07-22 23:16:42.163 8 INFO placement.requestlog [None req-1601df99-ff93-4064-aeaf-c52ac79b8fa1 38b7af1608ab41288e45d13e552b4b4c 9e638baa87ad423dac194c8e5e228763 - - abae589cee0a4341a3424b5ec21a2a36 abae589cee0a4341a3424b5ec21a2a36] 10.0.0.189 "DELETE /resource_providers/db216512-aacf-4b2d-9580-bab6417803e5" status: 404 len: 246 microversion: 1.1 [pid: 8|app: 0|req: 418/830] 10.0.0.189 () {34 vars in 825 bytes} [Wed Jul 22 23:16:42 2026] DELETE /resource_providers/db216512-aacf-4b2d-9580-bab6417803e5 => generated 246 bytes in 13 msecs (HTTP/1.1 404) 6 headers in 231 bytes (1 switches on core 0)
2026-07-22 23:16:42.166 7 INFO placement.requestlog [None req-79e5a552-063a-433f-a81e-8ce8c0ca2b3a 38b7af1608ab41288e45d13e552b4b4c 9e638baa87ad423dac194c8e5e228763 - - abae589cee0a4341a3424b5ec21a2a36 abae589cee0a4341a3424b5ec21a2a36] 10.0.0.189 "DELETE /resource_providers/db216512-aacf-4b2d-9580-bab6417803e5" status: 404 len: 246 microversion: 1.1 [pid: 7|app: 0|req: 413/831] 10.0.0.189 () {34 vars in 825 bytes} [Wed Jul 22 23:16:42 2026] DELETE /resource_providers/db216512-aacf-4b2d-9580-bab6417803e5 => generated 246 bytes in 16 msecs (HTTP/1.1 404) 6 headers in 231 bytes (1 switches on core 0)
2026-07-22 23:16:51.029 7 INFO placement.requestlog [None req-0c9f5cda-5f3a-4ff7-92c6-5bb1c747279b - - - - - -] 10.0.0.178 "GET /" status: 200 len: 136 microversion: 1.0
2026-07-22 23:16:51.030 8 INFO placement.requestlog [None req-b58e2eea-d197-4232-aa27-1597be12f3a8 - - - - - -] 10.0.0.178 "GET /" status: 200 len: 136 microversion: 1.0
2026-07-22 23:16:52.970 7 INFO placement.requestlog [req-2bab383b-4b63-4c83-b58c-d824a6e4b42e req-ade3d49e-2496-4743-81b1-781ea224f70a a95ad06c1c3246e8a1a7900ca18f3dde 9e638baa87ad423dac194c8e5e228763 - - abae589cee0a4341a3424b5ec21a2a36 abae589cee0a4341a3424b5ec21a2a36] 10.0.0.254 "GET /allocation_candidates?limit=1000&resources=DISK_GB%3A1%2CMEMORY_MB%3A512%2CVCPU%3A1&root_required=%21COMPUTE_STATUS_DISABLED" status: 200 len: 2217 microversion: 1.36 [pid: 7|app: 0|req: 415/834] 10.0.0.254 () {34 vars in 1012 bytes} [Wed Jul 22 23:16:52 2026] GET /allocation_candidates?limit=1000&resources=DISK_GB%3A1%2CMEMORY_MB%3A512%2CVCPU%3A1&root_required=%21COMPUTE_STATUS_DISABLED => generated 2217 bytes in 46 msecs (HTTP/1.1 200) 8 headers in 297 bytes (1 switches on core 0)
2026-07-22 23:16:53.005 8 INFO placement.requestlog [req-2bab383b-4b63-4c83-b58c-d824a6e4b42e req-5e291903-7285-4afd-9618-dcf4946bf17f a95ad06c1c3246e8a1a7900ca18f3dde 9e638baa87ad423dac194c8e5e228763 - - abae589cee0a4341a3424b5ec21a2a36 abae589cee0a4341a3424b5ec21a2a36] 10.0.0.254 "GET /allocations/e8c44c83-f50e-47a8-95c5-5dd1af60d9cb" status: 200 len: 19 microversion: 1.28 [pid: 8|app: 0|req: 420/835] 10.0.0.254 () {34 vars in 861 bytes} [Wed Jul 22 23:16:52 2026] GET /allocations/e8c44c83-f50e-47a8-95c5-5dd1af60d9cb => generated 19 bytes in 11 msecs (HTTP/1.1 200) 8 headers in 295 bytes (1 switches on core 0)
2026-07-22 23:16:53.079 7 INFO placement.requestlog [req-2bab383b-4b63-4c83-b58c-d824a6e4b42e req-2cfd30eb-0b02-4100-920f-2ede38c864c7 a95ad06c1c3246e8a1a7900ca18f3dde 9e638baa87ad423dac194c8e5e228763 - - abae589cee0a4341a3424b5ec21a2a36 abae589cee0a4341a3424b5ec21a2a36] 10.0.0.254 "PUT /allocations/e8c44c83-f50e-47a8-95c5-5dd1af60d9cb" status: 204 len: 0 microversion: 1.36 [pid: 7|app: 0|req: 416/836] 10.0.0.254 () {38 vars in 914 bytes} [Wed Jul 22 23:16:53 2026] PUT /allocations/e8c44c83-f50e-47a8-95c5-5dd1af60d9cb => generated 0 bytes in 65 msecs (HTTP/1.1 204) 5 headers in 199 bytes (1 switches on core 0)
2026-07-22 23:16:53.376 8 INFO placement.requestlog [req-2bab383b-4b63-4c83-b58c-d824a6e4b42e req-4a644755-f5cc-4f42-b699-710132c29cee a95ad06c1c3246e8a1a7900ca18f3dde 9e638baa87ad423dac194c8e5e228763 - - abae589cee0a4341a3424b5ec21a2a36 abae589cee0a4341a3424b5ec21a2a36] 199.204.45.240 "GET /allocations/e8c44c83-f50e-47a8-95c5-5dd1af60d9cb" status: 200 len: 257 microversion: 1.28 [pid: 8|app: 0|req: 421/837] 199.204.45.240 () {34 vars in 863 bytes} [Wed Jul 22 23:16:53 2026] GET /allocations/e8c44c83-f50e-47a8-95c5-5dd1af60d9cb => generated 257 bytes in 13 msecs (HTTP/1.1 200) 8 headers in 296 bytes (1 switches on core 0)
2026-07-22 23:16:53.497 7 INFO placement.requestlog [req-2bab383b-4b63-4c83-b58c-d824a6e4b42e req-7fc08488-aeda-4960-b54d-2267e014bbe2 a95ad06c1c3246e8a1a7900ca18f3dde 9e638baa87ad423dac194c8e5e228763 - - abae589cee0a4341a3424b5ec21a2a36 abae589cee0a4341a3424b5ec21a2a36] 199.204.45.240 "GET /resource_providers/11b6058c-c72d-4f32-99c8-e8246135a5f4/allocations" status: 200 len: 152 microversion: 1.0 [pid: 7|app: 0|req: 417/838] 199.204.45.240 () {32 vars in 857 bytes} [Wed Jul 22 23:16:53 2026] GET /resource_providers/11b6058c-c72d-4f32-99c8-e8246135a5f4/allocations => generated 152 bytes in 19 msecs (HTTP/1.1 200) 6 headers in 224 bytes (1 switches on core 0)
2026-07-22 23:16:53.523 8 INFO placement.requestlog [req-2bab383b-4b63-4c83-b58c-d824a6e4b42e req-324b0aab-9739-49f3-8532-4ad1a28860a3 a95ad06c1c3246e8a1a7900ca18f3dde 9e638baa87ad423dac194c8e5e228763 - - abae589cee0a4341a3424b5ec21a2a36 abae589cee0a4341a3424b5ec21a2a36] 199.204.45.240 "GET /allocations/e8c44c83-f50e-47a8-95c5-5dd1af60d9cb" status: 200 len: 257 microversion: 1.28 [pid: 8|app: 0|req: 422/839] 199.204.45.240 () {34 vars in 863 bytes} [Wed Jul 22 23:16:53 2026] GET /allocations/e8c44c83-f50e-47a8-95c5-5dd1af60d9cb => generated 257 bytes in 17 msecs (HTTP/1.1 200) 8 headers in 296 bytes (1 switches on core 0)
2026-07-22 23:16:59.442 7 INFO placement.requestlog [req-11fbee23-aacb-4f67-b59d-d1bdc1d32e7d req-6cde5ae3-be93-4757-9fad-06e6a9b3969f a95ad06c1c3246e8a1a7900ca18f3dde 9e638baa87ad423dac194c8e5e228763 - - abae589cee0a4341a3424b5ec21a2a36 abae589cee0a4341a3424b5ec21a2a36] 199.204.45.240 "GET /resource_providers/11b6058c-c72d-4f32-99c8-e8246135a5f4/allocations" status: 200 len: 152 microversion: 1.0 [pid: 7|app: 0|req: 418/840] 199.204.45.240 () {32 vars in 857 bytes} [Wed Jul 22 23:16:59 2026] GET /resource_providers/11b6058c-c72d-4f32-99c8-e8246135a5f4/allocations => generated 152 bytes in 18 msecs (HTTP/1.1 200) 6 headers in 224 bytes (1 switches on core 0)
2026-07-22 23:16:59.463 8 INFO placement.requestlog [req-11fbee23-aacb-4f67-b59d-d1bdc1d32e7d req-b7627edc-ecb5-4b3f-8235-d9f2794529fd a95ad06c1c3246e8a1a7900ca18f3dde 9e638baa87ad423dac194c8e5e228763 - - abae589cee0a4341a3424b5ec21a2a36 abae589cee0a4341a3424b5ec21a2a36] 199.204.45.240 "GET /allocations/e8c44c83-f50e-47a8-95c5-5dd1af60d9cb" status: 200 len: 257 microversion: 1.28 [pid: 8|app: 0|req: 423/841] 199.204.45.240 () {34 vars in 863 bytes} [Wed Jul 22 23:16:59 2026] GET /allocations/e8c44c83-f50e-47a8-95c5-5dd1af60d9cb => generated 257 bytes in 15 msecs (HTTP/1.1 200) 8 headers in 296 bytes (1 switches on core 0)
2026-07-22 23:16:59.547 7 INFO placement.requestlog [req-11fbee23-aacb-4f67-b59d-d1bdc1d32e7d req-52c2cac4-0510-4aa9-92cf-8f1dab4512c3 a95ad06c1c3246e8a1a7900ca18f3dde 9e638baa87ad423dac194c8e5e228763 - - abae589cee0a4341a3424b5ec21a2a36 abae589cee0a4341a3424b5ec21a2a36] 199.204.45.240 "DELETE /allocations/e8c44c83-f50e-47a8-95c5-5dd1af60d9cb" status: 204 len: 0 microversion: 1.0 [pid: 7|app: 0|req: 419/842] 199.204.45.240 () {34 vars in 841 bytes} [Wed Jul 22 23:16:59 2026] DELETE /allocations/e8c44c83-f50e-47a8-95c5-5dd1af60d9cb => generated 0 bytes in 31 msecs (HTTP/1.1 204) 5 headers in 198 bytes (1 switches on core 0)
2026-07-22 23:17:01.028 8 INFO placement.requestlog [None req-0b0aaa9b-4677-4ad6-b317-d2e279449103 - - - - - -] 10.0.0.178 "GET /" status: 200 len: 136 microversion: 1.0
2026-07-22 23:17:01.028 7 INFO placement.requestlog [None req-20cdfa4d-e010-470e-b832-bcf7587cb93b - - - - - -] 10.0.0.178 "GET /" status: 200 len: 136 microversion: 1.0
2026-07-22 23:17:01.710 8 INFO placement.requestlog [None req-75fff365-a299-4a61-99da-67d6f0e1995d 38b7af1608ab41288e45d13e552b4b4c 9e638baa87ad423dac194c8e5e228763 - - abae589cee0a4341a3424b5ec21a2a36 abae589cee0a4341a3424b5ec21a2a36] 10.0.0.189 "GET /resource_providers/fd288c73-c4d5-4a5b-9607-801f25c68019/aggregates" status: 404 len: 235 microversion: 1.1
2026-07-22 23:17:01.710 7 INFO placement.requestlog [None req-818d5fee-dc0c-4b24-9d75-58ad647a1786 38b7af1608ab41288e45d13e552b4b4c 9e638baa87ad423dac194c8e5e228763 - - abae589cee0a4341a3424b5ec21a2a36 abae589cee0a4341a3424b5ec21a2a36] 10.0.0.189 "GET /resource_providers/fd288c73-c4d5-4a5b-9607-801f25c68019/aggregates" status: 404 len: 235 microversion: 1.1 [pid: 8|app: 0|req: 425/845] 10.0.0.189 () {32 vars in 825 bytes} [Wed Jul 22 23:17:01 2026] GET /resource_providers/fd288c73-c4d5-4a5b-9607-801f25c68019/aggregates => generated 235 bytes in 13 msecs (HTTP/1.1 404) 5 headers in 202 bytes (1 switches on core 0) [pid: 7|app: 0|req: 421/846] 10.0.0.189 () {32 vars in 825 bytes} [Wed Jul 22 23:17:01 2026] GET /resource_providers/fd288c73-c4d5-4a5b-9607-801f25c68019/aggregates => generated 235 bytes in 11 msecs (HTTP/1.1 404) 5 headers in 202 bytes (1 switches on core 0)
