2026-07-14 09:55:01.473 8 INFO placement.requestlog [None req-52c0d74f-7b74-4b2f-bf52-d89752091a94 558cd32939cd45778a1f31e5c3bf1c60 4532c8aef958488289359460347168b9 - - d0321e03adfd45cb83f66b693c59e829 d0321e03adfd45cb83f66b693c59e829] 10.0.0.245 "DELETE /resource_providers/dd7e29b2-f321-4f24-a28e-12fbd90fda14" status: 404 len: 246 microversion: 1.1 [pid: 8|app: 0|req: 560/1105] 10.0.0.245 () {34 vars in 815 bytes} [Tue Jul 14 09:55:01 2026] DELETE /resource_providers/dd7e29b2-f321-4f24-a28e-12fbd90fda14 => generated 246 bytes in 8 msecs (HTTP/1.1 404) 6 headers in 231 bytes (1 switches on core 0)
2026-07-14 09:55:01.490 7 INFO placement.requestlog [None req-37b79163-ce6b-405b-a4dc-be860b7c604e 558cd32939cd45778a1f31e5c3bf1c60 4532c8aef958488289359460347168b9 - - d0321e03adfd45cb83f66b693c59e829 d0321e03adfd45cb83f66b693c59e829] 10.0.0.245 "DELETE /resource_providers/dd7e29b2-f321-4f24-a28e-12fbd90fda14" status: 404 len: 246 microversion: 1.1 [pid: 7|app: 0|req: 546/1106] 10.0.0.245 () {34 vars in 815 bytes} [Tue Jul 14 09:55:01 2026] DELETE /resource_providers/dd7e29b2-f321-4f24-a28e-12fbd90fda14 => generated 246 bytes in 13 msecs (HTTP/1.1 404) 6 headers in 231 bytes (1 switches on core 0)
2026-07-14 09:55:05.878 8 INFO placement.requestlog [None req-3f524cfa-5149-4cfd-958d-ccc467e82fbd - - - - - -] 10.0.0.150 "GET /" status: 200 len: 136 microversion: 1.0
2026-07-14 09:55:05.880 7 INFO placement.requestlog [None req-4a222c75-c8b4-4e96-952c-c7f8ebd419f5 - - - - - -] 10.0.0.150 "GET /" status: 200 len: 136 microversion: 1.0
2026-07-14 09:55:12.985 8 INFO placement.requestlog [None req-ddd95eee-f65e-4988-87b3-eaf74ca6e260 558cd32939cd45778a1f31e5c3bf1c60 4532c8aef958488289359460347168b9 - - d0321e03adfd45cb83f66b693c59e829 d0321e03adfd45cb83f66b693c59e829] 10.0.0.245 "GET /resource_providers/4a886fe6-73cb-4f19-8959-42d0152d210b/aggregates" status: 404 len: 235 microversion: 1.1 [pid: 8|app: 0|req: 562/1109] 10.0.0.245 () {32 vars in 815 bytes} [Tue Jul 14 09:55:12 2026] GET /resource_providers/4a886fe6-73cb-4f19-8959-42d0152d210b/aggregates => generated 235 bytes in 10 msecs (HTTP/1.1 404) 5 headers in 202 bytes (1 switches on core 0)
2026-07-14 09:55:12.988 7 INFO placement.requestlog [None req-3944cea2-001c-4008-8d44-468d00a9bac8 558cd32939cd45778a1f31e5c3bf1c60 4532c8aef958488289359460347168b9 - - d0321e03adfd45cb83f66b693c59e829 d0321e03adfd45cb83f66b693c59e829] 10.0.0.245 "GET /resource_providers/4a886fe6-73cb-4f19-8959-42d0152d210b/aggregates" status: 404 len: 235 microversion: 1.1 [pid: 7|app: 0|req: 548/1110] 10.0.0.245 () {32 vars in 815 bytes} [Tue Jul 14 09:55:12 2026] GET /resource_providers/4a886fe6-73cb-4f19-8959-42d0152d210b/aggregates => generated 235 bytes in 11 msecs (HTTP/1.1 404) 5 headers in 202 bytes (1 switches on core 0)
2026-07-14 09:55:13.008 8 INFO placement.requestlog [None req-ee0b533b-7bf8-487f-8e0d-47c4ac148b2d 558cd32939cd45778a1f31e5c3bf1c60 4532c8aef958488289359460347168b9 - - d0321e03adfd45cb83f66b693c59e829 d0321e03adfd45cb83f66b693c59e829] 10.0.0.245 "DELETE /resource_providers/4a886fe6-73cb-4f19-8959-42d0152d210b" status: 404 len: 246 microversion: 1.1
2026-07-14 09:55:13.008 7 INFO placement.requestlog [None req-d9815d59-3863-42d3-a5ab-dbcd57279a95 558cd32939cd45778a1f31e5c3bf1c60 4532c8aef958488289359460347168b9 - - d0321e03adfd45cb83f66b693c59e829 d0321e03adfd45cb83f66b693c59e829] 10.0.0.245 "DELETE /resource_providers/4a886fe6-73cb-4f19-8959-42d0152d210b" status: 404 len: 246 microversion: 1.1 [pid: 7|app: 0|req: 549/1112] 10.0.0.245 () {34 vars in 815 bytes} [Tue Jul 14 09:55:13 2026] DELETE /resource_providers/4a886fe6-73cb-4f19-8959-42d0152d210b => generated 246 bytes in 8 msecs (HTTP/1.1 404) 6 headers in 231 bytes (1 switches on core 0) [pid: 8|app: 0|req: 563/1112] 10.0.0.245 () {34 vars in 815 bytes} [Tue Jul 14 09:55:12 2026] DELETE /resource_providers/4a886fe6-73cb-4f19-8959-42d0152d210b => generated 246 bytes in 12 msecs (HTTP/1.1 404) 6 headers in 231 bytes (1 switches on core 0)
2026-07-14 09:55:13.565 7 INFO placement.requestlog [None req-5473defd-b58f-4fb2-94f2-9c4cdd5e073c 558cd32939cd45778a1f31e5c3bf1c60 4532c8aef958488289359460347168b9 - - d0321e03adfd45cb83f66b693c59e829 d0321e03adfd45cb83f66b693c59e829] 10.0.0.245 "GET /resource_providers/92050ea4-2b6f-4f74-8518-3f44e21d878e/aggregates" status: 404 len: 235 microversion: 1.1 [pid: 7|app: 0|req: 550/1113] 10.0.0.245 () {32 vars in 815 bytes} [Tue Jul 14 09:55:13 2026] GET /resource_providers/92050ea4-2b6f-4f74-8518-3f44e21d878e/aggregates => generated 235 bytes in 11 msecs (HTTP/1.1 404) 5 headers in 202 bytes (1 switches on core 0)
2026-07-14 09:55:13.585 7 INFO placement.requestlog [None req-bd431c3b-155b-409d-ac8f-23d15bfd77af 558cd32939cd45778a1f31e5c3bf1c60 4532c8aef958488289359460347168b9 - - d0321e03adfd45cb83f66b693c59e829 d0321e03adfd45cb83f66b693c59e829] 10.0.0.245 "DELETE /resource_providers/92050ea4-2b6f-4f74-8518-3f44e21d878e" status: 404 len: 246 microversion: 1.1 [pid: 7|app: 0|req: 551/1114] 10.0.0.245 () {34 vars in 815 bytes} [Tue Jul 14 09:55:13 2026] DELETE /resource_providers/92050ea4-2b6f-4f74-8518-3f44e21d878e => generated 246 bytes in 13 msecs (HTTP/1.1 404) 6 headers in 231 bytes (1 switches on core 0)
2026-07-14 09:55:13.585 8 INFO placement.requestlog [None req-9f7a00e1-8cb4-46d0-801b-d83260aa4657 558cd32939cd45778a1f31e5c3bf1c60 4532c8aef958488289359460347168b9 - - d0321e03adfd45cb83f66b693c59e829 d0321e03adfd45cb83f66b693c59e829] 10.0.0.245 "GET /resource_providers/92050ea4-2b6f-4f74-8518-3f44e21d878e/aggregates" status: 404 len: 235 microversion: 1.1 [pid: 8|app: 0|req: 564/1115] 10.0.0.245 () {32 vars in 815 bytes} [Tue Jul 14 09:55:13 2026] GET /resource_providers/92050ea4-2b6f-4f74-8518-3f44e21d878e/aggregates => generated 235 bytes in 32 msecs (HTTP/1.1 404) 5 headers in 202 bytes (1 switches on core 0)
2026-07-14 09:55:13.606 7 INFO placement.requestlog [None req-52fb3009-b88e-4cc6-a558-5bf5d0e54148 558cd32939cd45778a1f31e5c3bf1c60 4532c8aef958488289359460347168b9 - - d0321e03adfd45cb83f66b693c59e829 d0321e03adfd45cb83f66b693c59e829] 10.0.0.245 "DELETE /resource_providers/92050ea4-2b6f-4f74-8518-3f44e21d878e" status: 404 len: 246 microversion: 1.1 [pid: 7|app: 0|req: 552/1116] 10.0.0.245 () {34 vars in 815 bytes} [Tue Jul 14 09:55:13 2026] DELETE /resource_providers/92050ea4-2b6f-4f74-8518-3f44e21d878e => generated 246 bytes in 12 msecs (HTTP/1.1 404) 6 headers in 231 bytes (1 switches on core 0)
2026-07-14 09:55:15.030 8 INFO placement.requestlog [None req-d343ac25-200d-4d94-bde5-4c8c8fa24454 558cd32939cd45778a1f31e5c3bf1c60 4532c8aef958488289359460347168b9 - - d0321e03adfd45cb83f66b693c59e829 d0321e03adfd45cb83f66b693c59e829] 10.0.0.245 "GET /resource_providers/db7b47be-cd80-4bcd-bdb4-9ae27acd5346/aggregates" status: 404 len: 235 microversion: 1.1 [pid: 8|app: 0|req: 565/1117] 10.0.0.245 () {32 vars in 815 bytes} [Tue Jul 14 09:55:15 2026] GET /resource_providers/db7b47be-cd80-4bcd-bdb4-9ae27acd5346/aggregates => generated 235 bytes in 10 msecs (HTTP/1.1 404) 5 headers in 202 bytes (1 switches on core 0)
2026-07-14 09:55:15.030 7 INFO placement.requestlog [None req-110fc06c-b1ec-4188-a593-5a6ed8155390 558cd32939cd45778a1f31e5c3bf1c60 4532c8aef958488289359460347168b9 - - d0321e03adfd45cb83f66b693c59e829 d0321e03adfd45cb83f66b693c59e829] 10.0.0.245 "GET /resource_providers/db7b47be-cd80-4bcd-bdb4-9ae27acd5346/aggregates" status: 404 len: 235 microversion: 1.1 [pid: 7|app: 0|req: 553/1118] 10.0.0.245 () {32 vars in 815 bytes} [Tue Jul 14 09:55:15 2026] GET /resource_providers/db7b47be-cd80-4bcd-bdb4-9ae27acd5346/aggregates => generated 235 bytes in 10 msecs (HTTP/1.1 404) 5 headers in 202 bytes (1 switches on core 0)
2026-07-14 09:55:15.055 8 INFO placement.requestlog [None req-f312feca-e3b3-4aea-b27e-4c52827a5755 558cd32939cd45778a1f31e5c3bf1c60 4532c8aef958488289359460347168b9 - - d0321e03adfd45cb83f66b693c59e829 d0321e03adfd45cb83f66b693c59e829] 10.0.0.245 "DELETE /resource_providers/db7b47be-cd80-4bcd-bdb4-9ae27acd5346" status: 404 len: 246 microversion: 1.1 [pid: 8|app: 0|req: 566/1119] 10.0.0.245 () {34 vars in 815 bytes} [Tue Jul 14 09:55:15 2026] DELETE /resource_providers/db7b47be-cd80-4bcd-bdb4-9ae27acd5346 => generated 246 bytes in 14 msecs (HTTP/1.1 404) 6 headers in 231 bytes (1 switches on core 0)
2026-07-14 09:55:15.056 7 INFO placement.requestlog [None req-c9217f53-aa99-4023-824f-7bd4fc08e015 558cd32939cd45778a1f31e5c3bf1c60 4532c8aef958488289359460347168b9 - - d0321e03adfd45cb83f66b693c59e829 d0321e03adfd45cb83f66b693c59e829] 10.0.0.245 "DELETE /resource_providers/db7b47be-cd80-4bcd-bdb4-9ae27acd5346" status: 404 len: 246 microversion: 1.1 [pid: 7|app: 0|req: 554/1120] 10.0.0.245 () {34 vars in 815 bytes} [Tue Jul 14 09:55:15 2026] DELETE /resource_providers/db7b47be-cd80-4bcd-bdb4-9ae27acd5346 => generated 246 bytes in 13 msecs (HTTP/1.1 404) 6 headers in 231 bytes (1 switches on core 0)
2026-07-14 09:55:15.074 8 INFO placement.requestlog [None req-7ac05793-f1c5-4f5e-91c5-cbb61c0be375 558cd32939cd45778a1f31e5c3bf1c60 4532c8aef958488289359460347168b9 - - d0321e03adfd45cb83f66b693c59e829 d0321e03adfd45cb83f66b693c59e829] 10.0.0.245 "GET /resource_providers/2278687d-3e36-4cca-8136-d2bf4a41100a/aggregates" status: 404 len: 235 microversion: 1.1 [pid: 8|app: 0|req: 567/1121] 10.0.0.245 () {32 vars in 815 bytes} [Tue Jul 14 09:55:15 2026] GET /resource_providers/2278687d-3e36-4cca-8136-d2bf4a41100a/aggregates => generated 235 bytes in 9 msecs (HTTP/1.1 404) 5 headers in 202 bytes (1 switches on core 0)
2026-07-14 09:55:15.080 7 INFO placement.requestlog [None req-45dbbedc-7192-44f0-ab4a-696b1aad7fa1 558cd32939cd45778a1f31e5c3bf1c60 4532c8aef958488289359460347168b9 - - d0321e03adfd45cb83f66b693c59e829 d0321e03adfd45cb83f66b693c59e829] 10.0.0.245 "GET /resource_providers/2278687d-3e36-4cca-8136-d2bf4a41100a/aggregates" status: 404 len: 235 microversion: 1.1 [pid: 7|app: 0|req: 555/1122] 10.0.0.245 () {32 vars in 815 bytes} [Tue Jul 14 09:55:15 2026] GET /resource_providers/2278687d-3e36-4cca-8136-d2bf4a41100a/aggregates => generated 235 bytes in 13 msecs (HTTP/1.1 404) 5 headers in 202 bytes (1 switches on core 0)
2026-07-14 09:55:15.090 8 INFO placement.requestlog [None req-d827b3c3-4951-434d-8236-11142d61f98a 558cd32939cd45778a1f31e5c3bf1c60 4532c8aef958488289359460347168b9 - - d0321e03adfd45cb83f66b693c59e829 d0321e03adfd45cb83f66b693c59e829] 10.0.0.245 "DELETE /resource_providers/2278687d-3e36-4cca-8136-d2bf4a41100a" status: 404 len: 246 microversion: 1.1 [pid: 8|app: 0|req: 568/1123] 10.0.0.245 () {34 vars in 815 bytes} [Tue Jul 14 09:55:15 2026] DELETE /resource_providers/2278687d-3e36-4cca-8136-d2bf4a41100a => generated 246 bytes in 7 msecs (HTTP/1.1 404) 6 headers in 231 bytes (1 switches on core 0)
2026-07-14 09:55:15.103 8 INFO placement.requestlog [None req-d0bfcf12-d216-4315-b476-9655cc13539b 558cd32939cd45778a1f31e5c3bf1c60 4532c8aef958488289359460347168b9 - - d0321e03adfd45cb83f66b693c59e829 d0321e03adfd45cb83f66b693c59e829] 10.0.0.245 "GET /resource_providers/bff98b21-dfd5-421d-ab0d-4199526e93cd/aggregates" status: 404 len: 235 microversion: 1.1 [pid: 8|app: 0|req: 569/1124] 10.0.0.245 () {32 vars in 815 bytes} [Tue Jul 14 09:55:15 2026] GET /resource_providers/bff98b21-dfd5-421d-ab0d-4199526e93cd/aggregates => generated 235 bytes in 9 msecs (HTTP/1.1 404) 5 headers in 202 bytes (1 switches on core 0)
2026-07-14 09:55:15.105 7 INFO placement.requestlog [None req-ca544fc5-2c9a-4807-ae2e-02d3c410b974 558cd32939cd45778a1f31e5c3bf1c60 4532c8aef958488289359460347168b9 - - d0321e03adfd45cb83f66b693c59e829 d0321e03adfd45cb83f66b693c59e829] 10.0.0.245 "DELETE /resource_providers/2278687d-3e36-4cca-8136-d2bf4a41100a" status: 404 len: 246 microversion: 1.1 [pid: 7|app: 0|req: 556/1125] 10.0.0.245 () {34 vars in 815 bytes} [Tue Jul 14 09:55:15 2026] DELETE /resource_providers/2278687d-3e36-4cca-8136-d2bf4a41100a => generated 246 bytes in 12 msecs (HTTP/1.1 404) 6 headers in 231 bytes (1 switches on core 0)
2026-07-14 09:55:15.122 8 INFO placement.requestlog [None req-5318a128-a1fc-452b-8828-bcac6e4c4cca 558cd32939cd45778a1f31e5c3bf1c60 4532c8aef958488289359460347168b9 - - d0321e03adfd45cb83f66b693c59e829 d0321e03adfd45cb83f66b693c59e829] 10.0.0.245 "DELETE /resource_providers/bff98b21-dfd5-421d-ab0d-4199526e93cd" status: 404 len: 246 microversion: 1.1 [pid: 8|app: 0|req: 570/1126] 10.0.0.245 () {34 vars in 815 bytes} [Tue Jul 14 09:55:15 2026] DELETE /resource_providers/bff98b21-dfd5-421d-ab0d-4199526e93cd => generated 246 bytes in 8 msecs (HTTP/1.1 404) 6 headers in 231 bytes (1 switches on core 0)
2026-07-14 09:55:15.124 7 INFO placement.requestlog [None req-63086056-acec-4456-aec5-2896fa76f058 558cd32939cd45778a1f31e5c3bf1c60 4532c8aef958488289359460347168b9 - - d0321e03adfd45cb83f66b693c59e829 d0321e03adfd45cb83f66b693c59e829] 10.0.0.245 "GET /resource_providers/bff98b21-dfd5-421d-ab0d-4199526e93cd/aggregates" status: 404 len: 235 microversion: 1.1 [pid: 7|app: 0|req: 557/1127] 10.0.0.245 () {32 vars in 815 bytes} [Tue Jul 14 09:55:15 2026] GET /resource_providers/bff98b21-dfd5-421d-ab0d-4199526e93cd/aggregates => generated 235 bytes in 9 msecs (HTTP/1.1 404) 5 headers in 202 bytes (1 switches on core 0)
2026-07-14 09:55:15.140 7 INFO placement.requestlog [None req-6ad7409d-ddcd-4844-a79b-dcd8c1a2b38d 558cd32939cd45778a1f31e5c3bf1c60 4532c8aef958488289359460347168b9 - - d0321e03adfd45cb83f66b693c59e829 d0321e03adfd45cb83f66b693c59e829] 10.0.0.245 "GET /resource_providers/6df929e4-a466-41b6-930f-d8cd5691e1ba/aggregates" status: 404 len: 235 microversion: 1.1 [pid: 7|app: 0|req: 558/1128] 10.0.0.245 () {32 vars in 815 bytes} [Tue Jul 14 09:55:15 2026] GET /resource_providers/6df929e4-a466-41b6-930f-d8cd5691e1ba/aggregates => generated 235 bytes in 8 msecs (HTTP/1.1 404) 5 headers in 202 bytes (1 switches on core 0)
2026-07-14 09:55:15.141 8 INFO placement.requestlog [None req-d58e4008-2b1f-430e-af69-8b66f5fef443 558cd32939cd45778a1f31e5c3bf1c60 4532c8aef958488289359460347168b9 - - d0321e03adfd45cb83f66b693c59e829 d0321e03adfd45cb83f66b693c59e829] 10.0.0.245 "DELETE /resource_providers/bff98b21-dfd5-421d-ab0d-4199526e93cd" status: 404 len: 246 microversion: 1.1 [pid: 8|app: 0|req: 571/1129] 10.0.0.245 () {34 vars in 815 bytes} [Tue Jul 14 09:55:15 2026] DELETE /resource_providers/bff98b21-dfd5-421d-ab0d-4199526e93cd => generated 246 bytes in 10 msecs (HTTP/1.1 404) 6 headers in 231 bytes (1 switches on core 0)
2026-07-14 09:55:15.157 7 INFO placement.requestlog [None req-25f717fa-3145-461c-abff-db7b226bb6fe 558cd32939cd45778a1f31e5c3bf1c60 4532c8aef958488289359460347168b9 - - d0321e03adfd45cb83f66b693c59e829 d0321e03adfd45cb83f66b693c59e829] 10.0.0.245 "DELETE /resource_providers/6df929e4-a466-41b6-930f-d8cd5691e1ba" status: 404 len: 246 microversion: 1.1 [pid: 7|app: 0|req: 559/1130] 10.0.0.245 () {34 vars in 815 bytes} [Tue Jul 14 09:55:15 2026] DELETE /resource_providers/6df929e4-a466-41b6-930f-d8cd5691e1ba => generated 246 bytes in 8 msecs (HTTP/1.1 404) 6 headers in 231 bytes (1 switches on core 0)
2026-07-14 09:55:15.162 8 INFO placement.requestlog [None req-9eb58de3-4d36-44ac-a5fe-757496ce86af 558cd32939cd45778a1f31e5c3bf1c60 4532c8aef958488289359460347168b9 - - d0321e03adfd45cb83f66b693c59e829 d0321e03adfd45cb83f66b693c59e829] 10.0.0.245 "GET /resource_providers/6df929e4-a466-41b6-930f-d8cd5691e1ba/aggregates" status: 404 len: 235 microversion: 1.1 [pid: 8|app: 0|req: 572/1131] 10.0.0.245 () {32 vars in 815 bytes} [Tue Jul 14 09:55:15 2026] GET /resource_providers/6df929e4-a466-41b6-930f-d8cd5691e1ba/aggregates => generated 235 bytes in 11 msecs (HTTP/1.1 404) 5 headers in 202 bytes (1 switches on core 0)
2026-07-14 09:55:15.184 7 INFO placement.requestlog [None req-09b5d404-1be7-4feb-acdf-9bf16a817317 558cd32939cd45778a1f31e5c3bf1c60 4532c8aef958488289359460347168b9 - - d0321e03adfd45cb83f66b693c59e829 d0321e03adfd45cb83f66b693c59e829] 10.0.0.245 "DELETE /resource_providers/6df929e4-a466-41b6-930f-d8cd5691e1ba" status: 404 len: 246 microversion: 1.1 [pid: 7|app: 0|req: 560/1132] 10.0.0.245 () {34 vars in 815 bytes} [Tue Jul 14 09:55:15 2026] DELETE /resource_providers/6df929e4-a466-41b6-930f-d8cd5691e1ba => generated 246 bytes in 10 msecs (HTTP/1.1 404) 6 headers in 231 bytes (1 switches on core 0)
2026-07-14 09:55:15.878 7 INFO placement.requestlog [None req-7b361769-5410-4e8d-a187-b04df71704d4 - - - - - -] 10.0.0.150 "GET /" status: 200 len: 136 microversion: 1.0
2026-07-14 09:55:15.878 8 INFO placement.requestlog [None req-111729f5-3f6b-4c12-823d-7bd0fd2c3aa3 - - - - - -] 10.0.0.150 "GET /" status: 200 len: 136 microversion: 1.0
2026-07-14 09:55:20.470 8 INFO placement.requestlog [None req-fc7ec129-71f0-4b53-83f1-961eb0d693f0 558cd32939cd45778a1f31e5c3bf1c60 4532c8aef958488289359460347168b9 - - d0321e03adfd45cb83f66b693c59e829 d0321e03adfd45cb83f66b693c59e829] 10.0.0.245 "GET /resource_providers/a1aa9320-8743-466a-81fe-950966c75a45/aggregates" status: 404 len: 235 microversion: 1.1 [pid: 8|app: 0|req: 574/1135] 10.0.0.245 () {32 vars in 815 bytes} [Tue Jul 14 09:55:20 2026] GET /resource_providers/a1aa9320-8743-466a-81fe-950966c75a45/aggregates => generated 235 bytes in 8 msecs (HTTP/1.1 404) 5 headers in 202 bytes (1 switches on core 0)
2026-07-14 09:55:20.490 8 INFO placement.requestlog [None req-7bde916a-772f-4c2b-9ab0-c04b6190b333 558cd32939cd45778a1f31e5c3bf1c60 4532c8aef958488289359460347168b9 - - d0321e03adfd45cb83f66b693c59e829 d0321e03adfd45cb83f66b693c59e829] 10.0.0.245 "DELETE /resource_providers/a1aa9320-8743-466a-81fe-950966c75a45" status: 404 len: 246 microversion: 1.1
2026-07-14 09:55:20.490 7 INFO placement.requestlog [None req-b741dd78-c6b9-4dc7-b50e-153b6e48c13a 558cd32939cd45778a1f31e5c3bf1c60 4532c8aef958488289359460347168b9 - - d0321e03adfd45cb83f66b693c59e829 d0321e03adfd45cb83f66b693c59e829] 10.0.0.245 "GET /resource_providers/a1aa9320-8743-466a-81fe-950966c75a45/aggregates" status: 404 len: 235 microversion: 1.1 [pid: 8|app: 0|req: 575/1136] 10.0.0.245 () {34 vars in 815 bytes} [Tue Jul 14 09:55:20 2026] DELETE /resource_providers/a1aa9320-8743-466a-81fe-950966c75a45 => generated 246 bytes in 8 msecs (HTTP/1.1 404) 6 headers in 231 bytes (1 switches on core 0) [pid: 7|app: 0|req: 562/1137] 10.0.0.245 () {32 vars in 815 bytes} [Tue Jul 14 09:55:20 2026] GET /resource_providers/a1aa9320-8743-466a-81fe-950966c75a45/aggregates => generated 235 bytes in 28 msecs (HTTP/1.1 404) 5 headers in 202 bytes (1 switches on core 0)
2026-07-14 09:55:20.513 8 INFO placement.requestlog [None req-4026126c-0f79-434c-af0b-ccec8b6a60dd 558cd32939cd45778a1f31e5c3bf1c60 4532c8aef958488289359460347168b9 - - d0321e03adfd45cb83f66b693c59e829 d0321e03adfd45cb83f66b693c59e829] 10.0.0.245 "DELETE /resource_providers/a1aa9320-8743-466a-81fe-950966c75a45" status: 404 len: 246 microversion: 1.1 [pid: 8|app: 0|req: 576/1138] 10.0.0.245 () {34 vars in 815 bytes} [Tue Jul 14 09:55:20 2026] DELETE /resource_providers/a1aa9320-8743-466a-81fe-950966c75a45 => generated 246 bytes in 13 msecs (HTTP/1.1 404) 6 headers in 231 bytes (1 switches on core 0)
2026-07-14 09:55:25.878 7 INFO placement.requestlog [None req-3fe17c26-db9a-400c-b5b8-6cdb9037225d - - - - - -] 10.0.0.150 "GET /" status: 200 len: 136 microversion: 1.0
2026-07-14 09:55:25.883 8 INFO placement.requestlog [None req-a02ad9c1-92c0-4618-a965-8ff2f8bbd87f - - - - - -] 10.0.0.150 "GET /" status: 200 len: 136 microversion: 1.0
2026-07-14 09:55:26.147 8 INFO placement.requestlog [None req-a166697f-8a66-4042-adef-df439896c609 558cd32939cd45778a1f31e5c3bf1c60 4532c8aef958488289359460347168b9 - - d0321e03adfd45cb83f66b693c59e829 d0321e03adfd45cb83f66b693c59e829] 10.0.0.245 "GET /resource_providers/20944711-3eb4-4a2c-8a33-ebed48aa7e3f/aggregates" status: 404 len: 235 microversion: 1.1 [pid: 8|app: 0|req: 578/1141] 10.0.0.245 () {32 vars in 815 bytes} [Tue Jul 14 09:55:26 2026] GET /resource_providers/20944711-3eb4-4a2c-8a33-ebed48aa7e3f/aggregates => generated 235 bytes in 9 msecs (HTTP/1.1 404) 5 headers in 202 bytes (1 switches on core 0)
2026-07-14 09:55:26.151 7 INFO placement.requestlog [None req-35759eee-5218-4970-b31c-5af5354f2c24 558cd32939cd45778a1f31e5c3bf1c60 4532c8aef958488289359460347168b9 - - d0321e03adfd45cb83f66b693c59e829 d0321e03adfd45cb83f66b693c59e829] 10.0.0.245 "GET /resource_providers/20944711-3eb4-4a2c-8a33-ebed48aa7e3f/aggregates" status: 404 len: 235 microversion: 1.1 [pid: 7|app: 0|req: 564/1142] 10.0.0.245 () {32 vars in 815 bytes} [Tue Jul 14 09:55:26 2026] GET /resource_providers/20944711-3eb4-4a2c-8a33-ebed48aa7e3f/aggregates => generated 235 bytes in 14 msecs (HTTP/1.1 404) 5 headers in 202 bytes (1 switches on core 0)
2026-07-14 09:55:26.165 8 INFO placement.requestlog [None req-5ad410b8-f048-4dfb-a962-1c0ec5fb645b 558cd32939cd45778a1f31e5c3bf1c60 4532c8aef958488289359460347168b9 - - d0321e03adfd45cb83f66b693c59e829 d0321e03adfd45cb83f66b693c59e829] 10.0.0.245 "DELETE /resource_providers/20944711-3eb4-4a2c-8a33-ebed48aa7e3f" status: 404 len: 246 microversion: 1.1 [pid: 8|app: 0|req: 579/1143] 10.0.0.245 () {34 vars in 815 bytes} [Tue Jul 14 09:55:26 2026] DELETE /resource_providers/20944711-3eb4-4a2c-8a33-ebed48aa7e3f => generated 246 bytes in 8 msecs (HTTP/1.1 404) 6 headers in 231 bytes (1 switches on core 0)
2026-07-14 09:55:26.175 7 INFO placement.requestlog [None req-3d3c078b-6086-473e-ba69-5f495616509d 558cd32939cd45778a1f31e5c3bf1c60 4532c8aef958488289359460347168b9 - - d0321e03adfd45cb83f66b693c59e829 d0321e03adfd45cb83f66b693c59e829] 10.0.0.245 "DELETE /resource_providers/20944711-3eb4-4a2c-8a33-ebed48aa7e3f" status: 404 len: 246 microversion: 1.1 [pid: 7|app: 0|req: 565/1144] 10.0.0.245 () {34 vars in 815 bytes} [Tue Jul 14 09:55:26 2026] DELETE /resource_providers/20944711-3eb4-4a2c-8a33-ebed48aa7e3f => generated 246 bytes in 12 msecs (HTTP/1.1 404) 6 headers in 231 bytes (1 switches on core 0)
2026-07-14 09:55:26.608 8 INFO placement.requestlog [None req-2e89b1d6-a294-463b-9794-fb511b032b30 558cd32939cd45778a1f31e5c3bf1c60 4532c8aef958488289359460347168b9 - - d0321e03adfd45cb83f66b693c59e829 d0321e03adfd45cb83f66b693c59e829] 10.0.0.245 "GET /resource_providers/d76351cf-db2a-45c1-b56e-793fbe72e634/aggregates" status: 404 len: 235 microversion: 1.1
2026-07-14 09:55:26.608 7 INFO placement.requestlog [None req-ce3c074b-6b80-4207-96e4-29f883333dff 558cd32939cd45778a1f31e5c3bf1c60 4532c8aef958488289359460347168b9 - - d0321e03adfd45cb83f66b693c59e829 d0321e03adfd45cb83f66b693c59e829] 10.0.0.245 "GET /resource_providers/d76351cf-db2a-45c1-b56e-793fbe72e634/aggregates" status: 404 len: 235 microversion: 1.1 [pid: 8|app: 0|req: 580/1145] 10.0.0.245 () {32 vars in 815 bytes} [Tue Jul 14 09:55:26 2026] GET /resource_providers/d76351cf-db2a-45c1-b56e-793fbe72e634/aggregates => generated 235 bytes in 11 msecs (HTTP/1.1 404) 5 headers in 202 bytes (1 switches on core 0) [pid: 7|app: 0|req: 566/1146] 10.0.0.245 () {32 vars in 815 bytes} [Tue Jul 14 09:55:26 2026] GET /resource_providers/d76351cf-db2a-45c1-b56e-793fbe72e634/aggregates => generated 235 bytes in 10 msecs (HTTP/1.1 404) 5 headers in 202 bytes (1 switches on core 0)
2026-07-14 09:55:26.633 8 INFO placement.requestlog [None req-f2e48b19-2c2d-4d87-9eb7-f57a5c3666c4 558cd32939cd45778a1f31e5c3bf1c60 4532c8aef958488289359460347168b9 - - d0321e03adfd45cb83f66b693c59e829 d0321e03adfd45cb83f66b693c59e829] 10.0.0.245 "DELETE /resource_providers/d76351cf-db2a-45c1-b56e-793fbe72e634" status: 404 len: 246 microversion: 1.1 [pid: 8|app: 0|req: 581/1147] 10.0.0.245 () {34 vars in 815 bytes} [Tue Jul 14 09:55:26 2026] DELETE /resource_providers/d76351cf-db2a-45c1-b56e-793fbe72e634 => generated 246 bytes in 10 msecs (HTTP/1.1 404) 6 headers in 231 bytes (1 switches on core 0)
2026-07-14 09:55:26.640 7 INFO placement.requestlog [None req-4b8ab9b9-82e7-4d9c-a065-eb790399b2c9 558cd32939cd45778a1f31e5c3bf1c60 4532c8aef958488289359460347168b9 - - d0321e03adfd45cb83f66b693c59e829 d0321e03adfd45cb83f66b693c59e829] 10.0.0.245 "DELETE /resource_providers/d76351cf-db2a-45c1-b56e-793fbe72e634" status: 404 len: 246 microversion: 1.1 [pid: 7|app: 0|req: 567/1148] 10.0.0.245 () {34 vars in 815 bytes} [Tue Jul 14 09:55:26 2026] DELETE /resource_providers/d76351cf-db2a-45c1-b56e-793fbe72e634 => generated 246 bytes in 9 msecs (HTTP/1.1 404) 6 headers in 231 bytes (1 switches on core 0)
2026-07-14 09:55:28.192 8 INFO placement.requestlog [None req-0d643097-3d90-4b57-be5b-e7b5fcca01f6 558cd32939cd45778a1f31e5c3bf1c60 4532c8aef958488289359460347168b9 - - d0321e03adfd45cb83f66b693c59e829 d0321e03adfd45cb83f66b693c59e829] 10.0.0.245 "GET /resource_providers/9e5fa1ec-ac16-4c83-b180-04e73d5f52c5/aggregates" status: 404 len: 235 microversion: 1.1 [pid: 8|app: 0|req: 582/1149] 10.0.0.245 () {32 vars in 815 bytes} [Tue Jul 14 09:55:28 2026] GET /resource_providers/9e5fa1ec-ac16-4c83-b180-04e73d5f52c5/aggregates => generated 235 bytes in 10 msecs (HTTP/1.1 404) 5 headers in 202 bytes (1 switches on core 0)
2026-07-14 09:55:28.196 7 INFO placement.requestlog [None req-f247bb06-b44a-4594-9f69-a952f521784c 558cd32939cd45778a1f31e5c3bf1c60 4532c8aef958488289359460347168b9 - - d0321e03adfd45cb83f66b693c59e829 d0321e03adfd45cb83f66b693c59e829] 10.0.0.245 "GET /resource_providers/9e5fa1ec-ac16-4c83-b180-04e73d5f52c5/aggregates" status: 404 len: 235 microversion: 1.1 [pid: 7|app: 0|req: 568/1150] 10.0.0.245 () {32 vars in 815 bytes} [Tue Jul 14 09:55:28 2026] GET /resource_providers/9e5fa1ec-ac16-4c83-b180-04e73d5f52c5/aggregates => generated 235 bytes in 12 msecs (HTTP/1.1 404) 5 headers in 202 bytes (1 switches on core 0)
2026-07-14 09:55:28.210 8 INFO placement.requestlog [None req-c0aa5898-6b4e-41f7-9d21-3aa527eb859b 558cd32939cd45778a1f31e5c3bf1c60 4532c8aef958488289359460347168b9 - - d0321e03adfd45cb83f66b693c59e829 d0321e03adfd45cb83f66b693c59e829] 10.0.0.245 "DELETE /resource_providers/9e5fa1ec-ac16-4c83-b180-04e73d5f52c5" status: 404 len: 246 microversion: 1.1 [pid: 8|app: 0|req: 583/1151] 10.0.0.245 () {34 vars in 815 bytes} [Tue Jul 14 09:55:28 2026] DELETE /resource_providers/9e5fa1ec-ac16-4c83-b180-04e73d5f52c5 => generated 246 bytes in 8 msecs (HTTP/1.1 404) 6 headers in 231 bytes (1 switches on core 0)
2026-07-14 09:55:28.213 7 INFO placement.requestlog [None req-bf4638f8-2cf8-46e7-a6ce-089c077562d9 558cd32939cd45778a1f31e5c3bf1c60 4532c8aef958488289359460347168b9 - - d0321e03adfd45cb83f66b693c59e829 d0321e03adfd45cb83f66b693c59e829] 10.0.0.245 "DELETE /resource_providers/9e5fa1ec-ac16-4c83-b180-04e73d5f52c5" status: 404 len: 246 microversion: 1.1 [pid: 7|app: 0|req: 569/1152] 10.0.0.245 () {34 vars in 815 bytes} [Tue Jul 14 09:55:28 2026] DELETE /resource_providers/9e5fa1ec-ac16-4c83-b180-04e73d5f52c5 => generated 246 bytes in 10 msecs (HTTP/1.1 404) 6 headers in 231 bytes (1 switches on core 0)
2026-07-14 09:55:28.225 8 INFO placement.requestlog [None req-ac36fcb2-8eb7-403d-bfdd-2aa0f5b42711 558cd32939cd45778a1f31e5c3bf1c60 4532c8aef958488289359460347168b9 - - d0321e03adfd45cb83f66b693c59e829 d0321e03adfd45cb83f66b693c59e829] 10.0.0.245 "GET /resource_providers/298d5d34-cd1a-4b68-85e7-9b4874fc2efa/aggregates" status: 404 len: 235 microversion: 1.1 [pid: 8|app: 0|req: 584/1153] 10.0.0.245 () {32 vars in 815 bytes} [Tue Jul 14 09:55:28 2026] GET /resource_providers/298d5d34-cd1a-4b68-85e7-9b4874fc2efa/aggregates => generated 235 bytes in 8 msecs (HTTP/1.1 404) 5 headers in 202 bytes (1 switches on core 0)
2026-07-14 09:55:28.228 7 INFO placement.requestlog [None req-695d6c57-a7a1-4919-b3ed-1a8a0dfcce71 558cd32939cd45778a1f31e5c3bf1c60 4532c8aef958488289359460347168b9 - - d0321e03adfd45cb83f66b693c59e829 d0321e03adfd45cb83f66b693c59e829] 10.0.0.245 "GET /resource_providers/298d5d34-cd1a-4b68-85e7-9b4874fc2efa/aggregates" status: 404 len: 235 microversion: 1.1 [pid: 7|app: 0|req: 570/1154] 10.0.0.245 () {32 vars in 815 bytes} [Tue Jul 14 09:55:28 2026] GET /resource_providers/298d5d34-cd1a-4b68-85e7-9b4874fc2efa/aggregates => generated 235 bytes in 8 msecs (HTTP/1.1 404) 5 headers in 202 bytes (1 switches on core 0)
2026-07-14 09:55:28.239 8 INFO placement.requestlog [None req-48b7cc83-b1b0-4883-ab71-18e11fc5b377 558cd32939cd45778a1f31e5c3bf1c60 4532c8aef958488289359460347168b9 - - d0321e03adfd45cb83f66b693c59e829 d0321e03adfd45cb83f66b693c59e829] 10.0.0.245 "DELETE /resource_providers/298d5d34-cd1a-4b68-85e7-9b4874fc2efa" status: 404 len: 246 microversion: 1.1 [pid: 8|app: 0|req: 585/1155] 10.0.0.245 () {34 vars in 815 bytes} [Tue Jul 14 09:55:28 2026] DELETE /resource_providers/298d5d34-cd1a-4b68-85e7-9b4874fc2efa => generated 246 bytes in 7 msecs (HTTP/1.1 404) 6 headers in 231 bytes (1 switches on core 0)
2026-07-14 09:55:28.258 7 INFO placement.requestlog [None req-5c12b694-428a-4259-9810-b009743a981f 558cd32939cd45778a1f31e5c3bf1c60 4532c8aef958488289359460347168b9 - - d0321e03adfd45cb83f66b693c59e829 d0321e03adfd45cb83f66b693c59e829] 10.0.0.245 "DELETE /resource_providers/298d5d34-cd1a-4b68-85e7-9b4874fc2efa" status: 404 len: 246 microversion: 1.1 [pid: 7|app: 0|req: 571/1156] 10.0.0.245 () {34 vars in 815 bytes} [Tue Jul 14 09:55:28 2026] DELETE /resource_providers/298d5d34-cd1a-4b68-85e7-9b4874fc2efa => generated 246 bytes in 15 msecs (HTTP/1.1 404) 6 headers in 231 bytes (1 switches on core 0)
2026-07-14 09:55:28.263 8 INFO placement.requestlog [None req-cdc36075-61dc-4244-8896-eb17811bebc3 558cd32939cd45778a1f31e5c3bf1c60 4532c8aef958488289359460347168b9 - - d0321e03adfd45cb83f66b693c59e829 d0321e03adfd45cb83f66b693c59e829] 10.0.0.245 "GET /resource_providers/f22ccdc5-3764-4831-b891-709148b5a02d/aggregates" status: 404 len: 235 microversion: 1.1 [pid: 8|app: 0|req: 586/1157] 10.0.0.245 () {32 vars in 815 bytes} [Tue Jul 14 09:55:28 2026] GET /resource_providers/f22ccdc5-3764-4831-b891-709148b5a02d/aggregates => generated 235 bytes in 10 msecs (HTTP/1.1 404) 5 headers in 202 bytes (1 switches on core 0)
2026-07-14 09:55:28.278 7 INFO placement.requestlog [None req-5e7af125-2069-48ee-9cde-cce3ccf4ebbb 558cd32939cd45778a1f31e5c3bf1c60 4532c8aef958488289359460347168b9 - - d0321e03adfd45cb83f66b693c59e829 d0321e03adfd45cb83f66b693c59e829] 10.0.0.245 "GET /resource_providers/f22ccdc5-3764-4831-b891-709148b5a02d/aggregates" status: 404 len: 235 microversion: 1.1 [pid: 7|app: 0|req: 572/1158] 10.0.0.245 () {32 vars in 815 bytes} [Tue Jul 14 09:55:28 2026] GET /resource_providers/f22ccdc5-3764-4831-b891-709148b5a02d/aggregates => generated 235 bytes in 12 msecs (HTTP/1.1 404) 5 headers in 202 bytes (1 switches on core 0)
2026-07-14 09:55:28.282 8 INFO placement.requestlog [None req-2b9f8f17-dd9d-41a0-b82e-c2935f4348f0 558cd32939cd45778a1f31e5c3bf1c60 4532c8aef958488289359460347168b9 - - d0321e03adfd45cb83f66b693c59e829 d0321e03adfd45cb83f66b693c59e829] 10.0.0.245 "DELETE /resource_providers/f22ccdc5-3764-4831-b891-709148b5a02d" status: 404 len: 246 microversion: 1.1 [pid: 8|app: 0|req: 587/1159] 10.0.0.245 () {34 vars in 815 bytes} [Tue Jul 14 09:55:28 2026] DELETE /resource_providers/f22ccdc5-3764-4831-b891-709148b5a02d => generated 246 bytes in 10 msecs (HTTP/1.1 404) 6 headers in 231 bytes (1 switches on core 0)
2026-07-14 09:55:28.309 7 INFO placement.requestlog [None req-03cbfaad-89b0-4651-98c5-04b4654bac98 558cd32939cd45778a1f31e5c3bf1c60 4532c8aef958488289359460347168b9 - - d0321e03adfd45cb83f66b693c59e829 d0321e03adfd45cb83f66b693c59e829] 10.0.0.245 "DELETE /resource_providers/f22ccdc5-3764-4831-b891-709148b5a02d" status: 404 len: 246 microversion: 1.1
2026-07-14 09:55:28.310 8 INFO placement.requestlog [None req-f6f49bb1-f3fb-44fd-95c9-c2b87e492eb9 558cd32939cd45778a1f31e5c3bf1c60 4532c8aef958488289359460347168b9 - - d0321e03adfd45cb83f66b693c59e829 d0321e03adfd45cb83f66b693c59e829] 10.0.0.245 "GET /resource_providers/49bd85de-36da-4470-996c-f7959a334b5c/aggregates" status: 404 len: 235 microversion: 1.1 [pid: 7|app: 0|req: 573/1160] 10.0.0.245 () {34 vars in 815 bytes} [Tue Jul 14 09:55:28 2026] DELETE /resource_providers/f22ccdc5-3764-4831-b891-709148b5a02d => generated 246 bytes in 9 msecs (HTTP/1.1 404) 6 headers in 231 bytes (1 switches on core 0) [pid: 8|app: 0|req: 588/1161] 10.0.0.245 () {32 vars in 815 bytes} [Tue Jul 14 09:55:28 2026] GET /resource_providers/49bd85de-36da-4470-996c-f7959a334b5c/aggregates => generated 235 bytes in 9 msecs (HTTP/1.1 404) 5 headers in 202 bytes (1 switches on core 0)
2026-07-14 09:55:28.334 7 INFO placement.requestlog [None req-d453f5e9-eea5-4ec1-abd5-61cde2d1bec5 558cd32939cd45778a1f31e5c3bf1c60 4532c8aef958488289359460347168b9 - - d0321e03adfd45cb83f66b693c59e829 d0321e03adfd45cb83f66b693c59e829] 10.0.0.245 "GET /resource_providers/49bd85de-36da-4470-996c-f7959a334b5c/aggregates" status: 404 len: 235 microversion: 1.1 [pid: 7|app: 0|req: 574/1162] 10.0.0.245 () {32 vars in 815 bytes} [Tue Jul 14 09:55:28 2026] GET /resource_providers/49bd85de-36da-4470-996c-f7959a334b5c/aggregates => generated 235 bytes in 10 msecs (HTTP/1.1 404) 5 headers in 202 bytes (1 switches on core 0)
2026-07-14 09:55:28.338 8 INFO placement.requestlog [None req-8b53e11a-2cab-49d6-b33b-ae5ebb345b5a 558cd32939cd45778a1f31e5c3bf1c60 4532c8aef958488289359460347168b9 - - d0321e03adfd45cb83f66b693c59e829 d0321e03adfd45cb83f66b693c59e829] 10.0.0.245 "DELETE /resource_providers/49bd85de-36da-4470-996c-f7959a334b5c" status: 404 len: 246 microversion: 1.1 [pid: 8|app: 0|req: 589/1163] 10.0.0.245 () {34 vars in 815 bytes} [Tue Jul 14 09:55:28 2026] DELETE /resource_providers/49bd85de-36da-4470-996c-f7959a334b5c => generated 246 bytes in 11 msecs (HTTP/1.1 404) 6 headers in 231 bytes (1 switches on core 0)
2026-07-14 09:55:28.347 7 INFO placement.requestlog [None req-0c6950e7-2877-428b-8719-1526d199feb1 558cd32939cd45778a1f31e5c3bf1c60 4532c8aef958488289359460347168b9 - - d0321e03adfd45cb83f66b693c59e829 d0321e03adfd45cb83f66b693c59e829] 10.0.0.245 "DELETE /resource_providers/49bd85de-36da-4470-996c-f7959a334b5c" status: 404 len: 246 microversion: 1.1 [pid: 7|app: 0|req: 575/1164] 10.0.0.245 () {34 vars in 815 bytes} [Tue Jul 14 09:55:28 2026] DELETE /resource_providers/49bd85de-36da-4470-996c-f7959a334b5c => generated 246 bytes in 6 msecs (HTTP/1.1 404) 6 headers in 231 bytes (1 switches on core 0)
2026-07-14 09:55:28.657 7 INFO placement.requestlog [None req-795604f9-7ea7-4081-9556-7785ef1f6908 558cd32939cd45778a1f31e5c3bf1c60 4532c8aef958488289359460347168b9 - - d0321e03adfd45cb83f66b693c59e829 d0321e03adfd45cb83f66b693c59e829] 10.0.0.245 "GET /resource_providers/093b64fc-0ba0-42dd-8196-293796ae3853/aggregates" status: 404 len: 235 microversion: 1.1 [pid: 7|app: 0|req: 576/1165] 10.0.0.245 () {32 vars in 815 bytes} [Tue Jul 14 09:55:28 2026] GET /resource_providers/093b64fc-0ba0-42dd-8196-293796ae3853/aggregates => generated 235 bytes in 8 msecs (HTTP/1.1 404) 5 headers in 202 bytes (1 switches on core 0)
2026-07-14 09:55:28.661 8 INFO placement.requestlog [None req-9b7b31f4-dd7f-4566-855b-6ae460a52b45 558cd32939cd45778a1f31e5c3bf1c60 4532c8aef958488289359460347168b9 - - d0321e03adfd45cb83f66b693c59e829 d0321e03adfd45cb83f66b693c59e829] 10.0.0.245 "GET /resource_providers/093b64fc-0ba0-42dd-8196-293796ae3853/aggregates" status: 404 len: 235 microversion: 1.1 [pid: 8|app: 0|req: 590/1166] 10.0.0.245 () {32 vars in 815 bytes} [Tue Jul 14 09:55:28 2026] GET /resource_providers/093b64fc-0ba0-42dd-8196-293796ae3853/aggregates => generated 235 bytes in 13 msecs (HTTP/1.1 404) 5 headers in 202 bytes (1 switches on core 0)
2026-07-14 09:55:28.679 7 INFO placement.requestlog [None req-27743c82-11b6-4b13-b46e-02fdd81b2435 558cd32939cd45778a1f31e5c3bf1c60 4532c8aef958488289359460347168b9 - - d0321e03adfd45cb83f66b693c59e829 d0321e03adfd45cb83f66b693c59e829] 10.0.0.245 "DELETE /resource_providers/093b64fc-0ba0-42dd-8196-293796ae3853" status: 404 len: 246 microversion: 1.1 [pid: 7|app: 0|req: 577/1167] 10.0.0.245 () {34 vars in 815 bytes} [Tue Jul 14 09:55:28 2026] DELETE /resource_providers/093b64fc-0ba0-42dd-8196-293796ae3853 => generated 246 bytes in 8 msecs (HTTP/1.1 404) 6 headers in 231 bytes (1 switches on core 0)
2026-07-14 09:55:28.685 8 INFO placement.requestlog [None req-447721b5-4ddf-406b-95c3-ed80ad03e737 558cd32939cd45778a1f31e5c3bf1c60 4532c8aef958488289359460347168b9 - - d0321e03adfd45cb83f66b693c59e829 d0321e03adfd45cb83f66b693c59e829] 10.0.0.245 "DELETE /resource_providers/093b64fc-0ba0-42dd-8196-293796ae3853" status: 404 len: 246 microversion: 1.1 [pid: 8|app: 0|req: 591/1168] 10.0.0.245 () {34 vars in 815 bytes} [Tue Jul 14 09:55:28 2026] DELETE /resource_providers/093b64fc-0ba0-42dd-8196-293796ae3853 => generated 246 bytes in 11 msecs (HTTP/1.1 404) 6 headers in 231 bytes (1 switches on core 0)
2026-07-14 09:55:35.878 7 INFO placement.requestlog [None req-781f26b9-7173-4b6d-93d0-439c70fa151b - - - - - -] 10.0.0.150 "GET /" status: 200 len: 136 microversion: 1.0
2026-07-14 09:55:35.878 8 INFO placement.requestlog [None req-66621a90-4be3-42ca-983d-9e1ab920084e - - - - - -] 10.0.0.150 "GET /" status: 200 len: 136 microversion: 1.0
2026-07-14 09:55:37.227 8 INFO placement.requestlog [None req-a36d9325-8a63-4821-8f57-62d6ef8c3ab6 558cd32939cd45778a1f31e5c3bf1c60 4532c8aef958488289359460347168b9 - - d0321e03adfd45cb83f66b693c59e829 d0321e03adfd45cb83f66b693c59e829] 10.0.0.245 "GET /resource_providers/3e7ed24d-27f6-4e21-91d7-ac0e8f1059dc/aggregates" status: 404 len: 235 microversion: 1.1 [pid: 8|app: 0|req: 593/1171] 10.0.0.245 () {32 vars in 815 bytes} [Tue Jul 14 09:55:37 2026] GET /resource_providers/3e7ed24d-27f6-4e21-91d7-ac0e8f1059dc/aggregates => generated 235 bytes in 10 msecs (HTTP/1.1 404) 5 headers in 202 bytes (1 switches on core 0)
2026-07-14 09:55:37.230 7 INFO placement.requestlog [None req-7c188e6a-2ea2-4202-8333-c5b46a409fc9 558cd32939cd45778a1f31e5c3bf1c60 4532c8aef958488289359460347168b9 - - d0321e03adfd45cb83f66b693c59e829 d0321e03adfd45cb83f66b693c59e829] 10.0.0.245 "GET /resource_providers/3e7ed24d-27f6-4e21-91d7-ac0e8f1059dc/aggregates" status: 404 len: 235 microversion: 1.1 [pid: 7|app: 0|req: 579/1172] 10.0.0.245 () {32 vars in 815 bytes} [Tue Jul 14 09:55:37 2026] GET /resource_providers/3e7ed24d-27f6-4e21-91d7-ac0e8f1059dc/aggregates => generated 235 bytes in 12 msecs (HTTP/1.1 404) 5 headers in 202 bytes (1 switches on core 0)
2026-07-14 09:55:37.249 8 INFO placement.requestlog [None req-68142b96-4cfe-474b-a4c9-ee4769bbedc5 558cd32939cd45778a1f31e5c3bf1c60 4532c8aef958488289359460347168b9 - - d0321e03adfd45cb83f66b693c59e829 d0321e03adfd45cb83f66b693c59e829] 10.0.0.245 "DELETE /resource_providers/3e7ed24d-27f6-4e21-91d7-ac0e8f1059dc" status: 404 len: 246 microversion: 1.1 [pid: 8|app: 0|req: 594/1173] 10.0.0.245 () {34 vars in 815 bytes} [Tue Jul 14 09:55:37 2026] DELETE /resource_providers/3e7ed24d-27f6-4e21-91d7-ac0e8f1059dc => generated 246 bytes in 8 msecs (HTTP/1.1 404) 6 headers in 231 bytes (1 switches on core 0)
2026-07-14 09:55:37.258 7 INFO placement.requestlog [None req-b1a10d46-76c3-442d-b5fd-a689a4aa38c9 558cd32939cd45778a1f31e5c3bf1c60 4532c8aef958488289359460347168b9 - - d0321e03adfd45cb83f66b693c59e829 d0321e03adfd45cb83f66b693c59e829] 10.0.0.245 "DELETE /resource_providers/3e7ed24d-27f6-4e21-91d7-ac0e8f1059dc" status: 404 len: 246 microversion: 1.1 [pid: 7|app: 0|req: 580/1174] 10.0.0.245 () {34 vars in 815 bytes} [Tue Jul 14 09:55:37 2026] DELETE /resource_providers/3e7ed24d-27f6-4e21-91d7-ac0e8f1059dc => generated 246 bytes in 10 msecs (HTTP/1.1 404) 6 headers in 231 bytes (1 switches on core 0)
2026-07-14 09:55:40.097 8 INFO placement.requestlog [req-4502cf92-9e42-43d7-a56b-47a11d72dee9 req-024c4b68-417d-4042-9516-691e0b042e0e bf1f028bc91843b9bb47810bbebbf8a2 4532c8aef958488289359460347168b9 - - d0321e03adfd45cb83f66b693c59e829 d0321e03adfd45cb83f66b693c59e829] 199.19.213.177 "GET /resource_providers/a77c3591-9d48-44d0-a721-8d11d65d3705/allocations" status: 200 len: 55 microversion: 1.0 [pid: 8|app: 0|req: 595/1175] 199.19.213.177 () {32 vars in 856 bytes} [Tue Jul 14 09:55:40 2026] GET /resource_providers/a77c3591-9d48-44d0-a721-8d11d65d3705/allocations => generated 55 bytes in 14 msecs (HTTP/1.1 200) 6 headers in 223 bytes (1 switches on core 0)
2026-07-14 09:55:40.187 7 INFO placement.requestlog [req-4502cf92-9e42-43d7-a56b-47a11d72dee9 req-f4566534-a5cf-4d2b-84ad-c3425c9a44d6 bf1f028bc91843b9bb47810bbebbf8a2 4532c8aef958488289359460347168b9 - - d0321e03adfd45cb83f66b693c59e829 d0321e03adfd45cb83f66b693c59e829] 199.19.213.177 "GET /resource_providers/a77c3591-9d48-44d0-a721-8d11d65d3705/allocations" status: 200 len: 55 microversion: 1.0 [pid: 7|app: 0|req: 581/1176] 199.19.213.177 () {32 vars in 856 bytes} [Tue Jul 14 09:55:40 2026] GET /resource_providers/a77c3591-9d48-44d0-a721-8d11d65d3705/allocations => generated 55 bytes in 83 msecs (HTTP/1.1 200) 6 headers in 223 bytes (1 switches on core 0)
2026-07-14 09:55:43.159 8 INFO placement.requestlog [req-89ea4b04-679c-4c5b-b897-babfec778c18 req-cb23631c-714c-4246-9513-2e887090a094 bf1f028bc91843b9bb47810bbebbf8a2 4532c8aef958488289359460347168b9 - - d0321e03adfd45cb83f66b693c59e829 d0321e03adfd45cb83f66b693c59e829] 10.0.0.148 "GET /allocation_candidates?limit=1000&resources=DISK_GB%3A1%2CMEMORY_MB%3A512%2CVCPU%3A1&root_required=%21COMPUTE_STATUS_DISABLED" status: 200 len: 2781 microversion: 1.36 [pid: 8|app: 0|req: 596/1177] 10.0.0.148 () {34 vars in 1011 bytes} [Tue Jul 14 09:55:43 2026] GET /allocation_candidates?limit=1000&resources=DISK_GB%3A1%2CMEMORY_MB%3A512%2CVCPU%3A1&root_required=%21COMPUTE_STATUS_DISABLED => generated 2781 bytes in 43 msecs (HTTP/1.1 200) 8 headers in 297 bytes (1 switches on core 0)
2026-07-14 09:55:43.185 7 INFO placement.requestlog [req-89ea4b04-679c-4c5b-b897-babfec778c18 req-e620453c-225b-4258-90c4-6592595ff22b bf1f028bc91843b9bb47810bbebbf8a2 4532c8aef958488289359460347168b9 - - d0321e03adfd45cb83f66b693c59e829 d0321e03adfd45cb83f66b693c59e829] 10.0.0.148 "GET /allocations/89cbd936-63ea-4b22-86c6-954d1eb12671" status: 200 len: 19 microversion: 1.28 [pid: 7|app: 0|req: 582/1178] 10.0.0.148 () {34 vars in 860 bytes} [Tue Jul 14 09:55:43 2026] GET /allocations/89cbd936-63ea-4b22-86c6-954d1eb12671 => generated 19 bytes in 8 msecs (HTTP/1.1 200) 8 headers in 295 bytes (1 switches on core 0)
2026-07-14 09:55:43.256 8 INFO placement.requestlog [req-89ea4b04-679c-4c5b-b897-babfec778c18 req-b40dfd82-3367-4dc0-bd06-807f83aabcf5 bf1f028bc91843b9bb47810bbebbf8a2 4532c8aef958488289359460347168b9 - - d0321e03adfd45cb83f66b693c59e829 d0321e03adfd45cb83f66b693c59e829] 10.0.0.148 "PUT /allocations/89cbd936-63ea-4b22-86c6-954d1eb12671" status: 204 len: 0 microversion: 1.36 [pid: 8|app: 0|req: 597/1179] 10.0.0.148 () {38 vars in 913 bytes} [Tue Jul 14 09:55:43 2026] PUT /allocations/89cbd936-63ea-4b22-86c6-954d1eb12671 => generated 0 bytes in 64 msecs (HTTP/1.1 204) 5 headers in 199 bytes (1 switches on core 0)
2026-07-14 09:55:43.883 7 INFO placement.requestlog [None req-0fe41623-3114-48a1-ad3f-a2d48bc1fa3d 558cd32939cd45778a1f31e5c3bf1c60 4532c8aef958488289359460347168b9 - - d0321e03adfd45cb83f66b693c59e829 d0321e03adfd45cb83f66b693c59e829] 10.0.0.245 "GET /resource_providers/4ab45dcb-52ff-4d10-8c75-c2d9ff177a58/aggregates" status: 404 len: 235 microversion: 1.1 [pid: 7|app: 0|req: 583/1180] 10.0.0.245 () {32 vars in 815 bytes} [Tue Jul 14 09:55:43 2026] GET /resource_providers/4ab45dcb-52ff-4d10-8c75-c2d9ff177a58/aggregates => generated 235 bytes in 11 msecs (HTTP/1.1 404) 5 headers in 202 bytes (1 switches on core 0)
2026-07-14 09:55:43.884 8 INFO placement.requestlog [None req-3ad0d17e-7aaf-4fb1-871e-2dc6f70a6db9 558cd32939cd45778a1f31e5c3bf1c60 4532c8aef958488289359460347168b9 - - d0321e03adfd45cb83f66b693c59e829 d0321e03adfd45cb83f66b693c59e829] 10.0.0.245 "GET /resource_providers/4ab45dcb-52ff-4d10-8c75-c2d9ff177a58/aggregates" status: 404 len: 235 microversion: 1.1 [pid: 8|app: 0|req: 598/1181] 10.0.0.245 () {32 vars in 815 bytes} [Tue Jul 14 09:55:43 2026] GET /resource_providers/4ab45dcb-52ff-4d10-8c75-c2d9ff177a58/aggregates => generated 235 bytes in 9 msecs (HTTP/1.1 404) 5 headers in 202 bytes (1 switches on core 0)
2026-07-14 09:55:43.908 7 INFO placement.requestlog [None req-0e0bb5b6-11af-4b12-99b5-4210b3fe0635 558cd32939cd45778a1f31e5c3bf1c60 4532c8aef958488289359460347168b9 - - d0321e03adfd45cb83f66b693c59e829 d0321e03adfd45cb83f66b693c59e829] 10.0.0.245 "DELETE /resource_providers/4ab45dcb-52ff-4d10-8c75-c2d9ff177a58" status: 404 len: 246 microversion: 1.1 [pid: 7|app: 0|req: 584/1182] 10.0.0.245 () {34 vars in 815 bytes} [Tue Jul 14 09:55:43 2026] DELETE /resource_providers/4ab45dcb-52ff-4d10-8c75-c2d9ff177a58 => generated 246 bytes in 9 msecs (HTTP/1.1 404) 6 headers in 231 bytes (1 switches on core 0)
2026-07-14 09:55:43.910 8 INFO placement.requestlog [None req-7185f0bc-9cc7-439f-880b-58c75a1f5d85 558cd32939cd45778a1f31e5c3bf1c60 4532c8aef958488289359460347168b9 - - d0321e03adfd45cb83f66b693c59e829 d0321e03adfd45cb83f66b693c59e829] 10.0.0.245 "DELETE /resource_providers/4ab45dcb-52ff-4d10-8c75-c2d9ff177a58" status: 404 len: 246 microversion: 1.1 [pid: 8|app: 0|req: 599/1183] 10.0.0.245 () {34 vars in 815 bytes} [Tue Jul 14 09:55:43 2026] DELETE /resource_providers/4ab45dcb-52ff-4d10-8c75-c2d9ff177a58 => generated 246 bytes in 11 msecs (HTTP/1.1 404) 6 headers in 231 bytes (1 switches on core 0)
2026-07-14 09:55:44.755 7 INFO placement.requestlog [req-89ea4b04-679c-4c5b-b897-babfec778c18 req-e3284a84-499d-466f-ae89-886796c4a223 bf1f028bc91843b9bb47810bbebbf8a2 4532c8aef958488289359460347168b9 - - d0321e03adfd45cb83f66b693c59e829 d0321e03adfd45cb83f66b693c59e829] 199.19.213.177 "GET /allocations/89cbd936-63ea-4b22-86c6-954d1eb12671" status: 200 len: 258 microversion: 1.28 [pid: 7|app: 0|req: 585/1184] 199.19.213.177 () {34 vars in 862 bytes} [Tue Jul 14 09:55:44 2026] GET /allocations/89cbd936-63ea-4b22-86c6-954d1eb12671 => generated 258 bytes in 21 msecs (HTTP/1.1 200) 8 headers in 296 bytes (1 switches on core 0)
2026-07-14 09:55:45.803 8 INFO placement.requestlog [req-89ea4b04-679c-4c5b-b897-babfec778c18 req-a3fa8ec6-51c2-48b1-b670-a95e62a2d184 bf1f028bc91843b9bb47810bbebbf8a2 4532c8aef958488289359460347168b9 - - d0321e03adfd45cb83f66b693c59e829 d0321e03adfd45cb83f66b693c59e829] 199.19.213.177 "GET /resource_providers/a77c3591-9d48-44d0-a721-8d11d65d3705/allocations" status: 200 len: 153 microversion: 1.0 [pid: 8|app: 0|req: 600/1185] 199.19.213.177 () {32 vars in 856 bytes} [Tue Jul 14 09:55:45 2026] GET /resource_providers/a77c3591-9d48-44d0-a721-8d11d65d3705/allocations => generated 153 bytes in 19 msecs (HTTP/1.1 200) 6 headers in 224 bytes (1 switches on core 0)
2026-07-14 09:55:45.834 7 INFO placement.requestlog [req-89ea4b04-679c-4c5b-b897-babfec778c18 req-8344ca4b-a3e1-4fdb-bc31-5232a897d5ef bf1f028bc91843b9bb47810bbebbf8a2 4532c8aef958488289359460347168b9 - - d0321e03adfd45cb83f66b693c59e829 d0321e03adfd45cb83f66b693c59e829] 199.19.213.177 "GET /allocations/89cbd936-63ea-4b22-86c6-954d1eb12671" status: 200 len: 258 microversion: 1.28 [pid: 7|app: 0|req: 586/1186] 199.19.213.177 () {34 vars in 862 bytes} [Tue Jul 14 09:55:45 2026] GET /allocations/89cbd936-63ea-4b22-86c6-954d1eb12671 => generated 258 bytes in 26 msecs (HTTP/1.1 200) 8 headers in 296 bytes (1 switches on core 0)
2026-07-14 09:55:45.877 8 INFO placement.requestlog [None req-34b65ae8-beca-4be8-a86e-89d4ace1dab7 - - - - - -] 10.0.0.150 "GET /" status: 200 len: 136 microversion: 1.0
2026-07-14 09:55:45.877 7 INFO placement.requestlog [None req-b544e9d8-bff7-481d-80e6-0a670f0b7689 - - - - - -] 10.0.0.150 "GET /" status: 200 len: 136 microversion: 1.0
2026-07-14 09:55:50.362 8 INFO placement.requestlog [None req-4b535b59-cde9-48d8-8119-75e8b5949e28 558cd32939cd45778a1f31e5c3bf1c60 4532c8aef958488289359460347168b9 - - d0321e03adfd45cb83f66b693c59e829 d0321e03adfd45cb83f66b693c59e829] 10.0.0.245 "GET /resource_providers/5bae9b48-6086-4f8b-8cf1-29e1701b63af/aggregates" status: 404 len: 235 microversion: 1.1 [pid: 8|app: 0|req: 602/1189] 10.0.0.245 () {32 vars in 815 bytes} [Tue Jul 14 09:55:50 2026] GET /resource_providers/5bae9b48-6086-4f8b-8cf1-29e1701b63af/aggregates => generated 235 bytes in 9 msecs (HTTP/1.1 404) 5 headers in 202 bytes (1 switches on core 0)
2026-07-14 09:55:50.365 7 INFO placement.requestlog [None req-2e367e7b-1c66-4b4c-942b-a2d5bc26fc8a 558cd32939cd45778a1f31e5c3bf1c60 4532c8aef958488289359460347168b9 - - d0321e03adfd45cb83f66b693c59e829 d0321e03adfd45cb83f66b693c59e829] 10.0.0.245 "GET /resource_providers/5bae9b48-6086-4f8b-8cf1-29e1701b63af/aggregates" status: 404 len: 235 microversion: 1.1 [pid: 7|app: 0|req: 588/1190] 10.0.0.245 () {32 vars in 815 bytes} [Tue Jul 14 09:55:50 2026] GET /resource_providers/5bae9b48-6086-4f8b-8cf1-29e1701b63af/aggregates => generated 235 bytes in 11 msecs (HTTP/1.1 404) 5 headers in 202 bytes (1 switches on core 0)
2026-07-14 09:55:50.382 8 INFO placement.requestlog [None req-9f0a9de5-da0a-4041-bdd6-ee93975f25a4 558cd32939cd45778a1f31e5c3bf1c60 4532c8aef958488289359460347168b9 - - d0321e03adfd45cb83f66b693c59e829 d0321e03adfd45cb83f66b693c59e829] 10.0.0.245 "DELETE /resource_providers/5bae9b48-6086-4f8b-8cf1-29e1701b63af" status: 404 len: 246 microversion: 1.1 [pid: 8|app: 0|req: 603/1191] 10.0.0.245 () {34 vars in 815 bytes} [Tue Jul 14 09:55:50 2026] DELETE /resource_providers/5bae9b48-6086-4f8b-8cf1-29e1701b63af => generated 246 bytes in 8 msecs (HTTP/1.1 404) 6 headers in 231 bytes (1 switches on core 0)
2026-07-14 09:55:50.383 7 INFO placement.requestlog [None req-ad68e15f-e31a-4d40-9027-74bb12557890 558cd32939cd45778a1f31e5c3bf1c60 4532c8aef958488289359460347168b9 - - d0321e03adfd45cb83f66b693c59e829 d0321e03adfd45cb83f66b693c59e829] 10.0.0.245 "DELETE /resource_providers/5bae9b48-6086-4f8b-8cf1-29e1701b63af" status: 404 len: 246 microversion: 1.1 [pid: 7|app: 0|req: 589/1192] 10.0.0.245 () {34 vars in 815 bytes} [Tue Jul 14 09:55:50 2026] DELETE /resource_providers/5bae9b48-6086-4f8b-8cf1-29e1701b63af => generated 246 bytes in 8 msecs (HTTP/1.1 404) 6 headers in 231 bytes (1 switches on core 0)
