2026-07-22 23:13:15.271 8 INFO placement.requestlog [req-3815aa74-9b6a-4663-a5b8-5c854de18751 req-ba653917-53d3-4317-8a1f-44e777c7c11b fda057935f9d4ee2afb8a670d93fd78b 62cfa6fd5f134f0bb9df100d3a300334 - - 90b3c53d72af4b9c9d7c7763bb275878 90b3c53d72af4b9c9d7c7763bb275878] 199.204.45.44 "GET /resource_providers/a265f460-bb04-4e85-b2c5-c592c42635db/allocations" status: 200 len: 54 microversion: 1.0 [pid: 8|app: 0|req: 292/583] 199.204.45.44 () {32 vars in 855 bytes} [Wed Jul 22 23:13:15 2026] GET /resource_providers/a265f460-bb04-4e85-b2c5-c592c42635db/allocations => generated 54 bytes in 19 msecs (HTTP/1.1 200) 6 headers in 223 bytes (1 switches on core 0)
2026-07-22 23:13:15.318 7 INFO placement.requestlog [req-3815aa74-9b6a-4663-a5b8-5c854de18751 req-4beb1c3e-7f72-4789-980c-fedcbf7f30ed fda057935f9d4ee2afb8a670d93fd78b 62cfa6fd5f134f0bb9df100d3a300334 - - 90b3c53d72af4b9c9d7c7763bb275878 90b3c53d72af4b9c9d7c7763bb275878] 199.204.45.44 "GET /resource_providers/a265f460-bb04-4e85-b2c5-c592c42635db/allocations" status: 200 len: 54 microversion: 1.0 [pid: 7|app: 0|req: 292/584] 199.204.45.44 () {32 vars in 855 bytes} [Wed Jul 22 23:13:15 2026] GET /resource_providers/a265f460-bb04-4e85-b2c5-c592c42635db/allocations => generated 54 bytes in 18 msecs (HTTP/1.1 200) 6 headers in 223 bytes (1 switches on core 0)
2026-07-22 23:13:15.839 7 INFO placement.requestlog [None req-4e40f23f-27df-4555-89bc-a2dadf3ceba4 - - - - - -] 10.0.0.157 "GET /" status: 200 len: 136 microversion: 1.0
2026-07-22 23:13:15.839 8 INFO placement.requestlog [None req-1e84959f-f124-4289-9863-bc327bcb62cd - - - - - -] 10.0.0.157 "GET /" status: 200 len: 136 microversion: 1.0
2026-07-22 23:13:25.839 7 INFO placement.requestlog [None req-01cb9846-492d-400f-b57f-1fa4664b2778 - - - - - -] 10.0.0.157 "GET /" status: 200 len: 136 microversion: 1.0
2026-07-22 23:13:25.839 8 INFO placement.requestlog [None req-0187dd29-6688-4e62-b79c-09fe256898b1 - - - - - -] 10.0.0.157 "GET /" status: 200 len: 136 microversion: 1.0
2026-07-22 23:13:35.838 7 INFO placement.requestlog [None req-b9642412-787f-4baf-93d7-530be433fe97 - - - - - -] 10.0.0.157 "GET /" status: 200 len: 136 microversion: 1.0
2026-07-22 23:13:35.838 8 INFO placement.requestlog [None req-b7e1b283-c016-4e68-b562-2ea8c21595ed - - - - - -] 10.0.0.157 "GET /" status: 200 len: 136 microversion: 1.0
2026-07-22 23:13:45.837 8 INFO placement.requestlog [None req-d5875193-5c02-4125-a6df-ada7ad03eb5c - - - - - -] 10.0.0.157 "GET /" status: 200 len: 136 microversion: 1.0
2026-07-22 23:13:45.838 7 INFO placement.requestlog [None req-461675e4-2a60-425b-b395-3ae6ffb7c40f - - - - - -] 10.0.0.157 "GET /" status: 200 len: 136 microversion: 1.0
2026-07-22 23:13:55.838 8 INFO placement.requestlog [None req-158749e0-00cf-4798-9916-f45446a931e9 - - - - - -] 10.0.0.157 "GET /" status: 200 len: 136 microversion: 1.0
2026-07-22 23:13:55.839 7 INFO placement.requestlog [None req-2f5bf434-d98d-489f-a25a-3afd8f473366 - - - - - -] 10.0.0.157 "GET /" status: 200 len: 136 microversion: 1.0
2026-07-22 23:14:05.840 8 INFO placement.requestlog [None req-1eefb7b9-86a5-41c0-9b85-4704d8555892 - - - - - -] 10.0.0.157 "GET /" status: 200 len: 136 microversion: 1.0
2026-07-22 23:14:05.840 7 INFO placement.requestlog [None req-572f8f12-203a-491f-9c4f-ae1c51b06ff4 - - - - - -] 10.0.0.157 "GET /" status: 200 len: 136 microversion: 1.0
2026-07-22 23:14:15.851 8 INFO placement.requestlog [None req-71aa115e-6e39-4f1f-ad4b-91e6c6db5a58 - - - - - -] 10.0.0.157 "GET /" status: 200 len: 136 microversion: 1.0
2026-07-22 23:14:15.855 7 INFO placement.requestlog [None req-b7e21ee2-838a-4bcc-b1df-0d0f5f890fdb - - - - - -] 10.0.0.157 "GET /" status: 200 len: 136 microversion: 1.0
2026-07-22 23:14:17.163 8 INFO placement.requestlog [req-0bbb8ed6-819a-487d-89fd-5e4abc97b447 req-714ac57a-99e5-4e72-b996-0757b2538a6f fda057935f9d4ee2afb8a670d93fd78b 62cfa6fd5f134f0bb9df100d3a300334 - - 90b3c53d72af4b9c9d7c7763bb275878 90b3c53d72af4b9c9d7c7763bb275878] 199.204.45.44 "GET /resource_providers/a265f460-bb04-4e85-b2c5-c592c42635db/allocations" status: 200 len: 54 microversion: 1.0 [pid: 8|app: 0|req: 300/599] 199.204.45.44 () {32 vars in 855 bytes} [Wed Jul 22 23:14:17 2026] GET /resource_providers/a265f460-bb04-4e85-b2c5-c592c42635db/allocations => generated 54 bytes in 25 msecs (HTTP/1.1 200) 6 headers in 223 bytes (1 switches on core 0)
2026-07-22 23:14:17.191 7 INFO placement.requestlog [req-0bbb8ed6-819a-487d-89fd-5e4abc97b447 req-45654f33-beda-4267-a7c9-8dc284630816 fda057935f9d4ee2afb8a670d93fd78b 62cfa6fd5f134f0bb9df100d3a300334 - - 90b3c53d72af4b9c9d7c7763bb275878 90b3c53d72af4b9c9d7c7763bb275878] 199.204.45.44 "GET /resource_providers/a265f460-bb04-4e85-b2c5-c592c42635db/allocations" status: 200 len: 54 microversion: 1.0 [pid: 7|app: 0|req: 300/600] 199.204.45.44 () {32 vars in 855 bytes} [Wed Jul 22 23:14:17 2026] GET /resource_providers/a265f460-bb04-4e85-b2c5-c592c42635db/allocations => generated 54 bytes in 19 msecs (HTTP/1.1 200) 6 headers in 223 bytes (1 switches on core 0)
2026-07-22 23:14:25.839 7 INFO placement.requestlog [None req-74f639d7-9d9f-46b2-80e5-2a7cfa81d20d - - - - - -] 10.0.0.157 "GET /" status: 200 len: 136 microversion: 1.0
2026-07-22 23:14:25.839 8 INFO placement.requestlog [None req-13aca938-e273-443e-9a71-122b7a2eb910 - - - - - -] 10.0.0.157 "GET /" status: 200 len: 136 microversion: 1.0
2026-07-22 23:14:35.838 7 INFO placement.requestlog [None req-066ef083-92d5-4913-bd53-c45d23537e17 - - - - - -] 10.0.0.157 "GET /" status: 200 len: 136 microversion: 1.0
2026-07-22 23:14:35.838 8 INFO placement.requestlog [None req-7bd6bc7f-09b5-4cd0-9d7a-7f309a752825 - - - - - -] 10.0.0.157 "GET /" status: 200 len: 136 microversion: 1.0
2026-07-22 23:14:45.839 8 INFO placement.requestlog [None req-0e0627e2-63a1-4417-a5af-4c2f0caf784f - - - - - -] 10.0.0.157 "GET /" status: 200 len: 136 microversion: 1.0
2026-07-22 23:14:45.839 7 INFO placement.requestlog [None req-e18a6428-b651-4701-b0ac-e72260ce9d3a - - - - - -] 10.0.0.157 "GET /" status: 200 len: 136 microversion: 1.0
2026-07-22 23:14:55.838 7 INFO placement.requestlog [None req-42f87df6-ed16-409a-938e-3a69906e6012 - - - - - -] 10.0.0.157 "GET /" status: 200 len: 136 microversion: 1.0
2026-07-22 23:14:55.838 8 INFO placement.requestlog [None req-704fe0e5-9bbd-46cd-b994-2e78c2d75e4b - - - - - -] 10.0.0.157 "GET /" status: 200 len: 136 microversion: 1.0
2026-07-22 23:15:05.839 8 INFO placement.requestlog [None req-a543ec32-7d0a-4bb2-a4fb-4bf27726d63e - - - - - -] 10.0.0.157 "GET /" status: 200 len: 136 microversion: 1.0
2026-07-22 23:15:05.839 7 INFO placement.requestlog [None req-61855acc-22fa-4bb3-a211-7c8fee2eac17 - - - - - -] 10.0.0.157 "GET /" status: 200 len: 136 microversion: 1.0
2026-07-22 23:15:15.839 8 INFO placement.requestlog [None req-7de67df8-f8c0-4a17-b515-cefe5797d046 - - - - - -] 10.0.0.157 "GET /" status: 200 len: 136 microversion: 1.0
2026-07-22 23:15:15.839 7 INFO placement.requestlog [None req-fe33ffcf-ee2b-4398-9c4e-8cfe45c9c45e - - - - - -] 10.0.0.157 "GET /" status: 200 len: 136 microversion: 1.0
2026-07-22 23:15:18.175 8 INFO placement.requestlog [req-0fa50849-664e-47a3-8fab-824d25348bf0 req-aad0ecfa-4729-4e40-9aa7-1de63d16e21f fda057935f9d4ee2afb8a670d93fd78b 62cfa6fd5f134f0bb9df100d3a300334 - - 90b3c53d72af4b9c9d7c7763bb275878 90b3c53d72af4b9c9d7c7763bb275878] 199.204.45.44 "GET /resource_providers/a265f460-bb04-4e85-b2c5-c592c42635db/allocations" status: 200 len: 54 microversion: 1.0 [pid: 8|app: 0|req: 307/613] 199.204.45.44 () {32 vars in 855 bytes} [Wed Jul 22 23:15:18 2026] GET /resource_providers/a265f460-bb04-4e85-b2c5-c592c42635db/allocations => generated 54 bytes in 20 msecs (HTTP/1.1 200) 6 headers in 223 bytes (1 switches on core 0)
2026-07-22 23:15:18.199 7 INFO placement.requestlog [req-0fa50849-664e-47a3-8fab-824d25348bf0 req-b114e449-1bf9-4eb5-b67f-b5aac8c103b9 fda057935f9d4ee2afb8a670d93fd78b 62cfa6fd5f134f0bb9df100d3a300334 - - 90b3c53d72af4b9c9d7c7763bb275878 90b3c53d72af4b9c9d7c7763bb275878] 199.204.45.44 "GET /resource_providers/a265f460-bb04-4e85-b2c5-c592c42635db/allocations" status: 200 len: 54 microversion: 1.0 [pid: 7|app: 0|req: 307/614] 199.204.45.44 () {32 vars in 855 bytes} [Wed Jul 22 23:15:18 2026] GET /resource_providers/a265f460-bb04-4e85-b2c5-c592c42635db/allocations => generated 54 bytes in 15 msecs (HTTP/1.1 200) 6 headers in 223 bytes (1 switches on core 0)
2026-07-22 23:15:25.839 7 INFO placement.requestlog [None req-6cd750f2-41ec-48e8-92ed-5bf564745a6a - - - - - -] 10.0.0.157 "GET /" status: 200 len: 136 microversion: 1.0
2026-07-22 23:15:25.839 8 INFO placement.requestlog [None req-4f0da4ac-cbf8-47dd-baae-d4dda355abe9 - - - - - -] 10.0.0.157 "GET /" status: 200 len: 136 microversion: 1.0
2026-07-22 23:15:35.839 7 INFO placement.requestlog [None req-8b9a86aa-2711-40f3-b266-f5d4da086f68 - - - - - -] 10.0.0.157 "GET /" status: 200 len: 136 microversion: 1.0
2026-07-22 23:15:35.839 8 INFO placement.requestlog [None req-a0c5d519-af73-4825-82f5-dc28a22e3d17 - - - - - -] 10.0.0.157 "GET /" status: 200 len: 136 microversion: 1.0
2026-07-22 23:15:45.838 7 INFO placement.requestlog [None req-93b1e31c-5a85-4a35-811e-b38ba5c20519 - - - - - -] 10.0.0.157 "GET /" status: 200 len: 136 microversion: 1.0
2026-07-22 23:15:45.839 8 INFO placement.requestlog [None req-2800a801-de01-483c-a2af-a5c7da9faef3 - - - - - -] 10.0.0.157 "GET /" status: 200 len: 136 microversion: 1.0
2026-07-22 23:15:55.839 7 INFO placement.requestlog [None req-98b17b49-c417-41c2-8063-5509a01f376a - - - - - -] 10.0.0.157 "GET /" status: 200 len: 136 microversion: 1.0
2026-07-22 23:15:55.839 8 INFO placement.requestlog [None req-78942efb-a2c7-4ab9-9ddd-ec549e68557f - - - - - -] 10.0.0.157 "GET /" status: 200 len: 136 microversion: 1.0
2026-07-22 23:16:05.838 7 INFO placement.requestlog [None req-ea633c8f-5439-4103-8819-526346761187 - - - - - -] 10.0.0.157 "GET /" status: 200 len: 136 microversion: 1.0
2026-07-22 23:16:05.839 8 INFO placement.requestlog [None req-c396a436-cdbe-4f36-813e-6b7292c2a34a - - - - - -] 10.0.0.157 "GET /" status: 200 len: 136 microversion: 1.0
2026-07-22 23:16:15.838 7 INFO placement.requestlog [None req-504863b0-0a6f-4b72-b21e-2fd62969dcee - - - - - -] 10.0.0.157 "GET /" status: 200 len: 136 microversion: 1.0
2026-07-22 23:16:15.839 8 INFO placement.requestlog [None req-603d7385-893e-4edd-b350-f3be58fb6515 - - - - - -] 10.0.0.157 "GET /" status: 200 len: 136 microversion: 1.0
2026-07-22 23:16:20.123 7 INFO placement.requestlog [req-464496f4-ad3a-49c1-a459-c873d66e7edf req-b9099036-1d4e-4933-ac81-b343d605415e fda057935f9d4ee2afb8a670d93fd78b 62cfa6fd5f134f0bb9df100d3a300334 - - 90b3c53d72af4b9c9d7c7763bb275878 90b3c53d72af4b9c9d7c7763bb275878] 199.204.45.44 "GET /resource_providers/a265f460-bb04-4e85-b2c5-c592c42635db/allocations" status: 200 len: 54 microversion: 1.0 [pid: 7|app: 0|req: 314/627] 199.204.45.44 () {32 vars in 855 bytes} [Wed Jul 22 23:16:20 2026] GET /resource_providers/a265f460-bb04-4e85-b2c5-c592c42635db/allocations => generated 54 bytes in 29 msecs (HTTP/1.1 200) 6 headers in 223 bytes (1 switches on core 0)
2026-07-22 23:16:20.154 8 INFO placement.requestlog [req-464496f4-ad3a-49c1-a459-c873d66e7edf req-e5f05504-8458-4e43-9a93-29e02627d2a9 fda057935f9d4ee2afb8a670d93fd78b 62cfa6fd5f134f0bb9df100d3a300334 - - 90b3c53d72af4b9c9d7c7763bb275878 90b3c53d72af4b9c9d7c7763bb275878] 199.204.45.44 "GET /resource_providers/a265f460-bb04-4e85-b2c5-c592c42635db/allocations" status: 200 len: 54 microversion: 1.0 [pid: 8|app: 0|req: 314/628] 199.204.45.44 () {32 vars in 855 bytes} [Wed Jul 22 23:16:20 2026] GET /resource_providers/a265f460-bb04-4e85-b2c5-c592c42635db/allocations => generated 54 bytes in 20 msecs (HTTP/1.1 200) 6 headers in 223 bytes (1 switches on core 0)
2026-07-22 23:16:25.838 7 INFO placement.requestlog [None req-729e8254-0ac5-4dac-8fcf-6c36f7621745 - - - - - -] 10.0.0.157 "GET /" status: 200 len: 136 microversion: 1.0
2026-07-22 23:16:25.839 8 INFO placement.requestlog [None req-13fb6277-c978-475b-98e9-f27ca866f853 - - - - - -] 10.0.0.157 "GET /" status: 200 len: 136 microversion: 1.0
2026-07-22 23:16:35.839 8 INFO placement.requestlog [None req-f76231b1-2a5f-414f-90eb-5dda9c2d176d - - - - - -] 10.0.0.157 "GET /" status: 200 len: 136 microversion: 1.0
2026-07-22 23:16:35.839 7 INFO placement.requestlog [None req-23f9fdf4-ad4e-4294-b1a1-376c136cc4f7 - - - - - -] 10.0.0.157 "GET /" status: 200 len: 136 microversion: 1.0
2026-07-22 23:16:45.839 7 INFO placement.requestlog [None req-b5f9b8f5-a0b5-417d-a0cc-469de1337414 - - - - - -] 10.0.0.157 "GET /" status: 200 len: 136 microversion: 1.0
2026-07-22 23:16:45.839 8 INFO placement.requestlog [None req-4f47af75-b851-45ec-8951-3912302935b3 - - - - - -] 10.0.0.157 "GET /" status: 200 len: 136 microversion: 1.0
2026-07-22 23:16:55.838 8 INFO placement.requestlog [None req-6ad3a053-d637-4cc7-8503-b6a48826c1c8 - - - - - -] 10.0.0.157 "GET /" status: 200 len: 136 microversion: 1.0
2026-07-22 23:16:55.839 7 INFO placement.requestlog [None req-467ffaa5-11d8-40a6-9e92-d2889a7200c3 - - - - - -] 10.0.0.157 "GET /" status: 200 len: 136 microversion: 1.0
2026-07-22 23:17:05.838 8 INFO placement.requestlog [None req-917e4298-c91e-44d1-86e3-6cd69199413a - - - - - -] 10.0.0.157 "GET /" status: 200 len: 136 microversion: 1.0
2026-07-22 23:17:05.839 7 INFO placement.requestlog [None req-aefdccb2-5ead-47a4-bdc2-85d3028f9151 - - - - - -] 10.0.0.157 "GET /" status: 200 len: 136 microversion: 1.0
2026-07-22 23:17:15.843 8 INFO placement.requestlog [None req-72c61468-bb6a-432b-9679-44d57d5a78a8 - - - - - -] 10.0.0.157 "GET /" status: 200 len: 136 microversion: 1.0
2026-07-22 23:17:15.847 7 INFO placement.requestlog [None req-bae534a4-3424-4395-abf4-7c307b2d6212 - - - - - -] 10.0.0.157 "GET /" status: 200 len: 136 microversion: 1.0
2026-07-22 23:17:17.190 8 INFO placement.requestlog [None req-a2ea59b1-9e15-4674-8f09-489f36b4f02e 5f314b913900447a9951664c0ac06953 62cfa6fd5f134f0bb9df100d3a300334 - - 90b3c53d72af4b9c9d7c7763bb275878 90b3c53d72af4b9c9d7c7763bb275878] 10.0.0.226 "GET /resource_providers/6e6551d8-cc32-416b-b4bf-fe00af7f6542/aggregates" status: 404 len: 235 microversion: 1.1 [pid: 8|app: 0|req: 321/641] 10.0.0.226 () {32 vars in 824 bytes} [Wed Jul 22 23:17:17 2026] GET /resource_providers/6e6551d8-cc32-416b-b4bf-fe00af7f6542/aggregates => generated 235 bytes in 166 msecs (HTTP/1.1 404) 5 headers in 202 bytes (1 switches on core 0)
2026-07-22 23:17:17.203 7 INFO placement.requestlog [None req-da296715-473a-4734-a2d4-58895b71f2cd 5f314b913900447a9951664c0ac06953 62cfa6fd5f134f0bb9df100d3a300334 - - 90b3c53d72af4b9c9d7c7763bb275878 90b3c53d72af4b9c9d7c7763bb275878] 10.0.0.226 "GET /resource_providers/6e6551d8-cc32-416b-b4bf-fe00af7f6542/aggregates" status: 404 len: 235 microversion: 1.1 [pid: 7|app: 0|req: 321/642] 10.0.0.226 () {32 vars in 824 bytes} [Wed Jul 22 23:17:17 2026] GET /resource_providers/6e6551d8-cc32-416b-b4bf-fe00af7f6542/aggregates => generated 235 bytes in 164 msecs (HTTP/1.1 404) 5 headers in 202 bytes (1 switches on core 0)
2026-07-22 23:17:17.216 8 INFO placement.requestlog [None req-f0bc86fd-8a29-4642-9e8f-db42d4e3a3a1 5f314b913900447a9951664c0ac06953 62cfa6fd5f134f0bb9df100d3a300334 - - 90b3c53d72af4b9c9d7c7763bb275878 90b3c53d72af4b9c9d7c7763bb275878] 10.0.0.226 "DELETE /resource_providers/6e6551d8-cc32-416b-b4bf-fe00af7f6542" status: 404 len: 246 microversion: 1.1 [pid: 8|app: 0|req: 322/643] 10.0.0.226 () {34 vars in 824 bytes} [Wed Jul 22 23:17:17 2026] DELETE /resource_providers/6e6551d8-cc32-416b-b4bf-fe00af7f6542 => generated 246 bytes in 16 msecs (HTTP/1.1 404) 6 headers in 231 bytes (1 switches on core 0)
2026-07-22 23:17:17.224 7 INFO placement.requestlog [None req-ca30db1a-66f1-4345-8716-f99649a8600a 5f314b913900447a9951664c0ac06953 62cfa6fd5f134f0bb9df100d3a300334 - - 90b3c53d72af4b9c9d7c7763bb275878 90b3c53d72af4b9c9d7c7763bb275878] 10.0.0.226 "DELETE /resource_providers/6e6551d8-cc32-416b-b4bf-fe00af7f6542" status: 404 len: 246 microversion: 1.1 [pid: 7|app: 0|req: 322/644] 10.0.0.226 () {34 vars in 824 bytes} [Wed Jul 22 23:17:17 2026] DELETE /resource_providers/6e6551d8-cc32-416b-b4bf-fe00af7f6542 => generated 246 bytes in 12 msecs (HTTP/1.1 404) 6 headers in 231 bytes (1 switches on core 0)
2026-07-22 23:17:19.066 8 INFO placement.requestlog [req-8a2e7221-a59f-40f0-870f-9b07cd4e4953 req-cdf370d6-998c-4e61-a504-f5acda287cdb fda057935f9d4ee2afb8a670d93fd78b 62cfa6fd5f134f0bb9df100d3a300334 - - 90b3c53d72af4b9c9d7c7763bb275878 90b3c53d72af4b9c9d7c7763bb275878] 10.0.0.160 "GET /allocation_candidates?limit=1000&resources=DISK_GB%3A1%2CMEMORY_MB%3A512%2CVCPU%3A1&root_required=%21COMPUTE_STATUS_DISABLED" status: 200 len: 2147 microversion: 1.36 [pid: 8|app: 0|req: 323/645] 10.0.0.160 () {34 vars in 1011 bytes} [Wed Jul 22 23:17:18 2026] GET /allocation_candidates?limit=1000&resources=DISK_GB%3A1%2CMEMORY_MB%3A512%2CVCPU%3A1&root_required=%21COMPUTE_STATUS_DISABLED => generated 2147 bytes in 307 msecs (HTTP/1.1 200) 8 headers in 297 bytes (1 switches on core 0)
2026-07-22 23:17:19.119 7 INFO placement.requestlog [req-8a2e7221-a59f-40f0-870f-9b07cd4e4953 req-8a64bddc-2915-4590-88e1-f77c40b3d682 fda057935f9d4ee2afb8a670d93fd78b 62cfa6fd5f134f0bb9df100d3a300334 - - 90b3c53d72af4b9c9d7c7763bb275878 90b3c53d72af4b9c9d7c7763bb275878] 10.0.0.160 "GET /allocations/4c9e7291-94a8-40e5-81af-8bbdb70cd1a1" status: 200 len: 19 microversion: 1.28 [pid: 7|app: 0|req: 323/646] 10.0.0.160 () {34 vars in 860 bytes} [Wed Jul 22 23:17:19 2026] GET /allocations/4c9e7291-94a8-40e5-81af-8bbdb70cd1a1 => generated 19 bytes in 14 msecs (HTTP/1.1 200) 8 headers in 295 bytes (1 switches on core 0)
2026-07-22 23:17:19.192 7 INFO placement.requestlog [req-258834a7-1975-4350-a3d4-089c33ac7ae9 req-7502471d-9743-4a1b-8293-7d2c913656b2 fda057935f9d4ee2afb8a670d93fd78b 62cfa6fd5f134f0bb9df100d3a300334 - - 90b3c53d72af4b9c9d7c7763bb275878 90b3c53d72af4b9c9d7c7763bb275878] 10.0.0.160 "GET /allocation_candidates?limit=1000&resources=MEMORY_MB%3A512%2CVCPU%3A1&root_required=%21COMPUTE_STATUS_DISABLED" status: 200 len: 2133 microversion: 1.36 [pid: 7|app: 0|req: 324/647] 10.0.0.160 () {34 vars in 983 bytes} [Wed Jul 22 23:17:19 2026] GET /allocation_candidates?limit=1000&resources=MEMORY_MB%3A512%2CVCPU%3A1&root_required=%21COMPUTE_STATUS_DISABLED => generated 2133 bytes in 53 msecs (HTTP/1.1 200) 8 headers in 297 bytes (1 switches on core 0)
2026-07-22 23:17:19.223 8 INFO placement.requestlog [req-8a2e7221-a59f-40f0-870f-9b07cd4e4953 req-27d78fa7-f946-420c-aab6-80465e71b9c8 fda057935f9d4ee2afb8a670d93fd78b 62cfa6fd5f134f0bb9df100d3a300334 - - 90b3c53d72af4b9c9d7c7763bb275878 90b3c53d72af4b9c9d7c7763bb275878] 10.0.0.160 "PUT /allocations/4c9e7291-94a8-40e5-81af-8bbdb70cd1a1" status: 204 len: 0 microversion: 1.36 [pid: 8|app: 0|req: 324/648] 10.0.0.160 () {38 vars in 913 bytes} [Wed Jul 22 23:17:19 2026] PUT /allocations/4c9e7291-94a8-40e5-81af-8bbdb70cd1a1 => generated 0 bytes in 94 msecs (HTTP/1.1 204) 5 headers in 199 bytes (1 switches on core 0)
2026-07-22 23:17:19.236 7 INFO placement.requestlog [req-258834a7-1975-4350-a3d4-089c33ac7ae9 req-e562246c-e9ed-4b81-a2b4-38a72ffdd312 fda057935f9d4ee2afb8a670d93fd78b 62cfa6fd5f134f0bb9df100d3a300334 - - 90b3c53d72af4b9c9d7c7763bb275878 90b3c53d72af4b9c9d7c7763bb275878] 10.0.0.160 "GET /allocations/108fd080-6ce3-4c2d-96c0-003b218da13c" status: 200 len: 19 microversion: 1.28 [pid: 7|app: 0|req: 325/649] 10.0.0.160 () {34 vars in 860 bytes} [Wed Jul 22 23:17:19 2026] GET /allocations/108fd080-6ce3-4c2d-96c0-003b218da13c => generated 19 bytes in 11 msecs (HTTP/1.1 200) 8 headers in 295 bytes (1 switches on core 0)
2026-07-22 23:17:19.333 8 INFO placement.requestlog [req-258834a7-1975-4350-a3d4-089c33ac7ae9 req-c19cb482-64d0-4257-a056-4b2d02c2a037 fda057935f9d4ee2afb8a670d93fd78b 62cfa6fd5f134f0bb9df100d3a300334 - - 90b3c53d72af4b9c9d7c7763bb275878 90b3c53d72af4b9c9d7c7763bb275878] 10.0.0.160 "PUT /allocations/108fd080-6ce3-4c2d-96c0-003b218da13c" status: 204 len: 0 microversion: 1.36 [pid: 8|app: 0|req: 325/650] 10.0.0.160 () {38 vars in 913 bytes} [Wed Jul 22 23:17:19 2026] PUT /allocations/108fd080-6ce3-4c2d-96c0-003b218da13c => generated 0 bytes in 87 msecs (HTTP/1.1 204) 5 headers in 199 bytes (1 switches on core 0)
2026-07-22 23:17:20.366 7 INFO placement.requestlog [req-8a2e7221-a59f-40f0-870f-9b07cd4e4953 req-6ce62b2d-0278-4b33-9cc3-207199a92ce1 fda057935f9d4ee2afb8a670d93fd78b 62cfa6fd5f134f0bb9df100d3a300334 - - 90b3c53d72af4b9c9d7c7763bb275878 90b3c53d72af4b9c9d7c7763bb275878] 199.204.45.44 "GET /allocations/4c9e7291-94a8-40e5-81af-8bbdb70cd1a1" status: 200 len: 257 microversion: 1.28 [pid: 7|app: 0|req: 326/651] 199.204.45.44 () {34 vars in 861 bytes} [Wed Jul 22 23:17:20 2026] GET /allocations/4c9e7291-94a8-40e5-81af-8bbdb70cd1a1 => generated 257 bytes in 137 msecs (HTTP/1.1 200) 8 headers in 296 bytes (1 switches on core 0)
2026-07-22 23:17:20.417 8 INFO placement.requestlog [req-551ac1d6-9d5d-465e-b2b6-f1e721548fc0 req-074b4c28-a58a-42c4-9519-dfc061790b78 fda057935f9d4ee2afb8a670d93fd78b 62cfa6fd5f134f0bb9df100d3a300334 - - 90b3c53d72af4b9c9d7c7763bb275878 90b3c53d72af4b9c9d7c7763bb275878] 199.204.45.44 "GET /resource_providers/a265f460-bb04-4e85-b2c5-c592c42635db/allocations" status: 200 len: 238 microversion: 1.0 [pid: 8|app: 0|req: 326/652] 199.204.45.44 () {32 vars in 855 bytes} [Wed Jul 22 23:17:20 2026] GET /resource_providers/a265f460-bb04-4e85-b2c5-c592c42635db/allocations => generated 238 bytes in 125 msecs (HTTP/1.1 200) 6 headers in 224 bytes (1 switches on core 0)
2026-07-22 23:17:20.542 7 INFO placement.requestlog [req-551ac1d6-9d5d-465e-b2b6-f1e721548fc0 req-84b89ca6-ca7f-4d51-b0d2-3e280ba54db2 fda057935f9d4ee2afb8a670d93fd78b 62cfa6fd5f134f0bb9df100d3a300334 - - 90b3c53d72af4b9c9d7c7763bb275878 90b3c53d72af4b9c9d7c7763bb275878] 199.204.45.44 "GET /resource_providers?in_tree=a265f460-bb04-4e85-b2c5-c592c42635db" status: 200 len: 797 microversion: 1.14 [pid: 7|app: 0|req: 327/653] 199.204.45.44 () {34 vars in 890 bytes} [Wed Jul 22 23:17:20 2026] GET /resource_providers?in_tree=a265f460-bb04-4e85-b2c5-c592c42635db => generated 797 bytes in 19 msecs (HTTP/1.1 200) 6 headers in 225 bytes (1 switches on core 0)
2026-07-22 23:17:20.577 8 INFO placement.requestlog [req-551ac1d6-9d5d-465e-b2b6-f1e721548fc0 req-c594ca96-c52b-4ca6-9835-4de0280fd06d fda057935f9d4ee2afb8a670d93fd78b 62cfa6fd5f134f0bb9df100d3a300334 - - 90b3c53d72af4b9c9d7c7763bb275878 90b3c53d72af4b9c9d7c7763bb275878] 199.204.45.44 "GET /resource_providers/a265f460-bb04-4e85-b2c5-c592c42635db/inventories" status: 200 len: 400 microversion: 1.0 [pid: 8|app: 0|req: 327/654] 199.204.45.44 () {32 vars in 855 bytes} [Wed Jul 22 23:17:20 2026] GET /resource_providers/a265f460-bb04-4e85-b2c5-c592c42635db/inventories => generated 400 bytes in 27 msecs (HTTP/1.1 200) 6 headers in 224 bytes (1 switches on core 0)
2026-07-22 23:17:20.599 7 INFO placement.requestlog [req-551ac1d6-9d5d-465e-b2b6-f1e721548fc0 req-1470fcbd-605d-4b65-9257-c4ffcb8221cf fda057935f9d4ee2afb8a670d93fd78b 62cfa6fd5f134f0bb9df100d3a300334 - - 90b3c53d72af4b9c9d7c7763bb275878 90b3c53d72af4b9c9d7c7763bb275878] 199.204.45.44 "GET /resource_providers/a265f460-bb04-4e85-b2c5-c592c42635db/aggregates" status: 200 len: 53 microversion: 1.19 [pid: 7|app: 0|req: 328/655] 199.204.45.44 () {34 vars in 897 bytes} [Wed Jul 22 23:17:20 2026] GET /resource_providers/a265f460-bb04-4e85-b2c5-c592c42635db/aggregates => generated 53 bytes in 15 msecs (HTTP/1.1 200) 8 headers in 295 bytes (1 switches on core 0)
2026-07-22 23:17:20.626 8 INFO placement.requestlog [req-551ac1d6-9d5d-465e-b2b6-f1e721548fc0 req-b81fdc3c-7862-4226-bdaa-2a85df5bd4c2 fda057935f9d4ee2afb8a670d93fd78b 62cfa6fd5f134f0bb9df100d3a300334 - - 90b3c53d72af4b9c9d7c7763bb275878 90b3c53d72af4b9c9d7c7763bb275878] 199.204.45.44 "GET /resource_providers/a265f460-bb04-4e85-b2c5-c592c42635db/traits" status: 200 len: 1682 microversion: 1.6 [pid: 8|app: 0|req: 328/656] 199.204.45.44 () {34 vars in 888 bytes} [Wed Jul 22 23:17:20 2026] GET /resource_providers/a265f460-bb04-4e85-b2c5-c592c42635db/traits => generated 1682 bytes in 19 msecs (HTTP/1.1 200) 6 headers in 225 bytes (1 switches on core 0)
2026-07-22 23:17:20.653 7 INFO placement.requestlog [req-551ac1d6-9d5d-465e-b2b6-f1e721548fc0 req-f0834108-5d62-4479-b304-5e63b5c9d43b fda057935f9d4ee2afb8a670d93fd78b 62cfa6fd5f134f0bb9df100d3a300334 - - 90b3c53d72af4b9c9d7c7763bb275878 90b3c53d72af4b9c9d7c7763bb275878] 199.204.45.44 "GET /resource_providers/a265f460-bb04-4e85-b2c5-c592c42635db/allocations" status: 200 len: 238 microversion: 1.0 [pid: 7|app: 0|req: 329/657] 199.204.45.44 () {32 vars in 855 bytes} [Wed Jul 22 23:17:20 2026] GET /resource_providers/a265f460-bb04-4e85-b2c5-c592c42635db/allocations => generated 238 bytes in 19 msecs (HTTP/1.1 200) 6 headers in 224 bytes (1 switches on core 0)
2026-07-22 23:17:20.676 8 INFO placement.requestlog [req-551ac1d6-9d5d-465e-b2b6-f1e721548fc0 req-5ec4af33-39fd-4696-b1d7-fe3ddf49f911 fda057935f9d4ee2afb8a670d93fd78b 62cfa6fd5f134f0bb9df100d3a300334 - - 90b3c53d72af4b9c9d7c7763bb275878 90b3c53d72af4b9c9d7c7763bb275878] 199.204.45.44 "GET /allocations/108fd080-6ce3-4c2d-96c0-003b218da13c" status: 200 len: 243 microversion: 1.28 [pid: 8|app: 0|req: 329/658] 199.204.45.44 () {34 vars in 861 bytes} [Wed Jul 22 23:17:20 2026] GET /allocations/108fd080-6ce3-4c2d-96c0-003b218da13c => generated 243 bytes in 14 msecs (HTTP/1.1 200) 8 headers in 296 bytes (1 switches on core 0)
2026-07-22 23:17:20.699 7 INFO placement.requestlog [req-551ac1d6-9d5d-465e-b2b6-f1e721548fc0 req-0cb114ae-c748-4e0e-aefd-c23423fac911 fda057935f9d4ee2afb8a670d93fd78b 62cfa6fd5f134f0bb9df100d3a300334 - - 90b3c53d72af4b9c9d7c7763bb275878 90b3c53d72af4b9c9d7c7763bb275878] 199.204.45.44 "GET /allocations/4c9e7291-94a8-40e5-81af-8bbdb70cd1a1" status: 200 len: 257 microversion: 1.28 [pid: 7|app: 0|req: 330/659] 199.204.45.44 () {34 vars in 861 bytes} [Wed Jul 22 23:17:20 2026] GET /allocations/4c9e7291-94a8-40e5-81af-8bbdb70cd1a1 => generated 257 bytes in 15 msecs (HTTP/1.1 200) 8 headers in 296 bytes (1 switches on core 0)
2026-07-22 23:17:22.542 8 INFO placement.requestlog [req-258834a7-1975-4350-a3d4-089c33ac7ae9 req-18d8a1ae-2987-4418-b1fd-968ada652fbb fda057935f9d4ee2afb8a670d93fd78b 62cfa6fd5f134f0bb9df100d3a300334 - - 90b3c53d72af4b9c9d7c7763bb275878 90b3c53d72af4b9c9d7c7763bb275878] 199.204.45.44 "GET /allocations/108fd080-6ce3-4c2d-96c0-003b218da13c" status: 200 len: 243 microversion: 1.28 [pid: 8|app: 0|req: 330/660] 199.204.45.44 () {34 vars in 861 bytes} [Wed Jul 22 23:17:22 2026] GET /allocations/108fd080-6ce3-4c2d-96c0-003b218da13c => generated 243 bytes in 25 msecs (HTTP/1.1 200) 8 headers in 296 bytes (1 switches on core 0)
2026-07-22 23:17:22.562 7 INFO placement.requestlog [req-8a2e7221-a59f-40f0-870f-9b07cd4e4953 req-2b9548a1-41de-4e1e-bf31-d828e4a63cf8 fda057935f9d4ee2afb8a670d93fd78b 62cfa6fd5f134f0bb9df100d3a300334 - - 90b3c53d72af4b9c9d7c7763bb275878 90b3c53d72af4b9c9d7c7763bb275878] 199.204.45.44 "GET /resource_providers/a265f460-bb04-4e85-b2c5-c592c42635db/allocations" status: 200 len: 238 microversion: 1.0 [pid: 7|app: 0|req: 331/661] 199.204.45.44 () {32 vars in 855 bytes} [Wed Jul 22 23:17:22 2026] GET /resource_providers/a265f460-bb04-4e85-b2c5-c592c42635db/allocations => generated 238 bytes in 26 msecs (HTTP/1.1 200) 6 headers in 224 bytes (1 switches on core 0)
2026-07-22 23:17:22.590 8 INFO placement.requestlog [req-8a2e7221-a59f-40f0-870f-9b07cd4e4953 req-eb5f413d-c45b-4862-ad4c-52cc583c8430 fda057935f9d4ee2afb8a670d93fd78b 62cfa6fd5f134f0bb9df100d3a300334 - - 90b3c53d72af4b9c9d7c7763bb275878 90b3c53d72af4b9c9d7c7763bb275878] 199.204.45.44 "GET /allocations/108fd080-6ce3-4c2d-96c0-003b218da13c" status: 200 len: 243 microversion: 1.28 [pid: 8|app: 0|req: 331/662] 199.204.45.44 () {34 vars in 861 bytes} [Wed Jul 22 23:17:22 2026] GET /allocations/108fd080-6ce3-4c2d-96c0-003b218da13c => generated 243 bytes in 19 msecs (HTTP/1.1 200) 8 headers in 296 bytes (1 switches on core 0)
2026-07-22 23:17:22.612 7 INFO placement.requestlog [req-8a2e7221-a59f-40f0-870f-9b07cd4e4953 req-bc81a403-d8d5-42c0-9126-bf670d00e85c fda057935f9d4ee2afb8a670d93fd78b 62cfa6fd5f134f0bb9df100d3a300334 - - 90b3c53d72af4b9c9d7c7763bb275878 90b3c53d72af4b9c9d7c7763bb275878] 199.204.45.44 "GET /allocations/4c9e7291-94a8-40e5-81af-8bbdb70cd1a1" status: 200 len: 257 microversion: 1.28 [pid: 7|app: 0|req: 332/663] 199.204.45.44 () {34 vars in 861 bytes} [Wed Jul 22 23:17:22 2026] GET /allocations/4c9e7291-94a8-40e5-81af-8bbdb70cd1a1 => generated 257 bytes in 14 msecs (HTTP/1.1 200) 8 headers in 296 bytes (1 switches on core 0)
2026-07-22 23:17:25.839 7 INFO placement.requestlog [None req-ed8edee6-9a88-47dd-b462-1d0a8676e9d6 - - - - - -] 10.0.0.157 "GET /" status: 200 len: 136 microversion: 1.0
2026-07-22 23:17:25.839 8 INFO placement.requestlog [None req-575bfc40-74a7-4908-ab30-e71ae8ce9e05 - - - - - -] 10.0.0.157 "GET /" status: 200 len: 136 microversion: 1.0
2026-07-22 23:17:25.941 7 INFO placement.requestlog [req-258834a7-1975-4350-a3d4-089c33ac7ae9 req-53f68190-eba1-443c-a48a-d7b884c914a6 fda057935f9d4ee2afb8a670d93fd78b 62cfa6fd5f134f0bb9df100d3a300334 - - 90b3c53d72af4b9c9d7c7763bb275878 90b3c53d72af4b9c9d7c7763bb275878] 199.204.45.44 "GET /resource_providers/a265f460-bb04-4e85-b2c5-c592c42635db/allocations" status: 200 len: 238 microversion: 1.0 [pid: 7|app: 0|req: 334/666] 199.204.45.44 () {32 vars in 855 bytes} [Wed Jul 22 23:17:25 2026] GET /resource_providers/a265f460-bb04-4e85-b2c5-c592c42635db/allocations => generated 238 bytes in 29 msecs (HTTP/1.1 200) 6 headers in 224 bytes (1 switches on core 0)
2026-07-22 23:17:25.968 8 INFO placement.requestlog [req-258834a7-1975-4350-a3d4-089c33ac7ae9 req-4869cd83-871f-4f7f-8dd5-ff7c52338727 fda057935f9d4ee2afb8a670d93fd78b 62cfa6fd5f134f0bb9df100d3a300334 - - 90b3c53d72af4b9c9d7c7763bb275878 90b3c53d72af4b9c9d7c7763bb275878] 199.204.45.44 "GET /allocations/108fd080-6ce3-4c2d-96c0-003b218da13c" status: 200 len: 243 microversion: 1.28 [pid: 8|app: 0|req: 333/667] 199.204.45.44 () {34 vars in 861 bytes} [Wed Jul 22 23:17:25 2026] GET /allocations/108fd080-6ce3-4c2d-96c0-003b218da13c => generated 243 bytes in 18 msecs (HTTP/1.1 200) 8 headers in 296 bytes (1 switches on core 0)
2026-07-22 23:17:26.011 7 INFO placement.requestlog [req-258834a7-1975-4350-a3d4-089c33ac7ae9 req-42bc6ad4-9d40-4f82-a214-e9d22d4d5e93 fda057935f9d4ee2afb8a670d93fd78b 62cfa6fd5f134f0bb9df100d3a300334 - - 90b3c53d72af4b9c9d7c7763bb275878 90b3c53d72af4b9c9d7c7763bb275878] 199.204.45.44 "GET /allocations/4c9e7291-94a8-40e5-81af-8bbdb70cd1a1" status: 200 len: 257 microversion: 1.28 [pid: 7|app: 0|req: 335/668] 199.204.45.44 () {34 vars in 861 bytes} [Wed Jul 22 23:17:25 2026] GET /allocations/4c9e7291-94a8-40e5-81af-8bbdb70cd1a1 => generated 257 bytes in 32 msecs (HTTP/1.1 200) 8 headers in 296 bytes (1 switches on core 0)
2026-07-22 23:17:35.838 8 INFO placement.requestlog [None req-dc81d1db-a34d-47ed-94ff-7f5fb9e86692 - - - - - -] 10.0.0.157 "GET /" status: 200 len: 136 microversion: 1.0
2026-07-22 23:17:35.839 7 INFO placement.requestlog [None req-bddecabf-fb4c-47b3-ac98-ea4b6e241d68 - - - - - -] 10.0.0.157 "GET /" status: 200 len: 136 microversion: 1.0
2026-07-22 23:17:45.838 7 INFO placement.requestlog [None req-1dce5db2-a47a-459b-b94e-32f3e852ea6c - - - - - -] 10.0.0.157 "GET /" status: 200 len: 136 microversion: 1.0
2026-07-22 23:17:45.839 8 INFO placement.requestlog [None req-a29d9220-eb31-45a6-abb1-eacc6c57a656 - - - - - -] 10.0.0.157 "GET /" status: 200 len: 136 microversion: 1.0
2026-07-22 23:17:55.839 8 INFO placement.requestlog [None req-54caea0e-a04a-472d-9421-f16f6ec6bcc1 - - - - - -] 10.0.0.157 "GET /" status: 200 len: 136 microversion: 1.0
2026-07-22 23:17:55.839 7 INFO placement.requestlog [None req-66f72447-ea8e-44cf-9e1b-87369c4eee83 - - - - - -] 10.0.0.157 "GET /" status: 200 len: 136 microversion: 1.0
2026-07-22 23:18:04.825 7 INFO placement.requestlog [req-6a0f0673-1091-4111-97b4-9827b0256ffe req-7d93ef18-4063-41ef-a257-83911da658a7 fda057935f9d4ee2afb8a670d93fd78b 62cfa6fd5f134f0bb9df100d3a300334 - - 90b3c53d72af4b9c9d7c7763bb275878 90b3c53d72af4b9c9d7c7763bb275878] 199.204.45.44 "GET /resource_providers/a265f460-bb04-4e85-b2c5-c592c42635db/allocations" status: 200 len: 238 microversion: 1.0 [pid: 7|app: 0|req: 339/675] 199.204.45.44 () {32 vars in 855 bytes} [Wed Jul 22 23:18:04 2026] GET /resource_providers/a265f460-bb04-4e85-b2c5-c592c42635db/allocations => generated 238 bytes in 17 msecs (HTTP/1.1 200) 6 headers in 224 bytes (1 switches on core 0)
2026-07-22 23:18:04.858 8 INFO placement.requestlog [req-6a0f0673-1091-4111-97b4-9827b0256ffe req-725d792d-5196-4e96-bc29-290bf9207eaf fda057935f9d4ee2afb8a670d93fd78b 62cfa6fd5f134f0bb9df100d3a300334 - - 90b3c53d72af4b9c9d7c7763bb275878 90b3c53d72af4b9c9d7c7763bb275878] 199.204.45.44 "GET /allocations/108fd080-6ce3-4c2d-96c0-003b218da13c" status: 200 len: 243 microversion: 1.28 [pid: 8|app: 0|req: 337/676] 199.204.45.44 () {34 vars in 861 bytes} [Wed Jul 22 23:18:04 2026] GET /allocations/108fd080-6ce3-4c2d-96c0-003b218da13c => generated 243 bytes in 24 msecs (HTTP/1.1 200) 8 headers in 296 bytes (1 switches on core 0)
2026-07-22 23:18:04.896 7 INFO placement.requestlog [req-6a0f0673-1091-4111-97b4-9827b0256ffe req-2afbca57-2bad-4ad6-9bbe-a43bb243c5e0 fda057935f9d4ee2afb8a670d93fd78b 62cfa6fd5f134f0bb9df100d3a300334 - - 90b3c53d72af4b9c9d7c7763bb275878 90b3c53d72af4b9c9d7c7763bb275878] 199.204.45.44 "GET /allocations/4c9e7291-94a8-40e5-81af-8bbdb70cd1a1" status: 200 len: 257 microversion: 1.28 [pid: 7|app: 0|req: 340/677] 199.204.45.44 () {34 vars in 861 bytes} [Wed Jul 22 23:18:04 2026] GET /allocations/4c9e7291-94a8-40e5-81af-8bbdb70cd1a1 => generated 257 bytes in 26 msecs (HTTP/1.1 200) 8 headers in 296 bytes (1 switches on core 0)
2026-07-22 23:18:05.091 8 INFO placement.requestlog [req-6a0f0673-1091-4111-97b4-9827b0256ffe req-3f2be717-3b52-4a67-b022-0c618a32bb65 fda057935f9d4ee2afb8a670d93fd78b 62cfa6fd5f134f0bb9df100d3a300334 - - 90b3c53d72af4b9c9d7c7763bb275878 90b3c53d72af4b9c9d7c7763bb275878] 199.204.45.44 "DELETE /allocations/108fd080-6ce3-4c2d-96c0-003b218da13c" status: 204 len: 0 microversion: 1.0 [pid: 8|app: 0|req: 338/678] 199.204.45.44 () {34 vars in 839 bytes} [Wed Jul 22 23:18:05 2026] DELETE /allocations/108fd080-6ce3-4c2d-96c0-003b218da13c => generated 0 bytes in 71 msecs (HTTP/1.1 204) 5 headers in 198 bytes (1 switches on core 0)
2026-07-22 23:18:05.839 8 INFO placement.requestlog [None req-26dfed4b-cfea-4d4c-93fd-e1d45fe79277 - - - - - -] 10.0.0.157 "GET /" status: 200 len: 136 microversion: 1.0
2026-07-22 23:18:05.839 7 INFO placement.requestlog [None req-6198e457-3b53-488a-bdf2-aad0477f3872 - - - - - -] 10.0.0.157 "GET /" status: 200 len: 136 microversion: 1.0
2026-07-22 23:18:07.479 8 INFO placement.requestlog [None req-6ed0e947-50ab-4ac6-842c-956858dc5af9 5f314b913900447a9951664c0ac06953 62cfa6fd5f134f0bb9df100d3a300334 - - 90b3c53d72af4b9c9d7c7763bb275878 90b3c53d72af4b9c9d7c7763bb275878] 10.0.0.226 "GET /resource_providers/43ae7be3-4800-4de3-822d-3fb8ff3a8398/aggregates" status: 404 len: 235 microversion: 1.1 [pid: 8|app: 0|req: 340/681] 10.0.0.226 () {32 vars in 824 bytes} [Wed Jul 22 23:18:07 2026] GET /resource_providers/43ae7be3-4800-4de3-822d-3fb8ff3a8398/aggregates => generated 235 bytes in 14 msecs (HTTP/1.1 404) 5 headers in 202 bytes (1 switches on core 0)
2026-07-22 23:18:07.480 7 INFO placement.requestlog [None req-5c765fd3-d177-4034-828f-76a6200b5a5b 5f314b913900447a9951664c0ac06953 62cfa6fd5f134f0bb9df100d3a300334 - - 90b3c53d72af4b9c9d7c7763bb275878 90b3c53d72af4b9c9d7c7763bb275878] 10.0.0.226 "GET /resource_providers/43ae7be3-4800-4de3-822d-3fb8ff3a8398/aggregates" status: 404 len: 235 microversion: 1.1 [pid: 7|app: 0|req: 342/682] 10.0.0.226 () {32 vars in 824 bytes} [Wed Jul 22 23:18:07 2026] GET /resource_providers/43ae7be3-4800-4de3-822d-3fb8ff3a8398/aggregates => generated 235 bytes in 15 msecs (HTTP/1.1 404) 5 headers in 202 bytes (1 switches on core 0)
2026-07-22 23:18:07.507 7 INFO placement.requestlog [None req-aded1b4c-c0f7-4426-b3a7-b926d4679d6b 5f314b913900447a9951664c0ac06953 62cfa6fd5f134f0bb9df100d3a300334 - - 90b3c53d72af4b9c9d7c7763bb275878 90b3c53d72af4b9c9d7c7763bb275878] 10.0.0.226 "DELETE /resource_providers/43ae7be3-4800-4de3-822d-3fb8ff3a8398" status: 404 len: 246 microversion: 1.1 [pid: 7|app: 0|req: 343/683] 10.0.0.226 () {34 vars in 824 bytes} [Wed Jul 22 23:18:07 2026] DELETE /resource_providers/43ae7be3-4800-4de3-822d-3fb8ff3a8398 => generated 246 bytes in 11 msecs (HTTP/1.1 404) 6 headers in 231 bytes (1 switches on core 0)
2026-07-22 23:18:07.508 8 INFO placement.requestlog [None req-389bf88a-23c8-4d2e-b7fe-307d4316b226 5f314b913900447a9951664c0ac06953 62cfa6fd5f134f0bb9df100d3a300334 - - 90b3c53d72af4b9c9d7c7763bb275878 90b3c53d72af4b9c9d7c7763bb275878] 10.0.0.226 "DELETE /resource_providers/43ae7be3-4800-4de3-822d-3fb8ff3a8398" status: 404 len: 246 microversion: 1.1 [pid: 8|app: 0|req: 341/684] 10.0.0.226 () {34 vars in 824 bytes} [Wed Jul 22 23:18:07 2026] DELETE /resource_providers/43ae7be3-4800-4de3-822d-3fb8ff3a8398 => generated 246 bytes in 13 msecs (HTTP/1.1 404) 6 headers in 231 bytes (1 switches on core 0)
2026-07-22 23:18:09.770 8 INFO placement.requestlog [None req-96efb2c2-95f1-4d0d-9245-803cfc60ca02 5f314b913900447a9951664c0ac06953 62cfa6fd5f134f0bb9df100d3a300334 - - 90b3c53d72af4b9c9d7c7763bb275878 90b3c53d72af4b9c9d7c7763bb275878] 10.0.0.226 "GET /resource_providers/6772b296-0c6d-401a-b76f-6000ee46995b/aggregates" status: 404 len: 235 microversion: 1.1 [pid: 8|app: 0|req: 342/685] 10.0.0.226 () {32 vars in 824 bytes} [Wed Jul 22 23:18:09 2026] GET /resource_providers/6772b296-0c6d-401a-b76f-6000ee46995b/aggregates => generated 235 bytes in 16 msecs (HTTP/1.1 404) 5 headers in 202 bytes (1 switches on core 0)
2026-07-22 23:18:09.778 7 INFO placement.requestlog [None req-c998f291-4257-4c04-be8d-3b301af3cb17 5f314b913900447a9951664c0ac06953 62cfa6fd5f134f0bb9df100d3a300334 - - 90b3c53d72af4b9c9d7c7763bb275878 90b3c53d72af4b9c9d7c7763bb275878] 10.0.0.226 "GET /resource_providers/6772b296-0c6d-401a-b76f-6000ee46995b/aggregates" status: 404 len: 235 microversion: 1.1 [pid: 7|app: 0|req: 344/686] 10.0.0.226 () {32 vars in 824 bytes} [Wed Jul 22 23:18:09 2026] GET /resource_providers/6772b296-0c6d-401a-b76f-6000ee46995b/aggregates => generated 235 bytes in 24 msecs (HTTP/1.1 404) 5 headers in 202 bytes (1 switches on core 0)
2026-07-22 23:18:09.793 7 INFO placement.requestlog [None req-12e0aec1-03a6-4c7c-a514-231a31bfdcde 5f314b913900447a9951664c0ac06953 62cfa6fd5f134f0bb9df100d3a300334 - - 90b3c53d72af4b9c9d7c7763bb275878 90b3c53d72af4b9c9d7c7763bb275878] 10.0.0.226 "DELETE /resource_providers/6772b296-0c6d-401a-b76f-6000ee46995b" status: 404 len: 246 microversion: 1.1 [pid: 7|app: 0|req: 345/687] 10.0.0.226 () {34 vars in 824 bytes} [Wed Jul 22 23:18:09 2026] DELETE /resource_providers/6772b296-0c6d-401a-b76f-6000ee46995b => generated 246 bytes in 10 msecs (HTTP/1.1 404) 6 headers in 231 bytes (1 switches on core 0)
2026-07-22 23:18:09.793 8 INFO placement.requestlog [None req-1a7d2844-918c-414c-b322-64933ccea3ce 5f314b913900447a9951664c0ac06953 62cfa6fd5f134f0bb9df100d3a300334 - - 90b3c53d72af4b9c9d7c7763bb275878 90b3c53d72af4b9c9d7c7763bb275878] 10.0.0.226 "DELETE /resource_providers/6772b296-0c6d-401a-b76f-6000ee46995b" status: 404 len: 246 microversion: 1.1 [pid: 8|app: 0|req: 343/688] 10.0.0.226 () {34 vars in 824 bytes} [Wed Jul 22 23:18:09 2026] DELETE /resource_providers/6772b296-0c6d-401a-b76f-6000ee46995b => generated 246 bytes in 15 msecs (HTTP/1.1 404) 6 headers in 231 bytes (1 switches on core 0)
2026-07-22 23:18:15.838 8 INFO placement.requestlog [None req-d04b353a-3c0d-44bc-9edf-ab58c340dbee - - - - - -] 10.0.0.157 "GET /" status: 200 len: 136 microversion: 1.0
2026-07-22 23:18:15.838 7 INFO placement.requestlog [None req-360470e7-a11d-41bd-ad1a-dc18f712e561 - - - - - -] 10.0.0.157 "GET /" status: 200 len: 136 microversion: 1.0
2026-07-22 23:18:16.480 8 INFO placement.requestlog [None req-7fafa97f-992c-42a0-ae1b-4472b83179e1 5f314b913900447a9951664c0ac06953 62cfa6fd5f134f0bb9df100d3a300334 - - 90b3c53d72af4b9c9d7c7763bb275878 90b3c53d72af4b9c9d7c7763bb275878] 10.0.0.226 "GET /resource_providers/a7c3670d-02a0-45eb-ae5c-e6802e6e8c04/aggregates" status: 404 len: 235 microversion: 1.1 [pid: 8|app: 0|req: 345/691] 10.0.0.226 () {32 vars in 824 bytes} [Wed Jul 22 23:18:16 2026] GET /resource_providers/a7c3670d-02a0-45eb-ae5c-e6802e6e8c04/aggregates => generated 235 bytes in 13 msecs (HTTP/1.1 404) 5 headers in 202 bytes (1 switches on core 0)
2026-07-22 23:18:16.481 7 INFO placement.requestlog [None req-0749a173-9195-4592-b3ce-0135f8306ca7 5f314b913900447a9951664c0ac06953 62cfa6fd5f134f0bb9df100d3a300334 - - 90b3c53d72af4b9c9d7c7763bb275878 90b3c53d72af4b9c9d7c7763bb275878] 10.0.0.226 "GET /resource_providers/a7c3670d-02a0-45eb-ae5c-e6802e6e8c04/aggregates" status: 404 len: 235 microversion: 1.1 [pid: 7|app: 0|req: 347/692] 10.0.0.226 () {32 vars in 824 bytes} [Wed Jul 22 23:18:16 2026] GET /resource_providers/a7c3670d-02a0-45eb-ae5c-e6802e6e8c04/aggregates => generated 235 bytes in 15 msecs (HTTP/1.1 404) 5 headers in 202 bytes (1 switches on core 0)
2026-07-22 23:18:16.495 8 INFO placement.requestlog [None req-256b2915-63b6-4e45-b2d7-599a8faddefd 5f314b913900447a9951664c0ac06953 62cfa6fd5f134f0bb9df100d3a300334 - - 90b3c53d72af4b9c9d7c7763bb275878 90b3c53d72af4b9c9d7c7763bb275878] 10.0.0.226 "DELETE /resource_providers/a7c3670d-02a0-45eb-ae5c-e6802e6e8c04" status: 404 len: 246 microversion: 1.1 [pid: 8|app: 0|req: 346/693] 10.0.0.226 () {34 vars in 824 bytes} [Wed Jul 22 23:18:16 2026] DELETE /resource_providers/a7c3670d-02a0-45eb-ae5c-e6802e6e8c04 => generated 246 bytes in 8 msecs (HTTP/1.1 404) 6 headers in 231 bytes (1 switches on core 0)
2026-07-22 23:18:16.503 7 INFO placement.requestlog [None req-d3cf60d1-a4a2-4a79-9304-2058bdb174e8 5f314b913900447a9951664c0ac06953 62cfa6fd5f134f0bb9df100d3a300334 - - 90b3c53d72af4b9c9d7c7763bb275878 90b3c53d72af4b9c9d7c7763bb275878] 10.0.0.226 "DELETE /resource_providers/a7c3670d-02a0-45eb-ae5c-e6802e6e8c04" status: 404 len: 246 microversion: 1.1 [pid: 7|app: 0|req: 348/694] 10.0.0.226 () {34 vars in 824 bytes} [Wed Jul 22 23:18:16 2026] DELETE /resource_providers/a7c3670d-02a0-45eb-ae5c-e6802e6e8c04 => generated 246 bytes in 8 msecs (HTTP/1.1 404) 6 headers in 231 bytes (1 switches on core 0)
2026-07-22 23:18:18.521 8 INFO placement.requestlog [None req-7f2fe1ff-b65f-42b4-bdce-4df5b8ce8f45 5f314b913900447a9951664c0ac06953 62cfa6fd5f134f0bb9df100d3a300334 - - 90b3c53d72af4b9c9d7c7763bb275878 90b3c53d72af4b9c9d7c7763bb275878] 10.0.0.226 "GET /resource_providers/887dc74c-0513-4787-a843-9ff11bd0b07f/aggregates" status: 404 len: 235 microversion: 1.1 [pid: 8|app: 0|req: 347/695] 10.0.0.226 () {32 vars in 824 bytes} [Wed Jul 22 23:18:18 2026] GET /resource_providers/887dc74c-0513-4787-a843-9ff11bd0b07f/aggregates => generated 235 bytes in 15 msecs (HTTP/1.1 404) 5 headers in 202 bytes (1 switches on core 0)
2026-07-22 23:18:18.535 7 INFO placement.requestlog [None req-28b89a4a-c2b2-4044-9983-1c0aada88b44 5f314b913900447a9951664c0ac06953 62cfa6fd5f134f0bb9df100d3a300334 - - 90b3c53d72af4b9c9d7c7763bb275878 90b3c53d72af4b9c9d7c7763bb275878] 10.0.0.226 "GET /resource_providers/887dc74c-0513-4787-a843-9ff11bd0b07f/aggregates" status: 404 len: 235 microversion: 1.1 [pid: 7|app: 0|req: 349/696] 10.0.0.226 () {32 vars in 824 bytes} [Wed Jul 22 23:18:18 2026] GET /resource_providers/887dc74c-0513-4787-a843-9ff11bd0b07f/aggregates => generated 235 bytes in 12 msecs (HTTP/1.1 404) 5 headers in 202 bytes (1 switches on core 0)
2026-07-22 23:18:18.549 8 INFO placement.requestlog [None req-032c8c5a-f420-4a46-b79e-473ba160308b 5f314b913900447a9951664c0ac06953 62cfa6fd5f134f0bb9df100d3a300334 - - 90b3c53d72af4b9c9d7c7763bb275878 90b3c53d72af4b9c9d7c7763bb275878] 10.0.0.226 "DELETE /resource_providers/887dc74c-0513-4787-a843-9ff11bd0b07f" status: 404 len: 246 microversion: 1.1 [pid: 8|app: 0|req: 348/697] 10.0.0.226 () {34 vars in 824 bytes} [Wed Jul 22 23:18:18 2026] DELETE /resource_providers/887dc74c-0513-4787-a843-9ff11bd0b07f => generated 246 bytes in 12 msecs (HTTP/1.1 404) 6 headers in 231 bytes (1 switches on core 0)
2026-07-22 23:18:18.560 7 INFO placement.requestlog [None req-340c58c3-f070-472a-b017-60432767b279 5f314b913900447a9951664c0ac06953 62cfa6fd5f134f0bb9df100d3a300334 - - 90b3c53d72af4b9c9d7c7763bb275878 90b3c53d72af4b9c9d7c7763bb275878] 10.0.0.226 "DELETE /resource_providers/887dc74c-0513-4787-a843-9ff11bd0b07f" status: 404 len: 246 microversion: 1.1 [pid: 7|app: 0|req: 350/698] 10.0.0.226 () {34 vars in 824 bytes} [Wed Jul 22 23:18:18 2026] DELETE /resource_providers/887dc74c-0513-4787-a843-9ff11bd0b07f => generated 246 bytes in 12 msecs (HTTP/1.1 404) 6 headers in 231 bytes (1 switches on core 0)
2026-07-22 23:18:19.527 8 INFO placement.requestlog [req-35011feb-6d60-44c6-913f-0d362ebc5d58 req-9fb4b1bf-876a-4523-9087-a3fe52c42ac7 fda057935f9d4ee2afb8a670d93fd78b 62cfa6fd5f134f0bb9df100d3a300334 - - 90b3c53d72af4b9c9d7c7763bb275878 90b3c53d72af4b9c9d7c7763bb275878] 10.0.0.160 "GET /allocation_candidates?limit=1000&resources=DISK_GB%3A1%2CMEMORY_MB%3A512%2CVCPU%3A1&root_required=%21COMPUTE_STATUS_DISABLED" status: 200 len: 2149 microversion: 1.36 [pid: 8|app: 0|req: 349/699] 10.0.0.160 () {34 vars in 1011 bytes} [Wed Jul 22 23:18:19 2026] GET /allocation_candidates?limit=1000&resources=DISK_GB%3A1%2CMEMORY_MB%3A512%2CVCPU%3A1&root_required=%21COMPUTE_STATUS_DISABLED => generated 2149 bytes in 55 msecs (HTTP/1.1 200) 8 headers in 297 bytes (1 switches on core 0)
2026-07-22 23:18:19.581 7 INFO placement.requestlog [req-35011feb-6d60-44c6-913f-0d362ebc5d58 req-7bdd1770-243e-436b-87c9-63301051b622 fda057935f9d4ee2afb8a670d93fd78b 62cfa6fd5f134f0bb9df100d3a300334 - - 90b3c53d72af4b9c9d7c7763bb275878 90b3c53d72af4b9c9d7c7763bb275878] 10.0.0.160 "GET /allocations/ad3138fe-10d3-4fc2-8a7b-9d1cc9df257b" status: 200 len: 19 microversion: 1.28 [pid: 7|app: 0|req: 351/700] 10.0.0.160 () {34 vars in 860 bytes} [Wed Jul 22 23:18:19 2026] GET /allocations/ad3138fe-10d3-4fc2-8a7b-9d1cc9df257b => generated 19 bytes in 15 msecs (HTTP/1.1 200) 8 headers in 295 bytes (1 switches on core 0)
2026-07-22 23:18:19.751 8 INFO placement.requestlog [req-35011feb-6d60-44c6-913f-0d362ebc5d58 req-6eb107db-eea5-4e29-8d72-a67970869ac7 fda057935f9d4ee2afb8a670d93fd78b 62cfa6fd5f134f0bb9df100d3a300334 - - 90b3c53d72af4b9c9d7c7763bb275878 90b3c53d72af4b9c9d7c7763bb275878] 10.0.0.160 "PUT /allocations/ad3138fe-10d3-4fc2-8a7b-9d1cc9df257b" status: 204 len: 0 microversion: 1.36 [pid: 8|app: 0|req: 350/701] 10.0.0.160 () {38 vars in 913 bytes} [Wed Jul 22 23:18:19 2026] PUT /allocations/ad3138fe-10d3-4fc2-8a7b-9d1cc9df257b => generated 0 bytes in 163 msecs (HTTP/1.1 204) 5 headers in 199 bytes (1 switches on core 0)
2026-07-22 23:18:20.095 7 INFO placement.requestlog [req-35011feb-6d60-44c6-913f-0d362ebc5d58 req-2bf3ece1-7a0f-4bb0-8cd2-f163aeeb343b fda057935f9d4ee2afb8a670d93fd78b 62cfa6fd5f134f0bb9df100d3a300334 - - 90b3c53d72af4b9c9d7c7763bb275878 90b3c53d72af4b9c9d7c7763bb275878] 199.204.45.44 "GET /allocations/ad3138fe-10d3-4fc2-8a7b-9d1cc9df257b" status: 200 len: 257 microversion: 1.28 [pid: 7|app: 0|req: 352/702] 199.204.45.44 () {34 vars in 861 bytes} [Wed Jul 22 23:18:20 2026] GET /allocations/ad3138fe-10d3-4fc2-8a7b-9d1cc9df257b => generated 257 bytes in 16 msecs (HTTP/1.1 200) 8 headers in 296 bytes (1 switches on core 0)
2026-07-22 23:18:20.240 8 INFO placement.requestlog [req-35011feb-6d60-44c6-913f-0d362ebc5d58 req-81231969-1732-4db8-adc6-5e22afa2d12f fda057935f9d4ee2afb8a670d93fd78b 62cfa6fd5f134f0bb9df100d3a300334 - - 90b3c53d72af4b9c9d7c7763bb275878 90b3c53d72af4b9c9d7c7763bb275878] 199.204.45.44 "GET /resource_providers/a265f460-bb04-4e85-b2c5-c592c42635db/allocations" status: 200 len: 252 microversion: 1.0 [pid: 8|app: 0|req: 351/703] 199.204.45.44 () {32 vars in 855 bytes} [Wed Jul 22 23:18:20 2026] GET /resource_providers/a265f460-bb04-4e85-b2c5-c592c42635db/allocations => generated 252 bytes in 18 msecs (HTTP/1.1 200) 6 headers in 224 bytes (1 switches on core 0)
2026-07-22 23:18:20.270 7 INFO placement.requestlog [req-35011feb-6d60-44c6-913f-0d362ebc5d58 req-417fa915-297a-495a-868d-89f49588d1a3 fda057935f9d4ee2afb8a670d93fd78b 62cfa6fd5f134f0bb9df100d3a300334 - - 90b3c53d72af4b9c9d7c7763bb275878 90b3c53d72af4b9c9d7c7763bb275878] 199.204.45.44 "GET /allocations/4c9e7291-94a8-40e5-81af-8bbdb70cd1a1" status: 200 len: 257 microversion: 1.28 [pid: 7|app: 0|req: 353/704] 199.204.45.44 () {34 vars in 861 bytes} [Wed Jul 22 23:18:20 2026] GET /allocations/4c9e7291-94a8-40e5-81af-8bbdb70cd1a1 => generated 257 bytes in 18 msecs (HTTP/1.1 200) 8 headers in 296 bytes (1 switches on core 0)
2026-07-22 23:18:20.293 8 INFO placement.requestlog [req-35011feb-6d60-44c6-913f-0d362ebc5d58 req-e45c2f58-5745-4ed2-9816-efa18d3ce725 fda057935f9d4ee2afb8a670d93fd78b 62cfa6fd5f134f0bb9df100d3a300334 - - 90b3c53d72af4b9c9d7c7763bb275878 90b3c53d72af4b9c9d7c7763bb275878] 199.204.45.44 "GET /allocations/ad3138fe-10d3-4fc2-8a7b-9d1cc9df257b" status: 200 len: 257 microversion: 1.28 [pid: 8|app: 0|req: 352/705] 199.204.45.44 () {34 vars in 861 bytes} [Wed Jul 22 23:18:20 2026] GET /allocations/ad3138fe-10d3-4fc2-8a7b-9d1cc9df257b => generated 257 bytes in 14 msecs (HTTP/1.1 200) 8 headers in 296 bytes (1 switches on core 0)
