2026-07-22 23:20:20.700 8 INFO placement.requestlog [req-42241cf9-9ca2-411c-aab7-41c363ccddac req-e9e03ba0-b67b-4b76-aa5e-6e7b6cb9a07c fda057935f9d4ee2afb8a670d93fd78b 62cfa6fd5f134f0bb9df100d3a300334 - - 90b3c53d72af4b9c9d7c7763bb275878 90b3c53d72af4b9c9d7c7763bb275878] 199.204.45.44 "GET /allocations/5e33374a-e0d9-4440-a1db-55829db62677" status: 200 len: 257 microversion: 1.28 [pid: 8|app: 0|req: 441/883] 199.204.45.44 () {34 vars in 861 bytes} [Wed Jul 22 23:20:20 2026] GET /allocations/5e33374a-e0d9-4440-a1db-55829db62677 => generated 257 bytes in 17 msecs (HTTP/1.1 200) 8 headers in 296 bytes (1 switches on core 0)
2026-07-22 23:20:25.840 8 INFO placement.requestlog [None req-1893315f-80d3-4179-ac8e-0542756165ec - - - - - -] 10.0.0.157 "GET /" status: 200 len: 136 microversion: 1.0
2026-07-22 23:20:25.841 7 INFO placement.requestlog [None req-d5220ea9-55e9-4246-81bf-01d7346e7297 - - - - - -] 10.0.0.157 "GET /" status: 200 len: 136 microversion: 1.0
2026-07-22 23:20:35.839 7 INFO placement.requestlog [None req-9791e210-a252-40cb-a48b-92ca2b8350d7 - - - - - -] 10.0.0.157 "GET /" status: 200 len: 136 microversion: 1.0
2026-07-22 23:20:35.839 8 INFO placement.requestlog [None req-ead039ac-2ac0-4202-bdeb-f90dca5c19c1 - - - - - -] 10.0.0.157 "GET /" status: 200 len: 136 microversion: 1.0
2026-07-22 23:20:39.842 7 INFO placement.requestlog [req-43f850e3-e75f-4c38-b12f-f7d861c17176 req-217fb380-8fe0-43c4-a0d4-482be2bbc449 fda057935f9d4ee2afb8a670d93fd78b 62cfa6fd5f134f0bb9df100d3a300334 - - 90b3c53d72af4b9c9d7c7763bb275878 90b3c53d72af4b9c9d7c7763bb275878] 199.204.45.44 "GET /resource_providers/a265f460-bb04-4e85-b2c5-c592c42635db/allocations" status: 200 len: 152 microversion: 1.0 [pid: 7|app: 0|req: 445/888] 199.204.45.44 () {32 vars in 855 bytes} [Wed Jul 22 23:20:39 2026] GET /resource_providers/a265f460-bb04-4e85-b2c5-c592c42635db/allocations => generated 152 bytes in 31 msecs (HTTP/1.1 200) 6 headers in 224 bytes (1 switches on core 0)
2026-07-22 23:20:39.874 8 INFO placement.requestlog [req-43f850e3-e75f-4c38-b12f-f7d861c17176 req-adaf2007-5932-4d2f-bbff-36a6e202a30e fda057935f9d4ee2afb8a670d93fd78b 62cfa6fd5f134f0bb9df100d3a300334 - - 90b3c53d72af4b9c9d7c7763bb275878 90b3c53d72af4b9c9d7c7763bb275878] 199.204.45.44 "GET /allocations/5e33374a-e0d9-4440-a1db-55829db62677" status: 200 len: 257 microversion: 1.28 [pid: 8|app: 0|req: 444/889] 199.204.45.44 () {34 vars in 861 bytes} [Wed Jul 22 23:20:39 2026] GET /allocations/5e33374a-e0d9-4440-a1db-55829db62677 => generated 257 bytes in 23 msecs (HTTP/1.1 200) 8 headers in 296 bytes (1 switches on core 0)
2026-07-22 23:20:39.987 7 INFO placement.requestlog [req-43f850e3-e75f-4c38-b12f-f7d861c17176 req-1a62c2f4-c8f9-4e79-8792-b20a062aaac4 fda057935f9d4ee2afb8a670d93fd78b 62cfa6fd5f134f0bb9df100d3a300334 - - 90b3c53d72af4b9c9d7c7763bb275878 90b3c53d72af4b9c9d7c7763bb275878] 199.204.45.44 "DELETE /allocations/5e33374a-e0d9-4440-a1db-55829db62677" status: 204 len: 0 microversion: 1.0 [pid: 7|app: 0|req: 446/890] 199.204.45.44 () {34 vars in 839 bytes} [Wed Jul 22 23:20:39 2026] DELETE /allocations/5e33374a-e0d9-4440-a1db-55829db62677 => generated 0 bytes in 35 msecs (HTTP/1.1 204) 5 headers in 198 bytes (1 switches on core 0)
2026-07-22 23:20:45.396 8 INFO placement.requestlog [None req-9da85e16-785f-49fa-998e-5e5541776ec6 5f314b913900447a9951664c0ac06953 62cfa6fd5f134f0bb9df100d3a300334 - - 90b3c53d72af4b9c9d7c7763bb275878 90b3c53d72af4b9c9d7c7763bb275878] 10.0.0.226 "GET /resource_providers/3eded19f-e5dc-444b-a0b7-abeeff7ffb95/aggregates" status: 404 len: 235 microversion: 1.1 [pid: 8|app: 0|req: 445/891] 10.0.0.226 () {32 vars in 824 bytes} [Wed Jul 22 23:20:45 2026] GET /resource_providers/3eded19f-e5dc-444b-a0b7-abeeff7ffb95/aggregates => generated 235 bytes in 15 msecs (HTTP/1.1 404) 5 headers in 202 bytes (1 switches on core 0)
2026-07-22 23:20:45.400 7 INFO placement.requestlog [None req-80b5601f-f0fa-4bea-aa4d-490213d7dde0 5f314b913900447a9951664c0ac06953 62cfa6fd5f134f0bb9df100d3a300334 - - 90b3c53d72af4b9c9d7c7763bb275878 90b3c53d72af4b9c9d7c7763bb275878] 10.0.0.226 "GET /resource_providers/3eded19f-e5dc-444b-a0b7-abeeff7ffb95/aggregates" status: 404 len: 235 microversion: 1.1 [pid: 7|app: 0|req: 447/892] 10.0.0.226 () {32 vars in 824 bytes} [Wed Jul 22 23:20:45 2026] GET /resource_providers/3eded19f-e5dc-444b-a0b7-abeeff7ffb95/aggregates => generated 235 bytes in 12 msecs (HTTP/1.1 404) 5 headers in 202 bytes (1 switches on core 0)
2026-07-22 23:20:45.429 8 INFO placement.requestlog [None req-a4564c60-c42a-40f2-9465-c7502f3553ac 5f314b913900447a9951664c0ac06953 62cfa6fd5f134f0bb9df100d3a300334 - - 90b3c53d72af4b9c9d7c7763bb275878 90b3c53d72af4b9c9d7c7763bb275878] 10.0.0.226 "DELETE /resource_providers/3eded19f-e5dc-444b-a0b7-abeeff7ffb95" status: 404 len: 246 microversion: 1.1 [pid: 8|app: 0|req: 446/893] 10.0.0.226 () {34 vars in 824 bytes} [Wed Jul 22 23:20:45 2026] DELETE /resource_providers/3eded19f-e5dc-444b-a0b7-abeeff7ffb95 => generated 246 bytes in 13 msecs (HTTP/1.1 404) 6 headers in 231 bytes (1 switches on core 0)
2026-07-22 23:20:45.430 7 INFO placement.requestlog [None req-a3d3c999-2f5f-4403-9fe2-f9c2fb91c85a 5f314b913900447a9951664c0ac06953 62cfa6fd5f134f0bb9df100d3a300334 - - 90b3c53d72af4b9c9d7c7763bb275878 90b3c53d72af4b9c9d7c7763bb275878] 10.0.0.226 "DELETE /resource_providers/3eded19f-e5dc-444b-a0b7-abeeff7ffb95" status: 404 len: 246 microversion: 1.1 [pid: 7|app: 0|req: 448/894] 10.0.0.226 () {34 vars in 824 bytes} [Wed Jul 22 23:20:45 2026] DELETE /resource_providers/3eded19f-e5dc-444b-a0b7-abeeff7ffb95 => generated 246 bytes in 14 msecs (HTTP/1.1 404) 6 headers in 231 bytes (1 switches on core 0)
2026-07-22 23:20:45.843 8 INFO placement.requestlog [None req-f24090a2-4b22-4e8b-ae71-3953112ac2b7 - - - - - -] 10.0.0.157 "GET /" status: 200 len: 136 microversion: 1.0
2026-07-22 23:20:45.843 7 INFO placement.requestlog [None req-cbef2bcb-ccca-4d67-bd49-574a7ff5ff38 - - - - - -] 10.0.0.157 "GET /" status: 200 len: 136 microversion: 1.0
2026-07-22 23:20:55.838 7 INFO placement.requestlog [None req-bd4e5b9c-d6e4-4b20-97c0-c31952121246 - - - - - -] 10.0.0.157 "GET /" status: 200 len: 136 microversion: 1.0
2026-07-22 23:20:55.839 8 INFO placement.requestlog [None req-a0285869-4e17-41fd-bc3a-8f490927794f - - - - - -] 10.0.0.157 "GET /" status: 200 len: 136 microversion: 1.0
2026-07-22 23:21:04.183 7 INFO placement.requestlog [None req-3273601b-3922-495a-b2d6-d09cf73ad94c 5f314b913900447a9951664c0ac06953 62cfa6fd5f134f0bb9df100d3a300334 - - 90b3c53d72af4b9c9d7c7763bb275878 90b3c53d72af4b9c9d7c7763bb275878] 10.0.0.226 "GET /resource_providers/6bf1d92b-4f45-4c11-9a4d-220086e3b9bf/aggregates" status: 404 len: 235 microversion: 1.1 [pid: 7|app: 0|req: 451/899] 10.0.0.226 () {32 vars in 824 bytes} [Wed Jul 22 23:21:04 2026] GET /resource_providers/6bf1d92b-4f45-4c11-9a4d-220086e3b9bf/aggregates => generated 235 bytes in 16 msecs (HTTP/1.1 404) 5 headers in 202 bytes (1 switches on core 0)
2026-07-22 23:21:04.208 7 INFO placement.requestlog [None req-e3b98b5e-04c3-4408-8f7d-3fa62399331e 5f314b913900447a9951664c0ac06953 62cfa6fd5f134f0bb9df100d3a300334 - - 90b3c53d72af4b9c9d7c7763bb275878 90b3c53d72af4b9c9d7c7763bb275878] 10.0.0.226 "DELETE /resource_providers/6bf1d92b-4f45-4c11-9a4d-220086e3b9bf" status: 404 len: 246 microversion: 1.1 [pid: 7|app: 0|req: 452/900] 10.0.0.226 () {34 vars in 824 bytes} [Wed Jul 22 23:21:04 2026] DELETE /resource_providers/6bf1d92b-4f45-4c11-9a4d-220086e3b9bf => generated 246 bytes in 14 msecs (HTTP/1.1 404) 6 headers in 231 bytes (1 switches on core 0)
2026-07-22 23:21:04.242 8 INFO placement.requestlog [None req-9a41e92d-bbee-401c-9630-e092d292e656 5f314b913900447a9951664c0ac06953 62cfa6fd5f134f0bb9df100d3a300334 - - 90b3c53d72af4b9c9d7c7763bb275878 90b3c53d72af4b9c9d7c7763bb275878] 10.0.0.226 "GET /resource_providers/6bf1d92b-4f45-4c11-9a4d-220086e3b9bf/aggregates" status: 404 len: 235 microversion: 1.1 [pid: 8|app: 0|req: 449/901] 10.0.0.226 () {32 vars in 824 bytes} [Wed Jul 22 23:21:04 2026] GET /resource_providers/6bf1d92b-4f45-4c11-9a4d-220086e3b9bf/aggregates => generated 235 bytes in 71 msecs (HTTP/1.1 404) 5 headers in 202 bytes (1 switches on core 0)
2026-07-22 23:21:04.263 7 INFO placement.requestlog [None req-b8b61a9d-c5f5-4092-b68c-5dc2afb29f91 5f314b913900447a9951664c0ac06953 62cfa6fd5f134f0bb9df100d3a300334 - - 90b3c53d72af4b9c9d7c7763bb275878 90b3c53d72af4b9c9d7c7763bb275878] 10.0.0.226 "DELETE /resource_providers/6bf1d92b-4f45-4c11-9a4d-220086e3b9bf" status: 404 len: 246 microversion: 1.1 [pid: 7|app: 0|req: 453/902] 10.0.0.226 () {34 vars in 824 bytes} [Wed Jul 22 23:21:04 2026] DELETE /resource_providers/6bf1d92b-4f45-4c11-9a4d-220086e3b9bf => generated 246 bytes in 12 msecs (HTTP/1.1 404) 6 headers in 231 bytes (1 switches on core 0)
2026-07-22 23:21:05.839 8 INFO placement.requestlog [None req-a1ad9137-30f8-4cde-9263-b3739f8db79b - - - - - -] 10.0.0.157 "GET /" status: 200 len: 136 microversion: 1.0
2026-07-22 23:21:05.839 7 INFO placement.requestlog [None req-ae07d256-1f2f-4c1b-a909-5c7246749753 - - - - - -] 10.0.0.157 "GET /" status: 200 len: 136 microversion: 1.0
2026-07-22 23:21:15.685 8 INFO placement.requestlog [req-bbb76225-037d-4711-b704-cf9974350747 req-1f382bd7-2b12-4999-b160-a1bd727e01a4 fda057935f9d4ee2afb8a670d93fd78b 62cfa6fd5f134f0bb9df100d3a300334 - - 90b3c53d72af4b9c9d7c7763bb275878 90b3c53d72af4b9c9d7c7763bb275878] 10.0.0.160 "GET /allocation_candidates?limit=1000&resources=DISK_GB%3A1%2CMEMORY_MB%3A512%2CVCPU%3A1&root_required=%21COMPUTE_STATUS_DISABLED" status: 200 len: 2147 microversion: 1.36 [pid: 8|app: 0|req: 451/905] 10.0.0.160 () {34 vars in 1011 bytes} [Wed Jul 22 23:21:15 2026] GET /allocation_candidates?limit=1000&resources=DISK_GB%3A1%2CMEMORY_MB%3A512%2CVCPU%3A1&root_required=%21COMPUTE_STATUS_DISABLED => generated 2147 bytes in 43 msecs (HTTP/1.1 200) 8 headers in 297 bytes (1 switches on core 0)
2026-07-22 23:21:15.719 7 INFO placement.requestlog [req-bbb76225-037d-4711-b704-cf9974350747 req-97ae3f06-939d-443f-871a-8b503c74475f fda057935f9d4ee2afb8a670d93fd78b 62cfa6fd5f134f0bb9df100d3a300334 - - 90b3c53d72af4b9c9d7c7763bb275878 90b3c53d72af4b9c9d7c7763bb275878] 10.0.0.160 "GET /allocations/7d4bda16-a425-479b-8760-49ab7e91c08b" status: 200 len: 19 microversion: 1.28 [pid: 7|app: 0|req: 455/906] 10.0.0.160 () {34 vars in 860 bytes} [Wed Jul 22 23:21:15 2026] GET /allocations/7d4bda16-a425-479b-8760-49ab7e91c08b => generated 19 bytes in 11 msecs (HTTP/1.1 200) 8 headers in 295 bytes (1 switches on core 0)
2026-07-22 23:21:15.839 7 INFO placement.requestlog [None req-a8e3ca28-6634-4760-b396-d50fbd3e8e8b - - - - - -] 10.0.0.157 "GET /" status: 200 len: 136 microversion: 1.0
2026-07-22 23:21:15.840 7 INFO placement.requestlog [None req-448d8642-3e19-490f-bd68-9a847180dfd1 - - - - - -] 10.0.0.157 "GET /" status: 200 len: 136 microversion: 1.0
2026-07-22 23:21:16.613 8 INFO placement.requestlog [req-bbb76225-037d-4711-b704-cf9974350747 req-251d2f22-6e4c-4798-811f-05a3ed28e71b fda057935f9d4ee2afb8a670d93fd78b 62cfa6fd5f134f0bb9df100d3a300334 - - 90b3c53d72af4b9c9d7c7763bb275878 90b3c53d72af4b9c9d7c7763bb275878] 10.0.0.160 "PUT /allocations/7d4bda16-a425-479b-8760-49ab7e91c08b" status: 204 len: 0 microversion: 1.36 [pid: 8|app: 0|req: 452/909] 10.0.0.160 () {38 vars in 913 bytes} [Wed Jul 22 23:21:15 2026] PUT /allocations/7d4bda16-a425-479b-8760-49ab7e91c08b => generated 0 bytes in 868 msecs (HTTP/1.1 204) 5 headers in 199 bytes (1 switches on core 0)
2026-07-22 23:21:18.234 7 INFO placement.requestlog [req-bbb76225-037d-4711-b704-cf9974350747 req-e30b3ebd-ceb5-49fd-a3c1-fb9a8b43de64 fda057935f9d4ee2afb8a670d93fd78b 62cfa6fd5f134f0bb9df100d3a300334 - - 90b3c53d72af4b9c9d7c7763bb275878 90b3c53d72af4b9c9d7c7763bb275878] 199.204.45.44 "GET /allocations/7d4bda16-a425-479b-8760-49ab7e91c08b" status: 200 len: 258 microversion: 1.28 [pid: 7|app: 0|req: 458/910] 199.204.45.44 () {34 vars in 861 bytes} [Wed Jul 22 23:21:18 2026] GET /allocations/7d4bda16-a425-479b-8760-49ab7e91c08b => generated 258 bytes in 19 msecs (HTTP/1.1 200) 8 headers in 296 bytes (1 switches on core 0)
2026-07-22 23:21:18.728 8 INFO placement.requestlog [req-bbb76225-037d-4711-b704-cf9974350747 req-875e32cb-c1c4-422e-af47-f2cb9a68de91 fda057935f9d4ee2afb8a670d93fd78b 62cfa6fd5f134f0bb9df100d3a300334 - - 90b3c53d72af4b9c9d7c7763bb275878 90b3c53d72af4b9c9d7c7763bb275878] 199.204.45.44 "GET /resource_providers/a265f460-bb04-4e85-b2c5-c592c42635db/allocations" status: 200 len: 153 microversion: 1.0 [pid: 8|app: 0|req: 453/911] 199.204.45.44 () {32 vars in 855 bytes} [Wed Jul 22 23:21:18 2026] GET /resource_providers/a265f460-bb04-4e85-b2c5-c592c42635db/allocations => generated 153 bytes in 19 msecs (HTTP/1.1 200) 6 headers in 224 bytes (1 switches on core 0)
2026-07-22 23:21:18.752 7 INFO placement.requestlog [req-bbb76225-037d-4711-b704-cf9974350747 req-8571c62b-4269-42cd-9ef5-24de1c4ddd5c fda057935f9d4ee2afb8a670d93fd78b 62cfa6fd5f134f0bb9df100d3a300334 - - 90b3c53d72af4b9c9d7c7763bb275878 90b3c53d72af4b9c9d7c7763bb275878] 199.204.45.44 "GET /allocations/7d4bda16-a425-479b-8760-49ab7e91c08b" status: 200 len: 258 microversion: 1.28 [pid: 7|app: 0|req: 459/912] 199.204.45.44 () {34 vars in 861 bytes} [Wed Jul 22 23:21:18 2026] GET /allocations/7d4bda16-a425-479b-8760-49ab7e91c08b => generated 258 bytes in 15 msecs (HTTP/1.1 200) 8 headers in 296 bytes (1 switches on core 0)
2026-07-22 23:21:20.495 8 INFO placement.requestlog [req-943191f1-7a10-4cbd-bb73-bb5e3c183e04 req-57f6e493-8866-47c4-84e2-7b24adc12529 fda057935f9d4ee2afb8a670d93fd78b 62cfa6fd5f134f0bb9df100d3a300334 - - 90b3c53d72af4b9c9d7c7763bb275878 90b3c53d72af4b9c9d7c7763bb275878] 199.204.45.44 "GET /resource_providers/a265f460-bb04-4e85-b2c5-c592c42635db/allocations" status: 200 len: 153 microversion: 1.0 [pid: 8|app: 0|req: 454/913] 199.204.45.44 () {32 vars in 855 bytes} [Wed Jul 22 23:21:20 2026] GET /resource_providers/a265f460-bb04-4e85-b2c5-c592c42635db/allocations => generated 153 bytes in 28 msecs (HTTP/1.1 200) 6 headers in 224 bytes (1 switches on core 0)
2026-07-22 23:21:20.532 7 INFO placement.requestlog [req-943191f1-7a10-4cbd-bb73-bb5e3c183e04 req-6ef7089e-be6e-4dda-af5e-febc14db33df fda057935f9d4ee2afb8a670d93fd78b 62cfa6fd5f134f0bb9df100d3a300334 - - 90b3c53d72af4b9c9d7c7763bb275878 90b3c53d72af4b9c9d7c7763bb275878] 199.204.45.44 "GET /resource_providers/a265f460-bb04-4e85-b2c5-c592c42635db/allocations" status: 200 len: 153 microversion: 1.0 [pid: 7|app: 0|req: 460/914] 199.204.45.44 () {32 vars in 855 bytes} [Wed Jul 22 23:21:20 2026] GET /resource_providers/a265f460-bb04-4e85-b2c5-c592c42635db/allocations => generated 153 bytes in 24 msecs (HTTP/1.1 200) 6 headers in 224 bytes (1 switches on core 0)
2026-07-22 23:21:20.575 8 INFO placement.requestlog [req-943191f1-7a10-4cbd-bb73-bb5e3c183e04 req-7086a879-633b-4291-8a9e-9a414a92cc5d fda057935f9d4ee2afb8a670d93fd78b 62cfa6fd5f134f0bb9df100d3a300334 - - 90b3c53d72af4b9c9d7c7763bb275878 90b3c53d72af4b9c9d7c7763bb275878] 199.204.45.44 "GET /allocations/7d4bda16-a425-479b-8760-49ab7e91c08b" status: 200 len: 258 microversion: 1.28 [pid: 8|app: 0|req: 455/915] 199.204.45.44 () {34 vars in 861 bytes} [Wed Jul 22 23:21:20 2026] GET /allocations/7d4bda16-a425-479b-8760-49ab7e91c08b => generated 258 bytes in 32 msecs (HTTP/1.1 200) 8 headers in 296 bytes (1 switches on core 0)
2026-07-22 23:21:23.888 7 INFO placement.requestlog [None req-7001add3-8ac3-4ee7-9c3c-78885adef1d4 5f314b913900447a9951664c0ac06953 62cfa6fd5f134f0bb9df100d3a300334 - - 90b3c53d72af4b9c9d7c7763bb275878 90b3c53d72af4b9c9d7c7763bb275878] 10.0.0.226 "GET /resource_providers/1aae4a46-8765-4e19-b7d1-cb3e3c636a64/aggregates" status: 404 len: 235 microversion: 1.1 [pid: 7|app: 0|req: 461/916] 10.0.0.226 () {32 vars in 824 bytes} [Wed Jul 22 23:21:23 2026] GET /resource_providers/1aae4a46-8765-4e19-b7d1-cb3e3c636a64/aggregates => generated 235 bytes in 13 msecs (HTTP/1.1 404) 5 headers in 202 bytes (1 switches on core 0)
2026-07-22 23:21:23.893 8 INFO placement.requestlog [None req-16a63c32-84f4-47fd-b7b9-76b2e441fd7f 5f314b913900447a9951664c0ac06953 62cfa6fd5f134f0bb9df100d3a300334 - - 90b3c53d72af4b9c9d7c7763bb275878 90b3c53d72af4b9c9d7c7763bb275878] 10.0.0.226 "GET /resource_providers/1aae4a46-8765-4e19-b7d1-cb3e3c636a64/aggregates" status: 404 len: 235 microversion: 1.1 [pid: 8|app: 0|req: 456/917] 10.0.0.226 () {32 vars in 824 bytes} [Wed Jul 22 23:21:23 2026] GET /resource_providers/1aae4a46-8765-4e19-b7d1-cb3e3c636a64/aggregates => generated 235 bytes in 19 msecs (HTTP/1.1 404) 5 headers in 202 bytes (1 switches on core 0)
2026-07-22 23:21:23.916 7 INFO placement.requestlog [None req-a3d24f73-4d9c-4530-a760-5919d6427143 5f314b913900447a9951664c0ac06953 62cfa6fd5f134f0bb9df100d3a300334 - - 90b3c53d72af4b9c9d7c7763bb275878 90b3c53d72af4b9c9d7c7763bb275878] 10.0.0.226 "DELETE /resource_providers/1aae4a46-8765-4e19-b7d1-cb3e3c636a64" status: 404 len: 246 microversion: 1.1 [pid: 7|app: 0|req: 462/918] 10.0.0.226 () {34 vars in 824 bytes} [Wed Jul 22 23:21:23 2026] DELETE /resource_providers/1aae4a46-8765-4e19-b7d1-cb3e3c636a64 => generated 246 bytes in 18 msecs (HTTP/1.1 404) 6 headers in 231 bytes (1 switches on core 0)
2026-07-22 23:21:23.924 8 INFO placement.requestlog [None req-7f5d3039-962f-4447-9727-d07c69207c66 5f314b913900447a9951664c0ac06953 62cfa6fd5f134f0bb9df100d3a300334 - - 90b3c53d72af4b9c9d7c7763bb275878 90b3c53d72af4b9c9d7c7763bb275878] 10.0.0.226 "DELETE /resource_providers/1aae4a46-8765-4e19-b7d1-cb3e3c636a64" status: 404 len: 246 microversion: 1.1 [pid: 8|app: 0|req: 457/919] 10.0.0.226 () {34 vars in 824 bytes} [Wed Jul 22 23:21:23 2026] DELETE /resource_providers/1aae4a46-8765-4e19-b7d1-cb3e3c636a64 => generated 246 bytes in 15 msecs (HTTP/1.1 404) 6 headers in 231 bytes (1 switches on core 0)
2026-07-22 23:21:25.838 7 INFO placement.requestlog [None req-4f22dc8b-f317-4d2d-9910-030d302688f5 - - - - - -] 10.0.0.157 "GET /" status: 200 len: 136 microversion: 1.0
2026-07-22 23:21:25.839 8 INFO placement.requestlog [None req-79ec611d-9977-4326-93bf-8ae750295c01 - - - - - -] 10.0.0.157 "GET /" status: 200 len: 136 microversion: 1.0
2026-07-22 23:21:25.947 7 INFO placement.requestlog [None req-238faffa-5df3-47d5-a03a-d7865f301e34 5f314b913900447a9951664c0ac06953 62cfa6fd5f134f0bb9df100d3a300334 - - 90b3c53d72af4b9c9d7c7763bb275878 90b3c53d72af4b9c9d7c7763bb275878] 10.0.0.226 "GET /resource_providers/d9edbf20-8bc8-469f-84ee-7bfd1005f5be/aggregates" status: 404 len: 235 microversion: 1.1 [pid: 7|app: 0|req: 464/922] 10.0.0.226 () {32 vars in 824 bytes} [Wed Jul 22 23:21:25 2026] GET /resource_providers/d9edbf20-8bc8-469f-84ee-7bfd1005f5be/aggregates => generated 235 bytes in 16 msecs (HTTP/1.1 404) 5 headers in 202 bytes (1 switches on core 0)
2026-07-22 23:21:25.951 8 INFO placement.requestlog [None req-4a8634b2-454d-4749-95cb-4d3a8f4da39d 5f314b913900447a9951664c0ac06953 62cfa6fd5f134f0bb9df100d3a300334 - - 90b3c53d72af4b9c9d7c7763bb275878 90b3c53d72af4b9c9d7c7763bb275878] 10.0.0.226 "GET /resource_providers/d9edbf20-8bc8-469f-84ee-7bfd1005f5be/aggregates" status: 404 len: 235 microversion: 1.1 [pid: 8|app: 0|req: 459/923] 10.0.0.226 () {32 vars in 824 bytes} [Wed Jul 22 23:21:25 2026] GET /resource_providers/d9edbf20-8bc8-469f-84ee-7bfd1005f5be/aggregates => generated 235 bytes in 15 msecs (HTTP/1.1 404) 5 headers in 202 bytes (1 switches on core 0)
2026-07-22 23:21:25.971 7 INFO placement.requestlog [None req-5c1327b7-ff7a-495e-b3ad-695413c4673f 5f314b913900447a9951664c0ac06953 62cfa6fd5f134f0bb9df100d3a300334 - - 90b3c53d72af4b9c9d7c7763bb275878 90b3c53d72af4b9c9d7c7763bb275878] 10.0.0.226 "DELETE /resource_providers/d9edbf20-8bc8-469f-84ee-7bfd1005f5be" status: 404 len: 246 microversion: 1.1 [pid: 7|app: 0|req: 465/924] 10.0.0.226 () {34 vars in 824 bytes} [Wed Jul 22 23:21:25 2026] DELETE /resource_providers/d9edbf20-8bc8-469f-84ee-7bfd1005f5be => generated 246 bytes in 13 msecs (HTTP/1.1 404) 6 headers in 231 bytes (1 switches on core 0)
2026-07-22 23:21:25.984 8 INFO placement.requestlog [None req-90434cd9-1f77-44f0-8939-7f130b38e446 5f314b913900447a9951664c0ac06953 62cfa6fd5f134f0bb9df100d3a300334 - - 90b3c53d72af4b9c9d7c7763bb275878 90b3c53d72af4b9c9d7c7763bb275878] 10.0.0.226 "DELETE /resource_providers/d9edbf20-8bc8-469f-84ee-7bfd1005f5be" status: 404 len: 246 microversion: 1.1 [pid: 8|app: 0|req: 460/925] 10.0.0.226 () {34 vars in 824 bytes} [Wed Jul 22 23:21:25 2026] DELETE /resource_providers/d9edbf20-8bc8-469f-84ee-7bfd1005f5be => generated 246 bytes in 21 msecs (HTTP/1.1 404) 6 headers in 231 bytes (1 switches on core 0)
2026-07-22 23:21:35.838 7 INFO placement.requestlog [None req-f8745dc1-327b-4d27-a353-3c2a8fa12298 - - - - - -] 10.0.0.157 "GET /" status: 200 len: 136 microversion: 1.0
2026-07-22 23:21:35.839 8 INFO placement.requestlog [None req-4039a94d-8963-4229-934a-bb90fe187d81 - - - - - -] 10.0.0.157 "GET /" status: 200 len: 136 microversion: 1.0
2026-07-22 23:21:37.225 8 INFO placement.requestlog [None req-b0a6b6a7-558f-444f-9e4d-0b5ace8898c0 5f314b913900447a9951664c0ac06953 62cfa6fd5f134f0bb9df100d3a300334 - - 90b3c53d72af4b9c9d7c7763bb275878 90b3c53d72af4b9c9d7c7763bb275878] 10.0.0.226 "GET /resource_providers/21b5d3a1-54ca-4602-8d98-f79e09c03f9f/aggregates" status: 404 len: 235 microversion: 1.1 [pid: 8|app: 0|req: 462/928] 10.0.0.226 () {32 vars in 824 bytes} [Wed Jul 22 23:21:37 2026] GET /resource_providers/21b5d3a1-54ca-4602-8d98-f79e09c03f9f/aggregates => generated 235 bytes in 14 msecs (HTTP/1.1 404) 5 headers in 202 bytes (1 switches on core 0)
2026-07-22 23:21:37.257 8 INFO placement.requestlog [None req-ae29bf23-9659-42b8-8ad8-cb173f8120bf 5f314b913900447a9951664c0ac06953 62cfa6fd5f134f0bb9df100d3a300334 - - 90b3c53d72af4b9c9d7c7763bb275878 90b3c53d72af4b9c9d7c7763bb275878] 10.0.0.226 "DELETE /resource_providers/21b5d3a1-54ca-4602-8d98-f79e09c03f9f" status: 404 len: 246 microversion: 1.1 [pid: 8|app: 0|req: 463/929] 10.0.0.226 () {34 vars in 824 bytes} [Wed Jul 22 23:21:37 2026] DELETE /resource_providers/21b5d3a1-54ca-4602-8d98-f79e09c03f9f => generated 246 bytes in 18 msecs (HTTP/1.1 404) 6 headers in 231 bytes (1 switches on core 0)
2026-07-22 23:21:37.333 7 INFO placement.requestlog [None req-05dda380-ae9b-4491-b0b3-cfc13f6a1596 5f314b913900447a9951664c0ac06953 62cfa6fd5f134f0bb9df100d3a300334 - - 90b3c53d72af4b9c9d7c7763bb275878 90b3c53d72af4b9c9d7c7763bb275878] 10.0.0.226 "GET /resource_providers/21b5d3a1-54ca-4602-8d98-f79e09c03f9f/aggregates" status: 404 len: 235 microversion: 1.1 [pid: 7|app: 0|req: 467/930] 10.0.0.226 () {32 vars in 824 bytes} [Wed Jul 22 23:21:37 2026] GET /resource_providers/21b5d3a1-54ca-4602-8d98-f79e09c03f9f/aggregates => generated 235 bytes in 123 msecs (HTTP/1.1 404) 5 headers in 202 bytes (1 switches on core 0)
2026-07-22 23:21:37.356 8 INFO placement.requestlog [None req-0433a943-379e-41df-a155-9ef67c443919 5f314b913900447a9951664c0ac06953 62cfa6fd5f134f0bb9df100d3a300334 - - 90b3c53d72af4b9c9d7c7763bb275878 90b3c53d72af4b9c9d7c7763bb275878] 10.0.0.226 "DELETE /resource_providers/21b5d3a1-54ca-4602-8d98-f79e09c03f9f" status: 404 len: 246 microversion: 1.1 [pid: 8|app: 0|req: 464/931] 10.0.0.226 () {34 vars in 824 bytes} [Wed Jul 22 23:21:37 2026] DELETE /resource_providers/21b5d3a1-54ca-4602-8d98-f79e09c03f9f => generated 246 bytes in 13 msecs (HTTP/1.1 404) 6 headers in 231 bytes (1 switches on core 0)
2026-07-22 23:21:37.721 7 INFO placement.requestlog [None req-c2c1f9ca-88ee-4571-bfde-5520fab0d7bd 5f314b913900447a9951664c0ac06953 62cfa6fd5f134f0bb9df100d3a300334 - - 90b3c53d72af4b9c9d7c7763bb275878 90b3c53d72af4b9c9d7c7763bb275878] 10.0.0.226 "GET /resource_providers/da632354-41d8-4edd-962b-063115a84979/aggregates" status: 404 len: 235 microversion: 1.1 [pid: 7|app: 0|req: 468/932] 10.0.0.226 () {32 vars in 824 bytes} [Wed Jul 22 23:21:37 2026] GET /resource_providers/da632354-41d8-4edd-962b-063115a84979/aggregates => generated 235 bytes in 10 msecs (HTTP/1.1 404) 5 headers in 202 bytes (1 switches on core 0)
2026-07-22 23:21:37.737 8 INFO placement.requestlog [None req-5fe2079f-c2d5-4bf4-9483-3cc51fd440e9 5f314b913900447a9951664c0ac06953 62cfa6fd5f134f0bb9df100d3a300334 - - 90b3c53d72af4b9c9d7c7763bb275878 90b3c53d72af4b9c9d7c7763bb275878] 10.0.0.226 "GET /resource_providers/da632354-41d8-4edd-962b-063115a84979/aggregates" status: 404 len: 235 microversion: 1.1 [pid: 8|app: 0|req: 465/933] 10.0.0.226 () {32 vars in 824 bytes} [Wed Jul 22 23:21:37 2026] GET /resource_providers/da632354-41d8-4edd-962b-063115a84979/aggregates => generated 235 bytes in 18 msecs (HTTP/1.1 404) 5 headers in 202 bytes (1 switches on core 0)
2026-07-22 23:21:37.759 7 INFO placement.requestlog [None req-d64c0daf-ec84-4146-a1fc-4e9c61d7c1b8 5f314b913900447a9951664c0ac06953 62cfa6fd5f134f0bb9df100d3a300334 - - 90b3c53d72af4b9c9d7c7763bb275878 90b3c53d72af4b9c9d7c7763bb275878] 10.0.0.226 "DELETE /resource_providers/da632354-41d8-4edd-962b-063115a84979" status: 404 len: 246 microversion: 1.1 [pid: 7|app: 0|req: 469/934] 10.0.0.226 () {34 vars in 824 bytes} [Wed Jul 22 23:21:37 2026] DELETE /resource_providers/da632354-41d8-4edd-962b-063115a84979 => generated 246 bytes in 10 msecs (HTTP/1.1 404) 6 headers in 231 bytes (1 switches on core 0)
2026-07-22 23:21:37.769 8 INFO placement.requestlog [None req-68dde469-8e97-4a4b-b7f7-47d4d193fb25 5f314b913900447a9951664c0ac06953 62cfa6fd5f134f0bb9df100d3a300334 - - 90b3c53d72af4b9c9d7c7763bb275878 90b3c53d72af4b9c9d7c7763bb275878] 10.0.0.226 "DELETE /resource_providers/da632354-41d8-4edd-962b-063115a84979" status: 404 len: 246 microversion: 1.1 [pid: 8|app: 0|req: 466/935] 10.0.0.226 () {34 vars in 824 bytes} [Wed Jul 22 23:21:37 2026] DELETE /resource_providers/da632354-41d8-4edd-962b-063115a84979 => generated 246 bytes in 13 msecs (HTTP/1.1 404) 6 headers in 231 bytes (1 switches on core 0)
2026-07-22 23:21:40.253 7 INFO placement.requestlog [req-714b3927-644a-4b97-9e68-63e9b43f6166 req-49627e67-befb-446d-8416-b7d39c972aa8 fda057935f9d4ee2afb8a670d93fd78b 62cfa6fd5f134f0bb9df100d3a300334 - - 90b3c53d72af4b9c9d7c7763bb275878 90b3c53d72af4b9c9d7c7763bb275878] 10.0.0.160 "GET /allocation_candidates?limit=1000&resources=DISK_GB%3A1%2CMEMORY_MB%3A512%2CVCPU%3A1&root_required=%21COMPUTE_STATUS_DISABLED" status: 200 len: 2149 microversion: 1.36 [pid: 7|app: 0|req: 470/936] 10.0.0.160 () {34 vars in 1011 bytes} [Wed Jul 22 23:21:40 2026] GET /allocation_candidates?limit=1000&resources=DISK_GB%3A1%2CMEMORY_MB%3A512%2CVCPU%3A1&root_required=%21COMPUTE_STATUS_DISABLED => generated 2149 bytes in 60 msecs (HTTP/1.1 200) 8 headers in 297 bytes (1 switches on core 0)
2026-07-22 23:21:40.290 8 INFO placement.requestlog [req-714b3927-644a-4b97-9e68-63e9b43f6166 req-9e5472db-ddaa-462c-b6d7-1c802909fb37 fda057935f9d4ee2afb8a670d93fd78b 62cfa6fd5f134f0bb9df100d3a300334 - - 90b3c53d72af4b9c9d7c7763bb275878 90b3c53d72af4b9c9d7c7763bb275878] 10.0.0.160 "GET /allocations/423b4861-b38f-4e19-8904-84a0244ea9de" status: 200 len: 19 microversion: 1.28 [pid: 8|app: 0|req: 467/937] 10.0.0.160 () {34 vars in 860 bytes} [Wed Jul 22 23:21:40 2026] GET /allocations/423b4861-b38f-4e19-8904-84a0244ea9de => generated 19 bytes in 12 msecs (HTTP/1.1 200) 8 headers in 295 bytes (1 switches on core 0)
2026-07-22 23:21:40.934 7 INFO placement.requestlog [req-714b3927-644a-4b97-9e68-63e9b43f6166 req-e31bdb0b-a5ff-4947-880a-4121c1e7b955 fda057935f9d4ee2afb8a670d93fd78b 62cfa6fd5f134f0bb9df100d3a300334 - - 90b3c53d72af4b9c9d7c7763bb275878 90b3c53d72af4b9c9d7c7763bb275878] 10.0.0.160 "PUT /allocations/423b4861-b38f-4e19-8904-84a0244ea9de" status: 204 len: 0 microversion: 1.36 [pid: 7|app: 0|req: 471/938] 10.0.0.160 () {38 vars in 913 bytes} [Wed Jul 22 23:21:40 2026] PUT /allocations/423b4861-b38f-4e19-8904-84a0244ea9de => generated 0 bytes in 636 msecs (HTTP/1.1 204) 5 headers in 199 bytes (1 switches on core 0)
2026-07-22 23:21:41.634 8 INFO placement.requestlog [req-714b3927-644a-4b97-9e68-63e9b43f6166 req-b696da2a-e2c5-42c1-b7bd-69593212fc1a fda057935f9d4ee2afb8a670d93fd78b 62cfa6fd5f134f0bb9df100d3a300334 - - 90b3c53d72af4b9c9d7c7763bb275878 90b3c53d72af4b9c9d7c7763bb275878] 199.204.45.44 "GET /allocations/423b4861-b38f-4e19-8904-84a0244ea9de" status: 200 len: 258 microversion: 1.28 [pid: 8|app: 0|req: 468/939] 199.204.45.44 () {34 vars in 861 bytes} [Wed Jul 22 23:21:41 2026] GET /allocations/423b4861-b38f-4e19-8904-84a0244ea9de => generated 258 bytes in 17 msecs (HTTP/1.1 200) 8 headers in 296 bytes (1 switches on core 0)
2026-07-22 23:21:41.797 7 INFO placement.requestlog [req-714b3927-644a-4b97-9e68-63e9b43f6166 req-1ace1b40-e381-49ea-bac1-06d43d3003c5 fda057935f9d4ee2afb8a670d93fd78b 62cfa6fd5f134f0bb9df100d3a300334 - - 90b3c53d72af4b9c9d7c7763bb275878 90b3c53d72af4b9c9d7c7763bb275878] 199.204.45.44 "GET /resource_providers/a265f460-bb04-4e85-b2c5-c592c42635db/allocations" status: 200 len: 253 microversion: 1.0 [pid: 7|app: 0|req: 472/940] 199.204.45.44 () {32 vars in 855 bytes} [Wed Jul 22 23:21:41 2026] GET /resource_providers/a265f460-bb04-4e85-b2c5-c592c42635db/allocations => generated 253 bytes in 21 msecs (HTTP/1.1 200) 6 headers in 224 bytes (1 switches on core 0)
2026-07-22 23:21:41.819 8 INFO placement.requestlog [req-714b3927-644a-4b97-9e68-63e9b43f6166 req-ca56ca64-2869-4950-9b14-61aec0e0f6bc fda057935f9d4ee2afb8a670d93fd78b 62cfa6fd5f134f0bb9df100d3a300334 - - 90b3c53d72af4b9c9d7c7763bb275878 90b3c53d72af4b9c9d7c7763bb275878] 199.204.45.44 "GET /allocations/423b4861-b38f-4e19-8904-84a0244ea9de" status: 200 len: 258 microversion: 1.28 [pid: 8|app: 0|req: 469/941] 199.204.45.44 () {34 vars in 861 bytes} [Wed Jul 22 23:21:41 2026] GET /allocations/423b4861-b38f-4e19-8904-84a0244ea9de => generated 258 bytes in 16 msecs (HTTP/1.1 200) 8 headers in 296 bytes (1 switches on core 0)
2026-07-22 23:21:41.846 7 INFO placement.requestlog [req-714b3927-644a-4b97-9e68-63e9b43f6166 req-a04fbade-2371-4674-950b-da419f75ab08 fda057935f9d4ee2afb8a670d93fd78b 62cfa6fd5f134f0bb9df100d3a300334 - - 90b3c53d72af4b9c9d7c7763bb275878 90b3c53d72af4b9c9d7c7763bb275878] 199.204.45.44 "GET /allocations/7d4bda16-a425-479b-8760-49ab7e91c08b" status: 200 len: 258 microversion: 1.28 [pid: 7|app: 0|req: 473/942] 199.204.45.44 () {34 vars in 861 bytes} [Wed Jul 22 23:21:41 2026] GET /allocations/7d4bda16-a425-479b-8760-49ab7e91c08b => generated 258 bytes in 18 msecs (HTTP/1.1 200) 8 headers in 296 bytes (1 switches on core 0)
2026-07-22 23:21:45.839 7 INFO placement.requestlog [None req-7faead80-0143-4080-93d5-2e76d9380252 - - - - - -] 10.0.0.157 "GET /" status: 200 len: 136 microversion: 1.0
2026-07-22 23:21:45.839 8 INFO placement.requestlog [None req-3a82cfda-da13-4ebf-b177-126cc1c8b401 - - - - - -] 10.0.0.157 "GET /" status: 200 len: 136 microversion: 1.0
2026-07-22 23:21:46.609 7 INFO placement.requestlog [None req-609a98f1-b34a-443b-afc5-962f6a184d1f 5f314b913900447a9951664c0ac06953 62cfa6fd5f134f0bb9df100d3a300334 - - 90b3c53d72af4b9c9d7c7763bb275878 90b3c53d72af4b9c9d7c7763bb275878] 10.0.0.226 "GET /resource_providers/a6192b8a-d3ae-4ef0-b736-87f2fe2d154e/aggregates" status: 404 len: 235 microversion: 1.1 [pid: 7|app: 0|req: 475/945] 10.0.0.226 () {32 vars in 824 bytes} [Wed Jul 22 23:21:46 2026] GET /resource_providers/a6192b8a-d3ae-4ef0-b736-87f2fe2d154e/aggregates => generated 235 bytes in 15 msecs (HTTP/1.1 404) 5 headers in 202 bytes (1 switches on core 0)
2026-07-22 23:21:46.610 8 INFO placement.requestlog [None req-2c3e2f24-51bb-46c3-ab68-52c091cabfd5 5f314b913900447a9951664c0ac06953 62cfa6fd5f134f0bb9df100d3a300334 - - 90b3c53d72af4b9c9d7c7763bb275878 90b3c53d72af4b9c9d7c7763bb275878] 10.0.0.226 "GET /resource_providers/a6192b8a-d3ae-4ef0-b736-87f2fe2d154e/aggregates" status: 404 len: 235 microversion: 1.1 [pid: 8|app: 0|req: 471/946] 10.0.0.226 () {32 vars in 824 bytes} [Wed Jul 22 23:21:46 2026] GET /resource_providers/a6192b8a-d3ae-4ef0-b736-87f2fe2d154e/aggregates => generated 235 bytes in 16 msecs (HTTP/1.1 404) 5 headers in 202 bytes (1 switches on core 0)
2026-07-22 23:21:46.653 8 INFO placement.requestlog [None req-58cbf0c7-0347-4f13-a73a-89dccf03bcad 5f314b913900447a9951664c0ac06953 62cfa6fd5f134f0bb9df100d3a300334 - - 90b3c53d72af4b9c9d7c7763bb275878 90b3c53d72af4b9c9d7c7763bb275878] 10.0.0.226 "DELETE /resource_providers/a6192b8a-d3ae-4ef0-b736-87f2fe2d154e" status: 404 len: 246 microversion: 1.1 [pid: 8|app: 0|req: 472/947] 10.0.0.226 () {34 vars in 824 bytes} [Wed Jul 22 23:21:46 2026] DELETE /resource_providers/a6192b8a-d3ae-4ef0-b736-87f2fe2d154e => generated 246 bytes in 21 msecs (HTTP/1.1 404) 6 headers in 231 bytes (1 switches on core 0)
2026-07-22 23:21:46.654 7 INFO placement.requestlog [None req-a8bab28f-f9fd-49ee-9cc5-bd84afce826b 5f314b913900447a9951664c0ac06953 62cfa6fd5f134f0bb9df100d3a300334 - - 90b3c53d72af4b9c9d7c7763bb275878 90b3c53d72af4b9c9d7c7763bb275878] 10.0.0.226 "DELETE /resource_providers/a6192b8a-d3ae-4ef0-b736-87f2fe2d154e" status: 404 len: 246 microversion: 1.1 [pid: 7|app: 0|req: 476/948] 10.0.0.226 () {34 vars in 824 bytes} [Wed Jul 22 23:21:46 2026] DELETE /resource_providers/a6192b8a-d3ae-4ef0-b736-87f2fe2d154e => generated 246 bytes in 23 msecs (HTTP/1.1 404) 6 headers in 231 bytes (1 switches on core 0)
2026-07-22 23:21:46.772 8 INFO placement.requestlog [req-91c3cdcd-b1e1-4d34-b6d7-2dbedfc96f73 req-aa77c1ca-9ed1-4900-8ce7-72ff7d41ab38 fda057935f9d4ee2afb8a670d93fd78b 62cfa6fd5f134f0bb9df100d3a300334 - - 90b3c53d72af4b9c9d7c7763bb275878 90b3c53d72af4b9c9d7c7763bb275878] 199.204.45.44 "GET /resource_providers/a265f460-bb04-4e85-b2c5-c592c42635db/allocations" status: 200 len: 253 microversion: 1.0 [pid: 8|app: 0|req: 473/949] 199.204.45.44 () {32 vars in 855 bytes} [Wed Jul 22 23:21:46 2026] GET /resource_providers/a265f460-bb04-4e85-b2c5-c592c42635db/allocations => generated 253 bytes in 20 msecs (HTTP/1.1 200) 6 headers in 224 bytes (1 switches on core 0)
2026-07-22 23:21:46.797 7 INFO placement.requestlog [req-91c3cdcd-b1e1-4d34-b6d7-2dbedfc96f73 req-7d6bafce-5763-4e8f-9003-d96d6af79e4a fda057935f9d4ee2afb8a670d93fd78b 62cfa6fd5f134f0bb9df100d3a300334 - - 90b3c53d72af4b9c9d7c7763bb275878 90b3c53d72af4b9c9d7c7763bb275878] 199.204.45.44 "GET /allocations/423b4861-b38f-4e19-8904-84a0244ea9de" status: 200 len: 258 microversion: 1.28 [pid: 7|app: 0|req: 477/950] 199.204.45.44 () {34 vars in 861 bytes} [Wed Jul 22 23:21:46 2026] GET /allocations/423b4861-b38f-4e19-8904-84a0244ea9de => generated 258 bytes in 19 msecs (HTTP/1.1 200) 8 headers in 296 bytes (1 switches on core 0)
2026-07-22 23:21:46.828 8 INFO placement.requestlog [req-91c3cdcd-b1e1-4d34-b6d7-2dbedfc96f73 req-38f0675b-d0e7-4a99-8133-aa08846d3af5 fda057935f9d4ee2afb8a670d93fd78b 62cfa6fd5f134f0bb9df100d3a300334 - - 90b3c53d72af4b9c9d7c7763bb275878 90b3c53d72af4b9c9d7c7763bb275878] 199.204.45.44 "GET /allocations/7d4bda16-a425-479b-8760-49ab7e91c08b" status: 200 len: 258 microversion: 1.28 [pid: 8|app: 0|req: 474/951] 199.204.45.44 () {34 vars in 861 bytes} [Wed Jul 22 23:21:46 2026] GET /allocations/7d4bda16-a425-479b-8760-49ab7e91c08b => generated 258 bytes in 21 msecs (HTTP/1.1 200) 8 headers in 296 bytes (1 switches on core 0)
2026-07-22 23:21:46.993 7 INFO placement.requestlog [req-91c3cdcd-b1e1-4d34-b6d7-2dbedfc96f73 req-a101c0d2-5f5c-4500-91e7-bfc21a429cc0 fda057935f9d4ee2afb8a670d93fd78b 62cfa6fd5f134f0bb9df100d3a300334 - - 90b3c53d72af4b9c9d7c7763bb275878 90b3c53d72af4b9c9d7c7763bb275878] 199.204.45.44 "DELETE /allocations/7d4bda16-a425-479b-8760-49ab7e91c08b" status: 204 len: 0 microversion: 1.0 [pid: 7|app: 0|req: 478/952] 199.204.45.44 () {34 vars in 839 bytes} [Wed Jul 22 23:21:46 2026] DELETE /allocations/7d4bda16-a425-479b-8760-49ab7e91c08b => generated 0 bytes in 50 msecs (HTTP/1.1 204) 5 headers in 198 bytes (1 switches on core 0)
2026-07-22 23:21:47.219 8 INFO placement.requestlog [None req-cf3a401c-7166-42e3-969f-158f360a3de7 5f314b913900447a9951664c0ac06953 62cfa6fd5f134f0bb9df100d3a300334 - - 90b3c53d72af4b9c9d7c7763bb275878 90b3c53d72af4b9c9d7c7763bb275878] 10.0.0.226 "GET /resource_providers/f8b2a7aa-8b97-4bc6-a42b-9fe3832681fc/aggregates" status: 404 len: 235 microversion: 1.1 [pid: 8|app: 0|req: 475/953] 10.0.0.226 () {32 vars in 824 bytes} [Wed Jul 22 23:21:47 2026] GET /resource_providers/f8b2a7aa-8b97-4bc6-a42b-9fe3832681fc/aggregates => generated 235 bytes in 12 msecs (HTTP/1.1 404) 5 headers in 202 bytes (1 switches on core 0)
2026-07-22 23:21:47.222 7 INFO placement.requestlog [None req-158e4f24-6af2-4572-946d-0bb88a8f9e25 5f314b913900447a9951664c0ac06953 62cfa6fd5f134f0bb9df100d3a300334 - - 90b3c53d72af4b9c9d7c7763bb275878 90b3c53d72af4b9c9d7c7763bb275878] 10.0.0.226 "GET /resource_providers/f8b2a7aa-8b97-4bc6-a42b-9fe3832681fc/aggregates" status: 404 len: 235 microversion: 1.1 [pid: 7|app: 0|req: 479/954] 10.0.0.226 () {32 vars in 824 bytes} [Wed Jul 22 23:21:47 2026] GET /resource_providers/f8b2a7aa-8b97-4bc6-a42b-9fe3832681fc/aggregates => generated 235 bytes in 14 msecs (HTTP/1.1 404) 5 headers in 202 bytes (1 switches on core 0)
2026-07-22 23:21:47.255 7 INFO placement.requestlog [None req-d2800c69-3792-4b2b-af81-ee52b9e525a5 5f314b913900447a9951664c0ac06953 62cfa6fd5f134f0bb9df100d3a300334 - - 90b3c53d72af4b9c9d7c7763bb275878 90b3c53d72af4b9c9d7c7763bb275878] 10.0.0.226 "DELETE /resource_providers/f8b2a7aa-8b97-4bc6-a42b-9fe3832681fc" status: 404 len: 246 microversion: 1.1 [pid: 7|app: 0|req: 480/955] 10.0.0.226 () {34 vars in 824 bytes} [Wed Jul 22 23:21:47 2026] DELETE /resource_providers/f8b2a7aa-8b97-4bc6-a42b-9fe3832681fc => generated 246 bytes in 13 msecs (HTTP/1.1 404) 6 headers in 231 bytes (1 switches on core 0)
2026-07-22 23:21:47.260 8 INFO placement.requestlog [None req-bc362d84-607c-4698-86bc-45b94856f73a 5f314b913900447a9951664c0ac06953 62cfa6fd5f134f0bb9df100d3a300334 - - 90b3c53d72af4b9c9d7c7763bb275878 90b3c53d72af4b9c9d7c7763bb275878] 10.0.0.226 "DELETE /resource_providers/f8b2a7aa-8b97-4bc6-a42b-9fe3832681fc" status: 404 len: 246 microversion: 1.1 [pid: 8|app: 0|req: 476/956] 10.0.0.226 () {34 vars in 824 bytes} [Wed Jul 22 23:21:47 2026] DELETE /resource_providers/f8b2a7aa-8b97-4bc6-a42b-9fe3832681fc => generated 246 bytes in 18 msecs (HTTP/1.1 404) 6 headers in 231 bytes (1 switches on core 0)
2026-07-22 23:21:48.678 7 INFO placement.requestlog [None req-f54bd529-6d04-456f-80fa-7fe7b3713b8e 5f314b913900447a9951664c0ac06953 62cfa6fd5f134f0bb9df100d3a300334 - - 90b3c53d72af4b9c9d7c7763bb275878 90b3c53d72af4b9c9d7c7763bb275878] 10.0.0.226 "GET /resource_providers/3fdbef59-9cf5-4698-8397-509c0bff1ba3/aggregates" status: 404 len: 235 microversion: 1.1 [pid: 7|app: 0|req: 481/957] 10.0.0.226 () {32 vars in 824 bytes} [Wed Jul 22 23:21:48 2026] GET /resource_providers/3fdbef59-9cf5-4698-8397-509c0bff1ba3/aggregates => generated 235 bytes in 11 msecs (HTTP/1.1 404) 5 headers in 202 bytes (1 switches on core 0)
2026-07-22 23:21:48.692 8 INFO placement.requestlog [None req-e2b380a0-46f1-4646-8810-f45125d43b7d 5f314b913900447a9951664c0ac06953 62cfa6fd5f134f0bb9df100d3a300334 - - 90b3c53d72af4b9c9d7c7763bb275878 90b3c53d72af4b9c9d7c7763bb275878] 10.0.0.226 "GET /resource_providers/3fdbef59-9cf5-4698-8397-509c0bff1ba3/aggregates" status: 404 len: 235 microversion: 1.1 [pid: 8|app: 0|req: 477/958] 10.0.0.226 () {32 vars in 824 bytes} [Wed Jul 22 23:21:48 2026] GET /resource_providers/3fdbef59-9cf5-4698-8397-509c0bff1ba3/aggregates => generated 235 bytes in 17 msecs (HTTP/1.1 404) 5 headers in 202 bytes (1 switches on core 0)
2026-07-22 23:21:48.705 7 INFO placement.requestlog [None req-d75c27b8-de9f-4b03-a3f1-9c9264dd8051 5f314b913900447a9951664c0ac06953 62cfa6fd5f134f0bb9df100d3a300334 - - 90b3c53d72af4b9c9d7c7763bb275878 90b3c53d72af4b9c9d7c7763bb275878] 10.0.0.226 "DELETE /resource_providers/3fdbef59-9cf5-4698-8397-509c0bff1ba3" status: 404 len: 246 microversion: 1.1 [pid: 7|app: 0|req: 482/959] 10.0.0.226 () {34 vars in 824 bytes} [Wed Jul 22 23:21:48 2026] DELETE /resource_providers/3fdbef59-9cf5-4698-8397-509c0bff1ba3 => generated 246 bytes in 17 msecs (HTTP/1.1 404) 6 headers in 231 bytes (1 switches on core 0)
2026-07-22 23:21:48.715 8 INFO placement.requestlog [None req-92bb2e3f-61e0-4dd5-9e33-2f6cc725c7d5 5f314b913900447a9951664c0ac06953 62cfa6fd5f134f0bb9df100d3a300334 - - 90b3c53d72af4b9c9d7c7763bb275878 90b3c53d72af4b9c9d7c7763bb275878] 10.0.0.226 "DELETE /resource_providers/3fdbef59-9cf5-4698-8397-509c0bff1ba3" status: 404 len: 246 microversion: 1.1 [pid: 8|app: 0|req: 478/960] 10.0.0.226 () {34 vars in 824 bytes} [Wed Jul 22 23:21:48 2026] DELETE /resource_providers/3fdbef59-9cf5-4698-8397-509c0bff1ba3 => generated 246 bytes in 12 msecs (HTTP/1.1 404) 6 headers in 231 bytes (1 switches on core 0)
2026-07-22 23:21:48.733 8 INFO placement.requestlog [None req-b0cc33dc-4275-4306-afb4-fac8be04f7b5 5f314b913900447a9951664c0ac06953 62cfa6fd5f134f0bb9df100d3a300334 - - 90b3c53d72af4b9c9d7c7763bb275878 90b3c53d72af4b9c9d7c7763bb275878] 10.0.0.226 "GET /resource_providers/a1bb18a0-6ee6-4a44-9799-934938ab62c2/aggregates" status: 404 len: 235 microversion: 1.1
2026-07-22 23:21:48.734 7 INFO placement.requestlog [None req-2547b9f6-e1a2-475b-81be-146c89646e02 5f314b913900447a9951664c0ac06953 62cfa6fd5f134f0bb9df100d3a300334 - - 90b3c53d72af4b9c9d7c7763bb275878 90b3c53d72af4b9c9d7c7763bb275878] 10.0.0.226 "GET /resource_providers/a1bb18a0-6ee6-4a44-9799-934938ab62c2/aggregates" status: 404 len: 235 microversion: 1.1 [pid: 7|app: 0|req: 483/962] 10.0.0.226 () {32 vars in 824 bytes} [Wed Jul 22 23:21:48 2026] GET /resource_providers/a1bb18a0-6ee6-4a44-9799-934938ab62c2/aggregates => generated 235 bytes in 22 msecs (HTTP/1.1 404) 5 headers in 202 bytes (1 switches on core 0) [pid: 8|app: 0|req: 479/962] 10.0.0.226 () {32 vars in 824 bytes} [Wed Jul 22 23:21:48 2026] GET /resource_providers/a1bb18a0-6ee6-4a44-9799-934938ab62c2/aggregates => generated 235 bytes in 11 msecs (HTTP/1.1 404) 5 headers in 202 bytes (1 switches on core 0)
2026-07-22 23:21:48.756 8 INFO placement.requestlog [None req-7a6ef9d9-f828-4b90-8925-b281acd0b562 5f314b913900447a9951664c0ac06953 62cfa6fd5f134f0bb9df100d3a300334 - - 90b3c53d72af4b9c9d7c7763bb275878 90b3c53d72af4b9c9d7c7763bb275878] 10.0.0.226 "DELETE /resource_providers/a1bb18a0-6ee6-4a44-9799-934938ab62c2" status: 404 len: 246 microversion: 1.1 [pid: 8|app: 0|req: 480/963] 10.0.0.226 () {34 vars in 824 bytes} [Wed Jul 22 23:21:48 2026] DELETE /resource_providers/a1bb18a0-6ee6-4a44-9799-934938ab62c2 => generated 246 bytes in 14 msecs (HTTP/1.1 404) 6 headers in 231 bytes (1 switches on core 0)
2026-07-22 23:21:48.757 7 INFO placement.requestlog [None req-7ec61c3f-0785-43bd-a274-70fdbf9f1d7c 5f314b913900447a9951664c0ac06953 62cfa6fd5f134f0bb9df100d3a300334 - - 90b3c53d72af4b9c9d7c7763bb275878 90b3c53d72af4b9c9d7c7763bb275878] 10.0.0.226 "DELETE /resource_providers/a1bb18a0-6ee6-4a44-9799-934938ab62c2" status: 404 len: 246 microversion: 1.1 [pid: 7|app: 0|req: 484/964] 10.0.0.226 () {34 vars in 824 bytes} [Wed Jul 22 23:21:48 2026] DELETE /resource_providers/a1bb18a0-6ee6-4a44-9799-934938ab62c2 => generated 246 bytes in 16 msecs (HTTP/1.1 404) 6 headers in 231 bytes (1 switches on core 0)
2026-07-22 23:21:51.512 7 INFO placement.requestlog [None req-8b30e9d6-17ef-4c04-88a3-208f099b8d6f 5f314b913900447a9951664c0ac06953 62cfa6fd5f134f0bb9df100d3a300334 - - 90b3c53d72af4b9c9d7c7763bb275878 90b3c53d72af4b9c9d7c7763bb275878] 10.0.0.226 "GET /resource_providers/b2eadad0-93d2-4eb9-b11e-659be7e5c833/aggregates" status: 404 len: 235 microversion: 1.1 [pid: 7|app: 0|req: 485/965] 10.0.0.226 () {32 vars in 824 bytes} [Wed Jul 22 23:21:51 2026] GET /resource_providers/b2eadad0-93d2-4eb9-b11e-659be7e5c833/aggregates => generated 235 bytes in 13 msecs (HTTP/1.1 404) 5 headers in 202 bytes (1 switches on core 0)
2026-07-22 23:21:51.521 8 INFO placement.requestlog [None req-72f49acd-8ce7-48ec-af10-37cbf8ad41a7 5f314b913900447a9951664c0ac06953 62cfa6fd5f134f0bb9df100d3a300334 - - 90b3c53d72af4b9c9d7c7763bb275878 90b3c53d72af4b9c9d7c7763bb275878] 10.0.0.226 "GET /resource_providers/b2eadad0-93d2-4eb9-b11e-659be7e5c833/aggregates" status: 404 len: 235 microversion: 1.1 [pid: 8|app: 0|req: 481/966] 10.0.0.226 () {32 vars in 824 bytes} [Wed Jul 22 23:21:51 2026] GET /resource_providers/b2eadad0-93d2-4eb9-b11e-659be7e5c833/aggregates => generated 235 bytes in 27 msecs (HTTP/1.1 404) 5 headers in 202 bytes (1 switches on core 0)
2026-07-22 23:21:51.539 7 INFO placement.requestlog [None req-5adb12d7-97f3-4d2f-bfa1-86d36fae5940 5f314b913900447a9951664c0ac06953 62cfa6fd5f134f0bb9df100d3a300334 - - 90b3c53d72af4b9c9d7c7763bb275878 90b3c53d72af4b9c9d7c7763bb275878] 10.0.0.226 "DELETE /resource_providers/b2eadad0-93d2-4eb9-b11e-659be7e5c833" status: 404 len: 246 microversion: 1.1
2026-07-22 23:21:51.539 8 INFO placement.requestlog [None req-03b0840a-c7f4-4019-beda-d462a1470875 5f314b913900447a9951664c0ac06953 62cfa6fd5f134f0bb9df100d3a300334 - - 90b3c53d72af4b9c9d7c7763bb275878 90b3c53d72af4b9c9d7c7763bb275878] 10.0.0.226 "DELETE /resource_providers/b2eadad0-93d2-4eb9-b11e-659be7e5c833" status: 404 len: 246 microversion: 1.1 [pid: 7|app: 0|req: 486/967] 10.0.0.226 () {34 vars in 824 bytes} [Wed Jul 22 23:21:51 2026] DELETE /resource_providers/b2eadad0-93d2-4eb9-b11e-659be7e5c833 => generated 246 bytes in 10 msecs (HTTP/1.1 404) 6 headers in 231 bytes (1 switches on core 0) [pid: 8|app: 0|req: 482/968] 10.0.0.226 () {34 vars in 824 bytes} [Wed Jul 22 23:21:51 2026] DELETE /resource_providers/b2eadad0-93d2-4eb9-b11e-659be7e5c833 => generated 246 bytes in 10 msecs (HTTP/1.1 404) 6 headers in 231 bytes (1 switches on core 0)
2026-07-22 23:21:54.944 7 INFO placement.requestlog [None req-4a751a70-7bc4-4971-889e-784607a010ac 5f314b913900447a9951664c0ac06953 62cfa6fd5f134f0bb9df100d3a300334 - - 90b3c53d72af4b9c9d7c7763bb275878 90b3c53d72af4b9c9d7c7763bb275878] 10.0.0.226 "GET /resource_providers/8fbe66f0-ea9b-4956-a131-9124cd9da2bb/aggregates" status: 404 len: 235 microversion: 1.1 [pid: 7|app: 0|req: 487/969] 10.0.0.226 () {32 vars in 824 bytes} [Wed Jul 22 23:21:54 2026] GET /resource_providers/8fbe66f0-ea9b-4956-a131-9124cd9da2bb/aggregates => generated 235 bytes in 15 msecs (HTTP/1.1 404) 5 headers in 202 bytes (1 switches on core 0)
2026-07-22 23:21:54.954 8 INFO placement.requestlog [None req-12077361-3a44-4ccd-b162-01c74f9088e3 5f314b913900447a9951664c0ac06953 62cfa6fd5f134f0bb9df100d3a300334 - - 90b3c53d72af4b9c9d7c7763bb275878 90b3c53d72af4b9c9d7c7763bb275878] 10.0.0.226 "GET /resource_providers/8fbe66f0-ea9b-4956-a131-9124cd9da2bb/aggregates" status: 404 len: 235 microversion: 1.1 [pid: 8|app: 0|req: 483/970] 10.0.0.226 () {32 vars in 824 bytes} [Wed Jul 22 23:21:54 2026] GET /resource_providers/8fbe66f0-ea9b-4956-a131-9124cd9da2bb/aggregates => generated 235 bytes in 17 msecs (HTTP/1.1 404) 5 headers in 202 bytes (1 switches on core 0)
2026-07-22 23:21:54.989 7 INFO placement.requestlog [None req-9bfc27df-ac72-43a7-bc6e-ab0be5e078c9 5f314b913900447a9951664c0ac06953 62cfa6fd5f134f0bb9df100d3a300334 - - 90b3c53d72af4b9c9d7c7763bb275878 90b3c53d72af4b9c9d7c7763bb275878] 10.0.0.226 "DELETE /resource_providers/8fbe66f0-ea9b-4956-a131-9124cd9da2bb" status: 404 len: 246 microversion: 1.1 [pid: 7|app: 0|req: 488/971] 10.0.0.226 () {34 vars in 824 bytes} [Wed Jul 22 23:21:54 2026] DELETE /resource_providers/8fbe66f0-ea9b-4956-a131-9124cd9da2bb => generated 246 bytes in 14 msecs (HTTP/1.1 404) 6 headers in 231 bytes (1 switches on core 0)
2026-07-22 23:21:54.992 8 INFO placement.requestlog [None req-42d1759f-3358-4e6c-9fe5-33c37a54cdc7 5f314b913900447a9951664c0ac06953 62cfa6fd5f134f0bb9df100d3a300334 - - 90b3c53d72af4b9c9d7c7763bb275878 90b3c53d72af4b9c9d7c7763bb275878] 10.0.0.226 "DELETE /resource_providers/8fbe66f0-ea9b-4956-a131-9124cd9da2bb" status: 404 len: 246 microversion: 1.1 [pid: 8|app: 0|req: 484/972] 10.0.0.226 () {34 vars in 824 bytes} [Wed Jul 22 23:21:54 2026] DELETE /resource_providers/8fbe66f0-ea9b-4956-a131-9124cd9da2bb => generated 246 bytes in 15 msecs (HTTP/1.1 404) 6 headers in 231 bytes (1 switches on core 0)
2026-07-22 23:21:55.839 8 INFO placement.requestlog [None req-f25b62e3-344d-4926-8497-b71b2ddae2cb - - - - - -] 10.0.0.157 "GET /" status: 200 len: 136 microversion: 1.0
2026-07-22 23:21:55.839 7 INFO placement.requestlog [None req-1a490241-174d-45d7-9019-d0330cb8817d - - - - - -] 10.0.0.157 "GET /" status: 200 len: 136 microversion: 1.0
2026-07-22 23:21:57.228 7 INFO placement.requestlog [None req-ec6b07dd-98de-4d76-a10f-3080c69040bd 5f314b913900447a9951664c0ac06953 62cfa6fd5f134f0bb9df100d3a300334 - - 90b3c53d72af4b9c9d7c7763bb275878 90b3c53d72af4b9c9d7c7763bb275878] 10.0.0.226 "GET /resource_providers/272f10de-dbb4-4121-a373-75acc5d73183/aggregates" status: 404 len: 235 microversion: 1.1
2026-07-22 23:21:57.228 8 INFO placement.requestlog [None req-2fb2b151-0815-4923-bee0-9e380f9d8c0a 5f314b913900447a9951664c0ac06953 62cfa6fd5f134f0bb9df100d3a300334 - - 90b3c53d72af4b9c9d7c7763bb275878 90b3c53d72af4b9c9d7c7763bb275878] 10.0.0.226 "GET /resource_providers/272f10de-dbb4-4121-a373-75acc5d73183/aggregates" status: 404 len: 235 microversion: 1.1 [pid: 7|app: 0|req: 490/975] 10.0.0.226 () {32 vars in 824 bytes} [Wed Jul 22 23:21:57 2026] GET /resource_providers/272f10de-dbb4-4121-a373-75acc5d73183/aggregates => generated 235 bytes in 13 msecs (HTTP/1.1 404) 5 headers in 202 bytes (1 switches on core 0) [pid: 8|app: 0|req: 486/976] 10.0.0.226 () {32 vars in 824 bytes} [Wed Jul 22 23:21:57 2026] GET /resource_providers/272f10de-dbb4-4121-a373-75acc5d73183/aggregates => generated 235 bytes in 12 msecs (HTTP/1.1 404) 5 headers in 202 bytes (1 switches on core 0)
