2026-07-14 19:07:45.311 7 INFO cinder.api.openstack.wsgi [None req-b9fc5e6d-6b8a-4f04-a8af-5de09c10677f d54ab789ab764360a301b092e529a1de 944992dde62c4080abe7a663032008a4 - - default default] http://10.0.0.221:8776/ returned with HTTP 300
2026-07-14 19:07:45.311 6 INFO cinder.api.openstack.wsgi [None req-f72b4e68-2f7d-440f-ad12-c9baeee8add6 d54ab789ab764360a301b092e529a1de 944992dde62c4080abe7a663032008a4 - - default default] http://10.0.0.221:8776/ returned with HTTP 300
2026-07-14 19:07:55.308 7 INFO cinder.api.openstack.wsgi [None req-b9fc5e6d-6b8a-4f04-a8af-5de09c10677f d54ab789ab764360a301b092e529a1de 944992dde62c4080abe7a663032008a4 - - default default] GET http://10.0.0.221:8776/
2026-07-14 19:07:55.309 6 INFO cinder.api.openstack.wsgi [None req-f72b4e68-2f7d-440f-ad12-c9baeee8add6 d54ab789ab764360a301b092e529a1de 944992dde62c4080abe7a663032008a4 - - default default] GET http://10.0.0.221:8776/
2026-07-14 19:07:55.309 7 INFO cinder.api.openstack.wsgi [None req-b9fc5e6d-6b8a-4f04-a8af-5de09c10677f d54ab789ab764360a301b092e529a1de 944992dde62c4080abe7a663032008a4 - - default default] http://10.0.0.221:8776/ returned with HTTP 300
2026-07-14 19:07:55.310 6 INFO cinder.api.openstack.wsgi [None req-f72b4e68-2f7d-440f-ad12-c9baeee8add6 d54ab789ab764360a301b092e529a1de 944992dde62c4080abe7a663032008a4 - - default default] http://10.0.0.221:8776/ returned with HTTP 300
2026-07-14 19:08:00.951 7 INFO cinder.api.openstack.wsgi [None req-f8936bdb-eadf-4257-8fd6-ec505ff1f2eb ccecef04dec244498df16747d8cf3787 90e1805ffada4e57b28965245744cd29 - - default default] POST http://cinder-api.openstack.svc.cluster.local:8776/v3/90e1805ffada4e57b28965245744cd29/volumes
2026-07-14 19:08:01.672 7 INFO cinder.api.v3.volumes [None req-f8936bdb-eadf-4257-8fd6-ec505ff1f2eb ccecef04dec244498df16747d8cf3787 90e1805ffada4e57b28965245744cd29 - - default default] Create volume of 1 GB
2026-07-14 19:08:01.684 7 INFO cinder.volume.api [None req-f8936bdb-eadf-4257-8fd6-ec505ff1f2eb ccecef04dec244498df16747d8cf3787 90e1805ffada4e57b28965245744cd29 - - default default] Availability Zones retrieved successfully.
2026-07-14 19:08:02.102 7 INFO cinder.volume.api [None req-f8936bdb-eadf-4257-8fd6-ec505ff1f2eb ccecef04dec244498df16747d8cf3787 90e1805ffada4e57b28965245744cd29 - - default default] Create volume request issued successfully.
2026-07-14 19:08:02.103 7 INFO cinder.api.openstack.wsgi [None req-f8936bdb-eadf-4257-8fd6-ec505ff1f2eb ccecef04dec244498df16747d8cf3787 90e1805ffada4e57b28965245744cd29 - - default default] http://cinder-api.openstack.svc.cluster.local:8776/v3/90e1805ffada4e57b28965245744cd29/volumes returned with HTTP 202 /var/lib/openstack/lib/python3.12/site-packages/pycadf/timestamp.py:28: DeprecationWarning: datetime.datetime.utcnow() is deprecated and scheduled for removal in a future version. Use timezone-aware objects to represent datetimes in UTC: datetime.datetime.now(datetime.UTC). utc_datetime = pytz.utc.localize(datetime.datetime.utcnow()) [pid: 7|app: 0|req: 397/792] 10.0.0.106 () {34 vars in 723 bytes} [Tue Jul 14 19:08:00 2026] POST /v3/90e1805ffada4e57b28965245744cd29/volumes => generated 865 bytes in 1158 msecs (HTTP/1.1 202) 7 headers in 291 bytes (1 switches on core 0)
2026-07-14 19:08:02.125 6 INFO cinder.api.openstack.wsgi [None req-64a973c9-6d8f-4ca7-937f-ff0e2c5aef98 ccecef04dec244498df16747d8cf3787 90e1805ffada4e57b28965245744cd29 - - default default] GET http://cinder-api.openstack.svc.cluster.local:8776/v3/90e1805ffada4e57b28965245744cd29/volumes/c32537c8-e892-45d0-853e-ed00ac99d441 /var/lib/openstack/lib/python3.12/site-packages/oslo_context/context.py:100: DeprecationWarning: Policy enforcement is depending on the value of is_admin. This key is deprecated. Please update your policy file to use the standard policy values. warnings.warn('Policy enforcement is depending on the value of '
2026-07-14 19:08:02.167 6 INFO cinder.volume.api [None req-64a973c9-6d8f-4ca7-937f-ff0e2c5aef98 ccecef04dec244498df16747d8cf3787 90e1805ffada4e57b28965245744cd29 - - default default] Volume info retrieved successfully.
2026-07-14 19:08:02.176 6 INFO cinder.api.openstack.wsgi [None req-64a973c9-6d8f-4ca7-937f-ff0e2c5aef98 ccecef04dec244498df16747d8cf3787 90e1805ffada4e57b28965245744cd29 - - default default] http://cinder-api.openstack.svc.cluster.local:8776/v3/90e1805ffada4e57b28965245744cd29/volumes/c32537c8-e892-45d0-853e-ed00ac99d441 returned with HTTP 200 /var/lib/openstack/lib/python3.12/site-packages/pycadf/timestamp.py:28: DeprecationWarning: datetime.datetime.utcnow() is deprecated and scheduled for removal in a future version. Use timezone-aware objects to represent datetimes in UTC: datetime.datetime.now(datetime.UTC). utc_datetime = pytz.utc.localize(datetime.datetime.utcnow()) [pid: 6|app: 0|req: 396/793] 10.0.0.106 () {32 vars in 775 bytes} [Tue Jul 14 19:08:02 2026] GET /v3/90e1805ffada4e57b28965245744cd29/volumes/c32537c8-e892-45d0-853e-ed00ac99d441 => generated 933 bytes in 56 msecs (HTTP/1.1 200) 7 headers in 285 bytes (1 switches on core 0) /var/lib/openstack/lib/python3.12/site-packages/pycadf/identifier.py:71: UserWarning: Invalid uuid: cinderv3. To ensure interoperability, identifiers should be a valid uuid. warnings.warn(('Invalid uuid: %s. To ensure interoperability, '
2026-07-14 19:08:03.200 7 INFO cinder.api.openstack.wsgi [None req-63b1406c-43e7-4aff-9cb4-a1cafc96d359 ccecef04dec244498df16747d8cf3787 90e1805ffada4e57b28965245744cd29 - - default default] GET http://cinder-api.openstack.svc.cluster.local:8776/v3/90e1805ffada4e57b28965245744cd29/volumes/c32537c8-e892-45d0-853e-ed00ac99d441 /var/lib/openstack/lib/python3.12/site-packages/oslo_context/context.py:100: DeprecationWarning: Policy enforcement is depending on the value of is_admin. This key is deprecated. Please update your policy file to use the standard policy values. warnings.warn('Policy enforcement is depending on the value of '
2026-07-14 19:08:03.216 7 INFO cinder.volume.api [None req-63b1406c-43e7-4aff-9cb4-a1cafc96d359 ccecef04dec244498df16747d8cf3787 90e1805ffada4e57b28965245744cd29 - - default default] Volume info retrieved successfully.
2026-07-14 19:08:03.224 7 INFO cinder.api.openstack.wsgi [None req-63b1406c-43e7-4aff-9cb4-a1cafc96d359 ccecef04dec244498df16747d8cf3787 90e1805ffada4e57b28965245744cd29 - - default default] http://cinder-api.openstack.svc.cluster.local:8776/v3/90e1805ffada4e57b28965245744cd29/volumes/c32537c8-e892-45d0-853e-ed00ac99d441 returned with HTTP 200 /var/lib/openstack/lib/python3.12/site-packages/pycadf/timestamp.py:28: DeprecationWarning: datetime.datetime.utcnow() is deprecated and scheduled for removal in a future version. Use timezone-aware objects to represent datetimes in UTC: datetime.datetime.now(datetime.UTC). utc_datetime = pytz.utc.localize(datetime.datetime.utcnow()) [pid: 7|app: 0|req: 398/794] 10.0.0.106 () {32 vars in 775 bytes} [Tue Jul 14 19:08:03 2026] GET /v3/90e1805ffada4e57b28965245744cd29/volumes/c32537c8-e892-45d0-853e-ed00ac99d441 => generated 957 bytes in 32 msecs (HTTP/1.1 200) 7 headers in 285 bytes (1 switches on core 0) /var/lib/openstack/lib/python3.12/site-packages/pycadf/identifier.py:71: UserWarning: Invalid uuid: cinderv3. To ensure interoperability, identifiers should be a valid uuid. warnings.warn(('Invalid uuid: %s. To ensure interoperability, '
2026-07-14 19:08:04.267 6 INFO cinder.api.openstack.wsgi [None req-21d6ed51-b40f-4427-a2cf-c8513eaac029 ccecef04dec244498df16747d8cf3787 90e1805ffada4e57b28965245744cd29 - - default default] GET http://cinder-api.openstack.svc.cluster.local:8776/v3/90e1805ffada4e57b28965245744cd29/volumes/c32537c8-e892-45d0-853e-ed00ac99d441 /var/lib/openstack/lib/python3.12/site-packages/oslo_context/context.py:100: DeprecationWarning: Policy enforcement is depending on the value of is_admin. This key is deprecated. Please update your policy file to use the standard policy values. warnings.warn('Policy enforcement is depending on the value of '
2026-07-14 19:08:04.293 6 INFO cinder.volume.api [None req-21d6ed51-b40f-4427-a2cf-c8513eaac029 ccecef04dec244498df16747d8cf3787 90e1805ffada4e57b28965245744cd29 - - default default] Volume info retrieved successfully.
2026-07-14 19:08:04.299 6 INFO cinder.api.openstack.wsgi [None req-21d6ed51-b40f-4427-a2cf-c8513eaac029 ccecef04dec244498df16747d8cf3787 90e1805ffada4e57b28965245744cd29 - - default default] http://cinder-api.openstack.svc.cluster.local:8776/v3/90e1805ffada4e57b28965245744cd29/volumes/c32537c8-e892-45d0-853e-ed00ac99d441 returned with HTTP 200 /var/lib/openstack/lib/python3.12/site-packages/pycadf/timestamp.py:28: DeprecationWarning: datetime.datetime.utcnow() is deprecated and scheduled for removal in a future version. Use timezone-aware objects to represent datetimes in UTC: datetime.datetime.now(datetime.UTC). utc_datetime = pytz.utc.localize(datetime.datetime.utcnow()) [pid: 6|app: 0|req: 397/795] 10.0.0.106 () {32 vars in 775 bytes} [Tue Jul 14 19:08:04 2026] GET /v3/90e1805ffada4e57b28965245744cd29/volumes/c32537c8-e892-45d0-853e-ed00ac99d441 => generated 957 bytes in 43 msecs (HTTP/1.1 200) 7 headers in 285 bytes (1 switches on core 0)
2026-07-14 19:08:05.308 7 INFO cinder.api.openstack.wsgi [None req-63b1406c-43e7-4aff-9cb4-a1cafc96d359 ccecef04dec244498df16747d8cf3787 90e1805ffada4e57b28965245744cd29 - - default default] GET http://10.0.0.221:8776/
2026-07-14 19:08:05.308 6 INFO cinder.api.openstack.wsgi [None req-21d6ed51-b40f-4427-a2cf-c8513eaac029 ccecef04dec244498df16747d8cf3787 90e1805ffada4e57b28965245744cd29 - - default default] GET http://10.0.0.221:8776/
2026-07-14 19:08:05.309 7 INFO cinder.api.openstack.wsgi [None req-63b1406c-43e7-4aff-9cb4-a1cafc96d359 ccecef04dec244498df16747d8cf3787 90e1805ffada4e57b28965245744cd29 - - default default] http://10.0.0.221:8776/ returned with HTTP 300
2026-07-14 19:08:05.309 6 INFO cinder.api.openstack.wsgi [None req-21d6ed51-b40f-4427-a2cf-c8513eaac029 ccecef04dec244498df16747d8cf3787 90e1805ffada4e57b28965245744cd29 - - default default] http://10.0.0.221:8776/ returned with HTTP 300 /var/lib/openstack/lib/python3.12/site-packages/pycadf/identifier.py:71: UserWarning: Invalid uuid: cinderv3. To ensure interoperability, identifiers should be a valid uuid. warnings.warn(('Invalid uuid: %s. To ensure interoperability, '
2026-07-14 19:08:05.320 7 INFO cinder.api.openstack.wsgi [None req-af0a149b-add3-4244-8e80-d0532ff915ff ccecef04dec244498df16747d8cf3787 90e1805ffada4e57b28965245744cd29 - - default default] GET http://cinder-api.openstack.svc.cluster.local:8776/v3/90e1805ffada4e57b28965245744cd29/volumes/c32537c8-e892-45d0-853e-ed00ac99d441 /var/lib/openstack/lib/python3.12/site-packages/oslo_context/context.py:100: DeprecationWarning: Policy enforcement is depending on the value of is_admin. This key is deprecated. Please update your policy file to use the standard policy values. warnings.warn('Policy enforcement is depending on the value of '
2026-07-14 19:08:05.335 7 INFO cinder.volume.api [None req-af0a149b-add3-4244-8e80-d0532ff915ff ccecef04dec244498df16747d8cf3787 90e1805ffada4e57b28965245744cd29 - - default default] Volume info retrieved successfully.
2026-07-14 19:08:05.340 7 INFO cinder.api.openstack.wsgi [None req-af0a149b-add3-4244-8e80-d0532ff915ff ccecef04dec244498df16747d8cf3787 90e1805ffada4e57b28965245744cd29 - - default default] http://cinder-api.openstack.svc.cluster.local:8776/v3/90e1805ffada4e57b28965245744cd29/volumes/c32537c8-e892-45d0-853e-ed00ac99d441 returned with HTTP 200 /var/lib/openstack/lib/python3.12/site-packages/pycadf/timestamp.py:28: DeprecationWarning: datetime.datetime.utcnow() is deprecated and scheduled for removal in a future version. Use timezone-aware objects to represent datetimes in UTC: datetime.datetime.now(datetime.UTC). utc_datetime = pytz.utc.localize(datetime.datetime.utcnow()) [pid: 7|app: 0|req: 400/798] 10.0.0.106 () {32 vars in 775 bytes} [Tue Jul 14 19:08:05 2026] GET /v3/90e1805ffada4e57b28965245744cd29/volumes/c32537c8-e892-45d0-853e-ed00ac99d441 => generated 1483 bytes in 25 msecs (HTTP/1.1 200) 7 headers in 286 bytes (1 switches on core 0) /var/lib/openstack/lib/python3.12/site-packages/pycadf/identifier.py:71: UserWarning: Invalid uuid: cinderv3. To ensure interoperability, identifiers should be a valid uuid. warnings.warn(('Invalid uuid: %s. To ensure interoperability, '
2026-07-14 19:08:05.435 6 INFO cinder.api.openstack.wsgi [req-1814b153-2fa0-4fb2-8943-3e27dba8fc4c req-520a88bd-7002-4829-a959-fb3fcf7e31e4 ccecef04dec244498df16747d8cf3787 90e1805ffada4e57b28965245744cd29 - - default default] GET http://cinder-api.openstack.svc.cluster.local:8776/v3/90e1805ffada4e57b28965245744cd29/volumes/c32537c8-e892-45d0-853e-ed00ac99d441 /var/lib/openstack/lib/python3.12/site-packages/oslo_context/context.py:100: DeprecationWarning: Policy enforcement is depending on the value of is_admin. This key is deprecated. Please update your policy file to use the standard policy values. warnings.warn('Policy enforcement is depending on the value of '
2026-07-14 19:08:05.453 6 INFO cinder.volume.api [req-1814b153-2fa0-4fb2-8943-3e27dba8fc4c req-520a88bd-7002-4829-a959-fb3fcf7e31e4 ccecef04dec244498df16747d8cf3787 90e1805ffada4e57b28965245744cd29 - - default default] Volume info retrieved successfully.
2026-07-14 19:08:05.457 6 INFO cinder.api.openstack.wsgi [req-1814b153-2fa0-4fb2-8943-3e27dba8fc4c req-520a88bd-7002-4829-a959-fb3fcf7e31e4 ccecef04dec244498df16747d8cf3787 90e1805ffada4e57b28965245744cd29 - - default default] http://cinder-api.openstack.svc.cluster.local:8776/v3/90e1805ffada4e57b28965245744cd29/volumes/c32537c8-e892-45d0-853e-ed00ac99d441 returned with HTTP 200 /var/lib/openstack/lib/python3.12/site-packages/pycadf/timestamp.py:28: DeprecationWarning: datetime.datetime.utcnow() is deprecated and scheduled for removal in a future version. Use timezone-aware objects to represent datetimes in UTC: datetime.datetime.now(datetime.UTC). utc_datetime = pytz.utc.localize(datetime.datetime.utcnow()) [pid: 6|app: 0|req: 399/799] 10.0.0.241 () {34 vars in 1028 bytes} [Tue Jul 14 19:08:05 2026] GET /v3/90e1805ffada4e57b28965245744cd29/volumes/c32537c8-e892-45d0-853e-ed00ac99d441 => generated 1483 bytes in 29 msecs (HTTP/1.1 200) 7 headers in 286 bytes (1 switches on core 0) /var/lib/openstack/lib/python3.12/site-packages/pycadf/identifier.py:71: UserWarning: Invalid uuid: cinderv3. To ensure interoperability, identifiers should be a valid uuid. warnings.warn(('Invalid uuid: %s. To ensure interoperability, '
2026-07-14 19:08:05.830 7 INFO cinder.api.openstack.wsgi [req-1814b153-2fa0-4fb2-8943-3e27dba8fc4c req-cbe8f3cc-412d-4684-beef-1fe13cef83e2 ccecef04dec244498df16747d8cf3787 90e1805ffada4e57b28965245744cd29 - - default default] GET http://cinder-api.openstack.svc.cluster.local:8776/v3/90e1805ffada4e57b28965245744cd29/volumes/c32537c8-e892-45d0-853e-ed00ac99d441 /var/lib/openstack/lib/python3.12/site-packages/oslo_context/context.py:100: DeprecationWarning: Policy enforcement is depending on the value of is_admin. This key is deprecated. Please update your policy file to use the standard policy values. warnings.warn('Policy enforcement is depending on the value of '
2026-07-14 19:08:05.846 7 INFO cinder.volume.api [req-1814b153-2fa0-4fb2-8943-3e27dba8fc4c req-cbe8f3cc-412d-4684-beef-1fe13cef83e2 ccecef04dec244498df16747d8cf3787 90e1805ffada4e57b28965245744cd29 - - default default] Volume info retrieved successfully.
2026-07-14 19:08:05.852 7 INFO cinder.api.openstack.wsgi [req-1814b153-2fa0-4fb2-8943-3e27dba8fc4c req-cbe8f3cc-412d-4684-beef-1fe13cef83e2 ccecef04dec244498df16747d8cf3787 90e1805ffada4e57b28965245744cd29 - - default default] http://cinder-api.openstack.svc.cluster.local:8776/v3/90e1805ffada4e57b28965245744cd29/volumes/c32537c8-e892-45d0-853e-ed00ac99d441 returned with HTTP 200 /var/lib/openstack/lib/python3.12/site-packages/pycadf/timestamp.py:28: DeprecationWarning: datetime.datetime.utcnow() is deprecated and scheduled for removal in a future version. Use timezone-aware objects to represent datetimes in UTC: datetime.datetime.now(datetime.UTC). utc_datetime = pytz.utc.localize(datetime.datetime.utcnow()) [pid: 7|app: 0|req: 401/800] 10.0.0.241 () {34 vars in 1028 bytes} [Tue Jul 14 19:08:05 2026] GET /v3/90e1805ffada4e57b28965245744cd29/volumes/c32537c8-e892-45d0-853e-ed00ac99d441 => generated 1483 bytes in 29 msecs (HTTP/1.1 200) 7 headers in 286 bytes (1 switches on core 0)
2026-07-14 19:08:05.865 6 INFO cinder.api.openstack.wsgi [req-1814b153-2fa0-4fb2-8943-3e27dba8fc4c req-520a88bd-7002-4829-a959-fb3fcf7e31e4 ccecef04dec244498df16747d8cf3787 90e1805ffada4e57b28965245744cd29 - - default default] GET http://cinder-api.openstack.svc.cluster.local:8776/
2026-07-14 19:08:05.866 6 INFO cinder.api.openstack.wsgi [req-1814b153-2fa0-4fb2-8943-3e27dba8fc4c req-520a88bd-7002-4829-a959-fb3fcf7e31e4 ccecef04dec244498df16747d8cf3787 90e1805ffada4e57b28965245744cd29 - - default default] http://cinder-api.openstack.svc.cluster.local:8776/ returned with HTTP 300 [pid: 6|app: 0|req: 400/801] 10.0.0.241 () {32 vars in 828 bytes} [Tue Jul 14 19:08:05 2026] GET / => generated 411 bytes in 2 msecs (HTTP/1.1 300) 5 headers in 169 bytes (1 switches on core 0) /var/lib/openstack/lib/python3.12/site-packages/pycadf/identifier.py:71: UserWarning: Invalid uuid: cinderv3. To ensure interoperability, identifiers should be a valid uuid. warnings.warn(('Invalid uuid: %s. To ensure interoperability, '
2026-07-14 19:08:05.880 7 INFO cinder.api.openstack.wsgi [req-1814b153-2fa0-4fb2-8943-3e27dba8fc4c req-d698eb03-9feb-4ce7-9c60-b14565e9df0a ccecef04dec244498df16747d8cf3787 90e1805ffada4e57b28965245744cd29 - - default default] POST http://cinder-api.openstack.svc.cluster.local:8776/v3/90e1805ffada4e57b28965245744cd29/attachments /var/lib/openstack/lib/python3.12/site-packages/oslo_context/context.py:100: DeprecationWarning: Policy enforcement is depending on the value of is_admin. This key is deprecated. Please update your policy file to use the standard policy values. warnings.warn('Policy enforcement is depending on the value of '
2026-07-14 19:08:05.939 7 INFO cinder.api.openstack.wsgi [req-1814b153-2fa0-4fb2-8943-3e27dba8fc4c req-d698eb03-9feb-4ce7-9c60-b14565e9df0a ccecef04dec244498df16747d8cf3787 90e1805ffada4e57b28965245744cd29 - - default default] http://cinder-api.openstack.svc.cluster.local:8776/v3/90e1805ffada4e57b28965245744cd29/attachments returned with HTTP 200 /var/lib/openstack/lib/python3.12/site-packages/pycadf/timestamp.py:28: DeprecationWarning: datetime.datetime.utcnow() is deprecated and scheduled for removal in a future version. Use timezone-aware objects to represent datetimes in UTC: datetime.datetime.now(datetime.UTC). utc_datetime = pytz.utc.localize(datetime.datetime.utcnow()) [pid: 7|app: 0|req: 402/802] 10.0.0.241 () {40 vars in 1057 bytes} [Tue Jul 14 19:08:05 2026] POST /v3/90e1805ffada4e57b28965245744cd29/attachments => generated 273 bytes in 69 msecs (HTTP/1.1 200) 7 headers in 286 bytes (1 switches on core 0)
2026-07-14 19:08:12.064 6 INFO cinder.api.openstack.wsgi [req-1814b153-2fa0-4fb2-8943-3e27dba8fc4c req-520a88bd-7002-4829-a959-fb3fcf7e31e4 ccecef04dec244498df16747d8cf3787 90e1805ffada4e57b28965245744cd29 - - default default] GET http://cinder-api.openstack.svc.cluster.local:8776/
2026-07-14 19:08:12.066 6 INFO cinder.api.openstack.wsgi [req-1814b153-2fa0-4fb2-8943-3e27dba8fc4c req-520a88bd-7002-4829-a959-fb3fcf7e31e4 ccecef04dec244498df16747d8cf3787 90e1805ffada4e57b28965245744cd29 - - default default] http://cinder-api.openstack.svc.cluster.local:8776/ returned with HTTP 300 [pid: 6|app: 0|req: 401/803] 199.19.213.166 () {32 vars in 839 bytes} [Tue Jul 14 19:08:12 2026] GET / => generated 411 bytes in 3 msecs (HTTP/1.1 300) 5 headers in 169 bytes (1 switches on core 0) /var/lib/openstack/lib/python3.12/site-packages/pycadf/identifier.py:71: UserWarning: Invalid uuid: cinderv3. To ensure interoperability, identifiers should be a valid uuid. warnings.warn(('Invalid uuid: %s. To ensure interoperability, '
2026-07-14 19:08:12.131 7 INFO cinder.api.openstack.wsgi [req-1814b153-2fa0-4fb2-8943-3e27dba8fc4c req-ad7ec09f-b071-4643-a022-e5f24992c9cb ccecef04dec244498df16747d8cf3787 90e1805ffada4e57b28965245744cd29 - - default default] GET http://cinder-api.openstack.svc.cluster.local:8776/v3/90e1805ffada4e57b28965245744cd29/volumes/c32537c8-e892-45d0-853e-ed00ac99d441 /var/lib/openstack/lib/python3.12/site-packages/oslo_context/context.py:100: DeprecationWarning: Policy enforcement is depending on the value of is_admin. This key is deprecated. Please update your policy file to use the standard policy values. warnings.warn('Policy enforcement is depending on the value of '
2026-07-14 19:08:12.153 7 INFO cinder.volume.api [req-1814b153-2fa0-4fb2-8943-3e27dba8fc4c req-ad7ec09f-b071-4643-a022-e5f24992c9cb ccecef04dec244498df16747d8cf3787 90e1805ffada4e57b28965245744cd29 - - default default] Volume info retrieved successfully.
2026-07-14 19:08:12.163 7 INFO cinder.api.openstack.wsgi [req-1814b153-2fa0-4fb2-8943-3e27dba8fc4c req-ad7ec09f-b071-4643-a022-e5f24992c9cb ccecef04dec244498df16747d8cf3787 90e1805ffada4e57b28965245744cd29 - - default default] http://cinder-api.openstack.svc.cluster.local:8776/v3/90e1805ffada4e57b28965245744cd29/volumes/c32537c8-e892-45d0-853e-ed00ac99d441 returned with HTTP 200 /var/lib/openstack/lib/python3.12/site-packages/pycadf/timestamp.py:28: DeprecationWarning: datetime.datetime.utcnow() is deprecated and scheduled for removal in a future version. Use timezone-aware objects to represent datetimes in UTC: datetime.datetime.now(datetime.UTC). utc_datetime = pytz.utc.localize(datetime.datetime.utcnow()) [pid: 7|app: 0|req: 403/804] 199.19.213.166 () {36 vars in 1073 bytes} [Tue Jul 14 19:08:12 2026] GET /v3/90e1805ffada4e57b28965245744cd29/volumes/c32537c8-e892-45d0-853e-ed00ac99d441 => generated 1663 bytes in 41 msecs (HTTP/1.1 200) 7 headers in 287 bytes (1 switches on core 0) /var/lib/openstack/lib/python3.12/site-packages/pycadf/identifier.py:71: UserWarning: Invalid uuid: cinderv3. To ensure interoperability, identifiers should be a valid uuid. warnings.warn(('Invalid uuid: %s. To ensure interoperability, '
2026-07-14 19:08:14.345 6 INFO cinder.api.openstack.wsgi [req-1814b153-2fa0-4fb2-8943-3e27dba8fc4c req-cee9bd97-ab54-4f20-a898-b3185c82c7b4 ccecef04dec244498df16747d8cf3787 90e1805ffada4e57b28965245744cd29 - - default default] PUT http://cinder-api.openstack.svc.cluster.local:8776/v3/90e1805ffada4e57b28965245744cd29/attachments/eaf7dce8-88dd-4d49-bf29-5275367b5ef6 /var/lib/openstack/lib/python3.12/site-packages/oslo_context/context.py:100: DeprecationWarning: Policy enforcement is depending on the value of is_admin. This key is deprecated. Please update your policy file to use the standard policy values. warnings.warn('Policy enforcement is depending on the value of ' /var/lib/openstack/lib/python3.12/site-packages/pycadf/identifier.py:71: UserWarning: Invalid uuid: cinderv3. To ensure interoperability, identifiers should be a valid uuid. warnings.warn(('Invalid uuid: %s. To ensure interoperability, '
2026-07-14 19:08:15.350 7 INFO cinder.api.openstack.wsgi [None req-337e3804-acf9-4ba2-823c-cfe4379cfdcc d54ab789ab764360a301b092e529a1de 944992dde62c4080abe7a663032008a4 - - default default] GET http://cinder-api.openstack.svc.cluster.local:8776/v3/944992dde62c4080abe7a663032008a4/scheduler-stats/get_pools?detail=true
2026-07-14 19:08:15.435 6 INFO cinder.api.openstack.wsgi [req-1814b153-2fa0-4fb2-8943-3e27dba8fc4c req-cee9bd97-ab54-4f20-a898-b3185c82c7b4 ccecef04dec244498df16747d8cf3787 90e1805ffada4e57b28965245744cd29 - - default default] http://cinder-api.openstack.svc.cluster.local:8776/v3/90e1805ffada4e57b28965245744cd29/attachments/eaf7dce8-88dd-4d49-bf29-5275367b5ef6 returned with HTTP 200 /var/lib/openstack/lib/python3.12/site-packages/pycadf/timestamp.py:28: DeprecationWarning: datetime.datetime.utcnow() is deprecated and scheduled for removal in a future version. Use timezone-aware objects to represent datetimes in UTC: datetime.datetime.now(datetime.UTC). utc_datetime = pytz.utc.localize(datetime.datetime.utcnow()) [pid: 6|app: 0|req: 402/805] 199.19.213.166 () {40 vars in 1135 bytes} [Tue Jul 14 19:08:14 2026] PUT /v3/90e1805ffada4e57b28965245744cd29/attachments/eaf7dce8-88dd-4d49-bf29-5275367b5ef6 => generated 775 bytes in 1097 msecs (HTTP/1.1 200) 7 headers in 286 bytes (1 switches on core 0)
2026-07-14 19:08:15.437 6 INFO cinder.api.openstack.wsgi [req-1814b153-2fa0-4fb2-8943-3e27dba8fc4c req-cee9bd97-ab54-4f20-a898-b3185c82c7b4 ccecef04dec244498df16747d8cf3787 90e1805ffada4e57b28965245744cd29 - - default default] GET http://10.0.0.221:8776/
2026-07-14 19:08:15.437 6 INFO cinder.api.openstack.wsgi [req-1814b153-2fa0-4fb2-8943-3e27dba8fc4c req-cee9bd97-ab54-4f20-a898-b3185c82c7b4 ccecef04dec244498df16747d8cf3787 90e1805ffada4e57b28965245744cd29 - - default default] http://10.0.0.221:8776/ returned with HTTP 300
2026-07-14 19:08:15.438 6 INFO cinder.api.openstack.wsgi [req-1814b153-2fa0-4fb2-8943-3e27dba8fc4c req-cee9bd97-ab54-4f20-a898-b3185c82c7b4 ccecef04dec244498df16747d8cf3787 90e1805ffada4e57b28965245744cd29 - - default default] GET http://10.0.0.221:8776/
2026-07-14 19:08:15.438 6 INFO cinder.api.openstack.wsgi [req-1814b153-2fa0-4fb2-8943-3e27dba8fc4c req-cee9bd97-ab54-4f20-a898-b3185c82c7b4 ccecef04dec244498df16747d8cf3787 90e1805ffada4e57b28965245744cd29 - - default default] http://10.0.0.221:8776/ returned with HTTP 300
2026-07-14 19:08:15.854 7 INFO cinder.api.openstack.wsgi [None req-337e3804-acf9-4ba2-823c-cfe4379cfdcc d54ab789ab764360a301b092e529a1de 944992dde62c4080abe7a663032008a4 - - default default] http://cinder-api.openstack.svc.cluster.local:8776/v3/944992dde62c4080abe7a663032008a4/scheduler-stats/get_pools?detail=true returned with HTTP 200 [pid: 7|app: 0|req: 404/808] 10.0.0.253 () {28 vars in 696 bytes} [Tue Jul 14 19:08:15 2026] GET /v3/944992dde62c4080abe7a663032008a4/scheduler-stats/get_pools?detail=true => generated 670 bytes in 654 msecs (HTTP/1.1 200) 7 headers in 285 bytes (1 switches on core 0) /var/lib/openstack/lib/python3.12/site-packages/pycadf/identifier.py:71: UserWarning: Invalid uuid: cinderv3. To ensure interoperability, identifiers should be a valid uuid. warnings.warn(('Invalid uuid: %s. To ensure interoperability, '
2026-07-14 19:08:15.867 6 INFO cinder.api.openstack.wsgi [None req-0c892e5e-1740-47ec-aabc-024f72700871 d54ab789ab764360a301b092e529a1de 944992dde62c4080abe7a663032008a4 - - default default] GET http://cinder-api.openstack.svc.cluster.local:8776/v3/944992dde62c4080abe7a663032008a4/snapshots?all_tenants=true /var/lib/openstack/lib/python3.12/site-packages/oslo_context/context.py:100: DeprecationWarning: Policy enforcement is depending on the value of is_admin. This key is deprecated. Please update your policy file to use the standard policy values. warnings.warn('Policy enforcement is depending on the value of '
2026-07-14 19:08:15.872 6 INFO cinder.volume.api [None req-0c892e5e-1740-47ec-aabc-024f72700871 d54ab789ab764360a301b092e529a1de 944992dde62c4080abe7a663032008a4 - - default default] Get all snapshots completed successfully.
2026-07-14 19:08:15.873 6 INFO cinder.api.openstack.wsgi [None req-0c892e5e-1740-47ec-aabc-024f72700871 d54ab789ab764360a301b092e529a1de 944992dde62c4080abe7a663032008a4 - - default default] http://cinder-api.openstack.svc.cluster.local:8776/v3/944992dde62c4080abe7a663032008a4/snapshots?all_tenants=true returned with HTTP 200 [pid: 6|app: 0|req: 405/809] 10.0.0.253 () {28 vars in 674 bytes} [Tue Jul 14 19:08:15 2026] GET /v3/944992dde62c4080abe7a663032008a4/snapshots?all_tenants=true => generated 17 bytes in 12 msecs (HTTP/1.1 200) 7 headers in 284 bytes (1 switches on core 0)
2026-07-14 19:08:15.886 7 INFO cinder.api.openstack.wsgi [None req-62ca396d-adb6-4bd4-9745-11f504ca3706 d54ab789ab764360a301b092e529a1de 944992dde62c4080abe7a663032008a4 - - default default] GET http://cinder-api.openstack.svc.cluster.local:8776/v3/944992dde62c4080abe7a663032008a4/os-services
2026-07-14 19:08:15.893 7 INFO cinder.api.openstack.wsgi [None req-62ca396d-adb6-4bd4-9745-11f504ca3706 d54ab789ab764360a301b092e529a1de 944992dde62c4080abe7a663032008a4 - - default default] http://cinder-api.openstack.svc.cluster.local:8776/v3/944992dde62c4080abe7a663032008a4/os-services returned with HTTP 200 [pid: 7|app: 0|req: 405/810] 10.0.0.253 () {28 vars in 645 bytes} [Tue Jul 14 19:08:15 2026] GET /v3/944992dde62c4080abe7a663032008a4/os-services => generated 646 bytes in 16 msecs (HTTP/1.1 200) 7 headers in 285 bytes (1 switches on core 0)
2026-07-14 19:08:15.931 6 INFO cinder.api.openstack.wsgi [None req-c6b41a2e-a958-4503-b2a9-64f62f529253 d54ab789ab764360a301b092e529a1de 944992dde62c4080abe7a663032008a4 - - default default] GET http://cinder-api.openstack.svc.cluster.local:8776/v3/944992dde62c4080abe7a663032008a4/os-quota-sets/14afbf85b66647e6806bf5f36f9aa7a1?usage=true
2026-07-14 19:08:15.954 6 INFO cinder.api.openstack.wsgi [None req-c6b41a2e-a958-4503-b2a9-64f62f529253 d54ab789ab764360a301b092e529a1de 944992dde62c4080abe7a663032008a4 - - default default] http://cinder-api.openstack.svc.cluster.local:8776/v3/944992dde62c4080abe7a663032008a4/os-quota-sets/14afbf85b66647e6806bf5f36f9aa7a1?usage=true returned with HTTP 200 [pid: 6|app: 0|req: 406/811] 10.0.0.253 () {28 vars in 736 bytes} [Tue Jul 14 19:08:15 2026] GET /v3/944992dde62c4080abe7a663032008a4/os-quota-sets/14afbf85b66647e6806bf5f36f9aa7a1?usage=true => generated 847 bytes in 30 msecs (HTTP/1.1 200) 7 headers in 285 bytes (1 switches on core 0)
2026-07-14 19:08:15.956 7 INFO cinder.api.openstack.wsgi [req-1814b153-2fa0-4fb2-8943-3e27dba8fc4c req-cd2e6aba-e8f0-41ff-8be8-0019652e1933 ccecef04dec244498df16747d8cf3787 90e1805ffada4e57b28965245744cd29 - - default default] POST http://cinder-api.openstack.svc.cluster.local:8776/v3/90e1805ffada4e57b28965245744cd29/attachments/eaf7dce8-88dd-4d49-bf29-5275367b5ef6/action
2026-07-14 19:08:15.965 6 INFO cinder.api.openstack.wsgi [None req-af61c2b0-6b49-43c6-a894-0f78a5b8b320 d54ab789ab764360a301b092e529a1de 944992dde62c4080abe7a663032008a4 - - default default] GET http://cinder-api.openstack.svc.cluster.local:8776/v3/944992dde62c4080abe7a663032008a4/os-quota-sets/1f755786a48d4d4ab0dfad4c8baccc73?usage=true /var/lib/openstack/lib/python3.12/site-packages/oslo_context/context.py:100: DeprecationWarning: Policy enforcement is depending on the value of is_admin. This key is deprecated. Please update your policy file to use the standard policy values. warnings.warn('Policy enforcement is depending on the value of '
2026-07-14 19:08:15.987 6 INFO cinder.api.openstack.wsgi [None req-af61c2b0-6b49-43c6-a894-0f78a5b8b320 d54ab789ab764360a301b092e529a1de 944992dde62c4080abe7a663032008a4 - - default default] http://cinder-api.openstack.svc.cluster.local:8776/v3/944992dde62c4080abe7a663032008a4/os-quota-sets/1f755786a48d4d4ab0dfad4c8baccc73?usage=true returned with HTTP 200 [pid: 6|app: 0|req: 407/812] 10.0.0.253 () {28 vars in 736 bytes} [Tue Jul 14 19:08:15 2026] GET /v3/944992dde62c4080abe7a663032008a4/os-quota-sets/1f755786a48d4d4ab0dfad4c8baccc73?usage=true => generated 845 bytes in 29 msecs (HTTP/1.1 200) 7 headers in 285 bytes (1 switches on core 0)
2026-07-14 19:08:15.998 6 INFO cinder.api.openstack.wsgi [None req-a9ea2cd6-b589-4278-8e75-e782f20816da d54ab789ab764360a301b092e529a1de 944992dde62c4080abe7a663032008a4 - - default default] GET http://cinder-api.openstack.svc.cluster.local:8776/v3/944992dde62c4080abe7a663032008a4/os-quota-sets/2824b927862748abaa2480edad78dc63?usage=true
2026-07-14 19:08:16.007 7 INFO cinder.api.openstack.wsgi [req-1814b153-2fa0-4fb2-8943-3e27dba8fc4c req-cd2e6aba-e8f0-41ff-8be8-0019652e1933 ccecef04dec244498df16747d8cf3787 90e1805ffada4e57b28965245744cd29 - - default default] http://cinder-api.openstack.svc.cluster.local:8776/v3/90e1805ffada4e57b28965245744cd29/attachments/eaf7dce8-88dd-4d49-bf29-5275367b5ef6/action returned with HTTP 204 /var/lib/openstack/lib/python3.12/site-packages/pycadf/timestamp.py:28: DeprecationWarning: datetime.datetime.utcnow() is deprecated and scheduled for removal in a future version. Use timezone-aware objects to represent datetimes in UTC: datetime.datetime.now(datetime.UTC). utc_datetime = pytz.utc.localize(datetime.datetime.utcnow()) [pid: 7|app: 0|req: 406/813] 199.19.213.166 () {40 vars in 1148 bytes} [Tue Jul 14 19:08:15 2026] POST /v3/90e1805ffada4e57b28965245744cd29/attachments/eaf7dce8-88dd-4d49-bf29-5275367b5ef6/action => generated 0 bytes in 59 msecs (HTTP/1.1 204) 7 headers in 292 bytes (1 switches on core 0)
2026-07-14 19:08:16.032 6 INFO cinder.api.openstack.wsgi [None req-a9ea2cd6-b589-4278-8e75-e782f20816da d54ab789ab764360a301b092e529a1de 944992dde62c4080abe7a663032008a4 - - default default] http://cinder-api.openstack.svc.cluster.local:8776/v3/944992dde62c4080abe7a663032008a4/os-quota-sets/2824b927862748abaa2480edad78dc63?usage=true returned with HTTP 200 [pid: 6|app: 0|req: 408/814] 10.0.0.253 () {28 vars in 736 bytes} [Tue Jul 14 19:08:15 2026] GET /v3/944992dde62c4080abe7a663032008a4/os-quota-sets/2824b927862748abaa2480edad78dc63?usage=true => generated 847 bytes in 41 msecs (HTTP/1.1 200) 7 headers in 285 bytes (1 switches on core 0) /var/lib/openstack/lib/python3.12/site-packages/pycadf/identifier.py:71: UserWarning: Invalid uuid: cinderv3. To ensure interoperability, identifiers should be a valid uuid. warnings.warn(('Invalid uuid: %s. To ensure interoperability, '
2026-07-14 19:08:16.046 7 INFO cinder.api.openstack.wsgi [None req-399f2c84-7504-4522-81d3-c02ccacf02b1 d54ab789ab764360a301b092e529a1de 944992dde62c4080abe7a663032008a4 - - default default] GET http://cinder-api.openstack.svc.cluster.local:8776/v3/944992dde62c4080abe7a663032008a4/os-quota-sets/90e1805ffada4e57b28965245744cd29?usage=true
2026-07-14 19:08:16.071 7 INFO cinder.api.openstack.wsgi [None req-399f2c84-7504-4522-81d3-c02ccacf02b1 d54ab789ab764360a301b092e529a1de 944992dde62c4080abe7a663032008a4 - - default default] http://cinder-api.openstack.svc.cluster.local:8776/v3/944992dde62c4080abe7a663032008a4/os-quota-sets/90e1805ffada4e57b28965245744cd29?usage=true returned with HTTP 200 [pid: 7|app: 0|req: 407/815] 10.0.0.253 () {28 vars in 736 bytes} [Tue Jul 14 19:08:16 2026] GET /v3/944992dde62c4080abe7a663032008a4/os-quota-sets/90e1805ffada4e57b28965245744cd29?usage=true => generated 847 bytes in 32 msecs (HTTP/1.1 200) 7 headers in 285 bytes (1 switches on core 0)
2026-07-14 19:08:16.086 6 INFO cinder.api.openstack.wsgi [None req-4a6c425a-b1c0-4dc5-a4f2-ff89ae194b96 d54ab789ab764360a301b092e529a1de 944992dde62c4080abe7a663032008a4 - - default default] GET http://cinder-api.openstack.svc.cluster.local:8776/v3/944992dde62c4080abe7a663032008a4/os-quota-sets/944992dde62c4080abe7a663032008a4?usage=true
2026-07-14 19:08:16.109 6 INFO cinder.api.openstack.wsgi [None req-4a6c425a-b1c0-4dc5-a4f2-ff89ae194b96 d54ab789ab764360a301b092e529a1de 944992dde62c4080abe7a663032008a4 - - default default] http://cinder-api.openstack.svc.cluster.local:8776/v3/944992dde62c4080abe7a663032008a4/os-quota-sets/944992dde62c4080abe7a663032008a4?usage=true returned with HTTP 200 [pid: 6|app: 0|req: 409/816] 10.0.0.253 () {28 vars in 736 bytes} [Tue Jul 14 19:08:16 2026] GET /v3/944992dde62c4080abe7a663032008a4/os-quota-sets/944992dde62c4080abe7a663032008a4?usage=true => generated 845 bytes in 32 msecs (HTTP/1.1 200) 7 headers in 285 bytes (1 switches on core 0)
2026-07-14 19:08:16.119 7 INFO cinder.api.openstack.wsgi [None req-64c49aab-9446-4097-abd1-0435f0427d2f d54ab789ab764360a301b092e529a1de 944992dde62c4080abe7a663032008a4 - - default default] GET http://cinder-api.openstack.svc.cluster.local:8776/v3/944992dde62c4080abe7a663032008a4/os-quota-sets/bf853584f3a94ca3b4ce874fccdba548?usage=true
2026-07-14 19:08:16.145 7 INFO cinder.api.openstack.wsgi [None req-64c49aab-9446-4097-abd1-0435f0427d2f d54ab789ab764360a301b092e529a1de 944992dde62c4080abe7a663032008a4 - - default default] http://cinder-api.openstack.svc.cluster.local:8776/v3/944992dde62c4080abe7a663032008a4/os-quota-sets/bf853584f3a94ca3b4ce874fccdba548?usage=true returned with HTTP 200 [pid: 7|app: 0|req: 408/817] 10.0.0.253 () {28 vars in 736 bytes} [Tue Jul 14 19:08:16 2026] GET /v3/944992dde62c4080abe7a663032008a4/os-quota-sets/bf853584f3a94ca3b4ce874fccdba548?usage=true => generated 847 bytes in 32 msecs (HTTP/1.1 200) 7 headers in 285 bytes (1 switches on core 0)
2026-07-14 19:08:16.157 6 INFO cinder.api.openstack.wsgi [None req-c9bf1925-44c8-4379-be98-300f93de864e d54ab789ab764360a301b092e529a1de 944992dde62c4080abe7a663032008a4 - - default default] GET http://cinder-api.openstack.svc.cluster.local:8776/v3/944992dde62c4080abe7a663032008a4/os-quota-sets/d515e23448dc49809554d77bac1fc7d2?usage=true
2026-07-14 19:08:16.182 6 INFO cinder.api.openstack.wsgi [None req-c9bf1925-44c8-4379-be98-300f93de864e d54ab789ab764360a301b092e529a1de 944992dde62c4080abe7a663032008a4 - - default default] http://cinder-api.openstack.svc.cluster.local:8776/v3/944992dde62c4080abe7a663032008a4/os-quota-sets/d515e23448dc49809554d77bac1fc7d2?usage=true returned with HTTP 200 [pid: 6|app: 0|req: 410/818] 10.0.0.253 () {28 vars in 736 bytes} [Tue Jul 14 19:08:16 2026] GET /v3/944992dde62c4080abe7a663032008a4/os-quota-sets/d515e23448dc49809554d77bac1fc7d2?usage=true => generated 847 bytes in 31 msecs (HTTP/1.1 200) 7 headers in 285 bytes (1 switches on core 0)
2026-07-14 19:08:16.199 7 INFO cinder.api.openstack.wsgi [None req-8867dbd2-ac5e-405e-bc5a-2f2e4c092ea7 d54ab789ab764360a301b092e529a1de 944992dde62c4080abe7a663032008a4 - - default default] GET http://cinder-api.openstack.svc.cluster.local:8776/v3/944992dde62c4080abe7a663032008a4/volumes/detail?all_tenants=true
2026-07-14 19:08:16.213 7 INFO cinder.volume.api [None req-8867dbd2-ac5e-405e-bc5a-2f2e4c092ea7 d54ab789ab764360a301b092e529a1de 944992dde62c4080abe7a663032008a4 - - default default] Get all volumes completed successfully. /var/lib/openstack/lib/python3.12/site-packages/oslo_context/context.py:100: DeprecationWarning: Policy enforcement is depending on the value of is_admin. This key is deprecated. Please update your policy file to use the standard policy values. warnings.warn('Policy enforcement is depending on the value of '
2026-07-14 19:08:16.223 7 INFO cinder.api.openstack.wsgi [None req-8867dbd2-ac5e-405e-bc5a-2f2e4c092ea7 d54ab789ab764360a301b092e529a1de 944992dde62c4080abe7a663032008a4 - - default default] http://cinder-api.openstack.svc.cluster.local:8776/v3/944992dde62c4080abe7a663032008a4/volumes/detail?all_tenants=true returned with HTTP 200 /var/lib/openstack/lib/python3.12/site-packages/pycadf/timestamp.py:28: DeprecationWarning: datetime.datetime.utcnow() is deprecated and scheduled for removal in a future version. Use timezone-aware objects to represent datetimes in UTC: datetime.datetime.now(datetime.UTC). utc_datetime = pytz.utc.localize(datetime.datetime.utcnow()) [pid: 7|app: 0|req: 409/819] 10.0.0.253 () {28 vars in 684 bytes} [Tue Jul 14 19:08:16 2026] GET /v3/944992dde62c4080abe7a663032008a4/volumes/detail?all_tenants=true => generated 1949 bytes in 30 msecs (HTTP/1.1 200) 7 headers in 286 bytes (1 switches on core 0)
2026-07-14 19:08:16.232 6 INFO cinder.api.openstack.wsgi [None req-d97290b5-c51e-4e59-a420-e3af16fcb126 d54ab789ab764360a301b092e529a1de 944992dde62c4080abe7a663032008a4 - - default default] GET http://cinder-api.openstack.svc.cluster.local:8776/v3/944992dde62c4080abe7a663032008a4/volumes/detail?all_tenants=true
2026-07-14 19:08:16.246 6 INFO cinder.volume.api [None req-d97290b5-c51e-4e59-a420-e3af16fcb126 d54ab789ab764360a301b092e529a1de 944992dde62c4080abe7a663032008a4 - - default default] Get all volumes completed successfully. /var/lib/openstack/lib/python3.12/site-packages/oslo_context/context.py:100: DeprecationWarning: Policy enforcement is depending on the value of is_admin. This key is deprecated. Please update your policy file to use the standard policy values. warnings.warn('Policy enforcement is depending on the value of '
2026-07-14 19:08:16.252 6 INFO cinder.api.openstack.wsgi [None req-d97290b5-c51e-4e59-a420-e3af16fcb126 d54ab789ab764360a301b092e529a1de 944992dde62c4080abe7a663032008a4 - - default default] http://cinder-api.openstack.svc.cluster.local:8776/v3/944992dde62c4080abe7a663032008a4/volumes/detail?all_tenants=true returned with HTTP 200 /var/lib/openstack/lib/python3.12/site-packages/pycadf/timestamp.py:28: DeprecationWarning: datetime.datetime.utcnow() is deprecated and scheduled for removal in a future version. Use timezone-aware objects to represent datetimes in UTC: datetime.datetime.now(datetime.UTC). utc_datetime = pytz.utc.localize(datetime.datetime.utcnow()) [pid: 6|app: 0|req: 411/820] 10.0.0.253 () {28 vars in 684 bytes} [Tue Jul 14 19:08:16 2026] GET /v3/944992dde62c4080abe7a663032008a4/volumes/detail?all_tenants=true => generated 1949 bytes in 25 msecs (HTTP/1.1 200) 7 headers in 286 bytes (1 switches on core 0)
2026-07-14 19:08:25.313 6 INFO cinder.api.openstack.wsgi [None req-d97290b5-c51e-4e59-a420-e3af16fcb126 d54ab789ab764360a301b092e529a1de 944992dde62c4080abe7a663032008a4 - - default default] GET http://10.0.0.221:8776/
2026-07-14 19:08:25.314 6 INFO cinder.api.openstack.wsgi [None req-d97290b5-c51e-4e59-a420-e3af16fcb126 d54ab789ab764360a301b092e529a1de 944992dde62c4080abe7a663032008a4 - - default default] http://10.0.0.221:8776/ returned with HTTP 300
2026-07-14 19:08:25.315 7 INFO cinder.api.openstack.wsgi [None req-8867dbd2-ac5e-405e-bc5a-2f2e4c092ea7 d54ab789ab764360a301b092e529a1de 944992dde62c4080abe7a663032008a4 - - default default] GET http://10.0.0.221:8776/
2026-07-14 19:08:25.316 7 INFO cinder.api.openstack.wsgi [None req-8867dbd2-ac5e-405e-bc5a-2f2e4c092ea7 d54ab789ab764360a301b092e529a1de 944992dde62c4080abe7a663032008a4 - - default default] http://10.0.0.221:8776/ returned with HTTP 300 /var/lib/openstack/lib/python3.12/site-packages/pycadf/identifier.py:71: UserWarning: Invalid uuid: cinderv3. To ensure interoperability, identifiers should be a valid uuid. warnings.warn(('Invalid uuid: %s. To ensure interoperability, '
2026-07-14 19:08:27.951 6 INFO cinder.api.openstack.wsgi [req-36ba51e4-00df-440b-a0a6-83a2fdbc24cf req-d7de8e93-8b23-4647-814f-08aa21a756e0 ccecef04dec244498df16747d8cf3787 90e1805ffada4e57b28965245744cd29 - - default default] DELETE http://cinder-api.openstack.svc.cluster.local:8776/v3/90e1805ffada4e57b28965245744cd29/attachments/eaf7dce8-88dd-4d49-bf29-5275367b5ef6 /var/lib/openstack/lib/python3.12/site-packages/oslo_context/context.py:100: DeprecationWarning: Policy enforcement is depending on the value of is_admin. This key is deprecated. Please update your policy file to use the standard policy values. warnings.warn('Policy enforcement is depending on the value of '
2026-07-14 19:08:28.529 6 INFO cinder.api.openstack.wsgi [req-36ba51e4-00df-440b-a0a6-83a2fdbc24cf req-d7de8e93-8b23-4647-814f-08aa21a756e0 ccecef04dec244498df16747d8cf3787 90e1805ffada4e57b28965245744cd29 - - default default] http://cinder-api.openstack.svc.cluster.local:8776/v3/90e1805ffada4e57b28965245744cd29/attachments/eaf7dce8-88dd-4d49-bf29-5275367b5ef6 returned with HTTP 200 /var/lib/openstack/lib/python3.12/site-packages/pycadf/timestamp.py:28: DeprecationWarning: datetime.datetime.utcnow() is deprecated and scheduled for removal in a future version. Use timezone-aware objects to represent datetimes in UTC: datetime.datetime.now(datetime.UTC). utc_datetime = pytz.utc.localize(datetime.datetime.utcnow()) [pid: 6|app: 0|req: 413/823] 199.19.213.166 () {38 vars in 1103 bytes} [Tue Jul 14 19:08:27 2026] DELETE /v3/90e1805ffada4e57b28965245744cd29/attachments/eaf7dce8-88dd-4d49-bf29-5275367b5ef6 => generated 19 bytes in 587 msecs (HTTP/1.1 200) 7 headers in 285 bytes (1 switches on core 0) /var/lib/openstack/lib/python3.12/site-packages/pycadf/identifier.py:71: UserWarning: Invalid uuid: cinderv3. To ensure interoperability, identifiers should be a valid uuid. warnings.warn(('Invalid uuid: %s. To ensure interoperability, '
2026-07-14 19:08:28.543 7 INFO cinder.api.openstack.wsgi [req-36ba51e4-00df-440b-a0a6-83a2fdbc24cf req-0d59caac-e389-4a4d-a56a-d3394380584b ccecef04dec244498df16747d8cf3787 90e1805ffada4e57b28965245744cd29 - - default default] DELETE http://cinder-api.openstack.svc.cluster.local:8776/v3/90e1805ffada4e57b28965245744cd29/volumes/c32537c8-e892-45d0-853e-ed00ac99d441
2026-07-14 19:08:28.543 7 INFO cinder.api.v3.volumes [req-36ba51e4-00df-440b-a0a6-83a2fdbc24cf req-0d59caac-e389-4a4d-a56a-d3394380584b ccecef04dec244498df16747d8cf3787 90e1805ffada4e57b28965245744cd29 - - default default] Delete volume with id: c32537c8-e892-45d0-853e-ed00ac99d441 /var/lib/openstack/lib/python3.12/site-packages/oslo_context/context.py:100: DeprecationWarning: Policy enforcement is depending on the value of is_admin. This key is deprecated. Please update your policy file to use the standard policy values. warnings.warn('Policy enforcement is depending on the value of '
2026-07-14 19:08:28.556 7 INFO cinder.volume.api [req-36ba51e4-00df-440b-a0a6-83a2fdbc24cf req-0d59caac-e389-4a4d-a56a-d3394380584b ccecef04dec244498df16747d8cf3787 90e1805ffada4e57b28965245744cd29 - - default default] Volume info retrieved successfully.
2026-07-14 19:08:28.607 7 INFO cinder.volume.api [req-36ba51e4-00df-440b-a0a6-83a2fdbc24cf req-0d59caac-e389-4a4d-a56a-d3394380584b ccecef04dec244498df16747d8cf3787 90e1805ffada4e57b28965245744cd29 - - default default] Delete volume request issued successfully.
2026-07-14 19:08:28.607 7 INFO cinder.api.openstack.wsgi [req-36ba51e4-00df-440b-a0a6-83a2fdbc24cf req-0d59caac-e389-4a4d-a56a-d3394380584b ccecef04dec244498df16747d8cf3787 90e1805ffada4e57b28965245744cd29 - - default default] http://cinder-api.openstack.svc.cluster.local:8776/v3/90e1805ffada4e57b28965245744cd29/volumes/c32537c8-e892-45d0-853e-ed00ac99d441 returned with HTTP 202 /var/lib/openstack/lib/python3.12/site-packages/pycadf/timestamp.py:28: DeprecationWarning: datetime.datetime.utcnow() is deprecated and scheduled for removal in a future version. Use timezone-aware objects to represent datetimes in UTC: datetime.datetime.now(datetime.UTC). utc_datetime = pytz.utc.localize(datetime.datetime.utcnow()) [pid: 7|app: 0|req: 411/824] 199.19.213.166 () {36 vars in 1054 bytes} [Tue Jul 14 19:08:28 2026] DELETE /v3/90e1805ffada4e57b28965245744cd29/volumes/c32537c8-e892-45d0-853e-ed00ac99d441 => generated 0 bytes in 71 msecs (HTTP/1.1 202) 6 headers in 233 bytes (1 switches on core 0)
2026-07-14 19:08:35.308 6 INFO cinder.api.openstack.wsgi [req-36ba51e4-00df-440b-a0a6-83a2fdbc24cf req-d7de8e93-8b23-4647-814f-08aa21a756e0 ccecef04dec244498df16747d8cf3787 90e1805ffada4e57b28965245744cd29 - - default default] GET http://10.0.0.221:8776/
2026-07-14 19:08:35.308 7 INFO cinder.api.openstack.wsgi [req-36ba51e4-00df-440b-a0a6-83a2fdbc24cf req-0d59caac-e389-4a4d-a56a-d3394380584b ccecef04dec244498df16747d8cf3787 90e1805ffada4e57b28965245744cd29 - - default default] GET http://10.0.0.221:8776/
2026-07-14 19:08:35.309 6 INFO cinder.api.openstack.wsgi [req-36ba51e4-00df-440b-a0a6-83a2fdbc24cf req-d7de8e93-8b23-4647-814f-08aa21a756e0 ccecef04dec244498df16747d8cf3787 90e1805ffada4e57b28965245744cd29 - - default default] http://10.0.0.221:8776/ returned with HTTP 300
2026-07-14 19:08:35.309 7 INFO cinder.api.openstack.wsgi [req-36ba51e4-00df-440b-a0a6-83a2fdbc24cf req-0d59caac-e389-4a4d-a56a-d3394380584b ccecef04dec244498df16747d8cf3787 90e1805ffada4e57b28965245744cd29 - - default default] http://10.0.0.221:8776/ returned with HTTP 300
2026-07-14 19:08:45.308 7 INFO cinder.api.openstack.wsgi [req-36ba51e4-00df-440b-a0a6-83a2fdbc24cf req-0d59caac-e389-4a4d-a56a-d3394380584b ccecef04dec244498df16747d8cf3787 90e1805ffada4e57b28965245744cd29 - - default default] GET http://10.0.0.221:8776/
2026-07-14 19:08:45.308 6 INFO cinder.api.openstack.wsgi [req-36ba51e4-00df-440b-a0a6-83a2fdbc24cf req-d7de8e93-8b23-4647-814f-08aa21a756e0 ccecef04dec244498df16747d8cf3787 90e1805ffada4e57b28965245744cd29 - - default default] GET http://10.0.0.221:8776/
2026-07-14 19:08:45.308 7 INFO cinder.api.openstack.wsgi [req-36ba51e4-00df-440b-a0a6-83a2fdbc24cf req-0d59caac-e389-4a4d-a56a-d3394380584b ccecef04dec244498df16747d8cf3787 90e1805ffada4e57b28965245744cd29 - - default default] http://10.0.0.221:8776/ returned with HTTP 300
2026-07-14 19:08:45.309 6 INFO cinder.api.openstack.wsgi [req-36ba51e4-00df-440b-a0a6-83a2fdbc24cf req-d7de8e93-8b23-4647-814f-08aa21a756e0 ccecef04dec244498df16747d8cf3787 90e1805ffada4e57b28965245744cd29 - - default default] http://10.0.0.221:8776/ returned with HTTP 300
2026-07-14 19:08:55.309 7 INFO cinder.api.openstack.wsgi [req-36ba51e4-00df-440b-a0a6-83a2fdbc24cf req-0d59caac-e389-4a4d-a56a-d3394380584b ccecef04dec244498df16747d8cf3787 90e1805ffada4e57b28965245744cd29 - - default default] GET http://10.0.0.221:8776/
2026-07-14 19:08:55.309 6 INFO cinder.api.openstack.wsgi [req-36ba51e4-00df-440b-a0a6-83a2fdbc24cf req-d7de8e93-8b23-4647-814f-08aa21a756e0 ccecef04dec244498df16747d8cf3787 90e1805ffada4e57b28965245744cd29 - - default default] GET http://10.0.0.221:8776/
2026-07-14 19:08:55.309 7 INFO cinder.api.openstack.wsgi [req-36ba51e4-00df-440b-a0a6-83a2fdbc24cf req-0d59caac-e389-4a4d-a56a-d3394380584b ccecef04dec244498df16747d8cf3787 90e1805ffada4e57b28965245744cd29 - - default default] http://10.0.0.221:8776/ returned with HTTP 300
2026-07-14 19:08:55.310 6 INFO cinder.api.openstack.wsgi [req-36ba51e4-00df-440b-a0a6-83a2fdbc24cf req-d7de8e93-8b23-4647-814f-08aa21a756e0 ccecef04dec244498df16747d8cf3787 90e1805ffada4e57b28965245744cd29 - - default default] http://10.0.0.221:8776/ returned with HTTP 300
