2026-07-14 19:12:42.709 8 INFO neutron.api.wsgi [None req-23cb7f6f-aa1b-442c-b0ec-208d5be0d390 788f7f8db9374892a1b9a6fd53cd11b1 2186b5bfdb294808acf900a06e6514e2 - - default default] 10.0.0.106 "DELETE /v2.0/routers/b27b2462-827e-4bf9-a957-01d811184be6/tags HTTP/1.1" status: 204 len: 168 time: 0.0560336
2026-07-14 19:12:42.752 8 INFO neutron.api.wsgi [None req-c7de22a3-033d-4d71-83ff-06fd9c525ecf 788f7f8db9374892a1b9a6fd53cd11b1 2186b5bfdb294808acf900a06e6514e2 - - default default] 10.0.0.106 "GET /v2.0/routers/b27b2462-827e-4bf9-a957-01d811184be6/tags HTTP/1.1" status: 200 len: 205 time: 0.0376537
2026-07-14 19:12:42.758 9 WARNING neutron.scheduler.dhcp_agent_scheduler [None req-d31bc042-5270-432b-aa7b-62e8a8a46ace f0d4aa93349342d88dc79e000b3ea962 3e8ff053dbd44967bc44444892608544 - - default default] No more DHCP agents
2026-07-14 19:12:42.759 9 WARNING neutron.api.rpc.agentnotifiers.dhcp_rpc_agent_api [None req-d31bc042-5270-432b-aa7b-62e8a8a46ace f0d4aa93349342d88dc79e000b3ea962 3e8ff053dbd44967bc44444892608544 - - default default] Unable to schedule network 23d14937-9293-4077-bdb9-95d9d1c05a7a: no agents available; will retry on subsequent port and subnet creation events.
2026-07-14 19:12:42.787 8 INFO neutron.api.wsgi [None req-4c5f4c2e-e3a9-406a-9607-3a07977db111 788f7f8db9374892a1b9a6fd53cd11b1 2186b5bfdb294808acf900a06e6514e2 - - default default] 10.0.0.106 "GET /v2.0/routers/b27b2462-827e-4bf9-a957-01d811184be6 HTTP/1.1" status: 200 len: 770 time: 0.0303354
2026-07-14 19:12:42.862 9 INFO neutron.db.ovn_revision_numbers_db [None req-d31bc042-5270-432b-aa7b-62e8a8a46ace f0d4aa93349342d88dc79e000b3ea962 3e8ff053dbd44967bc44444892608544 - - default default] Successfully bumped revision number for resource 99cca11b-2455-43ae-b40d-5de7d6b234d5 (type: ports) to 1
2026-07-14 19:12:42.891 9 INFO neutron.api.wsgi [None req-d31bc042-5270-432b-aa7b-62e8a8a46ace f0d4aa93349342d88dc79e000b3ea962 3e8ff053dbd44967bc44444892608544 - - default default] 10.0.0.106 "POST /v2.0/networks HTTP/1.1" status: 201 len: 831 time: 0.9296632
2026-07-14 19:12:42.901 8 WARNING neutron_lib.context [None req-24b0a332-69d9-4347-a344-ef9d28e8e3b2 f0d4aa93349342d88dc79e000b3ea962 3e8ff053dbd44967bc44444892608544 - - default default] Method 'is_advsvc' is deprecated since 2023.2 release (neutron-lib 3.8.0) and will be removed once support for the old RBAC API policies will be removed from Neutron. Please use method 'is_service_role' instead.
2026-07-14 19:12:43.095 9 INFO neutron.db.ovn_revision_numbers_db [None req-81bb01ac-ae1d-444d-99c7-28e8d6142956 788f7f8db9374892a1b9a6fd53cd11b1 2186b5bfdb294808acf900a06e6514e2 - - default default] Successfully bumped revision number for resource b27b2462-827e-4bf9-a957-01d811184be6 (type: routers) to 7
2026-07-14 19:12:43.103 9 INFO neutron.api.wsgi [None req-81bb01ac-ae1d-444d-99c7-28e8d6142956 788f7f8db9374892a1b9a6fd53cd11b1 2186b5bfdb294808acf900a06e6514e2 - - default default] 10.0.0.106 "PUT /v2.0/routers/b27b2462-827e-4bf9-a957-01d811184be6 HTTP/1.1" status: 200 len: 770 time: 0.3083766
2026-07-14 19:12:43.128 9 INFO neutron.api.wsgi [None req-8c93fc0b-dbca-4173-9eff-32807ffe65b0 788f7f8db9374892a1b9a6fd53cd11b1 2186b5bfdb294808acf900a06e6514e2 - - default default] 10.0.0.106 "GET /v2.0/ports?device_id=b27b2462-827e-4bf9-a957-01d811184be6 HTTP/1.1" status: 200 len: 205 time: 0.0196929
2026-07-14 19:12:43.142 8 WARNING neutron.scheduler.dhcp_agent_scheduler [None req-24b0a332-69d9-4347-a344-ef9d28e8e3b2 f0d4aa93349342d88dc79e000b3ea962 3e8ff053dbd44967bc44444892608544 - - default default] No more DHCP agents
2026-07-14 19:12:43.143 8 WARNING neutron.api.rpc.agentnotifiers.dhcp_rpc_agent_api [None req-24b0a332-69d9-4347-a344-ef9d28e8e3b2 f0d4aa93349342d88dc79e000b3ea962 3e8ff053dbd44967bc44444892608544 - - default default] Unable to schedule network 23d14937-9293-4077-bdb9-95d9d1c05a7a: no agents available; will retry on subsequent port and subnet creation events.
2026-07-14 19:12:43.214 8 INFO neutron.db.ovn_revision_numbers_db [None req-24b0a332-69d9-4347-a344-ef9d28e8e3b2 f0d4aa93349342d88dc79e000b3ea962 3e8ff053dbd44967bc44444892608544 - - default default] Successfully bumped revision number for resource 06341ebc-cda2-4514-b1ad-07259f68577b (type: ports) to 1
2026-07-14 19:12:43.237 8 INFO neutron.api.wsgi [None req-24b0a332-69d9-4347-a344-ef9d28e8e3b2 f0d4aa93349342d88dc79e000b3ea962 3e8ff053dbd44967bc44444892608544 - - default default] 10.0.0.106 "POST /v2.0/ports HTTP/1.1" status: 201 len: 942 time: 0.3411860
2026-07-14 19:12:43.313 9 INFO neutron.api.wsgi [None req-026c50ee-c508-4068-94e3-938ee8857aa5 f0d4aa93349342d88dc79e000b3ea962 3e8ff053dbd44967bc44444892608544 - - default default] 10.0.0.106 "PUT /v2.0/ports/06341ebc-cda2-4514-b1ad-07259f68577b/tags HTTP/1.1" status: 200 len: 218 time: 0.0708919
2026-07-14 19:12:43.328 9 INFO neutron.api.wsgi [None req-89c48fcd-161a-4fe2-bcb2-8090ffe8460c 788f7f8db9374892a1b9a6fd53cd11b1 2186b5bfdb294808acf900a06e6514e2 - - default default] 10.0.0.106 "DELETE /v2.0/routers/b27b2462-827e-4bf9-a957-01d811184be6 HTTP/1.1" status: 204 len: 168 time: 0.1967571
2026-07-14 19:12:43.351 9 INFO neutron.api.wsgi [None req-32afdf88-18bb-482f-be47-e2155ee51403 f0d4aa93349342d88dc79e000b3ea962 3e8ff053dbd44967bc44444892608544 - - default default] 10.0.0.106 "GET /v2.0/ports/06341ebc-cda2-4514-b1ad-07259f68577b/tags HTTP/1.1" status: 200 len: 218 time: 0.0334322
2026-07-14 19:12:43.398 9 INFO neutron.api.wsgi [None req-25d0e257-3b31-4e86-a428-eee2969b9bba f0d4aa93349342d88dc79e000b3ea962 3e8ff053dbd44967bc44444892608544 - - default default] 10.0.0.106 "PUT /v2.0/ports/06341ebc-cda2-4514-b1ad-07259f68577b/tags/green HTTP/1.1" status: 201 len: 201 time: 0.0416033
2026-07-14 19:12:43.431 9 INFO neutron.api.wsgi [None req-747c8d6b-7a8c-4abb-b996-446161973aff f0d4aa93349342d88dc79e000b3ea962 3e8ff053dbd44967bc44444892608544 - - default default] 10.0.0.106 "GET /v2.0/ports/06341ebc-cda2-4514-b1ad-07259f68577b/tags HTTP/1.1" status: 200 len: 227 time: 0.0290174
2026-07-14 19:12:43.462 9 INFO neutron.api.wsgi [None req-1080290e-9c8d-45d0-aa17-e7ca781305bd f0d4aa93349342d88dc79e000b3ea962 3e8ff053dbd44967bc44444892608544 - - default default] 10.0.0.106 "PUT /v2.0/ports/06341ebc-cda2-4514-b1ad-07259f68577b/tags/red HTTP/1.1" status: 201 len: 201 time: 0.0256019
2026-07-14 19:12:43.518 9 INFO neutron.api.wsgi [None req-f6f76b46-73e1-4e89-b68c-c30f77fa0e29 f0d4aa93349342d88dc79e000b3ea962 3e8ff053dbd44967bc44444892608544 - - default default] 10.0.0.106 "GET /v2.0/ports/06341ebc-cda2-4514-b1ad-07259f68577b/tags HTTP/1.1" status: 200 len: 227 time: 0.0493371
2026-07-14 19:12:43.572 9 INFO neutron.api.wsgi [None req-ff1cc8ff-a8ce-4b35-a667-d0be84a4514e f0d4aa93349342d88dc79e000b3ea962 3e8ff053dbd44967bc44444892608544 - - default default] 10.0.0.106 "PUT /v2.0/ports/06341ebc-cda2-4514-b1ad-07259f68577b/tags/black.or.white HTTP/1.1" status: 201 len: 201 time: 0.0500703
2026-07-14 19:12:43.633 9 INFO neutron.api.wsgi [None req-53d8bf2f-efbe-46e2-aa48-404a00b0f004 f0d4aa93349342d88dc79e000b3ea962 3e8ff053dbd44967bc44444892608544 - - default default] 10.0.0.106 "GET /v2.0/ports/06341ebc-cda2-4514-b1ad-07259f68577b/tags HTTP/1.1" status: 200 len: 245 time: 0.0490038 /var/lib/openstack/lib/python3.12/site-packages/pycadf/identifier.py:71: UserWarning: Invalid uuid: neutron. To ensure interoperability, identifiers should be a valid uuid. warnings.warn(('Invalid uuid: %s. To ensure interoperability, '
2026-07-14 19:12:43.690 8 INFO neutron.api.wsgi [None req-1b1ab065-b640-43e9-b039-d8d3d01867c7 f0d4aa93349342d88dc79e000b3ea962 3e8ff053dbd44967bc44444892608544 - - default default] 10.0.0.106 "PUT /v2.0/ports/06341ebc-cda2-4514-b1ad-07259f68577b/tags HTTP/1.1" status: 200 len: 230 time: 0.0519426
2026-07-14 19:12:43.730 8 INFO neutron.api.wsgi [None req-1c3643b6-4064-4454-99cc-252de9f7bd7d f0d4aa93349342d88dc79e000b3ea962 3e8ff053dbd44967bc44444892608544 - - default default] 10.0.0.106 "GET /v2.0/ports/06341ebc-cda2-4514-b1ad-07259f68577b/tags HTTP/1.1" status: 200 len: 230 time: 0.0338936
2026-07-14 19:12:43.771 8 INFO neutron.api.wsgi [None req-bec347c4-ad5c-48c1-8ddd-b730ffe2fe76 f0d4aa93349342d88dc79e000b3ea962 3e8ff053dbd44967bc44444892608544 - - default default] 10.0.0.106 "GET /v2.0/ports/06341ebc-cda2-4514-b1ad-07259f68577b/tags/red HTTP/1.1" status: 204 len: 168 time: 0.0347552
2026-07-14 19:12:43.812 8 INFO neutron.api.v2.resource [None req-872cbc46-3156-4733-8648-cae9e2605867 f0d4aa93349342d88dc79e000b3ea962 3e8ff053dbd44967bc44444892608544 - - default default] show failed (client error): The resource could not be found.
2026-07-14 19:12:43.814 8 INFO neutron.api.wsgi [None req-872cbc46-3156-4733-8648-cae9e2605867 f0d4aa93349342d88dc79e000b3ea962 3e8ff053dbd44967bc44444892608544 - - default default] 10.0.0.106 "GET /v2.0/ports/06341ebc-cda2-4514-b1ad-07259f68577b/tags/green HTTP/1.1" status: 404 len: 299 time: 0.0359869
2026-07-14 19:12:43.899 8 INFO neutron.api.wsgi [None req-b8e2ab65-5c8c-4727-9da3-171020665339 f0d4aa93349342d88dc79e000b3ea962 3e8ff053dbd44967bc44444892608544 - - default default] 10.0.0.106 "DELETE /v2.0/ports/06341ebc-cda2-4514-b1ad-07259f68577b/tags/red HTTP/1.1" status: 204 len: 168 time: 0.0803328
2026-07-14 19:12:43.935 8 INFO neutron.api.wsgi [None req-0bd5b731-6ce8-4454-8616-820b59c56de5 f0d4aa93349342d88dc79e000b3ea962 3e8ff053dbd44967bc44444892608544 - - default default] 10.0.0.106 "GET /v2.0/ports/06341ebc-cda2-4514-b1ad-07259f68577b/tags HTTP/1.1" status: 200 len: 223 time: 0.0316551
2026-07-14 19:12:44.000 8 INFO neutron.api.v2.resource [None req-70751e43-bfd8-473e-beab-25edee1d1789 f0d4aa93349342d88dc79e000b3ea962 3e8ff053dbd44967bc44444892608544 - - default default] delete failed (client error): The resource could not be found.
2026-07-14 19:12:44.001 8 INFO neutron.api.wsgi [None req-70751e43-bfd8-473e-beab-25edee1d1789 f0d4aa93349342d88dc79e000b3ea962 3e8ff053dbd44967bc44444892608544 - - default default] 10.0.0.106 "DELETE /v2.0/ports/06341ebc-cda2-4514-b1ad-07259f68577b/tags/green HTTP/1.1" status: 404 len: 299 time: 0.0616496
2026-07-14 19:12:44.089 8 INFO neutron.api.wsgi [None req-e9186d2a-0a57-4a0a-9f2f-31d631637374 f0d4aa93349342d88dc79e000b3ea962 3e8ff053dbd44967bc44444892608544 - - default default] 10.0.0.106 "DELETE /v2.0/ports/06341ebc-cda2-4514-b1ad-07259f68577b/tags HTTP/1.1" status: 204 len: 168 time: 0.0839269
2026-07-14 19:12:44.153 8 INFO neutron.api.wsgi [None req-9d566ff9-324b-4c39-8fc4-90cb48ed6ebe f0d4aa93349342d88dc79e000b3ea962 3e8ff053dbd44967bc44444892608544 - - default default] 10.0.0.106 "GET /v2.0/ports/06341ebc-cda2-4514-b1ad-07259f68577b/tags HTTP/1.1" status: 200 len: 205 time: 0.0584123
2026-07-14 19:12:44.266 9 INFO neutron.db.ovn_revision_numbers_db [None req-e3e4a036-5a96-4544-8fd8-daccea92b774 d54ab789ab764360a301b092e529a1de 944992dde62c4080abe7a663032008a4 - - default default] Successfully bumped revision number for resource 5866ffc8-f202-4127-9cbc-9e978ada44f9 (type: security_groups) to 1
2026-07-14 19:12:44.285 9 INFO neutron.db.ovn_revision_numbers_db [None req-e3e4a036-5a96-4544-8fd8-daccea92b774 d54ab789ab764360a301b092e529a1de 944992dde62c4080abe7a663032008a4 - - default default] Successfully bumped revision number for resource 1bae42d8-49e0-4b24-912e-71c721a50c02 (type: security_group_rules) to 0
2026-07-14 19:12:44.298 9 INFO neutron.db.ovn_revision_numbers_db [None req-e3e4a036-5a96-4544-8fd8-daccea92b774 d54ab789ab764360a301b092e529a1de 944992dde62c4080abe7a663032008a4 - - default default] Successfully bumped revision number for resource d6ed014d-14f0-47c7-a25a-733a274f7ebb (type: security_group_rules) to 0
2026-07-14 19:12:44.320 9 INFO neutron.db.ovn_revision_numbers_db [None req-e3e4a036-5a96-4544-8fd8-daccea92b774 d54ab789ab764360a301b092e529a1de 944992dde62c4080abe7a663032008a4 - - default default] Successfully bumped revision number for resource df3e5f4f-dffa-47e3-a1b9-2516cca127b6 (type: security_group_rules) to 0
2026-07-14 19:12:44.333 9 INFO neutron.db.ovn_revision_numbers_db [None req-e3e4a036-5a96-4544-8fd8-daccea92b774 d54ab789ab764360a301b092e529a1de 944992dde62c4080abe7a663032008a4 - - default default] Successfully bumped revision number for resource f99f05b2-b4de-4e12-b6b5-93f5ebc8a815 (type: security_group_rules) to 0
2026-07-14 19:12:44.380 9 INFO neutron.api.wsgi [None req-e3e4a036-5a96-4544-8fd8-daccea92b774 d54ab789ab764360a301b092e529a1de 944992dde62c4080abe7a663032008a4 - - default default] 10.0.0.106 "GET /v2.0/security-groups?tenant_id=206efaa19d904b0e9ff2c2c6245b739d&name=default HTTP/1.1" status: 200 len: 3124 time: 0.3530116
2026-07-14 19:12:44.759 8 INFO neutron.api.wsgi [None req-122b08f6-6349-4a54-8757-8abc2c3aaaa9 f0d4aa93349342d88dc79e000b3ea962 3e8ff053dbd44967bc44444892608544 - - default default] 10.0.0.106 "DELETE /v2.0/ports/06341ebc-cda2-4514-b1ad-07259f68577b HTTP/1.1" status: 204 len: 168 time: 0.5990665
2026-07-14 19:12:44.922 8 INFO neutron.api.wsgi [None req-bfb677e8-cee1-4a47-9e57-89dd93d60e69 d54ab789ab764360a301b092e529a1de 944992dde62c4080abe7a663032008a4 - - default default] 10.0.0.106 "DELETE /v2.0/security-groups/5866ffc8-f202-4127-9cbc-9e978ada44f9 HTTP/1.1" status: 204 len: 168 time: 0.5369883
2026-07-14 19:12:45.051 9 INFO neutron.services.segments.plugin [-] Segment 8da67c30-cce0-4b35-931b-4832c285c66d resource provider aggregate not found
2026-07-14 19:12:45.057 9 INFO neutron.services.segments.plugin [-] Segment 8da67c30-cce0-4b35-931b-4832c285c66d resource provider aggregate not found
2026-07-14 19:12:45.064 9 INFO neutron.services.segments.plugin [-] Segment 8da67c30-cce0-4b35-931b-4832c285c66d resource provider not found; error: Placement Client Error (4xx): {"errors": [{"status": 404, "title": "Not Found", "detail": "The resource could not be found.\n\n No resource provider with uuid 8da67c30-cce0-4b35-931b-4832c285c66d found for delete ", "request_id": "req-4ddb58f5-9cae-412a-8320-c09dc080486a"}]}
2026-07-14 19:12:45.071 9 INFO neutron.services.segments.plugin [-] Segment 8da67c30-cce0-4b35-931b-4832c285c66d resource provider not found; error: Placement Client Error (4xx): {"errors": [{"status": 404, "title": "Not Found", "detail": "The resource could not be found.\n\n No resource provider with uuid 8da67c30-cce0-4b35-931b-4832c285c66d found for delete ", "request_id": "req-0dd508a2-7a92-4f04-ac87-3cf7f137f56c"}]}
2026-07-14 19:12:45.084 9 INFO neutron.api.wsgi [None req-012c69e0-e2ae-4bc2-b556-0babd4c19596 f0d4aa93349342d88dc79e000b3ea962 3e8ff053dbd44967bc44444892608544 - - default default] 10.0.0.106 "DELETE /v2.0/networks/23d14937-9293-4077-bdb9-95d9d1c05a7a HTTP/1.1" status: 204 len: 168 time: 0.3202329
2026-07-14 19:12:45.125 8 INFO neutron.db.ovn_revision_numbers_db [None req-2b978218-e14c-4602-a814-62e2f29bf98a d54ab789ab764360a301b092e529a1de 944992dde62c4080abe7a663032008a4 - - default default] Successfully bumped revision number for resource d7d81679-0b97-4e22-ba73-24ebf164324c (type: security_groups) to 1
2026-07-14 19:12:45.139 8 INFO neutron.db.ovn_revision_numbers_db [None req-2b978218-e14c-4602-a814-62e2f29bf98a d54ab789ab764360a301b092e529a1de 944992dde62c4080abe7a663032008a4 - - default default] Successfully bumped revision number for resource 0564d716-fab7-4b6b-9774-f00abcd941d8 (type: security_group_rules) to 0
2026-07-14 19:12:45.152 8 INFO neutron.db.ovn_revision_numbers_db [None req-2b978218-e14c-4602-a814-62e2f29bf98a d54ab789ab764360a301b092e529a1de 944992dde62c4080abe7a663032008a4 - - default default] Successfully bumped revision number for resource 8ca609e7-7bb6-484e-9c32-92216b0449a6 (type: security_group_rules) to 0
2026-07-14 19:12:45.171 8 INFO neutron.db.ovn_revision_numbers_db [None req-2b978218-e14c-4602-a814-62e2f29bf98a d54ab789ab764360a301b092e529a1de 944992dde62c4080abe7a663032008a4 - - default default] Successfully bumped revision number for resource c183dc04-ead3-40c9-a809-483a1f576a28 (type: security_group_rules) to 0
2026-07-14 19:12:45.184 8 INFO neutron.db.ovn_revision_numbers_db [None req-2b978218-e14c-4602-a814-62e2f29bf98a d54ab789ab764360a301b092e529a1de 944992dde62c4080abe7a663032008a4 - - default default] Successfully bumped revision number for resource dc3daa29-8da1-4bc7-81bd-67d4aee385fe (type: security_group_rules) to 0
2026-07-14 19:12:45.218 8 INFO neutron.api.wsgi [None req-2b978218-e14c-4602-a814-62e2f29bf98a d54ab789ab764360a301b092e529a1de 944992dde62c4080abe7a663032008a4 - - default default] 10.0.0.106 "GET /v2.0/security-groups?tenant_id=2186b5bfdb294808acf900a06e6514e2&name=default HTTP/1.1" status: 200 len: 3124 time: 0.2163491
2026-07-14 19:12:45.449 8 INFO neutron.api.wsgi [None req-11575b0d-1aab-4849-931c-8f68a88687d9 d54ab789ab764360a301b092e529a1de 944992dde62c4080abe7a663032008a4 - - default default] 10.0.0.106 "DELETE /v2.0/security-groups/d7d81679-0b97-4e22-ba73-24ebf164324c HTTP/1.1" status: 204 len: 168 time: 0.2249658
2026-07-14 19:12:45.956 9 INFO neutron.api.wsgi [None req-ad138263-f126-468d-80c0-d68b22f031bf d54ab789ab764360a301b092e529a1de 944992dde62c4080abe7a663032008a4 - - default default] 10.0.0.106 "GET /v2.0/security-groups?tenant_id=3e8ff053dbd44967bc44444892608544&name=default HTTP/1.1" status: 200 len: 3124 time: 0.1718585
2026-07-14 19:12:46.167 9 INFO neutron.api.wsgi [None req-946c8f4b-97cc-4fe6-9d5b-077aaf8c9237 d54ab789ab764360a301b092e529a1de 944992dde62c4080abe7a663032008a4 - - default default] 10.0.0.106 "DELETE /v2.0/security-groups/16b35e2b-9b95-46b0-8826-5ac1e0e994f0 HTTP/1.1" status: 204 len: 168 time: 0.2043457
2026-07-14 19:12:46.380 9 INFO neutron.db.ovn_revision_numbers_db [None req-c0c7b304-ed9f-4835-b3ef-0678170169ff d54ab789ab764360a301b092e529a1de 944992dde62c4080abe7a663032008a4 - - default default] Successfully bumped revision number for resource feebbdbf-4368-4d9c-a1c9-5c04ed477a61 (type: security_groups) to 1
2026-07-14 19:12:46.396 9 INFO neutron.db.ovn_revision_numbers_db [None req-c0c7b304-ed9f-4835-b3ef-0678170169ff d54ab789ab764360a301b092e529a1de 944992dde62c4080abe7a663032008a4 - - default default] Successfully bumped revision number for resource 073c702e-495d-4a80-bfa9-40d75c76dcf3 (type: security_group_rules) to 0
2026-07-14 19:12:46.411 9 INFO neutron.db.ovn_revision_numbers_db [None req-c0c7b304-ed9f-4835-b3ef-0678170169ff d54ab789ab764360a301b092e529a1de 944992dde62c4080abe7a663032008a4 - - default default] Successfully bumped revision number for resource 84531d04-26df-4cb9-a53a-a12162a5b924 (type: security_group_rules) to 0
2026-07-14 19:12:46.423 9 INFO neutron.db.ovn_revision_numbers_db [None req-c0c7b304-ed9f-4835-b3ef-0678170169ff d54ab789ab764360a301b092e529a1de 944992dde62c4080abe7a663032008a4 - - default default] Successfully bumped revision number for resource f30d317c-4646-4fe6-9eaf-16e47ad5249c (type: security_group_rules) to 0
2026-07-14 19:12:46.438 9 INFO neutron.db.ovn_revision_numbers_db [None req-c0c7b304-ed9f-4835-b3ef-0678170169ff d54ab789ab764360a301b092e529a1de 944992dde62c4080abe7a663032008a4 - - default default] Successfully bumped revision number for resource fec2812d-b915-45c5-ae7b-3873915aa694 (type: security_group_rules) to 0
2026-07-14 19:12:46.479 9 INFO neutron.api.wsgi [None req-c0c7b304-ed9f-4835-b3ef-0678170169ff d54ab789ab764360a301b092e529a1de 944992dde62c4080abe7a663032008a4 - - default default] 10.0.0.106 "GET /v2.0/security-groups?tenant_id=38851e08f5b34b3fad982a8747b19309&name=default HTTP/1.1" status: 200 len: 3124 time: 0.2233925
2026-07-14 19:12:46.760 8 INFO neutron.api.wsgi [None req-25378654-d143-453c-8ffb-4302cbbb083a d54ab789ab764360a301b092e529a1de 944992dde62c4080abe7a663032008a4 - - default default] 10.0.0.106 "DELETE /v2.0/security-groups/feebbdbf-4368-4d9c-a1c9-5c04ed477a61 HTTP/1.1" status: 204 len: 168 time: 0.2750876
2026-07-14 19:12:48.927 8 WARNING neutron_lib.context [None req-07c43282-0234-4c2a-89d0-d978564f59f5 86c135d74d6d41d78aab44528f36006e 54b816d82b5d4550a02376a74be73f21 - - default default] Method 'is_advsvc' is deprecated since 2023.2 release (neutron-lib 3.8.0) and will be removed once support for the old RBAC API policies will be removed from Neutron. Please use method 'is_service_role' instead.
2026-07-14 19:12:49.064 8 INFO neutron.db.ovn_revision_numbers_db [None req-07c43282-0234-4c2a-89d0-d978564f59f5 86c135d74d6d41d78aab44528f36006e 54b816d82b5d4550a02376a74be73f21 - - default default] Successfully bumped revision number for resource bdb71802-1bbb-46d8-ba3b-4b519a475843 (type: security_groups) to 1
2026-07-14 19:12:49.080 8 INFO neutron.db.ovn_revision_numbers_db [None req-07c43282-0234-4c2a-89d0-d978564f59f5 86c135d74d6d41d78aab44528f36006e 54b816d82b5d4550a02376a74be73f21 - - default default] Successfully bumped revision number for resource 4c11a038-8178-4bc9-a166-c2eca88ed2f9 (type: security_group_rules) to 0
2026-07-14 19:12:49.099 8 INFO neutron.db.ovn_revision_numbers_db [None req-07c43282-0234-4c2a-89d0-d978564f59f5 86c135d74d6d41d78aab44528f36006e 54b816d82b5d4550a02376a74be73f21 - - default default] Successfully bumped revision number for resource 567e4b5d-beac-4abc-8cbc-ecf195731a74 (type: security_group_rules) to 0
2026-07-14 19:12:49.114 8 INFO neutron.db.ovn_revision_numbers_db [None req-07c43282-0234-4c2a-89d0-d978564f59f5 86c135d74d6d41d78aab44528f36006e 54b816d82b5d4550a02376a74be73f21 - - default default] Successfully bumped revision number for resource bb6dcf29-54ca-4052-8a0c-5aa97646e4f7 (type: security_group_rules) to 0
2026-07-14 19:12:49.127 8 INFO neutron.db.ovn_revision_numbers_db [None req-07c43282-0234-4c2a-89d0-d978564f59f5 86c135d74d6d41d78aab44528f36006e 54b816d82b5d4550a02376a74be73f21 - - default default] Successfully bumped revision number for resource e14d2e58-4971-4128-b185-1095319aee06 (type: security_group_rules) to 0
2026-07-14 19:12:49.209 8 INFO neutron.db.segments_db [None req-07c43282-0234-4c2a-89d0-d978564f59f5 86c135d74d6d41d78aab44528f36006e 54b816d82b5d4550a02376a74be73f21 - - default default] Added segment 836d4cae-5ea4-4f4f-9b5e-a449ca01fe73 of type geneve for network 3f9cda66-9eac-4c70-98e7-1290a949811e
2026-07-14 19:12:49.336 8 INFO neutron.db.ovn_revision_numbers_db [None req-07c43282-0234-4c2a-89d0-d978564f59f5 86c135d74d6d41d78aab44528f36006e 54b816d82b5d4550a02376a74be73f21 - - default default] Successfully bumped revision number for resource 3f9cda66-9eac-4c70-98e7-1290a949811e (type: networks) to 1
2026-07-14 19:12:49.506 8 WARNING neutron.scheduler.dhcp_agent_scheduler [None req-07c43282-0234-4c2a-89d0-d978564f59f5 86c135d74d6d41d78aab44528f36006e 54b816d82b5d4550a02376a74be73f21 - - default default] No more DHCP agents
2026-07-14 19:12:49.508 8 WARNING neutron.api.rpc.agentnotifiers.dhcp_rpc_agent_api [None req-07c43282-0234-4c2a-89d0-d978564f59f5 86c135d74d6d41d78aab44528f36006e 54b816d82b5d4550a02376a74be73f21 - - default default] Unable to schedule network 3f9cda66-9eac-4c70-98e7-1290a949811e: no agents available; will retry on subsequent port and subnet creation events.
2026-07-14 19:12:49.583 8 INFO neutron.db.ovn_revision_numbers_db [None req-07c43282-0234-4c2a-89d0-d978564f59f5 86c135d74d6d41d78aab44528f36006e 54b816d82b5d4550a02376a74be73f21 - - default default] Successfully bumped revision number for resource c044ff15-75b4-4433-935f-ed2609fbdd09 (type: ports) to 1
2026-07-14 19:12:49.615 8 INFO neutron.api.wsgi [None req-07c43282-0234-4c2a-89d0-d978564f59f5 86c135d74d6d41d78aab44528f36006e 54b816d82b5d4550a02376a74be73f21 - - default default] 10.0.0.106 "POST /v2.0/networks HTTP/1.1" status: 201 len: 830 time: 0.8474364
2026-07-14 19:12:49.625 8 WARNING neutron_lib.context [None req-0cfcdebc-943d-4433-9729-3f87d0551129 86c135d74d6d41d78aab44528f36006e 54b816d82b5d4550a02376a74be73f21 - - default default] Method 'is_advsvc' is deprecated since 2023.2 release (neutron-lib 3.8.0) and will be removed once support for the old RBAC API policies will be removed from Neutron. Please use method 'is_service_role' instead.
2026-07-14 19:12:49.746 8 INFO neutron.db.segments_db [None req-0cfcdebc-943d-4433-9729-3f87d0551129 86c135d74d6d41d78aab44528f36006e 54b816d82b5d4550a02376a74be73f21 - - default default] Added segment 997c4f71-81b9-48cd-ad55-b89ac689527d of type geneve for network cf2cb175-e70b-4aab-9296-b2c42fb13916
2026-07-14 19:12:49.872 8 INFO neutron.db.ovn_revision_numbers_db [None req-0cfcdebc-943d-4433-9729-3f87d0551129 86c135d74d6d41d78aab44528f36006e 54b816d82b5d4550a02376a74be73f21 - - default default] Successfully bumped revision number for resource cf2cb175-e70b-4aab-9296-b2c42fb13916 (type: networks) to 1
2026-07-14 19:12:50.014 8 WARNING neutron_lib.context [None req-22250a26-4a58-402c-a433-033b5b1e88aa 4dceddec97ca47aabf666e33c39b21d7 200d177835524cda81fa41545e6b6372 - - default default] Method 'is_advsvc' is deprecated since 2023.2 release (neutron-lib 3.8.0) and will be removed once support for the old RBAC API policies will be removed from Neutron. Please use method 'is_service_role' instead.
2026-07-14 19:12:50.066 8 WARNING neutron.scheduler.dhcp_agent_scheduler [None req-0cfcdebc-943d-4433-9729-3f87d0551129 86c135d74d6d41d78aab44528f36006e 54b816d82b5d4550a02376a74be73f21 - - default default] No more DHCP agents
2026-07-14 19:12:50.068 8 WARNING neutron.api.rpc.agentnotifiers.dhcp_rpc_agent_api [None req-0cfcdebc-943d-4433-9729-3f87d0551129 86c135d74d6d41d78aab44528f36006e 54b816d82b5d4550a02376a74be73f21 - - default default] Unable to schedule network cf2cb175-e70b-4aab-9296-b2c42fb13916: no agents available; will retry on subsequent port and subnet creation events.
2026-07-14 19:12:50.152 8 INFO neutron.db.ovn_revision_numbers_db [None req-0cfcdebc-943d-4433-9729-3f87d0551129 86c135d74d6d41d78aab44528f36006e 54b816d82b5d4550a02376a74be73f21 - - default default] Successfully bumped revision number for resource ac7fe53c-bbb0-467b-938a-0ee82793223b (type: ports) to 1
2026-07-14 19:12:50.183 8 INFO neutron.api.wsgi [None req-0cfcdebc-943d-4433-9729-3f87d0551129 86c135d74d6d41d78aab44528f36006e 54b816d82b5d4550a02376a74be73f21 - - default default] 10.0.0.106 "POST /v2.0/networks HTTP/1.1" status: 201 len: 830 time: 0.5614898
2026-07-14 19:12:50.193 8 INFO neutron.db.ovn_revision_numbers_db [None req-22250a26-4a58-402c-a433-033b5b1e88aa 4dceddec97ca47aabf666e33c39b21d7 200d177835524cda81fa41545e6b6372 - - default default] Successfully bumped revision number for resource 54821941-4abd-407b-96d3-f4bdd2c1023b (type: security_groups) to 1
2026-07-14 19:12:50.211 8 INFO neutron.db.ovn_revision_numbers_db [None req-22250a26-4a58-402c-a433-033b5b1e88aa 4dceddec97ca47aabf666e33c39b21d7 200d177835524cda81fa41545e6b6372 - - default default] Successfully bumped revision number for resource 2b814d5d-905c-47cc-8d0c-dfde25bf4512 (type: security_group_rules) to 0
2026-07-14 19:12:50.228 8 INFO neutron.api.wsgi [None req-5393df6a-f2e1-4bf7-b7ff-04c9361ea86a 86c135d74d6d41d78aab44528f36006e 54b816d82b5d4550a02376a74be73f21 - - default default] 10.0.0.106 "PUT /v2.0/networks/3f9cda66-9eac-4c70-98e7-1290a949811e/tags HTTP/1.1" status: 200 len: 218 time: 0.0415187
2026-07-14 19:12:50.230 8 INFO neutron.db.ovn_revision_numbers_db [None req-22250a26-4a58-402c-a433-033b5b1e88aa 4dceddec97ca47aabf666e33c39b21d7 200d177835524cda81fa41545e6b6372 - - default default] Successfully bumped revision number for resource 984c8433-e229-4c7e-bf54-aa721442d4ab (type: security_group_rules) to 0
2026-07-14 19:12:50.250 8 INFO neutron.db.ovn_revision_numbers_db [None req-22250a26-4a58-402c-a433-033b5b1e88aa 4dceddec97ca47aabf666e33c39b21d7 200d177835524cda81fa41545e6b6372 - - default default] Successfully bumped revision number for resource aba75abf-cfec-4b2c-a4c1-d69942ed7b60 (type: security_group_rules) to 0
2026-07-14 19:12:50.266 8 INFO neutron.api.wsgi [None req-7768caa3-5cd7-40ad-8a92-804302e7f828 86c135d74d6d41d78aab44528f36006e 54b816d82b5d4550a02376a74be73f21 - - default default] 10.0.0.106 "GET /v2.0/networks/3f9cda66-9eac-4c70-98e7-1290a949811e/tags HTTP/1.1" status: 200 len: 218 time: 0.0333722
2026-07-14 19:12:50.267 8 INFO neutron.db.ovn_revision_numbers_db [None req-22250a26-4a58-402c-a433-033b5b1e88aa 4dceddec97ca47aabf666e33c39b21d7 200d177835524cda81fa41545e6b6372 - - default default] Successfully bumped revision number for resource eac02fa2-f0b6-4601-a06a-34e952684e30 (type: security_group_rules) to 0
2026-07-14 19:12:50.327 8 INFO neutron.api.wsgi [None req-17a72e4b-1058-4f27-b0af-e8cb3317c6c5 86c135d74d6d41d78aab44528f36006e 54b816d82b5d4550a02376a74be73f21 - - default default] 10.0.0.106 "PUT /v2.0/networks/cf2cb175-e70b-4aab-9296-b2c42fb13916/tags HTTP/1.1" status: 200 len: 210 time: 0.0564394
2026-07-14 19:12:50.357 9 INFO neutron.api.wsgi [None req-73bebca1-3c21-4650-9a7c-5ed7069cdd79 86c135d74d6d41d78aab44528f36006e 54b816d82b5d4550a02376a74be73f21 - - default default] 10.0.0.106 "GET /v2.0/networks/cf2cb175-e70b-4aab-9296-b2c42fb13916/tags HTTP/1.1" status: 200 len: 210 time: 0.0252280
2026-07-14 19:12:50.392 8 INFO neutron.db.ovn_revision_numbers_db [None req-22250a26-4a58-402c-a433-033b5b1e88aa 4dceddec97ca47aabf666e33c39b21d7 200d177835524cda81fa41545e6b6372 - - default default] Successfully bumped revision number for resource d819c524-5efb-406f-8bb9-2cb05880be3a (type: security_groups) to 1
2026-07-14 19:12:50.404 9 INFO neutron.api.wsgi [None req-bd3099d6-dcf3-4b76-80b6-0ee8d312c0a2 86c135d74d6d41d78aab44528f36006e 54b816d82b5d4550a02376a74be73f21 - - default default] 10.0.0.106 "PUT /v2.0/networks/cf2cb175-e70b-4aab-9296-b2c42fb13916/tags HTTP/1.1" status: 200 len: 205 time: 0.0424001
2026-07-14 19:12:50.407 8 INFO neutron.db.ovn_revision_numbers_db [None req-22250a26-4a58-402c-a433-033b5b1e88aa 4dceddec97ca47aabf666e33c39b21d7 200d177835524cda81fa41545e6b6372 - - default default] Successfully bumped revision number for resource 40ef152a-65c6-419b-8073-d65794d42720 (type: security_group_rules) to 0
2026-07-14 19:12:50.423 8 INFO neutron.db.ovn_revision_numbers_db [None req-22250a26-4a58-402c-a433-033b5b1e88aa 4dceddec97ca47aabf666e33c39b21d7 200d177835524cda81fa41545e6b6372 - - default default] Successfully bumped revision number for resource cfc9a841-94c6-4834-ba88-66864bf6f314 (type: security_group_rules) to 0
2026-07-14 19:12:50.438 9 INFO neutron.api.wsgi [None req-e9963713-b3d0-4bb6-8cde-ebb16b809e91 86c135d74d6d41d78aab44528f36006e 54b816d82b5d4550a02376a74be73f21 - - default default] 10.0.0.106 "GET /v2.0/networks/cf2cb175-e70b-4aab-9296-b2c42fb13916/tags HTTP/1.1" status: 200 len: 205 time: 0.0269771
2026-07-14 19:12:50.454 8 INFO neutron.api.wsgi [None req-22250a26-4a58-402c-a433-033b5b1e88aa 4dceddec97ca47aabf666e33c39b21d7 200d177835524cda81fa41545e6b6372 - - default default] 10.0.0.106 "POST /v2.0/security-groups HTTP/1.1" status: 201 len: 1803 time: 0.6057668
2026-07-14 19:12:50.476 9 INFO neutron.api.wsgi [None req-d784678d-6b5b-497c-90b2-f09fc5880c24 86c135d74d6d41d78aab44528f36006e 54b816d82b5d4550a02376a74be73f21 - - default default] 10.0.0.106 "GET /v2.0/networks/3f9cda66-9eac-4c70-98e7-1290a949811e/tags HTTP/1.1" status: 200 len: 218 time: 0.0325677
2026-07-14 19:12:50.496 9 INFO neutron.api.wsgi [None req-c44d984f-3026-4093-a4da-2e55594ad6c4 4dceddec97ca47aabf666e33c39b21d7 200d177835524cda81fa41545e6b6372 - - default default] 10.0.0.106 "PUT /v2.0/security-groups/d819c524-5efb-406f-8bb9-2cb05880be3a/tags HTTP/1.1" status: 200 len: 218 time: 0.0362952
2026-07-14 19:12:50.545 9 INFO neutron.api.wsgi [None req-c2fc4c2a-a19f-43f3-b7fd-cb3b0970bdeb 4dceddec97ca47aabf666e33c39b21d7 200d177835524cda81fa41545e6b6372 - - default default] 10.0.0.106 "GET /v2.0/security-groups/d819c524-5efb-406f-8bb9-2cb05880be3a/tags HTTP/1.1" status: 200 len: 218 time: 0.0441623
2026-07-14 19:12:50.589 8 INFO neutron.api.wsgi [None req-d2ecd81f-1d4e-456b-9fe1-23e923f042bd 4dceddec97ca47aabf666e33c39b21d7 200d177835524cda81fa41545e6b6372 - - default default] 10.0.0.106 "PUT /v2.0/security-groups/d819c524-5efb-406f-8bb9-2cb05880be3a/tags/green HTTP/1.1" status: 201 len: 201 time: 0.0380483
2026-07-14 19:12:50.618 8 INFO neutron.api.wsgi [None req-98e4d821-eee1-48e3-ac95-63b5d322413a 4dceddec97ca47aabf666e33c39b21d7 200d177835524cda81fa41545e6b6372 - - default default] 10.0.0.106 "GET /v2.0/security-groups/d819c524-5efb-406f-8bb9-2cb05880be3a/tags HTTP/1.1" status: 200 len: 227 time: 0.0212178
2026-07-14 19:12:50.648 8 INFO neutron.api.wsgi [None req-fe416dd6-953f-4f42-ad9c-ac77ce81a8b5 4dceddec97ca47aabf666e33c39b21d7 200d177835524cda81fa41545e6b6372 - - default default] 10.0.0.106 "PUT /v2.0/security-groups/d819c524-5efb-406f-8bb9-2cb05880be3a/tags/red HTTP/1.1" status: 201 len: 201 time: 0.0253699
2026-07-14 19:12:50.677 8 INFO neutron.api.wsgi [None req-6e613f59-6c7e-47b3-8eb6-2411cf373608 4dceddec97ca47aabf666e33c39b21d7 200d177835524cda81fa41545e6b6372 - - default default] 10.0.0.106 "GET /v2.0/security-groups/d819c524-5efb-406f-8bb9-2cb05880be3a/tags HTTP/1.1" status: 200 len: 227 time: 0.0235186
2026-07-14 19:12:50.713 8 INFO neutron.api.wsgi [None req-a6f18cb9-b1b6-4ae6-bdc3-98334d606336 4dceddec97ca47aabf666e33c39b21d7 200d177835524cda81fa41545e6b6372 - - default default] 10.0.0.106 "PUT /v2.0/security-groups/d819c524-5efb-406f-8bb9-2cb05880be3a/tags/black.or.white HTTP/1.1" status: 201 len: 201 time: 0.0312202
2026-07-14 19:12:50.737 9 INFO neutron.api.wsgi [None req-1ec6410a-3eb5-4965-878b-0dafedf5d089 4dceddec97ca47aabf666e33c39b21d7 200d177835524cda81fa41545e6b6372 - - default default] 10.0.0.106 "GET /v2.0/security-groups/d819c524-5efb-406f-8bb9-2cb05880be3a/tags HTTP/1.1" status: 200 len: 245 time: 0.0188751
2026-07-14 19:12:50.775 8 INFO neutron.api.wsgi [None req-70e28aeb-8311-4b66-ae48-72e7a3ff281f 4dceddec97ca47aabf666e33c39b21d7 200d177835524cda81fa41545e6b6372 - - default default] 10.0.0.106 "PUT /v2.0/security-groups/d819c524-5efb-406f-8bb9-2cb05880be3a/tags HTTP/1.1" status: 200 len: 230 time: 0.0328457
2026-07-14 19:12:50.797 8 INFO neutron.api.wsgi [None req-6296aeb8-24eb-409a-a729-dda84fdbd60f 4dceddec97ca47aabf666e33c39b21d7 200d177835524cda81fa41545e6b6372 - - default default] 10.0.0.106 "GET /v2.0/security-groups/d819c524-5efb-406f-8bb9-2cb05880be3a/tags HTTP/1.1" status: 200 len: 230 time: 0.0170498
2026-07-14 19:12:50.818 8 INFO neutron.api.wsgi [None req-27800f12-66dd-4e27-8f1e-c5e54c302492 4dceddec97ca47aabf666e33c39b21d7 200d177835524cda81fa41545e6b6372 - - default default] 10.0.0.106 "GET /v2.0/security-groups/d819c524-5efb-406f-8bb9-2cb05880be3a/tags/red HTTP/1.1" status: 204 len: 168 time: 0.0173428
2026-07-14 19:12:50.823 9 INFO neutron.services.segments.plugin [-] Segment 836d4cae-5ea4-4f4f-9b5e-a449ca01fe73 resource provider aggregate not found
2026-07-14 19:12:50.827 9 INFO neutron.services.segments.plugin [-] Segment 836d4cae-5ea4-4f4f-9b5e-a449ca01fe73 resource provider aggregate not found
2026-07-14 19:12:50.839 9 INFO neutron.services.segments.plugin [-] Segment 836d4cae-5ea4-4f4f-9b5e-a449ca01fe73 resource provider not found; error: Placement Client Error (4xx): {"errors": [{"status": 404, "title": "Not Found", "detail": "The resource could not be found.\n\n No resource provider with uuid 836d4cae-5ea4-4f4f-9b5e-a449ca01fe73 found for delete ", "request_id": "req-a9e70262-ca43-4b30-9476-e738ff36f7e1"}]}
2026-07-14 19:12:50.841 9 INFO neutron.services.segments.plugin [-] Segment 836d4cae-5ea4-4f4f-9b5e-a449ca01fe73 resource provider not found; error: Placement Client Error (4xx): {"errors": [{"status": 404, "title": "Not Found", "detail": "The resource could not be found.\n\n No resource provider with uuid 836d4cae-5ea4-4f4f-9b5e-a449ca01fe73 found for delete ", "request_id": "req-b96ca441-df9a-49e0-adbe-9db894a9add4"}]}
2026-07-14 19:12:50.844 8 INFO neutron.api.v2.resource [None req-6c6cf538-96a4-4f73-8e34-5b50b6b460b8 4dceddec97ca47aabf666e33c39b21d7 200d177835524cda81fa41545e6b6372 - - default default] show failed (client error): The resource could not be found.
2026-07-14 19:12:50.845 8 INFO neutron.api.wsgi [None req-6c6cf538-96a4-4f73-8e34-5b50b6b460b8 4dceddec97ca47aabf666e33c39b21d7 200d177835524cda81fa41545e6b6372 - - default default] 10.0.0.106 "GET /v2.0/security-groups/d819c524-5efb-406f-8bb9-2cb05880be3a/tags/green HTTP/1.1" status: 404 len: 299 time: 0.0223899
2026-07-14 19:12:50.859 9 INFO neutron.api.wsgi [None req-2e868c4c-d72c-4a45-adb5-be191891817a 86c135d74d6d41d78aab44528f36006e 54b816d82b5d4550a02376a74be73f21 - - default default] 10.0.0.106 "DELETE /v2.0/networks/3f9cda66-9eac-4c70-98e7-1290a949811e HTTP/1.1" status: 204 len: 168 time: 0.3567102
2026-07-14 19:12:50.892 9 INFO neutron.api.wsgi [None req-2cbfdf49-6f2c-4c89-bb73-10b0b289e5aa 4dceddec97ca47aabf666e33c39b21d7 200d177835524cda81fa41545e6b6372 - - default default] 10.0.0.106 "DELETE /v2.0/security-groups/d819c524-5efb-406f-8bb9-2cb05880be3a/tags/red HTTP/1.1" status: 204 len: 168 time: 0.0424192
2026-07-14 19:12:50.919 9 INFO neutron.api.wsgi [None req-119084ca-e373-46a8-93d1-827da5a63429 4dceddec97ca47aabf666e33c39b21d7 200d177835524cda81fa41545e6b6372 - - default default] 10.0.0.106 "GET /v2.0/security-groups/d819c524-5efb-406f-8bb9-2cb05880be3a/tags HTTP/1.1" status: 200 len: 223 time: 0.0229435
2026-07-14 19:12:50.945 9 INFO neutron.api.v2.resource [None req-e5f472eb-ee49-4db6-accd-c732535b68cd 4dceddec97ca47aabf666e33c39b21d7 200d177835524cda81fa41545e6b6372 - - default default] delete failed (client error): The resource could not be found.
2026-07-14 19:12:50.946 9 INFO neutron.api.wsgi [None req-e5f472eb-ee49-4db6-accd-c732535b68cd 4dceddec97ca47aabf666e33c39b21d7 200d177835524cda81fa41545e6b6372 - - default default] 10.0.0.106 "DELETE /v2.0/security-groups/d819c524-5efb-406f-8bb9-2cb05880be3a/tags/green HTTP/1.1" status: 404 len: 299 time: 0.0209687
2026-07-14 19:12:50.994 9 INFO neutron.api.wsgi [None req-43dc9e3a-5b53-4cd4-8cf8-72f0d15e3d29 4dceddec97ca47aabf666e33c39b21d7 200d177835524cda81fa41545e6b6372 - - default default] 10.0.0.106 "DELETE /v2.0/security-groups/d819c524-5efb-406f-8bb9-2cb05880be3a/tags HTTP/1.1" status: 204 len: 168 time: 0.0411923
2026-07-14 19:12:51.014 9 INFO neutron.api.wsgi [None req-1cb9a797-0217-4671-b3a5-ddac2ca3dfa8 4dceddec97ca47aabf666e33c39b21d7 200d177835524cda81fa41545e6b6372 - - default default] 10.0.0.106 "GET /v2.0/security-groups/d819c524-5efb-406f-8bb9-2cb05880be3a/tags HTTP/1.1" status: 200 len: 205 time: 0.0152292
2026-07-14 19:12:51.123 9 INFO neutron.api.wsgi [None req-9bd3ad00-d1c5-4f56-afa7-08fa6a3fe64f 4dceddec97ca47aabf666e33c39b21d7 200d177835524cda81fa41545e6b6372 - - default default] 10.0.0.106 "DELETE /v2.0/security-groups/d819c524-5efb-406f-8bb9-2cb05880be3a HTTP/1.1" status: 204 len: 168 time: 0.0978000
2026-07-14 19:12:51.168 8 INFO neutron.services.segments.plugin [-] Segment 997c4f71-81b9-48cd-ad55-b89ac689527d resource provider aggregate not found
2026-07-14 19:12:51.172 8 INFO neutron.services.segments.plugin [-] Segment 997c4f71-81b9-48cd-ad55-b89ac689527d resource provider aggregate not found
2026-07-14 19:12:51.185 8 INFO neutron.services.segments.plugin [-] Segment 997c4f71-81b9-48cd-ad55-b89ac689527d resource provider not found; error: Placement Client Error (4xx): {"errors": [{"status": 404, "title": "Not Found", "detail": "The resource could not be found.\n\n No resource provider with uuid 997c4f71-81b9-48cd-ad55-b89ac689527d found for delete ", "request_id": "req-b9d51d97-6f0b-4524-81ab-ac0762f4c210"}]}
2026-07-14 19:12:51.185 8 INFO neutron.services.segments.plugin [-] Segment 997c4f71-81b9-48cd-ad55-b89ac689527d resource provider not found; error: Placement Client Error (4xx): {"errors": [{"status": 404, "title": "Not Found", "detail": "The resource could not be found.\n\n No resource provider with uuid 997c4f71-81b9-48cd-ad55-b89ac689527d found for delete ", "request_id": "req-d427bc01-89bb-4864-8311-419ad33eb170"}]}
2026-07-14 19:12:51.203 8 INFO neutron.api.wsgi [None req-85b0ed13-e27a-48ed-b9c9-8ba23b0311c3 86c135d74d6d41d78aab44528f36006e 54b816d82b5d4550a02376a74be73f21 - - default default] 10.0.0.106 "DELETE /v2.0/networks/cf2cb175-e70b-4aab-9296-b2c42fb13916 HTTP/1.1" status: 204 len: 168 time: 0.3371375
2026-07-14 19:12:52.030 9 INFO neutron.db.ovn_revision_numbers_db [None req-0a28b2dd-3934-43a2-a11d-5a57bc387715 d54ab789ab764360a301b092e529a1de 944992dde62c4080abe7a663032008a4 - - default default] Successfully bumped revision number for resource 898ec617-097f-464b-870d-ae0eb8053a73 (type: security_groups) to 1
2026-07-14 19:12:52.049 9 INFO neutron.db.ovn_revision_numbers_db [None req-0a28b2dd-3934-43a2-a11d-5a57bc387715 d54ab789ab764360a301b092e529a1de 944992dde62c4080abe7a663032008a4 - - default default] Successfully bumped revision number for resource 2b95bdb4-565e-4acf-af88-94d428d455ed (type: security_group_rules) to 0
2026-07-14 19:12:52.059 9 INFO neutron.db.ovn_revision_numbers_db [None req-9100049d-5b62-4208-945a-86a5cf53e2ec d54ab789ab764360a301b092e529a1de 944992dde62c4080abe7a663032008a4 - - default default] Successfully bumped revision number for resource 9c2886b0-45d2-4f04-acac-0c431d473e41 (type: security_groups) to 1
2026-07-14 19:12:52.062 9 INFO neutron.db.ovn_revision_numbers_db [None req-0a28b2dd-3934-43a2-a11d-5a57bc387715 d54ab789ab764360a301b092e529a1de 944992dde62c4080abe7a663032008a4 - - default default] Successfully bumped revision number for resource 71eed54e-ee1d-4055-ba81-b0f4e36f181d (type: security_group_rules) to 0
2026-07-14 19:12:52.072 9 INFO neutron.db.ovn_revision_numbers_db [None req-9100049d-5b62-4208-945a-86a5cf53e2ec d54ab789ab764360a301b092e529a1de 944992dde62c4080abe7a663032008a4 - - default default] Successfully bumped revision number for resource 1465473e-ebae-4e97-8256-90f0d416bfc2 (type: security_group_rules) to 0
2026-07-14 19:12:52.075 9 INFO neutron.db.ovn_revision_numbers_db [None req-0a28b2dd-3934-43a2-a11d-5a57bc387715 d54ab789ab764360a301b092e529a1de 944992dde62c4080abe7a663032008a4 - - default default] Successfully bumped revision number for resource 8b000b07-157f-4a70-91c8-d4957cc32420 (type: security_group_rules) to 0
2026-07-14 19:12:52.083 9 INFO neutron.db.ovn_revision_numbers_db [None req-9100049d-5b62-4208-945a-86a5cf53e2ec d54ab789ab764360a301b092e529a1de 944992dde62c4080abe7a663032008a4 - - default default] Successfully bumped revision number for resource 2988fd81-e853-4ede-ad10-a1fc47e41fed (type: security_group_rules) to 0
2026-07-14 19:12:52.086 9 INFO neutron.db.ovn_revision_numbers_db [None req-0a28b2dd-3934-43a2-a11d-5a57bc387715 d54ab789ab764360a301b092e529a1de 944992dde62c4080abe7a663032008a4 - - default default] Successfully bumped revision number for resource c4d6035f-f9c2-4bdf-8350-951b1758ab88 (type: security_group_rules) to 0
2026-07-14 19:12:52.102 9 INFO neutron.db.ovn_revision_numbers_db [None req-9100049d-5b62-4208-945a-86a5cf53e2ec d54ab789ab764360a301b092e529a1de 944992dde62c4080abe7a663032008a4 - - default default] Successfully bumped revision number for resource b3bf1db7-ebf6-4e74-bcb2-3d13ed890782 (type: security_group_rules) to 0
2026-07-14 19:12:52.121 9 INFO neutron.db.ovn_revision_numbers_db [None req-9100049d-5b62-4208-945a-86a5cf53e2ec d54ab789ab764360a301b092e529a1de 944992dde62c4080abe7a663032008a4 - - default default] Successfully bumped revision number for resource e29a11a3-a676-4266-9964-affbe8c98485 (type: security_group_rules) to 0
2026-07-14 19:12:52.124 9 INFO neutron.api.wsgi [None req-0a28b2dd-3934-43a2-a11d-5a57bc387715 d54ab789ab764360a301b092e529a1de 944992dde62c4080abe7a663032008a4 - - default default] 10.0.0.106 "GET /v2.0/security-groups?tenant_id=940c051c353d4d0ab7ccf3485bf5b654&name=default HTTP/1.1" status: 200 len: 3124 time: 0.3122113
2026-07-14 19:12:52.334 8 INFO neutron.api.wsgi [None req-f97ca64c-8439-4422-929a-71111e1c15f9 d54ab789ab764360a301b092e529a1de 944992dde62c4080abe7a663032008a4 - - default default] 10.0.0.106 "DELETE /v2.0/security-groups/898ec617-097f-464b-870d-ae0eb8053a73 HTTP/1.1" status: 204 len: 168 time: 0.2046597
2026-07-14 19:12:52.441 8 INFO neutron.api.wsgi [-] 10.0.0.254 "GET / HTTP/1.1" status: 200 len: 246 time: 0.0020328
2026-07-14 19:12:52.443 8 INFO neutron.api.wsgi [-] 10.0.0.254 "GET / HTTP/1.1" status: 200 len: 246 time: 0.0013812
2026-07-14 19:12:52.451 8 INFO neutron.api.wsgi [None req-a31616c3-09bc-4871-af8b-b6be8b6a72d4 d54ab789ab764360a301b092e529a1de 944992dde62c4080abe7a663032008a4 - - default default] 10.0.0.106 "GET /v2.0/security-groups?tenant_id=200d177835524cda81fa41545e6b6372&name=default HTTP/1.1" status: 200 len: 3124 time: 0.0358186
2026-07-14 19:12:52.487 9 INFO neutron.api.wsgi [None req-9100049d-5b62-4208-945a-86a5cf53e2ec d54ab789ab764360a301b092e529a1de 944992dde62c4080abe7a663032008a4 - - default default] 10.0.0.106 "GET /v2.0/security-groups?tenant_id=5fa20e39a13f4364a118d9fe5060e7ac&name=default HTTP/1.1" status: 200 len: 3124 time: 0.6933577
2026-07-14 19:12:52.694 8 INFO neutron.api.wsgi [None req-0fc34843-42fb-4579-86bc-8224fbb4c2f0 d54ab789ab764360a301b092e529a1de 944992dde62c4080abe7a663032008a4 - - default default] 10.0.0.106 "DELETE /v2.0/security-groups/54821941-4abd-407b-96d3-f4bdd2c1023b HTTP/1.1" status: 204 len: 168 time: 0.2384713
2026-07-14 19:12:52.735 9 INFO neutron.api.wsgi [None req-3f9c621b-6573-4835-bb70-817fa7318b5d d54ab789ab764360a301b092e529a1de 944992dde62c4080abe7a663032008a4 - - default default] 10.0.0.106 "DELETE /v2.0/security-groups/9c2886b0-45d2-4f04-acac-0c431d473e41 HTTP/1.1" status: 204 len: 168 time: 0.2421858
2026-07-14 19:12:52.902 8 INFO neutron.api.wsgi [None req-3042db2b-6d0d-4f35-8c81-e5b02aea59ac d54ab789ab764360a301b092e529a1de 944992dde62c4080abe7a663032008a4 - - default default] 10.0.0.106 "GET /v2.0/security-groups?tenant_id=54b816d82b5d4550a02376a74be73f21&name=default HTTP/1.1" status: 200 len: 3124 time: 0.0305274
2026-07-14 19:12:53.124 8 INFO neutron.api.wsgi [None req-2140e4dd-5288-4ef9-b421-07b60867dc4d d54ab789ab764360a301b092e529a1de 944992dde62c4080abe7a663032008a4 - - default default] 10.0.0.106 "DELETE /v2.0/security-groups/bdb71802-1bbb-46d8-ba3b-4b519a475843 HTTP/1.1" status: 204 len: 168 time: 0.2181869
2026-07-14 19:12:56.182 8 WARNING neutron_lib.context [None req-83c05ea2-2fc2-49dd-bef1-a598fc06c695 45b7c9d73f304d76b1cafcceed795173 d2c1d5d864e94f6e8aa8ad9fa5d453e2 - - default default] Method 'is_advsvc' is deprecated since 2023.2 release (neutron-lib 3.8.0) and will be removed once support for the old RBAC API policies will be removed from Neutron. Please use method 'is_service_role' instead.
2026-07-14 19:12:56.323 8 INFO neutron.db.ovn_revision_numbers_db [None req-83c05ea2-2fc2-49dd-bef1-a598fc06c695 45b7c9d73f304d76b1cafcceed795173 d2c1d5d864e94f6e8aa8ad9fa5d453e2 - - default default] Successfully bumped revision number for resource e94f29cf-24a5-4cc5-ba24-07c97a0f4d20 (type: security_groups) to 1
2026-07-14 19:12:56.339 8 INFO neutron.db.ovn_revision_numbers_db [None req-83c05ea2-2fc2-49dd-bef1-a598fc06c695 45b7c9d73f304d76b1cafcceed795173 d2c1d5d864e94f6e8aa8ad9fa5d453e2 - - default default] Successfully bumped revision number for resource 22bd7d6a-7ac8-47e1-a8ea-9cf06f8e3f26 (type: security_group_rules) to 0
2026-07-14 19:12:56.357 8 INFO neutron.db.ovn_revision_numbers_db [None req-83c05ea2-2fc2-49dd-bef1-a598fc06c695 45b7c9d73f304d76b1cafcceed795173 d2c1d5d864e94f6e8aa8ad9fa5d453e2 - - default default] Successfully bumped revision number for resource 531cb92e-ae5f-4513-a2f7-8fd12e563346 (type: security_group_rules) to 0
2026-07-14 19:12:56.373 8 INFO neutron.db.ovn_revision_numbers_db [None req-83c05ea2-2fc2-49dd-bef1-a598fc06c695 45b7c9d73f304d76b1cafcceed795173 d2c1d5d864e94f6e8aa8ad9fa5d453e2 - - default default] Successfully bumped revision number for resource 62380aaf-274c-41f0-86ec-8cd18b4703e9 (type: security_group_rules) to 0
2026-07-14 19:12:56.383 8 INFO neutron.db.ovn_revision_numbers_db [None req-83c05ea2-2fc2-49dd-bef1-a598fc06c695 45b7c9d73f304d76b1cafcceed795173 d2c1d5d864e94f6e8aa8ad9fa5d453e2 - - default default] Successfully bumped revision number for resource 6494d0fa-e7ff-47d2-8278-8cb65e46555e (type: security_group_rules) to 0
2026-07-14 19:12:56.456 8 INFO neutron.db.segments_db [None req-83c05ea2-2fc2-49dd-bef1-a598fc06c695 45b7c9d73f304d76b1cafcceed795173 d2c1d5d864e94f6e8aa8ad9fa5d453e2 - - default default] Added segment b74ab0e0-311b-4488-8a4e-d358109d71be of type geneve for network 5d778c60-4688-4056-b4e4-06eb601212e0
2026-07-14 19:12:56.695 8 INFO neutron.db.ovn_revision_numbers_db [None req-83c05ea2-2fc2-49dd-bef1-a598fc06c695 45b7c9d73f304d76b1cafcceed795173 d2c1d5d864e94f6e8aa8ad9fa5d453e2 - - default default] Successfully bumped revision number for resource 5d778c60-4688-4056-b4e4-06eb601212e0 (type: networks) to 1
2026-07-14 19:12:56.874 8 WARNING neutron.scheduler.dhcp_agent_scheduler [None req-83c05ea2-2fc2-49dd-bef1-a598fc06c695 45b7c9d73f304d76b1cafcceed795173 d2c1d5d864e94f6e8aa8ad9fa5d453e2 - - default default] No more DHCP agents
2026-07-14 19:12:56.875 8 WARNING neutron.api.rpc.agentnotifiers.dhcp_rpc_agent_api [None req-83c05ea2-2fc2-49dd-bef1-a598fc06c695 45b7c9d73f304d76b1cafcceed795173 d2c1d5d864e94f6e8aa8ad9fa5d453e2 - - default default] Unable to schedule network 5d778c60-4688-4056-b4e4-06eb601212e0: no agents available; will retry on subsequent port and subnet creation events.
2026-07-14 19:12:56.939 8 INFO neutron.db.ovn_revision_numbers_db [None req-83c05ea2-2fc2-49dd-bef1-a598fc06c695 45b7c9d73f304d76b1cafcceed795173 d2c1d5d864e94f6e8aa8ad9fa5d453e2 - - default default] Successfully bumped revision number for resource 3ff82866-d508-46a8-838b-5e2a8a8295da (type: ports) to 1
2026-07-14 19:12:56.961 8 INFO neutron.api.wsgi [None req-83c05ea2-2fc2-49dd-bef1-a598fc06c695 45b7c9d73f304d76b1cafcceed795173 d2c1d5d864e94f6e8aa8ad9fa5d453e2 - - default default] 10.0.0.106 "POST /v2.0/networks HTTP/1.1" status: 201 len: 825 time: 0.9627883
