2026-07-14 19:11:02.483 8 INFO neutron.notifiers.nova [-] Nova event matching ['req-ee482b1d-11d3-465e-b099-7d671f4888e9'] response: {'server_uuid': '4c3110a2-ca62-4a18-b0e6-2e003fae5192', 'name': 'network-vif-plugged', 'status': 'completed', 'tag': '1a0b965f-c066-4f1f-beda-1ef6b8e13af9', 'code': 200}
2026-07-14 19:11:02.612 8 INFO neutron.db.ovn_revision_numbers_db [None req-c2949d40-b2ff-41c7-bb15-de447ee6177e - - - - - -] Successfully bumped revision number for resource 1a0b965f-c066-4f1f-beda-1ef6b8e13af9 (type: ports) to 5
2026-07-14 19:11:03.395 9 WARNING neutron_lib.context [None req-9ab5117e-514b-424f-a4af-69b5465e5dc1 227155b99398426fb731aee650bc133e d2e4904e1d2e403dab2bcaa55b5c72e7 - - default default] Method 'is_advsvc' is deprecated since 2023.2 release (neutron-lib 3.8.0) and will be removed once support for the old RBAC API policies will be removed from Neutron. Please use method 'is_service_role' instead. /var/lib/openstack/lib/python3.12/site-packages/pycadf/identifier.py:71: UserWarning: Invalid uuid: neutron. To ensure interoperability, identifiers should be a valid uuid. warnings.warn(('Invalid uuid: %s. To ensure interoperability, '
2026-07-14 19:11:03.506 8 INFO neutron.api.wsgi [req-3d80f7f9-609f-47e1-b18f-4cdbfb63a500 req-4a62851d-8e6c-4fbd-b79c-92329f0c1b30 b274158e5573491780fde5f77a218787 b8ad73b60205414fa7fc4e0eb9fc7dd6 - - default default] 10.0.0.241 "GET /v2.0/ports?device_id=4c3110a2-ca62-4a18-b0e6-2e003fae5192 HTTP/1.1" status: 200 len: 1174 time: 0.0440526
2026-07-14 19:11:03.549 8 INFO neutron.api.wsgi [req-3d80f7f9-609f-47e1-b18f-4cdbfb63a500 req-83fc5d4c-5552-4cca-8019-5a9dc345cec6 b274158e5573491780fde5f77a218787 b8ad73b60205414fa7fc4e0eb9fc7dd6 - - default default] 10.0.0.241 "GET /v2.0/security-groups?id=265b595f-9233-4334-8a47-d19d5d810df4&fields=id&fields=name HTTP/1.1" status: 200 len: 286 time: 0.0390971
2026-07-14 19:11:03.624 9 INFO neutron.db.ovn_revision_numbers_db [None req-9ab5117e-514b-424f-a4af-69b5465e5dc1 227155b99398426fb731aee650bc133e d2e4904e1d2e403dab2bcaa55b5c72e7 - - default default] Successfully bumped revision number for resource a3b88fe0-5808-475f-af04-e9ae4c75fbd9 (type: security_groups) to 1
2026-07-14 19:11:03.655 9 INFO neutron.db.ovn_revision_numbers_db [None req-9ab5117e-514b-424f-a4af-69b5465e5dc1 227155b99398426fb731aee650bc133e d2e4904e1d2e403dab2bcaa55b5c72e7 - - default default] Successfully bumped revision number for resource 5b17552e-1f53-4882-b8cc-dbc1d48adaa9 (type: security_group_rules) to 0
2026-07-14 19:11:03.669 9 INFO neutron.db.ovn_revision_numbers_db [None req-9ab5117e-514b-424f-a4af-69b5465e5dc1 227155b99398426fb731aee650bc133e d2e4904e1d2e403dab2bcaa55b5c72e7 - - default default] Successfully bumped revision number for resource d7a9d5d4-cebe-4dee-a263-65f07e8e938c (type: security_group_rules) to 0
2026-07-14 19:11:03.683 9 INFO neutron.db.ovn_revision_numbers_db [None req-9ab5117e-514b-424f-a4af-69b5465e5dc1 227155b99398426fb731aee650bc133e d2e4904e1d2e403dab2bcaa55b5c72e7 - - default default] Successfully bumped revision number for resource e1171061-a48d-467a-8c7b-d145559b8a42 (type: security_group_rules) to 0
2026-07-14 19:11:03.703 9 INFO neutron.db.ovn_revision_numbers_db [None req-9ab5117e-514b-424f-a4af-69b5465e5dc1 227155b99398426fb731aee650bc133e d2e4904e1d2e403dab2bcaa55b5c72e7 - - default default] Successfully bumped revision number for resource ed22aeb8-fb18-4816-9220-a7e94eea14ca (type: security_group_rules) to 0
2026-07-14 19:11:03.811 9 INFO neutron.db.segments_db [None req-9ab5117e-514b-424f-a4af-69b5465e5dc1 227155b99398426fb731aee650bc133e d2e4904e1d2e403dab2bcaa55b5c72e7 - - default default] Added segment ba99d7f9-2f53-4270-b470-6f807d5f7a2f of type geneve for network a4b60153-03fa-4af8-abdc-40670194b6f7
2026-07-14 19:11:03.956 9 INFO neutron.db.ovn_revision_numbers_db [None req-9ab5117e-514b-424f-a4af-69b5465e5dc1 227155b99398426fb731aee650bc133e d2e4904e1d2e403dab2bcaa55b5c72e7 - - default default] Successfully bumped revision number for resource a4b60153-03fa-4af8-abdc-40670194b6f7 (type: networks) to 1
2026-07-14 19:11:04.140 9 WARNING neutron.scheduler.dhcp_agent_scheduler [None req-9ab5117e-514b-424f-a4af-69b5465e5dc1 227155b99398426fb731aee650bc133e d2e4904e1d2e403dab2bcaa55b5c72e7 - - default default] No more DHCP agents
2026-07-14 19:11:04.142 9 WARNING neutron.api.rpc.agentnotifiers.dhcp_rpc_agent_api [None req-9ab5117e-514b-424f-a4af-69b5465e5dc1 227155b99398426fb731aee650bc133e d2e4904e1d2e403dab2bcaa55b5c72e7 - - default default] Unable to schedule network a4b60153-03fa-4af8-abdc-40670194b6f7: no agents available; will retry on subsequent port and subnet creation events.
2026-07-14 19:11:04.214 9 INFO neutron.db.ovn_revision_numbers_db [None req-9ab5117e-514b-424f-a4af-69b5465e5dc1 227155b99398426fb731aee650bc133e d2e4904e1d2e403dab2bcaa55b5c72e7 - - default default] Successfully bumped revision number for resource c90a8f80-6981-487e-8b6b-b3b767cd0502 (type: ports) to 1
2026-07-14 19:11:04.236 9 INFO neutron.api.wsgi [None req-9ab5117e-514b-424f-a4af-69b5465e5dc1 227155b99398426fb731aee650bc133e d2e4904e1d2e403dab2bcaa55b5c72e7 - - default default] 10.0.0.106 "POST /v2.0/networks HTTP/1.1" status: 201 len: 831 time: 1.0693350
2026-07-14 19:11:04.247 9 WARNING neutron_lib.context [None req-101a3ba4-7fd0-4ed9-9203-7816eb5f6cab 227155b99398426fb731aee650bc133e d2e4904e1d2e403dab2bcaa55b5c72e7 - - default default] Method 'is_advsvc' is deprecated since 2023.2 release (neutron-lib 3.8.0) and will be removed once support for the old RBAC API policies will be removed from Neutron. Please use method 'is_service_role' instead.
2026-07-14 19:11:04.556 8 INFO neutron.notifiers.nova [-] Nova event matching ['req-615a2b16-d394-43b6-8deb-146cc2ce9ea0'] response: {'server_uuid': '4c3110a2-ca62-4a18-b0e6-2e003fae5192', 'name': 'network-vif-plugged', 'status': 'completed', 'tag': '1a0b965f-c066-4f1f-beda-1ef6b8e13af9', 'code': 200}
2026-07-14 19:11:04.696 8 INFO neutron.api.wsgi [req-cd6f47f5-a5af-4517-a2dd-06e670044bc6 req-72fe2927-ac18-4b96-ac28-a07056bb31b9 b274158e5573491780fde5f77a218787 b8ad73b60205414fa7fc4e0eb9fc7dd6 - - default default] 10.0.0.241 "GET /v2.0/ports?device_id=4c3110a2-ca62-4a18-b0e6-2e003fae5192 HTTP/1.1" status: 200 len: 1174 time: 0.0365655
2026-07-14 19:11:04.722 9 WARNING neutron.scheduler.dhcp_agent_scheduler [None req-101a3ba4-7fd0-4ed9-9203-7816eb5f6cab 227155b99398426fb731aee650bc133e d2e4904e1d2e403dab2bcaa55b5c72e7 - - default default] No more DHCP agents
2026-07-14 19:11:04.724 9 WARNING neutron.api.rpc.agentnotifiers.dhcp_rpc_agent_api [None req-101a3ba4-7fd0-4ed9-9203-7816eb5f6cab 227155b99398426fb731aee650bc133e d2e4904e1d2e403dab2bcaa55b5c72e7 - - default default] Unable to schedule network 20039a72-e184-4592-8a6e-542253372dc2: no agents available; will retry on subsequent port and subnet creation events.
2026-07-14 19:11:04.747 8 INFO neutron.api.wsgi [req-cd6f47f5-a5af-4517-a2dd-06e670044bc6 req-9ff948ec-e934-421b-a7fc-76924c32985d b274158e5573491780fde5f77a218787 b8ad73b60205414fa7fc4e0eb9fc7dd6 - - default default] 10.0.0.241 "GET /v2.0/security-groups?id=265b595f-9233-4334-8a47-d19d5d810df4&fields=id&fields=name HTTP/1.1" status: 200 len: 286 time: 0.0474966
2026-07-14 19:11:04.900 9 INFO neutron.db.ovn_revision_numbers_db [None req-101a3ba4-7fd0-4ed9-9203-7816eb5f6cab 227155b99398426fb731aee650bc133e d2e4904e1d2e403dab2bcaa55b5c72e7 - - default default] Successfully bumped revision number for resource d703c4f5-ee76-4488-bb4e-7a5da69c6bfc (type: ports) to 1
2026-07-14 19:11:05.556 9 INFO neutron.plugins.ml2.drivers.ovn.mech_driver.ovsdb.commands [None req-3322a0e6-c68f-415d-a029-45a615ff93bd - - - - - -] Schedule LRP lrp-d703c4f5-ee76-4488-bb4e-7a5da69c6bfc on gateway 059861b6-8c47-47d7-b903-cc5656c1f4c3 with priority 1
2026-07-14 19:11:05.568 8 INFO neutron.plugins.ml2.drivers.ovn.mech_driver.mech_driver [None req-2d6eb086-7ee1-4d0f-a94e-5e8127726124 - - - - - -] OVN reports status up for port: d703c4f5-ee76-4488-bb4e-7a5da69c6bfc
2026-07-14 19:11:05.581 8 INFO neutron.plugins.ml2.plugin [None req-2d6eb086-7ee1-4d0f-a94e-5e8127726124 - - - - - -] Attempt 1 to provision port d703c4f5-ee76-4488-bb4e-7a5da69c6bfc
2026-07-14 19:11:05.595 8 INFO neutron.plugins.ml2.drivers.ovn.mech_driver.ovsdb.ovsdb_monitor [None req-56a481be-bb10-4ee5-91ac-006706c44584 - - - - - -] Router 05229787-3c9b-48fc-b8f6-3e0db4cbbfa2 is bound to host instance
2026-07-14 19:11:05.613 9 INFO neutron.db.ovn_revision_numbers_db [None req-101a3ba4-7fd0-4ed9-9203-7816eb5f6cab 227155b99398426fb731aee650bc133e d2e4904e1d2e403dab2bcaa55b5c72e7 - - default default] Successfully bumped revision number for resource d703c4f5-ee76-4488-bb4e-7a5da69c6bfc (type: router_ports) to 1
2026-07-14 19:11:05.705 9 INFO neutron.db.ovn_revision_numbers_db [None req-101a3ba4-7fd0-4ed9-9203-7816eb5f6cab 227155b99398426fb731aee650bc133e d2e4904e1d2e403dab2bcaa55b5c72e7 - - default default] Successfully bumped revision number for resource 05229787-3c9b-48fc-b8f6-3e0db4cbbfa2 (type: routers) to 2
2026-07-14 19:11:05.729 9 INFO neutron.api.wsgi [None req-101a3ba4-7fd0-4ed9-9203-7816eb5f6cab 227155b99398426fb731aee650bc133e d2e4904e1d2e403dab2bcaa55b5c72e7 - - default default] 10.0.0.106 "POST /v2.0/routers HTTP/1.1" status: 201 len: 1152 time: 1.4874544
2026-07-14 19:11:05.823 9 WARNING neutron_lib.context [None req-8ec4a594-ba35-4bbb-adde-014e08241025 16916e93eccf465899e9d6ef4cfdc7cf 6438b1515e4a4deb990ae23bc9c07951 - - default default] Method 'is_advsvc' is deprecated since 2023.2 release (neutron-lib 3.8.0) and will be removed once support for the old RBAC API policies will be removed from Neutron. Please use method 'is_service_role' instead.
2026-07-14 19:11:05.965 9 INFO neutron.api.wsgi [None req-1fe32f13-cd56-4514-9d71-fda5f7043bf4 9f7a2064ee4a40edb7d5049e8ffaced7 a7e831439db248338b23eb413e63a1d0 - - default default] 10.0.0.106 "GET /v2.0/subnets?project_id=d2e4904e1d2e403dab2bcaa55b5c72e7&cidr=10.100.0.0%2F28 HTTP/1.1" status: 200 len: 207 time: 0.2302401
2026-07-14 19:11:05.967 9 INFO neutron.db.ovn_revision_numbers_db [None req-8ec4a594-ba35-4bbb-adde-014e08241025 16916e93eccf465899e9d6ef4cfdc7cf 6438b1515e4a4deb990ae23bc9c07951 - - default default] Successfully bumped revision number for resource 5eeae864-60b9-4780-9fc4-e84f31bf93d2 (type: routers) to 1
2026-07-14 19:11:06.000 9 INFO neutron.api.wsgi [None req-8ec4a594-ba35-4bbb-adde-014e08241025 16916e93eccf465899e9d6ef4cfdc7cf 6438b1515e4a4deb990ae23bc9c07951 - - default default] 10.0.0.106 "POST /v2.0/routers HTTP/1.1" status: 201 len: 769 time: 0.3664308
2026-07-14 19:11:06.010 9 WARNING neutron_lib.context [None req-72c3cda0-b9b1-42ab-8437-9d6804ba029c 16916e93eccf465899e9d6ef4cfdc7cf 6438b1515e4a4deb990ae23bc9c07951 - - default default] Method 'is_advsvc' is deprecated since 2023.2 release (neutron-lib 3.8.0) and will be removed once support for the old RBAC API policies will be removed from Neutron. Please use method 'is_service_role' instead.
2026-07-14 19:11:06.045 9 INFO neutron.api.wsgi [None req-9b3dc711-c814-468f-a36e-c85d2b8bcc62 9f7a2064ee4a40edb7d5049e8ffaced7 a7e831439db248338b23eb413e63a1d0 - - default default] 10.0.0.106 "GET /v2.0/networks?router%3Aexternal=True HTTP/1.1" status: 200 len: 947 time: 0.0755470
2026-07-14 19:11:06.084 8 INFO neutron.api.wsgi [None req-9ebda0b2-5de6-49f4-a113-9c380712d96b 9f7a2064ee4a40edb7d5049e8ffaced7 a7e831439db248338b23eb413e63a1d0 - - default default] 10.0.0.106 "GET /v2.0/subnets?network_id=20039a72-e184-4592-8a6e-542253372dc2&cidr=10.100.0.0%2F28 HTTP/1.1" status: 200 len: 207 time: 0.0287669
2026-07-14 19:11:06.095 9 WARNING neutron_lib.context [None req-8b43b327-184f-43b4-9094-909f88ecda47 227155b99398426fb731aee650bc133e d2e4904e1d2e403dab2bcaa55b5c72e7 - - default default] Method 'is_advsvc' is deprecated since 2023.2 release (neutron-lib 3.8.0) and will be removed once support for the old RBAC API policies will be removed from Neutron. Please use method 'is_service_role' instead.
2026-07-14 19:11:06.143 9 INFO neutron.db.ovn_revision_numbers_db [None req-72c3cda0-b9b1-42ab-8437-9d6804ba029c 16916e93eccf465899e9d6ef4cfdc7cf 6438b1515e4a4deb990ae23bc9c07951 - - default default] Successfully bumped revision number for resource d2b83489-a85e-4b45-9303-c8ba69cc5198 (type: routers) to 1
2026-07-14 19:11:06.144 8 INFO neutron.db.ovn_revision_numbers_db [None req-558e1f6d-54a2-4e7f-b0cf-5552c3ec9fa5 - - - - - -] Successfully bumped revision number for resource d703c4f5-ee76-4488-bb4e-7a5da69c6bfc (type: ports) to 1
2026-07-14 19:11:06.167 9 INFO neutron.api.wsgi [None req-72c3cda0-b9b1-42ab-8437-9d6804ba029c 16916e93eccf465899e9d6ef4cfdc7cf 6438b1515e4a4deb990ae23bc9c07951 - - default default] 10.0.0.106 "POST /v2.0/routers HTTP/1.1" status: 201 len: 769 time: 0.1623549
2026-07-14 19:11:06.180 9 WARNING neutron_lib.context [None req-5829b161-09a8-44b2-91b4-d9c57c56cf61 16916e93eccf465899e9d6ef4cfdc7cf 6438b1515e4a4deb990ae23bc9c07951 - - default default] Method 'is_advsvc' is deprecated since 2023.2 release (neutron-lib 3.8.0) and will be removed once support for the old RBAC API policies will be removed from Neutron. Please use method 'is_service_role' instead.
2026-07-14 19:11:06.244 9 INFO neutron.api.wsgi [req-1237bff0-3ddb-45da-921e-33ec39ffeb75 req-de5552c6-86a1-475b-bb26-4165b86fd636 b274158e5573491780fde5f77a218787 b8ad73b60205414fa7fc4e0eb9fc7dd6 - - default default] 10.0.0.241 "GET /v2.0/ports?device_id=4c3110a2-ca62-4a18-b0e6-2e003fae5192 HTTP/1.1" status: 200 len: 1174 time: 0.1168272
2026-07-14 19:11:06.315 9 INFO neutron.api.wsgi [req-1237bff0-3ddb-45da-921e-33ec39ffeb75 req-65a09f2b-fbb3-425f-a184-133b8fe0bfd7 b274158e5573491780fde5f77a218787 b8ad73b60205414fa7fc4e0eb9fc7dd6 - - default default] 10.0.0.241 "GET /v2.0/security-groups?id=265b595f-9233-4334-8a47-d19d5d810df4&fields=id&fields=name HTTP/1.1" status: 200 len: 286 time: 0.0629468
2026-07-14 19:11:06.316 9 INFO neutron.db.ovn_revision_numbers_db [None req-5829b161-09a8-44b2-91b4-d9c57c56cf61 16916e93eccf465899e9d6ef4cfdc7cf 6438b1515e4a4deb990ae23bc9c07951 - - default default] Successfully bumped revision number for resource 909593f9-3121-407a-a209-e040e6b3616a (type: routers) to 1
2026-07-14 19:11:06.330 9 INFO neutron.api.wsgi [None req-5829b161-09a8-44b2-91b4-d9c57c56cf61 16916e93eccf465899e9d6ef4cfdc7cf 6438b1515e4a4deb990ae23bc9c07951 - - default default] 10.0.0.106 "POST /v2.0/routers HTTP/1.1" status: 201 len: 769 time: 0.1584103
2026-07-14 19:11:06.347 8 WARNING neutron_lib.context [None req-c447503c-af23-44ab-bbee-3c156e0a8aff 16916e93eccf465899e9d6ef4cfdc7cf 6438b1515e4a4deb990ae23bc9c07951 - - default default] Method 'is_advsvc' is deprecated since 2023.2 release (neutron-lib 3.8.0) and will be removed once support for the old RBAC API policies will be removed from Neutron. Please use method 'is_service_role' instead.
2026-07-14 19:11:06.371 9 WARNING neutron.scheduler.dhcp_agent_scheduler [None req-8b43b327-184f-43b4-9094-909f88ecda47 227155b99398426fb731aee650bc133e d2e4904e1d2e403dab2bcaa55b5c72e7 - - default default] No more DHCP agents
2026-07-14 19:11:06.375 9 WARNING neutron.api.rpc.agentnotifiers.dhcp_rpc_agent_api [None req-8b43b327-184f-43b4-9094-909f88ecda47 227155b99398426fb731aee650bc133e d2e4904e1d2e403dab2bcaa55b5c72e7 - - default default] Unable to schedule network a4b60153-03fa-4af8-abdc-40670194b6f7: no agents available; will retry on subsequent port and subnet creation events.
2026-07-14 19:11:06.497 8 INFO neutron.db.ovn_revision_numbers_db [None req-c447503c-af23-44ab-bbee-3c156e0a8aff 16916e93eccf465899e9d6ef4cfdc7cf 6438b1515e4a4deb990ae23bc9c07951 - - default default] Successfully bumped revision number for resource 68539a77-5bad-447c-aa4b-b49e90a0c0af (type: routers) to 1
2026-07-14 19:11:06.527 8 INFO neutron.api.wsgi [None req-c447503c-af23-44ab-bbee-3c156e0a8aff 16916e93eccf465899e9d6ef4cfdc7cf 6438b1515e4a4deb990ae23bc9c07951 - - default default] 10.0.0.106 "POST /v2.0/routers HTTP/1.1" status: 201 len: 769 time: 0.1888554
2026-07-14 19:11:06.540 9 WARNING neutron_lib.context [None req-556d3a91-1976-4978-b7f1-4eb22604c972 16916e93eccf465899e9d6ef4cfdc7cf 6438b1515e4a4deb990ae23bc9c07951 - - default default] Method 'is_advsvc' is deprecated since 2023.2 release (neutron-lib 3.8.0) and will be removed once support for the old RBAC API policies will be removed from Neutron. Please use method 'is_service_role' instead.
2026-07-14 19:11:06.577 8 INFO neutron.db.ovn_revision_numbers_db [None req-558e1f6d-54a2-4e7f-b0cf-5552c3ec9fa5 - - - - - -] Successfully bumped revision number for resource d703c4f5-ee76-4488-bb4e-7a5da69c6bfc (type: ports) to 4
2026-07-14 19:11:06.743 9 INFO neutron.db.ovn_revision_numbers_db [None req-556d3a91-1976-4978-b7f1-4eb22604c972 16916e93eccf465899e9d6ef4cfdc7cf 6438b1515e4a4deb990ae23bc9c07951 - - default default] Successfully bumped revision number for resource 5864f1e3-8899-4426-9231-dbcc1267523f (type: routers) to 1
2026-07-14 19:11:06.756 9 INFO neutron.api.wsgi [None req-556d3a91-1976-4978-b7f1-4eb22604c972 16916e93eccf465899e9d6ef4cfdc7cf 6438b1515e4a4deb990ae23bc9c07951 - - default default] 10.0.0.106 "POST /v2.0/routers HTTP/1.1" status: 201 len: 769 time: 0.2207501
2026-07-14 19:11:06.831 8 INFO neutron.api.wsgi [None req-dc03f9b1-51ee-45f8-bd9f-05186dfc51c8 16916e93eccf465899e9d6ef4cfdc7cf 6438b1515e4a4deb990ae23bc9c07951 - - default default] 10.0.0.106 "PUT /v2.0/routers/5eeae864-60b9-4780-9fc4-e84f31bf93d2/tags HTTP/1.1" status: 200 len: 210 time: 0.0699852
2026-07-14 19:11:06.890 9 INFO neutron.api.wsgi [None req-71535b9b-b852-4ecc-8fa5-8decc146abae 16916e93eccf465899e9d6ef4cfdc7cf 6438b1515e4a4deb990ae23bc9c07951 - - default default] 10.0.0.106 "PUT /v2.0/routers/d2b83489-a85e-4b45-9303-c8ba69cc5198/tags HTTP/1.1" status: 200 len: 218 time: 0.0536139
2026-07-14 19:11:06.952 9 INFO neutron.db.ovn_revision_numbers_db [None req-09cd44ba-ec01-4154-a415-ef9ecdd318f1 - - - - - -] Successfully bumped revision number for resource c90a8f80-6981-487e-8b6b-b3b767cd0502 (type: ports) to 2
2026-07-14 19:11:06.972 9 INFO neutron.api.wsgi [None req-1e377dd6-c7f1-4451-ab3f-c82cac747081 16916e93eccf465899e9d6ef4cfdc7cf 6438b1515e4a4deb990ae23bc9c07951 - - default default] 10.0.0.106 "PUT /v2.0/routers/909593f9-3121-407a-a209-e040e6b3616a/tags HTTP/1.1" status: 200 len: 227 time: 0.0766890
2026-07-14 19:11:06.991 9 INFO neutron.db.ovn_revision_numbers_db [None req-09cd44ba-ec01-4154-a415-ef9ecdd318f1 - - - - - -] Successfully bumped revision number for resource 2f30416e-221b-4dae-b753-a6c532e6bf8c (type: subnets) to 0
2026-07-14 19:11:07.011 9 INFO neutron.api.wsgi [None req-8b43b327-184f-43b4-9094-909f88ecda47 227155b99398426fb731aee650bc133e d2e4904e1d2e403dab2bcaa55b5c72e7 - - default default] 10.0.0.106 "POST /v2.0/subnets HTTP/1.1" status: 201 len: 855 time: 0.9217029
2026-07-14 19:11:07.014 8 INFO neutron.db.ovn_revision_numbers_db [None req-558e1f6d-54a2-4e7f-b0cf-5552c3ec9fa5 - - - - - -] Successfully bumped revision number for resource d703c4f5-ee76-4488-bb4e-7a5da69c6bfc (type: ports) to 5
2026-07-14 19:11:07.032 8 INFO neutron.api.wsgi [None req-6d668c06-17cd-41b3-8dfc-f894630c214e 16916e93eccf465899e9d6ef4cfdc7cf 6438b1515e4a4deb990ae23bc9c07951 - - default default] 10.0.0.106 "PUT /v2.0/routers/68539a77-5bad-447c-aa4b-b49e90a0c0af/tags HTTP/1.1" status: 200 len: 212 time: 0.0557215
2026-07-14 19:11:07.087 8 INFO neutron.api.wsgi [None req-929d5ec6-eb65-4bb5-b30a-9457e2da7c8a 16916e93eccf465899e9d6ef4cfdc7cf 6438b1515e4a4deb990ae23bc9c07951 - - default default] 10.0.0.106 "GET /v2.0/routers?tags=red HTTP/1.1" status: 200 len: 1946 time: 0.0492609
2026-07-14 19:11:07.162 8 INFO neutron.api.wsgi [None req-800ded50-216d-4277-b137-5b7ef4b12955 16916e93eccf465899e9d6ef4cfdc7cf 6438b1515e4a4deb990ae23bc9c07951 - - default default] 10.0.0.106 "GET /v2.0/routers?tags=red%2Cblue HTTP/1.1" status: 200 len: 1375 time: 0.0610070
2026-07-14 19:11:07.233 8 INFO neutron.api.wsgi [None req-6e601bef-a8af-4137-9951-4bc45ad10aea 16916e93eccf465899e9d6ef4cfdc7cf 6438b1515e4a4deb990ae23bc9c07951 - - default default] 10.0.0.106 "GET /v2.0/routers?tags-any=blue HTTP/1.1" status: 200 len: 1375 time: 0.0675564
2026-07-14 19:11:07.283 8 INFO neutron.api.wsgi [None req-03509b1f-0e80-4928-bb18-806a27fd030f 16916e93eccf465899e9d6ef4cfdc7cf 6438b1515e4a4deb990ae23bc9c07951 - - default default] 10.0.0.106 "GET /v2.0/routers?tags-any=red%2Cblue HTTP/1.1" status: 200 len: 1946 time: 0.0441144
2026-07-14 19:11:07.352 8 INFO neutron.api.wsgi [None req-c2ababe0-866a-433b-b296-c7d19b26aa38 16916e93eccf465899e9d6ef4cfdc7cf 6438b1515e4a4deb990ae23bc9c07951 - - default default] 10.0.0.106 "GET /v2.0/routers?not-tags=red HTTP/1.1" status: 200 len: 1347 time: 0.0642033
2026-07-14 19:11:07.431 9 INFO neutron.api.wsgi [None req-6a9bad09-78f5-482d-868a-6d6ad9a9ad26 16916e93eccf465899e9d6ef4cfdc7cf 6438b1515e4a4deb990ae23bc9c07951 - - default default] 10.0.0.106 "GET /v2.0/routers?not-tags=red%2Cblue HTTP/1.1" status: 200 len: 1918 time: 0.0675602
2026-07-14 19:11:07.440 9 INFO neutron.api.wsgi [-] 10.0.0.254 "GET / HTTP/1.1" status: 200 len: 246 time: 0.0013800
2026-07-14 19:11:07.442 9 INFO neutron.api.wsgi [-] 10.0.0.254 "GET / HTTP/1.1" status: 200 len: 246 time: 0.0013702
2026-07-14 19:11:07.468 8 INFO neutron.api.wsgi [req-86f6e6c5-7549-45ed-afb3-060890499d7c req-650e6e06-19ac-41ed-b6fd-81f86d2a54cc b274158e5573491780fde5f77a218787 b8ad73b60205414fa7fc4e0eb9fc7dd6 - - default default] 10.0.0.241 "GET /v2.0/ports?device_id=4c3110a2-ca62-4a18-b0e6-2e003fae5192 HTTP/1.1" status: 200 len: 1174 time: 0.0833843
2026-07-14 19:11:07.508 8 INFO neutron.api.wsgi [req-86f6e6c5-7549-45ed-afb3-060890499d7c req-b7583cfc-6fb3-460a-8173-7e115f486f56 b274158e5573491780fde5f77a218787 b8ad73b60205414fa7fc4e0eb9fc7dd6 - - default default] 10.0.0.241 "GET /v2.0/security-groups?id=265b595f-9233-4334-8a47-d19d5d810df4&fields=id&fields=name HTTP/1.1" status: 200 len: 286 time: 0.0330591
2026-07-14 19:11:07.516 9 INFO neutron.api.wsgi [None req-18d967d5-43a6-4cc4-9734-bba9abe6b53b 16916e93eccf465899e9d6ef4cfdc7cf 6438b1515e4a4deb990ae23bc9c07951 - - default default] 10.0.0.106 "GET /v2.0/routers?not-tags-any=blue HTTP/1.1" status: 200 len: 1918 time: 0.0775926
2026-07-14 19:11:07.578 9 INFO neutron.api.wsgi [None req-55d02679-3c08-4833-a685-0c20127fb3cf 16916e93eccf465899e9d6ef4cfdc7cf 6438b1515e4a4deb990ae23bc9c07951 - - default default] 10.0.0.106 "GET /v2.0/routers?not-tags-any=red%2Cblue HTTP/1.1" status: 200 len: 1347 time: 0.0579877
2026-07-14 19:11:07.623 8 INFO neutron.api.wsgi [None req-5e152b5f-1c50-436c-a1a3-5b99e9d2f482 16916e93eccf465899e9d6ef4cfdc7cf 6438b1515e4a4deb990ae23bc9c07951 - - default default] 10.0.0.106 "GET /v2.0/routers/5eeae864-60b9-4780-9fc4-e84f31bf93d2 HTTP/1.1" status: 200 len: 775 time: 0.0381088
2026-07-14 19:11:07.670 9 WARNING neutron.scheduler.dhcp_agent_scheduler [None req-6ee23d71-4b40-49fa-b5ce-7f598372c0b6 227155b99398426fb731aee650bc133e d2e4904e1d2e403dab2bcaa55b5c72e7 - - default default] No more DHCP agents
2026-07-14 19:11:07.672 9 WARNING neutron.api.rpc.agentnotifiers.dhcp_rpc_agent_api [None req-6ee23d71-4b40-49fa-b5ce-7f598372c0b6 227155b99398426fb731aee650bc133e d2e4904e1d2e403dab2bcaa55b5c72e7 - - default default] Unable to schedule network a4b60153-03fa-4af8-abdc-40670194b6f7: no agents available; will retry on subsequent port and subnet creation events.
2026-07-14 19:11:07.820 9 INFO neutron.db.ovn_revision_numbers_db [None req-6ee23d71-4b40-49fa-b5ce-7f598372c0b6 227155b99398426fb731aee650bc133e d2e4904e1d2e403dab2bcaa55b5c72e7 - - default default] Successfully bumped revision number for resource b74fc7d5-e686-4969-8aa7-602bf128cdff (type: ports) to 1
2026-07-14 19:11:07.921 8 INFO neutron.db.ovn_revision_numbers_db [None req-c9120772-3eca-4239-9714-2c25520d113d 16916e93eccf465899e9d6ef4cfdc7cf 6438b1515e4a4deb990ae23bc9c07951 - - default default] Successfully bumped revision number for resource 5eeae864-60b9-4780-9fc4-e84f31bf93d2 (type: routers) to 2
2026-07-14 19:11:07.923 9 INFO neutron.api.wsgi [req-1cf5e229-4af5-45c0-b027-7f8566d0d894 req-afd023a8-cfd3-48e9-a335-1cd699696710 b274158e5573491780fde5f77a218787 b8ad73b60205414fa7fc4e0eb9fc7dd6 - - default default] 199.19.213.166 "GET /v2.0/ports?device_id=4c3110a2-ca62-4a18-b0e6-2e003fae5192 HTTP/1.1" status: 200 len: 1174 time: 0.0434613
2026-07-14 19:11:07.928 8 INFO neutron.api.wsgi [None req-c9120772-3eca-4239-9714-2c25520d113d 16916e93eccf465899e9d6ef4cfdc7cf 6438b1515e4a4deb990ae23bc9c07951 - - default default] 10.0.0.106 "PUT /v2.0/routers/5eeae864-60b9-4780-9fc4-e84f31bf93d2 HTTP/1.1" status: 200 len: 775 time: 0.3011813
2026-07-14 19:11:07.951 8 INFO neutron.api.wsgi [None req-b81ce484-071e-47c6-adcd-0ce0c6862d0c 16916e93eccf465899e9d6ef4cfdc7cf 6438b1515e4a4deb990ae23bc9c07951 - - default default] 10.0.0.106 "GET /v2.0/ports?device_id=5eeae864-60b9-4780-9fc4-e84f31bf93d2 HTTP/1.1" status: 200 len: 205 time: 0.0161047
2026-07-14 19:11:08.106 8 INFO neutron.api.wsgi [None req-c983a855-6eec-4485-89c9-061d1a3e4f88 16916e93eccf465899e9d6ef4cfdc7cf 6438b1515e4a4deb990ae23bc9c07951 - - default default] 10.0.0.106 "DELETE /v2.0/routers/5eeae864-60b9-4780-9fc4-e84f31bf93d2 HTTP/1.1" status: 204 len: 168 time: 0.1514521
2026-07-14 19:11:08.148 8 INFO neutron.api.wsgi [None req-e20197ac-3a7a-473c-bc13-7845db6af4bd 16916e93eccf465899e9d6ef4cfdc7cf 6438b1515e4a4deb990ae23bc9c07951 - - default default] 10.0.0.106 "GET /v2.0/routers/d2b83489-a85e-4b45-9303-c8ba69cc5198 HTTP/1.1" status: 200 len: 783 time: 0.0336654
2026-07-14 19:11:08.277 9 INFO neutron.api.wsgi [req-1cf5e229-4af5-45c0-b027-7f8566d0d894 req-ac028531-24cd-4876-8138-6d3e69c6a85b b274158e5573491780fde5f77a218787 b8ad73b60205414fa7fc4e0eb9fc7dd6 - - default default] 199.19.213.166 "DELETE /v2.0/ports/1a0b965f-c066-4f1f-beda-1ef6b8e13af9 HTTP/1.1" status: 204 len: 173 time: 0.3501136
2026-07-14 19:11:08.312 9 INFO neutron.notifiers.nova [-] Nova event matching ['req-22602508-b2d4-4ad3-a0f6-39e3e90b60f3'] response: {'server_uuid': '4c3110a2-ca62-4a18-b0e6-2e003fae5192', 'name': 'network-vif-deleted', 'tag': '1a0b965f-c066-4f1f-beda-1ef6b8e13af9', 'status': 'completed', 'code': 200}
2026-07-14 19:11:08.426 8 INFO neutron.db.ovn_revision_numbers_db [None req-3700bb76-79f5-4307-ae64-a16ccdabdc4e 16916e93eccf465899e9d6ef4cfdc7cf 6438b1515e4a4deb990ae23bc9c07951 - - default default] Successfully bumped revision number for resource d2b83489-a85e-4b45-9303-c8ba69cc5198 (type: routers) to 2
2026-07-14 19:11:08.431 8 INFO neutron.api.wsgi [None req-3700bb76-79f5-4307-ae64-a16ccdabdc4e 16916e93eccf465899e9d6ef4cfdc7cf 6438b1515e4a4deb990ae23bc9c07951 - - default default] 10.0.0.106 "PUT /v2.0/routers/d2b83489-a85e-4b45-9303-c8ba69cc5198 HTTP/1.1" status: 200 len: 783 time: 0.2795210
2026-07-14 19:11:08.452 8 INFO neutron.api.wsgi [None req-b08ca6ce-1b87-496f-8b1b-9b7ddd3288c7 16916e93eccf465899e9d6ef4cfdc7cf 6438b1515e4a4deb990ae23bc9c07951 - - default default] 10.0.0.106 "GET /v2.0/ports?device_id=d2b83489-a85e-4b45-9303-c8ba69cc5198 HTTP/1.1" status: 200 len: 205 time: 0.0160131
2026-07-14 19:11:08.585 9 INFO neutron.db.ovn_revision_numbers_db [None req-6ee23d71-4b40-49fa-b5ce-7f598372c0b6 227155b99398426fb731aee650bc133e d2e4904e1d2e403dab2bcaa55b5c72e7 - - default default] Successfully bumped revision number for resource b74fc7d5-e686-4969-8aa7-602bf128cdff (type: ports) to 1
2026-07-14 19:11:08.662 9 WARNING neutron.scheduler.dhcp_agent_scheduler [None req-6ee23d71-4b40-49fa-b5ce-7f598372c0b6 227155b99398426fb731aee650bc133e d2e4904e1d2e403dab2bcaa55b5c72e7 - - default default] No more DHCP agents
2026-07-14 19:11:08.663 9 WARNING neutron.api.rpc.agentnotifiers.dhcp_rpc_agent_api [None req-6ee23d71-4b40-49fa-b5ce-7f598372c0b6 227155b99398426fb731aee650bc133e d2e4904e1d2e403dab2bcaa55b5c72e7 - - default default] Unable to schedule network a4b60153-03fa-4af8-abdc-40670194b6f7: no agents available; will retry on subsequent port and subnet creation events.
2026-07-14 19:11:08.905 8 INFO neutron.api.wsgi [req-b6756b82-86ba-4d44-86ed-3f9a27300b46 req-b09d593a-dda7-48e2-8ae2-3a883afe0439 b274158e5573491780fde5f77a218787 b8ad73b60205414fa7fc4e0eb9fc7dd6 - - default default] 10.0.0.241 "GET /v2.0/ports?device_id=4c3110a2-ca62-4a18-b0e6-2e003fae5192 HTTP/1.1" status: 200 len: 210 time: 0.3140156
2026-07-14 19:11:08.936 8 INFO neutron.plugins.ml2.drivers.ovn.mech_driver.mech_driver [None req-2d6eb086-7ee1-4d0f-a94e-5e8127726124 - - - - - -] OVN reports status down for port: 1a0b965f-c066-4f1f-beda-1ef6b8e13af9
2026-07-14 19:11:08.945 8 INFO neutron.plugins.ml2.drivers.ovn.mech_driver.mech_driver [None req-2d6eb086-7ee1-4d0f-a94e-5e8127726124 - - - - - -] OVN reports status up for port: b74fc7d5-e686-4969-8aa7-602bf128cdff
2026-07-14 19:11:08.953 8 INFO neutron.plugins.ml2.plugin [None req-2d6eb086-7ee1-4d0f-a94e-5e8127726124 - - - - - -] Attempt 1 to provision port b74fc7d5-e686-4969-8aa7-602bf128cdff
2026-07-14 19:11:08.964 8 INFO neutron.api.wsgi [None req-6fabafd3-ada8-407d-82cc-3283ceeaf1db 16916e93eccf465899e9d6ef4cfdc7cf 6438b1515e4a4deb990ae23bc9c07951 - - default default] 10.0.0.106 "DELETE /v2.0/routers/d2b83489-a85e-4b45-9303-c8ba69cc5198 HTTP/1.1" status: 204 len: 168 time: 0.5069828
2026-07-14 19:11:09.005 9 INFO neutron.api.wsgi [None req-32c93697-7ede-4ad1-be73-73f0935e2727 16916e93eccf465899e9d6ef4cfdc7cf 6438b1515e4a4deb990ae23bc9c07951 - - default default] 10.0.0.106 "GET /v2.0/routers/909593f9-3121-407a-a209-e040e6b3616a HTTP/1.1" status: 200 len: 792 time: 0.0343494
2026-07-14 19:11:09.099 9 INFO neutron.db.ovn_revision_numbers_db [None req-6ee23d71-4b40-49fa-b5ce-7f598372c0b6 227155b99398426fb731aee650bc133e d2e4904e1d2e403dab2bcaa55b5c72e7 - - default default] Successfully bumped revision number for resource b74fc7d5-e686-4969-8aa7-602bf128cdff (type: router_ports) to 1
2026-07-14 19:11:09.109 9 INFO neutron.api.wsgi [None req-6ee23d71-4b40-49fa-b5ce-7f598372c0b6 227155b99398426fb731aee650bc133e d2e4904e1d2e403dab2bcaa55b5c72e7 - - default default] 10.0.0.106 "PUT /v2.0/routers/05229787-3c9b-48fc-b8f6-3e0db4cbbfa2/add_router_interface HTTP/1.1" status: 200 len: 503 time: 2.0926828
2026-07-14 19:11:09.217 9 INFO neutron.api.wsgi [None req-c7ce6b60-e5f9-4425-84a0-e65815795f2e 9f7a2064ee4a40edb7d5049e8ffaced7 a7e831439db248338b23eb413e63a1d0 - - default default] 10.0.0.106 "GET /v2.0/networks HTTP/1.1" status: 200 len: 3871 time: 0.1034131
2026-07-14 19:11:09.250 8 INFO neutron.api.wsgi [None req-e33d9846-34a0-44f5-a369-8c4c50bc8f86 9f7a2064ee4a40edb7d5049e8ffaced7 a7e831439db248338b23eb413e63a1d0 - - default default] 10.0.0.106 "GET /v2.0/subnets HTTP/1.1" status: 200 len: 2845 time: 0.0282445
2026-07-14 19:11:09.353 8 INFO neutron.api.wsgi [None req-859b887d-70e3-4e4d-ae37-c6d3f21839c3 9f7a2064ee4a40edb7d5049e8ffaced7 a7e831439db248338b23eb413e63a1d0 - - default default] 10.0.0.106 "GET /v2.0/routers HTTP/1.1" status: 200 len: 3894 time: 0.0941908
2026-07-14 19:11:09.373 8 INFO neutron.db.ovn_revision_numbers_db [None req-2d6eb086-7ee1-4d0f-a94e-5e8127726124 - - - - - -] Successfully bumped revision number for resource b74fc7d5-e686-4969-8aa7-602bf128cdff (type: ports) to 2
2026-07-14 19:11:09.416 8 WARNING neutron_lib.context [None req-0120199d-c197-444d-afbb-3bc2c35e2785 227155b99398426fb731aee650bc133e d2e4904e1d2e403dab2bcaa55b5c72e7 - - default default] Method 'is_advsvc' is deprecated since 2023.2 release (neutron-lib 3.8.0) and will be removed once support for the old RBAC API policies will be removed from Neutron. Please use method 'is_service_role' instead.
2026-07-14 19:11:09.569 8 INFO neutron.db.ovn_revision_numbers_db [None req-0120199d-c197-444d-afbb-3bc2c35e2785 227155b99398426fb731aee650bc133e d2e4904e1d2e403dab2bcaa55b5c72e7 - - default default] Successfully bumped revision number for resource 570d00c6-df69-451a-916d-5f01c22fe89b (type: security_groups) to 1
2026-07-14 19:11:09.583 8 INFO neutron.db.ovn_revision_numbers_db [None req-0120199d-c197-444d-afbb-3bc2c35e2785 227155b99398426fb731aee650bc133e d2e4904e1d2e403dab2bcaa55b5c72e7 - - default default] Successfully bumped revision number for resource 878bf699-1e4e-42d1-8af5-06af52bea6fe (type: security_group_rules) to 0
2026-07-14 19:11:09.610 8 INFO neutron.db.ovn_revision_numbers_db [None req-0120199d-c197-444d-afbb-3bc2c35e2785 227155b99398426fb731aee650bc133e d2e4904e1d2e403dab2bcaa55b5c72e7 - - default default] Successfully bumped revision number for resource b66d478d-698f-484a-80ab-3aceef2d2ded (type: security_group_rules) to 0
2026-07-14 19:11:09.646 8 INFO neutron.api.wsgi [None req-0120199d-c197-444d-afbb-3bc2c35e2785 227155b99398426fb731aee650bc133e d2e4904e1d2e403dab2bcaa55b5c72e7 - - default default] 10.0.0.106 "POST /v2.0/security-groups HTTP/1.1" status: 201 len: 1875 time: 0.2382028
2026-07-14 19:11:09.655 8 WARNING neutron_lib.context [None req-1c748882-89c1-4571-9443-3aa94e81c968 227155b99398426fb731aee650bc133e d2e4904e1d2e403dab2bcaa55b5c72e7 - - default default] Method 'is_advsvc' is deprecated since 2023.2 release (neutron-lib 3.8.0) and will be removed once support for the old RBAC API policies will be removed from Neutron. Please use method 'is_service_role' instead.
2026-07-14 19:11:09.731 9 INFO neutron.db.ovn_revision_numbers_db [None req-258c8193-4de3-463b-b5a1-9af685bf7edc 16916e93eccf465899e9d6ef4cfdc7cf 6438b1515e4a4deb990ae23bc9c07951 - - default default] Successfully bumped revision number for resource 909593f9-3121-407a-a209-e040e6b3616a (type: routers) to 2
2026-07-14 19:11:09.739 9 INFO neutron.api.wsgi [None req-258c8193-4de3-463b-b5a1-9af685bf7edc 16916e93eccf465899e9d6ef4cfdc7cf 6438b1515e4a4deb990ae23bc9c07951 - - default default] 10.0.0.106 "PUT /v2.0/routers/909593f9-3121-407a-a209-e040e6b3616a HTTP/1.1" status: 200 len: 792 time: 0.7278991
2026-07-14 19:11:09.759 9 INFO neutron.api.wsgi [None req-b03ab71e-47a4-475b-9260-88809b7ebaa9 16916e93eccf465899e9d6ef4cfdc7cf 6438b1515e4a4deb990ae23bc9c07951 - - default default] 10.0.0.106 "GET /v2.0/ports?device_id=909593f9-3121-407a-a209-e040e6b3616a HTTP/1.1" status: 200 len: 205 time: 0.0160899
2026-07-14 19:11:09.793 8 INFO neutron.db.ovn_revision_numbers_db [None req-1c748882-89c1-4571-9443-3aa94e81c968 227155b99398426fb731aee650bc133e d2e4904e1d2e403dab2bcaa55b5c72e7 - - default default] Successfully bumped revision number for resource e9cdea44-79f5-47ad-854d-70f467ff9d20 (type: security_group_rules) to 0
2026-07-14 19:11:09.850 8 INFO neutron.api.wsgi [None req-1c748882-89c1-4571-9443-3aa94e81c968 227155b99398426fb731aee650bc133e d2e4904e1d2e403dab2bcaa55b5c72e7 - - default default] 10.0.0.106 "POST /v2.0/security-group-rules HTTP/1.1" status: 201 len: 796 time: 0.1982186
2026-07-14 19:11:09.860 9 WARNING neutron_lib.context [None req-349dec0a-85cc-4e69-a164-ccaf8f9dcffc 227155b99398426fb731aee650bc133e d2e4904e1d2e403dab2bcaa55b5c72e7 - - default default] Method 'is_advsvc' is deprecated since 2023.2 release (neutron-lib 3.8.0) and will be removed once support for the old RBAC API policies will be removed from Neutron. Please use method 'is_service_role' instead.
2026-07-14 19:11:09.945 8 INFO neutron.api.wsgi [None req-afb9a93e-81ef-48db-8a69-4614e1e1081d 16916e93eccf465899e9d6ef4cfdc7cf 6438b1515e4a4deb990ae23bc9c07951 - - default default] 10.0.0.106 "DELETE /v2.0/routers/909593f9-3121-407a-a209-e040e6b3616a HTTP/1.1" status: 204 len: 168 time: 0.1804864
2026-07-14 19:11:09.985 9 INFO neutron.db.ovn_revision_numbers_db [None req-349dec0a-85cc-4e69-a164-ccaf8f9dcffc 227155b99398426fb731aee650bc133e d2e4904e1d2e403dab2bcaa55b5c72e7 - - default default] Successfully bumped revision number for resource 55ca39c5-9a43-4c9a-abbe-0090b0c4186d (type: security_group_rules) to 0
2026-07-14 19:11:10.000 8 INFO neutron.api.wsgi [None req-aea72118-dd57-4310-9e23-dc6c09918194 16916e93eccf465899e9d6ef4cfdc7cf 6438b1515e4a4deb990ae23bc9c07951 - - default default] 10.0.0.106 "GET /v2.0/routers/68539a77-5bad-447c-aa4b-b49e90a0c0af HTTP/1.1" status: 200 len: 777 time: 0.0512729
2026-07-14 19:11:10.002 8 INFO neutron.api.wsgi [req-9eab6089-012e-4383-b9f6-ee49036e3f15 req-cfe8c740-3a3f-4686-a39b-44244bf2ada3 b274158e5573491780fde5f77a218787 b8ad73b60205414fa7fc4e0eb9fc7dd6 - - default default] 10.0.0.241 "GET /v2.0/ports?device_id=4c3110a2-ca62-4a18-b0e6-2e003fae5192 HTTP/1.1" status: 200 len: 210 time: 0.0343444
2026-07-14 19:11:10.033 9 INFO neutron.api.wsgi [None req-349dec0a-85cc-4e69-a164-ccaf8f9dcffc 227155b99398426fb731aee650bc133e d2e4904e1d2e403dab2bcaa55b5c72e7 - - default default] 10.0.0.106 "POST /v2.0/security-group-rules HTTP/1.1" status: 201 len: 795 time: 0.1782255
2026-07-14 19:11:10.043 9 WARNING neutron_lib.context [None req-308e52ea-9bd0-4514-b26c-5f0b76eb9e0e 227155b99398426fb731aee650bc133e d2e4904e1d2e403dab2bcaa55b5c72e7 - - default default] Method 'is_advsvc' is deprecated since 2023.2 release (neutron-lib 3.8.0) and will be removed once support for the old RBAC API policies will be removed from Neutron. Please use method 'is_service_role' instead.
2026-07-14 19:11:10.261 9 INFO neutron.db.ovn_revision_numbers_db [None req-308e52ea-9bd0-4514-b26c-5f0b76eb9e0e 227155b99398426fb731aee650bc133e d2e4904e1d2e403dab2bcaa55b5c72e7 - - default default] Successfully bumped revision number for resource 0106129b-4c00-4a6a-ad54-9cec32630c1e (type: security_group_rules) to 0
2026-07-14 19:11:10.337 9 INFO neutron.api.wsgi [None req-308e52ea-9bd0-4514-b26c-5f0b76eb9e0e 227155b99398426fb731aee650bc133e d2e4904e1d2e403dab2bcaa55b5c72e7 - - default default] 10.0.0.106 "POST /v2.0/security-group-rules HTTP/1.1" status: 201 len: 801 time: 0.2981331
2026-07-14 19:11:10.347 9 WARNING neutron_lib.context [None req-c6946d2a-c9cd-4846-a738-d54ed195136b 227155b99398426fb731aee650bc133e d2e4904e1d2e403dab2bcaa55b5c72e7 - - default default] Method 'is_advsvc' is deprecated since 2023.2 release (neutron-lib 3.8.0) and will be removed once support for the old RBAC API policies will be removed from Neutron. Please use method 'is_service_role' instead.
2026-07-14 19:11:10.355 9 INFO neutron.db.ovn_revision_numbers_db [None req-650c59f7-214b-4cbe-b8d6-a44e51f5acc6 16916e93eccf465899e9d6ef4cfdc7cf 6438b1515e4a4deb990ae23bc9c07951 - - default default] Successfully bumped revision number for resource 68539a77-5bad-447c-aa4b-b49e90a0c0af (type: routers) to 2
2026-07-14 19:11:10.362 9 INFO neutron.api.wsgi [None req-650c59f7-214b-4cbe-b8d6-a44e51f5acc6 16916e93eccf465899e9d6ef4cfdc7cf 6438b1515e4a4deb990ae23bc9c07951 - - default default] 10.0.0.106 "PUT /v2.0/routers/68539a77-5bad-447c-aa4b-b49e90a0c0af HTTP/1.1" status: 200 len: 777 time: 0.3565919
2026-07-14 19:11:10.389 8 INFO neutron.api.wsgi [None req-87080658-3df5-4ecc-8597-5689ad51b9e6 16916e93eccf465899e9d6ef4cfdc7cf 6438b1515e4a4deb990ae23bc9c07951 - - default default] 10.0.0.106 "GET /v2.0/ports?device_id=68539a77-5bad-447c-aa4b-b49e90a0c0af HTTP/1.1" status: 200 len: 205 time: 0.0212543
2026-07-14 19:11:10.493 9 INFO neutron.db.ovn_revision_numbers_db [None req-c6946d2a-c9cd-4846-a738-d54ed195136b 227155b99398426fb731aee650bc133e d2e4904e1d2e403dab2bcaa55b5c72e7 - - default default] Successfully bumped revision number for resource a9195f86-1f2a-41d8-9534-e75b282f44ac (type: security_group_rules) to 0
2026-07-14 19:11:10.534 9 INFO neutron.api.wsgi [None req-c6946d2a-c9cd-4846-a738-d54ed195136b 227155b99398426fb731aee650bc133e d2e4904e1d2e403dab2bcaa55b5c72e7 - - default default] 10.0.0.106 "POST /v2.0/security-group-rules HTTP/1.1" status: 201 len: 800 time: 0.1916721
2026-07-14 19:11:10.543 9 WARNING neutron_lib.context [None req-e750526f-a8f4-4ef7-b170-81939cc885d6 227155b99398426fb731aee650bc133e d2e4904e1d2e403dab2bcaa55b5c72e7 - - default default] Method 'is_advsvc' is deprecated since 2023.2 release (neutron-lib 3.8.0) and will be removed once support for the old RBAC API policies will be removed from Neutron. Please use method 'is_service_role' instead.
2026-07-14 19:11:10.582 9 INFO neutron.db.securitygroups_db [None req-e750526f-a8f4-4ef7-b170-81939cc885d6 227155b99398426fb731aee650bc133e d2e4904e1d2e403dab2bcaa55b5c72e7 - - default default] Project d2e4904e1d2e403dab2bcaa55b5c72e7 added a security group rule with legacy IPv6 ICMP protocol name icmp, ipv6-icmp should be used instead. It was automatically converted.
2026-07-14 19:11:10.595 8 INFO neutron.api.wsgi [None req-2d9d92e6-28cc-4e17-8a9d-100023572e32 16916e93eccf465899e9d6ef4cfdc7cf 6438b1515e4a4deb990ae23bc9c07951 - - default default] 10.0.0.106 "DELETE /v2.0/routers/68539a77-5bad-447c-aa4b-b49e90a0c0af HTTP/1.1" status: 204 len: 168 time: 0.2024076
2026-07-14 19:11:10.643 8 INFO neutron.api.wsgi [None req-3ac332c3-d734-4144-b979-ac0501c9e96e 16916e93eccf465899e9d6ef4cfdc7cf 6438b1515e4a4deb990ae23bc9c07951 - - default default] 10.0.0.106 "GET /v2.0/routers/5864f1e3-8899-4426-9231-dbcc1267523f HTTP/1.1" status: 200 len: 770 time: 0.0429060
2026-07-14 19:11:10.692 9 INFO neutron.db.ovn_revision_numbers_db [None req-e750526f-a8f4-4ef7-b170-81939cc885d6 227155b99398426fb731aee650bc133e d2e4904e1d2e403dab2bcaa55b5c72e7 - - default default] Successfully bumped revision number for resource 89e4291a-f353-49c3-afb8-2a79f12b9843 (type: security_group_rules) to 0
2026-07-14 19:11:10.727 9 INFO neutron.api.wsgi [None req-e750526f-a8f4-4ef7-b170-81939cc885d6 227155b99398426fb731aee650bc133e d2e4904e1d2e403dab2bcaa55b5c72e7 - - default default] 10.0.0.106 "POST /v2.0/security-group-rules HTTP/1.1" status: 201 len: 806 time: 0.1886182
2026-07-14 19:11:10.739 8 WARNING neutron_lib.context [None req-6a28de62-0f57-4413-89b3-7b3fd0a32e42 227155b99398426fb731aee650bc133e d2e4904e1d2e403dab2bcaa55b5c72e7 - - default default] Method 'is_advsvc' is deprecated since 2023.2 release (neutron-lib 3.8.0) and will be removed once support for the old RBAC API policies will be removed from Neutron. Please use method 'is_service_role' instead.
2026-07-14 19:11:10.828 8 INFO neutron.db.securitygroups_db [None req-6a28de62-0f57-4413-89b3-7b3fd0a32e42 227155b99398426fb731aee650bc133e d2e4904e1d2e403dab2bcaa55b5c72e7 - - default default] Project d2e4904e1d2e403dab2bcaa55b5c72e7 added a security group rule with legacy IPv6 ICMP protocol name icmp, ipv6-icmp should be used instead. It was automatically converted.
2026-07-14 19:11:10.999 8 INFO neutron.api.wsgi [None req-24911f5b-9404-4049-a497-c57118d04c50 16916e93eccf465899e9d6ef4cfdc7cf 6438b1515e4a4deb990ae23bc9c07951 - - default default] 10.0.0.106 "PUT /v2.0/routers/5864f1e3-8899-4426-9231-dbcc1267523f HTTP/1.1" status: 200 len: 770 time: 0.3505225
2026-07-14 19:11:11.021 8 INFO neutron.db.ovn_revision_numbers_db [None req-6a28de62-0f57-4413-89b3-7b3fd0a32e42 227155b99398426fb731aee650bc133e d2e4904e1d2e403dab2bcaa55b5c72e7 - - default default] Successfully bumped revision number for resource 61d730d7-a0d0-45f8-b649-1a595e93c7bf (type: security_group_rules) to 0
2026-07-14 19:11:11.022 9 INFO neutron.api.wsgi [None req-858108aa-4f39-4384-b14c-28456004ebb0 16916e93eccf465899e9d6ef4cfdc7cf 6438b1515e4a4deb990ae23bc9c07951 - - default default] 10.0.0.106 "GET /v2.0/ports?device_id=5864f1e3-8899-4426-9231-dbcc1267523f HTTP/1.1" status: 200 len: 205 time: 0.0181553
2026-07-14 19:11:11.063 8 INFO neutron.api.wsgi [None req-6a28de62-0f57-4413-89b3-7b3fd0a32e42 227155b99398426fb731aee650bc133e d2e4904e1d2e403dab2bcaa55b5c72e7 - - default default] 10.0.0.106 "POST /v2.0/security-group-rules HTTP/1.1" status: 201 len: 805 time: 0.3296926
2026-07-14 19:11:11.120 9 INFO neutron.api.wsgi [req-d6706651-2159-4631-b9ce-f53117e32c9d req-a2f468ed-7387-41bb-a0cb-710697bb1189 b274158e5573491780fde5f77a218787 b8ad73b60205414fa7fc4e0eb9fc7dd6 - - default default] 10.0.0.241 "GET /v2.0/ports?device_id=4c3110a2-ca62-4a18-b0e6-2e003fae5192 HTTP/1.1" status: 200 len: 210 time: 0.0320964
2026-07-14 19:11:11.244 9 INFO neutron.api.wsgi [None req-6a2e1903-9700-4ea0-9515-164be85b2a5e 16916e93eccf465899e9d6ef4cfdc7cf 6438b1515e4a4deb990ae23bc9c07951 - - default default] 10.0.0.106 "DELETE /v2.0/routers/5864f1e3-8899-4426-9231-dbcc1267523f HTTP/1.1" status: 204 len: 168 time: 0.2161179
2026-07-14 19:11:11.688 9 INFO neutron.api.wsgi [None req-89b42394-e1dd-4fea-9799-dcec27e49ff4 227155b99398426fb731aee650bc133e d2e4904e1d2e403dab2bcaa55b5c72e7 - - default default] 10.0.0.106 "GET /v2.0/networks HTTP/1.1" status: 200 len: 1492 time: 0.2581122
2026-07-14 19:11:11.788 8 INFO neutron.api.wsgi [req-824f2a3c-d9ce-4b40-a800-88485cdc7074 req-6356cc73-386d-4d74-8707-d6328225602d 227155b99398426fb731aee650bc133e d2e4904e1d2e403dab2bcaa55b5c72e7 - - default default] 10.0.0.241 "GET /v2.0/security-groups?name=tempest-secgroup-smoke-1641896963&fields=id&tenant_id=d2e4904e1d2e403dab2bcaa55b5c72e7 HTTP/1.1" status: 200 len: 267 time: 0.0369461
2026-07-14 19:11:11.842 8 INFO neutron.api.wsgi [req-824f2a3c-d9ce-4b40-a800-88485cdc7074 req-2aaacf50-9aba-4f77-9d49-e33d5bd2d681 227155b99398426fb731aee650bc133e d2e4904e1d2e403dab2bcaa55b5c72e7 - - default default] 10.0.0.241 "GET /v2.0/networks?id=a4b60153-03fa-4af8-abdc-40670194b6f7 HTTP/1.1" status: 200 len: 859 time: 0.0472260
2026-07-14 19:11:11.857 8 INFO neutron.api.wsgi [req-824f2a3c-d9ce-4b40-a800-88485cdc7074 req-b5f06dba-da50-4e18-92f3-308f898c5226 227155b99398426fb731aee650bc133e d2e4904e1d2e403dab2bcaa55b5c72e7 - - default default] 10.0.0.241 "GET /v2.0/quotas/d2e4904e1d2e403dab2bcaa55b5c72e7 HTTP/1.1" status: 200 len: 491 time: 0.0104973
2026-07-14 19:11:11.956 8 INFO neutron.api.wsgi [req-824f2a3c-d9ce-4b40-a800-88485cdc7074 req-8c93ec2c-3c4c-4491-b753-f9561232da85 227155b99398426fb731aee650bc133e d2e4904e1d2e403dab2bcaa55b5c72e7 - - default default] 10.0.0.241 "GET /v2.0/ports?tenant_id=d2e4904e1d2e403dab2bcaa55b5c72e7&fields=id HTTP/1.1" status: 200 len: 302 time: 0.0936701
2026-07-14 19:11:12.017 8 INFO neutron.api.wsgi [req-824f2a3c-d9ce-4b40-a800-88485cdc7074 req-f4de2ca2-50a7-42c2-bf60-0352b876ca1e 64cdc5d9c058421f86a927a38585db0a 1f755786a48d4d4ab0dfad4c8baccc73 - - a1d42b11def94b6da85a2b715b2d2bd9 a1d42b11def94b6da85a2b715b2d2bd9] 10.0.0.241 "GET /v2.0/networks/a4b60153-03fa-4af8-abdc-40670194b6f7?fields=segments HTTP/1.1" status: 200 len: 212 time: 0.0519426
2026-07-14 19:11:12.079 8 INFO neutron.api.wsgi [req-824f2a3c-d9ce-4b40-a800-88485cdc7074 req-7e4f5729-bdf5-41fd-b6f8-e1dc9ccfccd5 64cdc5d9c058421f86a927a38585db0a 1f755786a48d4d4ab0dfad4c8baccc73 - - a1d42b11def94b6da85a2b715b2d2bd9 a1d42b11def94b6da85a2b715b2d2bd9] 10.0.0.241 "GET /v2.0/networks/a4b60153-03fa-4af8-abdc-40670194b6f7?fields=provider%3Aphysical_network&fields=provider%3Anetwork_type HTTP/1.1" status: 200 len: 277 time: 0.0564628
2026-07-14 19:11:12.237 8 INFO neutron.api.wsgi [req-6b0cfeb2-b570-443d-9d67-5162829d9179 req-27c316dc-0b74-4ea3-98c4-0c80953023cf 227155b99398426fb731aee650bc133e d2e4904e1d2e403dab2bcaa55b5c72e7 - - default default] 10.0.0.241 "GET /v2.0/ports?device_id=17b7a642-826e-46c6-b6c9-f2c56d1cddf5 HTTP/1.1" status: 200 len: 210 time: 0.0184159
2026-07-14 19:11:12.425 9 INFO neutron.db.ovn_revision_numbers_db [None req-102fd93b-d546-4fc9-8128-99074d489ac3 d54ab789ab764360a301b092e529a1de 944992dde62c4080abe7a663032008a4 - - default default] Successfully bumped revision number for resource cb9b6709-1824-4dc7-a417-3b15f0769364 (type: security_groups) to 1
2026-07-14 19:11:12.441 9 INFO neutron.db.ovn_revision_numbers_db [None req-102fd93b-d546-4fc9-8128-99074d489ac3 d54ab789ab764360a301b092e529a1de 944992dde62c4080abe7a663032008a4 - - default default] Successfully bumped revision number for resource 75774b3f-ff76-419e-a018-c743095385ae (type: security_group_rules) to 0
2026-07-14 19:11:12.458 9 INFO neutron.db.ovn_revision_numbers_db [None req-102fd93b-d546-4fc9-8128-99074d489ac3 d54ab789ab764360a301b092e529a1de 944992dde62c4080abe7a663032008a4 - - default default] Successfully bumped revision number for resource 7da87210-02a8-4e82-8f94-fe569ff85eef (type: security_group_rules) to 0
2026-07-14 19:11:12.475 9 INFO neutron.db.ovn_revision_numbers_db [None req-102fd93b-d546-4fc9-8128-99074d489ac3 d54ab789ab764360a301b092e529a1de 944992dde62c4080abe7a663032008a4 - - default default] Successfully bumped revision number for resource 9c381ca4-e299-4411-a493-9378849404c0 (type: security_group_rules) to 0
2026-07-14 19:11:12.493 9 INFO neutron.db.ovn_revision_numbers_db [None req-102fd93b-d546-4fc9-8128-99074d489ac3 d54ab789ab764360a301b092e529a1de 944992dde62c4080abe7a663032008a4 - - default default] Successfully bumped revision number for resource c3fb4501-45fb-4337-b31a-6c894225b5ac (type: security_group_rules) to 0
2026-07-14 19:11:12.544 9 INFO neutron.api.wsgi [None req-102fd93b-d546-4fc9-8128-99074d489ac3 d54ab789ab764360a301b092e529a1de 944992dde62c4080abe7a663032008a4 - - default default] 10.0.0.106 "GET /v2.0/security-groups?tenant_id=09c59cd113d04be2958a3bc9cbf73587&name=default HTTP/1.1" status: 200 len: 3120 time: 0.4277356
2026-07-14 19:11:12.812 9 INFO neutron.api.wsgi [None req-0d9f7015-41c6-4dc5-8131-dc7d08e60b24 d54ab789ab764360a301b092e529a1de 944992dde62c4080abe7a663032008a4 - - default default] 10.0.0.106 "DELETE /v2.0/security-groups/cb9b6709-1824-4dc7-a417-3b15f0769364 HTTP/1.1" status: 204 len: 168 time: 0.2571707
2026-07-14 19:11:13.037 8 INFO neutron.db.ovn_revision_numbers_db [None req-0b124925-5991-4d50-9938-cf0a378447b1 d54ab789ab764360a301b092e529a1de 944992dde62c4080abe7a663032008a4 - - default default] Successfully bumped revision number for resource b27071b7-dbee-4907-bc38-7cd6cf3b3751 (type: security_groups) to 1
2026-07-14 19:11:13.051 8 INFO neutron.db.ovn_revision_numbers_db [None req-0b124925-5991-4d50-9938-cf0a378447b1 d54ab789ab764360a301b092e529a1de 944992dde62c4080abe7a663032008a4 - - default default] Successfully bumped revision number for resource 462d3654-2432-4d4b-921a-5995ce248fd2 (type: security_group_rules) to 0
