2026-07-14 19:09:05.094 9 INFO neutron.api.wsgi [None req-e609c3f1-cc42-4a6d-b600-ab441c04ebd0 f88e3f1731764497bf53a5e48a90182d 2dce6959baa94b31835c6f624cf59343 - - default default] 10.0.0.106 "GET /v2.0/extensions/fip-port-details HTTP/1.1" status: 200 len: 406 time: 0.0046434
2026-07-14 19:09:05.105 9 INFO neutron.api.wsgi [None req-b245c816-2552-476c-891e-db4e233f886c f88e3f1731764497bf53a5e48a90182d 2dce6959baa94b31835c6f624cf59343 - - default default] 10.0.0.106 "GET /v2.0/extensions/flavors HTTP/1.1" status: 200 len: 387 time: 0.0043924
2026-07-14 19:09:05.117 8 INFO neutron.api.wsgi [None req-94643612-1377-4013-ac52-82d571aa5a21 f88e3f1731764497bf53a5e48a90182d 2dce6959baa94b31835c6f624cf59343 - - default default] 10.0.0.106 "GET /v2.0/extensions/floatingip-pools HTTP/1.1" status: 200 len: 382 time: 0.0060761
2026-07-14 19:09:05.126 8 INFO neutron.api.wsgi [None req-4044dac7-0974-4118-868e-841830d3dd63 f88e3f1731764497bf53a5e48a90182d 2dce6959baa94b31835c6f624cf59343 - - default default] 10.0.0.106 "GET /v2.0/extensions/ip_allocation HTTP/1.1" status: 200 len: 356 time: 0.0037243
2026-07-14 19:09:05.135 8 INFO neutron.api.wsgi [None req-f68db9ea-2327-4419-be05-eb24d8bf5156 f88e3f1731764497bf53a5e48a90182d 2dce6959baa94b31835c6f624cf59343 - - default default] 10.0.0.106 "GET /v2.0/extensions/l2_adjacency HTTP/1.1" status: 200 len: 372 time: 0.0047996
2026-07-14 19:09:05.143 8 INFO neutron.api.wsgi [None req-703b998d-8248-44c3-b86f-a75e2a467dd2 f88e3f1731764497bf53a5e48a90182d 2dce6959baa94b31835c6f624cf59343 - - default default] 10.0.0.106 "GET /v2.0/extensions/router HTTP/1.1" status: 200 len: 450 time: 0.0036507
2026-07-14 19:09:05.153 8 INFO neutron.api.wsgi [None req-4e94636f-ccf0-4d28-901a-f70f88bded63 f88e3f1731764497bf53a5e48a90182d 2dce6959baa94b31835c6f624cf59343 - - default default] 10.0.0.106 "GET /v2.0/extensions/enable-default-route-bfd HTTP/1.1" status: 200 len: 406 time: 0.0049281
2026-07-14 19:09:05.158 9 INFO neutron.api.wsgi [req-9d181dda-888f-4587-8224-736c6e01fcf1 req-4f3cb135-7b4f-4e89-975d-7865ec44ba25 94ea6d417f564dffa34915abd56be69b 33339e4e82ee476baef19944edad50ea - - default default] 10.0.0.241 "GET /v2.0/ports?device_id=4c4d91fa-d048-407b-a1d0-50982407d71b HTTP/1.1" status: 200 len: 210 time: 0.0173352
2026-07-14 19:09:05.162 8 INFO neutron.api.wsgi [None req-3778e461-12ef-4ea3-b8b9-59393c3f4dae f88e3f1731764497bf53a5e48a90182d 2dce6959baa94b31835c6f624cf59343 - - default default] 10.0.0.106 "GET /v2.0/extensions/enable-default-route-ecmp HTTP/1.1" status: 200 len: 409 time: 0.0044627
2026-07-14 19:09:05.172 8 INFO neutron.api.wsgi [None req-096366e3-6421-4e9d-9615-727c78b27cfd f88e3f1731764497bf53a5e48a90182d 2dce6959baa94b31835c6f624cf59343 - - default default] 10.0.0.106 "GET /v2.0/extensions/ext-gw-mode HTTP/1.1" status: 200 len: 462 time: 0.0061655
2026-07-14 19:09:05.181 9 INFO neutron.api.wsgi [None req-d75b8228-92b3-49ee-b7fd-0c56b7a4a9a7 f88e3f1731764497bf53a5e48a90182d 2dce6959baa94b31835c6f624cf59343 - - default default] 10.0.0.106 "GET /v2.0/extensions/l3-ha HTTP/1.1" status: 200 len: 360 time: 0.0046847
2026-07-14 19:09:05.181 8 INFO neutron.api.wsgi [None req-ee27cbcb-95a6-4545-899c-910af5aad804 d54ab789ab764360a301b092e529a1de 944992dde62c4080abe7a663032008a4 - - default default] 10.0.0.106 "DELETE /v2.0/subnets/ab6c566d-5493-4389-82f0-fc7617a4ea9b HTTP/1.1" status: 204 len: 168 time: 0.2251544
2026-07-14 19:09:05.191 8 INFO neutron.api.wsgi [None req-7e53f13f-13a0-4cbd-9e7d-ee5991cfcd07 f88e3f1731764497bf53a5e48a90182d 2dce6959baa94b31835c6f624cf59343 - - default default] 10.0.0.106 "GET /v2.0/extensions/external-gateway-multihoming HTTP/1.1" status: 200 len: 421 time: 0.0054657
2026-07-14 19:09:05.201 9 INFO neutron.api.wsgi [None req-d62410dc-daea-4937-a260-774f9e6f629c f88e3f1731764497bf53a5e48a90182d 2dce6959baa94b31835c6f624cf59343 - - default default] 10.0.0.106 "GET /v2.0/extensions/l3-flavors HTTP/1.1" status: 200 len: 366 time: 0.0044634
2026-07-14 19:09:05.215 8 INFO neutron.api.wsgi [None req-68b18d41-ea5d-4371-9ae4-308c0f1da8be f88e3f1731764497bf53a5e48a90182d 2dce6959baa94b31835c6f624cf59343 - - default default] 10.0.0.106 "GET /v2.0/extensions/logging HTTP/1.1" status: 200 len: 407 time: 0.0080209
2026-07-14 19:09:05.225 8 INFO neutron.api.wsgi [None req-44ccf639-74ba-4e60-8f94-a870a8dedbae f88e3f1731764497bf53a5e48a90182d 2dce6959baa94b31835c6f624cf59343 - - default default] 10.0.0.106 "GET /v2.0/extensions/multi-provider HTTP/1.1" status: 200 len: 406 time: 0.0045726
2026-07-14 19:09:05.233 8 INFO neutron.api.wsgi [None req-ef13cd6d-d664-4bf4-a961-9f7709930c95 f88e3f1731764497bf53a5e48a90182d 2dce6959baa94b31835c6f624cf59343 - - default default] 10.0.0.106 "GET /v2.0/extensions/net-mtu HTTP/1.1" status: 200 len: 370 time: 0.0035548
2026-07-14 19:09:05.240 8 INFO neutron.api.wsgi [None req-800dee76-eb91-433e-9f57-341c05d061e4 f88e3f1731764497bf53a5e48a90182d 2dce6959baa94b31835c6f624cf59343 - - default default] 10.0.0.106 "GET /v2.0/extensions/net-mtu-writable HTTP/1.1" status: 200 len: 401 time: 0.0037048
2026-07-14 19:09:05.254 9 INFO neutron.api.wsgi [None req-712983be-abd5-45ac-b367-9d22363a31ec f88e3f1731764497bf53a5e48a90182d 2dce6959baa94b31835c6f624cf59343 - - default default] 10.0.0.106 "GET /v2.0/extensions/network_availability_zone HTTP/1.1" status: 200 len: 394 time: 0.0095463
2026-07-14 19:09:05.268 9 INFO neutron.api.wsgi [None req-68d146f0-87bf-4bcb-8f56-7ca7870a5cba f88e3f1731764497bf53a5e48a90182d 2dce6959baa94b31835c6f624cf59343 - - default default] 10.0.0.106 "GET /v2.0/extensions/network-ip-availability HTTP/1.1" status: 200 len: 410 time: 0.0068872
2026-07-14 19:09:05.280 8 INFO neutron.api.wsgi [None req-b280b572-e4bd-4666-8e17-2590cc51c8f5 f88e3f1731764497bf53a5e48a90182d 2dce6959baa94b31835c6f624cf59343 - - default default] 10.0.0.106 "GET /v2.0/extensions/pagination HTTP/1.1" status: 200 len: 386 time: 0.0083942
2026-07-14 19:09:05.289 8 INFO neutron.api.wsgi [None req-cd0843c1-4008-47dc-9b6c-d2eb5be6de5a f88e3f1731764497bf53a5e48a90182d 2dce6959baa94b31835c6f624cf59343 - - default default] 10.0.0.106 "GET /v2.0/extensions/port-device-profile HTTP/1.1" status: 200 len: 383 time: 0.0041072
2026-07-14 19:09:05.298 8 INFO neutron.api.wsgi [None req-d5a9f6ff-1977-4d63-945a-6043aebbb97f f88e3f1731764497bf53a5e48a90182d 2dce6959baa94b31835c6f624cf59343 - - default default] 10.0.0.106 "GET /v2.0/extensions/port-mac-address-regenerate HTTP/1.1" status: 200 len: 403 time: 0.0043914
2026-07-14 19:09:05.311 8 INFO neutron.api.wsgi [None req-152025ca-023d-4bfc-996e-6cdc84a3d630 f88e3f1731764497bf53a5e48a90182d 2dce6959baa94b31835c6f624cf59343 - - default default] 10.0.0.106 "GET /v2.0/extensions/port-numa-affinity-policy HTTP/1.1" status: 200 len: 392 time: 0.0067749
2026-07-14 19:09:05.324 9 INFO neutron.api.wsgi [None req-4a5dee7e-fd30-4f69-8d55-9ea43865cfda f88e3f1731764497bf53a5e48a90182d 2dce6959baa94b31835c6f624cf59343 - - default default] 10.0.0.106 "GET /v2.0/extensions/port-numa-affinity-policy-socket HTTP/1.1" status: 200 len: 434 time: 0.0073457
2026-07-14 19:09:05.332 9 INFO neutron.api.wsgi [None req-88caf246-50fc-4248-a28b-db3ba6480a88 f88e3f1731764497bf53a5e48a90182d 2dce6959baa94b31835c6f624cf59343 - - default default] 10.0.0.106 "GET /v2.0/extensions/port-resource-request HTTP/1.1" status: 200 len: 379 time: 0.0030203
2026-07-14 19:09:05.341 9 INFO neutron.api.wsgi [None req-acd1ef27-dfde-4597-82d9-f32519f13d9e f88e3f1731764497bf53a5e48a90182d 2dce6959baa94b31835c6f624cf59343 - - default default] 10.0.0.106 "GET /v2.0/extensions/port-resource-request-groups HTTP/1.1" status: 200 len: 465 time: 0.0038767
2026-07-14 19:09:05.351 9 INFO neutron.api.wsgi [None req-ba568c45-670b-497b-a191-2640b1ea59c8 f88e3f1731764497bf53a5e48a90182d 2dce6959baa94b31835c6f624cf59343 - - default default] 10.0.0.106 "GET /v2.0/extensions/binding HTTP/1.1" status: 200 len: 387 time: 0.0043495
2026-07-14 19:09:05.359 9 INFO neutron.api.wsgi [None req-c417bb8f-a96d-449a-b148-c837ce0c0983 f88e3f1731764497bf53a5e48a90182d 2dce6959baa94b31835c6f624cf59343 - - default default] 10.0.0.106 "GET /v2.0/extensions/binding-extended HTTP/1.1" status: 200 len: 406 time: 0.0037193
2026-07-14 19:09:05.367 9 INFO neutron.api.wsgi [None req-d182ee92-0a57-4ff2-82c3-caee2debaf9a f88e3f1731764497bf53a5e48a90182d 2dce6959baa94b31835c6f624cf59343 - - default default] 10.0.0.106 "GET /v2.0/extensions/port-security HTTP/1.1" status: 200 len: 354 time: 0.0042255
2026-07-14 19:09:05.377 9 INFO neutron.api.wsgi [None req-4d1f3b3a-e7e1-4b03-9b8c-f4628a598314 f88e3f1731764497bf53a5e48a90182d 2dce6959baa94b31835c6f624cf59343 - - default default] 10.0.0.106 "GET /v2.0/extensions/project-id HTTP/1.1" status: 200 len: 398 time: 0.0047910
2026-07-14 19:09:05.385 9 INFO neutron.api.wsgi [None req-2f83cc31-e1c3-4982-b394-efac0c9a3cd3 f88e3f1731764497bf53a5e48a90182d 2dce6959baa94b31835c6f624cf59343 - - default default] 10.0.0.106 "GET /v2.0/extensions/provider HTTP/1.1" status: 200 len: 385 time: 0.0046568
2026-07-14 19:09:05.393 9 INFO neutron.api.wsgi [None req-f3ada878-0381-4f18-96db-da005aee4fd0 f88e3f1731764497bf53a5e48a90182d 2dce6959baa94b31835c6f624cf59343 - - default default] 10.0.0.106 "GET /v2.0/extensions/qos HTTP/1.1" status: 200 len: 360 time: 0.0040140
2026-07-14 19:09:05.401 9 INFO neutron.api.wsgi [None req-478c9e40-ab18-44d6-bda0-5584d2f80dff f88e3f1731764497bf53a5e48a90182d 2dce6959baa94b31835c6f624cf59343 - - default default] 10.0.0.106 "GET /v2.0/extensions/qos-bw-limit-direction HTTP/1.1" status: 200 len: 452 time: 0.0039551
2026-07-14 19:09:05.412 9 INFO neutron.api.wsgi [None req-374cf48b-7a68-4385-b600-7fd8a4f73ccc f88e3f1731764497bf53a5e48a90182d 2dce6959baa94b31835c6f624cf59343 - - default default] 10.0.0.106 "GET /v2.0/extensions/qos-bw-minimum-ingress HTTP/1.1" status: 200 len: 445 time: 0.0059822
2026-07-14 19:09:05.420 9 INFO neutron.api.wsgi [None req-59bb85c6-f0c6-4fee-9da2-c0111bc5da83 f88e3f1731764497bf53a5e48a90182d 2dce6959baa94b31835c6f624cf59343 - - default default] 10.0.0.106 "GET /v2.0/extensions/qos-default HTTP/1.1" status: 200 len: 377 time: 0.0034287
2026-07-14 19:09:05.429 8 INFO neutron.api.wsgi [None req-32f71d41-d0e7-42f9-882f-9976efb2ce93 f88e3f1731764497bf53a5e48a90182d 2dce6959baa94b31835c6f624cf59343 - - default default] 10.0.0.106 "GET /v2.0/extensions/qos-fip HTTP/1.1" status: 200 len: 372 time: 0.0053904
2026-07-14 19:09:05.438 8 INFO neutron.api.wsgi [None req-3a28d187-c8d7-4bd3-951f-edd78b2f87f0 f88e3f1731764497bf53a5e48a90182d 2dce6959baa94b31835c6f624cf59343 - - default default] 10.0.0.106 "GET /v2.0/extensions/qos-gateway-ip HTTP/1.1" status: 200 len: 391 time: 0.0045810
2026-07-14 19:09:05.451 8 INFO neutron.api.wsgi [None req-b7c1d736-5ee8-418b-8ff3-fd6e6229ecb7 f88e3f1731764497bf53a5e48a90182d 2dce6959baa94b31835c6f624cf59343 - - default default] 10.0.0.106 "GET /v2.0/extensions/qos-port-network-policy HTTP/1.1" status: 200 len: 403 time: 0.0087633
2026-07-14 19:09:05.460 8 INFO neutron.api.wsgi [None req-8c2e9a9a-983d-4095-837f-37a2074e4f99 f88e3f1731764497bf53a5e48a90182d 2dce6959baa94b31835c6f624cf59343 - - default default] 10.0.0.106 "GET /v2.0/extensions/qos-pps-minimum HTTP/1.1" status: 200 len: 397 time: 0.0033970
2026-07-14 19:09:05.470 8 INFO neutron.api.wsgi [None req-7936916a-8403-4882-9d1d-9bbdc29d51e7 f88e3f1731764497bf53a5e48a90182d 2dce6959baa94b31835c6f624cf59343 - - default default] 10.0.0.106 "GET /v2.0/extensions/qos-pps-minimum-rule-alias HTTP/1.1" status: 200 len: 471 time: 0.0060265
2026-07-14 19:09:05.480 8 INFO neutron.api.wsgi [None req-9594f5ba-0780-4b77-a621-421652b32287 f88e3f1731764497bf53a5e48a90182d 2dce6959baa94b31835c6f624cf59343 - - default default] 10.0.0.106 "GET /v2.0/extensions/qos-pps HTTP/1.1" status: 200 len: 389 time: 0.0049529
2026-07-14 19:09:05.495 8 INFO neutron.api.wsgi [None req-57336950-2d2d-4635-b8b1-2c1c0f09efe8 f88e3f1731764497bf53a5e48a90182d 2dce6959baa94b31835c6f624cf59343 - - default default] 10.0.0.106 "GET /v2.0/extensions/qos-rule-type-details HTTP/1.1" status: 200 len: 423 time: 0.0094314
2026-07-14 19:09:05.507 8 INFO neutron.api.wsgi [None req-677fdbb6-c31f-4214-8b8c-315b194a007f f88e3f1731764497bf53a5e48a90182d 2dce6959baa94b31835c6f624cf59343 - - default default] 10.0.0.106 "GET /v2.0/extensions/qos-rule-type-filter HTTP/1.1" status: 200 len: 567 time: 0.0059261
2026-07-14 19:09:05.509 9 INFO neutron.api.wsgi [req-1f4561fa-073e-47de-8455-d2e9312bc5bc req-9e45a9ab-c12f-42af-97f8-f32f7bdf816d 117d0fbf84e14137a7770834a6e8f6ac 8ac5237dca0a463e95304f76c84231fb - - default default] 10.0.0.241 "GET /v2.0/ports?device_id=08633adb-d37c-4fc6-af93-8bba662a6ae0 HTTP/1.1" status: 200 len: 1174 time: 0.0777967
2026-07-14 19:09:05.516 9 INFO neutron.api.wsgi [None req-e5cc8e4e-2c93-40e1-a605-e60bb059e4b9 f88e3f1731764497bf53a5e48a90182d 2dce6959baa94b31835c6f624cf59343 - - default default] 10.0.0.106 "GET /v2.0/extensions/qos-rules-alias HTTP/1.1" status: 200 len: 448 time: 0.0041113
2026-07-14 19:09:05.526 9 INFO neutron.api.wsgi [None req-16e2a59d-3574-4861-9cfd-c493115b57df f88e3f1731764497bf53a5e48a90182d 2dce6959baa94b31835c6f624cf59343 - - default default] 10.0.0.106 "GET /v2.0/extensions/quota-check-limit HTTP/1.1" status: 200 len: 420 time: 0.0046825
2026-07-14 19:09:05.535 9 INFO neutron.api.wsgi [None req-e4de7215-fda4-4a6c-a099-ffcc702c9183 f88e3f1731764497bf53a5e48a90182d 2dce6959baa94b31835c6f624cf59343 - - default default] 10.0.0.106 "GET /v2.0/extensions/quotas HTTP/1.1" status: 200 len: 386 time: 0.0036318
2026-07-14 19:09:05.547 8 INFO neutron.api.wsgi [None req-befa7fef-ca9f-496a-80dd-117562a4a867 f88e3f1731764497bf53a5e48a90182d 2dce6959baa94b31835c6f624cf59343 - - default default] 10.0.0.106 "GET /v2.0/extensions/quota_details HTTP/1.1" status: 200 len: 407 time: 0.0056593
2026-07-14 19:09:05.557 9 INFO neutron.api.wsgi [None req-343f028d-bd5a-493c-b4ee-e92ac3ea1bdd f88e3f1731764497bf53a5e48a90182d 2dce6959baa94b31835c6f624cf59343 - - default default] 10.0.0.106 "GET /v2.0/extensions/rbac-policies HTTP/1.1" status: 200 len: 417 time: 0.0046089
2026-07-14 19:09:05.560 9 INFO neutron.api.wsgi [req-1f4561fa-073e-47de-8455-d2e9312bc5bc req-a1d78434-0e98-40a8-8d06-789912b23ab8 117d0fbf84e14137a7770834a6e8f6ac 8ac5237dca0a463e95304f76c84231fb - - default default] 10.0.0.241 "GET /v2.0/security-groups?id=5e2b5b37-0f56-4d6e-b456-9b68d43f5a2b&fields=id&fields=name HTTP/1.1" status: 200 len: 312 time: 0.0433445
2026-07-14 19:09:05.568 8 INFO neutron.api.wsgi [None req-ae8622bb-0037-49b5-ad5f-32821efc132e f88e3f1731764497bf53a5e48a90182d 2dce6959baa94b31835c6f624cf59343 - - default default] 10.0.0.106 "GET /v2.0/extensions/rbac-address-scope HTTP/1.1" status: 200 len: 384 time: 0.0077574
2026-07-14 19:09:05.578 9 INFO neutron.api.wsgi [None req-32da9ab6-4538-46ac-9992-874c62e9fd63 f88e3f1731764497bf53a5e48a90182d 2dce6959baa94b31835c6f624cf59343 - - default default] 10.0.0.106 "GET /v2.0/extensions/rbac-security-groups HTTP/1.1" status: 200 len: 404 time: 0.0043783
2026-07-14 19:09:05.587 9 INFO neutron.api.wsgi [None req-20ae99cf-1386-49e2-bf9f-70226562204f f88e3f1731764497bf53a5e48a90182d 2dce6959baa94b31835c6f624cf59343 - - default default] 10.0.0.106 "GET /v2.0/extensions/revision-if-match HTTP/1.1" status: 200 len: 441 time: 0.0050719
2026-07-14 19:09:05.597 8 INFO neutron.api.wsgi [None req-b15783f1-0829-4c65-b5c6-f77a746001cc f88e3f1731764497bf53a5e48a90182d 2dce6959baa94b31835c6f624cf59343 - - default default] 10.0.0.106 "GET /v2.0/extensions/standard-attr-revisions HTTP/1.1" status: 200 len: 423 time: 0.0056684
2026-07-14 19:09:05.606 9 INFO neutron.api.wsgi [None req-b7bb3bad-896b-4f4d-86cf-177cf7d74d1a f88e3f1731764497bf53a5e48a90182d 2dce6959baa94b31835c6f624cf59343 - - default default] 10.0.0.106 "GET /v2.0/extensions/router_availability_zone HTTP/1.1" status: 200 len: 391 time: 0.0042424
2026-07-14 19:09:05.615 9 INFO neutron.api.wsgi [None req-c4349891-c25d-4b26-b1ae-491f8ce9fd1c f88e3f1731764497bf53a5e48a90182d 2dce6959baa94b31835c6f624cf59343 - - default default] 10.0.0.106 "GET /v2.0/extensions/security-groups-default-rules HTTP/1.1" status: 200 len: 456 time: 0.0055006
2026-07-14 19:09:05.626 9 INFO neutron.api.wsgi [None req-247a2cf5-8e51-4e89-b0c9-d1dd1a23b887 f88e3f1731764497bf53a5e48a90182d 2dce6959baa94b31835c6f624cf59343 - - default default] 10.0.0.106 "GET /v2.0/extensions/security-groups-normalized-cidr HTTP/1.1" status: 200 len: 445 time: 0.0055821
2026-07-14 19:09:05.638 9 INFO neutron.api.wsgi [None req-f1698736-0fb4-42a6-8dd8-a66bc4311e2e f88e3f1731764497bf53a5e48a90182d 2dce6959baa94b31835c6f624cf59343 - - default default] 10.0.0.106 "GET /v2.0/extensions/security-groups-remote-address-group HTTP/1.1" status: 200 len: 448 time: 0.0048556
2026-07-14 19:09:05.639 8 INFO neutron.services.segments.plugin [-] Segment d9e7a016-bd33-493f-a95a-96936ec93f75 resource provider aggregate not found
2026-07-14 19:09:05.645 8 INFO neutron.services.segments.plugin [-] Segment d9e7a016-bd33-493f-a95a-96936ec93f75 resource provider aggregate not found
2026-07-14 19:09:05.648 9 INFO neutron.api.wsgi [None req-f31af3c6-0c64-4e17-9719-1a096f093dc0 f88e3f1731764497bf53a5e48a90182d 2dce6959baa94b31835c6f624cf59343 - - default default] 10.0.0.106 "GET /v2.0/extensions/security-groups-rules-belongs-to-default-sg HTTP/1.1" status: 200 len: 508 time: 0.0046256
2026-07-14 19:09:05.658 9 INFO neutron.api.wsgi [None req-8dc5a009-936c-4281-b286-e11327f86233 f88e3f1731764497bf53a5e48a90182d 2dce6959baa94b31835c6f624cf59343 - - default default] 10.0.0.106 "GET /v2.0/extensions/security-groups-shared-filtering HTTP/1.1" status: 200 len: 435 time: 0.0052588
2026-07-14 19:09:05.660 8 INFO neutron.services.segments.plugin [-] Segment d9e7a016-bd33-493f-a95a-96936ec93f75 resource provider not found; error: Placement Client Error (4xx): {"errors": [{"status": 404, "title": "Not Found", "detail": "The resource could not be found.\n\n No resource provider with uuid d9e7a016-bd33-493f-a95a-96936ec93f75 found for delete ", "request_id": "req-b356da6c-f6bf-4787-861e-77350eff470d"}]}
2026-07-14 19:09:05.667 9 INFO neutron.api.wsgi [None req-c9b1e29a-8d5e-45c0-b0aa-13b2dde9b800 f88e3f1731764497bf53a5e48a90182d 2dce6959baa94b31835c6f624cf59343 - - default default] 10.0.0.106 "GET /v2.0/extensions/security-group HTTP/1.1" status: 200 len: 364 time: 0.0046928
2026-07-14 19:09:05.670 8 INFO neutron.services.segments.plugin [-] Segment d9e7a016-bd33-493f-a95a-96936ec93f75 resource provider not found; error: Placement Client Error (4xx): {"errors": [{"status": 404, "title": "Not Found", "detail": "The resource could not be found.\n\n No resource provider with uuid d9e7a016-bd33-493f-a95a-96936ec93f75 found for delete ", "request_id": "req-b9173c4a-bdd7-4b65-8828-d71cebacf1bd"}]}
2026-07-14 19:09:05.676 9 INFO neutron.api.wsgi [None req-8dca048e-9649-4d8c-a7c8-402b3fd619db f88e3f1731764497bf53a5e48a90182d 2dce6959baa94b31835c6f624cf59343 - - default default] 10.0.0.106 "GET /v2.0/extensions/segment HTTP/1.1" status: 200 len: 339 time: 0.0045447
2026-07-14 19:09:05.684 9 INFO neutron.api.wsgi [None req-79a00574-6545-4be6-aaf3-22bd15a1663b f88e3f1731764497bf53a5e48a90182d 2dce6959baa94b31835c6f624cf59343 - - default default] 10.0.0.106 "GET /v2.0/extensions/segments-peer-subnet-host-routes HTTP/1.1" status: 200 len: 427 time: 0.0043886
2026-07-14 19:09:05.696 9 INFO neutron.api.wsgi [None req-4b4e6176-5b8d-4ec6-a6de-3ca000d8fd2e f88e3f1731764497bf53a5e48a90182d 2dce6959baa94b31835c6f624cf59343 - - default default] 10.0.0.106 "GET /v2.0/extensions/service-type HTTP/1.1" status: 200 len: 415 time: 0.0050592
2026-07-14 19:09:05.698 8 INFO neutron.api.wsgi [None req-c94bc684-1fe4-47c8-9f4d-ff2a5563f15a d54ab789ab764360a301b092e529a1de 944992dde62c4080abe7a663032008a4 - - default default] 10.0.0.106 "DELETE /v2.0/networks/3f26ca63-b2d2-4ecb-ac93-0bd0377e544a HTTP/1.1" status: 204 len: 168 time: 0.5109293
2026-07-14 19:09:05.709 9 INFO neutron.api.wsgi [None req-15ef2053-276a-4373-8fef-b1ecc9f72e36 f88e3f1731764497bf53a5e48a90182d 2dce6959baa94b31835c6f624cf59343 - - default default] 10.0.0.106 "GET /v2.0/extensions/sorting HTTP/1.1" status: 200 len: 377 time: 0.0044851
2026-07-14 19:09:05.718 9 INFO neutron.api.wsgi [None req-e9ea857f-e82c-4521-84fb-4273447f66eb f88e3f1731764497bf53a5e48a90182d 2dce6959baa94b31835c6f624cf59343 - - default default] 10.0.0.106 "GET /v2.0/extensions/standard-attr-segment HTTP/1.1" status: 200 len: 406 time: 0.0049498
2026-07-14 19:09:05.727 9 INFO neutron.api.wsgi [None req-76c005d4-052d-407f-9e15-bda2df66507c f88e3f1731764497bf53a5e48a90182d 2dce6959baa94b31835c6f624cf59343 - - default default] 10.0.0.106 "GET /v2.0/extensions/standard-attr-description HTTP/1.1" status: 200 len: 408 time: 0.0046830
2026-07-14 19:09:05.735 9 INFO neutron.api.wsgi [None req-652e86c2-5dd2-409a-ac87-75a0b78d87c5 f88e3f1731764497bf53a5e48a90182d 2dce6959baa94b31835c6f624cf59343 - - default default] 10.0.0.106 "GET /v2.0/extensions/stateful-security-group HTTP/1.1" status: 200 len: 402 time: 0.0048378
2026-07-14 19:09:05.743 8 INFO neutron.api.wsgi [req-392de349-18a4-4edd-8c9f-61b1fb15b39d req-ac01da85-4d57-4ffb-bf35-c473df63a874 117d0fbf84e14137a7770834a6e8f6ac 8ac5237dca0a463e95304f76c84231fb - - default default] 10.0.0.241 "GET /v2.0/ports?device_id=08633adb-d37c-4fc6-af93-8bba662a6ae0 HTTP/1.1" status: 200 len: 1174 time: 0.1055133
2026-07-14 19:09:05.749 9 INFO neutron.api.wsgi [None req-25402383-7886-498c-9209-f96641a231e5 f88e3f1731764497bf53a5e48a90182d 2dce6959baa94b31835c6f624cf59343 - - default default] 10.0.0.106 "GET /v2.0/extensions/subnet-dns-publish-fixed-ip HTTP/1.1" status: 200 len: 421 time: 0.0070674
2026-07-14 19:09:05.761 9 INFO neutron.api.wsgi [None req-9b70ebed-f506-42b7-ab5a-c8067621be86 f88e3f1731764497bf53a5e48a90182d 2dce6959baa94b31835c6f624cf59343 - - default default] 10.0.0.106 "GET /v2.0/extensions/subnet-external-network HTTP/1.1" status: 200 len: 418 time: 0.0051174
2026-07-14 19:09:05.771 9 INFO neutron.api.wsgi [None req-0d664656-8e22-4b7b-b97a-1c28b0bbbb2e f88e3f1731764497bf53a5e48a90182d 2dce6959baa94b31835c6f624cf59343 - - default default] 10.0.0.106 "GET /v2.0/extensions/subnet-segmentid-writable HTTP/1.1" status: 200 len: 421 time: 0.0052185
2026-07-14 19:09:05.780 9 INFO neutron.api.wsgi [None req-e2e34bc8-edd5-4af1-b1e0-28ecc66d5749 f88e3f1731764497bf53a5e48a90182d 2dce6959baa94b31835c6f624cf59343 - - default default] 10.0.0.106 "GET /v2.0/extensions/subnet-service-types HTTP/1.1" status: 200 len: 400 time: 0.0050211
2026-07-14 19:09:05.788 8 INFO neutron.api.wsgi [None req-83685928-b08a-4509-9daf-4236f019b93b f88e3f1731764497bf53a5e48a90182d 2dce6959baa94b31835c6f624cf59343 - - default default] 10.0.0.106 "GET /v2.0/extensions/subnet_allocation HTTP/1.1" status: 200 len: 388 time: 0.0046315
2026-07-14 19:09:05.796 8 INFO neutron.api.wsgi [None req-d31545f2-4411-4096-bf9a-278c0aa83093 f88e3f1731764497bf53a5e48a90182d 2dce6959baa94b31835c6f624cf59343 - - default default] 10.0.0.106 "GET /v2.0/extensions/subnetpool-prefix-ops HTTP/1.1" status: 200 len: 418 time: 0.0043261
2026-07-14 19:09:05.801 8 INFO neutron.api.wsgi [req-392de349-18a4-4edd-8c9f-61b1fb15b39d req-cb02cc15-af8b-42b8-922b-b0b252f91110 117d0fbf84e14137a7770834a6e8f6ac 8ac5237dca0a463e95304f76c84231fb - - default default] 10.0.0.241 "GET /v2.0/security-groups?id=5e2b5b37-0f56-4d6e-b456-9b68d43f5a2b&fields=id&fields=name HTTP/1.1" status: 200 len: 312 time: 0.0534067
2026-07-14 19:09:05.807 9 INFO neutron.api.wsgi [None req-b11a6ad9-2e96-403b-acad-c4a9d59c75f2 f88e3f1731764497bf53a5e48a90182d 2dce6959baa94b31835c6f624cf59343 - - default default] 10.0.0.106 "GET /v2.0/extensions/tag-creation HTTP/1.1" status: 200 len: 384 time: 0.0048158
2026-07-14 19:09:05.818 9 INFO neutron.api.wsgi [None req-9be26dee-07b7-4b6c-9445-827dee3f294d f88e3f1731764497bf53a5e48a90182d 2dce6959baa94b31835c6f624cf59343 - - default default] 10.0.0.106 "GET /v2.0/extensions/standard-attr-tag HTTP/1.1" status: 200 len: 537 time: 0.0047853
2026-07-14 19:09:05.828 9 INFO neutron.api.wsgi [None req-0140e2a4-ce05-4ab0-b228-7b727c4068d5 f88e3f1731764497bf53a5e48a90182d 2dce6959baa94b31835c6f624cf59343 - - default default] 10.0.0.106 "GET /v2.0/extensions/standard-attr-timestamp HTTP/1.1" status: 200 len: 449 time: 0.0058985
2026-07-14 19:09:05.838 9 INFO neutron.api.wsgi [None req-a1bc591e-a334-4388-88c4-ed3c83169a91 f88e3f1731764497bf53a5e48a90182d 2dce6959baa94b31835c6f624cf59343 - - default default] 10.0.0.106 "GET /v2.0/extensions/trunk HTTP/1.1" status: 200 len: 358 time: 0.0061927
2026-07-14 19:09:05.846 9 INFO neutron.api.wsgi [None req-242a1121-d7b4-4134-81cc-61459e38c320 f88e3f1731764497bf53a5e48a90182d 2dce6959baa94b31835c6f624cf59343 - - default default] 10.0.0.106 "GET /v2.0/extensions/trunk-details HTTP/1.1" status: 200 len: 362 time: 0.0044017
2026-07-14 19:09:05.855 9 INFO neutron.api.wsgi [None req-f69600b8-2334-4cce-8d01-06b3a3439e3e f88e3f1731764497bf53a5e48a90182d 2dce6959baa94b31835c6f624cf59343 - - default default] 10.0.0.106 "GET /v2.0/extensions/vpn-agent-scheduler HTTP/1.1" status: 200 len: 393 time: 0.0048759
2026-07-14 19:09:05.866 8 INFO neutron.api.wsgi [None req-858c1674-d739-479d-9e22-e355a6d31569 f88e3f1731764497bf53a5e48a90182d 2dce6959baa94b31835c6f624cf59343 - - default default] 10.0.0.106 "GET /v2.0/extensions/vpn-endpoint-groups HTTP/1.1" status: 200 len: 371 time: 0.0068507
2026-07-14 19:09:05.877 8 INFO neutron.api.wsgi [None req-7256fa3b-637a-41e2-be9d-cd22fe13888a f88e3f1731764497bf53a5e48a90182d 2dce6959baa94b31835c6f624cf59343 - - default default] 10.0.0.106 "GET /v2.0/extensions/vpn-flavors HTTP/1.1" status: 200 len: 376 time: 0.0073361
2026-07-14 19:09:05.885 8 INFO neutron.api.wsgi [None req-51955100-743d-4ec4-ad07-bdb4f19a7bd2 f88e3f1731764497bf53a5e48a90182d 2dce6959baa94b31835c6f624cf59343 - - default default] 10.0.0.106 "GET /v2.0/extensions/vpnaas HTTP/1.1" status: 200 len: 348 time: 0.0044677
2026-07-14 19:09:05.900 9 INFO neutron.api.wsgi [None req-0962b7be-b2a0-42c8-b2eb-f824b89279e9 d54ab789ab764360a301b092e529a1de 944992dde62c4080abe7a663032008a4 - - default default] 10.0.0.106 "GET /v2.0/security-groups?tenant_id=2ec08f6d76ee48e280994b0e09fafa65&name=default HTTP/1.1" status: 200 len: 3120 time: 0.0374045
2026-07-14 19:09:06.148 9 INFO neutron.api.wsgi [None req-32e344f7-128b-4cbb-a8ae-1f32c7474fd0 d54ab789ab764360a301b092e529a1de 944992dde62c4080abe7a663032008a4 - - default default] 10.0.0.106 "DELETE /v2.0/security-groups/532bb1c5-a147-45d7-931c-52c09cc7167d HTTP/1.1" status: 204 len: 168 time: 0.2421370
2026-07-14 19:09:06.198 8 INFO neutron.api.wsgi [req-db3dc4cf-bd17-4230-9a2e-ceeb555a8974 req-a94bbb78-37d6-4550-9c90-166742945a8a 117d0fbf84e14137a7770834a6e8f6ac 8ac5237dca0a463e95304f76c84231fb - - default default] 10.0.0.241 "GET /v2.0/ports?device_id=08633adb-d37c-4fc6-af93-8bba662a6ae0 HTTP/1.1" status: 200 len: 1174 time: 0.0339260
2026-07-14 19:09:06.254 9 INFO neutron.api.wsgi [req-f3321a82-2118-46a8-8acb-c1fc0573e8ed req-14e6ab7e-7101-4b8a-8095-dce06922cc51 94ea6d417f564dffa34915abd56be69b 33339e4e82ee476baef19944edad50ea - - default default] 10.0.0.241 "GET /v2.0/ports?device_id=4c4d91fa-d048-407b-a1d0-50982407d71b HTTP/1.1" status: 200 len: 210 time: 0.0237200
2026-07-14 19:09:06.261 8 INFO neutron.api.wsgi [req-db3dc4cf-bd17-4230-9a2e-ceeb555a8974 req-c74e3bc5-57a3-4cb8-b04a-a9f2e8458bea 117d0fbf84e14137a7770834a6e8f6ac 8ac5237dca0a463e95304f76c84231fb - - default default] 10.0.0.241 "GET /v2.0/security-groups?id=5e2b5b37-0f56-4d6e-b456-9b68d43f5a2b&fields=id&fields=name HTTP/1.1" status: 200 len: 312 time: 0.0564239
2026-07-14 19:09:06.712 9 INFO neutron.db.ovn_revision_numbers_db [None req-aeadcf40-ee3b-4593-95fb-24cfac70aeac d54ab789ab764360a301b092e529a1de 944992dde62c4080abe7a663032008a4 - - default default] Successfully bumped revision number for resource a9b31e88-6d28-4560-b111-5dd674e2381d (type: security_groups) to 1
2026-07-14 19:09:06.724 9 INFO neutron.db.ovn_revision_numbers_db [None req-aeadcf40-ee3b-4593-95fb-24cfac70aeac d54ab789ab764360a301b092e529a1de 944992dde62c4080abe7a663032008a4 - - default default] Successfully bumped revision number for resource 021d94b6-7135-4a7e-92f1-b4ae25c0f47e (type: security_group_rules) to 0
2026-07-14 19:09:06.737 9 INFO neutron.db.ovn_revision_numbers_db [None req-aeadcf40-ee3b-4593-95fb-24cfac70aeac d54ab789ab764360a301b092e529a1de 944992dde62c4080abe7a663032008a4 - - default default] Successfully bumped revision number for resource 1841737c-4067-42d2-97bd-d6cdc871466f (type: security_group_rules) to 0
2026-07-14 19:09:06.749 9 INFO neutron.db.ovn_revision_numbers_db [None req-aeadcf40-ee3b-4593-95fb-24cfac70aeac d54ab789ab764360a301b092e529a1de 944992dde62c4080abe7a663032008a4 - - default default] Successfully bumped revision number for resource a6c3f50b-b5b8-4d9c-9fb8-69724e1efe85 (type: security_group_rules) to 0
2026-07-14 19:09:06.761 9 INFO neutron.db.ovn_revision_numbers_db [None req-aeadcf40-ee3b-4593-95fb-24cfac70aeac d54ab789ab764360a301b092e529a1de 944992dde62c4080abe7a663032008a4 - - default default] Successfully bumped revision number for resource c2451d6a-b759-4a19-8a9d-56c3e68ac5c8 (type: security_group_rules) to 0
2026-07-14 19:09:06.834 9 INFO neutron.api.wsgi [None req-aeadcf40-ee3b-4593-95fb-24cfac70aeac d54ab789ab764360a301b092e529a1de 944992dde62c4080abe7a663032008a4 - - default default] 10.0.0.106 "GET /v2.0/security-groups?tenant_id=2dce6959baa94b31835c6f624cf59343&name=default HTTP/1.1" status: 200 len: 3120 time: 0.4105644
2026-07-14 19:09:07.070 9 WARNING neutron.plugins.ml2.drivers.ovn.mech_driver.ovsdb.ovn_client [None req-3c6bdcf3-bcc8-4b7e-a239-ed497146a108 - - - - - -] No hosting information found for port e74e20f1-01d0-4a9a-a233-0c64d61a5636: RuntimeError: No hosting information found for port e74e20f1-01d0-4a9a-a233-0c64d61a5636
2026-07-14 19:09:07.094 9 INFO neutron.api.wsgi [None req-38c0d16d-5e24-4ca5-bea2-8a0b60547016 d54ab789ab764360a301b092e529a1de 944992dde62c4080abe7a663032008a4 - - default default] 10.0.0.106 "DELETE /v2.0/security-groups/a9b31e88-6d28-4560-b111-5dd674e2381d HTTP/1.1" status: 204 len: 168 time: 0.2542589
2026-07-14 19:09:07.148 9 INFO neutron.db.ovn_revision_numbers_db [None req-3c6bdcf3-bcc8-4b7e-a239-ed497146a108 - - - - - -] Successfully bumped revision number for resource e74e20f1-01d0-4a9a-a233-0c64d61a5636 (type: router_ports) to 2
2026-07-14 19:09:07.356 9 INFO neutron.api.wsgi [req-6a916ab7-309b-4859-9f42-91203200fe62 req-ed80f25b-2e8d-4988-a0d1-361e89c6e5bd 94ea6d417f564dffa34915abd56be69b 33339e4e82ee476baef19944edad50ea - - default default] 10.0.0.241 "GET /v2.0/ports?device_id=4c4d91fa-d048-407b-a1d0-50982407d71b HTTP/1.1" status: 200 len: 210 time: 0.0219665
2026-07-14 19:09:07.376 8 INFO neutron.api.wsgi [req-3edd0952-3196-45a8-a250-90034638cfac req-baa007b9-9d10-498d-b3e2-7431448bb85e 117d0fbf84e14137a7770834a6e8f6ac 8ac5237dca0a463e95304f76c84231fb - - default default] 10.0.0.241 "GET /v2.0/ports?device_id=08633adb-d37c-4fc6-af93-8bba662a6ae0 HTTP/1.1" status: 200 len: 1174 time: 0.0538566
2026-07-14 19:09:07.426 8 INFO neutron.api.wsgi [req-3edd0952-3196-45a8-a250-90034638cfac req-6676f3de-617e-44df-9dac-db2f632514b4 117d0fbf84e14137a7770834a6e8f6ac 8ac5237dca0a463e95304f76c84231fb - - default default] 10.0.0.241 "GET /v2.0/security-groups?id=5e2b5b37-0f56-4d6e-b456-9b68d43f5a2b&fields=id&fields=name HTTP/1.1" status: 200 len: 312 time: 0.0433307
2026-07-14 19:09:07.441 9 INFO neutron.api.wsgi [-] 10.0.0.254 "GET / HTTP/1.1" status: 200 len: 246 time: 0.0020063
2026-07-14 19:09:07.443 9 INFO neutron.api.wsgi [-] 10.0.0.254 "GET / HTTP/1.1" status: 200 len: 246 time: 0.0013306
2026-07-14 19:09:07.715 9 INFO neutron.api.wsgi [req-7087eed5-ae69-4db5-8311-80b9295f65d7 req-29974cff-bce4-4d4d-93ec-56e383ed9fdb 64cdc5d9c058421f86a927a38585db0a 1f755786a48d4d4ab0dfad4c8baccc73 - - a1d42b11def94b6da85a2b715b2d2bd9 a1d42b11def94b6da85a2b715b2d2bd9] 199.19.213.166 "GET /v2.0/ports?tenant_id=8ac5237dca0a463e95304f76c84231fb&device_id=08633adb-d37c-4fc6-af93-8bba662a6ae0 HTTP/1.1" status: 200 len: 1413 time: 0.0445955
2026-07-14 19:09:08.080 9 INFO neutron.api.wsgi [req-7087eed5-ae69-4db5-8311-80b9295f65d7 req-2f3d5ab4-84e2-4b06-8078-00ac70bb7c68 64cdc5d9c058421f86a927a38585db0a 1f755786a48d4d4ab0dfad4c8baccc73 - - a1d42b11def94b6da85a2b715b2d2bd9 a1d42b11def94b6da85a2b715b2d2bd9] 199.19.213.166 "GET /v2.0/networks?id=743cce40-6b0f-4129-bc32-d448a66425ad HTTP/1.1" status: 200 len: 973 time: 0.3576303
2026-07-14 19:09:08.134 9 INFO neutron.api.wsgi [req-7087eed5-ae69-4db5-8311-80b9295f65d7 req-353d9094-f59c-4953-b859-cdc93f054ef9 64cdc5d9c058421f86a927a38585db0a 1f755786a48d4d4ab0dfad4c8baccc73 - - a1d42b11def94b6da85a2b715b2d2bd9 a1d42b11def94b6da85a2b715b2d2bd9] 199.19.213.166 "GET /v2.0/floatingips?fixed_ip_address=10.100.0.13&port_id=645ad4d7-ed9b-436b-99c1-a6ee561ed395 HTTP/1.1" status: 200 len: 1060 time: 0.0495386
2026-07-14 19:09:08.164 9 INFO neutron.api.wsgi [req-7087eed5-ae69-4db5-8311-80b9295f65d7 req-b4ea5469-0506-4fd0-b99c-c385669bfaf5 64cdc5d9c058421f86a927a38585db0a 1f755786a48d4d4ab0dfad4c8baccc73 - - a1d42b11def94b6da85a2b715b2d2bd9 a1d42b11def94b6da85a2b715b2d2bd9] 199.19.213.166 "GET /v2.0/subnets?id=c9f4ae50-3b47-45e7-99e9-831af1d8d495 HTTP/1.1" status: 200 len: 892 time: 0.0254390
2026-07-14 19:09:08.196 9 INFO neutron.api.wsgi [req-7087eed5-ae69-4db5-8311-80b9295f65d7 req-138723ca-79c5-41a1-9998-475b458f87c1 64cdc5d9c058421f86a927a38585db0a 1f755786a48d4d4ab0dfad4c8baccc73 - - a1d42b11def94b6da85a2b715b2d2bd9 a1d42b11def94b6da85a2b715b2d2bd9] 199.19.213.166 "GET /v2.0/ports?network_id=743cce40-6b0f-4129-bc32-d448a66425ad&device_owner=network%3Adhcp HTTP/1.1" status: 200 len: 210 time: 0.0244837
2026-07-14 19:09:08.246 9 INFO neutron.api.wsgi [req-7087eed5-ae69-4db5-8311-80b9295f65d7 req-967559a2-d3f5-4bfe-94e8-f17a922e6e9d 64cdc5d9c058421f86a927a38585db0a 1f755786a48d4d4ab0dfad4c8baccc73 - - a1d42b11def94b6da85a2b715b2d2bd9 a1d42b11def94b6da85a2b715b2d2bd9] 199.19.213.166 "GET /v2.0/networks/743cce40-6b0f-4129-bc32-d448a66425ad?fields=segments HTTP/1.1" status: 200 len: 212 time: 0.0444362
2026-07-14 19:09:08.295 9 INFO neutron.api.wsgi [req-7087eed5-ae69-4db5-8311-80b9295f65d7 req-4a3e8d8f-cc18-41f5-b618-561ad0c1555d 64cdc5d9c058421f86a927a38585db0a 1f755786a48d4d4ab0dfad4c8baccc73 - - a1d42b11def94b6da85a2b715b2d2bd9 a1d42b11def94b6da85a2b715b2d2bd9] 199.19.213.166 "GET /v2.0/networks/743cce40-6b0f-4129-bc32-d448a66425ad?fields=provider%3Aphysical_network&fields=provider%3Anetwork_type HTTP/1.1" status: 200 len: 277 time: 0.0436270
2026-07-14 19:09:08.445 9 INFO neutron.api.wsgi [req-a9cdc113-80eb-4a2c-8da6-ff5e15dc0aab req-ae26573e-96be-4c4c-8ee6-fd9182766a63 94ea6d417f564dffa34915abd56be69b 33339e4e82ee476baef19944edad50ea - - default default] 10.0.0.241 "GET /v2.0/ports?device_id=4c4d91fa-d048-407b-a1d0-50982407d71b HTTP/1.1" status: 200 len: 210 time: 0.0222070
2026-07-14 19:09:08.541 8 INFO neutron.api.wsgi [req-9b94bd85-9043-4eb7-99f3-4e537a6f9d7a req-c36160f4-5588-46dc-81b9-9c43926a8b08 117d0fbf84e14137a7770834a6e8f6ac 8ac5237dca0a463e95304f76c84231fb - - default default] 10.0.0.241 "GET /v2.0/ports?device_id=08633adb-d37c-4fc6-af93-8bba662a6ae0 HTTP/1.1" status: 200 len: 1174 time: 0.0521166
2026-07-14 19:09:08.600 8 INFO neutron.api.wsgi [req-9b94bd85-9043-4eb7-99f3-4e537a6f9d7a req-9dd53e91-0870-4207-8546-b893bd2d25db 117d0fbf84e14137a7770834a6e8f6ac 8ac5237dca0a463e95304f76c84231fb - - default default] 10.0.0.241 "GET /v2.0/security-groups?id=5e2b5b37-0f56-4d6e-b456-9b68d43f5a2b&fields=id&fields=name HTTP/1.1" status: 200 len: 312 time: 0.0554934
2026-07-14 19:09:09.229 9 WARNING neutron_lib.context [None req-88475136-1c9e-426c-8864-83b696f33800 0d570c74509e43b98413bd24218bb225 7ef851932fa64b849a1421f91035f183 - - default default] Method 'is_advsvc' is deprecated since 2023.2 release (neutron-lib 3.8.0) and will be removed once support for the old RBAC API policies will be removed from Neutron. Please use method 'is_service_role' instead.
2026-07-14 19:09:09.229 9 WARNING neutron_lib.context [None req-88475136-1c9e-426c-8864-83b696f33800 0d570c74509e43b98413bd24218bb225 7ef851932fa64b849a1421f91035f183 - - default default] Method 'is_advsvc' is deprecated since 2023.2 release (neutron-lib 3.8.0) and will be removed once support for the old RBAC API policies will be removed from Neutron. Please use method 'is_service_role' instead.
2026-07-14 19:09:09.370 9 INFO neutron.db.ovn_revision_numbers_db [None req-88475136-1c9e-426c-8864-83b696f33800 0d570c74509e43b98413bd24218bb225 7ef851932fa64b849a1421f91035f183 - - default default] Successfully bumped revision number for resource ebecd935-9bd0-4178-ac16-c353e84b2b47 (type: security_groups) to 1
2026-07-14 19:09:09.385 9 INFO neutron.db.ovn_revision_numbers_db [None req-88475136-1c9e-426c-8864-83b696f33800 0d570c74509e43b98413bd24218bb225 7ef851932fa64b849a1421f91035f183 - - default default] Successfully bumped revision number for resource 12d66a0d-116e-45fa-aa5a-0eddfa630998 (type: security_group_rules) to 0
2026-07-14 19:09:09.405 9 INFO neutron.db.ovn_revision_numbers_db [None req-88475136-1c9e-426c-8864-83b696f33800 0d570c74509e43b98413bd24218bb225 7ef851932fa64b849a1421f91035f183 - - default default] Successfully bumped revision number for resource 21b6dcf2-298e-4455-a909-9a9684359288 (type: security_group_rules) to 0
2026-07-14 19:09:09.427 9 INFO neutron.db.ovn_revision_numbers_db [None req-88475136-1c9e-426c-8864-83b696f33800 0d570c74509e43b98413bd24218bb225 7ef851932fa64b849a1421f91035f183 - - default default] Successfully bumped revision number for resource 22c70d88-9ce0-48a8-98f0-57f2f491f39d (type: security_group_rules) to 0
2026-07-14 19:09:09.448 9 INFO neutron.db.ovn_revision_numbers_db [None req-88475136-1c9e-426c-8864-83b696f33800 0d570c74509e43b98413bd24218bb225 7ef851932fa64b849a1421f91035f183 - - default default] Successfully bumped revision number for resource 7dda633a-a670-43fa-927d-0afd6f0e414b (type: security_group_rules) to 0
2026-07-14 19:09:09.468 9 INFO neutron.api.wsgi [req-68128e79-96a4-4305-9641-f0cdaf95180b req-33d0ce44-bb9d-445f-88e1-10fc34262c6d 94ea6d417f564dffa34915abd56be69b 33339e4e82ee476baef19944edad50ea - - default default] 199.19.213.166 "GET /v2.0/networks?id=a3d8b808-b9d5-478b-96b8-28370c8b2db8 HTTP/1.1" status: 200 len: 875 time: 0.0578701
2026-07-14 19:09:09.542 9 INFO neutron.api.wsgi [req-68128e79-96a4-4305-9641-f0cdaf95180b req-0e36ceed-2a36-4a7f-b31e-856c43c208ec 94ea6d417f564dffa34915abd56be69b 33339e4e82ee476baef19944edad50ea - - default default] 199.19.213.166 "GET /v2.0/security-groups?fields=id&fields=name&tenant_id=33339e4e82ee476baef19944edad50ea HTTP/1.1" status: 200 len: 380 time: 0.0680418
2026-07-14 19:09:09.551 9 INFO neutron.api.wsgi [req-be763f4b-599c-4fba-8ae5-c0700b51f1ca req-264338c7-9edc-434d-8ed8-805f9bcbfea3 94ea6d417f564dffa34915abd56be69b 33339e4e82ee476baef19944edad50ea - - default default] 10.0.0.241 "GET /v2.0/ports?device_id=4c4d91fa-d048-407b-a1d0-50982407d71b HTTP/1.1" status: 200 len: 210 time: 0.0197544
2026-07-14 19:09:09.555 9 WARNING neutron_lib.context [req-68128e79-96a4-4305-9641-f0cdaf95180b req-fba4abfa-7050-4e7c-ad90-df0dfe994784 94ea6d417f564dffa34915abd56be69b 33339e4e82ee476baef19944edad50ea - - default default] Method 'is_advsvc' is deprecated since 2023.2 release (neutron-lib 3.8.0) and will be removed once support for the old RBAC API policies will be removed from Neutron. Please use method 'is_service_role' instead.
2026-07-14 19:09:09.582 9 INFO neutron.db.segments_db [None req-88475136-1c9e-426c-8864-83b696f33800 0d570c74509e43b98413bd24218bb225 7ef851932fa64b849a1421f91035f183 - - default default] Added segment 891defd8-bde3-40b3-ac1b-bdcc80dd7d4a of type geneve for network 35fc919b-8376-4b24-b69d-7a991a718f23
2026-07-14 19:09:09.693 8 INFO neutron.api.wsgi [req-3031f8e5-da36-4a91-8ac4-5e0e404c030d req-43c861c7-4f9e-4c36-95ba-97db3c9c5635 117d0fbf84e14137a7770834a6e8f6ac 8ac5237dca0a463e95304f76c84231fb - - default default] 10.0.0.241 "GET /v2.0/ports?device_id=08633adb-d37c-4fc6-af93-8bba662a6ae0 HTTP/1.1" status: 200 len: 1174 time: 0.0388076
2026-07-14 19:09:09.729 8 INFO neutron.api.wsgi [req-3031f8e5-da36-4a91-8ac4-5e0e404c030d req-b6a85442-4036-4d3a-9098-951be132023e 117d0fbf84e14137a7770834a6e8f6ac 8ac5237dca0a463e95304f76c84231fb - - default default] 10.0.0.241 "GET /v2.0/security-groups?id=5e2b5b37-0f56-4d6e-b456-9b68d43f5a2b&fields=id&fields=name HTTP/1.1" status: 200 len: 312 time: 0.0288255
2026-07-14 19:09:09.729 9 INFO neutron.db.segments_db [None req-88475136-1c9e-426c-8864-83b696f33800 0d570c74509e43b98413bd24218bb225 7ef851932fa64b849a1421f91035f183 - - default default] Added segment 44e8486f-3e9d-48b4-a34b-32c8812595cb of type geneve for network 43913848-dbdd-4eb5-bfde-fe671c070f94
2026-07-14 19:09:09.889 9 INFO neutron.db.ovn_revision_numbers_db [None req-88475136-1c9e-426c-8864-83b696f33800 0d570c74509e43b98413bd24218bb225 7ef851932fa64b849a1421f91035f183 - - default default] Successfully bumped revision number for resource 35fc919b-8376-4b24-b69d-7a991a718f23 (type: networks) to 1
2026-07-14 19:09:09.957 8 INFO neutron.plugins.ml2.drivers.ovn.mech_driver.mech_driver [None req-2b161251-cfed-495e-8ae5-fba6bb3b7e96 - - - - - -] OVN reports status down for port: 645ad4d7-ed9b-436b-99c1-a6ee561ed395
2026-07-14 19:09:09.983 9 WARNING neutron.scheduler.dhcp_agent_scheduler [req-68128e79-96a4-4305-9641-f0cdaf95180b req-fba4abfa-7050-4e7c-ad90-df0dfe994784 94ea6d417f564dffa34915abd56be69b 33339e4e82ee476baef19944edad50ea - - default default] No more DHCP agents
2026-07-14 19:09:09.988 9 WARNING neutron.api.rpc.agentnotifiers.dhcp_rpc_agent_api [req-68128e79-96a4-4305-9641-f0cdaf95180b req-fba4abfa-7050-4e7c-ad90-df0dfe994784 94ea6d417f564dffa34915abd56be69b 33339e4e82ee476baef19944edad50ea - - default default] Unable to schedule network a3d8b808-b9d5-478b-96b8-28370c8b2db8: no agents available; will retry on subsequent port and subnet creation events.
2026-07-14 19:09:10.104 8 INFO neutron.notifiers.nova [-] Nova event matching ['req-c1c0ba86-16d7-4666-a962-202da29e9885'] response: {'server_uuid': '08633adb-d37c-4fc6-af93-8bba662a6ae0', 'name': 'network-vif-unplugged', 'status': 'completed', 'tag': '645ad4d7-ed9b-436b-99c1-a6ee561ed395', 'code': 200}
2026-07-14 19:09:10.157 9 WARNING neutron.scheduler.dhcp_agent_scheduler [None req-88475136-1c9e-426c-8864-83b696f33800 0d570c74509e43b98413bd24218bb225 7ef851932fa64b849a1421f91035f183 - - default default] No more DHCP agents
2026-07-14 19:09:10.159 9 WARNING neutron.api.rpc.agentnotifiers.dhcp_rpc_agent_api [None req-88475136-1c9e-426c-8864-83b696f33800 0d570c74509e43b98413bd24218bb225 7ef851932fa64b849a1421f91035f183 - - default default] Unable to schedule network 35fc919b-8376-4b24-b69d-7a991a718f23: no agents available; will retry on subsequent port and subnet creation events.
2026-07-14 19:09:10.173 9 INFO neutron.db.ovn_revision_numbers_db [req-68128e79-96a4-4305-9641-f0cdaf95180b req-fba4abfa-7050-4e7c-ad90-df0dfe994784 94ea6d417f564dffa34915abd56be69b 33339e4e82ee476baef19944edad50ea - - default default] Successfully bumped revision number for resource 300b2155-f49e-417e-a216-e58806a95d38 (type: ports) to 1
2026-07-14 19:09:10.201 9 INFO neutron.api.wsgi [req-68128e79-96a4-4305-9641-f0cdaf95180b req-fba4abfa-7050-4e7c-ad90-df0dfe994784 94ea6d417f564dffa34915abd56be69b 33339e4e82ee476baef19944edad50ea - - default default] 199.19.213.166 "POST /v2.0/ports HTTP/1.1" status: 201 len: 1162 time: 0.6527872 /var/lib/openstack/lib/python3.12/site-packages/pycadf/identifier.py:71: UserWarning: Invalid uuid: neutron. To ensure interoperability, identifiers should be a valid uuid. warnings.warn(('Invalid uuid: %s. To ensure interoperability, '
2026-07-14 19:09:10.233 8 INFO neutron.db.ovn_revision_numbers_db [None req-2b161251-cfed-495e-8ae5-fba6bb3b7e96 - - - - - -] Successfully bumped revision number for resource 645ad4d7-ed9b-436b-99c1-a6ee561ed395 (type: ports) to 6
2026-07-14 19:09:10.258 9 INFO neutron.db.ovn_revision_numbers_db [None req-88475136-1c9e-426c-8864-83b696f33800 0d570c74509e43b98413bd24218bb225 7ef851932fa64b849a1421f91035f183 - - default default] Successfully bumped revision number for resource 9759fbbb-635a-47e0-ab00-06ffd1652548 (type: ports) to 1
2026-07-14 19:09:10.360 9 INFO neutron.db.ovn_revision_numbers_db [None req-88475136-1c9e-426c-8864-83b696f33800 0d570c74509e43b98413bd24218bb225 7ef851932fa64b849a1421f91035f183 - - default default] Successfully bumped revision number for resource 43913848-dbdd-4eb5-bfde-fe671c070f94 (type: networks) to 1
2026-07-14 19:09:10.602 9 WARNING neutron.scheduler.dhcp_agent_scheduler [None req-88475136-1c9e-426c-8864-83b696f33800 0d570c74509e43b98413bd24218bb225 7ef851932fa64b849a1421f91035f183 - - default default] No more DHCP agents
2026-07-14 19:09:10.604 9 WARNING neutron.api.rpc.agentnotifiers.dhcp_rpc_agent_api [None req-88475136-1c9e-426c-8864-83b696f33800 0d570c74509e43b98413bd24218bb225 7ef851932fa64b849a1421f91035f183 - - default default] Unable to schedule network 43913848-dbdd-4eb5-bfde-fe671c070f94: no agents available; will retry on subsequent port and subnet creation events. /var/lib/openstack/lib/python3.12/site-packages/pycadf/identifier.py:71: UserWarning: Invalid uuid: neutron. To ensure interoperability, identifiers should be a valid uuid. warnings.warn(('Invalid uuid: %s. To ensure interoperability, '
2026-07-14 19:09:10.693 8 INFO neutron.api.wsgi [req-61962e29-b888-4502-9847-92ee4192b0c0 req-0cc4e255-f040-448c-a154-c11f1167a8f1 94ea6d417f564dffa34915abd56be69b 33339e4e82ee476baef19944edad50ea - - default default] 10.0.0.241 "GET /v2.0/ports?device_id=4c4d91fa-d048-407b-a1d0-50982407d71b HTTP/1.1" status: 200 len: 1172 time: 0.0686152
2026-07-14 19:09:10.697 9 INFO neutron.db.ovn_revision_numbers_db [None req-88475136-1c9e-426c-8864-83b696f33800 0d570c74509e43b98413bd24218bb225 7ef851932fa64b849a1421f91035f183 - - default default] Successfully bumped revision number for resource c981d5c3-5caf-4562-9d00-ab7d4cf17cd6 (type: ports) to 1
2026-07-14 19:09:10.730 9 INFO neutron.api.wsgi [None req-88475136-1c9e-426c-8864-83b696f33800 0d570c74509e43b98413bd24218bb225 7ef851932fa64b849a1421f91035f183 - - default default] 10.0.0.106 "POST /v2.0/networks HTTP/1.1" status: 201 len: 1444 time: 1.6062620 /var/lib/openstack/lib/python3.12/site-packages/pycadf/identifier.py:71: UserWarning: Invalid uuid: neutron. To ensure interoperability, identifiers should be a valid uuid. warnings.warn(('Invalid uuid: %s. To ensure interoperability, '
2026-07-14 19:09:10.753 8 INFO neutron.api.wsgi [req-61962e29-b888-4502-9847-92ee4192b0c0 req-97de7997-6a87-4a8f-ac76-0c0e2fcecf83 94ea6d417f564dffa34915abd56be69b 33339e4e82ee476baef19944edad50ea - - default default] 10.0.0.241 "GET /v2.0/security-groups?id=17793d62-9383-4199-83d8-0f7b6923a04b&fields=id&fields=name HTTP/1.1" status: 200 len: 313 time: 0.0555835
2026-07-14 19:09:10.771 9 INFO neutron.db.ovn_revision_numbers_db [req-68128e79-96a4-4305-9641-f0cdaf95180b req-fdfd4896-d6f4-4063-9c03-3be7ae2589e8 64cdc5d9c058421f86a927a38585db0a 1f755786a48d4d4ab0dfad4c8baccc73 - - a1d42b11def94b6da85a2b715b2d2bd9 a1d42b11def94b6da85a2b715b2d2bd9] Successfully bumped revision number for resource 300b2155-f49e-417e-a216-e58806a95d38 (type: ports) to 2
2026-07-14 19:09:10.792 9 INFO neutron.api.wsgi [None req-9a8f883d-3fc7-4f73-b381-7f6b53a0c53b 0d570c74509e43b98413bd24218bb225 7ef851932fa64b849a1421f91035f183 - - default default] 10.0.0.106 "GET /v2.0/networks HTTP/1.1" status: 200 len: 2050 time: 0.0575135
2026-07-14 19:09:10.880 9 INFO neutron.api.wsgi [req-d8c599c2-6cb2-47e6-b520-73121b99409f req-1b6ceb46-9922-48c2-8ed5-e475f448e0d6 117d0fbf84e14137a7770834a6e8f6ac 8ac5237dca0a463e95304f76c84231fb - - default default] 10.0.0.241 "GET /v2.0/ports?device_id=08633adb-d37c-4fc6-af93-8bba662a6ae0 HTTP/1.1" status: 200 len: 1172 time: 0.0870268
2026-07-14 19:09:10.930 9 INFO neutron.api.wsgi [req-d8c599c2-6cb2-47e6-b520-73121b99409f req-e85b00c2-9a6b-4e8d-a2f2-e308ebcd6482 117d0fbf84e14137a7770834a6e8f6ac 8ac5237dca0a463e95304f76c84231fb - - default default] 10.0.0.241 "GET /v2.0/security-groups?id=5e2b5b37-0f56-4d6e-b456-9b68d43f5a2b&fields=id&fields=name HTTP/1.1" status: 200 len: 312 time: 0.0434337
2026-07-14 19:09:11.051 9 INFO neutron.db.ovn_revision_numbers_db [req-68128e79-96a4-4305-9641-f0cdaf95180b req-fdfd4896-d6f4-4063-9c03-3be7ae2589e8 64cdc5d9c058421f86a927a38585db0a 1f755786a48d4d4ab0dfad4c8baccc73 - - a1d42b11def94b6da85a2b715b2d2bd9 a1d42b11def94b6da85a2b715b2d2bd9] Successfully bumped revision number for resource 300b2155-f49e-417e-a216-e58806a95d38 (type: ports) to 4
2026-07-14 19:09:11.076 9 INFO neutron.api.wsgi [req-68128e79-96a4-4305-9641-f0cdaf95180b req-fdfd4896-d6f4-4063-9c03-3be7ae2589e8 64cdc5d9c058421f86a927a38585db0a 1f755786a48d4d4ab0dfad4c8baccc73 - - a1d42b11def94b6da85a2b715b2d2bd9 a1d42b11def94b6da85a2b715b2d2bd9] 199.19.213.166 "PUT /v2.0/ports/300b2155-f49e-417e-a216-e58806a95d38 HTTP/1.1" status: 200 len: 1408 time: 0.8710613
2026-07-14 19:09:11.120 9 INFO neutron.notifiers.nova [-] Nova event matching ['req-518c0c8f-0df7-46ff-8556-f0f0a378f49b'] response: {'name': 'network-changed', 'server_uuid': '4c4d91fa-d048-407b-a1d0-50982407d71b', 'tag': '300b2155-f49e-417e-a216-e58806a95d38', 'status': 'completed', 'code': 200}
2026-07-14 19:09:11.212 8 INFO neutron.db.ovn_revision_numbers_db [None req-db0ae9c4-4afa-46ff-93d6-e8585d763a09 d54ab789ab764360a301b092e529a1de 944992dde62c4080abe7a663032008a4 - - default default] Successfully bumped revision number for resource a4f5ea88-ba26-4f6a-acd6-18e0123e3397 (type: security_groups) to 1
2026-07-14 19:09:11.219 8 INFO neutron.services.segments.plugin [-] Segment 891defd8-bde3-40b3-ac1b-bdcc80dd7d4a resource provider aggregate not found
