2026-07-14 19:07:52.977 8 INFO neutron.db.ovn_revision_numbers_db [None req-4fc48990-d9ef-41f9-b827-64b3c1e1ae34 d54ab789ab764360a301b092e529a1de 944992dde62c4080abe7a663032008a4 - - default default] Successfully bumped revision number for resource 422246c6-cd90-43f2-8706-faa29db23626 (type: security_group_rules) to 0
2026-07-14 19:07:52.991 8 INFO neutron.db.ovn_revision_numbers_db [None req-4fc48990-d9ef-41f9-b827-64b3c1e1ae34 d54ab789ab764360a301b092e529a1de 944992dde62c4080abe7a663032008a4 - - default default] Successfully bumped revision number for resource 51bf2200-08e0-49f8-a336-635caa61c754 (type: security_group_rules) to 0
2026-07-14 19:07:53.000 8 INFO neutron.api.wsgi [None req-bb4703aa-4f3a-4ba3-9463-300efe7bf9ff d54ab789ab764360a301b092e529a1de 944992dde62c4080abe7a663032008a4 - - default default] 10.0.0.106 "POST /v2.0/networks HTTP/1.1" status: 201 len: 953 time: 1.0283635
2026-07-14 19:07:53.013 8 INFO neutron.db.ovn_revision_numbers_db [None req-4fc48990-d9ef-41f9-b827-64b3c1e1ae34 d54ab789ab764360a301b092e529a1de 944992dde62c4080abe7a663032008a4 - - default default] Successfully bumped revision number for resource b3a31a19-157a-4a86-aaa8-926ca07ad74a (type: security_group_rules) to 0
2026-07-14 19:07:53.033 8 INFO neutron.db.ovn_revision_numbers_db [None req-4fc48990-d9ef-41f9-b827-64b3c1e1ae34 d54ab789ab764360a301b092e529a1de 944992dde62c4080abe7a663032008a4 - - default default] Successfully bumped revision number for resource df3760e9-d47d-4004-aac0-723522ab84ea (type: security_group_rules) to 0
2026-07-14 19:07:53.099 8 INFO neutron.api.wsgi [None req-4fc48990-d9ef-41f9-b827-64b3c1e1ae34 d54ab789ab764360a301b092e529a1de 944992dde62c4080abe7a663032008a4 - - default default] 10.0.0.106 "GET /v2.0/security-groups?tenant_id=eb9177ca82e64076b231f07a87b2020b&name=default HTTP/1.1" status: 200 len: 3116 time: 0.4986496
2026-07-14 19:07:53.153 8 WARNING neutron.scheduler.dhcp_agent_scheduler [None req-5ec7a3a2-a68f-4393-b5b0-ff16aaf2e805 d54ab789ab764360a301b092e529a1de 944992dde62c4080abe7a663032008a4 - - default default] No more DHCP agents
2026-07-14 19:07:53.154 8 WARNING neutron.api.rpc.agentnotifiers.dhcp_rpc_agent_api [None req-5ec7a3a2-a68f-4393-b5b0-ff16aaf2e805 d54ab789ab764360a301b092e529a1de 944992dde62c4080abe7a663032008a4 - - default default] Unable to schedule network 4ffd7bee-f668-49fb-a745-acf6708f841c: no agents available; will retry on subsequent port and subnet creation events.
2026-07-14 19:07:53.182 9 WARNING neutron.scheduler.dhcp_agent_scheduler [None req-a57842a1-433e-446a-b863-c9c74de0e09d d54ab789ab764360a301b092e529a1de 944992dde62c4080abe7a663032008a4 - - default default] No more DHCP agents
2026-07-14 19:07:53.184 9 WARNING neutron.api.rpc.agentnotifiers.dhcp_rpc_agent_api [None req-a57842a1-433e-446a-b863-c9c74de0e09d d54ab789ab764360a301b092e529a1de 944992dde62c4080abe7a663032008a4 - - default default] Unable to schedule network aa95abf4-a96e-4c3c-90e9-d6f14f6862d8: no agents available; will retry on subsequent port and subnet creation events.
2026-07-14 19:07:53.328 8 INFO neutron.api.wsgi [None req-b12efef6-a5d4-46a0-959e-0a258b0fe6d7 d54ab789ab764360a301b092e529a1de 944992dde62c4080abe7a663032008a4 - - default default] 10.0.0.106 "DELETE /v2.0/security-groups/67da865c-e722-4520-85b6-c9b23b198f71 HTTP/1.1" status: 204 len: 168 time: 0.2151551
2026-07-14 19:07:53.481 9 INFO neutron.db.ovn_revision_numbers_db [None req-54885a29-d5a9-4b0a-a3ca-7a9ec5071ee1 - - - - - -] Successfully bumped revision number for resource b8ad4a44-67e7-4c40-8223-e278c10bddb9 (type: ports) to 2
2026-07-14 19:07:53.523 9 INFO neutron.db.ovn_revision_numbers_db [None req-54885a29-d5a9-4b0a-a3ca-7a9ec5071ee1 - - - - - -] Successfully bumped revision number for resource d861c6a3-1385-475f-acda-236cb9080ba7 (type: subnets) to 0
2026-07-14 19:07:53.544 9 INFO neutron.api.wsgi [None req-9746fc32-978b-4bac-9684-8548f803d915 d54ab789ab764360a301b092e529a1de 944992dde62c4080abe7a663032008a4 - - default default] 10.0.0.106 "POST /v2.0/subnets HTTP/1.1" status: 201 len: 895 time: 0.8484282
2026-07-14 19:07:53.587 8 INFO neutron.db.ovn_revision_numbers_db [None req-e70c6a94-098d-46d1-8124-1039eebd9787 - - - - - -] Successfully bumped revision number for resource 551763a4-d373-4f61-a459-1fbee61480a8 (type: ports) to 2
2026-07-14 19:07:53.625 8 INFO neutron.db.ovn_revision_numbers_db [None req-e70c6a94-098d-46d1-8124-1039eebd9787 - - - - - -] Successfully bumped revision number for resource a768bc7e-13a6-412e-b4b0-8aabcb3c8223 (type: subnets) to 0
2026-07-14 19:07:53.642 8 INFO neutron.api.wsgi [None req-5ec7a3a2-a68f-4393-b5b0-ff16aaf2e805 d54ab789ab764360a301b092e529a1de 944992dde62c4080abe7a663032008a4 - - default default] 10.0.0.106 "POST /v2.0/subnets HTTP/1.1" status: 201 len: 897 time: 0.6372256
2026-07-14 19:07:53.935 9 INFO neutron.db.ovn_revision_numbers_db [None req-417f11c4-4a33-459a-8b43-f1a37967b4c7 - - - - - -] Successfully bumped revision number for resource 9a6a2910-776c-48e0-8ac8-237aac4be4d7 (type: ports) to 2
2026-07-14 19:07:53.980 9 INFO neutron.db.ovn_revision_numbers_db [None req-417f11c4-4a33-459a-8b43-f1a37967b4c7 - - - - - -] Successfully bumped revision number for resource 778d2963-b05c-48f6-afdf-0a203b3d8112 (type: subnets) to 0
2026-07-14 19:07:54.001 9 INFO neutron.api.wsgi [None req-a57842a1-433e-446a-b863-c9c74de0e09d d54ab789ab764360a301b092e529a1de 944992dde62c4080abe7a663032008a4 - - default default] 10.0.0.106 "POST /v2.0/subnets HTTP/1.1" status: 201 len: 893 time: 1.0201707
2026-07-14 19:07:54.184 9 WARNING neutron.scheduler.dhcp_agent_scheduler [None req-8fd96ce0-a30f-4b10-a924-4e8fad6afaf1 d54ab789ab764360a301b092e529a1de 944992dde62c4080abe7a663032008a4 - - default default] No more DHCP agents
2026-07-14 19:07:54.185 9 WARNING neutron.api.rpc.agentnotifiers.dhcp_rpc_agent_api [None req-8fd96ce0-a30f-4b10-a924-4e8fad6afaf1 d54ab789ab764360a301b092e529a1de 944992dde62c4080abe7a663032008a4 - - default default] Unable to schedule network 20039a72-e184-4592-8a6e-542253372dc2: no agents available; will retry on subsequent port and subnet creation events.
2026-07-14 19:07:54.331 9 INFO neutron.db.ovn_revision_numbers_db [None req-8fd96ce0-a30f-4b10-a924-4e8fad6afaf1 d54ab789ab764360a301b092e529a1de 944992dde62c4080abe7a663032008a4 - - default default] Successfully bumped revision number for resource 2ebe8a22-1756-4f57-ae50-ed49e5d45f27 (type: ports) to 1
2026-07-14 19:07:54.334 8 WARNING neutron.scheduler.dhcp_agent_scheduler [None req-fc83870c-d695-4fbb-b259-1b1b375c7529 d54ab789ab764360a301b092e529a1de 944992dde62c4080abe7a663032008a4 - - default default] No more DHCP agents
2026-07-14 19:07:54.336 8 WARNING neutron.api.rpc.agentnotifiers.dhcp_rpc_agent_api [None req-fc83870c-d695-4fbb-b259-1b1b375c7529 d54ab789ab764360a301b092e529a1de 944992dde62c4080abe7a663032008a4 - - default default] Unable to schedule network 20039a72-e184-4592-8a6e-542253372dc2: no agents available; will retry on subsequent port and subnet creation events.
2026-07-14 19:07:54.463 8 INFO neutron.db.ovn_revision_numbers_db [None req-fc83870c-d695-4fbb-b259-1b1b375c7529 d54ab789ab764360a301b092e529a1de 944992dde62c4080abe7a663032008a4 - - default default] Successfully bumped revision number for resource bdc1c0bd-c995-4fe9-888c-cf70ed763e5f (type: ports) to 1
2026-07-14 19:07:54.613 8 WARNING neutron.scheduler.dhcp_agent_scheduler [None req-4ea9b145-8652-4354-91be-bd155ebd19ca d54ab789ab764360a301b092e529a1de 944992dde62c4080abe7a663032008a4 - - default default] No more DHCP agents
2026-07-14 19:07:54.616 8 WARNING neutron.api.rpc.agentnotifiers.dhcp_rpc_agent_api [None req-4ea9b145-8652-4354-91be-bd155ebd19ca d54ab789ab764360a301b092e529a1de 944992dde62c4080abe7a663032008a4 - - default default] Unable to schedule network 20039a72-e184-4592-8a6e-542253372dc2: no agents available; will retry on subsequent port and subnet creation events.
2026-07-14 19:07:54.655 9 INFO neutron.plugins.ml2.drivers.ovn.mech_driver.ovsdb.extensions.qos [None req-8fd96ce0-a30f-4b10-a924-4e8fad6afaf1 d54ab789ab764360a301b092e529a1de 944992dde62c4080abe7a663032008a4 - - default default] Starting OVNClientQosExtension
2026-07-14 19:07:54.773 8 INFO neutron.db.ovn_revision_numbers_db [None req-4ea9b145-8652-4354-91be-bd155ebd19ca d54ab789ab764360a301b092e529a1de 944992dde62c4080abe7a663032008a4 - - default default] Successfully bumped revision number for resource ae6076a5-eeb3-48ae-9ace-4f70fabab87c (type: ports) to 1
2026-07-14 19:07:54.791 8 INFO neutron.plugins.ml2.drivers.ovn.mech_driver.ovsdb.extensions.qos [None req-fc83870c-d695-4fbb-b259-1b1b375c7529 d54ab789ab764360a301b092e529a1de 944992dde62c4080abe7a663032008a4 - - default default] Starting OVNClientQosExtension
2026-07-14 19:07:54.994 9 INFO neutron.plugins.ml2.drivers.ovn.mech_driver.ovsdb.commands [None req-3322a0e6-c68f-415d-a029-45a615ff93bd - - - - - -] Schedule LRP lrp-2ebe8a22-1756-4f57-ae50-ed49e5d45f27 on gateway 059861b6-8c47-47d7-b903-cc5656c1f4c3 with priority 1
2026-07-14 19:07:55.002 9 INFO neutron.plugins.ml2.drivers.ovn.mech_driver.mech_driver [None req-d506ecec-8e6c-4d6d-9ec6-a9a4cc74a041 - - - - - -] OVN reports status up for port: 2ebe8a22-1756-4f57-ae50-ed49e5d45f27
2026-07-14 19:07:55.015 9 INFO neutron.plugins.ml2.drivers.ovn.mech_driver.ovsdb.ovsdb_monitor [-] Router 22c9fff9-0f7b-47a3-9087-7b46279eab3c is bound to host instance
2026-07-14 19:07:55.028 9 INFO neutron.plugins.ml2.plugin [None req-d506ecec-8e6c-4d6d-9ec6-a9a4cc74a041 - - - - - -] Attempt 1 to provision port 2ebe8a22-1756-4f57-ae50-ed49e5d45f27
2026-07-14 19:07:55.080 9 INFO neutron.db.ovn_revision_numbers_db [None req-8fd96ce0-a30f-4b10-a924-4e8fad6afaf1 d54ab789ab764360a301b092e529a1de 944992dde62c4080abe7a663032008a4 - - default default] Successfully bumped revision number for resource 2ebe8a22-1756-4f57-ae50-ed49e5d45f27 (type: router_ports) to 1
2026-07-14 19:07:55.203 8 INFO neutron.plugins.ml2.drivers.ovn.mech_driver.ovsdb.commands [None req-d3f849bf-dda5-40a1-bbbe-820b3ddc4dcc - - - - - -] Schedule LRP lrp-bdc1c0bd-c995-4fe9-888c-cf70ed763e5f on gateway 059861b6-8c47-47d7-b903-cc5656c1f4c3 with priority 1
2026-07-14 19:07:55.254 8 INFO neutron.db.ovn_revision_numbers_db [None req-fc83870c-d695-4fbb-b259-1b1b375c7529 d54ab789ab764360a301b092e529a1de 944992dde62c4080abe7a663032008a4 - - default default] Successfully bumped revision number for resource bdc1c0bd-c995-4fe9-888c-cf70ed763e5f (type: router_ports) to 1
2026-07-14 19:07:55.392 9 INFO neutron.db.ovn_revision_numbers_db [None req-8fd96ce0-a30f-4b10-a924-4e8fad6afaf1 d54ab789ab764360a301b092e529a1de 944992dde62c4080abe7a663032008a4 - - default default] Successfully bumped revision number for resource 22c9fff9-0f7b-47a3-9087-7b46279eab3c (type: routers) to 2
2026-07-14 19:07:55.416 9 INFO neutron.api.wsgi [None req-8fd96ce0-a30f-4b10-a924-4e8fad6afaf1 d54ab789ab764360a301b092e529a1de 944992dde62c4080abe7a663032008a4 - - default default] 10.0.0.106 "POST /v2.0/routers HTTP/1.1" status: 201 len: 1173 time: 1.8622763
2026-07-14 19:07:55.433 8 INFO neutron.db.ovn_revision_numbers_db [None req-fc83870c-d695-4fbb-b259-1b1b375c7529 d54ab789ab764360a301b092e529a1de 944992dde62c4080abe7a663032008a4 - - default default] Successfully bumped revision number for resource 4c2a9437-fba1-4433-a0c1-c840a9e80278 (type: routers) to 2
2026-07-14 19:07:55.459 8 INFO neutron.api.wsgi [None req-fc83870c-d695-4fbb-b259-1b1b375c7529 d54ab789ab764360a301b092e529a1de 944992dde62c4080abe7a663032008a4 - - default default] 10.0.0.106 "POST /v2.0/routers HTTP/1.1" status: 201 len: 1175 time: 1.8124394
2026-07-14 19:07:55.514 8 INFO neutron.db.ovn_revision_numbers_db [None req-111100d3-004c-4758-aee4-99d1c0af005a d54ab789ab764360a301b092e529a1de 944992dde62c4080abe7a663032008a4 - - default default] Successfully bumped revision number for resource 60819d3e-fe7b-4793-8cb5-99753db530b8 (type: security_groups) to 1
2026-07-14 19:07:55.529 8 INFO neutron.db.ovn_revision_numbers_db [None req-111100d3-004c-4758-aee4-99d1c0af005a d54ab789ab764360a301b092e529a1de 944992dde62c4080abe7a663032008a4 - - default default] Successfully bumped revision number for resource 4465b3ae-d644-4996-b6e6-5a2e8ba82428 (type: security_group_rules) to 0
2026-07-14 19:07:55.542 8 INFO neutron.db.ovn_revision_numbers_db [None req-111100d3-004c-4758-aee4-99d1c0af005a d54ab789ab764360a301b092e529a1de 944992dde62c4080abe7a663032008a4 - - default default] Successfully bumped revision number for resource 65981608-d47b-4343-8c5e-7a755e0c250a (type: security_group_rules) to 0
2026-07-14 19:07:55.570 8 INFO neutron.db.ovn_revision_numbers_db [None req-111100d3-004c-4758-aee4-99d1c0af005a d54ab789ab764360a301b092e529a1de 944992dde62c4080abe7a663032008a4 - - default default] Successfully bumped revision number for resource 6c93c91b-539f-4b97-821a-d0894e1f56db (type: security_group_rules) to 0
2026-07-14 19:07:55.598 8 INFO neutron.db.ovn_revision_numbers_db [None req-111100d3-004c-4758-aee4-99d1c0af005a d54ab789ab764360a301b092e529a1de 944992dde62c4080abe7a663032008a4 - - default default] Successfully bumped revision number for resource 7a3a2fdc-52f1-44c8-9e64-4e7fd70a7d1a (type: security_group_rules) to 0
2026-07-14 19:07:55.603 8 INFO neutron.plugins.ml2.drivers.ovn.mech_driver.ovsdb.commands [None req-d3f849bf-dda5-40a1-bbbe-820b3ddc4dcc - - - - - -] Schedule LRP lrp-ae6076a5-eeb3-48ae-9ace-4f70fabab87c on gateway 059861b6-8c47-47d7-b903-cc5656c1f4c3 with priority 1
2026-07-14 19:07:55.616 8 INFO neutron.plugins.ml2.drivers.ovn.mech_driver.mech_driver [-] OVN reports status up for port: ae6076a5-eeb3-48ae-9ace-4f70fabab87c
2026-07-14 19:07:55.637 8 INFO neutron.plugins.ml2.drivers.ovn.mech_driver.ovsdb.ovsdb_monitor [-] Router c8603c79-5bc7-4f63-bc72-cdc27d3b5e99 is bound to host instance
2026-07-14 19:07:55.648 8 INFO neutron.plugins.ml2.plugin [None req-d03ea41f-5f8f-4554-9642-d9fd0a209787 - - - - - -] Attempt 1 to provision port ae6076a5-eeb3-48ae-9ace-4f70fabab87c
2026-07-14 19:07:55.689 8 INFO neutron.db.ovn_revision_numbers_db [None req-4ea9b145-8652-4354-91be-bd155ebd19ca d54ab789ab764360a301b092e529a1de 944992dde62c4080abe7a663032008a4 - - default default] Successfully bumped revision number for resource ae6076a5-eeb3-48ae-9ace-4f70fabab87c (type: router_ports) to 1
2026-07-14 19:07:55.731 8 INFO neutron.db.segments_db [None req-111100d3-004c-4758-aee4-99d1c0af005a d54ab789ab764360a301b092e529a1de 944992dde62c4080abe7a663032008a4 - - default default] Added segment 0f5fcf06-f318-4378-a306-33a12f074864 of type geneve for network e904182d-0fb0-4ade-a236-58b7ca88f75a
2026-07-14 19:07:55.815 8 INFO neutron.db.ovn_revision_numbers_db [None req-4ea9b145-8652-4354-91be-bd155ebd19ca d54ab789ab764360a301b092e529a1de 944992dde62c4080abe7a663032008a4 - - default default] Successfully bumped revision number for resource c8603c79-5bc7-4f63-bc72-cdc27d3b5e99 (type: routers) to 2
2026-07-14 19:07:55.840 8 INFO neutron.api.wsgi [None req-4ea9b145-8652-4354-91be-bd155ebd19ca d54ab789ab764360a301b092e529a1de 944992dde62c4080abe7a663032008a4 - - default default] 10.0.0.106 "POST /v2.0/routers HTTP/1.1" status: 201 len: 1171 time: 1.8337777
2026-07-14 19:07:55.935 8 INFO neutron.db.ovn_revision_numbers_db [None req-111100d3-004c-4758-aee4-99d1c0af005a d54ab789ab764360a301b092e529a1de 944992dde62c4080abe7a663032008a4 - - default default] Successfully bumped revision number for resource e904182d-0fb0-4ade-a236-58b7ca88f75a (type: networks) to 1
2026-07-14 19:07:56.183 9 INFO neutron.db.ovn_revision_numbers_db [None req-37ecb135-d420-4743-91df-f5383e4a6bd3 - - - - - -] Successfully bumped revision number for resource 2ebe8a22-1756-4f57-ae50-ed49e5d45f27 (type: ports) to 1
2026-07-14 19:07:56.186 8 WARNING neutron.scheduler.dhcp_agent_scheduler [None req-111100d3-004c-4758-aee4-99d1c0af005a d54ab789ab764360a301b092e529a1de 944992dde62c4080abe7a663032008a4 - - default default] No more DHCP agents
2026-07-14 19:07:56.190 8 WARNING neutron.api.rpc.agentnotifiers.dhcp_rpc_agent_api [None req-111100d3-004c-4758-aee4-99d1c0af005a d54ab789ab764360a301b092e529a1de 944992dde62c4080abe7a663032008a4 - - default default] Unable to schedule network e904182d-0fb0-4ade-a236-58b7ca88f75a: no agents available; will retry on subsequent port and subnet creation events.
2026-07-14 19:07:56.296 9 WARNING neutron.scheduler.dhcp_agent_scheduler [None req-1ea04302-f390-40c6-94be-28bd528dd179 d54ab789ab764360a301b092e529a1de 944992dde62c4080abe7a663032008a4 - - default default] No more DHCP agents
2026-07-14 19:07:56.299 9 WARNING neutron.api.rpc.agentnotifiers.dhcp_rpc_agent_api [None req-1ea04302-f390-40c6-94be-28bd528dd179 d54ab789ab764360a301b092e529a1de 944992dde62c4080abe7a663032008a4 - - default default] Unable to schedule network 6664f30f-2fab-4978-82dc-38a1e52270be: no agents available; will retry on subsequent port and subnet creation events.
2026-07-14 19:07:56.300 9 WARNING neutron.scheduler.dhcp_agent_scheduler [None req-78320f44-35a7-4598-9e0d-d766df83f4c5 d54ab789ab764360a301b092e529a1de 944992dde62c4080abe7a663032008a4 - - default default] No more DHCP agents
2026-07-14 19:07:56.302 9 WARNING neutron.api.rpc.agentnotifiers.dhcp_rpc_agent_api [None req-78320f44-35a7-4598-9e0d-d766df83f4c5 d54ab789ab764360a301b092e529a1de 944992dde62c4080abe7a663032008a4 - - default default] Unable to schedule network 4ffd7bee-f668-49fb-a745-acf6708f841c: no agents available; will retry on subsequent port and subnet creation events.
2026-07-14 19:07:56.303 8 INFO neutron.db.ovn_revision_numbers_db [None req-111100d3-004c-4758-aee4-99d1c0af005a d54ab789ab764360a301b092e529a1de 944992dde62c4080abe7a663032008a4 - - default default] Successfully bumped revision number for resource 45ac766e-cf24-40b4-a9c1-1f8e36f5e73b (type: ports) to 1
2026-07-14 19:07:56.364 8 INFO neutron.api.wsgi [None req-111100d3-004c-4758-aee4-99d1c0af005a d54ab789ab764360a301b092e529a1de 944992dde62c4080abe7a663032008a4 - - default default] 10.0.0.106 "POST /v2.0/networks HTTP/1.1" status: 201 len: 939 time: 1.3090346
2026-07-14 19:07:56.498 8 INFO neutron.db.ovn_revision_numbers_db [None req-bcf6563e-472c-444a-a7a1-83e87d134153 - - - - - -] Successfully bumped revision number for resource ae6076a5-eeb3-48ae-9ace-4f70fabab87c (type: ports) to 1
2026-07-14 19:07:56.547 9 INFO neutron.db.ovn_revision_numbers_db [None req-78320f44-35a7-4598-9e0d-d766df83f4c5 d54ab789ab764360a301b092e529a1de 944992dde62c4080abe7a663032008a4 - - default default] Successfully bumped revision number for resource 1111174d-56ae-4a08-a390-949a55ba3505 (type: ports) to 1
2026-07-14 19:07:56.562 9 INFO neutron.db.ovn_revision_numbers_db [None req-1ea04302-f390-40c6-94be-28bd528dd179 d54ab789ab764360a301b092e529a1de 944992dde62c4080abe7a663032008a4 - - default default] Successfully bumped revision number for resource 0f901345-9c54-4cc8-9caf-9f64f9d0f54c (type: ports) to 1
2026-07-14 19:07:56.584 8 WARNING neutron.scheduler.dhcp_agent_scheduler [None req-3c2fdeab-4c4e-4374-8ca5-456607553c4e d54ab789ab764360a301b092e529a1de 944992dde62c4080abe7a663032008a4 - - default default] No more DHCP agents
2026-07-14 19:07:56.586 8 WARNING neutron.api.rpc.agentnotifiers.dhcp_rpc_agent_api [None req-3c2fdeab-4c4e-4374-8ca5-456607553c4e d54ab789ab764360a301b092e529a1de 944992dde62c4080abe7a663032008a4 - - default default] Unable to schedule network aa95abf4-a96e-4c3c-90e9-d6f14f6862d8: no agents available; will retry on subsequent port and subnet creation events.
2026-07-14 19:07:56.670 8 WARNING neutron.scheduler.dhcp_agent_scheduler [None req-6a83fee1-01cf-4a49-8eaa-1c8c09ef21a8 d54ab789ab764360a301b092e529a1de 944992dde62c4080abe7a663032008a4 - - default default] No more DHCP agents
2026-07-14 19:07:56.674 8 WARNING neutron.api.rpc.agentnotifiers.dhcp_rpc_agent_api [None req-6a83fee1-01cf-4a49-8eaa-1c8c09ef21a8 d54ab789ab764360a301b092e529a1de 944992dde62c4080abe7a663032008a4 - - default default] Unable to schedule network e904182d-0fb0-4ade-a236-58b7ca88f75a: no agents available; will retry on subsequent port and subnet creation events.
2026-07-14 19:07:56.767 8 INFO neutron.db.ovn_revision_numbers_db [None req-3c2fdeab-4c4e-4374-8ca5-456607553c4e d54ab789ab764360a301b092e529a1de 944992dde62c4080abe7a663032008a4 - - default default] Successfully bumped revision number for resource 2f4dcd91-6f02-4ac0-8fcc-e2fff17c8a96 (type: ports) to 1
2026-07-14 19:07:57.066 9 INFO neutron.db.ovn_revision_numbers_db [None req-37ecb135-d420-4743-91df-f5383e4a6bd3 - - - - - -] Successfully bumped revision number for resource 2ebe8a22-1756-4f57-ae50-ed49e5d45f27 (type: ports) to 4
2026-07-14 19:07:57.321 8 INFO neutron.db.ovn_revision_numbers_db [None req-bcf6563e-472c-444a-a7a1-83e87d134153 - - - - - -] Successfully bumped revision number for resource ae6076a5-eeb3-48ae-9ace-4f70fabab87c (type: ports) to 4
2026-07-14 19:07:57.698 8 INFO neutron.db.ovn_revision_numbers_db [None req-fe20e1be-613f-4b5a-90bd-38d177671f12 - - - - - -] Successfully bumped revision number for resource 45ac766e-cf24-40b4-a9c1-1f8e36f5e73b (type: ports) to 2
2026-07-14 19:07:57.758 8 INFO neutron.db.ovn_revision_numbers_db [None req-fe20e1be-613f-4b5a-90bd-38d177671f12 - - - - - -] Successfully bumped revision number for resource 60228116-d6bd-4a95-bb77-3fd24be420ad (type: subnets) to 0
2026-07-14 19:07:57.777 8 INFO neutron.api.wsgi [None req-6a83fee1-01cf-4a49-8eaa-1c8c09ef21a8 d54ab789ab764360a301b092e529a1de 944992dde62c4080abe7a663032008a4 - - default default] 10.0.0.106 "POST /v2.0/subnets HTTP/1.1" status: 201 len: 883 time: 1.4069223
2026-07-14 19:07:57.814 9 INFO neutron.plugins.ml2.drivers.ovn.mech_driver.mech_driver [None req-d506ecec-8e6c-4d6d-9ec6-a9a4cc74a041 - - - - - -] OVN reports status up for port: bdc1c0bd-c995-4fe9-888c-cf70ed763e5f
2026-07-14 19:07:57.826 8 INFO neutron.db.ovn_revision_numbers_db [None req-bcf6563e-472c-444a-a7a1-83e87d134153 - - - - - -] Successfully bumped revision number for resource ae6076a5-eeb3-48ae-9ace-4f70fabab87c (type: ports) to 5
2026-07-14 19:07:57.864 9 INFO neutron.db.ovn_revision_numbers_db [None req-37ecb135-d420-4743-91df-f5383e4a6bd3 - - - - - -] Successfully bumped revision number for resource 2ebe8a22-1756-4f57-ae50-ed49e5d45f27 (type: ports) to 5
2026-07-14 19:07:57.886 9 INFO neutron.plugins.ml2.plugin [None req-d506ecec-8e6c-4d6d-9ec6-a9a4cc74a041 - - - - - -] Attempt 1 to provision port bdc1c0bd-c995-4fe9-888c-cf70ed763e5f
2026-07-14 19:07:57.914 8 INFO neutron.db.ovn_revision_numbers_db [None req-3c2fdeab-4c4e-4374-8ca5-456607553c4e d54ab789ab764360a301b092e529a1de 944992dde62c4080abe7a663032008a4 - - default default] Successfully bumped revision number for resource 2f4dcd91-6f02-4ac0-8fcc-e2fff17c8a96 (type: ports) to 1
2026-07-14 19:07:57.978 8 WARNING neutron.scheduler.dhcp_agent_scheduler [None req-3c2fdeab-4c4e-4374-8ca5-456607553c4e d54ab789ab764360a301b092e529a1de 944992dde62c4080abe7a663032008a4 - - default default] No more DHCP agents
2026-07-14 19:07:57.980 8 WARNING neutron.api.rpc.agentnotifiers.dhcp_rpc_agent_api [None req-3c2fdeab-4c4e-4374-8ca5-456607553c4e d54ab789ab764360a301b092e529a1de 944992dde62c4080abe7a663032008a4 - - default default] Unable to schedule network aa95abf4-a96e-4c3c-90e9-d6f14f6862d8: no agents available; will retry on subsequent port and subnet creation events.
2026-07-14 19:07:58.093 9 INFO neutron.db.ovn_revision_numbers_db [None req-78320f44-35a7-4598-9e0d-d766df83f4c5 d54ab789ab764360a301b092e529a1de 944992dde62c4080abe7a663032008a4 - - default default] Successfully bumped revision number for resource 1111174d-56ae-4a08-a390-949a55ba3505 (type: ports) to 1
2026-07-14 19:07:58.113 9 INFO neutron.plugins.ml2.drivers.ovn.mech_driver.ovsdb.ovsdb_monitor [None req-37ecb135-d420-4743-91df-f5383e4a6bd3 - - - - - -] Router 4c2a9437-fba1-4433-a0c1-c840a9e80278 is bound to host instance
2026-07-14 19:07:58.182 9 INFO neutron.db.ovn_revision_numbers_db [None req-1ea04302-f390-40c6-94be-28bd528dd179 d54ab789ab764360a301b092e529a1de 944992dde62c4080abe7a663032008a4 - - default default] Successfully bumped revision number for resource 0f901345-9c54-4cc8-9caf-9f64f9d0f54c (type: ports) to 1
2026-07-14 19:07:58.237 9 WARNING neutron.scheduler.dhcp_agent_scheduler [None req-78320f44-35a7-4598-9e0d-d766df83f4c5 d54ab789ab764360a301b092e529a1de 944992dde62c4080abe7a663032008a4 - - default default] No more DHCP agents
2026-07-14 19:07:58.242 9 WARNING neutron.api.rpc.agentnotifiers.dhcp_rpc_agent_api [None req-78320f44-35a7-4598-9e0d-d766df83f4c5 d54ab789ab764360a301b092e529a1de 944992dde62c4080abe7a663032008a4 - - default default] Unable to schedule network 4ffd7bee-f668-49fb-a745-acf6708f841c: no agents available; will retry on subsequent port and subnet creation events.
2026-07-14 19:07:58.335 9 WARNING neutron.scheduler.dhcp_agent_scheduler [None req-1ea04302-f390-40c6-94be-28bd528dd179 d54ab789ab764360a301b092e529a1de 944992dde62c4080abe7a663032008a4 - - default default] No more DHCP agents
2026-07-14 19:07:58.341 9 WARNING neutron.api.rpc.agentnotifiers.dhcp_rpc_agent_api [None req-1ea04302-f390-40c6-94be-28bd528dd179 d54ab789ab764360a301b092e529a1de 944992dde62c4080abe7a663032008a4 - - default default] Unable to schedule network 6664f30f-2fab-4978-82dc-38a1e52270be: no agents available; will retry on subsequent port and subnet creation events.
2026-07-14 19:07:58.641 8 INFO neutron.db.ovn_revision_numbers_db [None req-3c2fdeab-4c4e-4374-8ca5-456607553c4e d54ab789ab764360a301b092e529a1de 944992dde62c4080abe7a663032008a4 - - default default] Successfully bumped revision number for resource 2f4dcd91-6f02-4ac0-8fcc-e2fff17c8a96 (type: router_ports) to 1
2026-07-14 19:07:58.646 8 INFO neutron.api.wsgi [None req-3c2fdeab-4c4e-4374-8ca5-456607553c4e d54ab789ab764360a301b092e529a1de 944992dde62c4080abe7a663032008a4 - - default default] 10.0.0.106 "PUT /v2.0/routers/c8603c79-5bc7-4f63-bc72-cdc27d3b5e99/add_router_interface HTTP/1.1" status: 200 len: 503 time: 2.8001504
2026-07-14 19:07:58.827 9 WARNING neutron.scheduler.dhcp_agent_scheduler [None req-3fae452c-9cf0-44eb-b33b-b790228e4ad8 d54ab789ab764360a301b092e529a1de 944992dde62c4080abe7a663032008a4 - - default default] No more DHCP agents
2026-07-14 19:07:58.830 9 WARNING neutron.api.rpc.agentnotifiers.dhcp_rpc_agent_api [None req-3fae452c-9cf0-44eb-b33b-b790228e4ad8 d54ab789ab764360a301b092e529a1de 944992dde62c4080abe7a663032008a4 - - default default] Unable to schedule network 20039a72-e184-4592-8a6e-542253372dc2: no agents available; will retry on subsequent port and subnet creation events.
2026-07-14 19:07:59.116 9 INFO neutron.db.ovn_revision_numbers_db [None req-3fae452c-9cf0-44eb-b33b-b790228e4ad8 d54ab789ab764360a301b092e529a1de 944992dde62c4080abe7a663032008a4 - - default default] Successfully bumped revision number for resource 1588419b-7305-4992-9f80-12549f0fc3af (type: ports) to 1
2026-07-14 19:07:59.213 9 INFO neutron.db.ovn_revision_numbers_db [None req-193e6aac-1eab-4806-bfc3-08837fe341e4 - - - - - -] Successfully bumped revision number for resource bdc1c0bd-c995-4fe9-888c-cf70ed763e5f (type: ports) to 1
2026-07-14 19:07:59.237 8 WARNING neutron_lib.context [None req-15e7ee24-8239-4446-88bd-d5fdea2a9265 ccecef04dec244498df16747d8cf3787 90e1805ffada4e57b28965245744cd29 - - default default] Method 'is_advsvc' is deprecated since 2023.2 release (neutron-lib 3.8.0) and will be removed once support for the old RBAC API policies will be removed from Neutron. Please use method 'is_service_role' instead.
2026-07-14 19:07:59.352 8 INFO neutron.db.ovn_revision_numbers_db [None req-15e7ee24-8239-4446-88bd-d5fdea2a9265 ccecef04dec244498df16747d8cf3787 90e1805ffada4e57b28965245744cd29 - - default default] Successfully bumped revision number for resource be182afb-51ea-4d46-8f5c-2df8b766aa8f (type: security_groups) to 1
2026-07-14 19:07:59.364 8 INFO neutron.db.ovn_revision_numbers_db [None req-15e7ee24-8239-4446-88bd-d5fdea2a9265 ccecef04dec244498df16747d8cf3787 90e1805ffada4e57b28965245744cd29 - - default default] Successfully bumped revision number for resource 3f6eaa09-1b0c-4c1e-b499-1f82288bf957 (type: security_group_rules) to 0
2026-07-14 19:07:59.377 8 INFO neutron.db.ovn_revision_numbers_db [None req-15e7ee24-8239-4446-88bd-d5fdea2a9265 ccecef04dec244498df16747d8cf3787 90e1805ffada4e57b28965245744cd29 - - default default] Successfully bumped revision number for resource 8f904dc8-0877-4f78-9092-5b34235d2353 (type: security_group_rules) to 0
2026-07-14 19:07:59.419 8 INFO neutron.api.wsgi [None req-15e7ee24-8239-4446-88bd-d5fdea2a9265 ccecef04dec244498df16747d8cf3787 90e1805ffada4e57b28965245744cd29 - - default default] 10.0.0.106 "POST /v2.0/security-groups HTTP/1.1" status: 201 len: 1859 time: 0.1873803
2026-07-14 19:07:59.428 8 WARNING neutron_lib.context [None req-36b0f85f-3976-4ab0-a575-b3b0ebfae75f ccecef04dec244498df16747d8cf3787 90e1805ffada4e57b28965245744cd29 - - default default] Method 'is_advsvc' is deprecated since 2023.2 release (neutron-lib 3.8.0) and will be removed once support for the old RBAC API policies will be removed from Neutron. Please use method 'is_service_role' instead.
2026-07-14 19:07:59.557 8 INFO neutron.db.ovn_revision_numbers_db [None req-36b0f85f-3976-4ab0-a575-b3b0ebfae75f ccecef04dec244498df16747d8cf3787 90e1805ffada4e57b28965245744cd29 - - default default] Successfully bumped revision number for resource 8616634d-d793-4b47-bf4a-01f02e169d2b (type: security_group_rules) to 0
2026-07-14 19:07:59.591 8 INFO neutron.api.wsgi [None req-36b0f85f-3976-4ab0-a575-b3b0ebfae75f ccecef04dec244498df16747d8cf3787 90e1805ffada4e57b28965245744cd29 - - default default] 10.0.0.106 "POST /v2.0/security-group-rules HTTP/1.1" status: 201 len: 796 time: 0.1677146
2026-07-14 19:07:59.609 8 WARNING neutron_lib.context [None req-44ad4c48-f594-41d4-a498-a04f7f8466d4 ccecef04dec244498df16747d8cf3787 90e1805ffada4e57b28965245744cd29 - - default default] Method 'is_advsvc' is deprecated since 2023.2 release (neutron-lib 3.8.0) and will be removed once support for the old RBAC API policies will be removed from Neutron. Please use method 'is_service_role' instead.
2026-07-14 19:07:59.726 8 INFO neutron.db.ovn_revision_numbers_db [None req-44ad4c48-f594-41d4-a498-a04f7f8466d4 ccecef04dec244498df16747d8cf3787 90e1805ffada4e57b28965245744cd29 - - default default] Successfully bumped revision number for resource 4e2d6b2b-2a58-499c-82e9-99227a9ae49f (type: security_group_rules) to 0
2026-07-14 19:07:59.758 8 INFO neutron.api.wsgi [None req-44ad4c48-f594-41d4-a498-a04f7f8466d4 ccecef04dec244498df16747d8cf3787 90e1805ffada4e57b28965245744cd29 - - default default] 10.0.0.106 "POST /v2.0/security-group-rules HTTP/1.1" status: 201 len: 801 time: 0.1578419
2026-07-14 19:07:59.766 8 WARNING neutron_lib.context [None req-8929bef8-c7a6-482a-8194-51ef196b0529 ccecef04dec244498df16747d8cf3787 90e1805ffada4e57b28965245744cd29 - - default default] Method 'is_advsvc' is deprecated since 2023.2 release (neutron-lib 3.8.0) and will be removed once support for the old RBAC API policies will be removed from Neutron. Please use method 'is_service_role' instead.
2026-07-14 19:08:00.198 9 INFO neutron.db.ovn_revision_numbers_db [None req-78320f44-35a7-4598-9e0d-d766df83f4c5 d54ab789ab764360a301b092e529a1de 944992dde62c4080abe7a663032008a4 - - default default] Successfully bumped revision number for resource 1111174d-56ae-4a08-a390-949a55ba3505 (type: router_ports) to 1
2026-07-14 19:08:00.208 9 INFO neutron.api.wsgi [None req-78320f44-35a7-4598-9e0d-d766df83f4c5 d54ab789ab764360a301b092e529a1de 944992dde62c4080abe7a663032008a4 - - default default] 10.0.0.106 "PUT /v2.0/routers/4c2a9437-fba1-4433-a0c1-c840a9e80278/add_router_interface HTTP/1.1" status: 200 len: 503 time: 4.7416365
2026-07-14 19:08:00.211 8 WARNING neutron.scheduler.dhcp_agent_scheduler [None req-8929bef8-c7a6-482a-8194-51ef196b0529 ccecef04dec244498df16747d8cf3787 90e1805ffada4e57b28965245744cd29 - - default default] No more DHCP agents
2026-07-14 19:08:00.213 8 WARNING neutron.api.rpc.agentnotifiers.dhcp_rpc_agent_api [None req-8929bef8-c7a6-482a-8194-51ef196b0529 ccecef04dec244498df16747d8cf3787 90e1805ffada4e57b28965245744cd29 - - default default] Unable to schedule network 20039a72-e184-4592-8a6e-542253372dc2: no agents available; will retry on subsequent port and subnet creation events.
2026-07-14 19:08:00.322 9 INFO neutron.db.ovn_revision_numbers_db [None req-1ea04302-f390-40c6-94be-28bd528dd179 d54ab789ab764360a301b092e529a1de 944992dde62c4080abe7a663032008a4 - - default default] Successfully bumped revision number for resource 0f901345-9c54-4cc8-9caf-9f64f9d0f54c (type: router_ports) to 1
2026-07-14 19:08:00.324 9 INFO neutron.plugins.ml2.drivers.ovn.mech_driver.mech_driver [None req-d506ecec-8e6c-4d6d-9ec6-a9a4cc74a041 - - - - - -] OVN reports status up for port: 2f4dcd91-6f02-4ac0-8fcc-e2fff17c8a96
2026-07-14 19:08:00.328 9 INFO neutron.api.wsgi [None req-1ea04302-f390-40c6-94be-28bd528dd179 d54ab789ab764360a301b092e529a1de 944992dde62c4080abe7a663032008a4 - - default default] 10.0.0.106 "PUT /v2.0/routers/22c9fff9-0f7b-47a3-9087-7b46279eab3c/add_router_interface HTTP/1.1" status: 200 len: 503 time: 4.9064412
2026-07-14 19:08:00.328 9 INFO neutron.db.ovn_revision_numbers_db [None req-193e6aac-1eab-4806-bfc3-08837fe341e4 - - - - - -] Successfully bumped revision number for resource bdc1c0bd-c995-4fe9-888c-cf70ed763e5f (type: ports) to 4
2026-07-14 19:08:00.342 9 INFO neutron.plugins.ml2.plugin [None req-d506ecec-8e6c-4d6d-9ec6-a9a4cc74a041 - - - - - -] Attempt 1 to provision port 2f4dcd91-6f02-4ac0-8fcc-e2fff17c8a96
2026-07-14 19:08:00.462 9 INFO neutron.plugins.ml2.drivers.ovn.mech_driver.ovsdb.commands [None req-3322a0e6-c68f-415d-a029-45a615ff93bd - - - - - -] Schedule LRP lrp-1588419b-7305-4992-9f80-12549f0fc3af on gateway 059861b6-8c47-47d7-b903-cc5656c1f4c3 with priority 1
2026-07-14 19:08:00.484 8 INFO neutron.plugins.ml2.drivers.ovn.mech_driver.mech_driver [None req-d03ea41f-5f8f-4554-9642-d9fd0a209787 - - - - - -] OVN reports status up for port: 1588419b-7305-4992-9f80-12549f0fc3af
2026-07-14 19:08:00.493 8 INFO neutron.plugins.ml2.plugin [None req-d03ea41f-5f8f-4554-9642-d9fd0a209787 - - - - - -] Attempt 1 to provision port 1588419b-7305-4992-9f80-12549f0fc3af
2026-07-14 19:08:00.510 8 INFO neutron.plugins.ml2.drivers.ovn.mech_driver.ovsdb.ovsdb_monitor [None req-bcf6563e-472c-444a-a7a1-83e87d134153 - - - - - -] Router af7997be-0da6-44c4-8f22-ed85f4b92350 is bound to host instance
2026-07-14 19:08:00.528 9 INFO neutron.db.ovn_revision_numbers_db [None req-3fae452c-9cf0-44eb-b33b-b790228e4ad8 d54ab789ab764360a301b092e529a1de 944992dde62c4080abe7a663032008a4 - - default default] Successfully bumped revision number for resource 1588419b-7305-4992-9f80-12549f0fc3af (type: router_ports) to 1
2026-07-14 19:08:00.609 8 INFO neutron.api.wsgi [None req-8929bef8-c7a6-482a-8194-51ef196b0529 ccecef04dec244498df16747d8cf3787 90e1805ffada4e57b28965245744cd29 - - default default] 10.0.0.106 "POST /v2.0/floatingips HTTP/1.1" status: 201 len: 751 time: 0.8471513
2026-07-14 19:08:00.643 9 INFO neutron.db.ovn_revision_numbers_db [None req-3fae452c-9cf0-44eb-b33b-b790228e4ad8 d54ab789ab764360a301b092e529a1de 944992dde62c4080abe7a663032008a4 - - default default] Successfully bumped revision number for resource af7997be-0da6-44c4-8f22-ed85f4b92350 (type: routers) to 2
2026-07-14 19:08:00.666 9 INFO neutron.api.wsgi [None req-3fae452c-9cf0-44eb-b33b-b790228e4ad8 d54ab789ab764360a301b092e529a1de 944992dde62c4080abe7a663032008a4 - - default default] 10.0.0.106 "POST /v2.0/routers HTTP/1.1" status: 201 len: 1161 time: 2.8835895
2026-07-14 19:08:00.739 8 WARNING neutron_lib.context [None req-cf23961c-e74a-4a8a-983e-09b7808beddd 921ff8db4ba04499a8745da530589353 14afbf85b66647e6806bf5f36f9aa7a1 - - default default] Method 'is_advsvc' is deprecated since 2023.2 release (neutron-lib 3.8.0) and will be removed once support for the old RBAC API policies will be removed from Neutron. Please use method 'is_service_role' instead.
2026-07-14 19:08:00.823 9 INFO neutron.db.ovn_revision_numbers_db [None req-193e6aac-1eab-4806-bfc3-08837fe341e4 - - - - - -] Successfully bumped revision number for resource bdc1c0bd-c995-4fe9-888c-cf70ed763e5f (type: ports) to 5
2026-07-14 19:08:00.940 9 INFO neutron.db.ovn_revision_numbers_db [None req-d506ecec-8e6c-4d6d-9ec6-a9a4cc74a041 - - - - - -] Successfully bumped revision number for resource 2f4dcd91-6f02-4ac0-8fcc-e2fff17c8a96 (type: ports) to 2
2026-07-14 19:08:01.004 8 INFO neutron.db.ovn_revision_numbers_db [None req-cf23961c-e74a-4a8a-983e-09b7808beddd 921ff8db4ba04499a8745da530589353 14afbf85b66647e6806bf5f36f9aa7a1 - - default default] Successfully bumped revision number for resource 54584840-7fda-4e21-ad13-bb451cd65b07 (type: security_groups) to 1
2026-07-14 19:08:01.059 8 INFO neutron.db.ovn_revision_numbers_db [None req-cf23961c-e74a-4a8a-983e-09b7808beddd 921ff8db4ba04499a8745da530589353 14afbf85b66647e6806bf5f36f9aa7a1 - - default default] Successfully bumped revision number for resource d94181be-bf9e-4a9a-affd-252ee36628cf (type: security_group_rules) to 0
2026-07-14 19:08:01.090 8 INFO neutron.db.ovn_revision_numbers_db [None req-cf23961c-e74a-4a8a-983e-09b7808beddd 921ff8db4ba04499a8745da530589353 14afbf85b66647e6806bf5f36f9aa7a1 - - default default] Successfully bumped revision number for resource f4fe5a73-991f-4ddc-b6b0-9d2cf337bc1e (type: security_group_rules) to 0
2026-07-14 19:08:01.163 8 INFO neutron.api.wsgi [None req-cf23961c-e74a-4a8a-983e-09b7808beddd 921ff8db4ba04499a8745da530589353 14afbf85b66647e6806bf5f36f9aa7a1 - - default default] 10.0.0.106 "POST /v2.0/security-groups HTTP/1.1" status: 201 len: 1860 time: 0.4298067
2026-07-14 19:08:01.180 9 WARNING neutron_lib.context [None req-6e7a600f-a961-40bf-9124-ac530c49feac 921ff8db4ba04499a8745da530589353 14afbf85b66647e6806bf5f36f9aa7a1 - - default default] Method 'is_advsvc' is deprecated since 2023.2 release (neutron-lib 3.8.0) and will be removed once support for the old RBAC API policies will be removed from Neutron. Please use method 'is_service_role' instead.
2026-07-14 19:08:01.209 9 WARNING neutron_lib.context [req-064b8b65-8fc2-41ea-b0e1-715404af20a0 req-c1bf13ae-adf9-470a-90cd-834a306e1abf 35923a0e3a0a4a4ea8a07ab38f01ce81 272bc60cf7484f1ba37be56f32d899b6 - - default default] Method 'is_advsvc' is deprecated since 2023.2 release (neutron-lib 3.8.0) and will be removed once support for the old RBAC API policies will be removed from Neutron. Please use method 'is_service_role' instead.
2026-07-14 19:08:01.257 8 INFO neutron.db.ovn_revision_numbers_db [None req-8cebcf63-5af5-4b72-9029-0be27bba9adb - - - - - -] Successfully bumped revision number for resource 1588419b-7305-4992-9f80-12549f0fc3af (type: ports) to 1
2026-07-14 19:08:01.352 9 INFO neutron.db.ovn_revision_numbers_db [None req-6e7a600f-a961-40bf-9124-ac530c49feac 921ff8db4ba04499a8745da530589353 14afbf85b66647e6806bf5f36f9aa7a1 - - default default] Successfully bumped revision number for resource 869f5bf4-6763-4b52-a128-a0ae6f7b5d03 (type: security_group_rules) to 0
2026-07-14 19:08:01.354 9 INFO neutron.db.ovn_revision_numbers_db [req-064b8b65-8fc2-41ea-b0e1-715404af20a0 req-c1bf13ae-adf9-470a-90cd-834a306e1abf 35923a0e3a0a4a4ea8a07ab38f01ce81 272bc60cf7484f1ba37be56f32d899b6 - - default default] Successfully bumped revision number for resource db0fd82b-a64f-46bb-80b3-71f1259bed80 (type: security_groups) to 1
2026-07-14 19:08:01.373 9 INFO neutron.db.ovn_revision_numbers_db [req-064b8b65-8fc2-41ea-b0e1-715404af20a0 req-c1bf13ae-adf9-470a-90cd-834a306e1abf 35923a0e3a0a4a4ea8a07ab38f01ce81 272bc60cf7484f1ba37be56f32d899b6 - - default default] Successfully bumped revision number for resource 83383285-9c14-4f31-9709-5da56dbb3f89 (type: security_group_rules) to 0
2026-07-14 19:08:01.393 9 INFO neutron.api.wsgi [None req-6e7a600f-a961-40bf-9124-ac530c49feac 921ff8db4ba04499a8745da530589353 14afbf85b66647e6806bf5f36f9aa7a1 - - default default] 10.0.0.106 "POST /v2.0/security-group-rules HTTP/1.1" status: 201 len: 796 time: 0.2201242
2026-07-14 19:08:01.394 9 INFO neutron.db.ovn_revision_numbers_db [req-064b8b65-8fc2-41ea-b0e1-715404af20a0 req-c1bf13ae-adf9-470a-90cd-834a306e1abf 35923a0e3a0a4a4ea8a07ab38f01ce81 272bc60cf7484f1ba37be56f32d899b6 - - default default] Successfully bumped revision number for resource d2399dc5-2136-488d-b12e-65441aa0ed52 (type: security_group_rules) to 0
2026-07-14 19:08:01.402 9 WARNING neutron_lib.context [None req-bd0b2ea5-7b78-4152-a79b-d5d77bb79847 921ff8db4ba04499a8745da530589353 14afbf85b66647e6806bf5f36f9aa7a1 - - default default] Method 'is_advsvc' is deprecated since 2023.2 release (neutron-lib 3.8.0) and will be removed once support for the old RBAC API policies will be removed from Neutron. Please use method 'is_service_role' instead.
2026-07-14 19:08:01.445 9 INFO neutron.api.wsgi [req-064b8b65-8fc2-41ea-b0e1-715404af20a0 req-c1bf13ae-adf9-470a-90cd-834a306e1abf 35923a0e3a0a4a4ea8a07ab38f01ce81 272bc60cf7484f1ba37be56f32d899b6 - - default default] 10.0.0.241 "POST /v2.0/security-groups HTTP/1.1" status: 201 len: 1890 time: 0.3109691
2026-07-14 19:08:01.462 8 WARNING neutron.scheduler.dhcp_agent_scheduler [None req-f097c645-8f23-48c9-867a-d2b6af94d631 d54ab789ab764360a301b092e529a1de 944992dde62c4080abe7a663032008a4 - - default default] No more DHCP agents
2026-07-14 19:08:01.464 8 WARNING neutron.api.rpc.agentnotifiers.dhcp_rpc_agent_api [None req-f097c645-8f23-48c9-867a-d2b6af94d631 d54ab789ab764360a301b092e529a1de 944992dde62c4080abe7a663032008a4 - - default default] Unable to schedule network e904182d-0fb0-4ade-a236-58b7ca88f75a: no agents available; will retry on subsequent port and subnet creation events.
2026-07-14 19:08:01.566 9 INFO neutron.db.ovn_revision_numbers_db [None req-bd0b2ea5-7b78-4152-a79b-d5d77bb79847 921ff8db4ba04499a8745da530589353 14afbf85b66647e6806bf5f36f9aa7a1 - - default default] Successfully bumped revision number for resource 4ccac9ba-ea48-4058-86d3-ad7ee60e716d (type: security_group_rules) to 0
2026-07-14 19:08:01.608 9 INFO neutron.api.wsgi [None req-bd0b2ea5-7b78-4152-a79b-d5d77bb79847 921ff8db4ba04499a8745da530589353 14afbf85b66647e6806bf5f36f9aa7a1 - - default default] 10.0.0.106 "POST /v2.0/security-group-rules HTTP/1.1" status: 201 len: 801 time: 0.2096331
2026-07-14 19:08:01.611 8 INFO neutron.db.ovn_revision_numbers_db [None req-f097c645-8f23-48c9-867a-d2b6af94d631 d54ab789ab764360a301b092e529a1de 944992dde62c4080abe7a663032008a4 - - default default] Successfully bumped revision number for resource 9dad2d76-8b26-4f0e-ada5-ba34249f8ae5 (type: ports) to 1
2026-07-14 19:08:01.621 9 WARNING neutron_lib.context [None req-1bf1f1b4-6808-45af-a959-10970da63175 921ff8db4ba04499a8745da530589353 14afbf85b66647e6806bf5f36f9aa7a1 - - default default] Method 'is_advsvc' is deprecated since 2023.2 release (neutron-lib 3.8.0) and will be removed once support for the old RBAC API policies will be removed from Neutron. Please use method 'is_service_role' instead.
2026-07-14 19:08:01.701 8 INFO neutron.db.ovn_revision_numbers_db [None req-8cebcf63-5af5-4b72-9029-0be27bba9adb - - - - - -] Successfully bumped revision number for resource 1588419b-7305-4992-9f80-12549f0fc3af (type: ports) to 4
2026-07-14 19:08:01.896 8 INFO neutron.api.wsgi [req-b52c86a6-6f51-4aa5-bc07-60fbb18790ed req-3ac88b70-3f6f-4b50-9a22-cc7b56fe1fce 35923a0e3a0a4a4ea8a07ab38f01ce81 272bc60cf7484f1ba37be56f32d899b6 - - default default] 10.0.0.241 "GET /v2.0/security-groups/db0fd82b-a64f-46bb-80b3-71f1259bed80 HTTP/1.1" status: 200 len: 1885 time: 0.0857229
2026-07-14 19:08:01.914 8 WARNING neutron_lib.context [req-b52c86a6-6f51-4aa5-bc07-60fbb18790ed req-c57eb081-d235-416c-8e75-50fa15ae07cf 35923a0e3a0a4a4ea8a07ab38f01ce81 272bc60cf7484f1ba37be56f32d899b6 - - default default] Method 'is_advsvc' is deprecated since 2023.2 release (neutron-lib 3.8.0) and will be removed once support for the old RBAC API policies will be removed from Neutron. Please use method 'is_service_role' instead.
2026-07-14 19:08:02.024 9 WARNING neutron.scheduler.dhcp_agent_scheduler [None req-1bf1f1b4-6808-45af-a959-10970da63175 921ff8db4ba04499a8745da530589353 14afbf85b66647e6806bf5f36f9aa7a1 - - default default] No more DHCP agents
2026-07-14 19:08:02.026 9 WARNING neutron.api.rpc.agentnotifiers.dhcp_rpc_agent_api [None req-1bf1f1b4-6808-45af-a959-10970da63175 921ff8db4ba04499a8745da530589353 14afbf85b66647e6806bf5f36f9aa7a1 - - default default] Unable to schedule network 20039a72-e184-4592-8a6e-542253372dc2: no agents available; will retry on subsequent port and subnet creation events.
2026-07-14 19:08:02.120 8 INFO neutron.db.ovn_revision_numbers_db [req-b52c86a6-6f51-4aa5-bc07-60fbb18790ed req-c57eb081-d235-416c-8e75-50fa15ae07cf 35923a0e3a0a4a4ea8a07ab38f01ce81 272bc60cf7484f1ba37be56f32d899b6 - - default default] Successfully bumped revision number for resource 53b7c145-ece5-4d83-924b-16da99928806 (type: security_group_rules) to 0
2026-07-14 19:08:02.153 8 INFO neutron.db.ovn_revision_numbers_db [None req-8cebcf63-5af5-4b72-9029-0be27bba9adb - - - - - -] Successfully bumped revision number for resource 1588419b-7305-4992-9f80-12549f0fc3af (type: ports) to 5
2026-07-14 19:08:02.169 8 INFO neutron.api.wsgi [req-b52c86a6-6f51-4aa5-bc07-60fbb18790ed req-c57eb081-d235-416c-8e75-50fa15ae07cf 35923a0e3a0a4a4ea8a07ab38f01ce81 272bc60cf7484f1ba37be56f32d899b6 - - default default] 10.0.0.241 "POST /v2.0/security-group-rules HTTP/1.1" status: 201 len: 818 time: 0.2603118
2026-07-14 19:08:02.211 9 WARNING neutron_lib.context [req-39ffec49-ad20-4c4f-963c-ba9e0ba87a19 req-c8d0787a-b0d4-49f2-9d4b-df41d7e4e970 35923a0e3a0a4a4ea8a07ab38f01ce81 272bc60cf7484f1ba37be56f32d899b6 - - default default] Method 'is_advsvc' is deprecated since 2023.2 release (neutron-lib 3.8.0) and will be removed once support for the old RBAC API policies will be removed from Neutron. Please use method 'is_service_role' instead.
2026-07-14 19:08:02.328 8 INFO neutron.db.ovn_revision_numbers_db [None req-f097c645-8f23-48c9-867a-d2b6af94d631 d54ab789ab764360a301b092e529a1de 944992dde62c4080abe7a663032008a4 - - default default] Successfully bumped revision number for resource 9dad2d76-8b26-4f0e-ada5-ba34249f8ae5 (type: ports) to 1
2026-07-14 19:08:02.332 9 INFO neutron.api.wsgi [None req-1bf1f1b4-6808-45af-a959-10970da63175 921ff8db4ba04499a8745da530589353 14afbf85b66647e6806bf5f36f9aa7a1 - - default default] 10.0.0.106 "POST /v2.0/floatingips HTTP/1.1" status: 201 len: 751 time: 0.7180936
2026-07-14 19:08:02.362 9 INFO neutron.db.ovn_revision_numbers_db [req-39ffec49-ad20-4c4f-963c-ba9e0ba87a19 req-c8d0787a-b0d4-49f2-9d4b-df41d7e4e970 35923a0e3a0a4a4ea8a07ab38f01ce81 272bc60cf7484f1ba37be56f32d899b6 - - default default] Successfully bumped revision number for resource 6328fba2-d3ec-4def-97ba-2a06eb22f091 (type: security_groups) to 1
2026-07-14 19:08:02.377 9 INFO neutron.db.ovn_revision_numbers_db [req-39ffec49-ad20-4c4f-963c-ba9e0ba87a19 req-c8d0787a-b0d4-49f2-9d4b-df41d7e4e970 35923a0e3a0a4a4ea8a07ab38f01ce81 272bc60cf7484f1ba37be56f32d899b6 - - default default] Successfully bumped revision number for resource 9f5bf28d-cd35-4e92-8e1e-08547cc7d7a5 (type: security_group_rules) to 0
2026-07-14 19:08:02.391 8 WARNING neutron.scheduler.dhcp_agent_scheduler [None req-f097c645-8f23-48c9-867a-d2b6af94d631 d54ab789ab764360a301b092e529a1de 944992dde62c4080abe7a663032008a4 - - default default] No more DHCP agents
2026-07-14 19:08:02.393 8 WARNING neutron.api.rpc.agentnotifiers.dhcp_rpc_agent_api [None req-f097c645-8f23-48c9-867a-d2b6af94d631 d54ab789ab764360a301b092e529a1de 944992dde62c4080abe7a663032008a4 - - default default] Unable to schedule network e904182d-0fb0-4ade-a236-58b7ca88f75a: no agents available; will retry on subsequent port and subnet creation events.
2026-07-14 19:08:02.395 9 INFO neutron.db.ovn_revision_numbers_db [req-39ffec49-ad20-4c4f-963c-ba9e0ba87a19 req-c8d0787a-b0d4-49f2-9d4b-df41d7e4e970 35923a0e3a0a4a4ea8a07ab38f01ce81 272bc60cf7484f1ba37be56f32d899b6 - - default default] Successfully bumped revision number for resource ddf15b39-3896-4fdf-b7b4-a5b2ef44453a (type: security_group_rules) to 0
2026-07-14 19:08:02.430 9 INFO neutron.api.wsgi [req-39ffec49-ad20-4c4f-963c-ba9e0ba87a19 req-c8d0787a-b0d4-49f2-9d4b-df41d7e4e970 35923a0e3a0a4a4ea8a07ab38f01ce81 272bc60cf7484f1ba37be56f32d899b6 - - default default] 10.0.0.241 "POST /v2.0/security-groups HTTP/1.1" status: 201 len: 1890 time: 0.2267454
2026-07-14 19:08:02.478 8 INFO neutron.api.wsgi [req-c92c53db-0d3d-4982-b667-555a32363da5 req-4c4aa909-7edc-4325-97cd-cbfc9a06a038 35923a0e3a0a4a4ea8a07ab38f01ce81 272bc60cf7484f1ba37be56f32d899b6 - - default default] 10.0.0.241 "GET /v2.0/security-groups/6328fba2-d3ec-4def-97ba-2a06eb22f091 HTTP/1.1" status: 200 len: 1885 time: 0.0271821
2026-07-14 19:08:02.487 8 WARNING neutron_lib.context [req-c92c53db-0d3d-4982-b667-555a32363da5 req-3eedabbe-ecf0-4525-aa90-498dc0edef1d 35923a0e3a0a4a4ea8a07ab38f01ce81 272bc60cf7484f1ba37be56f32d899b6 - - default default] Method 'is_advsvc' is deprecated since 2023.2 release (neutron-lib 3.8.0) and will be removed once support for the old RBAC API policies will be removed from Neutron. Please use method 'is_service_role' instead.
2026-07-14 19:08:02.647 8 INFO neutron.db.ovn_revision_numbers_db [req-c92c53db-0d3d-4982-b667-555a32363da5 req-3eedabbe-ecf0-4525-aa90-498dc0edef1d 35923a0e3a0a4a4ea8a07ab38f01ce81 272bc60cf7484f1ba37be56f32d899b6 - - default default] Successfully bumped revision number for resource 6d26b471-0438-4fb3-a559-73448e7b2dcf (type: security_group_rules) to 0
2026-07-14 19:08:02.797 9 INFO neutron.api.wsgi [req-62845eff-896b-4001-96fb-7d2242549e3d req-b723f94a-ac7d-43c1-b66a-ca55f4a779cf 921ff8db4ba04499a8745da530589353 14afbf85b66647e6806bf5f36f9aa7a1 - - default default] 10.0.0.241 "GET /v2.0/security-groups?name=tempest-securitygroup--1910610289&fields=id&tenant_id=14afbf85b66647e6806bf5f36f9aa7a1 HTTP/1.1" status: 200 len: 267 time: 0.0348172
