2026-07-14 19:08:40.665 9 INFO neutron.api.wsgi [req-d89e9a68-f9d1-477e-b2c4-53725feb625d req-03856899-3560-4a5f-8aa1-5359f4f91613 64cdc5d9c058421f86a927a38585db0a 1f755786a48d4d4ab0dfad4c8baccc73 - - a1d42b11def94b6da85a2b715b2d2bd9 a1d42b11def94b6da85a2b715b2d2bd9] 199.19.213.166 "GET /v2.0/networks/4ffd7bee-f668-49fb-a745-acf6708f841c?fields=provider%3Aphysical_network&fields=provider%3Anetwork_type HTTP/1.1" status: 200 len: 277 time: 0.0797517
2026-07-14 19:08:40.713 9 INFO neutron.api.wsgi [req-51b3dc96-c408-4160-a7a9-edec8fc5740e req-46973671-ffd4-49fa-8db7-aee01c060694 64cdc5d9c058421f86a927a38585db0a 1f755786a48d4d4ab0dfad4c8baccc73 - - a1d42b11def94b6da85a2b715b2d2bd9 a1d42b11def94b6da85a2b715b2d2bd9] 199.19.213.166 "GET /v2.0/networks/743cce40-6b0f-4129-bc32-d448a66425ad?fields=provider%3Aphysical_network&fields=provider%3Anetwork_type HTTP/1.1" status: 200 len: 277 time: 0.0704119
2026-07-14 19:08:40.791 8 INFO neutron.db.ovn_revision_numbers_db [None req-0345a2e6-c955-4cf9-8a6a-14df15f4fbd6 - - - - - -] Successfully bumped revision number for resource 74f118d8-5be0-4e88-9a32-165dfac9197f (type: ports) to 4
2026-07-14 19:08:40.817 9 WARNING neutron.scheduler.dhcp_agent_scheduler [None req-046f2364-251f-4d3c-a1bd-54927eac9cac d54ab789ab764360a301b092e529a1de 944992dde62c4080abe7a663032008a4 - - default default] No more DHCP agents
2026-07-14 19:08:40.819 9 WARNING neutron.api.rpc.agentnotifiers.dhcp_rpc_agent_api [None req-046f2364-251f-4d3c-a1bd-54927eac9cac d54ab789ab764360a301b092e529a1de 944992dde62c4080abe7a663032008a4 - - default default] Unable to schedule network 3f26ca63-b2d2-4ecb-ac93-0bd0377e544a: no agents available; will retry on subsequent port and subnet creation events.
2026-07-14 19:08:40.939 9 INFO neutron.db.ovn_revision_numbers_db [None req-046f2364-251f-4d3c-a1bd-54927eac9cac d54ab789ab764360a301b092e529a1de 944992dde62c4080abe7a663032008a4 - - default default] Successfully bumped revision number for resource 52769661-27a6-454c-aad9-e436f4c02731 (type: ports) to 1
2026-07-14 19:08:41.098 8 INFO neutron.db.ovn_revision_numbers_db [None req-0345a2e6-c955-4cf9-8a6a-14df15f4fbd6 - - - - - -] Successfully bumped revision number for resource 74f118d8-5be0-4e88-9a32-165dfac9197f (type: ports) to 5
2026-07-14 19:08:41.500 8 INFO neutron.plugins.ml2.drivers.ovn.mech_driver.mech_driver [None req-cf9b6cbc-0762-427d-a29d-316efa1aefec - - - - - -] OVN reports status up for port: 52769661-27a6-454c-aad9-e436f4c02731
2026-07-14 19:08:41.508 8 INFO neutron.plugins.ml2.plugin [None req-cf9b6cbc-0762-427d-a29d-316efa1aefec - - - - - -] Attempt 1 to provision port 52769661-27a6-454c-aad9-e436f4c02731
2026-07-14 19:08:41.534 9 INFO neutron.db.ovn_revision_numbers_db [None req-046f2364-251f-4d3c-a1bd-54927eac9cac d54ab789ab764360a301b092e529a1de 944992dde62c4080abe7a663032008a4 - - default default] Successfully bumped revision number for resource 52769661-27a6-454c-aad9-e436f4c02731 (type: ports) to 1
2026-07-14 19:08:41.589 9 WARNING neutron.scheduler.dhcp_agent_scheduler [None req-046f2364-251f-4d3c-a1bd-54927eac9cac d54ab789ab764360a301b092e529a1de 944992dde62c4080abe7a663032008a4 - - default default] No more DHCP agents
2026-07-14 19:08:41.592 9 WARNING neutron.api.rpc.agentnotifiers.dhcp_rpc_agent_api [None req-046f2364-251f-4d3c-a1bd-54927eac9cac d54ab789ab764360a301b092e529a1de 944992dde62c4080abe7a663032008a4 - - default default] Unable to schedule network 3f26ca63-b2d2-4ecb-ac93-0bd0377e544a: no agents available; will retry on subsequent port and subnet creation events.
2026-07-14 19:08:41.710 9 INFO neutron.api.wsgi [req-ba2fd723-268c-4750-b436-c179e832a5e6 req-ea434e61-4b06-4b2b-8257-dce8de1a4eec 921ff8db4ba04499a8745da530589353 14afbf85b66647e6806bf5f36f9aa7a1 - - default default] 10.0.0.241 "GET /v2.0/ports?device_id=5d49ae50-7dbd-4cbc-9842-8d802fe19011 HTTP/1.1" status: 200 len: 1348 time: 0.0475695
2026-07-14 19:08:41.714 8 INFO neutron.api.wsgi [req-7400f101-50fa-4860-82ca-af00e2e0cc10 req-e8cfd152-f570-4cfd-add7-72accd7d707f 117d0fbf84e14137a7770834a6e8f6ac 8ac5237dca0a463e95304f76c84231fb - - default default] 10.0.0.241 "GET /v2.0/ports?device_id=08633adb-d37c-4fc6-af93-8bba662a6ae0 HTTP/1.1" status: 200 len: 1172 time: 0.0515826
2026-07-14 19:08:41.741 9 INFO neutron.api.wsgi [req-4d0ae776-6304-49f1-bafa-4fddaf6d4ea3 req-39545c42-e762-4853-8af4-6c0f60508493 64cdc5d9c058421f86a927a38585db0a 1f755786a48d4d4ab0dfad4c8baccc73 - - a1d42b11def94b6da85a2b715b2d2bd9 a1d42b11def94b6da85a2b715b2d2bd9] 199.19.213.166 "GET /v2.0/ports?tenant_id=14afbf85b66647e6806bf5f36f9aa7a1&device_id=5d49ae50-7dbd-4cbc-9842-8d802fe19011 HTTP/1.1" status: 200 len: 1586 time: 0.0531855
2026-07-14 19:08:41.772 8 INFO neutron.api.wsgi [req-7400f101-50fa-4860-82ca-af00e2e0cc10 req-2eabadff-7222-4a53-92d5-f06eaf934968 117d0fbf84e14137a7770834a6e8f6ac 8ac5237dca0a463e95304f76c84231fb - - default default] 10.0.0.241 "GET /v2.0/security-groups?id=5e2b5b37-0f56-4d6e-b456-9b68d43f5a2b&fields=id&fields=name HTTP/1.1" status: 200 len: 312 time: 0.0502462
2026-07-14 19:08:41.774 8 INFO neutron.db.ovn_revision_numbers_db [None req-21c1e533-4fc7-45e3-a47b-7dc48a1d6099 d54ab789ab764360a301b092e529a1de 944992dde62c4080abe7a663032008a4 - - default default] Successfully bumped revision number for resource 0a761973-865b-40db-8f23-ed2ce639b573 (type: security_groups) to 1
2026-07-14 19:08:41.781 9 INFO neutron.api.wsgi [req-ba2fd723-268c-4750-b436-c179e832a5e6 req-3a21ac62-70fc-478c-af6b-7c26365e9c48 921ff8db4ba04499a8745da530589353 14afbf85b66647e6806bf5f36f9aa7a1 - - default default] 10.0.0.241 "GET /v2.0/security-groups?id=54584840-7fda-4e21-ad13-bb451cd65b07&fields=id&fields=name HTTP/1.1" status: 200 len: 313 time: 0.0646355
2026-07-14 19:08:41.789 8 INFO neutron.db.ovn_revision_numbers_db [None req-21c1e533-4fc7-45e3-a47b-7dc48a1d6099 d54ab789ab764360a301b092e529a1de 944992dde62c4080abe7a663032008a4 - - default default] Successfully bumped revision number for resource 321f62cd-64eb-4be7-aae0-5f50cd56f9d9 (type: security_group_rules) to 0
2026-07-14 19:08:41.802 9 INFO neutron.api.wsgi [req-4d0ae776-6304-49f1-bafa-4fddaf6d4ea3 req-905e5cd2-39c4-4c3e-b162-4387c262a8e5 64cdc5d9c058421f86a927a38585db0a 1f755786a48d4d4ab0dfad4c8baccc73 - - a1d42b11def94b6da85a2b715b2d2bd9 a1d42b11def94b6da85a2b715b2d2bd9] 199.19.213.166 "GET /v2.0/networks?id=4ffd7bee-f668-49fb-a745-acf6708f841c HTTP/1.1" status: 200 len: 981 time: 0.0546227
2026-07-14 19:08:41.814 8 INFO neutron.db.ovn_revision_numbers_db [None req-21c1e533-4fc7-45e3-a47b-7dc48a1d6099 d54ab789ab764360a301b092e529a1de 944992dde62c4080abe7a663032008a4 - - default default] Successfully bumped revision number for resource 55697bcb-cd2c-4186-8d2e-efcb6d5c4098 (type: security_group_rules) to 0
2026-07-14 19:08:41.829 8 INFO neutron.db.ovn_revision_numbers_db [None req-21c1e533-4fc7-45e3-a47b-7dc48a1d6099 d54ab789ab764360a301b092e529a1de 944992dde62c4080abe7a663032008a4 - - default default] Successfully bumped revision number for resource 88de9148-7ee3-4744-8357-c88ca3b68dfe (type: security_group_rules) to 0
2026-07-14 19:08:41.842 8 INFO neutron.db.ovn_revision_numbers_db [None req-21c1e533-4fc7-45e3-a47b-7dc48a1d6099 d54ab789ab764360a301b092e529a1de 944992dde62c4080abe7a663032008a4 - - default default] Successfully bumped revision number for resource a68d663e-e108-422b-a1e0-fe19354fdc56 (type: security_group_rules) to 0
2026-07-14 19:08:41.850 9 INFO neutron.api.wsgi [req-4d0ae776-6304-49f1-bafa-4fddaf6d4ea3 req-8d3c8a88-a8a9-4a06-8cc4-8aa371fce63c 64cdc5d9c058421f86a927a38585db0a 1f755786a48d4d4ab0dfad4c8baccc73 - - a1d42b11def94b6da85a2b715b2d2bd9 a1d42b11def94b6da85a2b715b2d2bd9] 199.19.213.166 "GET /v2.0/floatingips?fixed_ip_address=10.100.0.5&port_id=fee55906-1c2a-4c5d-952b-fd83433111f3 HTTP/1.1" status: 200 len: 1059 time: 0.0423000
2026-07-14 19:08:41.876 9 INFO neutron.api.wsgi [req-4d0ae776-6304-49f1-bafa-4fddaf6d4ea3 req-d4c29d67-3257-4465-aa64-834c3933fc59 64cdc5d9c058421f86a927a38585db0a 1f755786a48d4d4ab0dfad4c8baccc73 - - a1d42b11def94b6da85a2b715b2d2bd9 a1d42b11def94b6da85a2b715b2d2bd9] 199.19.213.166 "GET /v2.0/floatingips?fixed_ip_address=10.100.0.8&port_id=fee55906-1c2a-4c5d-952b-fd83433111f3 HTTP/1.1" status: 200 len: 217 time: 0.0228350
2026-07-14 19:08:41.901 8 INFO neutron.api.wsgi [None req-21c1e533-4fc7-45e3-a47b-7dc48a1d6099 d54ab789ab764360a301b092e529a1de 944992dde62c4080abe7a663032008a4 - - default default] 10.0.0.106 "GET /v2.0/security-groups?tenant_id=791fdbc581744678a2d7804bb2b0f244&name=default HTTP/1.1" status: 200 len: 3120 time: 0.4939711
2026-07-14 19:08:41.912 9 INFO neutron.api.wsgi [req-4d0ae776-6304-49f1-bafa-4fddaf6d4ea3 req-4d541a39-719a-4fef-8571-6af216cff0c2 64cdc5d9c058421f86a927a38585db0a 1f755786a48d4d4ab0dfad4c8baccc73 - - a1d42b11def94b6da85a2b715b2d2bd9 a1d42b11def94b6da85a2b715b2d2bd9] 199.19.213.166 "GET /v2.0/subnets?id=a768bc7e-13a6-412e-b4b0-8aabcb3c8223 HTTP/1.1" status: 200 len: 900 time: 0.0306652
2026-07-14 19:08:41.939 9 INFO neutron.api.wsgi [req-4d0ae776-6304-49f1-bafa-4fddaf6d4ea3 req-11131305-595f-4370-bde3-36088d10aeb8 64cdc5d9c058421f86a927a38585db0a 1f755786a48d4d4ab0dfad4c8baccc73 - - a1d42b11def94b6da85a2b715b2d2bd9 a1d42b11def94b6da85a2b715b2d2bd9] 199.19.213.166 "GET /v2.0/ports?network_id=4ffd7bee-f668-49fb-a745-acf6708f841c&device_owner=network%3Adhcp HTTP/1.1" status: 200 len: 210 time: 0.0237687
2026-07-14 19:08:41.981 8 INFO neutron.db.ovn_revision_numbers_db [None req-cf9b6cbc-0762-427d-a29d-316efa1aefec - - - - - -] Successfully bumped revision number for resource 52769661-27a6-454c-aad9-e436f4c02731 (type: ports) to 2
2026-07-14 19:08:41.999 9 INFO neutron.api.wsgi [req-4d0ae776-6304-49f1-bafa-4fddaf6d4ea3 req-57aaf020-5c1e-429d-b938-48552d3fcc64 64cdc5d9c058421f86a927a38585db0a 1f755786a48d4d4ab0dfad4c8baccc73 - - a1d42b11def94b6da85a2b715b2d2bd9 a1d42b11def94b6da85a2b715b2d2bd9] 199.19.213.166 "GET /v2.0/networks/4ffd7bee-f668-49fb-a745-acf6708f841c?fields=segments HTTP/1.1" status: 200 len: 212 time: 0.0487611
2026-07-14 19:08:42.067 9 INFO neutron.api.wsgi [req-4d0ae776-6304-49f1-bafa-4fddaf6d4ea3 req-7485a46a-35ca-4db2-8afd-08111a2764a8 64cdc5d9c058421f86a927a38585db0a 1f755786a48d4d4ab0dfad4c8baccc73 - - a1d42b11def94b6da85a2b715b2d2bd9 a1d42b11def94b6da85a2b715b2d2bd9] 199.19.213.166 "GET /v2.0/networks/4ffd7bee-f668-49fb-a745-acf6708f841c?fields=provider%3Aphysical_network&fields=provider%3Anetwork_type HTTP/1.1" status: 200 len: 277 time: 0.0618348
2026-07-14 19:08:42.163 8 INFO neutron.api.wsgi [None req-135e7a0c-0b2e-41d3-aca9-928baba80b8a d54ab789ab764360a301b092e529a1de 944992dde62c4080abe7a663032008a4 - - default default] 10.0.0.106 "DELETE /v2.0/security-groups/0a761973-865b-40db-8f23-ed2ce639b573 HTTP/1.1" status: 204 len: 168 time: 0.2573051
2026-07-14 19:08:42.382 9 INFO neutron.db.ovn_revision_numbers_db [None req-046f2364-251f-4d3c-a1bd-54927eac9cac d54ab789ab764360a301b092e529a1de 944992dde62c4080abe7a663032008a4 - - default default] Successfully bumped revision number for resource 52769661-27a6-454c-aad9-e436f4c02731 (type: router_ports) to 1
2026-07-14 19:08:42.388 9 INFO neutron.api.wsgi [None req-046f2364-251f-4d3c-a1bd-54927eac9cac d54ab789ab764360a301b092e529a1de 944992dde62c4080abe7a663032008a4 - - default default] 10.0.0.106 "PUT /v2.0/routers/8a2ae16f-bbb1-46a8-8757-83eddf586bf7/add_router_interface HTTP/1.1" status: 200 len: 503 time: 2.2749050
2026-07-14 19:08:42.427 8 INFO neutron.db.ovn_revision_numbers_db [None req-d4880812-71ae-44cf-842c-d7984d76fce5 d54ab789ab764360a301b092e529a1de 944992dde62c4080abe7a663032008a4 - - default default] Successfully bumped revision number for resource a5bbd2b6-a7e9-474f-8953-99091e441234 (type: security_groups) to 1
2026-07-14 19:08:42.439 8 INFO neutron.db.ovn_revision_numbers_db [None req-d4880812-71ae-44cf-842c-d7984d76fce5 d54ab789ab764360a301b092e529a1de 944992dde62c4080abe7a663032008a4 - - default default] Successfully bumped revision number for resource 2a7933d8-2232-4d7c-9e03-1c489accf1b6 (type: security_group_rules) to 0
2026-07-14 19:08:42.451 8 INFO neutron.db.ovn_revision_numbers_db [None req-d4880812-71ae-44cf-842c-d7984d76fce5 d54ab789ab764360a301b092e529a1de 944992dde62c4080abe7a663032008a4 - - default default] Successfully bumped revision number for resource 8598b6fb-1e9a-47dd-9ed1-4571de0fed0d (type: security_group_rules) to 0
2026-07-14 19:08:42.463 8 INFO neutron.db.ovn_revision_numbers_db [None req-d4880812-71ae-44cf-842c-d7984d76fce5 d54ab789ab764360a301b092e529a1de 944992dde62c4080abe7a663032008a4 - - default default] Successfully bumped revision number for resource 9fd546fa-c3d2-44c1-aaa2-50096fd0c010 (type: security_group_rules) to 0
2026-07-14 19:08:42.477 8 INFO neutron.db.ovn_revision_numbers_db [None req-d4880812-71ae-44cf-842c-d7984d76fce5 d54ab789ab764360a301b092e529a1de 944992dde62c4080abe7a663032008a4 - - default default] Successfully bumped revision number for resource a0725064-6d8a-4bf4-b81d-81972d041b48 (type: security_group_rules) to 0
2026-07-14 19:08:42.520 8 INFO neutron.api.wsgi [None req-d4880812-71ae-44cf-842c-d7984d76fce5 d54ab789ab764360a301b092e529a1de 944992dde62c4080abe7a663032008a4 - - default default] 10.0.0.106 "GET /v2.0/security-groups?tenant_id=92e4eec57c0b43cc9e5b223c456d8388&name=default HTTP/1.1" status: 200 len: 3120 time: 0.2523973
2026-07-14 19:08:42.708 9 INFO neutron.api.wsgi [req-0d28734e-861f-4445-ac7f-1753759c402e req-0570e0ca-9974-4c1d-a83d-6f17853572f8 921ff8db4ba04499a8745da530589353 14afbf85b66647e6806bf5f36f9aa7a1 - - default default] 199.19.213.166 "GET /v2.0/ports?device_id=5d49ae50-7dbd-4cbc-9842-8d802fe19011&device_owner=compute%3Anova&fixed_ips=ip_address%3D10.100.0.8 HTTP/1.1" status: 200 len: 1348 time: 0.1330554
2026-07-14 19:08:42.740 8 INFO neutron.api.wsgi [None req-fa8d728b-3342-4978-930d-75da89b2e6e1 d54ab789ab764360a301b092e529a1de 944992dde62c4080abe7a663032008a4 - - default default] 10.0.0.106 "DELETE /v2.0/security-groups/a5bbd2b6-a7e9-474f-8953-99091e441234 HTTP/1.1" status: 204 len: 168 time: 0.2049081
2026-07-14 19:08:42.891 8 INFO neutron.api.wsgi [req-ce3c11f3-7ce9-49bd-bc20-2275917d85a8 req-27c90f3e-3a69-45e7-9de4-efc6d0e2c6fd 117d0fbf84e14137a7770834a6e8f6ac 8ac5237dca0a463e95304f76c84231fb - - default default] 10.0.0.241 "GET /v2.0/ports?device_id=08633adb-d37c-4fc6-af93-8bba662a6ae0 HTTP/1.1" status: 200 len: 1172 time: 0.0548608
2026-07-14 19:08:42.938 8 INFO neutron.api.wsgi [req-ce3c11f3-7ce9-49bd-bc20-2275917d85a8 req-1a0500d0-6e7d-4dcb-95a4-3abb1278bb8a 117d0fbf84e14137a7770834a6e8f6ac 8ac5237dca0a463e95304f76c84231fb - - default default] 10.0.0.241 "GET /v2.0/security-groups?id=5e2b5b37-0f56-4d6e-b456-9b68d43f5a2b&fields=id&fields=name HTTP/1.1" status: 200 len: 312 time: 0.0426195 /var/lib/openstack/lib/python3.12/site-packages/pycadf/identifier.py:71: UserWarning: Invalid uuid: neutron. To ensure interoperability, identifiers should be a valid uuid. warnings.warn(('Invalid uuid: %s. To ensure interoperability, '
2026-07-14 19:08:43.619 9 INFO neutron.api.wsgi [req-eb1cb3b8-3a3f-48b0-84c6-6362c141b7fe req-513fc22e-0a5f-4436-83d6-edcf440a2e12 7cbb34d020b4428cbcdff05c4a8fc61f 2ec08f6d76ee48e280994b0e09fafa65 - - default default] 10.0.0.241 "GET /v2.0/networks?id=3f26ca63-b2d2-4ecb-ac93-0bd0377e544a HTTP/1.1" status: 200 len: 876 time: 0.0723419
2026-07-14 19:08:43.635 9 INFO neutron.api.wsgi [req-eb1cb3b8-3a3f-48b0-84c6-6362c141b7fe req-3ef8af82-a0ea-468f-b5bb-f55237c09490 7cbb34d020b4428cbcdff05c4a8fc61f 2ec08f6d76ee48e280994b0e09fafa65 - - default default] 10.0.0.241 "GET /v2.0/quotas/2ec08f6d76ee48e280994b0e09fafa65 HTTP/1.1" status: 200 len: 491 time: 0.0098746
2026-07-14 19:08:43.638 9 INFO neutron.db.ovn_revision_numbers_db [req-0d28734e-861f-4445-ac7f-1753759c402e req-ec9d551c-3f26-4cfd-ad6c-8744b954d319 921ff8db4ba04499a8745da530589353 14afbf85b66647e6806bf5f36f9aa7a1 - - default default] Successfully bumped revision number for resource fee55906-1c2a-4c5d-952b-fd83433111f3 (type: ports) to 7
2026-07-14 19:08:43.664 9 INFO neutron.api.wsgi [req-0d28734e-861f-4445-ac7f-1753759c402e req-ec9d551c-3f26-4cfd-ad6c-8744b954d319 921ff8db4ba04499a8745da530589353 14afbf85b66647e6806bf5f36f9aa7a1 - - default default] 199.19.213.166 "PUT /v2.0/ports/fee55906-1c2a-4c5d-952b-fd83433111f3 HTTP/1.1" status: 200 len: 1167 time: 0.9532409
2026-07-14 19:08:43.716 9 INFO neutron.notifiers.nova [-] Nova event matching ['req-29dd487e-b7cc-4dd5-b606-b43a378d039c'] response: {'name': 'network-changed', 'server_uuid': '5d49ae50-7dbd-4cbc-9842-8d802fe19011', 'tag': 'fee55906-1c2a-4c5d-952b-fd83433111f3', 'status': 'completed', 'code': 200}
2026-07-14 19:08:43.741 9 INFO neutron.api.wsgi [req-eb1cb3b8-3a3f-48b0-84c6-6362c141b7fe req-993d2a83-86f8-48e3-baa1-14f44f066820 7cbb34d020b4428cbcdff05c4a8fc61f 2ec08f6d76ee48e280994b0e09fafa65 - - default default] 10.0.0.241 "GET /v2.0/ports?tenant_id=2ec08f6d76ee48e280994b0e09fafa65&fields=id HTTP/1.1" status: 200 len: 302 time: 0.1025376
2026-07-14 19:08:43.812 9 INFO neutron.api.wsgi [req-eb1cb3b8-3a3f-48b0-84c6-6362c141b7fe req-9023b970-a13a-4977-8fd2-0a5493a2d4b7 64cdc5d9c058421f86a927a38585db0a 1f755786a48d4d4ab0dfad4c8baccc73 - - a1d42b11def94b6da85a2b715b2d2bd9 a1d42b11def94b6da85a2b715b2d2bd9] 10.0.0.241 "GET /v2.0/networks/3f26ca63-b2d2-4ecb-ac93-0bd0377e544a?fields=segments HTTP/1.1" status: 200 len: 212 time: 0.0621612
2026-07-14 19:08:43.865 9 INFO neutron.api.wsgi [req-eb1cb3b8-3a3f-48b0-84c6-6362c141b7fe req-5e1a9098-20e3-48f9-8c6d-760001cd83dc 64cdc5d9c058421f86a927a38585db0a 1f755786a48d4d4ab0dfad4c8baccc73 - - a1d42b11def94b6da85a2b715b2d2bd9 a1d42b11def94b6da85a2b715b2d2bd9] 10.0.0.241 "GET /v2.0/networks/3f26ca63-b2d2-4ecb-ac93-0bd0377e544a?fields=provider%3Aphysical_network&fields=provider%3Anetwork_type HTTP/1.1" status: 200 len: 277 time: 0.0483260
2026-07-14 19:08:44.013 9 INFO neutron.api.wsgi [req-b6e99eac-e854-4ab2-b4ca-6ac9fb6c44c2 req-8d1434d4-d921-444d-acc7-8bd4baf1a8b0 7cbb34d020b4428cbcdff05c4a8fc61f 2ec08f6d76ee48e280994b0e09fafa65 - - default default] 10.0.0.241 "GET /v2.0/ports?device_id=4dd4906b-3dc1-4b74-8863-b57c6afb4b7a HTTP/1.1" status: 200 len: 210 time: 0.0193350
2026-07-14 19:08:44.149 8 INFO neutron.api.wsgi [req-2ae28382-b9ca-4c3a-bf99-5c3e59e27e71 req-1a1dda7b-63c2-45eb-91f7-4f1e1e1e489c 117d0fbf84e14137a7770834a6e8f6ac 8ac5237dca0a463e95304f76c84231fb - - default default] 10.0.0.241 "GET /v2.0/ports?device_id=08633adb-d37c-4fc6-af93-8bba662a6ae0 HTTP/1.1" status: 200 len: 1172 time: 0.1283360
2026-07-14 19:08:44.195 8 INFO neutron.api.wsgi [req-2ae28382-b9ca-4c3a-bf99-5c3e59e27e71 req-ea75d907-04ef-4420-a3a6-ab339dce90ff 117d0fbf84e14137a7770834a6e8f6ac 8ac5237dca0a463e95304f76c84231fb - - default default] 10.0.0.241 "GET /v2.0/security-groups?id=5e2b5b37-0f56-4d6e-b456-9b68d43f5a2b&fields=id&fields=name HTTP/1.1" status: 200 len: 312 time: 0.0411518
2026-07-14 19:08:44.213 9 INFO neutron.api.wsgi [req-0d28734e-861f-4445-ac7f-1753759c402e req-57d1b256-5a54-4e96-b3a0-651236d69a13 64cdc5d9c058421f86a927a38585db0a 1f755786a48d4d4ab0dfad4c8baccc73 - - a1d42b11def94b6da85a2b715b2d2bd9 a1d42b11def94b6da85a2b715b2d2bd9] 199.19.213.166 "GET /v2.0/ports?tenant_id=14afbf85b66647e6806bf5f36f9aa7a1&device_id=5d49ae50-7dbd-4cbc-9842-8d802fe19011 HTTP/1.1" status: 200 len: 1409 time: 0.0398178
2026-07-14 19:08:44.263 9 INFO neutron.api.wsgi [req-0d28734e-861f-4445-ac7f-1753759c402e req-dd9e128f-de5c-4922-957f-467243b9570e 64cdc5d9c058421f86a927a38585db0a 1f755786a48d4d4ab0dfad4c8baccc73 - - a1d42b11def94b6da85a2b715b2d2bd9 a1d42b11def94b6da85a2b715b2d2bd9] 199.19.213.166 "GET /v2.0/networks?id=4ffd7bee-f668-49fb-a745-acf6708f841c HTTP/1.1" status: 200 len: 981 time: 0.0452139
2026-07-14 19:08:44.313 9 INFO neutron.api.wsgi [req-0d28734e-861f-4445-ac7f-1753759c402e req-04e34dba-f1bd-44dc-aa18-6b4e66bf4d65 64cdc5d9c058421f86a927a38585db0a 1f755786a48d4d4ab0dfad4c8baccc73 - - a1d42b11def94b6da85a2b715b2d2bd9 a1d42b11def94b6da85a2b715b2d2bd9] 199.19.213.166 "GET /v2.0/floatingips?fixed_ip_address=10.100.0.5&port_id=fee55906-1c2a-4c5d-952b-fd83433111f3 HTTP/1.1" status: 200 len: 1059 time: 0.0460508
2026-07-14 19:08:44.344 9 INFO neutron.api.wsgi [req-0d28734e-861f-4445-ac7f-1753759c402e req-2139417b-a015-4542-bddb-012c06f7853d 64cdc5d9c058421f86a927a38585db0a 1f755786a48d4d4ab0dfad4c8baccc73 - - a1d42b11def94b6da85a2b715b2d2bd9 a1d42b11def94b6da85a2b715b2d2bd9] 199.19.213.166 "GET /v2.0/subnets?id=a768bc7e-13a6-412e-b4b0-8aabcb3c8223 HTTP/1.1" status: 200 len: 900 time: 0.0269406
2026-07-14 19:08:44.368 9 INFO neutron.api.wsgi [req-0d28734e-861f-4445-ac7f-1753759c402e req-9d51d2c4-32de-41a7-8644-a9a88e61b3b1 64cdc5d9c058421f86a927a38585db0a 1f755786a48d4d4ab0dfad4c8baccc73 - - a1d42b11def94b6da85a2b715b2d2bd9 a1d42b11def94b6da85a2b715b2d2bd9] 199.19.213.166 "GET /v2.0/ports?network_id=4ffd7bee-f668-49fb-a745-acf6708f841c&device_owner=network%3Adhcp HTTP/1.1" status: 200 len: 210 time: 0.0174584
2026-07-14 19:08:44.431 9 INFO neutron.api.wsgi [req-0d28734e-861f-4445-ac7f-1753759c402e req-db20fa07-8bf8-4f04-a8f2-cb91365eb92b 64cdc5d9c058421f86a927a38585db0a 1f755786a48d4d4ab0dfad4c8baccc73 - - a1d42b11def94b6da85a2b715b2d2bd9 a1d42b11def94b6da85a2b715b2d2bd9] 199.19.213.166 "GET /v2.0/networks/4ffd7bee-f668-49fb-a745-acf6708f841c?fields=segments HTTP/1.1" status: 200 len: 212 time: 0.0567117
2026-07-14 19:08:44.496 9 INFO neutron.api.wsgi [req-0d28734e-861f-4445-ac7f-1753759c402e req-61394fb9-1bcd-4007-b7b1-bc68b5ff5abe 64cdc5d9c058421f86a927a38585db0a 1f755786a48d4d4ab0dfad4c8baccc73 - - a1d42b11def94b6da85a2b715b2d2bd9 a1d42b11def94b6da85a2b715b2d2bd9] 199.19.213.166 "GET /v2.0/networks/4ffd7bee-f668-49fb-a745-acf6708f841c?fields=provider%3Aphysical_network&fields=provider%3Anetwork_type HTTP/1.1" status: 200 len: 277 time: 0.0585597
2026-07-14 19:08:45.085 8 INFO neutron.api.wsgi [req-a17ee06f-e969-4f9f-9136-ffa442abe9c1 req-7565d27e-8d4f-4207-909f-59291490d897 7cbb34d020b4428cbcdff05c4a8fc61f 2ec08f6d76ee48e280994b0e09fafa65 - - default default] 10.0.0.241 "GET /v2.0/ports?device_id=4dd4906b-3dc1-4b74-8863-b57c6afb4b7a HTTP/1.1" status: 200 len: 210 time: 0.0169024
2026-07-14 19:08:45.249 8 INFO neutron.api.wsgi [req-b4c036ab-1f81-427b-b0ec-5530a2abf12b req-bee4cf1a-214d-48e5-965a-bcbff851ba78 921ff8db4ba04499a8745da530589353 14afbf85b66647e6806bf5f36f9aa7a1 - - default default] 10.0.0.241 "GET /v2.0/ports?device_id=5d49ae50-7dbd-4cbc-9842-8d802fe19011 HTTP/1.1" status: 200 len: 1170 time: 0.0698235
2026-07-14 19:08:45.285 8 INFO neutron.api.wsgi [req-b4c036ab-1f81-427b-b0ec-5530a2abf12b req-cc4fb2c7-af57-4552-88c9-ca7fe947554e 921ff8db4ba04499a8745da530589353 14afbf85b66647e6806bf5f36f9aa7a1 - - default default] 10.0.0.241 "GET /v2.0/security-groups?id=54584840-7fda-4e21-ad13-bb451cd65b07&fields=id&fields=name HTTP/1.1" status: 200 len: 313 time: 0.0319202
2026-07-14 19:08:45.344 9 INFO neutron.api.wsgi [req-65d3754b-3e3e-4375-8ec7-9d9289be7c73 req-c3f4eb36-d648-4cbe-b37b-aa9d5e7b7e18 117d0fbf84e14137a7770834a6e8f6ac 8ac5237dca0a463e95304f76c84231fb - - default default] 10.0.0.241 "GET /v2.0/ports?device_id=08633adb-d37c-4fc6-af93-8bba662a6ae0 HTTP/1.1" status: 200 len: 1172 time: 0.0927331
2026-07-14 19:08:45.384 9 INFO neutron.api.wsgi [req-65d3754b-3e3e-4375-8ec7-9d9289be7c73 req-f186bb10-8431-4fa3-8623-a961c45b990c 117d0fbf84e14137a7770834a6e8f6ac 8ac5237dca0a463e95304f76c84231fb - - default default] 10.0.0.241 "GET /v2.0/security-groups?id=5e2b5b37-0f56-4d6e-b456-9b68d43f5a2b&fields=id&fields=name HTTP/1.1" status: 200 len: 312 time: 0.0351388
2026-07-14 19:08:45.581 9 INFO neutron.api.wsgi [req-0a97fd06-c78e-4c91-8e21-18bf9e93d63b req-7338fd57-78ef-472e-b8c8-57c4ed26843d 64cdc5d9c058421f86a927a38585db0a 1f755786a48d4d4ab0dfad4c8baccc73 - - a1d42b11def94b6da85a2b715b2d2bd9 a1d42b11def94b6da85a2b715b2d2bd9] 199.19.213.166 "GET /v2.0/ports?tenant_id=14afbf85b66647e6806bf5f36f9aa7a1&device_id=5d49ae50-7dbd-4cbc-9842-8d802fe19011 HTTP/1.1" status: 200 len: 1409 time: 0.0602603
2026-07-14 19:08:45.727 9 INFO neutron.api.wsgi [req-0a97fd06-c78e-4c91-8e21-18bf9e93d63b req-26d88079-f810-4be4-8270-f167111532c6 64cdc5d9c058421f86a927a38585db0a 1f755786a48d4d4ab0dfad4c8baccc73 - - a1d42b11def94b6da85a2b715b2d2bd9 a1d42b11def94b6da85a2b715b2d2bd9] 199.19.213.166 "GET /v2.0/networks?id=4ffd7bee-f668-49fb-a745-acf6708f841c HTTP/1.1" status: 200 len: 981 time: 0.1409776
2026-07-14 19:08:45.784 9 INFO neutron.api.wsgi [req-0a97fd06-c78e-4c91-8e21-18bf9e93d63b req-28e18ce6-ec52-4a38-bb5d-b18cfe18953d 64cdc5d9c058421f86a927a38585db0a 1f755786a48d4d4ab0dfad4c8baccc73 - - a1d42b11def94b6da85a2b715b2d2bd9 a1d42b11def94b6da85a2b715b2d2bd9] 199.19.213.166 "GET /v2.0/floatingips?fixed_ip_address=10.100.0.5&port_id=fee55906-1c2a-4c5d-952b-fd83433111f3 HTTP/1.1" status: 200 len: 1059 time: 0.0490472
2026-07-14 19:08:45.840 9 INFO neutron.api.wsgi [req-0a97fd06-c78e-4c91-8e21-18bf9e93d63b req-2c30f103-04b6-48d7-8dd0-9b8a47542420 64cdc5d9c058421f86a927a38585db0a 1f755786a48d4d4ab0dfad4c8baccc73 - - a1d42b11def94b6da85a2b715b2d2bd9 a1d42b11def94b6da85a2b715b2d2bd9] 199.19.213.166 "GET /v2.0/subnets?id=a768bc7e-13a6-412e-b4b0-8aabcb3c8223 HTTP/1.1" status: 200 len: 900 time: 0.0514524
2026-07-14 19:08:45.872 9 INFO neutron.api.wsgi [req-0a97fd06-c78e-4c91-8e21-18bf9e93d63b req-63c1de3d-406e-45a3-bd11-54f455498d7b 64cdc5d9c058421f86a927a38585db0a 1f755786a48d4d4ab0dfad4c8baccc73 - - a1d42b11def94b6da85a2b715b2d2bd9 a1d42b11def94b6da85a2b715b2d2bd9] 199.19.213.166 "GET /v2.0/ports?network_id=4ffd7bee-f668-49fb-a745-acf6708f841c&device_owner=network%3Adhcp HTTP/1.1" status: 200 len: 210 time: 0.0244205
2026-07-14 19:08:45.948 9 INFO neutron.api.wsgi [req-0a97fd06-c78e-4c91-8e21-18bf9e93d63b req-8f659704-e3ff-456b-9353-2e142507648d 64cdc5d9c058421f86a927a38585db0a 1f755786a48d4d4ab0dfad4c8baccc73 - - a1d42b11def94b6da85a2b715b2d2bd9 a1d42b11def94b6da85a2b715b2d2bd9] 199.19.213.166 "GET /v2.0/networks/4ffd7bee-f668-49fb-a745-acf6708f841c?fields=segments HTTP/1.1" status: 200 len: 212 time: 0.0711401
2026-07-14 19:08:45.994 9 INFO neutron.api.wsgi [req-0a97fd06-c78e-4c91-8e21-18bf9e93d63b req-e2c0dea0-e2b2-42ee-a86f-72ba3764ca16 64cdc5d9c058421f86a927a38585db0a 1f755786a48d4d4ab0dfad4c8baccc73 - - a1d42b11def94b6da85a2b715b2d2bd9 a1d42b11def94b6da85a2b715b2d2bd9] 199.19.213.166 "GET /v2.0/networks/4ffd7bee-f668-49fb-a745-acf6708f841c?fields=provider%3Aphysical_network&fields=provider%3Anetwork_type HTTP/1.1" status: 200 len: 277 time: 0.0410695
2026-07-14 19:08:46.180 8 INFO neutron.api.wsgi [req-179d1389-346d-45ad-9a61-2f5653d1dc5b req-c9876dfa-5572-47cd-b144-8b4f412d57b8 7cbb34d020b4428cbcdff05c4a8fc61f 2ec08f6d76ee48e280994b0e09fafa65 - - default default] 10.0.0.241 "GET /v2.0/ports?device_id=4dd4906b-3dc1-4b74-8863-b57c6afb4b7a HTTP/1.1" status: 200 len: 210 time: 0.0229764
2026-07-14 19:08:46.403 9 INFO neutron.api.wsgi [req-45cac0f5-0181-43db-9932-42afa50e0677 req-02757afa-fda0-4489-a906-f5116b3c77ee 921ff8db4ba04499a8745da530589353 14afbf85b66647e6806bf5f36f9aa7a1 - - default default] 10.0.0.241 "GET /v2.0/ports?device_id=5d49ae50-7dbd-4cbc-9842-8d802fe19011 HTTP/1.1" status: 200 len: 1170 time: 0.0405436
2026-07-14 19:08:46.456 9 INFO neutron.api.wsgi [req-45cac0f5-0181-43db-9932-42afa50e0677 req-43b82b2f-570d-4aee-bddc-969f331d8891 921ff8db4ba04499a8745da530589353 14afbf85b66647e6806bf5f36f9aa7a1 - - default default] 10.0.0.241 "GET /v2.0/security-groups?id=54584840-7fda-4e21-ad13-bb451cd65b07&fields=id&fields=name HTTP/1.1" status: 200 len: 313 time: 0.0490878
2026-07-14 19:08:46.521 8 INFO neutron.api.wsgi [req-03e0b606-d760-4435-bd38-2dcc32afdaf6 req-7369815b-3520-448f-89cf-471e816a8316 117d0fbf84e14137a7770834a6e8f6ac 8ac5237dca0a463e95304f76c84231fb - - default default] 10.0.0.241 "GET /v2.0/ports?device_id=08633adb-d37c-4fc6-af93-8bba662a6ae0 HTTP/1.1" status: 200 len: 1172 time: 0.0435069
2026-07-14 19:08:46.573 8 INFO neutron.api.wsgi [req-03e0b606-d760-4435-bd38-2dcc32afdaf6 req-e9e03e28-c13d-4886-a566-35da73896cd2 117d0fbf84e14137a7770834a6e8f6ac 8ac5237dca0a463e95304f76c84231fb - - default default] 10.0.0.241 "GET /v2.0/security-groups?id=5e2b5b37-0f56-4d6e-b456-9b68d43f5a2b&fields=id&fields=name HTTP/1.1" status: 200 len: 312 time: 0.0431588
2026-07-14 19:08:46.994 9 INFO neutron.api.wsgi [req-518713c4-bb50-419d-8095-6b1e191e2a4a req-3e47b7f7-2dc0-43e7-9b99-79ee9425922e 921ff8db4ba04499a8745da530589353 14afbf85b66647e6806bf5f36f9aa7a1 - - default default] 199.19.213.166 "GET /v2.0/ports?device_id=5d49ae50-7dbd-4cbc-9842-8d802fe19011 HTTP/1.1" status: 200 len: 1170 time: 0.0378921
2026-07-14 19:08:47.220 8 WARNING neutron.plugins.ml2.drivers.ovn.mech_driver.ovsdb.ovn_client [None req-b2ccb0a7-3bd2-4ec2-b609-cf48f376f84c - - - - - -] No hosting information found for port 52769661-27a6-454c-aad9-e436f4c02731: RuntimeError: No hosting information found for port 52769661-27a6-454c-aad9-e436f4c02731
2026-07-14 19:08:47.258 9 INFO neutron.api.wsgi [req-cf5c0004-88e8-45c7-bdf8-f92e1c7deddf req-be8daac0-df0c-42c2-95be-eb870a0e3206 7cbb34d020b4428cbcdff05c4a8fc61f 2ec08f6d76ee48e280994b0e09fafa65 - - default default] 10.0.0.241 "GET /v2.0/ports?device_id=4dd4906b-3dc1-4b74-8863-b57c6afb4b7a HTTP/1.1" status: 200 len: 210 time: 0.0199625
2026-07-14 19:08:47.291 8 INFO neutron.db.ovn_revision_numbers_db [None req-b2ccb0a7-3bd2-4ec2-b609-cf48f376f84c - - - - - -] Successfully bumped revision number for resource 52769661-27a6-454c-aad9-e436f4c02731 (type: router_ports) to 2
2026-07-14 19:08:47.292 8 INFO neutron.plugins.ml2.drivers.ovn.mech_driver.mech_driver [None req-b2ccb0a7-3bd2-4ec2-b609-cf48f376f84c - - - - - -] OVN reports status up for port: 645ad4d7-ed9b-436b-99c1-a6ee561ed395
2026-07-14 19:08:47.303 8 INFO neutron.plugins.ml2.plugin [None req-b2ccb0a7-3bd2-4ec2-b609-cf48f376f84c - - - - - -] Attempt 1 to provision port 645ad4d7-ed9b-436b-99c1-a6ee561ed395
2026-07-14 19:08:47.358 9 INFO neutron.db.l3_db [req-518713c4-bb50-419d-8095-6b1e191e2a4a req-d25bf248-163a-4c57-943d-144face3ad21 921ff8db4ba04499a8745da530589353 14afbf85b66647e6806bf5f36f9aa7a1 - - default default] Floating IP 1561fbe0-ba55-4006-a013-b28a6e88e78f disassociated. External IP: 10.96.250.202, port: fee55906-1c2a-4c5d-952b-fd83433111f3.
2026-07-14 19:08:47.425 8 INFO neutron.notifiers.nova [-] Nova event matching ['req-0e28f344-3997-48b2-9d90-8cc97ed87ba8'] response: {'server_uuid': '08633adb-d37c-4fc6-af93-8bba662a6ae0', 'name': 'network-vif-plugged', 'status': 'completed', 'tag': '645ad4d7-ed9b-436b-99c1-a6ee561ed395', 'code': 200}
2026-07-14 19:08:47.485 9 INFO neutron.api.wsgi [req-518713c4-bb50-419d-8095-6b1e191e2a4a req-d25bf248-163a-4c57-943d-144face3ad21 921ff8db4ba04499a8745da530589353 14afbf85b66647e6806bf5f36f9aa7a1 - - default default] 199.19.213.166 "DELETE /v2.0/ports/fee55906-1c2a-4c5d-952b-fd83433111f3 HTTP/1.1" status: 204 len: 173 time: 0.4862921
2026-07-14 19:08:47.527 9 INFO neutron.notifiers.nova [-] Nova event matching ['req-d025bea5-1c88-4b08-b3ca-c5b3f7ded74f'] response: {'server_uuid': '5d49ae50-7dbd-4cbc-9842-8d802fe19011', 'name': 'network-vif-deleted', 'tag': 'fee55906-1c2a-4c5d-952b-fd83433111f3', 'status': 'completed', 'code': 200} /var/lib/openstack/lib/python3.12/site-packages/pycadf/identifier.py:71: UserWarning: Invalid uuid: neutron. To ensure interoperability, identifiers should be a valid uuid. warnings.warn(('Invalid uuid: %s. To ensure interoperability, '
2026-07-14 19:08:47.546 8 INFO neutron.db.ovn_revision_numbers_db [None req-b2ccb0a7-3bd2-4ec2-b609-cf48f376f84c - - - - - -] Successfully bumped revision number for resource 645ad4d7-ed9b-436b-99c1-a6ee561ed395 (type: ports) to 5
2026-07-14 19:08:47.549 9 INFO neutron.api.wsgi [req-f0fe6882-e583-473a-882c-c03a8aa6e279 req-2aadf7de-5e96-4a89-b14f-c3c8ab26762c 921ff8db4ba04499a8745da530589353 14afbf85b66647e6806bf5f36f9aa7a1 - - default default] 10.0.0.241 "GET /v2.0/ports?device_id=5d49ae50-7dbd-4cbc-9842-8d802fe19011 HTTP/1.1" status: 200 len: 210 time: 0.0205476
2026-07-14 19:08:47.620 8 INFO neutron.plugins.ml2.drivers.ovn.mech_driver.mech_driver [None req-5b9e279d-46a1-405e-9867-3013cad6c0cd - - - - - -] OVN reports status down for port: fee55906-1c2a-4c5d-952b-fd83433111f3 /var/lib/openstack/lib/python3.12/site-packages/pycadf/identifier.py:71: UserWarning: Invalid uuid: neutron. To ensure interoperability, identifiers should be a valid uuid. warnings.warn(('Invalid uuid: %s. To ensure interoperability, '
2026-07-14 19:08:47.681 8 INFO neutron.api.wsgi [req-cf876007-2efd-41b0-97bf-c5b5f136b693 req-acb77c69-d2ed-40ab-b3f2-1e3d6ada6f10 117d0fbf84e14137a7770834a6e8f6ac 8ac5237dca0a463e95304f76c84231fb - - default default] 10.0.0.241 "GET /v2.0/ports?device_id=08633adb-d37c-4fc6-af93-8bba662a6ae0 HTTP/1.1" status: 200 len: 1174 time: 0.0439966
2026-07-14 19:08:47.717 8 INFO neutron.api.wsgi [req-cf876007-2efd-41b0-97bf-c5b5f136b693 req-4d00eb07-7569-4c70-a159-cfa6292fe7b9 117d0fbf84e14137a7770834a6e8f6ac 8ac5237dca0a463e95304f76c84231fb - - default default] 10.0.0.241 "GET /v2.0/security-groups?id=5e2b5b37-0f56-4d6e-b456-9b68d43f5a2b&fields=id&fields=name HTTP/1.1" status: 200 len: 312 time: 0.0299461
2026-07-14 19:08:48.373 9 INFO neutron.api.wsgi [req-cba3731e-e41f-4292-92c1-518f9ef4bba0 req-d9f42937-4302-4723-814a-d040bcca394a 7cbb34d020b4428cbcdff05c4a8fc61f 2ec08f6d76ee48e280994b0e09fafa65 - - default default] 10.0.0.241 "GET /v2.0/ports?device_id=4dd4906b-3dc1-4b74-8863-b57c6afb4b7a HTTP/1.1" status: 200 len: 210 time: 0.0226231
2026-07-14 19:08:48.434 9 INFO neutron.api.wsgi [req-eb1cb3b8-3a3f-48b0-84c6-6362c141b7fe req-9c42c16d-2e3f-4778-9952-50a8a8eb0b84 7cbb34d020b4428cbcdff05c4a8fc61f 2ec08f6d76ee48e280994b0e09fafa65 - - default default] 199.19.213.166 "GET /v2.0/networks?id=3f26ca63-b2d2-4ecb-ac93-0bd0377e544a HTTP/1.1" status: 200 len: 876 time: 0.0529835
2026-07-14 19:08:48.442 9 WARNING neutron_lib.context [req-eb1cb3b8-3a3f-48b0-84c6-6362c141b7fe req-2401f770-3607-4e50-932f-f42fd06d683e 7cbb34d020b4428cbcdff05c4a8fc61f 2ec08f6d76ee48e280994b0e09fafa65 - - default default] Method 'is_advsvc' is deprecated since 2023.2 release (neutron-lib 3.8.0) and will be removed once support for the old RBAC API policies will be removed from Neutron. Please use method 'is_service_role' instead.
2026-07-14 19:08:48.672 8 INFO neutron.api.wsgi [req-e710358c-35d1-46ca-b627-95ba5b7361a1 req-ea8061ca-772a-4f26-921e-c9a43debfbd6 921ff8db4ba04499a8745da530589353 14afbf85b66647e6806bf5f36f9aa7a1 - - default default] 10.0.0.241 "GET /v2.0/ports?device_id=5d49ae50-7dbd-4cbc-9842-8d802fe19011 HTTP/1.1" status: 200 len: 210 time: 0.0213354 /var/lib/openstack/lib/python3.12/site-packages/pycadf/identifier.py:71: UserWarning: Invalid uuid: neutron. To ensure interoperability, identifiers should be a valid uuid. warnings.warn(('Invalid uuid: %s. To ensure interoperability, '
2026-07-14 19:08:48.832 9 INFO neutron.api.wsgi [req-690a657b-23b0-4d06-b19a-cbad4e8473d5 req-5b61ea9e-739c-47db-9432-a574b1e66d4e 117d0fbf84e14137a7770834a6e8f6ac 8ac5237dca0a463e95304f76c84231fb - - default default] 10.0.0.241 "GET /v2.0/ports?device_id=08633adb-d37c-4fc6-af93-8bba662a6ae0 HTTP/1.1" status: 200 len: 1174 time: 0.0379822
2026-07-14 19:08:48.838 9 WARNING neutron.scheduler.dhcp_agent_scheduler [req-eb1cb3b8-3a3f-48b0-84c6-6362c141b7fe req-2401f770-3607-4e50-932f-f42fd06d683e 7cbb34d020b4428cbcdff05c4a8fc61f 2ec08f6d76ee48e280994b0e09fafa65 - - default default] No more DHCP agents /var/lib/openstack/lib/python3.12/site-packages/pycadf/identifier.py:71: UserWarning: Invalid uuid: neutron. To ensure interoperability, identifiers should be a valid uuid. warnings.warn(('Invalid uuid: %s. To ensure interoperability, '
2026-07-14 19:08:48.842 9 WARNING neutron.api.rpc.agentnotifiers.dhcp_rpc_agent_api [req-eb1cb3b8-3a3f-48b0-84c6-6362c141b7fe req-2401f770-3607-4e50-932f-f42fd06d683e 7cbb34d020b4428cbcdff05c4a8fc61f 2ec08f6d76ee48e280994b0e09fafa65 - - default default] Unable to schedule network 3f26ca63-b2d2-4ecb-ac93-0bd0377e544a: no agents available; will retry on subsequent port and subnet creation events.
2026-07-14 19:08:48.894 9 INFO neutron.api.wsgi [req-690a657b-23b0-4d06-b19a-cbad4e8473d5 req-486512f4-feb1-48c9-8b3d-354642729ffd 117d0fbf84e14137a7770834a6e8f6ac 8ac5237dca0a463e95304f76c84231fb - - default default] 10.0.0.241 "GET /v2.0/security-groups?id=5e2b5b37-0f56-4d6e-b456-9b68d43f5a2b&fields=id&fields=name HTTP/1.1" status: 200 len: 312 time: 0.0575352
2026-07-14 19:08:49.016 9 INFO neutron.db.ovn_revision_numbers_db [req-eb1cb3b8-3a3f-48b0-84c6-6362c141b7fe req-2401f770-3607-4e50-932f-f42fd06d683e 7cbb34d020b4428cbcdff05c4a8fc61f 2ec08f6d76ee48e280994b0e09fafa65 - - default default] Successfully bumped revision number for resource c1bd41d1-3c38-46ac-8083-9e72808ce2db (type: ports) to 1
2026-07-14 19:08:49.059 9 INFO neutron.api.wsgi [req-eb1cb3b8-3a3f-48b0-84c6-6362c141b7fe req-2401f770-3607-4e50-932f-f42fd06d683e 7cbb34d020b4428cbcdff05c4a8fc61f 2ec08f6d76ee48e280994b0e09fafa65 - - default default] 199.19.213.166 "POST /v2.0/ports HTTP/1.1" status: 201 len: 1162 time: 0.6213157
2026-07-14 19:08:49.071 8 INFO neutron.api.wsgi [req-9164a64d-ac19-4ae3-916e-cdcc1e9fdda1 req-b86df84a-821d-4c26-bce7-0076d4ba7193 117d0fbf84e14137a7770834a6e8f6ac 8ac5237dca0a463e95304f76c84231fb - - default default] 10.0.0.241 "GET /v2.0/ports?device_id=08633adb-d37c-4fc6-af93-8bba662a6ae0 HTTP/1.1" status: 200 len: 1174 time: 0.0550361 /var/lib/openstack/lib/python3.12/site-packages/pycadf/identifier.py:71: UserWarning: Invalid uuid: neutron. To ensure interoperability, identifiers should be a valid uuid. warnings.warn(('Invalid uuid: %s. To ensure interoperability, '
2026-07-14 19:08:49.463 8 INFO neutron.notifiers.nova [-] Nova event matching ['req-46c49cf6-cee8-49f1-87bc-cba992b8a1f3'] response: {'server_uuid': '08633adb-d37c-4fc6-af93-8bba662a6ae0', 'name': 'network-vif-plugged', 'status': 'completed', 'tag': '645ad4d7-ed9b-436b-99c1-a6ee561ed395', 'code': 200}
2026-07-14 19:08:49.535 9 INFO neutron.api.wsgi [req-cd7feece-6918-407b-a1f3-0af965035f2c req-e3281d2b-6cfd-4729-8dfd-5866b0d01bfb 7cbb34d020b4428cbcdff05c4a8fc61f 2ec08f6d76ee48e280994b0e09fafa65 - - default default] 10.0.0.241 "GET /v2.0/ports?device_id=4dd4906b-3dc1-4b74-8863-b57c6afb4b7a HTTP/1.1" status: 200 len: 1172 time: 0.0934467
2026-07-14 19:08:49.536 9 INFO neutron.db.ovn_revision_numbers_db [req-eb1cb3b8-3a3f-48b0-84c6-6362c141b7fe req-6ac61dd1-972b-416d-8b62-77adff1142e5 64cdc5d9c058421f86a927a38585db0a 1f755786a48d4d4ab0dfad4c8baccc73 - - a1d42b11def94b6da85a2b715b2d2bd9 a1d42b11def94b6da85a2b715b2d2bd9] Successfully bumped revision number for resource c1bd41d1-3c38-46ac-8083-9e72808ce2db (type: ports) to 2
2026-07-14 19:08:49.590 9 INFO neutron.api.wsgi [req-cd7feece-6918-407b-a1f3-0af965035f2c req-56d1edfa-3409-40af-8e94-4019824251e6 7cbb34d020b4428cbcdff05c4a8fc61f 2ec08f6d76ee48e280994b0e09fafa65 - - default default] 10.0.0.241 "GET /v2.0/security-groups?id=532bb1c5-a147-45d7-931c-52c09cc7167d&fields=id&fields=name HTTP/1.1" status: 200 len: 286 time: 0.0491548
2026-07-14 19:08:49.600 8 INFO neutron.db.ovn_revision_numbers_db [None req-cd8bc00d-6127-4f31-88d8-a648bd535dd2 d54ab789ab764360a301b092e529a1de 944992dde62c4080abe7a663032008a4 - - default default] Successfully bumped revision number for resource e4fee3d5-01bd-48dd-8a4d-0bb8b3ab712b (type: security_groups) to 1
2026-07-14 19:08:49.650 8 INFO neutron.db.ovn_revision_numbers_db [None req-cd8bc00d-6127-4f31-88d8-a648bd535dd2 d54ab789ab764360a301b092e529a1de 944992dde62c4080abe7a663032008a4 - - default default] Successfully bumped revision number for resource 01c289d0-2d8f-4fcf-aec7-5dc5deb969e2 (type: security_group_rules) to 0
2026-07-14 19:08:49.671 8 INFO neutron.db.ovn_revision_numbers_db [None req-cd8bc00d-6127-4f31-88d8-a648bd535dd2 d54ab789ab764360a301b092e529a1de 944992dde62c4080abe7a663032008a4 - - default default] Successfully bumped revision number for resource 16b271d3-b10d-4477-ba35-ac4f51832149 (type: security_group_rules) to 0
2026-07-14 19:08:49.677 8 INFO neutron.db.ovn_revision_numbers_db [None req-99aa3955-eacb-4959-91b9-b33e8a0278f3 117d0fbf84e14137a7770834a6e8f6ac 8ac5237dca0a463e95304f76c84231fb - - default default] Successfully bumped revision number for resource 4e83e087-9766-48df-b99c-9948fd11938a (type: floatingips) to 1
2026-07-14 19:08:49.693 8 INFO neutron.db.ovn_revision_numbers_db [None req-cd8bc00d-6127-4f31-88d8-a648bd535dd2 d54ab789ab764360a301b092e529a1de 944992dde62c4080abe7a663032008a4 - - default default] Successfully bumped revision number for resource 659ae375-f6ee-468d-be64-cb2b3fdcddf0 (type: security_group_rules) to 0
2026-07-14 19:08:49.712 8 INFO neutron.db.ovn_revision_numbers_db [None req-cd8bc00d-6127-4f31-88d8-a648bd535dd2 d54ab789ab764360a301b092e529a1de 944992dde62c4080abe7a663032008a4 - - default default] Successfully bumped revision number for resource 72c2f5d7-f005-4ba3-9133-588f407309e4 (type: security_group_rules) to 0 /var/lib/openstack/lib/python3.12/site-packages/pycadf/identifier.py:71: UserWarning: Invalid uuid: neutron. To ensure interoperability, identifiers should be a valid uuid. warnings.warn(('Invalid uuid: %s. To ensure interoperability, '
2026-07-14 19:08:49.758 8 INFO neutron.api.wsgi [req-4ebe6d18-8cf6-49ea-8305-455b9975cfdd req-9ed4f219-0005-4730-ae1c-4ddff629adb6 921ff8db4ba04499a8745da530589353 14afbf85b66647e6806bf5f36f9aa7a1 - - default default] 10.0.0.241 "GET /v2.0/ports?device_id=5d49ae50-7dbd-4cbc-9842-8d802fe19011 HTTP/1.1" status: 200 len: 210 time: 0.0203574
2026-07-14 19:08:49.777 9 INFO neutron.db.ovn_revision_numbers_db [req-eb1cb3b8-3a3f-48b0-84c6-6362c141b7fe req-6ac61dd1-972b-416d-8b62-77adff1142e5 64cdc5d9c058421f86a927a38585db0a 1f755786a48d4d4ab0dfad4c8baccc73 - - a1d42b11def94b6da85a2b715b2d2bd9 a1d42b11def94b6da85a2b715b2d2bd9] Successfully bumped revision number for resource c1bd41d1-3c38-46ac-8083-9e72808ce2db (type: ports) to 4
2026-07-14 19:08:49.785 8 INFO neutron.api.wsgi [None req-cd8bc00d-6127-4f31-88d8-a648bd535dd2 d54ab789ab764360a301b092e529a1de 944992dde62c4080abe7a663032008a4 - - default default] 10.0.0.106 "GET /v2.0/security-groups?tenant_id=fb73edbbff4b4796a4925d048bce9382&name=default HTTP/1.1" status: 200 len: 3120 time: 0.5241175
2026-07-14 19:08:49.796 9 INFO neutron.api.wsgi [req-eb1cb3b8-3a3f-48b0-84c6-6362c141b7fe req-6ac61dd1-972b-416d-8b62-77adff1142e5 64cdc5d9c058421f86a927a38585db0a 1f755786a48d4d4ab0dfad4c8baccc73 - - a1d42b11def94b6da85a2b715b2d2bd9 a1d42b11def94b6da85a2b715b2d2bd9] 199.19.213.166 "PUT /v2.0/ports/c1bd41d1-3c38-46ac-8083-9e72808ce2db HTTP/1.1" status: 200 len: 1408 time: 0.7257195
2026-07-14 19:08:49.821 8 INFO neutron.db.ovn_revision_numbers_db [None req-99aa3955-eacb-4959-91b9-b33e8a0278f3 117d0fbf84e14137a7770834a6e8f6ac 8ac5237dca0a463e95304f76c84231fb - - default default] Successfully bumped revision number for resource 4e83e087-9766-48df-b99c-9948fd11938a (type: floatingips) to 2
2026-07-14 19:08:49.821 8 INFO neutron.db.l3_db [None req-99aa3955-eacb-4959-91b9-b33e8a0278f3 117d0fbf84e14137a7770834a6e8f6ac 8ac5237dca0a463e95304f76c84231fb - - default default] Floating IP 4e83e087-9766-48df-b99c-9948fd11938a associated. External IP: 10.96.250.217, port: 645ad4d7-ed9b-436b-99c1-a6ee561ed395.
2026-07-14 19:08:49.829 9 INFO neutron.notifiers.nova [-] Nova event matching ['req-19d299e5-9daf-4a2f-8506-18ad3c9571ed'] response: {'name': 'network-changed', 'server_uuid': '4dd4906b-3dc1-4b74-8863-b57c6afb4b7a', 'tag': 'c1bd41d1-3c38-46ac-8083-9e72808ce2db', 'status': 'completed', 'code': 200}
2026-07-14 19:08:49.847 8 INFO neutron.api.wsgi [None req-99aa3955-eacb-4959-91b9-b33e8a0278f3 117d0fbf84e14137a7770834a6e8f6ac 8ac5237dca0a463e95304f76c84231fb - - default default] 10.0.0.106 "PUT /v2.0/floatingips/4e83e087-9766-48df-b99c-9948fd11938a HTTP/1.1" status: 200 len: 1050 time: 0.7663968
2026-07-14 19:08:50.028 8 INFO neutron.api.wsgi [None req-4773f7b4-df9f-4f34-9ad9-8b7a2fcc6725 d54ab789ab764360a301b092e529a1de 944992dde62c4080abe7a663032008a4 - - default default] 10.0.0.106 "DELETE /v2.0/security-groups/e4fee3d5-01bd-48dd-8a4d-0bb8b3ab712b HTTP/1.1" status: 204 len: 168 time: 0.2379649
2026-07-14 19:08:50.248 8 INFO neutron.db.ovn_revision_numbers_db [None req-fcc4cb51-4fb2-41c3-82d4-0841c9190e1c d54ab789ab764360a301b092e529a1de 944992dde62c4080abe7a663032008a4 - - default default] Successfully bumped revision number for resource 9a2797f6-1894-4bce-a576-2dbffba6267d (type: security_groups) to 1
2026-07-14 19:08:50.264 8 INFO neutron.db.ovn_revision_numbers_db [None req-fcc4cb51-4fb2-41c3-82d4-0841c9190e1c d54ab789ab764360a301b092e529a1de 944992dde62c4080abe7a663032008a4 - - default default] Successfully bumped revision number for resource 03906f2d-543a-4797-98b0-8ab8d811bdc3 (type: security_group_rules) to 0
2026-07-14 19:08:50.278 8 INFO neutron.db.ovn_revision_numbers_db [None req-fcc4cb51-4fb2-41c3-82d4-0841c9190e1c d54ab789ab764360a301b092e529a1de 944992dde62c4080abe7a663032008a4 - - default default] Successfully bumped revision number for resource 836d1fdf-0917-44ba-9959-f9cb1c9f9758 (type: security_group_rules) to 0
2026-07-14 19:08:50.292 8 INFO neutron.db.ovn_revision_numbers_db [None req-fcc4cb51-4fb2-41c3-82d4-0841c9190e1c d54ab789ab764360a301b092e529a1de 944992dde62c4080abe7a663032008a4 - - default default] Successfully bumped revision number for resource cbb15f46-08f2-4412-a7f6-c75d01412630 (type: security_group_rules) to 0
2026-07-14 19:08:50.305 8 INFO neutron.db.ovn_revision_numbers_db [None req-fcc4cb51-4fb2-41c3-82d4-0841c9190e1c d54ab789ab764360a301b092e529a1de 944992dde62c4080abe7a663032008a4 - - default default] Successfully bumped revision number for resource fa8e31d1-b009-4092-9c36-79cd8983ab61 (type: security_group_rules) to 0
2026-07-14 19:08:50.339 8 INFO neutron.api.wsgi [None req-fcc4cb51-4fb2-41c3-82d4-0841c9190e1c d54ab789ab764360a301b092e529a1de 944992dde62c4080abe7a663032008a4 - - default default] 10.0.0.106 "GET /v2.0/security-groups?tenant_id=3c42592f9e43411d94bd8ca1ce4a1242&name=default HTTP/1.1" status: 200 len: 3120 time: 0.2154241 /var/lib/openstack/lib/python3.12/site-packages/pycadf/identifier.py:71: UserWarning: Invalid uuid: neutron. To ensure interoperability, identifiers should be a valid uuid. warnings.warn(('Invalid uuid: %s. To ensure interoperability, '
2026-07-14 19:08:50.392 9 INFO neutron.api.wsgi [req-6f049225-73d3-4ee2-8e64-264218fa3d12 req-185c3922-a5a1-4980-afd2-25a509c4b1b5 64cdc5d9c058421f86a927a38585db0a 1f755786a48d4d4ab0dfad4c8baccc73 - - a1d42b11def94b6da85a2b715b2d2bd9 a1d42b11def94b6da85a2b715b2d2bd9] 199.19.213.166 "GET /v2.0/ports?tenant_id=2ec08f6d76ee48e280994b0e09fafa65&device_id=4dd4906b-3dc1-4b74-8863-b57c6afb4b7a HTTP/1.1" status: 200 len: 1411 time: 0.0535090
2026-07-14 19:08:50.452 9 INFO neutron.api.wsgi [req-6f049225-73d3-4ee2-8e64-264218fa3d12 req-252a26ba-1b67-4963-b8e8-88b95128d6a8 64cdc5d9c058421f86a927a38585db0a 1f755786a48d4d4ab0dfad4c8baccc73 - - a1d42b11def94b6da85a2b715b2d2bd9 a1d42b11def94b6da85a2b715b2d2bd9] 199.19.213.166 "GET /v2.0/networks?tenant_id=2ec08f6d76ee48e280994b0e09fafa65&shared=False HTTP/1.1" status: 200 len: 975 time: 0.0441887
2026-07-14 19:08:50.522 9 INFO neutron.api.wsgi [req-6f049225-73d3-4ee2-8e64-264218fa3d12 req-4ba57525-01d6-4636-b73c-185d55437457 64cdc5d9c058421f86a927a38585db0a 1f755786a48d4d4ab0dfad4c8baccc73 - - a1d42b11def94b6da85a2b715b2d2bd9 a1d42b11def94b6da85a2b715b2d2bd9] 199.19.213.166 "GET /v2.0/networks?shared=True HTTP/1.1" status: 200 len: 952 time: 0.0627446
2026-07-14 19:08:50.586 8 INFO neutron.api.wsgi [None req-f0c5be5b-87ea-4391-a46d-8af2071963fb d54ab789ab764360a301b092e529a1de 944992dde62c4080abe7a663032008a4 - - default default] 10.0.0.106 "DELETE /v2.0/security-groups/9a2797f6-1894-4bce-a576-2dbffba6267d HTTP/1.1" status: 204 len: 168 time: 0.2403207
2026-07-14 19:08:50.750 8 INFO neutron.api.wsgi [req-b86296ac-3e54-4f2a-a345-0b977ce50f84 req-90356876-7e95-45a4-aa7b-d670257ba406 7cbb34d020b4428cbcdff05c4a8fc61f 2ec08f6d76ee48e280994b0e09fafa65 - - default default] 10.0.0.241 "GET /v2.0/ports?device_id=4dd4906b-3dc1-4b74-8863-b57c6afb4b7a HTTP/1.1" status: 200 len: 1172 time: 0.0861259
2026-07-14 19:08:50.788 8 INFO neutron.api.wsgi [req-b86296ac-3e54-4f2a-a345-0b977ce50f84 req-ce014804-34e3-470e-9e6d-9dc11e6fb610 7cbb34d020b4428cbcdff05c4a8fc61f 2ec08f6d76ee48e280994b0e09fafa65 - - default default] 10.0.0.241 "GET /v2.0/security-groups?id=532bb1c5-a147-45d7-931c-52c09cc7167d&fields=id&fields=name HTTP/1.1" status: 200 len: 286 time: 0.0331933
2026-07-14 19:08:50.955 9 INFO neutron.api.wsgi [None req-eb85a31d-e471-4ce6-adfe-8f2acc46c231 921ff8db4ba04499a8745da530589353 14afbf85b66647e6806bf5f36f9aa7a1 - - default default] 10.0.0.106 "DELETE /v2.0/security-groups/54584840-7fda-4e21-ad13-bb451cd65b07 HTTP/1.1" status: 204 len: 168 time: 0.1106880
2026-07-14 19:08:50.969 9 INFO neutron.api.v2.resource [None req-ee338613-46d7-4997-b545-01f53859684e 921ff8db4ba04499a8745da530589353 14afbf85b66647e6806bf5f36f9aa7a1 - - default default] show failed (client error): The resource could not be found.
2026-07-14 19:08:50.970 9 INFO neutron.api.wsgi [None req-ee338613-46d7-4997-b545-01f53859684e 921ff8db4ba04499a8745da530589353 14afbf85b66647e6806bf5f36f9aa7a1 - - default default] 10.0.0.106 "GET /v2.0/security-groups/54584840-7fda-4e21-ad13-bb451cd65b07 HTTP/1.1" status: 404 len: 347 time: 0.0096133
2026-07-14 19:08:51.287 9 INFO neutron.api.wsgi [None req-921c9e1e-b30a-4f7a-87c9-6ca569152b64 921ff8db4ba04499a8745da530589353 14afbf85b66647e6806bf5f36f9aa7a1 - - default default] 10.0.0.106 "DELETE /v2.0/floatingips/1561fbe0-ba55-4006-a013-b28a6e88e78f HTTP/1.1" status: 204 len: 168 time: 0.3112562
2026-07-14 19:08:51.509 8 INFO neutron.notifiers.nova [-] Nova event matching ['req-8ed473f8-5645-48fc-8fd1-4c0d9741f279'] response: {'name': 'network-changed', 'server_uuid': '08633adb-d37c-4fc6-af93-8bba662a6ae0', 'tag': '645ad4d7-ed9b-436b-99c1-a6ee561ed395', 'status': 'completed', 'code': 200}
