2026-07-14 19:11:22.960 8 INFO neutron.db.ovn_revision_numbers_db [None req-07a815c9-97b9-4bf4-9d8e-d61e618bd924 d54ab789ab764360a301b092e529a1de 944992dde62c4080abe7a663032008a4 - - default default] Successfully bumped revision number for resource 57d69576-ff09-47a1-9e58-5c0c5813548e (type: security_group_rules) to 0
2026-07-14 19:11:22.975 8 INFO neutron.db.ovn_revision_numbers_db [None req-07a815c9-97b9-4bf4-9d8e-d61e618bd924 d54ab789ab764360a301b092e529a1de 944992dde62c4080abe7a663032008a4 - - default default] Successfully bumped revision number for resource 9826ba8e-07c6-4582-b12c-c3da429f9462 (type: security_group_rules) to 0
2026-07-14 19:11:22.989 8 INFO neutron.db.ovn_revision_numbers_db [None req-07a815c9-97b9-4bf4-9d8e-d61e618bd924 d54ab789ab764360a301b092e529a1de 944992dde62c4080abe7a663032008a4 - - default default] Successfully bumped revision number for resource 9843fb12-d906-4cfb-9153-40cd8c404663 (type: security_group_rules) to 0
2026-07-14 19:11:23.002 8 INFO neutron.db.ovn_revision_numbers_db [None req-07a815c9-97b9-4bf4-9d8e-d61e618bd924 d54ab789ab764360a301b092e529a1de 944992dde62c4080abe7a663032008a4 - - default default] Successfully bumped revision number for resource c11cbaa4-2c73-49e0-954a-21c14986391f (type: security_group_rules) to 0
2026-07-14 19:11:23.039 8 INFO neutron.api.wsgi [None req-07a815c9-97b9-4bf4-9d8e-d61e618bd924 d54ab789ab764360a301b092e529a1de 944992dde62c4080abe7a663032008a4 - - default default] 10.0.0.106 "GET /v2.0/security-groups?tenant_id=f1ef3e78912449b0b2cf5839ccda8f88&name=default HTTP/1.1" status: 200 len: 3120 time: 0.2123694
2026-07-14 19:11:23.186 9 INFO neutron.db.ovn_revision_numbers_db [None req-53927ab9-7ab2-4ee1-9f1a-ee37d6f79672 - - - - - -] Successfully bumped revision number for resource d7113491-0980-47da-bc12-e5edf5d7184d (type: ports) to 2
2026-07-14 19:11:23.274 8 INFO neutron.api.wsgi [None req-e130e67b-41e3-48ea-aac0-298803ec00c7 d54ab789ab764360a301b092e529a1de 944992dde62c4080abe7a663032008a4 - - default default] 10.0.0.106 "DELETE /v2.0/security-groups/cac74027-909d-49ae-87d2-7aa00b624e74 HTTP/1.1" status: 204 len: 168 time: 0.2279592
2026-07-14 19:11:23.549 9 INFO neutron.db.ovn_revision_numbers_db [None req-0ea8831c-bfb3-41e6-b73b-41171d83cdc7 d54ab789ab764360a301b092e529a1de 944992dde62c4080abe7a663032008a4 - - default default] Successfully bumped revision number for resource d7113491-0980-47da-bc12-e5edf5d7184d (type: router_ports) to 1
2026-07-14 19:11:23.556 9 INFO neutron.api.wsgi [None req-0ea8831c-bfb3-41e6-b73b-41171d83cdc7 d54ab789ab764360a301b092e529a1de 944992dde62c4080abe7a663032008a4 - - default default] 10.0.0.106 "PUT /v2.0/routers/27c5432b-4952-4c73-af50-548451db92bf/add_router_interface HTTP/1.1" status: 200 len: 503 time: 2.2764497
2026-07-14 19:11:23.632 9 INFO neutron.db.ovn_revision_numbers_db [None req-b2aa7595-c1ab-4e68-a3b7-8c8883cc3208 d54ab789ab764360a301b092e529a1de 944992dde62c4080abe7a663032008a4 - - default default] Successfully bumped revision number for resource d403e312-8096-40c8-864a-fdde6e469692 (type: security_groups) to 1
2026-07-14 19:11:23.659 9 INFO neutron.api.wsgi [req-dc6ccd58-9f9f-4b83-bc2a-457166d53d28 req-bea2825b-8944-42c7-8973-d4f98522b20e 227155b99398426fb731aee650bc133e d2e4904e1d2e403dab2bcaa55b5c72e7 - - default default] 10.0.0.241 "GET /v2.0/ports?device_id=17b7a642-826e-46c6-b6c9-f2c56d1cddf5 HTTP/1.1" status: 200 len: 1172 time: 0.0373755
2026-07-14 19:11:23.660 9 INFO neutron.db.ovn_revision_numbers_db [None req-b2aa7595-c1ab-4e68-a3b7-8c8883cc3208 d54ab789ab764360a301b092e529a1de 944992dde62c4080abe7a663032008a4 - - default default] Successfully bumped revision number for resource 00fdc438-2074-48d8-9a1f-5df9f0c801ff (type: security_group_rules) to 0
2026-07-14 19:11:23.676 9 INFO neutron.db.ovn_revision_numbers_db [None req-b2aa7595-c1ab-4e68-a3b7-8c8883cc3208 d54ab789ab764360a301b092e529a1de 944992dde62c4080abe7a663032008a4 - - default default] Successfully bumped revision number for resource 584bbc40-4d42-4c3c-b785-3cc52b255734 (type: security_group_rules) to 0
2026-07-14 19:11:23.698 9 INFO neutron.db.ovn_revision_numbers_db [None req-b2aa7595-c1ab-4e68-a3b7-8c8883cc3208 d54ab789ab764360a301b092e529a1de 944992dde62c4080abe7a663032008a4 - - default default] Successfully bumped revision number for resource 8bad5615-0506-4a96-b315-2113df8c4aea (type: security_group_rules) to 0
2026-07-14 19:11:23.714 9 INFO neutron.api.wsgi [req-dc6ccd58-9f9f-4b83-bc2a-457166d53d28 req-49ad6533-0487-4433-b0e7-80843612fc54 227155b99398426fb731aee650bc133e d2e4904e1d2e403dab2bcaa55b5c72e7 - - default default] 10.0.0.241 "GET /v2.0/security-groups?id=570d00c6-df69-451a-916d-5f01c22fe89b&fields=id&fields=name HTTP/1.1" status: 200 len: 313 time: 0.0494642
2026-07-14 19:11:23.715 9 INFO neutron.db.ovn_revision_numbers_db [None req-b2aa7595-c1ab-4e68-a3b7-8c8883cc3208 d54ab789ab764360a301b092e529a1de 944992dde62c4080abe7a663032008a4 - - default default] Successfully bumped revision number for resource e0537da2-01e9-48f9-8c4f-94af38e8edaf (type: security_group_rules) to 0
2026-07-14 19:11:23.756 9 INFO neutron.api.wsgi [None req-b2aa7595-c1ab-4e68-a3b7-8c8883cc3208 d54ab789ab764360a301b092e529a1de 944992dde62c4080abe7a663032008a4 - - default default] 10.0.0.106 "GET /v2.0/security-groups?tenant_id=db0de6c333554cd8addaa2078e58b6e3&name=default HTTP/1.1" status: 200 len: 3120 time: 0.3063545
2026-07-14 19:11:23.974 8 INFO neutron.api.wsgi [None req-911af02d-78b0-4a00-b05f-5b14fe78d9ab d54ab789ab764360a301b092e529a1de 944992dde62c4080abe7a663032008a4 - - default default] 10.0.0.106 "DELETE /v2.0/security-groups/d403e312-8096-40c8-864a-fdde6e469692 HTTP/1.1" status: 204 len: 168 time: 0.2121952
2026-07-14 19:11:24.273 8 INFO neutron.plugins.ml2.drivers.ovn.mech_driver.mech_driver [None req-0216a609-e442-4b3e-92a9-ec4620602ed5 - - - - - -] OVN reports status up for port: ec98c87a-8b55-4662-b0c6-6da0d3d1372d
2026-07-14 19:11:24.283 8 INFO neutron.plugins.ml2.plugin [None req-0216a609-e442-4b3e-92a9-ec4620602ed5 - - - - - -] Attempt 1 to provision port ec98c87a-8b55-4662-b0c6-6da0d3d1372d
2026-07-14 19:11:24.414 8 INFO neutron.notifiers.nova [-] Nova event matching ['req-71310a7a-d266-4552-aa82-573389b5e397'] response: {'server_uuid': '17b7a642-826e-46c6-b6c9-f2c56d1cddf5', 'name': 'network-vif-plugged', 'status': 'completed', 'tag': 'ec98c87a-8b55-4662-b0c6-6da0d3d1372d', 'code': 200}
2026-07-14 19:11:24.584 8 INFO neutron.db.ovn_revision_numbers_db [None req-0216a609-e442-4b3e-92a9-ec4620602ed5 - - - - - -] Successfully bumped revision number for resource ec98c87a-8b55-4662-b0c6-6da0d3d1372d (type: ports) to 5 /var/lib/openstack/lib/python3.12/site-packages/pycadf/identifier.py:71: UserWarning: Invalid uuid: neutron. To ensure interoperability, identifiers should be a valid uuid. warnings.warn(('Invalid uuid: %s. To ensure interoperability, '
2026-07-14 19:11:24.875 9 INFO neutron.api.wsgi [req-ee4829d9-2c64-492e-8381-4a2ac05adb67 req-8df4bd3b-d7dd-49cb-9783-050a38c27a2f 227155b99398426fb731aee650bc133e d2e4904e1d2e403dab2bcaa55b5c72e7 - - default default] 10.0.0.241 "GET /v2.0/ports?device_id=17b7a642-826e-46c6-b6c9-f2c56d1cddf5 HTTP/1.1" status: 200 len: 1174 time: 0.0875671
2026-07-14 19:11:24.926 9 INFO neutron.api.wsgi [req-ee4829d9-2c64-492e-8381-4a2ac05adb67 req-bea55773-f7a8-403b-b069-9c708f55ae28 227155b99398426fb731aee650bc133e d2e4904e1d2e403dab2bcaa55b5c72e7 - - default default] 10.0.0.241 "GET /v2.0/security-groups?id=570d00c6-df69-451a-916d-5f01c22fe89b&fields=id&fields=name HTTP/1.1" status: 200 len: 313 time: 0.0470805
2026-07-14 19:11:25.070 8 INFO neutron.db.ovn_revision_numbers_db [None req-d5d436c3-0202-4066-bc5f-d8c01db002bc d54ab789ab764360a301b092e529a1de 944992dde62c4080abe7a663032008a4 - - default default] Successfully bumped revision number for resource 9622b5c8-b179-4eed-b22c-14076c778df6 (type: security_groups) to 1
2026-07-14 19:11:25.086 8 INFO neutron.db.ovn_revision_numbers_db [None req-d5d436c3-0202-4066-bc5f-d8c01db002bc d54ab789ab764360a301b092e529a1de 944992dde62c4080abe7a663032008a4 - - default default] Successfully bumped revision number for resource 378ebf33-32f7-426f-8d85-477aa5d60531 (type: security_group_rules) to 0
2026-07-14 19:11:25.115 8 INFO neutron.db.ovn_revision_numbers_db [None req-d5d436c3-0202-4066-bc5f-d8c01db002bc d54ab789ab764360a301b092e529a1de 944992dde62c4080abe7a663032008a4 - - default default] Successfully bumped revision number for resource 3a0718b1-2fff-48ad-8447-a9d8aa4df9fd (type: security_group_rules) to 0
2026-07-14 19:11:25.130 8 INFO neutron.db.ovn_revision_numbers_db [None req-d5d436c3-0202-4066-bc5f-d8c01db002bc d54ab789ab764360a301b092e529a1de 944992dde62c4080abe7a663032008a4 - - default default] Successfully bumped revision number for resource 43547fb8-1c26-41f3-bbbc-720004e5cdae (type: security_group_rules) to 0
2026-07-14 19:11:25.143 8 INFO neutron.db.ovn_revision_numbers_db [None req-d5d436c3-0202-4066-bc5f-d8c01db002bc d54ab789ab764360a301b092e529a1de 944992dde62c4080abe7a663032008a4 - - default default] Successfully bumped revision number for resource 9dee22e9-1a03-4b03-b66b-5f4d930879d0 (type: security_group_rules) to 0
2026-07-14 19:11:25.224 8 INFO neutron.db.segments_db [None req-d5d436c3-0202-4066-bc5f-d8c01db002bc d54ab789ab764360a301b092e529a1de 944992dde62c4080abe7a663032008a4 - - default default] Added segment f2417f43-0885-4f89-a37a-e445b0dc592b of type geneve for network 469e27d4-b9ea-4ebf-9ae1-9522bfc78444
2026-07-14 19:11:25.350 8 INFO neutron.db.ovn_revision_numbers_db [None req-d5d436c3-0202-4066-bc5f-d8c01db002bc d54ab789ab764360a301b092e529a1de 944992dde62c4080abe7a663032008a4 - - default default] Successfully bumped revision number for resource 469e27d4-b9ea-4ebf-9ae1-9522bfc78444 (type: networks) to 1
2026-07-14 19:11:25.532 8 WARNING neutron.scheduler.dhcp_agent_scheduler [None req-d5d436c3-0202-4066-bc5f-d8c01db002bc d54ab789ab764360a301b092e529a1de 944992dde62c4080abe7a663032008a4 - - default default] No more DHCP agents
2026-07-14 19:11:25.534 8 WARNING neutron.api.rpc.agentnotifiers.dhcp_rpc_agent_api [None req-d5d436c3-0202-4066-bc5f-d8c01db002bc d54ab789ab764360a301b092e529a1de 944992dde62c4080abe7a663032008a4 - - default default] Unable to schedule network 469e27d4-b9ea-4ebf-9ae1-9522bfc78444: no agents available; will retry on subsequent port and subnet creation events.
2026-07-14 19:11:25.614 8 INFO neutron.db.ovn_revision_numbers_db [None req-d5d436c3-0202-4066-bc5f-d8c01db002bc d54ab789ab764360a301b092e529a1de 944992dde62c4080abe7a663032008a4 - - default default] Successfully bumped revision number for resource 9821b055-f41b-4b1f-812a-121ec9d3dbfe (type: ports) to 1
2026-07-14 19:11:25.637 8 INFO neutron.api.wsgi [None req-d5d436c3-0202-4066-bc5f-d8c01db002bc d54ab789ab764360a301b092e529a1de 944992dde62c4080abe7a663032008a4 - - default default] 10.0.0.106 "POST /v2.0/networks HTTP/1.1" status: 201 len: 943 time: 0.7890470
2026-07-14 19:11:25.760 8 WARNING neutron.scheduler.dhcp_agent_scheduler [None req-6a8dc4fd-5a3f-4558-b680-caa74f13899f d54ab789ab764360a301b092e529a1de 944992dde62c4080abe7a663032008a4 - - default default] No more DHCP agents
2026-07-14 19:11:25.761 8 WARNING neutron.api.rpc.agentnotifiers.dhcp_rpc_agent_api [None req-6a8dc4fd-5a3f-4558-b680-caa74f13899f d54ab789ab764360a301b092e529a1de 944992dde62c4080abe7a663032008a4 - - default default] Unable to schedule network 469e27d4-b9ea-4ebf-9ae1-9522bfc78444: no agents available; will retry on subsequent port and subnet creation events.
2026-07-14 19:11:26.117 8 INFO neutron.api.wsgi [req-b3739dda-2911-4658-a8ad-90f9bb6c1f20 req-9b4b41a2-c5b1-4772-8b20-8b6f5e6db36f 227155b99398426fb731aee650bc133e d2e4904e1d2e403dab2bcaa55b5c72e7 - - default default] 10.0.0.241 "GET /v2.0/ports?device_id=17b7a642-826e-46c6-b6c9-f2c56d1cddf5 HTTP/1.1" status: 200 len: 1174 time: 0.1131086
2026-07-14 19:11:26.165 8 INFO neutron.api.wsgi [req-b3739dda-2911-4658-a8ad-90f9bb6c1f20 req-dceb994f-965b-489e-8f74-2bd05a04762e 227155b99398426fb731aee650bc133e d2e4904e1d2e403dab2bcaa55b5c72e7 - - default default] 10.0.0.241 "GET /v2.0/security-groups?id=570d00c6-df69-451a-916d-5f01c22fe89b&fields=id&fields=name HTTP/1.1" status: 200 len: 313 time: 0.0423563
2026-07-14 19:11:26.264 9 INFO neutron.api.wsgi [req-3ba30d93-0e3e-42fc-93b5-4f1deb02b2e4 req-ee9435b0-a08b-4f1b-a3f6-37f99b069ef8 227155b99398426fb731aee650bc133e d2e4904e1d2e403dab2bcaa55b5c72e7 - - default default] 10.0.0.241 "GET /v2.0/ports?device_id=17b7a642-826e-46c6-b6c9-f2c56d1cddf5 HTTP/1.1" status: 200 len: 1174 time: 0.0375485
2026-07-14 19:11:26.302 8 INFO neutron.db.ovn_revision_numbers_db [None req-abd1b3a8-d32e-4048-87ef-0d1e9114f0d5 - - - - - -] Successfully bumped revision number for resource 9821b055-f41b-4b1f-812a-121ec9d3dbfe (type: ports) to 2
2026-07-14 19:11:26.305 9 INFO neutron.api.wsgi [req-3ba30d93-0e3e-42fc-93b5-4f1deb02b2e4 req-ea357e2a-bc58-4bf6-88ad-0e71d805137c 227155b99398426fb731aee650bc133e d2e4904e1d2e403dab2bcaa55b5c72e7 - - default default] 10.0.0.241 "GET /v2.0/security-groups?id=570d00c6-df69-451a-916d-5f01c22fe89b&fields=id&fields=name HTTP/1.1" status: 200 len: 313 time: 0.0368762
2026-07-14 19:11:26.335 8 INFO neutron.db.ovn_revision_numbers_db [None req-abd1b3a8-d32e-4048-87ef-0d1e9114f0d5 - - - - - -] Successfully bumped revision number for resource 287302c0-d116-42d6-b526-0cf7a276b8cc (type: subnets) to 0
2026-07-14 19:11:26.351 8 INFO neutron.api.wsgi [None req-6a8dc4fd-5a3f-4558-b680-caa74f13899f d54ab789ab764360a301b092e529a1de 944992dde62c4080abe7a663032008a4 - - default default] 10.0.0.106 "POST /v2.0/subnets HTTP/1.1" status: 201 len: 887 time: 0.7097714
2026-07-14 19:11:26.359 9 INFO neutron.api.wsgi [None req-1ba3c6e9-5532-49a8-bb93-327d497b9dc8 9f7a2064ee4a40edb7d5049e8ffaced7 a7e831439db248338b23eb413e63a1d0 - - default default] 10.0.0.106 "GET /v2.0/ports?device_id=17b7a642-826e-46c6-b6c9-f2c56d1cddf5 HTTP/1.1" status: 200 len: 1408 time: 0.0289681
2026-07-14 19:11:26.368 8 WARNING neutron_lib.context [None req-b913c95e-3603-4db0-947f-8dab3edee7a3 227155b99398426fb731aee650bc133e d2e4904e1d2e403dab2bcaa55b5c72e7 - - default default] Method 'is_advsvc' is deprecated since 2023.2 release (neutron-lib 3.8.0) and will be removed once support for the old RBAC API policies will be removed from Neutron. Please use method 'is_service_role' instead.
2026-07-14 19:11:26.461 8 INFO neutron.notifiers.nova [-] Nova event matching ['req-3abab41e-f81c-4ca5-96bc-b19e9cca3595'] response: {'server_uuid': '17b7a642-826e-46c6-b6c9-f2c56d1cddf5', 'name': 'network-vif-plugged', 'status': 'completed', 'tag': 'ec98c87a-8b55-4662-b0c6-6da0d3d1372d', 'code': 200}
2026-07-14 19:11:26.740 8 WARNING neutron.scheduler.dhcp_agent_scheduler [None req-b913c95e-3603-4db0-947f-8dab3edee7a3 227155b99398426fb731aee650bc133e d2e4904e1d2e403dab2bcaa55b5c72e7 - - default default] No more DHCP agents
2026-07-14 19:11:26.742 8 WARNING neutron.api.rpc.agentnotifiers.dhcp_rpc_agent_api [None req-b913c95e-3603-4db0-947f-8dab3edee7a3 227155b99398426fb731aee650bc133e d2e4904e1d2e403dab2bcaa55b5c72e7 - - default default] Unable to schedule network 20039a72-e184-4592-8a6e-542253372dc2: no agents available; will retry on subsequent port and subnet creation events.
2026-07-14 19:11:26.917 8 WARNING neutron.scheduler.dhcp_agent_scheduler [None req-4dd4a70e-4cbb-41f4-bdcd-c764985b3d9b d54ab789ab764360a301b092e529a1de 944992dde62c4080abe7a663032008a4 - - default default] No more DHCP agents
2026-07-14 19:11:26.920 8 WARNING neutron.api.rpc.agentnotifiers.dhcp_rpc_agent_api [None req-4dd4a70e-4cbb-41f4-bdcd-c764985b3d9b d54ab789ab764360a301b092e529a1de 944992dde62c4080abe7a663032008a4 - - default default] Unable to schedule network 20039a72-e184-4592-8a6e-542253372dc2: no agents available; will retry on subsequent port and subnet creation events.
2026-07-14 19:11:27.630 8 INFO neutron.db.ovn_revision_numbers_db [None req-4dd4a70e-4cbb-41f4-bdcd-c764985b3d9b d54ab789ab764360a301b092e529a1de 944992dde62c4080abe7a663032008a4 - - default default] Successfully bumped revision number for resource 3d5fbe5f-790f-4df0-af82-34aea74dd5ac (type: ports) to 1
2026-07-14 19:11:28.200 8 INFO neutron.db.ovn_revision_numbers_db [None req-b913c95e-3603-4db0-947f-8dab3edee7a3 227155b99398426fb731aee650bc133e d2e4904e1d2e403dab2bcaa55b5c72e7 - - default default] Successfully bumped revision number for resource 935fda16-255c-47c7-8b2e-319fd4b81f02 (type: floatingips) to -1
2026-07-14 19:11:28.321 9 WARNING neutron.plugins.ml2.drivers.ovn.mech_driver.ovsdb.ovn_client [None req-59a01dee-3ee0-4db7-9a45-718c36891ad9 - - - - - -] No hosting information found for port d7113491-0980-47da-bc12-e5edf5d7184d: RuntimeError: No hosting information found for port d7113491-0980-47da-bc12-e5edf5d7184d
2026-07-14 19:11:28.374 8 INFO neutron.db.ovn_revision_numbers_db [None req-b913c95e-3603-4db0-947f-8dab3edee7a3 227155b99398426fb731aee650bc133e d2e4904e1d2e403dab2bcaa55b5c72e7 - - default default] Successfully bumped revision number for resource 935fda16-255c-47c7-8b2e-319fd4b81f02 (type: floatingips) to 1
2026-07-14 19:11:28.375 8 INFO neutron.db.l3_db [None req-b913c95e-3603-4db0-947f-8dab3edee7a3 227155b99398426fb731aee650bc133e d2e4904e1d2e403dab2bcaa55b5c72e7 - - default default] Floating IP 935fda16-255c-47c7-8b2e-319fd4b81f02 associated. External IP: 10.96.250.213, port: ec98c87a-8b55-4662-b0c6-6da0d3d1372d.
2026-07-14 19:11:28.430 9 INFO neutron.db.ovn_revision_numbers_db [None req-59a01dee-3ee0-4db7-9a45-718c36891ad9 - - - - - -] Successfully bumped revision number for resource d7113491-0980-47da-bc12-e5edf5d7184d (type: router_ports) to 2
2026-07-14 19:11:28.432 8 INFO neutron.api.wsgi [None req-b913c95e-3603-4db0-947f-8dab3edee7a3 227155b99398426fb731aee650bc133e d2e4904e1d2e403dab2bcaa55b5c72e7 - - default default] 10.0.0.106 "POST /v2.0/floatingips HTTP/1.1" status: 201 len: 1055 time: 2.0679054
2026-07-14 19:11:28.436 8 INFO neutron.plugins.ml2.drivers.ovn.mech_driver.ovsdb.commands [None req-d3f849bf-dda5-40a1-bbbe-820b3ddc4dcc - - - - - -] Schedule LRP lrp-3d5fbe5f-790f-4df0-af82-34aea74dd5ac on gateway 059861b6-8c47-47d7-b903-cc5656c1f4c3 with priority 1
2026-07-14 19:11:28.459 8 INFO neutron.plugins.ml2.drivers.ovn.mech_driver.mech_driver [None req-4b8c9fd4-5186-462b-b51e-59aeb1ce734f - - - - - -] OVN reports status up for port: 3d5fbe5f-790f-4df0-af82-34aea74dd5ac
2026-07-14 19:11:28.480 8 INFO neutron.plugins.ml2.drivers.ovn.mech_driver.ovsdb.ovsdb_monitor [None req-814d4280-a8d6-4f32-8f76-0331c2c2e20e - - - - - -] Router 6a75ac83-aac6-4f1a-a53e-921740a52874 is bound to host instance
2026-07-14 19:11:28.495 8 INFO neutron.plugins.ml2.plugin [None req-4b8c9fd4-5186-462b-b51e-59aeb1ce734f - - - - - -] Attempt 1 to provision port 3d5fbe5f-790f-4df0-af82-34aea74dd5ac
2026-07-14 19:11:28.528 8 INFO neutron.notifiers.nova [-] Nova event matching ['req-394061b8-f4b0-4628-bfde-0ab6623079b2'] response: {'name': 'network-changed', 'server_uuid': '17b7a642-826e-46c6-b6c9-f2c56d1cddf5', 'tag': 'ec98c87a-8b55-4662-b0c6-6da0d3d1372d', 'status': 'completed', 'code': 200}
2026-07-14 19:11:28.554 8 INFO neutron.api.wsgi [None req-621953a7-b565-4af5-95a6-889790b3ac81 227155b99398426fb731aee650bc133e d2e4904e1d2e403dab2bcaa55b5c72e7 - - default default] 10.0.0.106 "GET /v2.0/floatingips/935fda16-255c-47c7-8b2e-319fd4b81f02 HTTP/1.1" status: 200 len: 1052 time: 0.1168497
2026-07-14 19:11:28.559 8 INFO neutron.db.ovn_revision_numbers_db [None req-4dd4a70e-4cbb-41f4-bdcd-c764985b3d9b d54ab789ab764360a301b092e529a1de 944992dde62c4080abe7a663032008a4 - - default default] Successfully bumped revision number for resource 3d5fbe5f-790f-4df0-af82-34aea74dd5ac (type: router_ports) to 1 /var/lib/openstack/lib/python3.12/site-packages/pycadf/identifier.py:71: UserWarning: Invalid uuid: neutron. To ensure interoperability, identifiers should be a valid uuid. warnings.warn(('Invalid uuid: %s. To ensure interoperability, '
2026-07-14 19:11:28.633 9 WARNING neutron_lib.context [None req-59cd5a99-20b0-4eec-a5d7-1c7005cd7371 d718d206c651403fa0915b9a6b9fbd4d 34bf6f79f6af448abd437893b55afb61 - - default default] Method 'is_advsvc' is deprecated since 2023.2 release (neutron-lib 3.8.0) and will be removed once support for the old RBAC API policies will be removed from Neutron. Please use method 'is_service_role' instead.
2026-07-14 19:11:28.706 8 INFO neutron.db.ovn_revision_numbers_db [None req-4dd4a70e-4cbb-41f4-bdcd-c764985b3d9b d54ab789ab764360a301b092e529a1de 944992dde62c4080abe7a663032008a4 - - default default] Successfully bumped revision number for resource 6a75ac83-aac6-4f1a-a53e-921740a52874 (type: routers) to 2
2026-07-14 19:11:28.723 8 INFO neutron.api.wsgi [None req-4dd4a70e-4cbb-41f4-bdcd-c764985b3d9b d54ab789ab764360a301b092e529a1de 944992dde62c4080abe7a663032008a4 - - default default] 10.0.0.106 "POST /v2.0/routers HTTP/1.1" status: 201 len: 1165 time: 2.3677580
2026-07-14 19:11:28.787 9 INFO neutron.db.ovn_revision_numbers_db [None req-59cd5a99-20b0-4eec-a5d7-1c7005cd7371 d718d206c651403fa0915b9a6b9fbd4d 34bf6f79f6af448abd437893b55afb61 - - default default] Successfully bumped revision number for resource a8556048-13d7-4b41-87bd-e3306fbefc98 (type: security_groups) to 1
2026-07-14 19:11:28.800 9 INFO neutron.db.ovn_revision_numbers_db [None req-59cd5a99-20b0-4eec-a5d7-1c7005cd7371 d718d206c651403fa0915b9a6b9fbd4d 34bf6f79f6af448abd437893b55afb61 - - default default] Successfully bumped revision number for resource 3f4df354-7ad1-4843-a57c-2172e641c004 (type: security_group_rules) to 0
2026-07-14 19:11:28.815 9 INFO neutron.db.ovn_revision_numbers_db [None req-59cd5a99-20b0-4eec-a5d7-1c7005cd7371 d718d206c651403fa0915b9a6b9fbd4d 34bf6f79f6af448abd437893b55afb61 - - default default] Successfully bumped revision number for resource 402269c2-2338-4ed0-9c1a-63e85dd45942 (type: security_group_rules) to 0
2026-07-14 19:11:28.828 9 INFO neutron.db.ovn_revision_numbers_db [None req-59cd5a99-20b0-4eec-a5d7-1c7005cd7371 d718d206c651403fa0915b9a6b9fbd4d 34bf6f79f6af448abd437893b55afb61 - - default default] Successfully bumped revision number for resource 8f091881-331f-4c7a-a8d7-b57539136507 (type: security_group_rules) to 0
2026-07-14 19:11:28.850 9 INFO neutron.db.ovn_revision_numbers_db [None req-59cd5a99-20b0-4eec-a5d7-1c7005cd7371 d718d206c651403fa0915b9a6b9fbd4d 34bf6f79f6af448abd437893b55afb61 - - default default] Successfully bumped revision number for resource 9d6c50eb-9e7f-483d-bfa5-514e1e130d18 (type: security_group_rules) to 0
2026-07-14 19:11:28.932 9 INFO neutron.db.segments_db [None req-59cd5a99-20b0-4eec-a5d7-1c7005cd7371 d718d206c651403fa0915b9a6b9fbd4d 34bf6f79f6af448abd437893b55afb61 - - default default] Added segment 90d80243-d33b-4e7a-94c5-03e5ce7978db of type geneve for network fd183b24-b6f1-4836-b684-00ed59f4b086
2026-07-14 19:11:29.058 9 INFO neutron.api.wsgi [req-a41f252b-adca-470e-bbcf-16a12b9f3c07 req-55775658-950e-4d63-918c-a8dca55bc7d8 64cdc5d9c058421f86a927a38585db0a 1f755786a48d4d4ab0dfad4c8baccc73 - - a1d42b11def94b6da85a2b715b2d2bd9 a1d42b11def94b6da85a2b715b2d2bd9] 199.19.213.166 "GET /v2.0/ports?tenant_id=d2e4904e1d2e403dab2bcaa55b5c72e7&device_id=17b7a642-826e-46c6-b6c9-f2c56d1cddf5 HTTP/1.1" status: 200 len: 1413 time: 0.0403562
2026-07-14 19:11:29.062 9 INFO neutron.db.ovn_revision_numbers_db [None req-59cd5a99-20b0-4eec-a5d7-1c7005cd7371 d718d206c651403fa0915b9a6b9fbd4d 34bf6f79f6af448abd437893b55afb61 - - default default] Successfully bumped revision number for resource fd183b24-b6f1-4836-b684-00ed59f4b086 (type: networks) to 1
2026-07-14 19:11:29.128 9 INFO neutron.api.wsgi [req-a41f252b-adca-470e-bbcf-16a12b9f3c07 req-213a0733-9a8e-46be-a2bd-ed1794f34479 64cdc5d9c058421f86a927a38585db0a 1f755786a48d4d4ab0dfad4c8baccc73 - - a1d42b11def94b6da85a2b715b2d2bd9 a1d42b11def94b6da85a2b715b2d2bd9] 199.19.213.166 "GET /v2.0/networks?id=a4b60153-03fa-4af8-abdc-40670194b6f7 HTTP/1.1" status: 200 len: 958 time: 0.0645206
2026-07-14 19:11:29.186 8 INFO neutron.db.ovn_revision_numbers_db [None req-16800d81-d89c-4d17-9131-8217bff1c93e - - - - - -] Successfully bumped revision number for resource 3d5fbe5f-790f-4df0-af82-34aea74dd5ac (type: ports) to 1
2026-07-14 19:11:29.193 9 INFO neutron.api.wsgi [req-a41f252b-adca-470e-bbcf-16a12b9f3c07 req-9b3411de-93fe-4888-bbc8-df03bfbdd871 64cdc5d9c058421f86a927a38585db0a 1f755786a48d4d4ab0dfad4c8baccc73 - - a1d42b11def94b6da85a2b715b2d2bd9 a1d42b11def94b6da85a2b715b2d2bd9] 199.19.213.166 "GET /v2.0/floatingips?fixed_ip_address=10.100.0.12&port_id=ec98c87a-8b55-4662-b0c6-6da0d3d1372d HTTP/1.1" status: 200 len: 1060 time: 0.0592132
2026-07-14 19:11:29.227 9 INFO neutron.api.wsgi [req-a41f252b-adca-470e-bbcf-16a12b9f3c07 req-91b32ede-8bd6-492b-90fe-6533372413f5 64cdc5d9c058421f86a927a38585db0a 1f755786a48d4d4ab0dfad4c8baccc73 - - a1d42b11def94b6da85a2b715b2d2bd9 a1d42b11def94b6da85a2b715b2d2bd9] 199.19.213.166 "GET /v2.0/subnets?id=2f30416e-221b-4dae-b753-a6c532e6bf8c HTTP/1.1" status: 200 len: 876 time: 0.0295265
2026-07-14 19:11:29.248 8 WARNING neutron.scheduler.dhcp_agent_scheduler [None req-99ee5317-8344-4bbf-b4f5-2cec395d539f d54ab789ab764360a301b092e529a1de 944992dde62c4080abe7a663032008a4 - - default default] No more DHCP agents
2026-07-14 19:11:29.249 9 INFO neutron.api.wsgi [req-a41f252b-adca-470e-bbcf-16a12b9f3c07 req-d3a05d9e-05d2-46ff-aae6-15dc64443c72 64cdc5d9c058421f86a927a38585db0a 1f755786a48d4d4ab0dfad4c8baccc73 - - a1d42b11def94b6da85a2b715b2d2bd9 a1d42b11def94b6da85a2b715b2d2bd9] 199.19.213.166 "GET /v2.0/ports?network_id=a4b60153-03fa-4af8-abdc-40670194b6f7&device_owner=network%3Adhcp HTTP/1.1" status: 200 len: 210 time: 0.0172167
2026-07-14 19:11:29.250 8 WARNING neutron.api.rpc.agentnotifiers.dhcp_rpc_agent_api [None req-99ee5317-8344-4bbf-b4f5-2cec395d539f d54ab789ab764360a301b092e529a1de 944992dde62c4080abe7a663032008a4 - - default default] Unable to schedule network 469e27d4-b9ea-4ebf-9ae1-9522bfc78444: no agents available; will retry on subsequent port and subnet creation events.
2026-07-14 19:11:29.299 9 INFO neutron.api.wsgi [req-a41f252b-adca-470e-bbcf-16a12b9f3c07 req-ad2f841a-a009-411b-bb90-8bd0e33fc32e 64cdc5d9c058421f86a927a38585db0a 1f755786a48d4d4ab0dfad4c8baccc73 - - a1d42b11def94b6da85a2b715b2d2bd9 a1d42b11def94b6da85a2b715b2d2bd9] 199.19.213.166 "GET /v2.0/networks/a4b60153-03fa-4af8-abdc-40670194b6f7?fields=segments HTTP/1.1" status: 200 len: 212 time: 0.0463400
2026-07-14 19:11:29.303 9 WARNING neutron.scheduler.dhcp_agent_scheduler [None req-59cd5a99-20b0-4eec-a5d7-1c7005cd7371 d718d206c651403fa0915b9a6b9fbd4d 34bf6f79f6af448abd437893b55afb61 - - default default] No more DHCP agents
2026-07-14 19:11:29.309 9 WARNING neutron.api.rpc.agentnotifiers.dhcp_rpc_agent_api [None req-59cd5a99-20b0-4eec-a5d7-1c7005cd7371 d718d206c651403fa0915b9a6b9fbd4d 34bf6f79f6af448abd437893b55afb61 - - default default] Unable to schedule network fd183b24-b6f1-4836-b684-00ed59f4b086: no agents available; will retry on subsequent port and subnet creation events.
2026-07-14 19:11:29.350 9 INFO neutron.api.wsgi [req-a41f252b-adca-470e-bbcf-16a12b9f3c07 req-74a14718-b961-4d37-a37b-c445e0781921 64cdc5d9c058421f86a927a38585db0a 1f755786a48d4d4ab0dfad4c8baccc73 - - a1d42b11def94b6da85a2b715b2d2bd9 a1d42b11def94b6da85a2b715b2d2bd9] 199.19.213.166 "GET /v2.0/networks/a4b60153-03fa-4af8-abdc-40670194b6f7?fields=provider%3Aphysical_network&fields=provider%3Anetwork_type HTTP/1.1" status: 200 len: 277 time: 0.0461957
2026-07-14 19:11:29.375 9 INFO neutron.db.ovn_revision_numbers_db [None req-59cd5a99-20b0-4eec-a5d7-1c7005cd7371 d718d206c651403fa0915b9a6b9fbd4d 34bf6f79f6af448abd437893b55afb61 - - default default] Successfully bumped revision number for resource e5848823-8736-4406-9c55-636d655e26b0 (type: ports) to 1
2026-07-14 19:11:29.402 9 INFO neutron.api.wsgi [None req-59cd5a99-20b0-4eec-a5d7-1c7005cd7371 d718d206c651403fa0915b9a6b9fbd4d 34bf6f79f6af448abd437893b55afb61 - - default default] 10.0.0.106 "POST /v2.0/networks HTTP/1.1" status: 201 len: 830 time: 1.0260005
2026-07-14 19:11:29.420 9 WARNING neutron_lib.context [None req-e34660f2-176c-47a1-97c5-673751beeb1d d718d206c651403fa0915b9a6b9fbd4d 34bf6f79f6af448abd437893b55afb61 - - default default] Method 'is_advsvc' is deprecated since 2023.2 release (neutron-lib 3.8.0) and will be removed once support for the old RBAC API policies will be removed from Neutron. Please use method 'is_service_role' instead.
2026-07-14 19:11:29.420 8 INFO neutron.db.ovn_revision_numbers_db [None req-99ee5317-8344-4bbf-b4f5-2cec395d539f d54ab789ab764360a301b092e529a1de 944992dde62c4080abe7a663032008a4 - - default default] Successfully bumped revision number for resource fc802bfa-95b8-48d6-949b-fa9016928a0c (type: ports) to 1
2026-07-14 19:11:29.618 8 INFO neutron.db.ovn_revision_numbers_db [None req-16800d81-d89c-4d17-9131-8217bff1c93e - - - - - -] Successfully bumped revision number for resource 3d5fbe5f-790f-4df0-af82-34aea74dd5ac (type: ports) to 4
2026-07-14 19:11:29.644 9 WARNING neutron.scheduler.dhcp_agent_scheduler [None req-e34660f2-176c-47a1-97c5-673751beeb1d d718d206c651403fa0915b9a6b9fbd4d 34bf6f79f6af448abd437893b55afb61 - - default default] No more DHCP agents
2026-07-14 19:11:29.645 9 WARNING neutron.api.rpc.agentnotifiers.dhcp_rpc_agent_api [None req-e34660f2-176c-47a1-97c5-673751beeb1d d718d206c651403fa0915b9a6b9fbd4d 34bf6f79f6af448abd437893b55afb61 - - default default] Unable to schedule network fd183b24-b6f1-4836-b684-00ed59f4b086: no agents available; will retry on subsequent port and subnet creation events.
2026-07-14 19:11:30.029 8 INFO neutron.db.ovn_revision_numbers_db [None req-16800d81-d89c-4d17-9131-8217bff1c93e - - - - - -] Successfully bumped revision number for resource 3d5fbe5f-790f-4df0-af82-34aea74dd5ac (type: ports) to 5
2026-07-14 19:11:30.071 9 INFO neutron.db.ovn_revision_numbers_db [None req-cbea8b07-1173-4c81-92f4-8c446235b391 - - - - - -] Successfully bumped revision number for resource e5848823-8736-4406-9c55-636d655e26b0 (type: ports) to 2
2026-07-14 19:11:30.105 9 INFO neutron.db.ovn_revision_numbers_db [None req-cbea8b07-1173-4c81-92f4-8c446235b391 - - - - - -] Successfully bumped revision number for resource 1755b7c8-6c5d-4fe3-8acc-070a0e1ec7d2 (type: subnets) to 0
2026-07-14 19:11:30.121 9 INFO neutron.api.wsgi [None req-e34660f2-176c-47a1-97c5-673751beeb1d d718d206c651403fa0915b9a6b9fbd4d 34bf6f79f6af448abd437893b55afb61 - - default default] 10.0.0.106 "POST /v2.0/subnets HTTP/1.1" status: 201 len: 825 time: 0.7082171
2026-07-14 19:11:30.132 9 WARNING neutron_lib.context [None req-d7433de0-1c35-454c-8dc8-e9b4ec5e6a01 d718d206c651403fa0915b9a6b9fbd4d 34bf6f79f6af448abd437893b55afb61 - - default default] Method 'is_advsvc' is deprecated since 2023.2 release (neutron-lib 3.8.0) and will be removed once support for the old RBAC API policies will be removed from Neutron. Please use method 'is_service_role' instead.
2026-07-14 19:11:30.158 8 INFO neutron.db.ovn_revision_numbers_db [None req-99ee5317-8344-4bbf-b4f5-2cec395d539f d54ab789ab764360a301b092e529a1de 944992dde62c4080abe7a663032008a4 - - default default] Successfully bumped revision number for resource fc802bfa-95b8-48d6-949b-fa9016928a0c (type: ports) to 1
2026-07-14 19:11:30.208 8 WARNING neutron.scheduler.dhcp_agent_scheduler [None req-99ee5317-8344-4bbf-b4f5-2cec395d539f d54ab789ab764360a301b092e529a1de 944992dde62c4080abe7a663032008a4 - - default default] No more DHCP agents
2026-07-14 19:11:30.209 8 WARNING neutron.api.rpc.agentnotifiers.dhcp_rpc_agent_api [None req-99ee5317-8344-4bbf-b4f5-2cec395d539f d54ab789ab764360a301b092e529a1de 944992dde62c4080abe7a663032008a4 - - default default] Unable to schedule network 469e27d4-b9ea-4ebf-9ae1-9522bfc78444: no agents available; will retry on subsequent port and subnet creation events.
2026-07-14 19:11:30.211 9 INFO neutron.db.segments_db [None req-d7433de0-1c35-454c-8dc8-e9b4ec5e6a01 d718d206c651403fa0915b9a6b9fbd4d 34bf6f79f6af448abd437893b55afb61 - - default default] Added segment 91a18431-ff2c-4e7c-9d70-64b48961c7fc of type geneve for network 76466eec-00fe-435b-9ae1-d18e100f0a5a
2026-07-14 19:11:30.332 9 INFO neutron.db.ovn_revision_numbers_db [None req-d7433de0-1c35-454c-8dc8-e9b4ec5e6a01 d718d206c651403fa0915b9a6b9fbd4d 34bf6f79f6af448abd437893b55afb61 - - default default] Successfully bumped revision number for resource 76466eec-00fe-435b-9ae1-d18e100f0a5a (type: networks) to 1
2026-07-14 19:11:30.521 9 WARNING neutron.scheduler.dhcp_agent_scheduler [None req-d7433de0-1c35-454c-8dc8-e9b4ec5e6a01 d718d206c651403fa0915b9a6b9fbd4d 34bf6f79f6af448abd437893b55afb61 - - default default] No more DHCP agents
2026-07-14 19:11:30.524 9 WARNING neutron.api.rpc.agentnotifiers.dhcp_rpc_agent_api [None req-d7433de0-1c35-454c-8dc8-e9b4ec5e6a01 d718d206c651403fa0915b9a6b9fbd4d 34bf6f79f6af448abd437893b55afb61 - - default default] Unable to schedule network 76466eec-00fe-435b-9ae1-d18e100f0a5a: no agents available; will retry on subsequent port and subnet creation events.
2026-07-14 19:11:30.978 9 INFO neutron.db.ovn_revision_numbers_db [None req-d7433de0-1c35-454c-8dc8-e9b4ec5e6a01 d718d206c651403fa0915b9a6b9fbd4d 34bf6f79f6af448abd437893b55afb61 - - default default] Successfully bumped revision number for resource 06cc5d85-3615-4348-a0d8-ff9e046e444e (type: ports) to 1
2026-07-14 19:11:30.985 8 INFO neutron.db.ovn_revision_numbers_db [None req-99ee5317-8344-4bbf-b4f5-2cec395d539f d54ab789ab764360a301b092e529a1de 944992dde62c4080abe7a663032008a4 - - default default] Successfully bumped revision number for resource fc802bfa-95b8-48d6-949b-fa9016928a0c (type: router_ports) to 1
2026-07-14 19:11:30.988 9 INFO neutron.api.wsgi [req-5da34dbc-d599-4840-a69d-f9badabbda26 req-c2a2b928-d84b-485d-837b-e4be5dcf0d45 64cdc5d9c058421f86a927a38585db0a 1f755786a48d4d4ab0dfad4c8baccc73 - - a1d42b11def94b6da85a2b715b2d2bd9 a1d42b11def94b6da85a2b715b2d2bd9] 199.19.213.166 "GET /v2.0/ports?device_id=17b7a642-826e-46c6-b6c9-f2c56d1cddf5&fields=binding%3Ahost_id&fields=binding%3Avif_type HTTP/1.1" status: 200 len: 265 time: 0.0329454
2026-07-14 19:11:30.992 8 INFO neutron.api.wsgi [None req-99ee5317-8344-4bbf-b4f5-2cec395d539f d54ab789ab764360a301b092e529a1de 944992dde62c4080abe7a663032008a4 - - default default] 10.0.0.106 "PUT /v2.0/routers/6a75ac83-aac6-4f1a-a53e-921740a52874/add_router_interface HTTP/1.1" status: 200 len: 503 time: 2.2637341
2026-07-14 19:11:31.007 9 INFO neutron.api.wsgi [None req-d7433de0-1c35-454c-8dc8-e9b4ec5e6a01 d718d206c651403fa0915b9a6b9fbd4d 34bf6f79f6af448abd437893b55afb61 - - default default] 10.0.0.106 "POST /v2.0/networks HTTP/1.1" status: 201 len: 828 time: 0.8796415
2026-07-14 19:11:31.016 9 WARNING neutron_lib.context [None req-0f287c1c-b2d7-4530-8f47-4a21fa8805ff d718d206c651403fa0915b9a6b9fbd4d 34bf6f79f6af448abd437893b55afb61 - - default default] Method 'is_advsvc' is deprecated since 2023.2 release (neutron-lib 3.8.0) and will be removed once support for the old RBAC API policies will be removed from Neutron. Please use method 'is_service_role' instead.
2026-07-14 19:11:31.222 9 WARNING neutron.scheduler.dhcp_agent_scheduler [None req-0f287c1c-b2d7-4530-8f47-4a21fa8805ff d718d206c651403fa0915b9a6b9fbd4d 34bf6f79f6af448abd437893b55afb61 - - default default] No more DHCP agents
2026-07-14 19:11:31.225 9 WARNING neutron.api.rpc.agentnotifiers.dhcp_rpc_agent_api [None req-0f287c1c-b2d7-4530-8f47-4a21fa8805ff d718d206c651403fa0915b9a6b9fbd4d 34bf6f79f6af448abd437893b55afb61 - - default default] Unable to schedule network 76466eec-00fe-435b-9ae1-d18e100f0a5a: no agents available; will retry on subsequent port and subnet creation events.
2026-07-14 19:11:31.356 8 INFO neutron.plugins.ml2.drivers.ovn.mech_driver.mech_driver [None req-4b8c9fd4-5186-462b-b51e-59aeb1ce734f - - - - - -] OVN reports status up for port: fc802bfa-95b8-48d6-949b-fa9016928a0c
2026-07-14 19:11:31.364 8 INFO neutron.plugins.ml2.plugin [None req-4b8c9fd4-5186-462b-b51e-59aeb1ce734f - - - - - -] Attempt 1 to provision port fc802bfa-95b8-48d6-949b-fa9016928a0c
2026-07-14 19:11:31.636 8 WARNING neutron_lib.context [None req-e98dc3d6-51db-4cf2-b674-ef17c504f0a1 380acbc4b3ab411eafffdc3c1ebc5f1c ae8f2a1aef7f44ec92ec14d9ac9a5c32 - - default default] Method 'is_advsvc' is deprecated since 2023.2 release (neutron-lib 3.8.0) and will be removed once support for the old RBAC API policies will be removed from Neutron. Please use method 'is_service_role' instead.
2026-07-14 19:11:31.735 9 INFO neutron.db.ovn_revision_numbers_db [None req-dc5b5b23-111e-42f0-a325-e271cc63b6d7 - - - - - -] Successfully bumped revision number for resource 06cc5d85-3615-4348-a0d8-ff9e046e444e (type: ports) to 2
2026-07-14 19:11:31.776 9 INFO neutron.db.ovn_revision_numbers_db [None req-dc5b5b23-111e-42f0-a325-e271cc63b6d7 - - - - - -] Successfully bumped revision number for resource 7b646481-76a8-4390-8fb5-e7cf5f4c7656 (type: subnets) to 0
2026-07-14 19:11:31.792 9 INFO neutron.api.wsgi [None req-0f287c1c-b2d7-4530-8f47-4a21fa8805ff d718d206c651403fa0915b9a6b9fbd4d 34bf6f79f6af448abd437893b55afb61 - - default default] 10.0.0.106 "POST /v2.0/subnets HTTP/1.1" status: 201 len: 828 time: 0.7805588
2026-07-14 19:11:31.802 8 WARNING neutron_lib.context [None req-37bdc4dd-3b40-4ea8-a58d-0694371ac64d d718d206c651403fa0915b9a6b9fbd4d 34bf6f79f6af448abd437893b55afb61 - - default default] Method 'is_advsvc' is deprecated since 2023.2 release (neutron-lib 3.8.0) and will be removed once support for the old RBAC API policies will be removed from Neutron. Please use method 'is_service_role' instead.
2026-07-14 19:11:31.871 8 INFO neutron.db.ovn_revision_numbers_db [None req-e98dc3d6-51db-4cf2-b674-ef17c504f0a1 380acbc4b3ab411eafffdc3c1ebc5f1c ae8f2a1aef7f44ec92ec14d9ac9a5c32 - - default default] Successfully bumped revision number for resource cb5ef7b4-2870-4400-9102-93c3939e7298 (type: security_groups) to 1
2026-07-14 19:11:31.875 8 INFO neutron.db.ovn_revision_numbers_db [None req-4b8c9fd4-5186-462b-b51e-59aeb1ce734f - - - - - -] Successfully bumped revision number for resource fc802bfa-95b8-48d6-949b-fa9016928a0c (type: ports) to 2
2026-07-14 19:11:31.894 8 INFO neutron.db.ovn_revision_numbers_db [None req-e98dc3d6-51db-4cf2-b674-ef17c504f0a1 380acbc4b3ab411eafffdc3c1ebc5f1c ae8f2a1aef7f44ec92ec14d9ac9a5c32 - - default default] Successfully bumped revision number for resource 628a6ca6-4c45-4279-b5e0-e03566605729 (type: security_group_rules) to 0
2026-07-14 19:11:31.927 8 INFO neutron.db.ovn_revision_numbers_db [None req-e98dc3d6-51db-4cf2-b674-ef17c504f0a1 380acbc4b3ab411eafffdc3c1ebc5f1c ae8f2a1aef7f44ec92ec14d9ac9a5c32 - - default default] Successfully bumped revision number for resource 90651c92-d3d3-4d1a-980c-1401bac01e0f (type: security_group_rules) to 0
2026-07-14 19:11:31.929 8 INFO neutron.db.segments_db [None req-37bdc4dd-3b40-4ea8-a58d-0694371ac64d d718d206c651403fa0915b9a6b9fbd4d 34bf6f79f6af448abd437893b55afb61 - - default default] Added segment 0cc95231-9b58-41f4-8d58-b729721789b8 of type geneve for network e9d14de6-61e6-4b63-91dd-5f32548697c5
2026-07-14 19:11:31.991 8 INFO neutron.api.wsgi [None req-e98dc3d6-51db-4cf2-b674-ef17c504f0a1 380acbc4b3ab411eafffdc3c1ebc5f1c ae8f2a1aef7f44ec92ec14d9ac9a5c32 - - default default] 10.0.0.106 "POST /v2.0/security-groups HTTP/1.1" status: 201 len: 1875 time: 0.3609905
2026-07-14 19:11:32.005 9 WARNING neutron_lib.context [None req-adf031e2-6a17-4da3-a413-b09ed3cafb2c 380acbc4b3ab411eafffdc3c1ebc5f1c ae8f2a1aef7f44ec92ec14d9ac9a5c32 - - default default] Method 'is_advsvc' is deprecated since 2023.2 release (neutron-lib 3.8.0) and will be removed once support for the old RBAC API policies will be removed from Neutron. Please use method 'is_service_role' instead.
2026-07-14 19:11:32.067 9 INFO neutron.api.wsgi [req-5da34dbc-d599-4840-a69d-f9badabbda26 req-017c0fa8-5e79-4abd-b0bc-978b37d65ea0 64cdc5d9c058421f86a927a38585db0a 1f755786a48d4d4ab0dfad4c8baccc73 - - a1d42b11def94b6da85a2b715b2d2bd9 a1d42b11def94b6da85a2b715b2d2bd9] 199.19.213.166 "GET /v2.0/ports?tenant_id=d2e4904e1d2e403dab2bcaa55b5c72e7&device_id=17b7a642-826e-46c6-b6c9-f2c56d1cddf5 HTTP/1.1" status: 200 len: 1413 time: 0.0592716
2026-07-14 19:11:32.072 8 INFO neutron.db.ovn_revision_numbers_db [None req-37bdc4dd-3b40-4ea8-a58d-0694371ac64d d718d206c651403fa0915b9a6b9fbd4d 34bf6f79f6af448abd437893b55afb61 - - default default] Successfully bumped revision number for resource e9d14de6-61e6-4b63-91dd-5f32548697c5 (type: networks) to 1
2026-07-14 19:11:32.186 9 INFO neutron.db.ovn_revision_numbers_db [None req-adf031e2-6a17-4da3-a413-b09ed3cafb2c 380acbc4b3ab411eafffdc3c1ebc5f1c ae8f2a1aef7f44ec92ec14d9ac9a5c32 - - default default] Successfully bumped revision number for resource bd6f9ab5-aac5-41dc-b6d8-4038acc59b91 (type: security_group_rules) to 0
2026-07-14 19:11:32.225 9 INFO neutron.api.wsgi [None req-adf031e2-6a17-4da3-a413-b09ed3cafb2c 380acbc4b3ab411eafffdc3c1ebc5f1c ae8f2a1aef7f44ec92ec14d9ac9a5c32 - - default default] 10.0.0.106 "POST /v2.0/security-group-rules HTTP/1.1" status: 201 len: 796 time: 0.2274897
2026-07-14 19:11:32.237 9 WARNING neutron_lib.context [None req-7cc2aeaf-c4f2-4b7a-bc50-6c92c4604813 380acbc4b3ab411eafffdc3c1ebc5f1c ae8f2a1aef7f44ec92ec14d9ac9a5c32 - - default default] Method 'is_advsvc' is deprecated since 2023.2 release (neutron-lib 3.8.0) and will be removed once support for the old RBAC API policies will be removed from Neutron. Please use method 'is_service_role' instead.
2026-07-14 19:11:32.249 8 WARNING neutron.scheduler.dhcp_agent_scheduler [None req-37bdc4dd-3b40-4ea8-a58d-0694371ac64d d718d206c651403fa0915b9a6b9fbd4d 34bf6f79f6af448abd437893b55afb61 - - default default] No more DHCP agents
2026-07-14 19:11:32.250 8 WARNING neutron.api.rpc.agentnotifiers.dhcp_rpc_agent_api [None req-37bdc4dd-3b40-4ea8-a58d-0694371ac64d d718d206c651403fa0915b9a6b9fbd4d 34bf6f79f6af448abd437893b55afb61 - - default default] Unable to schedule network e9d14de6-61e6-4b63-91dd-5f32548697c5: no agents available; will retry on subsequent port and subnet creation events.
2026-07-14 19:11:32.317 8 INFO neutron.db.ovn_revision_numbers_db [None req-37bdc4dd-3b40-4ea8-a58d-0694371ac64d d718d206c651403fa0915b9a6b9fbd4d 34bf6f79f6af448abd437893b55afb61 - - default default] Successfully bumped revision number for resource ae4aecc0-a58d-47ac-92d2-7d3383bb570b (type: ports) to 1
2026-07-14 19:11:32.341 8 INFO neutron.api.wsgi [None req-37bdc4dd-3b40-4ea8-a58d-0694371ac64d d718d206c651403fa0915b9a6b9fbd4d 34bf6f79f6af448abd437893b55afb61 - - default default] 10.0.0.106 "POST /v2.0/networks HTTP/1.1" status: 201 len: 831 time: 0.5446973
2026-07-14 19:11:32.350 8 WARNING neutron_lib.context [None req-7711438f-fdd3-4166-a15e-ca17b216901c d718d206c651403fa0915b9a6b9fbd4d 34bf6f79f6af448abd437893b55afb61 - - default default] Method 'is_advsvc' is deprecated since 2023.2 release (neutron-lib 3.8.0) and will be removed once support for the old RBAC API policies will be removed from Neutron. Please use method 'is_service_role' instead.
2026-07-14 19:11:32.370 9 INFO neutron.db.ovn_revision_numbers_db [None req-7cc2aeaf-c4f2-4b7a-bc50-6c92c4604813 380acbc4b3ab411eafffdc3c1ebc5f1c ae8f2a1aef7f44ec92ec14d9ac9a5c32 - - default default] Successfully bumped revision number for resource 35ba71bc-00f1-427c-9270-d132503b82c7 (type: security_group_rules) to 0
2026-07-14 19:11:32.409 9 INFO neutron.api.wsgi [None req-7cc2aeaf-c4f2-4b7a-bc50-6c92c4604813 380acbc4b3ab411eafffdc3c1ebc5f1c ae8f2a1aef7f44ec92ec14d9ac9a5c32 - - default default] 10.0.0.106 "POST /v2.0/security-group-rules HTTP/1.1" status: 201 len: 795 time: 0.1769664
2026-07-14 19:11:32.419 9 WARNING neutron_lib.context [None req-03e4defd-7af2-4149-b2c5-974f4172603b 380acbc4b3ab411eafffdc3c1ebc5f1c ae8f2a1aef7f44ec92ec14d9ac9a5c32 - - default default] Method 'is_advsvc' is deprecated since 2023.2 release (neutron-lib 3.8.0) and will be removed once support for the old RBAC API policies will be removed from Neutron. Please use method 'is_service_role' instead.
2026-07-14 19:11:32.554 8 WARNING neutron.scheduler.dhcp_agent_scheduler [None req-7711438f-fdd3-4166-a15e-ca17b216901c d718d206c651403fa0915b9a6b9fbd4d 34bf6f79f6af448abd437893b55afb61 - - default default] No more DHCP agents
2026-07-14 19:11:32.557 8 WARNING neutron.api.rpc.agentnotifiers.dhcp_rpc_agent_api [None req-7711438f-fdd3-4166-a15e-ca17b216901c d718d206c651403fa0915b9a6b9fbd4d 34bf6f79f6af448abd437893b55afb61 - - default default] Unable to schedule network e9d14de6-61e6-4b63-91dd-5f32548697c5: no agents available; will retry on subsequent port and subnet creation events.
2026-07-14 19:11:32.562 9 INFO neutron.db.ovn_revision_numbers_db [None req-03e4defd-7af2-4149-b2c5-974f4172603b 380acbc4b3ab411eafffdc3c1ebc5f1c ae8f2a1aef7f44ec92ec14d9ac9a5c32 - - default default] Successfully bumped revision number for resource 6ffe4df5-934f-4e7d-8435-d389c4a6ddad (type: security_group_rules) to 0
2026-07-14 19:11:32.627 9 INFO neutron.api.wsgi [None req-03e4defd-7af2-4149-b2c5-974f4172603b 380acbc4b3ab411eafffdc3c1ebc5f1c ae8f2a1aef7f44ec92ec14d9ac9a5c32 - - default default] 10.0.0.106 "POST /v2.0/security-group-rules HTTP/1.1" status: 201 len: 801 time: 0.2129648
2026-07-14 19:11:32.638 8 WARNING neutron_lib.context [None req-e19d6679-544b-4fbe-a78a-55a0fc478239 380acbc4b3ab411eafffdc3c1ebc5f1c ae8f2a1aef7f44ec92ec14d9ac9a5c32 - - default default] Method 'is_advsvc' is deprecated since 2023.2 release (neutron-lib 3.8.0) and will be removed once support for the old RBAC API policies will be removed from Neutron. Please use method 'is_service_role' instead.
2026-07-14 19:11:32.649 9 INFO neutron.api.wsgi [req-5da34dbc-d599-4840-a69d-f9badabbda26 req-6a246ba2-310a-4c79-bbd0-242d890da1fa 64cdc5d9c058421f86a927a38585db0a 1f755786a48d4d4ab0dfad4c8baccc73 - - a1d42b11def94b6da85a2b715b2d2bd9 a1d42b11def94b6da85a2b715b2d2bd9] 199.19.213.166 "GET /v2.0/networks?id=a4b60153-03fa-4af8-abdc-40670194b6f7 HTTP/1.1" status: 200 len: 958 time: 0.0737441
2026-07-14 19:11:32.691 9 INFO neutron.api.wsgi [req-5da34dbc-d599-4840-a69d-f9badabbda26 req-4ea58144-14a1-4bed-a9b8-daedadeafe03 64cdc5d9c058421f86a927a38585db0a 1f755786a48d4d4ab0dfad4c8baccc73 - - a1d42b11def94b6da85a2b715b2d2bd9 a1d42b11def94b6da85a2b715b2d2bd9] 199.19.213.166 "GET /v2.0/floatingips?fixed_ip_address=10.100.0.12&port_id=ec98c87a-8b55-4662-b0c6-6da0d3d1372d HTTP/1.1" status: 200 len: 1060 time: 0.0376756
2026-07-14 19:11:32.726 9 INFO neutron.api.wsgi [req-5da34dbc-d599-4840-a69d-f9badabbda26 req-6abe322c-43cb-4ec4-a3cc-2e6db913ae8b 64cdc5d9c058421f86a927a38585db0a 1f755786a48d4d4ab0dfad4c8baccc73 - - a1d42b11def94b6da85a2b715b2d2bd9 a1d42b11def94b6da85a2b715b2d2bd9] 199.19.213.166 "GET /v2.0/subnets?id=2f30416e-221b-4dae-b753-a6c532e6bf8c HTTP/1.1" status: 200 len: 876 time: 0.0287197
2026-07-14 19:11:32.749 9 INFO neutron.api.wsgi [req-5da34dbc-d599-4840-a69d-f9badabbda26 req-00821c8f-77ba-4dfa-8933-14724b51f700 64cdc5d9c058421f86a927a38585db0a 1f755786a48d4d4ab0dfad4c8baccc73 - - a1d42b11def94b6da85a2b715b2d2bd9 a1d42b11def94b6da85a2b715b2d2bd9] 199.19.213.166 "GET /v2.0/ports?network_id=a4b60153-03fa-4af8-abdc-40670194b6f7&device_owner=network%3Adhcp HTTP/1.1" status: 200 len: 210 time: 0.0174954
2026-07-14 19:11:32.813 9 INFO neutron.api.wsgi [req-5da34dbc-d599-4840-a69d-f9badabbda26 req-0586672d-71f1-4c1f-ada8-954f25c7db7d 64cdc5d9c058421f86a927a38585db0a 1f755786a48d4d4ab0dfad4c8baccc73 - - a1d42b11def94b6da85a2b715b2d2bd9 a1d42b11def94b6da85a2b715b2d2bd9] 199.19.213.166 "GET /v2.0/networks/a4b60153-03fa-4af8-abdc-40670194b6f7?fields=segments HTTP/1.1" status: 200 len: 212 time: 0.0577466
2026-07-14 19:11:32.843 8 INFO neutron.db.ovn_revision_numbers_db [None req-e19d6679-544b-4fbe-a78a-55a0fc478239 380acbc4b3ab411eafffdc3c1ebc5f1c ae8f2a1aef7f44ec92ec14d9ac9a5c32 - - default default] Successfully bumped revision number for resource 1e3b3c3f-500a-4f39-b9bd-edea43970916 (type: security_group_rules) to 0
2026-07-14 19:11:32.868 9 INFO neutron.api.wsgi [req-5da34dbc-d599-4840-a69d-f9badabbda26 req-1d934d11-d7a9-4d2f-857b-54485a9bb5fa 64cdc5d9c058421f86a927a38585db0a 1f755786a48d4d4ab0dfad4c8baccc73 - - a1d42b11def94b6da85a2b715b2d2bd9 a1d42b11def94b6da85a2b715b2d2bd9] 199.19.213.166 "GET /v2.0/networks/a4b60153-03fa-4af8-abdc-40670194b6f7?fields=provider%3Aphysical_network&fields=provider%3Anetwork_type HTTP/1.1" status: 200 len: 277 time: 0.0476894
2026-07-14 19:11:32.899 8 INFO neutron.api.wsgi [None req-e19d6679-544b-4fbe-a78a-55a0fc478239 380acbc4b3ab411eafffdc3c1ebc5f1c ae8f2a1aef7f44ec92ec14d9ac9a5c32 - - default default] 10.0.0.106 "POST /v2.0/security-group-rules HTTP/1.1" status: 201 len: 800 time: 0.2661338
2026-07-14 19:11:32.912 9 WARNING neutron_lib.context [None req-8057c80b-d6c6-498d-8991-5992937b920d 380acbc4b3ab411eafffdc3c1ebc5f1c ae8f2a1aef7f44ec92ec14d9ac9a5c32 - - default default] Method 'is_advsvc' is deprecated since 2023.2 release (neutron-lib 3.8.0) and will be removed once support for the old RBAC API policies will be removed from Neutron. Please use method 'is_service_role' instead.
2026-07-14 19:11:32.944 9 INFO neutron.db.securitygroups_db [None req-8057c80b-d6c6-498d-8991-5992937b920d 380acbc4b3ab411eafffdc3c1ebc5f1c ae8f2a1aef7f44ec92ec14d9ac9a5c32 - - default default] Project ae8f2a1aef7f44ec92ec14d9ac9a5c32 added a security group rule with legacy IPv6 ICMP protocol name icmp, ipv6-icmp should be used instead. It was automatically converted.
2026-07-14 19:11:33.050 9 INFO neutron.db.ovn_revision_numbers_db [None req-8057c80b-d6c6-498d-8991-5992937b920d 380acbc4b3ab411eafffdc3c1ebc5f1c ae8f2a1aef7f44ec92ec14d9ac9a5c32 - - default default] Successfully bumped revision number for resource 51f2d31c-59b6-490d-a325-e5a18a2f2a43 (type: security_group_rules) to 0
