2026-07-14 19:08:28.919 9 INFO neutron.api.wsgi [req-5667c6d4-133c-420a-8101-20c83c649631 req-16efa751-8ad5-441f-aae1-afb51fc2ea41 e1d592620f8d4481911d80e476c617eb d515e23448dc49809554d77bac1fc7d2 - - default default] 10.0.0.241 "GET /v2.0/ports?device_id=4526f3a0-4657-4540-a9da-508a45e9772f HTTP/1.1" status: 200 len: 210 time: 0.0233576
2026-07-14 19:08:28.972 9 INFO neutron.db.ovn_revision_numbers_db [None req-a644e360-ed4a-4ae1-84ae-3baca3957195 d54ab789ab764360a301b092e529a1de 944992dde62c4080abe7a663032008a4 - - default default] Successfully bumped revision number for resource d49ce904-23d6-4705-ae67-7eab7f71da94 (type: ports) to 1
2026-07-14 19:08:29.033 9 WARNING neutron.scheduler.dhcp_agent_scheduler [None req-a644e360-ed4a-4ae1-84ae-3baca3957195 d54ab789ab764360a301b092e529a1de 944992dde62c4080abe7a663032008a4 - - default default] No more DHCP agents
2026-07-14 19:08:29.034 9 WARNING neutron.api.rpc.agentnotifiers.dhcp_rpc_agent_api [None req-a644e360-ed4a-4ae1-84ae-3baca3957195 d54ab789ab764360a301b092e529a1de 944992dde62c4080abe7a663032008a4 - - default default] Unable to schedule network 743cce40-6b0f-4129-bc32-d448a66425ad: no agents available; will retry on subsequent port and subnet creation events.
2026-07-14 19:08:29.173 8 INFO neutron.api.wsgi [req-53ac43f8-e954-404e-bc96-5f00d90dd816 req-01ece978-73b3-4ff4-aa39-b99dcfa6ee22 ccecef04dec244498df16747d8cf3787 90e1805ffada4e57b28965245744cd29 - - default default] 10.0.0.241 "GET /v2.0/ports?device_id=e293c7fe-04fd-4e9f-a7e2-2bbf8da6508c HTTP/1.1" status: 200 len: 210 time: 0.0269074
2026-07-14 19:08:29.786 9 INFO neutron.db.ovn_revision_numbers_db [None req-a644e360-ed4a-4ae1-84ae-3baca3957195 d54ab789ab764360a301b092e529a1de 944992dde62c4080abe7a663032008a4 - - default default] Successfully bumped revision number for resource d49ce904-23d6-4705-ae67-7eab7f71da94 (type: router_ports) to 1
2026-07-14 19:08:29.792 9 INFO neutron.api.wsgi [None req-a644e360-ed4a-4ae1-84ae-3baca3957195 d54ab789ab764360a301b092e529a1de 944992dde62c4080abe7a663032008a4 - - default default] 10.0.0.106 "PUT /v2.0/routers/ddbfe2e4-8a12-4d07-a6f7-819e0f5f8232/add_router_interface HTTP/1.1" status: 200 len: 503 time: 2.1309571
2026-07-14 19:08:29.861 8 INFO neutron.plugins.ml2.drivers.ovn.mech_driver.mech_driver [None req-b8dea2f0-44fb-4172-905d-f85f1a6d2a88 - - - - - -] OVN reports status up for port: d49ce904-23d6-4705-ae67-7eab7f71da94
2026-07-14 19:08:29.868 8 INFO neutron.plugins.ml2.plugin [None req-b8dea2f0-44fb-4172-905d-f85f1a6d2a88 - - - - - -] Attempt 1 to provision port d49ce904-23d6-4705-ae67-7eab7f71da94
2026-07-14 19:08:30.037 9 INFO neutron.api.wsgi [req-24aab6ce-6c64-43eb-a2c4-04a7aa642ac0 req-55ffbd2e-0271-4c62-bf43-6949d1fb8212 e1d592620f8d4481911d80e476c617eb d515e23448dc49809554d77bac1fc7d2 - - default default] 10.0.0.241 "GET /v2.0/ports?device_id=4526f3a0-4657-4540-a9da-508a45e9772f HTTP/1.1" status: 200 len: 210 time: 0.0245461
2026-07-14 19:08:30.257 8 INFO neutron.api.wsgi [req-e9e4a324-414a-465e-bc67-c0e281162e1f req-92095608-e6f6-4fab-872b-d377f629a8d1 ccecef04dec244498df16747d8cf3787 90e1805ffada4e57b28965245744cd29 - - default default] 10.0.0.241 "GET /v2.0/ports?device_id=e293c7fe-04fd-4e9f-a7e2-2bbf8da6508c HTTP/1.1" status: 200 len: 210 time: 0.0198536
2026-07-14 19:08:30.304 8 INFO neutron.db.ovn_revision_numbers_db [None req-b8dea2f0-44fb-4172-905d-f85f1a6d2a88 - - - - - -] Successfully bumped revision number for resource d49ce904-23d6-4705-ae67-7eab7f71da94 (type: ports) to 2
2026-07-14 19:08:30.410 9 WARNING neutron_lib.context [None req-3d686551-8bb8-4563-ac1b-047a0c2fed07 117d0fbf84e14137a7770834a6e8f6ac 8ac5237dca0a463e95304f76c84231fb - - default default] Method 'is_advsvc' is deprecated since 2023.2 release (neutron-lib 3.8.0) and will be removed once support for the old RBAC API policies will be removed from Neutron. Please use method 'is_service_role' instead.
2026-07-14 19:08:30.450 8 INFO neutron.api.wsgi [req-f78aa9f4-c4d9-44d7-903e-4122324e26b5 req-3db3cfcc-f01a-491e-9d14-9e3e1fb5d41a 64cdc5d9c058421f86a927a38585db0a 1f755786a48d4d4ab0dfad4c8baccc73 - - a1d42b11def94b6da85a2b715b2d2bd9 a1d42b11def94b6da85a2b715b2d2bd9] 10.0.0.202 "GET /v2.0/ports?device_id=5d49ae50-7dbd-4cbc-9842-8d802fe19011 HTTP/1.1" status: 200 len: 1409 time: 0.1257334
2026-07-14 19:08:30.495 8 INFO neutron.api.wsgi [req-f78aa9f4-c4d9-44d7-903e-4122324e26b5 req-2b48029e-de65-4295-ae70-115019b482ed 64cdc5d9c058421f86a927a38585db0a 1f755786a48d4d4ab0dfad4c8baccc73 - - a1d42b11def94b6da85a2b715b2d2bd9 a1d42b11def94b6da85a2b715b2d2bd9] 10.0.0.202 "GET /v2.0/security-groups?id=54584840-7fda-4e21-ad13-bb451cd65b07&fields=id&fields=name HTTP/1.1" status: 200 len: 313 time: 0.0383992
2026-07-14 19:08:30.559 9 INFO neutron.db.ovn_revision_numbers_db [None req-3d686551-8bb8-4563-ac1b-047a0c2fed07 117d0fbf84e14137a7770834a6e8f6ac 8ac5237dca0a463e95304f76c84231fb - - default default] Successfully bumped revision number for resource 5e2b5b37-0f56-4d6e-b456-9b68d43f5a2b (type: security_groups) to 1
2026-07-14 19:08:30.581 9 INFO neutron.db.ovn_revision_numbers_db [None req-3d686551-8bb8-4563-ac1b-047a0c2fed07 117d0fbf84e14137a7770834a6e8f6ac 8ac5237dca0a463e95304f76c84231fb - - default default] Successfully bumped revision number for resource 00074b84-6824-419d-a533-a46632b32ef4 (type: security_group_rules) to 0
2026-07-14 19:08:30.606 9 INFO neutron.db.ovn_revision_numbers_db [None req-3d686551-8bb8-4563-ac1b-047a0c2fed07 117d0fbf84e14137a7770834a6e8f6ac 8ac5237dca0a463e95304f76c84231fb - - default default] Successfully bumped revision number for resource 2c3ced86-c288-447a-b0e9-026aed8429d8 (type: security_group_rules) to 0
2026-07-14 19:08:30.644 9 INFO neutron.api.wsgi [None req-3d686551-8bb8-4563-ac1b-047a0c2fed07 117d0fbf84e14137a7770834a6e8f6ac 8ac5237dca0a463e95304f76c84231fb - - default default] 10.0.0.106 "POST /v2.0/security-groups HTTP/1.1" status: 201 len: 1859 time: 0.2392662
2026-07-14 19:08:30.654 9 WARNING neutron_lib.context [None req-91f4297b-23e4-48fe-afbf-97833bcaeeff 117d0fbf84e14137a7770834a6e8f6ac 8ac5237dca0a463e95304f76c84231fb - - default default] Method 'is_advsvc' is deprecated since 2023.2 release (neutron-lib 3.8.0) and will be removed once support for the old RBAC API policies will be removed from Neutron. Please use method 'is_service_role' instead.
2026-07-14 19:08:30.785 9 INFO neutron.db.ovn_revision_numbers_db [None req-91f4297b-23e4-48fe-afbf-97833bcaeeff 117d0fbf84e14137a7770834a6e8f6ac 8ac5237dca0a463e95304f76c84231fb - - default default] Successfully bumped revision number for resource 703be299-b201-4063-b863-62395d728b1b (type: security_group_rules) to 0
2026-07-14 19:08:30.818 9 INFO neutron.api.wsgi [None req-91f4297b-23e4-48fe-afbf-97833bcaeeff 117d0fbf84e14137a7770834a6e8f6ac 8ac5237dca0a463e95304f76c84231fb - - default default] 10.0.0.106 "POST /v2.0/security-group-rules HTTP/1.1" status: 201 len: 796 time: 0.1677537
2026-07-14 19:08:30.829 9 WARNING neutron_lib.context [None req-791bffba-431d-4fe0-8a82-165487856f3a 117d0fbf84e14137a7770834a6e8f6ac 8ac5237dca0a463e95304f76c84231fb - - default default] Method 'is_advsvc' is deprecated since 2023.2 release (neutron-lib 3.8.0) and will be removed once support for the old RBAC API policies will be removed from Neutron. Please use method 'is_service_role' instead.
2026-07-14 19:08:30.926 9 INFO neutron.db.ovn_revision_numbers_db [None req-791bffba-431d-4fe0-8a82-165487856f3a 117d0fbf84e14137a7770834a6e8f6ac 8ac5237dca0a463e95304f76c84231fb - - default default] Successfully bumped revision number for resource 0fb92a60-da34-4378-ac5a-6daf4ebca84e (type: security_group_rules) to 0
2026-07-14 19:08:30.958 9 INFO neutron.api.wsgi [None req-791bffba-431d-4fe0-8a82-165487856f3a 117d0fbf84e14137a7770834a6e8f6ac 8ac5237dca0a463e95304f76c84231fb - - default default] 10.0.0.106 "POST /v2.0/security-group-rules HTTP/1.1" status: 201 len: 801 time: 0.1352437
2026-07-14 19:08:30.967 9 WARNING neutron_lib.context [None req-759e525a-94f9-4f70-8e6b-b7056cae7bf1 117d0fbf84e14137a7770834a6e8f6ac 8ac5237dca0a463e95304f76c84231fb - - default default] Method 'is_advsvc' is deprecated since 2023.2 release (neutron-lib 3.8.0) and will be removed once support for the old RBAC API policies will be removed from Neutron. Please use method 'is_service_role' instead.
2026-07-14 19:08:31.210 9 WARNING neutron.scheduler.dhcp_agent_scheduler [None req-759e525a-94f9-4f70-8e6b-b7056cae7bf1 117d0fbf84e14137a7770834a6e8f6ac 8ac5237dca0a463e95304f76c84231fb - - default default] No more DHCP agents
2026-07-14 19:08:31.211 9 WARNING neutron.api.rpc.agentnotifiers.dhcp_rpc_agent_api [None req-759e525a-94f9-4f70-8e6b-b7056cae7bf1 117d0fbf84e14137a7770834a6e8f6ac 8ac5237dca0a463e95304f76c84231fb - - default default] Unable to schedule network 20039a72-e184-4592-8a6e-542253372dc2: no agents available; will retry on subsequent port and subnet creation events.
2026-07-14 19:08:31.264 8 INFO neutron.api.wsgi [None req-47c92fee-4296-4c74-87a6-ddc445b76d5e e1d592620f8d4481911d80e476c617eb d515e23448dc49809554d77bac1fc7d2 - - default default] 10.0.0.106 "DELETE /v2.0/security-groups/f00b4c07-817b-45c4-a81c-1d02d8bcd59b HTTP/1.1" status: 204 len: 168 time: 0.1322649
2026-07-14 19:08:31.277 8 INFO neutron.api.v2.resource [None req-0ae08df6-5c93-4053-b7f2-9c7bfffec6fb e1d592620f8d4481911d80e476c617eb d515e23448dc49809554d77bac1fc7d2 - - default default] show failed (client error): The resource could not be found.
2026-07-14 19:08:31.278 8 INFO neutron.api.wsgi [None req-0ae08df6-5c93-4053-b7f2-9c7bfffec6fb e1d592620f8d4481911d80e476c617eb d515e23448dc49809554d77bac1fc7d2 - - default default] 10.0.0.106 "GET /v2.0/security-groups/f00b4c07-817b-45c4-a81c-1d02d8bcd59b HTTP/1.1" status: 404 len: 347 time: 0.0096743
2026-07-14 19:08:31.340 8 INFO neutron.api.wsgi [req-15552e8b-1008-4a2e-a86c-b31c9ed11dae req-58291633-40bc-45d1-9120-ef147115448e ccecef04dec244498df16747d8cf3787 90e1805ffada4e57b28965245744cd29 - - default default] 10.0.0.241 "GET /v2.0/ports?device_id=e293c7fe-04fd-4e9f-a7e2-2bbf8da6508c HTTP/1.1" status: 200 len: 210 time: 0.0185885
2026-07-14 19:08:31.564 9 INFO neutron.api.wsgi [None req-759e525a-94f9-4f70-8e6b-b7056cae7bf1 117d0fbf84e14137a7770834a6e8f6ac 8ac5237dca0a463e95304f76c84231fb - - default default] 10.0.0.106 "POST /v2.0/floatingips HTTP/1.1" status: 201 len: 751 time: 0.6004872
2026-07-14 19:08:31.623 9 INFO neutron.api.wsgi [None req-d752bd14-bf7b-43a0-98ff-d541d0daa90c e1d592620f8d4481911d80e476c617eb d515e23448dc49809554d77bac1fc7d2 - - default default] 10.0.0.106 "DELETE /v2.0/floatingips/acd33bda-e8f9-4a30-a493-14f0a844ddc3 HTTP/1.1" status: 204 len: 168 time: 0.3400784
2026-07-14 19:08:32.050 9 INFO neutron.api.wsgi [req-51b3dc96-c408-4160-a7a9-edec8fc5740e req-961bc312-a001-444d-a4d8-3f42c3c3fd6f 117d0fbf84e14137a7770834a6e8f6ac 8ac5237dca0a463e95304f76c84231fb - - default default] 10.0.0.241 "GET /v2.0/security-groups?name=tempest-securitygroup--753482471&fields=id&tenant_id=8ac5237dca0a463e95304f76c84231fb HTTP/1.1" status: 200 len: 267 time: 0.0517130
2026-07-14 19:08:32.105 9 INFO neutron.api.wsgi [req-51b3dc96-c408-4160-a7a9-edec8fc5740e req-139d1fb7-65c3-4bdf-ba12-4310d106e269 117d0fbf84e14137a7770834a6e8f6ac 8ac5237dca0a463e95304f76c84231fb - - default default] 10.0.0.241 "GET /v2.0/networks?id=743cce40-6b0f-4129-bc32-d448a66425ad HTTP/1.1" status: 200 len: 874 time: 0.0508130
2026-07-14 19:08:32.126 9 INFO neutron.api.wsgi [req-51b3dc96-c408-4160-a7a9-edec8fc5740e req-f83c58c8-6adc-4d8a-a672-39febb16d23a 117d0fbf84e14137a7770834a6e8f6ac 8ac5237dca0a463e95304f76c84231fb - - default default] 10.0.0.241 "GET /v2.0/quotas/8ac5237dca0a463e95304f76c84231fb HTTP/1.1" status: 200 len: 491 time: 0.0117071
2026-07-14 19:08:32.221 9 INFO neutron.api.wsgi [req-51b3dc96-c408-4160-a7a9-edec8fc5740e req-318d7f0b-9467-4d4b-9ff5-bb9c27824489 117d0fbf84e14137a7770834a6e8f6ac 8ac5237dca0a463e95304f76c84231fb - - default default] 10.0.0.241 "GET /v2.0/ports?tenant_id=8ac5237dca0a463e95304f76c84231fb&fields=id HTTP/1.1" status: 200 len: 302 time: 0.0896459
2026-07-14 19:08:32.286 9 INFO neutron.api.wsgi [req-51b3dc96-c408-4160-a7a9-edec8fc5740e req-aa15b558-9a88-42a3-96bf-632eab279a26 64cdc5d9c058421f86a927a38585db0a 1f755786a48d4d4ab0dfad4c8baccc73 - - a1d42b11def94b6da85a2b715b2d2bd9 a1d42b11def94b6da85a2b715b2d2bd9] 10.0.0.241 "GET /v2.0/networks/743cce40-6b0f-4129-bc32-d448a66425ad?fields=segments HTTP/1.1" status: 200 len: 212 time: 0.0552025
2026-07-14 19:08:32.343 9 INFO neutron.api.wsgi [req-51b3dc96-c408-4160-a7a9-edec8fc5740e req-e353d3c4-07f0-4d08-af31-ebf66dab0e15 64cdc5d9c058421f86a927a38585db0a 1f755786a48d4d4ab0dfad4c8baccc73 - - a1d42b11def94b6da85a2b715b2d2bd9 a1d42b11def94b6da85a2b715b2d2bd9] 10.0.0.241 "GET /v2.0/networks/743cce40-6b0f-4129-bc32-d448a66425ad?fields=provider%3Aphysical_network&fields=provider%3Anetwork_type HTTP/1.1" status: 200 len: 277 time: 0.0482628
2026-07-14 19:08:32.418 8 INFO neutron.api.wsgi [req-b8aae308-87bc-448b-9e54-f97f31f77c3c req-247bd52a-d82b-4446-bcb0-106f3b126a98 ccecef04dec244498df16747d8cf3787 90e1805ffada4e57b28965245744cd29 - - default default] 10.0.0.241 "GET /v2.0/ports?device_id=e293c7fe-04fd-4e9f-a7e2-2bbf8da6508c HTTP/1.1" status: 200 len: 210 time: 0.0144231
2026-07-14 19:08:32.472 9 INFO neutron.api.wsgi [req-e87aaf00-2d5f-4502-9a01-c40a7a40c6c9 req-b7b48796-9b24-45d0-b0b8-947c4d45ef85 117d0fbf84e14137a7770834a6e8f6ac 8ac5237dca0a463e95304f76c84231fb - - default default] 10.0.0.241 "GET /v2.0/ports?device_id=08633adb-d37c-4fc6-af93-8bba662a6ae0 HTTP/1.1" status: 200 len: 210 time: 0.0196888
2026-07-14 19:08:32.914 9 INFO neutron.api.wsgi [None req-6ce351ef-9b48-4d67-b247-5ae8bfb8e45f d54ab789ab764360a301b092e529a1de 944992dde62c4080abe7a663032008a4 - - default default] 10.0.0.106 "PUT /v2.0/routers/af7997be-0da6-44c4-8f22-ed85f4b92350/remove_router_interface HTTP/1.1" status: 200 len: 503 time: 1.2862697 /var/lib/openstack/lib/python3.12/site-packages/pycadf/identifier.py:71: UserWarning: Invalid uuid: neutron. To ensure interoperability, identifiers should be a valid uuid. warnings.warn(('Invalid uuid: %s. To ensure interoperability, '
2026-07-14 19:08:33.571 8 INFO neutron.api.wsgi [req-6e83b23d-cb51-4937-a185-783e2f99f52d req-cca92a36-0f33-487b-9040-3c875f5f7424 117d0fbf84e14137a7770834a6e8f6ac 8ac5237dca0a463e95304f76c84231fb - - default default] 10.0.0.241 "GET /v2.0/ports?device_id=08633adb-d37c-4fc6-af93-8bba662a6ae0 HTTP/1.1" status: 200 len: 210 time: 0.0295842
2026-07-14 19:08:33.641 9 INFO neutron.api.wsgi [None req-e3256690-f426-4140-9cbb-87d8fcf79d02 d54ab789ab764360a301b092e529a1de 944992dde62c4080abe7a663032008a4 - - default default] 10.0.0.106 "DELETE /v2.0/routers/af7997be-0da6-44c4-8f22-ed85f4b92350 HTTP/1.1" status: 204 len: 168 time: 0.7222993
2026-07-14 19:08:33.739 8 INFO neutron.api.wsgi [None req-a772fafe-91c5-4ddf-80d2-f2022baad3ec ccecef04dec244498df16747d8cf3787 90e1805ffada4e57b28965245744cd29 - - default default] 10.0.0.106 "DELETE /v2.0/security-groups/be182afb-51ea-4d46-8f5c-2df8b766aa8f HTTP/1.1" status: 204 len: 168 time: 0.2344799
2026-07-14 19:08:33.761 9 INFO neutron.api.v2.resource [None req-4c809c86-da90-4bd5-b9ff-05edbeee857b ccecef04dec244498df16747d8cf3787 90e1805ffada4e57b28965245744cd29 - - default default] show failed (client error): The resource could not be found.
2026-07-14 19:08:33.762 9 INFO neutron.api.wsgi [None req-4c809c86-da90-4bd5-b9ff-05edbeee857b ccecef04dec244498df16747d8cf3787 90e1805ffada4e57b28965245744cd29 - - default default] 10.0.0.106 "GET /v2.0/security-groups/be182afb-51ea-4d46-8f5c-2df8b766aa8f HTTP/1.1" status: 404 len: 347 time: 0.0131793
2026-07-14 19:08:33.826 8 INFO neutron.api.wsgi [None req-dc444a23-2fb1-4510-9a79-83d82a132627 d54ab789ab764360a301b092e529a1de 944992dde62c4080abe7a663032008a4 - - default default] 10.0.0.106 "DELETE /v2.0/subnets/60228116-d6bd-4a95-bb77-3fd24be420ad HTTP/1.1" status: 204 len: 168 time: 0.1782827
2026-07-14 19:08:34.065 9 INFO neutron.api.wsgi [None req-f41d505a-66e9-42a9-a570-88be7121eac2 ccecef04dec244498df16747d8cf3787 90e1805ffada4e57b28965245744cd29 - - default default] 10.0.0.106 "DELETE /v2.0/floatingips/c871e9b2-99f8-4ea3-91b5-19fcd2c2fb1e HTTP/1.1" status: 204 len: 168 time: 0.2979681
2026-07-14 19:08:34.145 8 INFO neutron.services.segments.plugin [-] Segment 0f5fcf06-f318-4378-a306-33a12f074864 resource provider aggregate not found
2026-07-14 19:08:34.148 8 INFO neutron.services.segments.plugin [-] Segment 0f5fcf06-f318-4378-a306-33a12f074864 resource provider aggregate not found
2026-07-14 19:08:34.165 8 INFO neutron.services.segments.plugin [-] Segment 0f5fcf06-f318-4378-a306-33a12f074864 resource provider not found; error: Placement Client Error (4xx): {"errors": [{"status": 404, "title": "Not Found", "detail": "The resource could not be found.\n\n No resource provider with uuid 0f5fcf06-f318-4378-a306-33a12f074864 found for delete ", "request_id": "req-e32d2ba1-f5fb-47fd-a14d-df35577a434c"}]}
2026-07-14 19:08:34.171 8 INFO neutron.services.segments.plugin [-] Segment 0f5fcf06-f318-4378-a306-33a12f074864 resource provider not found; error: Placement Client Error (4xx): {"errors": [{"status": 404, "title": "Not Found", "detail": "The resource could not be found.\n\n No resource provider with uuid 0f5fcf06-f318-4378-a306-33a12f074864 found for delete ", "request_id": "req-11f4005b-8fae-4116-b649-447926c6dc86"}]}
2026-07-14 19:08:34.190 8 INFO neutron.api.wsgi [None req-d0a92684-47e2-4fe8-bcda-8a70cc49ce61 d54ab789ab764360a301b092e529a1de 944992dde62c4080abe7a663032008a4 - - default default] 10.0.0.106 "DELETE /v2.0/networks/e904182d-0fb0-4ade-a236-58b7ca88f75a HTTP/1.1" status: 204 len: 168 time: 0.3591337
2026-07-14 19:08:34.323 8 INFO neutron.api.wsgi [None req-fec964cc-89a1-424f-b640-2f7a9c0a8ff6 d54ab789ab764360a301b092e529a1de 944992dde62c4080abe7a663032008a4 - - default default] 10.0.0.106 "GET /v2.0/security-groups?tenant_id=d515e23448dc49809554d77bac1fc7d2&name=default HTTP/1.1" status: 200 len: 3116 time: 0.0343478
2026-07-14 19:08:34.584 8 INFO neutron.api.wsgi [None req-44aa6f8b-9239-4b54-91a6-7fa41f50231d d54ab789ab764360a301b092e529a1de 944992dde62c4080abe7a663032008a4 - - default default] 10.0.0.106 "DELETE /v2.0/security-groups/60819d3e-fe7b-4793-8cb5-99753db530b8 HTTP/1.1" status: 204 len: 168 time: 0.2567096
2026-07-14 19:08:34.663 9 INFO neutron.api.wsgi [req-c73fddf5-b43c-4b6f-8f4b-ebb1c8793b89 req-60dd4827-85a0-4fb3-b108-c87a9f54cc8c 117d0fbf84e14137a7770834a6e8f6ac 8ac5237dca0a463e95304f76c84231fb - - default default] 10.0.0.241 "GET /v2.0/ports?device_id=08633adb-d37c-4fc6-af93-8bba662a6ae0 HTTP/1.1" status: 200 len: 210 time: 0.0178983
2026-07-14 19:08:34.776 8 WARNING neutron.plugins.ml2.drivers.ovn.mech_driver.ovsdb.ovn_client [None req-cf9b6cbc-0762-427d-a29d-316efa1aefec - - - - - -] No hosting information found for port d49ce904-23d6-4705-ae67-7eab7f71da94: RuntimeError: No hosting information found for port d49ce904-23d6-4705-ae67-7eab7f71da94
2026-07-14 19:08:34.869 8 INFO neutron.db.ovn_revision_numbers_db [None req-cf9b6cbc-0762-427d-a29d-316efa1aefec - - - - - -] Successfully bumped revision number for resource d49ce904-23d6-4705-ae67-7eab7f71da94 (type: router_ports) to 2
2026-07-14 19:08:35.297 8 INFO neutron.api.wsgi [None req-60246895-4fc7-4a15-b1c3-7039f0d262b3 d54ab789ab764360a301b092e529a1de 944992dde62c4080abe7a663032008a4 - - default default] 10.0.0.106 "PUT /v2.0/routers/c8603c79-5bc7-4f63-bc72-cdc27d3b5e99/remove_router_interface HTTP/1.1" status: 200 len: 503 time: 1.2275734 /var/lib/openstack/lib/python3.12/site-packages/pycadf/identifier.py:71: UserWarning: Invalid uuid: neutron. To ensure interoperability, identifiers should be a valid uuid. warnings.warn(('Invalid uuid: %s. To ensure interoperability, '
2026-07-14 19:08:35.758 9 INFO neutron.api.wsgi [req-88cb8293-9c7d-45b5-979b-91fa5a223cd5 req-64834f93-3f16-499e-95dd-c0f2b225f36c 117d0fbf84e14137a7770834a6e8f6ac 8ac5237dca0a463e95304f76c84231fb - - default default] 10.0.0.241 "GET /v2.0/ports?device_id=08633adb-d37c-4fc6-af93-8bba662a6ae0 HTTP/1.1" status: 200 len: 210 time: 0.0260119
2026-07-14 19:08:35.990 9 INFO neutron.api.wsgi [req-67dee0e0-44a6-4576-8694-bc8b15297d3e req-e40b72d1-d11d-4f1d-9f59-efb1d94cd0af 64cdc5d9c058421f86a927a38585db0a 1f755786a48d4d4ab0dfad4c8baccc73 - - a1d42b11def94b6da85a2b715b2d2bd9 a1d42b11def94b6da85a2b715b2d2bd9] 199.19.213.166 "GET /v2.0/ports?device_id=5d49ae50-7dbd-4cbc-9842-8d802fe19011&fields=binding%3Ahost_id&fields=binding%3Avif_type HTTP/1.1" status: 200 len: 265 time: 0.0545406
2026-07-14 19:08:36.274 8 INFO neutron.api.wsgi [None req-01a47a4c-f481-4f9f-b415-1e810a9c3682 d54ab789ab764360a301b092e529a1de 944992dde62c4080abe7a663032008a4 - - default default] 10.0.0.106 "DELETE /v2.0/routers/c8603c79-5bc7-4f63-bc72-cdc27d3b5e99 HTTP/1.1" status: 204 len: 168 time: 0.9733672
2026-07-14 19:08:36.428 8 INFO neutron.api.wsgi [None req-69bde594-e20b-4708-930b-24439ae85a51 d54ab789ab764360a301b092e529a1de 944992dde62c4080abe7a663032008a4 - - default default] 10.0.0.106 "DELETE /v2.0/subnets/778d2963-b05c-48f6-afdf-0a203b3d8112 HTTP/1.1" status: 204 len: 168 time: 0.1498377
2026-07-14 19:08:36.758 9 INFO neutron.db.ovn_revision_numbers_db [None req-51f50606-f78a-403d-82b9-965582a4536b d54ab789ab764360a301b092e529a1de 944992dde62c4080abe7a663032008a4 - - default default] Successfully bumped revision number for resource 532bb1c5-a147-45d7-931c-52c09cc7167d (type: security_groups) to 1
2026-07-14 19:08:36.785 9 INFO neutron.db.ovn_revision_numbers_db [None req-51f50606-f78a-403d-82b9-965582a4536b d54ab789ab764360a301b092e529a1de 944992dde62c4080abe7a663032008a4 - - default default] Successfully bumped revision number for resource 28e6851d-1513-44df-a078-873345b2795e (type: security_group_rules) to 0
2026-07-14 19:08:36.798 9 INFO neutron.api.wsgi [req-51b3dc96-c408-4160-a7a9-edec8fc5740e req-c587541e-7323-45e6-b341-73ca39619c6e 117d0fbf84e14137a7770834a6e8f6ac 8ac5237dca0a463e95304f76c84231fb - - default default] 199.19.213.166 "GET /v2.0/networks?id=743cce40-6b0f-4129-bc32-d448a66425ad HTTP/1.1" status: 200 len: 874 time: 0.0696838
2026-07-14 19:08:36.813 9 INFO neutron.db.ovn_revision_numbers_db [None req-51f50606-f78a-403d-82b9-965582a4536b d54ab789ab764360a301b092e529a1de 944992dde62c4080abe7a663032008a4 - - default default] Successfully bumped revision number for resource 3835a9a5-ab27-4c57-9b13-f37de5678759 (type: security_group_rules) to 0
2026-07-14 19:08:36.831 9 INFO neutron.db.ovn_revision_numbers_db [None req-51f50606-f78a-403d-82b9-965582a4536b d54ab789ab764360a301b092e529a1de 944992dde62c4080abe7a663032008a4 - - default default] Successfully bumped revision number for resource 531ea4dd-7d40-4db2-b340-9ffcb0a61ffb (type: security_group_rules) to 0
2026-07-14 19:08:36.831 8 INFO neutron.api.wsgi [req-a946472c-5e0c-4d8d-8b44-28088917383c req-7c1dc51a-718e-4a4e-8b99-5859ead5abc1 117d0fbf84e14137a7770834a6e8f6ac 8ac5237dca0a463e95304f76c84231fb - - default default] 10.0.0.241 "GET /v2.0/ports?device_id=08633adb-d37c-4fc6-af93-8bba662a6ae0 HTTP/1.1" status: 200 len: 210 time: 0.0173433
2026-07-14 19:08:36.864 9 INFO neutron.api.wsgi [req-51b3dc96-c408-4160-a7a9-edec8fc5740e req-c81dcace-7f7f-41fd-8993-abd00c323083 117d0fbf84e14137a7770834a6e8f6ac 8ac5237dca0a463e95304f76c84231fb - - default default] 199.19.213.166 "GET /v2.0/security-groups?fields=id&fields=name&tenant_id=8ac5237dca0a463e95304f76c84231fb HTTP/1.1" status: 200 len: 379 time: 0.0629516
2026-07-14 19:08:36.867 9 INFO neutron.db.ovn_revision_numbers_db [None req-51f50606-f78a-403d-82b9-965582a4536b d54ab789ab764360a301b092e529a1de 944992dde62c4080abe7a663032008a4 - - default default] Successfully bumped revision number for resource 61051e32-87c6-40d2-aaf1-eded9c42b943 (type: security_group_rules) to 0
2026-07-14 19:08:36.876 9 WARNING neutron_lib.context [req-51b3dc96-c408-4160-a7a9-edec8fc5740e req-080eb47d-0428-464b-8d3d-9d755dd67326 117d0fbf84e14137a7770834a6e8f6ac 8ac5237dca0a463e95304f76c84231fb - - default default] Method 'is_advsvc' is deprecated since 2023.2 release (neutron-lib 3.8.0) and will be removed once support for the old RBAC API policies will be removed from Neutron. Please use method 'is_service_role' instead.
2026-07-14 19:08:36.878 9 INFO neutron.services.segments.plugin [-] Segment 27e0d982-b68e-4523-99b0-6a97421397ed resource provider aggregate not found
2026-07-14 19:08:36.882 9 INFO neutron.services.segments.plugin [-] Segment 27e0d982-b68e-4523-99b0-6a97421397ed resource provider aggregate not found
2026-07-14 19:08:36.896 9 INFO neutron.services.segments.plugin [-] Segment 27e0d982-b68e-4523-99b0-6a97421397ed resource provider not found; error: Placement Client Error (4xx): {"errors": [{"status": 404, "title": "Not Found", "detail": "The resource could not be found.\n\n No resource provider with uuid 27e0d982-b68e-4523-99b0-6a97421397ed found for delete ", "request_id": "req-f19411f2-f6f8-4ceb-bab1-8f6261fcb3b7"}]}
2026-07-14 19:08:36.897 9 INFO neutron.services.segments.plugin [-] Segment 27e0d982-b68e-4523-99b0-6a97421397ed resource provider not found; error: Placement Client Error (4xx): {"errors": [{"status": 404, "title": "Not Found", "detail": "The resource could not be found.\n\n No resource provider with uuid 27e0d982-b68e-4523-99b0-6a97421397ed found for delete ", "request_id": "req-65f37513-f202-4730-8bc8-f2e2bd5c1313"}]}
2026-07-14 19:08:36.923 9 INFO neutron.api.wsgi [None req-b9d1479c-f2fd-4109-b7c8-6b49026f2ed6 d54ab789ab764360a301b092e529a1de 944992dde62c4080abe7a663032008a4 - - default default] 10.0.0.106 "DELETE /v2.0/networks/aa95abf4-a96e-4c3c-90e9-d6f14f6862d8 HTTP/1.1" status: 204 len: 168 time: 0.4872720
2026-07-14 19:08:36.961 9 INFO neutron.db.segments_db [None req-51f50606-f78a-403d-82b9-965582a4536b d54ab789ab764360a301b092e529a1de 944992dde62c4080abe7a663032008a4 - - default default] Added segment d9e7a016-bd33-493f-a95a-96936ec93f75 of type geneve for network 3f26ca63-b2d2-4ecb-ac93-0bd0377e544a
2026-07-14 19:08:37.081 8 INFO neutron.api.wsgi [None req-325fb70f-3e0e-4f90-97d8-53f310c0b7d6 d54ab789ab764360a301b092e529a1de 944992dde62c4080abe7a663032008a4 - - default default] 10.0.0.106 "GET /v2.0/security-groups?tenant_id=90e1805ffada4e57b28965245744cd29&name=default HTTP/1.1" status: 200 len: 3116 time: 0.0389369
2026-07-14 19:08:37.095 9 INFO neutron.api.wsgi [req-67dee0e0-44a6-4576-8694-bc8b15297d3e req-ff7572f8-b222-4daa-b740-ee5f3991fecc 64cdc5d9c058421f86a927a38585db0a 1f755786a48d4d4ab0dfad4c8baccc73 - - a1d42b11def94b6da85a2b715b2d2bd9 a1d42b11def94b6da85a2b715b2d2bd9] 199.19.213.166 "GET /v2.0/ports?tenant_id=14afbf85b66647e6806bf5f36f9aa7a1&device_id=5d49ae50-7dbd-4cbc-9842-8d802fe19011 HTTP/1.1" status: 200 len: 1409 time: 0.0894721
2026-07-14 19:08:37.186 9 INFO neutron.db.ovn_revision_numbers_db [None req-51f50606-f78a-403d-82b9-965582a4536b d54ab789ab764360a301b092e529a1de 944992dde62c4080abe7a663032008a4 - - default default] Successfully bumped revision number for resource 3f26ca63-b2d2-4ecb-ac93-0bd0377e544a (type: networks) to 1
2026-07-14 19:08:37.192 9 INFO neutron.api.wsgi [req-ceba8685-7126-4e07-b0e7-b5a8bf6c28d2 req-f57a94af-8cf6-45f1-aba3-cc19587c7ce3 921ff8db4ba04499a8745da530589353 14afbf85b66647e6806bf5f36f9aa7a1 - - default default] 10.0.0.241 "GET /v2.0/ports?device_id=5d49ae50-7dbd-4cbc-9842-8d802fe19011 HTTP/1.1" status: 200 len: 1170 time: 0.1497374
2026-07-14 19:08:37.298 9 WARNING neutron.scheduler.dhcp_agent_scheduler [req-51b3dc96-c408-4160-a7a9-edec8fc5740e req-080eb47d-0428-464b-8d3d-9d755dd67326 117d0fbf84e14137a7770834a6e8f6ac 8ac5237dca0a463e95304f76c84231fb - - default default] No more DHCP agents
2026-07-14 19:08:37.299 9 WARNING neutron.api.rpc.agentnotifiers.dhcp_rpc_agent_api [req-51b3dc96-c408-4160-a7a9-edec8fc5740e req-080eb47d-0428-464b-8d3d-9d755dd67326 117d0fbf84e14137a7770834a6e8f6ac 8ac5237dca0a463e95304f76c84231fb - - default default] Unable to schedule network 743cce40-6b0f-4129-bc32-d448a66425ad: no agents available; will retry on subsequent port and subnet creation events.
2026-07-14 19:08:37.319 8 INFO neutron.api.wsgi [req-b69be812-e5f6-4059-9529-20d3b010c308 req-9f0537ba-e39d-4eb1-92b7-2e9238f1bf08 921ff8db4ba04499a8745da530589353 14afbf85b66647e6806bf5f36f9aa7a1 - - default default] 10.0.0.241 "GET /v2.0/ports/fee55906-1c2a-4c5d-952b-fd83433111f3 HTTP/1.1" status: 200 len: 1167 time: 0.0772047
2026-07-14 19:08:37.343 8 INFO neutron.api.wsgi [None req-680b0292-1bb8-4831-b3f3-8621a972f28a d54ab789ab764360a301b092e529a1de 944992dde62c4080abe7a663032008a4 - - default default] 10.0.0.106 "DELETE /v2.0/security-groups/b2c9a826-e01d-477e-ba11-e54ba362ec31 HTTP/1.1" status: 204 len: 168 time: 0.2564259
2026-07-14 19:08:37.359 9 WARNING neutron.scheduler.dhcp_agent_scheduler [None req-51f50606-f78a-403d-82b9-965582a4536b d54ab789ab764360a301b092e529a1de 944992dde62c4080abe7a663032008a4 - - default default] No more DHCP agents
2026-07-14 19:08:37.360 9 WARNING neutron.api.rpc.agentnotifiers.dhcp_rpc_agent_api [None req-51f50606-f78a-403d-82b9-965582a4536b d54ab789ab764360a301b092e529a1de 944992dde62c4080abe7a663032008a4 - - default default] Unable to schedule network 3f26ca63-b2d2-4ecb-ac93-0bd0377e544a: no agents available; will retry on subsequent port and subnet creation events.
2026-07-14 19:08:37.435 9 INFO neutron.db.ovn_revision_numbers_db [None req-51f50606-f78a-403d-82b9-965582a4536b d54ab789ab764360a301b092e529a1de 944992dde62c4080abe7a663032008a4 - - default default] Successfully bumped revision number for resource 4e6192e3-3d38-4808-9614-39e7cc4387fd (type: ports) to 1
2026-07-14 19:08:37.442 9 INFO neutron.api.wsgi [-] 10.0.0.254 "GET / HTTP/1.1" status: 200 len: 246 time: 0.0014632
2026-07-14 19:08:37.443 8 INFO neutron.api.wsgi [-] 10.0.0.254 "GET / HTTP/1.1" status: 200 len: 246 time: 0.0039248
2026-07-14 19:08:37.448 9 INFO neutron.db.ovn_revision_numbers_db [req-51b3dc96-c408-4160-a7a9-edec8fc5740e req-080eb47d-0428-464b-8d3d-9d755dd67326 117d0fbf84e14137a7770834a6e8f6ac 8ac5237dca0a463e95304f76c84231fb - - default default] Successfully bumped revision number for resource 645ad4d7-ed9b-436b-99c1-a6ee561ed395 (type: ports) to 1
2026-07-14 19:08:37.460 9 INFO neutron.api.wsgi [None req-51f50606-f78a-403d-82b9-965582a4536b d54ab789ab764360a301b092e529a1de 944992dde62c4080abe7a663032008a4 - - default default] 10.0.0.106 "POST /v2.0/networks HTTP/1.1" status: 201 len: 947 time: 1.0667903 /var/lib/openstack/lib/python3.12/site-packages/pycadf/identifier.py:71: UserWarning: Invalid uuid: neutron. To ensure interoperability, identifiers should be a valid uuid. warnings.warn(('Invalid uuid: %s. To ensure interoperability, '
2026-07-14 19:08:37.471 9 INFO neutron.api.wsgi [req-51b3dc96-c408-4160-a7a9-edec8fc5740e req-080eb47d-0428-464b-8d3d-9d755dd67326 117d0fbf84e14137a7770834a6e8f6ac 8ac5237dca0a463e95304f76c84231fb - - default default] 199.19.213.166 "POST /v2.0/ports HTTP/1.1" status: 201 len: 1162 time: 0.6016884
2026-07-14 19:08:37.669 9 INFO neutron.api.wsgi [req-67dee0e0-44a6-4576-8694-bc8b15297d3e req-cdd0350e-2434-42d7-a9df-59cb23e04801 64cdc5d9c058421f86a927a38585db0a 1f755786a48d4d4ab0dfad4c8baccc73 - - a1d42b11def94b6da85a2b715b2d2bd9 a1d42b11def94b6da85a2b715b2d2bd9] 199.19.213.166 "GET /v2.0/networks?id=4ffd7bee-f668-49fb-a745-acf6708f841c HTTP/1.1" status: 200 len: 981 time: 0.0628674
2026-07-14 19:08:37.873 9 WARNING neutron.scheduler.dhcp_agent_scheduler [None req-0911caea-794c-4cdb-9ef3-0d5c46e4306c d54ab789ab764360a301b092e529a1de 944992dde62c4080abe7a663032008a4 - - default default] No more DHCP agents
2026-07-14 19:08:37.878 9 WARNING neutron.api.rpc.agentnotifiers.dhcp_rpc_agent_api [None req-0911caea-794c-4cdb-9ef3-0d5c46e4306c d54ab789ab764360a301b092e529a1de 944992dde62c4080abe7a663032008a4 - - default default] Unable to schedule network 3f26ca63-b2d2-4ecb-ac93-0bd0377e544a: no agents available; will retry on subsequent port and subnet creation events.
2026-07-14 19:08:37.905 9 INFO neutron.api.wsgi [req-67dee0e0-44a6-4576-8694-bc8b15297d3e req-d57167c5-3ca2-488b-8c84-2ed3a4b5d782 64cdc5d9c058421f86a927a38585db0a 1f755786a48d4d4ab0dfad4c8baccc73 - - a1d42b11def94b6da85a2b715b2d2bd9 a1d42b11def94b6da85a2b715b2d2bd9] 199.19.213.166 "GET /v2.0/floatingips?fixed_ip_address=10.100.0.5&port_id=fee55906-1c2a-4c5d-952b-fd83433111f3 HTTP/1.1" status: 200 len: 1059 time: 0.2323017
2026-07-14 19:08:37.968 9 INFO neutron.api.wsgi [req-67dee0e0-44a6-4576-8694-bc8b15297d3e req-c86b39cf-f572-4593-81e5-c81dbc31a230 64cdc5d9c058421f86a927a38585db0a 1f755786a48d4d4ab0dfad4c8baccc73 - - a1d42b11def94b6da85a2b715b2d2bd9 a1d42b11def94b6da85a2b715b2d2bd9] 199.19.213.166 "GET /v2.0/subnets?id=a768bc7e-13a6-412e-b4b0-8aabcb3c8223 HTTP/1.1" status: 200 len: 900 time: 0.0549822
2026-07-14 19:08:37.982 8 INFO neutron.api.wsgi [req-9483f65f-a2a8-46ae-b192-828e9c350ebb req-771c9509-e40c-428c-9b16-5cae570e4001 117d0fbf84e14137a7770834a6e8f6ac 8ac5237dca0a463e95304f76c84231fb - - default default] 10.0.0.241 "GET /v2.0/ports?device_id=08633adb-d37c-4fc6-af93-8bba662a6ae0 HTTP/1.1" status: 200 len: 1160 time: 0.0890384
2026-07-14 19:08:37.991 9 INFO neutron.api.wsgi [req-67dee0e0-44a6-4576-8694-bc8b15297d3e req-79d2b3fb-1cd4-41f5-b021-425a76611f82 64cdc5d9c058421f86a927a38585db0a 1f755786a48d4d4ab0dfad4c8baccc73 - - a1d42b11def94b6da85a2b715b2d2bd9 a1d42b11def94b6da85a2b715b2d2bd9] 199.19.213.166 "GET /v2.0/ports?network_id=4ffd7bee-f668-49fb-a745-acf6708f841c&device_owner=network%3Adhcp HTTP/1.1" status: 200 len: 210 time: 0.0153553
2026-07-14 19:08:38.023 8 INFO neutron.api.wsgi [req-9483f65f-a2a8-46ae-b192-828e9c350ebb req-663269e7-226e-40b4-8451-62bcf2b887aa 117d0fbf84e14137a7770834a6e8f6ac 8ac5237dca0a463e95304f76c84231fb - - default default] 10.0.0.241 "GET /v2.0/security-groups?id=5e2b5b37-0f56-4d6e-b456-9b68d43f5a2b&fields=id&fields=name HTTP/1.1" status: 200 len: 312 time: 0.0345407
2026-07-14 19:08:38.077 9 INFO neutron.api.wsgi [req-67dee0e0-44a6-4576-8694-bc8b15297d3e req-502025f8-cae2-45d9-8588-d96ce47b3a7f 64cdc5d9c058421f86a927a38585db0a 1f755786a48d4d4ab0dfad4c8baccc73 - - a1d42b11def94b6da85a2b715b2d2bd9 a1d42b11def94b6da85a2b715b2d2bd9] 199.19.213.166 "GET /v2.0/networks/4ffd7bee-f668-49fb-a745-acf6708f841c?fields=segments HTTP/1.1" status: 200 len: 212 time: 0.0771024 /var/lib/openstack/lib/python3.12/site-packages/pycadf/identifier.py:71: UserWarning: Invalid uuid: neutron. To ensure interoperability, identifiers should be a valid uuid. warnings.warn(('Invalid uuid: %s. To ensure interoperability, '
2026-07-14 19:08:38.164 9 INFO neutron.api.wsgi [req-67dee0e0-44a6-4576-8694-bc8b15297d3e req-2acdc413-7b37-40b4-ba97-03d12d679c38 64cdc5d9c058421f86a927a38585db0a 1f755786a48d4d4ab0dfad4c8baccc73 - - a1d42b11def94b6da85a2b715b2d2bd9 a1d42b11def94b6da85a2b715b2d2bd9] 199.19.213.166 "GET /v2.0/networks/4ffd7bee-f668-49fb-a745-acf6708f841c?fields=provider%3Aphysical_network&fields=provider%3Anetwork_type HTTP/1.1" status: 200 len: 277 time: 0.0811825
2026-07-14 19:08:38.228 9 INFO neutron.db.ovn_revision_numbers_db [req-51b3dc96-c408-4160-a7a9-edec8fc5740e req-f65cd501-e3b8-466a-835c-53fb367fa7e9 64cdc5d9c058421f86a927a38585db0a 1f755786a48d4d4ab0dfad4c8baccc73 - - a1d42b11def94b6da85a2b715b2d2bd9 a1d42b11def94b6da85a2b715b2d2bd9] Successfully bumped revision number for resource 645ad4d7-ed9b-436b-99c1-a6ee561ed395 (type: ports) to 2
2026-07-14 19:08:38.454 9 INFO neutron.db.ovn_revision_numbers_db [None req-21a1bfd7-323c-4760-b5f2-8d0cb39d4138 - - - - - -] Successfully bumped revision number for resource 4e6192e3-3d38-4808-9614-39e7cc4387fd (type: ports) to 2
2026-07-14 19:08:38.469 9 INFO neutron.db.ovn_revision_numbers_db [req-51b3dc96-c408-4160-a7a9-edec8fc5740e req-f65cd501-e3b8-466a-835c-53fb367fa7e9 64cdc5d9c058421f86a927a38585db0a 1f755786a48d4d4ab0dfad4c8baccc73 - - a1d42b11def94b6da85a2b715b2d2bd9 a1d42b11def94b6da85a2b715b2d2bd9] Successfully bumped revision number for resource 645ad4d7-ed9b-436b-99c1-a6ee561ed395 (type: ports) to 4
2026-07-14 19:08:38.488 9 INFO neutron.api.wsgi [req-51b3dc96-c408-4160-a7a9-edec8fc5740e req-f65cd501-e3b8-466a-835c-53fb367fa7e9 64cdc5d9c058421f86a927a38585db0a 1f755786a48d4d4ab0dfad4c8baccc73 - - a1d42b11def94b6da85a2b715b2d2bd9 a1d42b11def94b6da85a2b715b2d2bd9] 199.19.213.166 "PUT /v2.0/ports/645ad4d7-ed9b-436b-99c1-a6ee561ed395 HTTP/1.1" status: 200 len: 1408 time: 1.0122027
2026-07-14 19:08:38.499 9 INFO neutron.db.ovn_revision_numbers_db [None req-21a1bfd7-323c-4760-b5f2-8d0cb39d4138 - - - - - -] Successfully bumped revision number for resource ab6c566d-5493-4389-82f0-fc7617a4ea9b (type: subnets) to 0
2026-07-14 19:08:38.515 9 INFO neutron.api.wsgi [None req-0911caea-794c-4cdb-9ef3-0d5c46e4306c d54ab789ab764360a301b092e529a1de 944992dde62c4080abe7a663032008a4 - - default default] 10.0.0.106 "POST /v2.0/subnets HTTP/1.1" status: 201 len: 891 time: 1.0515316 /var/lib/openstack/lib/python3.12/site-packages/pycadf/identifier.py:71: UserWarning: Invalid uuid: neutron. To ensure interoperability, identifiers should be a valid uuid. warnings.warn(('Invalid uuid: %s. To ensure interoperability, '
2026-07-14 19:08:38.533 9 INFO neutron.notifiers.nova [-] Nova event matching ['req-38c09b51-9e45-4bb8-8c49-d9e7d627d865'] response: {'name': 'network-changed', 'server_uuid': '08633adb-d37c-4fc6-af93-8bba662a6ae0', 'tag': '645ad4d7-ed9b-436b-99c1-a6ee561ed395', 'status': 'completed', 'code': 200}
2026-07-14 19:08:38.728 9 INFO neutron.api.wsgi [req-d89e9a68-f9d1-477e-b2c4-53725feb625d req-82b96007-e4dc-4983-a855-c4b55b3c8372 921ff8db4ba04499a8745da530589353 14afbf85b66647e6806bf5f36f9aa7a1 - - default default] 199.19.213.166 "GET /v2.0/subnets?network_id=4ffd7bee-f668-49fb-a745-acf6708f841c HTTP/1.1" status: 200 len: 882 time: 0.0481515
2026-07-14 19:08:38.792 9 INFO neutron.api.wsgi [req-d89e9a68-f9d1-477e-b2c4-53725feb625d req-a2aa7dd9-544b-439c-baae-600502df5b9c 921ff8db4ba04499a8745da530589353 14afbf85b66647e6806bf5f36f9aa7a1 - - default default] 199.19.213.166 "GET /v2.0/ports?device_id=5d49ae50-7dbd-4cbc-9842-8d802fe19011&device_owner=compute%3Anova&network_id=4ffd7bee-f668-49fb-a745-acf6708f841c HTTP/1.1" status: 200 len: 1170 time: 0.0545633
2026-07-14 19:08:39.022 9 WARNING neutron.scheduler.dhcp_agent_scheduler [None req-8ccc74ec-0cf8-494d-b0d1-1388349d8925 d54ab789ab764360a301b092e529a1de 944992dde62c4080abe7a663032008a4 - - default default] No more DHCP agents
2026-07-14 19:08:39.024 9 WARNING neutron.api.rpc.agentnotifiers.dhcp_rpc_agent_api [None req-8ccc74ec-0cf8-494d-b0d1-1388349d8925 d54ab789ab764360a301b092e529a1de 944992dde62c4080abe7a663032008a4 - - default default] Unable to schedule network 20039a72-e184-4592-8a6e-542253372dc2: no agents available; will retry on subsequent port and subnet creation events.
2026-07-14 19:08:39.108 9 INFO neutron.api.wsgi [req-3a6a743f-5a3e-4234-9b0d-bb158810748d req-86a7c178-20d3-447e-a8f0-c6ec0ac737e9 64cdc5d9c058421f86a927a38585db0a 1f755786a48d4d4ab0dfad4c8baccc73 - - a1d42b11def94b6da85a2b715b2d2bd9 a1d42b11def94b6da85a2b715b2d2bd9] 199.19.213.166 "GET /v2.0/ports?tenant_id=8ac5237dca0a463e95304f76c84231fb&device_id=08633adb-d37c-4fc6-af93-8bba662a6ae0 HTTP/1.1" status: 200 len: 1411 time: 0.0624235
2026-07-14 19:08:39.216 9 INFO neutron.api.wsgi [req-3a6a743f-5a3e-4234-9b0d-bb158810748d req-ff0bd704-6826-4438-a3c4-41a9d2ff578a 64cdc5d9c058421f86a927a38585db0a 1f755786a48d4d4ab0dfad4c8baccc73 - - a1d42b11def94b6da85a2b715b2d2bd9 a1d42b11def94b6da85a2b715b2d2bd9] 199.19.213.166 "GET /v2.0/networks?tenant_id=8ac5237dca0a463e95304f76c84231fb&shared=False HTTP/1.1" status: 200 len: 973 time: 0.1004515
2026-07-14 19:08:39.240 9 INFO neutron.api.wsgi [req-fad54f91-5694-40ab-b815-749a0470b4d3 req-e7fe702b-2626-45b5-8780-e28d94fd13ac 117d0fbf84e14137a7770834a6e8f6ac 8ac5237dca0a463e95304f76c84231fb - - default default] 10.0.0.241 "GET /v2.0/ports?device_id=08633adb-d37c-4fc6-af93-8bba662a6ae0 HTTP/1.1" status: 200 len: 1172 time: 0.1503618
2026-07-14 19:08:39.323 9 INFO neutron.db.ovn_revision_numbers_db [None req-8ccc74ec-0cf8-494d-b0d1-1388349d8925 d54ab789ab764360a301b092e529a1de 944992dde62c4080abe7a663032008a4 - - default default] Successfully bumped revision number for resource 74f118d8-5be0-4e88-9a32-165dfac9197f (type: ports) to 1
2026-07-14 19:08:39.332 9 INFO neutron.api.wsgi [req-3a6a743f-5a3e-4234-9b0d-bb158810748d req-d54697e7-12db-4e7c-8e3f-3cf989ca4f93 64cdc5d9c058421f86a927a38585db0a 1f755786a48d4d4ab0dfad4c8baccc73 - - a1d42b11def94b6da85a2b715b2d2bd9 a1d42b11def94b6da85a2b715b2d2bd9] 199.19.213.166 "GET /v2.0/networks?shared=True HTTP/1.1" status: 200 len: 952 time: 0.1088588
2026-07-14 19:08:39.338 9 INFO neutron.api.wsgi [req-fad54f91-5694-40ab-b815-749a0470b4d3 req-2621ddc8-7bdd-40db-9293-c3b6f36d0643 117d0fbf84e14137a7770834a6e8f6ac 8ac5237dca0a463e95304f76c84231fb - - default default] 10.0.0.241 "GET /v2.0/security-groups?id=5e2b5b37-0f56-4d6e-b456-9b68d43f5a2b&fields=id&fields=name HTTP/1.1" status: 200 len: 312 time: 0.0750158
2026-07-14 19:08:39.628 9 INFO neutron.db.ovn_revision_numbers_db [req-d89e9a68-f9d1-477e-b2c4-53725feb625d req-2141eefb-d76a-47fd-8e4e-e58fbcdd5f2b 921ff8db4ba04499a8745da530589353 14afbf85b66647e6806bf5f36f9aa7a1 - - default default] Successfully bumped revision number for resource fee55906-1c2a-4c5d-952b-fd83433111f3 (type: ports) to 6
2026-07-14 19:08:39.646 9 INFO neutron.api.wsgi [req-d89e9a68-f9d1-477e-b2c4-53725feb625d req-2141eefb-d76a-47fd-8e4e-e58fbcdd5f2b 921ff8db4ba04499a8745da530589353 14afbf85b66647e6806bf5f36f9aa7a1 - - default default] 199.19.213.166 "PUT /v2.0/ports/fee55906-1c2a-4c5d-952b-fd83433111f3 HTTP/1.1" status: 200 len: 1345 time: 0.8462481
2026-07-14 19:08:39.963 9 INFO neutron.plugins.ml2.drivers.ovn.mech_driver.ovsdb.commands [None req-3322a0e6-c68f-415d-a029-45a615ff93bd - - - - - -] Schedule LRP lrp-74f118d8-5be0-4e88-9a32-165dfac9197f on gateway 059861b6-8c47-47d7-b903-cc5656c1f4c3 with priority 1
2026-07-14 19:08:39.983 9 INFO neutron.plugins.ml2.drivers.ovn.mech_driver.mech_driver [None req-28b6cb66-a500-4519-b41f-fc434d266732 - - - - - -] OVN reports status up for port: 74f118d8-5be0-4e88-9a32-165dfac9197f
2026-07-14 19:08:39.989 8 INFO neutron.plugins.ml2.drivers.ovn.mech_driver.ovsdb.ovsdb_monitor [None req-ba1e3fe6-9fa1-4032-bc0e-4685801d9830 - - - - - -] Router 8a2ae16f-bbb1-46a8-8757-83eddf586bf7 is bound to host instance
2026-07-14 19:08:39.999 9 INFO neutron.plugins.ml2.plugin [None req-28b6cb66-a500-4519-b41f-fc434d266732 - - - - - -] Attempt 1 to provision port 74f118d8-5be0-4e88-9a32-165dfac9197f
2026-07-14 19:08:40.018 9 INFO neutron.db.ovn_revision_numbers_db [None req-8ccc74ec-0cf8-494d-b0d1-1388349d8925 d54ab789ab764360a301b092e529a1de 944992dde62c4080abe7a663032008a4 - - default default] Successfully bumped revision number for resource 74f118d8-5be0-4e88-9a32-165dfac9197f (type: router_ports) to 1
2026-07-14 19:08:40.090 9 INFO neutron.db.ovn_revision_numbers_db [None req-8ccc74ec-0cf8-494d-b0d1-1388349d8925 d54ab789ab764360a301b092e529a1de 944992dde62c4080abe7a663032008a4 - - default default] Successfully bumped revision number for resource 8a2ae16f-bbb1-46a8-8757-83eddf586bf7 (type: routers) to 2
2026-07-14 19:08:40.107 9 INFO neutron.api.wsgi [None req-8ccc74ec-0cf8-494d-b0d1-1388349d8925 d54ab789ab764360a301b092e529a1de 944992dde62c4080abe7a663032008a4 - - default default] 10.0.0.106 "POST /v2.0/routers HTTP/1.1" status: 201 len: 1169 time: 1.5868535 /var/lib/openstack/lib/python3.12/site-packages/pycadf/identifier.py:71: UserWarning: Invalid uuid: neutron. To ensure interoperability, identifiers should be a valid uuid. warnings.warn(('Invalid uuid: %s. To ensure interoperability, '
2026-07-14 19:08:40.206 9 INFO neutron.api.wsgi [req-d89e9a68-f9d1-477e-b2c4-53725feb625d req-407290a2-eeb8-4152-852e-27b07b7aadfb 64cdc5d9c058421f86a927a38585db0a 1f755786a48d4d4ab0dfad4c8baccc73 - - a1d42b11def94b6da85a2b715b2d2bd9 a1d42b11def94b6da85a2b715b2d2bd9] 199.19.213.166 "GET /v2.0/ports?tenant_id=14afbf85b66647e6806bf5f36f9aa7a1&device_id=5d49ae50-7dbd-4cbc-9842-8d802fe19011 HTTP/1.1" status: 200 len: 1586 time: 0.0477507
2026-07-14 19:08:40.269 9 INFO neutron.api.wsgi [req-d89e9a68-f9d1-477e-b2c4-53725feb625d req-cd1cdd8e-53b9-4a9c-b2a4-788be3d2b896 64cdc5d9c058421f86a927a38585db0a 1f755786a48d4d4ab0dfad4c8baccc73 - - a1d42b11def94b6da85a2b715b2d2bd9 a1d42b11def94b6da85a2b715b2d2bd9] 199.19.213.166 "GET /v2.0/networks?id=4ffd7bee-f668-49fb-a745-acf6708f841c HTTP/1.1" status: 200 len: 981 time: 0.0500143
2026-07-14 19:08:40.316 9 INFO neutron.api.wsgi [req-d89e9a68-f9d1-477e-b2c4-53725feb625d req-e684e3f9-a8f8-440d-8448-a22eec8c092f 64cdc5d9c058421f86a927a38585db0a 1f755786a48d4d4ab0dfad4c8baccc73 - - a1d42b11def94b6da85a2b715b2d2bd9 a1d42b11def94b6da85a2b715b2d2bd9] 199.19.213.166 "GET /v2.0/floatingips?fixed_ip_address=10.100.0.5&port_id=fee55906-1c2a-4c5d-952b-fd83433111f3 HTTP/1.1" status: 200 len: 1059 time: 0.0413175
2026-07-14 19:08:40.341 9 INFO neutron.api.wsgi [req-d89e9a68-f9d1-477e-b2c4-53725feb625d req-f236c2f6-0704-46d2-b009-72e405c63c3e 64cdc5d9c058421f86a927a38585db0a 1f755786a48d4d4ab0dfad4c8baccc73 - - a1d42b11def94b6da85a2b715b2d2bd9 a1d42b11def94b6da85a2b715b2d2bd9] 199.19.213.166 "GET /v2.0/floatingips?fixed_ip_address=10.100.0.8&port_id=fee55906-1c2a-4c5d-952b-fd83433111f3 HTTP/1.1" status: 200 len: 217 time: 0.0196056
2026-07-14 19:08:40.389 9 INFO neutron.api.wsgi [req-d89e9a68-f9d1-477e-b2c4-53725feb625d req-5e35e874-629a-4d99-97ef-9306be2e4c87 64cdc5d9c058421f86a927a38585db0a 1f755786a48d4d4ab0dfad4c8baccc73 - - a1d42b11def94b6da85a2b715b2d2bd9 a1d42b11def94b6da85a2b715b2d2bd9] 199.19.213.166 "GET /v2.0/subnets?id=a768bc7e-13a6-412e-b4b0-8aabcb3c8223 HTTP/1.1" status: 200 len: 900 time: 0.0386903
2026-07-14 19:08:40.394 9 INFO neutron.api.wsgi [req-51b3dc96-c408-4160-a7a9-edec8fc5740e req-2a7f9fde-d28a-4335-9ecb-7389ab8914c2 64cdc5d9c058421f86a927a38585db0a 1f755786a48d4d4ab0dfad4c8baccc73 - - a1d42b11def94b6da85a2b715b2d2bd9 a1d42b11def94b6da85a2b715b2d2bd9] 199.19.213.166 "GET /v2.0/ports?tenant_id=8ac5237dca0a463e95304f76c84231fb&device_id=08633adb-d37c-4fc6-af93-8bba662a6ae0 HTTP/1.1" status: 200 len: 1411 time: 0.0441296
2026-07-14 19:08:40.408 8 INFO neutron.db.ovn_revision_numbers_db [None req-0345a2e6-c955-4cf9-8a6a-14df15f4fbd6 - - - - - -] Successfully bumped revision number for resource 74f118d8-5be0-4e88-9a32-165dfac9197f (type: ports) to 1
2026-07-14 19:08:40.430 9 INFO neutron.api.wsgi [req-51b3dc96-c408-4160-a7a9-edec8fc5740e req-dcb03cdf-303f-4b76-a9d4-818b5e5c2aad 64cdc5d9c058421f86a927a38585db0a 1f755786a48d4d4ab0dfad4c8baccc73 - - a1d42b11def94b6da85a2b715b2d2bd9 a1d42b11def94b6da85a2b715b2d2bd9] 199.19.213.166 "GET /v2.0/floatingips?fixed_ip_address=10.100.0.13&port_id=645ad4d7-ed9b-436b-99c1-a6ee561ed395 HTTP/1.1" status: 200 len: 217 time: 0.0305517
2026-07-14 19:08:40.433 9 INFO neutron.api.wsgi [req-d89e9a68-f9d1-477e-b2c4-53725feb625d req-aae790cd-0ea0-4064-9bb9-3692129d3949 64cdc5d9c058421f86a927a38585db0a 1f755786a48d4d4ab0dfad4c8baccc73 - - a1d42b11def94b6da85a2b715b2d2bd9 a1d42b11def94b6da85a2b715b2d2bd9] 199.19.213.166 "GET /v2.0/ports?network_id=4ffd7bee-f668-49fb-a745-acf6708f841c&device_owner=network%3Adhcp HTTP/1.1" status: 200 len: 210 time: 0.0322886
2026-07-14 19:08:40.488 9 INFO neutron.api.wsgi [req-c88cc172-b347-4377-9507-55e45f6e3521 req-0265f82a-dfe9-4b08-8e76-bdf938396939 117d0fbf84e14137a7770834a6e8f6ac 8ac5237dca0a463e95304f76c84231fb - - default default] 10.0.0.241 "GET /v2.0/ports?device_id=08633adb-d37c-4fc6-af93-8bba662a6ae0 HTTP/1.1" status: 200 len: 1172 time: 0.0769279
2026-07-14 19:08:40.497 9 INFO neutron.api.wsgi [req-51b3dc96-c408-4160-a7a9-edec8fc5740e req-28a8c0fe-c509-4a26-ad4b-5b6bebd8b84a 64cdc5d9c058421f86a927a38585db0a 1f755786a48d4d4ab0dfad4c8baccc73 - - a1d42b11def94b6da85a2b715b2d2bd9 a1d42b11def94b6da85a2b715b2d2bd9] 199.19.213.166 "GET /v2.0/subnets?id=c9f4ae50-3b47-45e7-99e9-831af1d8d495 HTTP/1.1" status: 200 len: 892 time: 0.0562656
2026-07-14 19:08:40.535 9 INFO neutron.api.wsgi [req-51b3dc96-c408-4160-a7a9-edec8fc5740e req-7d11ce6e-2759-43e9-9415-d7606e8099c4 64cdc5d9c058421f86a927a38585db0a 1f755786a48d4d4ab0dfad4c8baccc73 - - a1d42b11def94b6da85a2b715b2d2bd9 a1d42b11def94b6da85a2b715b2d2bd9] 199.19.213.166 "GET /v2.0/ports?network_id=743cce40-6b0f-4129-bc32-d448a66425ad&device_owner=network%3Adhcp HTTP/1.1" status: 200 len: 210 time: 0.0300889
2026-07-14 19:08:40.570 9 INFO neutron.api.wsgi [req-d89e9a68-f9d1-477e-b2c4-53725feb625d req-3ae01c2f-a654-4da5-94c1-bbf5b6cf18dd 64cdc5d9c058421f86a927a38585db0a 1f755786a48d4d4ab0dfad4c8baccc73 - - a1d42b11def94b6da85a2b715b2d2bd9 a1d42b11def94b6da85a2b715b2d2bd9] 199.19.213.166 "GET /v2.0/networks/4ffd7bee-f668-49fb-a745-acf6708f841c?fields=segments HTTP/1.1" status: 200 len: 212 time: 0.1282885
2026-07-14 19:08:40.601 9 INFO neutron.notifiers.nova [-] Nova event matching ['req-c9dc1aa5-9e63-404f-8724-6bd417ec1724'] response: {'name': 'network-changed', 'server_uuid': '5d49ae50-7dbd-4cbc-9842-8d802fe19011', 'tag': 'fee55906-1c2a-4c5d-952b-fd83433111f3', 'status': 'completed', 'code': 200}
2026-07-14 19:08:40.605 9 INFO neutron.api.wsgi [req-c88cc172-b347-4377-9507-55e45f6e3521 req-f2b8d37b-9eb8-4349-8839-fb25b4d6adf5 117d0fbf84e14137a7770834a6e8f6ac 8ac5237dca0a463e95304f76c84231fb - - default default] 10.0.0.241 "GET /v2.0/security-groups?id=5e2b5b37-0f56-4d6e-b456-9b68d43f5a2b&fields=id&fields=name HTTP/1.1" status: 200 len: 312 time: 0.1072628
2026-07-14 19:08:40.637 9 INFO neutron.api.wsgi [req-51b3dc96-c408-4160-a7a9-edec8fc5740e req-6167b66f-6a65-4587-a601-3855f83873f1 64cdc5d9c058421f86a927a38585db0a 1f755786a48d4d4ab0dfad4c8baccc73 - - a1d42b11def94b6da85a2b715b2d2bd9 a1d42b11def94b6da85a2b715b2d2bd9] 199.19.213.166 "GET /v2.0/networks/743cce40-6b0f-4129-bc32-d448a66425ad?fields=segments HTTP/1.1" status: 200 len: 212 time: 0.0892856
