2026-07-14 19:14:03.306 9 INFO neutron.db.ovn_revision_numbers_db [None req-97d029dd-3eac-4e61-90ba-f25919355b8d 7c84d0c8c2d14beaa9e24b7e04362660 722c2bfccc704ff48788c3f2b2bbcff1 - - default default] Successfully bumped revision number for resource 621b7ca5-396c-49f5-a23a-9d3b0a0a1f75 (type: security_group_rules) to 0
2026-07-14 19:14:03.320 9 INFO neutron.db.ovn_revision_numbers_db [None req-97d029dd-3eac-4e61-90ba-f25919355b8d 7c84d0c8c2d14beaa9e24b7e04362660 722c2bfccc704ff48788c3f2b2bbcff1 - - default default] Successfully bumped revision number for resource 837d6e9b-23d5-4842-b410-f2ba3aab1e27 (type: security_group_rules) to 0
2026-07-14 19:14:03.344 9 INFO neutron.db.ovn_revision_numbers_db [None req-97d029dd-3eac-4e61-90ba-f25919355b8d 7c84d0c8c2d14beaa9e24b7e04362660 722c2bfccc704ff48788c3f2b2bbcff1 - - default default] Successfully bumped revision number for resource af37b576-d2b8-45fa-a6fb-7565e924178b (type: security_group_rules) to 0
2026-07-14 19:14:03.354 9 INFO neutron.db.ovn_revision_numbers_db [None req-97d029dd-3eac-4e61-90ba-f25919355b8d 7c84d0c8c2d14beaa9e24b7e04362660 722c2bfccc704ff48788c3f2b2bbcff1 - - default default] Successfully bumped revision number for resource dca9b313-a59c-4ab6-bd34-9be603654bbc (type: security_group_rules) to 0
2026-07-14 19:14:03.425 9 INFO neutron.db.segments_db [None req-97d029dd-3eac-4e61-90ba-f25919355b8d 7c84d0c8c2d14beaa9e24b7e04362660 722c2bfccc704ff48788c3f2b2bbcff1 - - default default] Added segment 7bc2524b-1d9a-4bd1-8ae7-523e80a310e1 of type geneve for network df019f3c-84f7-456f-b96d-64135e2e19b3
2026-07-14 19:14:03.557 9 INFO neutron.db.ovn_revision_numbers_db [None req-97d029dd-3eac-4e61-90ba-f25919355b8d 7c84d0c8c2d14beaa9e24b7e04362660 722c2bfccc704ff48788c3f2b2bbcff1 - - default default] Successfully bumped revision number for resource df019f3c-84f7-456f-b96d-64135e2e19b3 (type: networks) to 1
2026-07-14 19:14:03.760 9 WARNING neutron.scheduler.dhcp_agent_scheduler [None req-97d029dd-3eac-4e61-90ba-f25919355b8d 7c84d0c8c2d14beaa9e24b7e04362660 722c2bfccc704ff48788c3f2b2bbcff1 - - default default] No more DHCP agents
2026-07-14 19:14:03.763 9 WARNING neutron.api.rpc.agentnotifiers.dhcp_rpc_agent_api [None req-97d029dd-3eac-4e61-90ba-f25919355b8d 7c84d0c8c2d14beaa9e24b7e04362660 722c2bfccc704ff48788c3f2b2bbcff1 - - default default] Unable to schedule network df019f3c-84f7-456f-b96d-64135e2e19b3: no agents available; will retry on subsequent port and subnet creation events.
2026-07-14 19:14:03.845 9 INFO neutron.db.ovn_revision_numbers_db [None req-97d029dd-3eac-4e61-90ba-f25919355b8d 7c84d0c8c2d14beaa9e24b7e04362660 722c2bfccc704ff48788c3f2b2bbcff1 - - default default] Successfully bumped revision number for resource 88dc2185-69cb-4a8b-a6c3-dd506f575c14 (type: ports) to 1
2026-07-14 19:14:03.875 9 INFO neutron.api.wsgi [None req-97d029dd-3eac-4e61-90ba-f25919355b8d 7c84d0c8c2d14beaa9e24b7e04362660 722c2bfccc704ff48788c3f2b2bbcff1 - - default default] 10.0.0.106 "POST /v2.0/networks HTTP/1.1" status: 201 len: 839 time: 0.8731623
2026-07-14 19:14:03.899 8 WARNING neutron_lib.context [None req-2a6d2354-2465-427f-b26e-e29f961de5ef 7c84d0c8c2d14beaa9e24b7e04362660 722c2bfccc704ff48788c3f2b2bbcff1 - - default default] Method 'is_advsvc' is deprecated since 2023.2 release (neutron-lib 3.8.0) and will be removed once support for the old RBAC API policies will be removed from Neutron. Please use method 'is_service_role' instead.
2026-07-14 19:14:04.119 8 WARNING neutron.scheduler.dhcp_agent_scheduler [None req-2a6d2354-2465-427f-b26e-e29f961de5ef 7c84d0c8c2d14beaa9e24b7e04362660 722c2bfccc704ff48788c3f2b2bbcff1 - - default default] No more DHCP agents
2026-07-14 19:14:04.120 8 WARNING neutron.api.rpc.agentnotifiers.dhcp_rpc_agent_api [None req-2a6d2354-2465-427f-b26e-e29f961de5ef 7c84d0c8c2d14beaa9e24b7e04362660 722c2bfccc704ff48788c3f2b2bbcff1 - - default default] Unable to schedule network df019f3c-84f7-456f-b96d-64135e2e19b3: no agents available; will retry on subsequent port and subnet creation events.
2026-07-14 19:14:04.552 8 INFO neutron.db.ovn_revision_numbers_db [None req-3845916c-6f15-4fe6-8830-6682429cc735 - - - - - -] Successfully bumped revision number for resource 88dc2185-69cb-4a8b-a6c3-dd506f575c14 (type: ports) to 2
2026-07-14 19:14:04.591 8 INFO neutron.db.ovn_revision_numbers_db [None req-3845916c-6f15-4fe6-8830-6682429cc735 - - - - - -] Successfully bumped revision number for resource 340949a0-76a2-4209-aac3-84f9663a6bfc (type: subnets) to 0
2026-07-14 19:14:04.611 8 INFO neutron.api.wsgi [None req-2a6d2354-2465-427f-b26e-e29f961de5ef 7c84d0c8c2d14beaa9e24b7e04362660 722c2bfccc704ff48788c3f2b2bbcff1 - - default default] 10.0.0.106 "POST /v2.0/subnets HTTP/1.1" status: 201 len: 856 time: 0.7174158
2026-07-14 19:14:04.656 9 INFO neutron.api.wsgi [None req-5c4d10c3-9024-4f32-9c5b-c311248f3ee4 486d764ee1034788b2ba490e5b9f324a 795dd412b220476aa7be7d972d2dacf7 - - default default] 10.0.0.106 "GET /v2.0/subnetpools?name=shared-default-subnetpool-v6 HTTP/1.1" status: 200 len: 212 time: 0.0375924
2026-07-14 19:14:04.665 9 WARNING neutron_lib.context [None req-4369ec1d-f14d-4f32-bebe-b03980116315 7c84d0c8c2d14beaa9e24b7e04362660 722c2bfccc704ff48788c3f2b2bbcff1 - - default default] Method 'is_advsvc' is deprecated since 2023.2 release (neutron-lib 3.8.0) and will be removed once support for the old RBAC API policies will be removed from Neutron. Please use method 'is_service_role' instead.
2026-07-14 19:14:04.904 9 WARNING neutron.scheduler.dhcp_agent_scheduler [None req-4369ec1d-f14d-4f32-bebe-b03980116315 7c84d0c8c2d14beaa9e24b7e04362660 722c2bfccc704ff48788c3f2b2bbcff1 - - default default] No more DHCP agents
2026-07-14 19:14:04.905 9 WARNING neutron.api.rpc.agentnotifiers.dhcp_rpc_agent_api [None req-4369ec1d-f14d-4f32-bebe-b03980116315 7c84d0c8c2d14beaa9e24b7e04362660 722c2bfccc704ff48788c3f2b2bbcff1 - - default default] Unable to schedule network df019f3c-84f7-456f-b96d-64135e2e19b3: no agents available; will retry on subsequent port and subnet creation events.
2026-07-14 19:14:04.934 9 INFO neutron.db.ovn_revision_numbers_db [None req-4369ec1d-f14d-4f32-bebe-b03980116315 7c84d0c8c2d14beaa9e24b7e04362660 722c2bfccc704ff48788c3f2b2bbcff1 - - default default] Successfully bumped revision number for resource acc37e64-24ad-474f-8861-a6a4289dcac2 (type: subnets) to 0
2026-07-14 19:14:04.949 9 INFO neutron.api.wsgi [None req-4369ec1d-f14d-4f32-bebe-b03980116315 7c84d0c8c2d14beaa9e24b7e04362660 722c2bfccc704ff48788c3f2b2bbcff1 - - default default] 10.0.0.106 "POST /v2.0/subnets HTTP/1.1" status: 201 len: 931 time: 0.2884448
2026-07-14 19:14:04.958 9 WARNING neutron_lib.context [None req-d1641682-28cc-4d98-bc5c-95abf2bbe7e7 7c84d0c8c2d14beaa9e24b7e04362660 722c2bfccc704ff48788c3f2b2bbcff1 - - default default] Method 'is_advsvc' is deprecated since 2023.2 release (neutron-lib 3.8.0) and will be removed once support for the old RBAC API policies will be removed from Neutron. Please use method 'is_service_role' instead.
2026-07-14 19:14:05.043 9 INFO neutron.db.segments_db [None req-d1641682-28cc-4d98-bc5c-95abf2bbe7e7 7c84d0c8c2d14beaa9e24b7e04362660 722c2bfccc704ff48788c3f2b2bbcff1 - - default default] Added segment 2a294600-18ca-4333-abdd-adf6e41276b1 of type geneve for network 735b0063-1f2d-489a-9a05-444de1497fba
2026-07-14 19:14:05.174 9 INFO neutron.db.ovn_revision_numbers_db [None req-d1641682-28cc-4d98-bc5c-95abf2bbe7e7 7c84d0c8c2d14beaa9e24b7e04362660 722c2bfccc704ff48788c3f2b2bbcff1 - - default default] Successfully bumped revision number for resource 735b0063-1f2d-489a-9a05-444de1497fba (type: networks) to 1
2026-07-14 19:14:05.331 9 WARNING neutron.scheduler.dhcp_agent_scheduler [None req-d1641682-28cc-4d98-bc5c-95abf2bbe7e7 7c84d0c8c2d14beaa9e24b7e04362660 722c2bfccc704ff48788c3f2b2bbcff1 - - default default] No more DHCP agents
2026-07-14 19:14:05.333 9 WARNING neutron.api.rpc.agentnotifiers.dhcp_rpc_agent_api [None req-d1641682-28cc-4d98-bc5c-95abf2bbe7e7 7c84d0c8c2d14beaa9e24b7e04362660 722c2bfccc704ff48788c3f2b2bbcff1 - - default default] Unable to schedule network 735b0063-1f2d-489a-9a05-444de1497fba: no agents available; will retry on subsequent port and subnet creation events.
2026-07-14 19:14:05.393 9 INFO neutron.db.ovn_revision_numbers_db [None req-d1641682-28cc-4d98-bc5c-95abf2bbe7e7 7c84d0c8c2d14beaa9e24b7e04362660 722c2bfccc704ff48788c3f2b2bbcff1 - - default default] Successfully bumped revision number for resource f7aa4f5a-54f2-45bb-96a3-a5c226c6f1e1 (type: ports) to 1
2026-07-14 19:14:05.415 9 INFO neutron.api.wsgi [None req-d1641682-28cc-4d98-bc5c-95abf2bbe7e7 7c84d0c8c2d14beaa9e24b7e04362660 722c2bfccc704ff48788c3f2b2bbcff1 - - default default] 10.0.0.106 "POST /v2.0/networks HTTP/1.1" status: 201 len: 836 time: 0.4612565
2026-07-14 19:14:05.425 9 WARNING neutron_lib.context [None req-184ac8d9-cb47-4379-9582-1e677e9fb395 7c84d0c8c2d14beaa9e24b7e04362660 722c2bfccc704ff48788c3f2b2bbcff1 - - default default] Method 'is_advsvc' is deprecated since 2023.2 release (neutron-lib 3.8.0) and will be removed once support for the old RBAC API policies will be removed from Neutron. Please use method 'is_service_role' instead.
2026-07-14 19:14:05.644 9 WARNING neutron.scheduler.dhcp_agent_scheduler [None req-184ac8d9-cb47-4379-9582-1e677e9fb395 7c84d0c8c2d14beaa9e24b7e04362660 722c2bfccc704ff48788c3f2b2bbcff1 - - default default] No more DHCP agents
2026-07-14 19:14:05.646 9 WARNING neutron.api.rpc.agentnotifiers.dhcp_rpc_agent_api [None req-184ac8d9-cb47-4379-9582-1e677e9fb395 7c84d0c8c2d14beaa9e24b7e04362660 722c2bfccc704ff48788c3f2b2bbcff1 - - default default] Unable to schedule network 735b0063-1f2d-489a-9a05-444de1497fba: no agents available; will retry on subsequent port and subnet creation events.
2026-07-14 19:14:06.105 9 INFO neutron.db.ovn_revision_numbers_db [None req-a19cbbfc-cc92-4944-bf4d-e923c31793e8 - - - - - -] Successfully bumped revision number for resource f7aa4f5a-54f2-45bb-96a3-a5c226c6f1e1 (type: ports) to 2
2026-07-14 19:14:06.134 9 INFO neutron.db.ovn_revision_numbers_db [None req-a19cbbfc-cc92-4944-bf4d-e923c31793e8 - - - - - -] Successfully bumped revision number for resource b992d18f-3c85-400f-a25b-21df7d479e66 (type: subnets) to 0
2026-07-14 19:14:06.149 9 INFO neutron.api.wsgi [None req-184ac8d9-cb47-4379-9582-1e677e9fb395 7c84d0c8c2d14beaa9e24b7e04362660 722c2bfccc704ff48788c3f2b2bbcff1 - - default default] 10.0.0.106 "POST /v2.0/subnets HTTP/1.1" status: 201 len: 854 time: 0.7292314
2026-07-14 19:14:06.159 9 WARNING neutron_lib.context [None req-1df1e7c3-2c59-4996-92b8-1387c8aa2292 7c84d0c8c2d14beaa9e24b7e04362660 722c2bfccc704ff48788c3f2b2bbcff1 - - default default] Method 'is_advsvc' is deprecated since 2023.2 release (neutron-lib 3.8.0) and will be removed once support for the old RBAC API policies will be removed from Neutron. Please use method 'is_service_role' instead.
2026-07-14 19:14:06.358 9 WARNING neutron.scheduler.dhcp_agent_scheduler [None req-1df1e7c3-2c59-4996-92b8-1387c8aa2292 7c84d0c8c2d14beaa9e24b7e04362660 722c2bfccc704ff48788c3f2b2bbcff1 - - default default] No more DHCP agents
2026-07-14 19:14:06.360 9 WARNING neutron.api.rpc.agentnotifiers.dhcp_rpc_agent_api [None req-1df1e7c3-2c59-4996-92b8-1387c8aa2292 7c84d0c8c2d14beaa9e24b7e04362660 722c2bfccc704ff48788c3f2b2bbcff1 - - default default] Unable to schedule network 735b0063-1f2d-489a-9a05-444de1497fba: no agents available; will retry on subsequent port and subnet creation events.
2026-07-14 19:14:06.390 9 INFO neutron.db.ovn_revision_numbers_db [None req-1df1e7c3-2c59-4996-92b8-1387c8aa2292 7c84d0c8c2d14beaa9e24b7e04362660 722c2bfccc704ff48788c3f2b2bbcff1 - - default default] Successfully bumped revision number for resource 7fbde9f4-cc4d-43d9-9700-d842ef63840d (type: subnets) to 0
2026-07-14 19:14:06.407 9 INFO neutron.api.wsgi [None req-1df1e7c3-2c59-4996-92b8-1387c8aa2292 7c84d0c8c2d14beaa9e24b7e04362660 722c2bfccc704ff48788c3f2b2bbcff1 - - default default] 10.0.0.106 "POST /v2.0/subnets HTTP/1.1" status: 201 len: 924 time: 0.2521670
2026-07-14 19:14:06.417 9 WARNING neutron_lib.context [None req-ad61474f-4c0d-4ae8-8b34-0152085ae7ab 7c84d0c8c2d14beaa9e24b7e04362660 722c2bfccc704ff48788c3f2b2bbcff1 - - default default] Method 'is_advsvc' is deprecated since 2023.2 release (neutron-lib 3.8.0) and will be removed once support for the old RBAC API policies will be removed from Neutron. Please use method 'is_service_role' instead.
2026-07-14 19:14:06.513 9 INFO neutron.db.segments_db [None req-ad61474f-4c0d-4ae8-8b34-0152085ae7ab 7c84d0c8c2d14beaa9e24b7e04362660 722c2bfccc704ff48788c3f2b2bbcff1 - - default default] Added segment e44f86fa-0741-435a-8618-35f458ce4059 of type geneve for network e56df82a-eebf-49d9-b69e-e242a08c706b
2026-07-14 19:14:06.644 9 INFO neutron.db.ovn_revision_numbers_db [None req-ad61474f-4c0d-4ae8-8b34-0152085ae7ab 7c84d0c8c2d14beaa9e24b7e04362660 722c2bfccc704ff48788c3f2b2bbcff1 - - default default] Successfully bumped revision number for resource e56df82a-eebf-49d9-b69e-e242a08c706b (type: networks) to 1
2026-07-14 19:14:06.803 9 WARNING neutron.scheduler.dhcp_agent_scheduler [None req-ad61474f-4c0d-4ae8-8b34-0152085ae7ab 7c84d0c8c2d14beaa9e24b7e04362660 722c2bfccc704ff48788c3f2b2bbcff1 - - default default] No more DHCP agents
2026-07-14 19:14:06.805 9 WARNING neutron.api.rpc.agentnotifiers.dhcp_rpc_agent_api [None req-ad61474f-4c0d-4ae8-8b34-0152085ae7ab 7c84d0c8c2d14beaa9e24b7e04362660 722c2bfccc704ff48788c3f2b2bbcff1 - - default default] Unable to schedule network e56df82a-eebf-49d9-b69e-e242a08c706b: no agents available; will retry on subsequent port and subnet creation events.
2026-07-14 19:14:06.863 9 INFO neutron.db.ovn_revision_numbers_db [None req-ad61474f-4c0d-4ae8-8b34-0152085ae7ab 7c84d0c8c2d14beaa9e24b7e04362660 722c2bfccc704ff48788c3f2b2bbcff1 - - default default] Successfully bumped revision number for resource ca4d83a8-07a6-4be0-ad59-44fae3435643 (type: ports) to 1
2026-07-14 19:14:06.883 9 INFO neutron.api.wsgi [None req-ad61474f-4c0d-4ae8-8b34-0152085ae7ab 7c84d0c8c2d14beaa9e24b7e04362660 722c2bfccc704ff48788c3f2b2bbcff1 - - default default] 10.0.0.106 "POST /v2.0/networks HTTP/1.1" status: 201 len: 837 time: 0.4716029
2026-07-14 19:14:06.893 9 WARNING neutron_lib.context [None req-78d7f167-7184-41e3-a47f-8d8df7a3120b 7c84d0c8c2d14beaa9e24b7e04362660 722c2bfccc704ff48788c3f2b2bbcff1 - - default default] Method 'is_advsvc' is deprecated since 2023.2 release (neutron-lib 3.8.0) and will be removed once support for the old RBAC API policies will be removed from Neutron. Please use method 'is_service_role' instead.
2026-07-14 19:14:07.078 9 WARNING neutron.scheduler.dhcp_agent_scheduler [None req-78d7f167-7184-41e3-a47f-8d8df7a3120b 7c84d0c8c2d14beaa9e24b7e04362660 722c2bfccc704ff48788c3f2b2bbcff1 - - default default] No more DHCP agents
2026-07-14 19:14:07.079 9 WARNING neutron.api.rpc.agentnotifiers.dhcp_rpc_agent_api [None req-78d7f167-7184-41e3-a47f-8d8df7a3120b 7c84d0c8c2d14beaa9e24b7e04362660 722c2bfccc704ff48788c3f2b2bbcff1 - - default default] Unable to schedule network e56df82a-eebf-49d9-b69e-e242a08c706b: no agents available; will retry on subsequent port and subnet creation events.
2026-07-14 19:14:07.440 8 INFO neutron.api.wsgi [-] 10.0.0.254 "GET / HTTP/1.1" status: 200 len: 246 time: 0.0014679
2026-07-14 19:14:07.442 8 INFO neutron.api.wsgi [-] 10.0.0.254 "GET / HTTP/1.1" status: 200 len: 246 time: 0.0016441
2026-07-14 19:14:07.559 9 INFO neutron.db.ovn_revision_numbers_db [None req-2e62c63d-255d-446a-953f-2c90fb489137 - - - - - -] Successfully bumped revision number for resource ca4d83a8-07a6-4be0-ad59-44fae3435643 (type: ports) to 2
2026-07-14 19:14:07.606 9 INFO neutron.db.ovn_revision_numbers_db [None req-2e62c63d-255d-446a-953f-2c90fb489137 - - - - - -] Successfully bumped revision number for resource 2398587c-5acc-497b-9f61-bf840e2dcb32 (type: subnets) to 0
2026-07-14 19:14:07.623 9 INFO neutron.api.wsgi [None req-78d7f167-7184-41e3-a47f-8d8df7a3120b 7c84d0c8c2d14beaa9e24b7e04362660 722c2bfccc704ff48788c3f2b2bbcff1 - - default default] 10.0.0.106 "POST /v2.0/subnets HTTP/1.1" status: 201 len: 855 time: 0.7342937
2026-07-14 19:14:07.634 9 WARNING neutron_lib.context [None req-4fd9d286-b34b-4a80-ba87-c06189a47048 7c84d0c8c2d14beaa9e24b7e04362660 722c2bfccc704ff48788c3f2b2bbcff1 - - default default] Method 'is_advsvc' is deprecated since 2023.2 release (neutron-lib 3.8.0) and will be removed once support for the old RBAC API policies will be removed from Neutron. Please use method 'is_service_role' instead.
2026-07-14 19:14:07.833 9 WARNING neutron.scheduler.dhcp_agent_scheduler [None req-4fd9d286-b34b-4a80-ba87-c06189a47048 7c84d0c8c2d14beaa9e24b7e04362660 722c2bfccc704ff48788c3f2b2bbcff1 - - default default] No more DHCP agents
2026-07-14 19:14:07.835 9 WARNING neutron.api.rpc.agentnotifiers.dhcp_rpc_agent_api [None req-4fd9d286-b34b-4a80-ba87-c06189a47048 7c84d0c8c2d14beaa9e24b7e04362660 722c2bfccc704ff48788c3f2b2bbcff1 - - default default] Unable to schedule network e56df82a-eebf-49d9-b69e-e242a08c706b: no agents available; will retry on subsequent port and subnet creation events.
2026-07-14 19:14:07.873 9 INFO neutron.db.ovn_revision_numbers_db [None req-4fd9d286-b34b-4a80-ba87-c06189a47048 7c84d0c8c2d14beaa9e24b7e04362660 722c2bfccc704ff48788c3f2b2bbcff1 - - default default] Successfully bumped revision number for resource 3e5603e6-df71-4a8d-9e9d-f1672c2f746c (type: subnets) to 0
2026-07-14 19:14:07.892 9 INFO neutron.api.wsgi [None req-4fd9d286-b34b-4a80-ba87-c06189a47048 7c84d0c8c2d14beaa9e24b7e04362660 722c2bfccc704ff48788c3f2b2bbcff1 - - default default] 10.0.0.106 "POST /v2.0/subnets HTTP/1.1" status: 201 len: 928 time: 0.2626216
2026-07-14 19:14:07.903 9 WARNING neutron_lib.context [None req-0a568bb7-24f4-4621-9e9b-45acdb4ea3be 7c84d0c8c2d14beaa9e24b7e04362660 722c2bfccc704ff48788c3f2b2bbcff1 - - default default] Method 'is_advsvc' is deprecated since 2023.2 release (neutron-lib 3.8.0) and will be removed once support for the old RBAC API policies will be removed from Neutron. Please use method 'is_service_role' instead.
2026-07-14 19:14:08.293 9 WARNING neutron.scheduler.dhcp_agent_scheduler [None req-0a568bb7-24f4-4621-9e9b-45acdb4ea3be 7c84d0c8c2d14beaa9e24b7e04362660 722c2bfccc704ff48788c3f2b2bbcff1 - - default default] No more DHCP agents
2026-07-14 19:14:08.294 9 WARNING neutron.api.rpc.agentnotifiers.dhcp_rpc_agent_api [None req-0a568bb7-24f4-4621-9e9b-45acdb4ea3be 7c84d0c8c2d14beaa9e24b7e04362660 722c2bfccc704ff48788c3f2b2bbcff1 - - default default] Unable to schedule network 20039a72-e184-4592-8a6e-542253372dc2: no agents available; will retry on subsequent port and subnet creation events.
2026-07-14 19:14:08.408 9 INFO neutron.db.ovn_revision_numbers_db [None req-0a568bb7-24f4-4621-9e9b-45acdb4ea3be 7c84d0c8c2d14beaa9e24b7e04362660 722c2bfccc704ff48788c3f2b2bbcff1 - - default default] Successfully bumped revision number for resource a6e8af17-20e4-427a-8a7c-4955f0402d08 (type: ports) to 1
2026-07-14 19:14:09.033 9 INFO neutron.plugins.ml2.drivers.ovn.mech_driver.ovsdb.commands [None req-3322a0e6-c68f-415d-a029-45a615ff93bd - - - - - -] Schedule LRP lrp-a6e8af17-20e4-427a-8a7c-4955f0402d08 on gateway 059861b6-8c47-47d7-b903-cc5656c1f4c3 with priority 1
2026-07-14 19:14:09.043 9 INFO neutron.plugins.ml2.drivers.ovn.mech_driver.mech_driver [None req-0f35930f-9ba2-4525-b88f-4a11256dfd5a - - - - - -] OVN reports status up for port: a6e8af17-20e4-427a-8a7c-4955f0402d08
2026-07-14 19:14:09.055 8 INFO neutron.plugins.ml2.drivers.ovn.mech_driver.ovsdb.ovsdb_monitor [None req-16800d81-d89c-4d17-9131-8217bff1c93e - - - - - -] Router 3e04b7bf-6039-4227-91d8-acab837d9ef0 is bound to host instance
2026-07-14 19:14:09.071 9 INFO neutron.plugins.ml2.plugin [None req-0f35930f-9ba2-4525-b88f-4a11256dfd5a - - - - - -] Attempt 1 to provision port a6e8af17-20e4-427a-8a7c-4955f0402d08
2026-07-14 19:14:09.093 9 INFO neutron.db.ovn_revision_numbers_db [None req-0a568bb7-24f4-4621-9e9b-45acdb4ea3be 7c84d0c8c2d14beaa9e24b7e04362660 722c2bfccc704ff48788c3f2b2bbcff1 - - default default] Successfully bumped revision number for resource a6e8af17-20e4-427a-8a7c-4955f0402d08 (type: router_ports) to 1
2026-07-14 19:14:09.187 9 INFO neutron.db.ovn_revision_numbers_db [None req-0a568bb7-24f4-4621-9e9b-45acdb4ea3be 7c84d0c8c2d14beaa9e24b7e04362660 722c2bfccc704ff48788c3f2b2bbcff1 - - default default] Successfully bumped revision number for resource 3e04b7bf-6039-4227-91d8-acab837d9ef0 (type: routers) to 2
2026-07-14 19:14:09.209 9 INFO neutron.api.wsgi [None req-0a568bb7-24f4-4621-9e9b-45acdb4ea3be 7c84d0c8c2d14beaa9e24b7e04362660 722c2bfccc704ff48788c3f2b2bbcff1 - - default default] 10.0.0.106 "POST /v2.0/routers HTTP/1.1" status: 201 len: 1144 time: 1.3105066
2026-07-14 19:14:09.813 9 WARNING neutron.scheduler.dhcp_agent_scheduler [None req-2f23249d-1948-433e-80d6-7105471d7435 7c84d0c8c2d14beaa9e24b7e04362660 722c2bfccc704ff48788c3f2b2bbcff1 - - default default] No more DHCP agents
2026-07-14 19:14:09.814 9 WARNING neutron.api.rpc.agentnotifiers.dhcp_rpc_agent_api [None req-2f23249d-1948-433e-80d6-7105471d7435 7c84d0c8c2d14beaa9e24b7e04362660 722c2bfccc704ff48788c3f2b2bbcff1 - - default default] Unable to schedule network df019f3c-84f7-456f-b96d-64135e2e19b3: no agents available; will retry on subsequent port and subnet creation events.
2026-07-14 19:14:09.836 8 INFO neutron.db.ovn_revision_numbers_db [None req-22b121ed-b1e4-454c-9c09-eda343a4e97d - - - - - -] Successfully bumped revision number for resource a6e8af17-20e4-427a-8a7c-4955f0402d08 (type: ports) to 1
2026-07-14 19:14:09.945 9 INFO neutron.db.ovn_revision_numbers_db [None req-2f23249d-1948-433e-80d6-7105471d7435 7c84d0c8c2d14beaa9e24b7e04362660 722c2bfccc704ff48788c3f2b2bbcff1 - - default default] Successfully bumped revision number for resource 2073e2ba-f1d7-4660-a2af-ecf20fa31b1a (type: ports) to 1
2026-07-14 19:14:10.143 8 INFO neutron.db.ovn_revision_numbers_db [None req-22b121ed-b1e4-454c-9c09-eda343a4e97d - - - - - -] Successfully bumped revision number for resource a6e8af17-20e4-427a-8a7c-4955f0402d08 (type: ports) to 4
2026-07-14 19:14:10.476 8 INFO neutron.db.ovn_revision_numbers_db [None req-22b121ed-b1e4-454c-9c09-eda343a4e97d - - - - - -] Successfully bumped revision number for resource a6e8af17-20e4-427a-8a7c-4955f0402d08 (type: ports) to 5
2026-07-14 19:14:10.656 9 INFO neutron.db.ovn_revision_numbers_db [None req-2f23249d-1948-433e-80d6-7105471d7435 7c84d0c8c2d14beaa9e24b7e04362660 722c2bfccc704ff48788c3f2b2bbcff1 - - default default] Successfully bumped revision number for resource 2073e2ba-f1d7-4660-a2af-ecf20fa31b1a (type: ports) to 1
2026-07-14 19:14:10.718 9 WARNING neutron.scheduler.dhcp_agent_scheduler [None req-2f23249d-1948-433e-80d6-7105471d7435 7c84d0c8c2d14beaa9e24b7e04362660 722c2bfccc704ff48788c3f2b2bbcff1 - - default default] No more DHCP agents
2026-07-14 19:14:10.719 9 WARNING neutron.api.rpc.agentnotifiers.dhcp_rpc_agent_api [None req-2f23249d-1948-433e-80d6-7105471d7435 7c84d0c8c2d14beaa9e24b7e04362660 722c2bfccc704ff48788c3f2b2bbcff1 - - default default] Unable to schedule network df019f3c-84f7-456f-b96d-64135e2e19b3: no agents available; will retry on subsequent port and subnet creation events.
2026-07-14 19:14:11.135 9 INFO neutron.db.ovn_revision_numbers_db [None req-2f23249d-1948-433e-80d6-7105471d7435 7c84d0c8c2d14beaa9e24b7e04362660 722c2bfccc704ff48788c3f2b2bbcff1 - - default default] Successfully bumped revision number for resource 2073e2ba-f1d7-4660-a2af-ecf20fa31b1a (type: router_ports) to 1
2026-07-14 19:14:11.141 9 INFO neutron.api.wsgi [None req-2f23249d-1948-433e-80d6-7105471d7435 7c84d0c8c2d14beaa9e24b7e04362660 722c2bfccc704ff48788c3f2b2bbcff1 - - default default] 10.0.0.106 "PUT /v2.0/routers/3e04b7bf-6039-4227-91d8-acab837d9ef0/add_router_interface HTTP/1.1" status: 200 len: 503 time: 1.9261143
2026-07-14 19:14:11.593 9 INFO neutron.plugins.ml2.drivers.ovn.mech_driver.mech_driver [None req-0f35930f-9ba2-4525-b88f-4a11256dfd5a - - - - - -] OVN reports status up for port: 2073e2ba-f1d7-4660-a2af-ecf20fa31b1a
2026-07-14 19:14:11.609 9 INFO neutron.plugins.ml2.plugin [None req-0f35930f-9ba2-4525-b88f-4a11256dfd5a - - - - - -] Attempt 1 to provision port 2073e2ba-f1d7-4660-a2af-ecf20fa31b1a
2026-07-14 19:14:12.016 9 WARNING neutron.scheduler.dhcp_agent_scheduler [None req-37e19503-15e1-4a0e-a596-f6e40030482e 7c84d0c8c2d14beaa9e24b7e04362660 722c2bfccc704ff48788c3f2b2bbcff1 - - default default] No more DHCP agents
2026-07-14 19:14:12.018 9 WARNING neutron.api.rpc.agentnotifiers.dhcp_rpc_agent_api [None req-37e19503-15e1-4a0e-a596-f6e40030482e 7c84d0c8c2d14beaa9e24b7e04362660 722c2bfccc704ff48788c3f2b2bbcff1 - - default default] Unable to schedule network 735b0063-1f2d-489a-9a05-444de1497fba: no agents available; will retry on subsequent port and subnet creation events.
2026-07-14 19:14:12.168 9 INFO neutron.db.ovn_revision_numbers_db [None req-37e19503-15e1-4a0e-a596-f6e40030482e 7c84d0c8c2d14beaa9e24b7e04362660 722c2bfccc704ff48788c3f2b2bbcff1 - - default default] Successfully bumped revision number for resource dd9599a8-0c50-4aa9-a368-7e9167d675e8 (type: ports) to 1
2026-07-14 19:14:12.339 9 INFO neutron.db.ovn_revision_numbers_db [None req-0f35930f-9ba2-4525-b88f-4a11256dfd5a - - - - - -] Successfully bumped revision number for resource 2073e2ba-f1d7-4660-a2af-ecf20fa31b1a (type: ports) to 2
2026-07-14 19:14:12.907 9 INFO neutron.db.ovn_revision_numbers_db [None req-37e19503-15e1-4a0e-a596-f6e40030482e 7c84d0c8c2d14beaa9e24b7e04362660 722c2bfccc704ff48788c3f2b2bbcff1 - - default default] Successfully bumped revision number for resource dd9599a8-0c50-4aa9-a368-7e9167d675e8 (type: ports) to 1
2026-07-14 19:14:12.955 9 WARNING neutron.scheduler.dhcp_agent_scheduler [None req-37e19503-15e1-4a0e-a596-f6e40030482e 7c84d0c8c2d14beaa9e24b7e04362660 722c2bfccc704ff48788c3f2b2bbcff1 - - default default] No more DHCP agents
2026-07-14 19:14:12.957 9 WARNING neutron.api.rpc.agentnotifiers.dhcp_rpc_agent_api [None req-37e19503-15e1-4a0e-a596-f6e40030482e 7c84d0c8c2d14beaa9e24b7e04362660 722c2bfccc704ff48788c3f2b2bbcff1 - - default default] Unable to schedule network 735b0063-1f2d-489a-9a05-444de1497fba: no agents available; will retry on subsequent port and subnet creation events.
2026-07-14 19:14:13.388 9 INFO neutron.db.ovn_revision_numbers_db [None req-37e19503-15e1-4a0e-a596-f6e40030482e 7c84d0c8c2d14beaa9e24b7e04362660 722c2bfccc704ff48788c3f2b2bbcff1 - - default default] Successfully bumped revision number for resource dd9599a8-0c50-4aa9-a368-7e9167d675e8 (type: router_ports) to 1
2026-07-14 19:14:13.393 9 INFO neutron.api.wsgi [None req-37e19503-15e1-4a0e-a596-f6e40030482e 7c84d0c8c2d14beaa9e24b7e04362660 722c2bfccc704ff48788c3f2b2bbcff1 - - default default] 10.0.0.106 "PUT /v2.0/routers/3e04b7bf-6039-4227-91d8-acab837d9ef0/add_router_interface HTTP/1.1" status: 200 len: 503 time: 2.2471783
2026-07-14 19:14:13.968 9 WARNING neutron.scheduler.dhcp_agent_scheduler [None req-c648f246-28a5-4105-9796-ce163ca53fd9 7c84d0c8c2d14beaa9e24b7e04362660 722c2bfccc704ff48788c3f2b2bbcff1 - - default default] No more DHCP agents
2026-07-14 19:14:13.970 9 WARNING neutron.api.rpc.agentnotifiers.dhcp_rpc_agent_api [None req-c648f246-28a5-4105-9796-ce163ca53fd9 7c84d0c8c2d14beaa9e24b7e04362660 722c2bfccc704ff48788c3f2b2bbcff1 - - default default] Unable to schedule network e56df82a-eebf-49d9-b69e-e242a08c706b: no agents available; will retry on subsequent port and subnet creation events.
2026-07-14 19:14:14.126 9 INFO neutron.db.ovn_revision_numbers_db [None req-c648f246-28a5-4105-9796-ce163ca53fd9 7c84d0c8c2d14beaa9e24b7e04362660 722c2bfccc704ff48788c3f2b2bbcff1 - - default default] Successfully bumped revision number for resource ff2b168f-4a5e-46b5-b8e5-7ce720ba2ac2 (type: ports) to 1
2026-07-14 19:14:14.940 9 INFO neutron.db.ovn_revision_numbers_db [None req-c648f246-28a5-4105-9796-ce163ca53fd9 7c84d0c8c2d14beaa9e24b7e04362660 722c2bfccc704ff48788c3f2b2bbcff1 - - default default] Successfully bumped revision number for resource ff2b168f-4a5e-46b5-b8e5-7ce720ba2ac2 (type: ports) to 1
2026-07-14 19:14:15.005 9 WARNING neutron.scheduler.dhcp_agent_scheduler [None req-c648f246-28a5-4105-9796-ce163ca53fd9 7c84d0c8c2d14beaa9e24b7e04362660 722c2bfccc704ff48788c3f2b2bbcff1 - - default default] No more DHCP agents
2026-07-14 19:14:15.006 9 WARNING neutron.api.rpc.agentnotifiers.dhcp_rpc_agent_api [None req-c648f246-28a5-4105-9796-ce163ca53fd9 7c84d0c8c2d14beaa9e24b7e04362660 722c2bfccc704ff48788c3f2b2bbcff1 - - default default] Unable to schedule network e56df82a-eebf-49d9-b69e-e242a08c706b: no agents available; will retry on subsequent port and subnet creation events.
2026-07-14 19:14:15.361 8 INFO neutron.api.wsgi [None req-59c8ead6-f72f-4055-a308-05f5e58eda1b d54ab789ab764360a301b092e529a1de 944992dde62c4080abe7a663032008a4 - - default default] 10.0.0.253 "GET /v2.0/security-groups HTTP/1.1" status: 200 len: 20486 time: 0.0999279
2026-07-14 19:14:15.414 8 INFO neutron.api.wsgi [None req-e803056f-abcc-41a4-a3f0-31a5cef8a00b d54ab789ab764360a301b092e529a1de 944992dde62c4080abe7a663032008a4 - - default default] 10.0.0.253 "GET /v2.0/subnets HTTP/1.1" status: 200 len: 5686 time: 0.0415943
2026-07-14 19:14:15.435 9 INFO neutron.db.ovn_revision_numbers_db [None req-c648f246-28a5-4105-9796-ce163ca53fd9 7c84d0c8c2d14beaa9e24b7e04362660 722c2bfccc704ff48788c3f2b2bbcff1 - - default default] Successfully bumped revision number for resource ff2b168f-4a5e-46b5-b8e5-7ce720ba2ac2 (type: router_ports) to 1
2026-07-14 19:14:15.441 9 INFO neutron.api.wsgi [None req-c648f246-28a5-4105-9796-ce163ca53fd9 7c84d0c8c2d14beaa9e24b7e04362660 722c2bfccc704ff48788c3f2b2bbcff1 - - default default] 10.0.0.106 "PUT /v2.0/routers/3e04b7bf-6039-4227-91d8-acab837d9ef0/add_router_interface HTTP/1.1" status: 200 len: 503 time: 2.0422339
2026-07-14 19:14:15.456 8 INFO neutron.api.wsgi [None req-c67540f3-a7ea-476e-865e-c5b636f140c9 d54ab789ab764360a301b092e529a1de 944992dde62c4080abe7a663032008a4 - - default default] 10.0.0.253 "GET /v2.0/subnets HTTP/1.1" status: 200 len: 5686 time: 0.0392406
2026-07-14 19:14:15.469 8 INFO neutron.api.wsgi [None req-ac2d8f9d-4f85-4781-bdce-6d35bd33f2ef d54ab789ab764360a301b092e529a1de 944992dde62c4080abe7a663032008a4 - - default default] 10.0.0.253 "GET /v2.0/subnetpools HTTP/1.1" status: 200 len: 193 time: 0.0117667
2026-07-14 19:14:15.542 9 WARNING neutron_lib.context [None req-c24b7d08-150e-4d34-988b-991bd49b6d67 7c84d0c8c2d14beaa9e24b7e04362660 722c2bfccc704ff48788c3f2b2bbcff1 - - default default] Method 'is_advsvc' is deprecated since 2023.2 release (neutron-lib 3.8.0) and will be removed once support for the old RBAC API policies will be removed from Neutron. Please use method 'is_service_role' instead.
2026-07-14 19:14:15.561 8 INFO neutron.api.wsgi [None req-3ceb5243-8b7e-4355-a50d-26e4f7a01446 d54ab789ab764360a301b092e529a1de 944992dde62c4080abe7a663032008a4 - - default default] 10.0.0.253 "GET /v2.0/networks HTTP/1.1" status: 200 len: 4720 time: 0.0911045
2026-07-14 19:14:15.641 8 INFO neutron.api.wsgi [None req-e3b8e1e8-579c-4202-a5f8-49a219c2cb76 d54ab789ab764360a301b092e529a1de 944992dde62c4080abe7a663032008a4 - - default default] 10.0.0.253 "GET /v2.0/ports HTTP/1.1" status: 200 len: 12737 time: 0.0745003
2026-07-14 19:14:15.684 9 INFO neutron.db.ovn_revision_numbers_db [None req-c24b7d08-150e-4d34-988b-991bd49b6d67 7c84d0c8c2d14beaa9e24b7e04362660 722c2bfccc704ff48788c3f2b2bbcff1 - - default default] Successfully bumped revision number for resource 225ccfe1-8880-46ce-ab98-c802435abb97 (type: security_groups) to 1
2026-07-14 19:14:15.697 9 INFO neutron.db.ovn_revision_numbers_db [None req-c24b7d08-150e-4d34-988b-991bd49b6d67 7c84d0c8c2d14beaa9e24b7e04362660 722c2bfccc704ff48788c3f2b2bbcff1 - - default default] Successfully bumped revision number for resource 1bdde2c2-6a2f-4f50-ba8b-72fb44dc0465 (type: security_group_rules) to 0
2026-07-14 19:14:15.713 8 INFO neutron.api.wsgi [None req-f70b91e8-d9da-42ab-8995-e9d0d1bcd69f d54ab789ab764360a301b092e529a1de 944992dde62c4080abe7a663032008a4 - - default default] 10.0.0.253 "GET /v2.0/routers HTTP/1.1" status: 200 len: 1141 time: 0.0662434
2026-07-14 19:14:15.713 9 INFO neutron.db.ovn_revision_numbers_db [None req-c24b7d08-150e-4d34-988b-991bd49b6d67 7c84d0c8c2d14beaa9e24b7e04362660 722c2bfccc704ff48788c3f2b2bbcff1 - - default default] Successfully bumped revision number for resource 6b6b9dc7-7dbe-4f6e-928a-3247f2f937aa (type: security_group_rules) to 0
2026-07-14 19:14:15.728 8 INFO neutron.api.wsgi [None req-a373f915-5681-4b5c-a943-c8b35710d26d d54ab789ab764360a301b092e529a1de 944992dde62c4080abe7a663032008a4 - - default default] 10.0.0.253 "GET /v2.0/agents?binary=ovn-controller HTTP/1.1" status: 200 len: 591 time: 0.0133855
2026-07-14 19:14:15.749 8 INFO neutron.api.wsgi [None req-458df2ef-1c48-4f22-9faa-a97cf39e87e0 d54ab789ab764360a301b092e529a1de 944992dde62c4080abe7a663032008a4 - - default default] 10.0.0.253 "GET /v2.0/floatingips HTTP/1.1" status: 200 len: 193 time: 0.0190167
2026-07-14 19:14:15.750 9 INFO neutron.api.wsgi [None req-c24b7d08-150e-4d34-988b-991bd49b6d67 7c84d0c8c2d14beaa9e24b7e04362660 722c2bfccc704ff48788c3f2b2bbcff1 - - default default] 10.0.0.106 "POST /v2.0/security-groups HTTP/1.1" status: 201 len: 1830 time: 0.2163925
2026-07-14 19:14:15.760 9 WARNING neutron_lib.context [None req-349726ca-ca6b-46c0-b12d-a66d44dfe4e5 7c84d0c8c2d14beaa9e24b7e04362660 722c2bfccc704ff48788c3f2b2bbcff1 - - default default] Method 'is_advsvc' is deprecated since 2023.2 release (neutron-lib 3.8.0) and will be removed once support for the old RBAC API policies will be removed from Neutron. Please use method 'is_service_role' instead.
2026-07-14 19:14:15.763 8 INFO neutron.api.wsgi [None req-55ab175f-ac70-44f0-ac11-e9b87de45b07 d54ab789ab764360a301b092e529a1de 944992dde62c4080abe7a663032008a4 - - default default] 10.0.0.253 "GET /v2.0/agents HTTP/1.1" status: 200 len: 1390 time: 0.0133250
2026-07-14 19:14:15.781 8 INFO neutron.api.wsgi [None req-9e89dc3b-cfe5-44a3-b035-1d58c31f65e7 d54ab789ab764360a301b092e529a1de 944992dde62c4080abe7a663032008a4 - - default default] 10.0.0.253 "GET /v2.0/network-ip-availabilities HTTP/1.1" status: 200 len: 3362 time: 0.0163088
2026-07-14 19:14:15.901 9 INFO neutron.db.ovn_revision_numbers_db [None req-349726ca-ca6b-46c0-b12d-a66d44dfe4e5 7c84d0c8c2d14beaa9e24b7e04362660 722c2bfccc704ff48788c3f2b2bbcff1 - - default default] Successfully bumped revision number for resource 1c1fa635-90a4-43b9-b993-50f3b2f03d79 (type: security_group_rules) to 0
2026-07-14 19:14:15.936 9 INFO neutron.api.wsgi [None req-349726ca-ca6b-46c0-b12d-a66d44dfe4e5 7c84d0c8c2d14beaa9e24b7e04362660 722c2bfccc704ff48788c3f2b2bbcff1 - - default default] 10.0.0.106 "POST /v2.0/security-group-rules HTTP/1.1" status: 201 len: 796 time: 0.1815195
2026-07-14 19:14:15.946 9 WARNING neutron_lib.context [None req-397672b1-f568-4a0e-a25b-ee448de8d32e 7c84d0c8c2d14beaa9e24b7e04362660 722c2bfccc704ff48788c3f2b2bbcff1 - - default default] Method 'is_advsvc' is deprecated since 2023.2 release (neutron-lib 3.8.0) and will be removed once support for the old RBAC API policies will be removed from Neutron. Please use method 'is_service_role' instead.
2026-07-14 19:14:16.084 9 INFO neutron.db.ovn_revision_numbers_db [None req-397672b1-f568-4a0e-a25b-ee448de8d32e 7c84d0c8c2d14beaa9e24b7e04362660 722c2bfccc704ff48788c3f2b2bbcff1 - - default default] Successfully bumped revision number for resource a28c9409-a4af-4dc0-8623-5b75d046a868 (type: security_group_rules) to 0
2026-07-14 19:14:16.119 9 INFO neutron.api.wsgi [None req-397672b1-f568-4a0e-a25b-ee448de8d32e 7c84d0c8c2d14beaa9e24b7e04362660 722c2bfccc704ff48788c3f2b2bbcff1 - - default default] 10.0.0.106 "POST /v2.0/security-group-rules HTTP/1.1" status: 201 len: 796 time: 0.1781535
2026-07-14 19:14:16.131 9 WARNING neutron_lib.context [None req-d41bcbb7-4876-41bc-adc5-9bcaf04f886f 7c84d0c8c2d14beaa9e24b7e04362660 722c2bfccc704ff48788c3f2b2bbcff1 - - default default] Method 'is_advsvc' is deprecated since 2023.2 release (neutron-lib 3.8.0) and will be removed once support for the old RBAC API policies will be removed from Neutron. Please use method 'is_service_role' instead.
2026-07-14 19:14:16.266 9 INFO neutron.db.ovn_revision_numbers_db [None req-d41bcbb7-4876-41bc-adc5-9bcaf04f886f 7c84d0c8c2d14beaa9e24b7e04362660 722c2bfccc704ff48788c3f2b2bbcff1 - - default default] Successfully bumped revision number for resource b8737159-cba5-42ed-ad1a-6f991a345ef8 (type: security_group_rules) to 0
2026-07-14 19:14:16.302 9 INFO neutron.api.wsgi [None req-d41bcbb7-4876-41bc-adc5-9bcaf04f886f 7c84d0c8c2d14beaa9e24b7e04362660 722c2bfccc704ff48788c3f2b2bbcff1 - - default default] 10.0.0.106 "POST /v2.0/security-group-rules HTTP/1.1" status: 201 len: 798 time: 0.1782575
2026-07-14 19:14:16.312 9 WARNING neutron_lib.context [None req-5ca10a52-f32f-49f8-890f-8ccb753e7fc3 7c84d0c8c2d14beaa9e24b7e04362660 722c2bfccc704ff48788c3f2b2bbcff1 - - default default] Method 'is_advsvc' is deprecated since 2023.2 release (neutron-lib 3.8.0) and will be removed once support for the old RBAC API policies will be removed from Neutron. Please use method 'is_service_role' instead.
2026-07-14 19:14:16.442 9 INFO neutron.db.ovn_revision_numbers_db [None req-5ca10a52-f32f-49f8-890f-8ccb753e7fc3 7c84d0c8c2d14beaa9e24b7e04362660 722c2bfccc704ff48788c3f2b2bbcff1 - - default default] Successfully bumped revision number for resource d29b8afb-5b75-41bb-b864-c3d15da9f046 (type: security_group_rules) to 0
2026-07-14 19:14:16.478 9 INFO neutron.api.wsgi [None req-5ca10a52-f32f-49f8-890f-8ccb753e7fc3 7c84d0c8c2d14beaa9e24b7e04362660 722c2bfccc704ff48788c3f2b2bbcff1 - - default default] 10.0.0.106 "POST /v2.0/security-group-rules HTTP/1.1" status: 201 len: 800 time: 0.1705284
2026-07-14 19:14:16.488 9 WARNING neutron_lib.context [None req-728e231c-cb01-4f08-830b-fead7e4c001b 7c84d0c8c2d14beaa9e24b7e04362660 722c2bfccc704ff48788c3f2b2bbcff1 - - default default] Method 'is_advsvc' is deprecated since 2023.2 release (neutron-lib 3.8.0) and will be removed once support for the old RBAC API policies will be removed from Neutron. Please use method 'is_service_role' instead.
2026-07-14 19:14:16.648 9 INFO neutron.db.ovn_revision_numbers_db [None req-728e231c-cb01-4f08-830b-fead7e4c001b 7c84d0c8c2d14beaa9e24b7e04362660 722c2bfccc704ff48788c3f2b2bbcff1 - - default default] Successfully bumped revision number for resource 223ab10e-f025-4c91-8a39-4f9e52c936c5 (type: security_group_rules) to 0
2026-07-14 19:14:16.679 9 INFO neutron.api.wsgi [None req-728e231c-cb01-4f08-830b-fead7e4c001b 7c84d0c8c2d14beaa9e24b7e04362660 722c2bfccc704ff48788c3f2b2bbcff1 - - default default] 10.0.0.106 "POST /v2.0/security-group-rules HTTP/1.1" status: 201 len: 800 time: 0.1959472
2026-07-14 19:14:16.691 9 WARNING neutron_lib.context [None req-f8404aa2-8067-4bef-80ac-a4c216895d18 7c84d0c8c2d14beaa9e24b7e04362660 722c2bfccc704ff48788c3f2b2bbcff1 - - default default] Method 'is_advsvc' is deprecated since 2023.2 release (neutron-lib 3.8.0) and will be removed once support for the old RBAC API policies will be removed from Neutron. Please use method 'is_service_role' instead.
2026-07-14 19:14:16.821 9 INFO neutron.db.ovn_revision_numbers_db [None req-f8404aa2-8067-4bef-80ac-a4c216895d18 7c84d0c8c2d14beaa9e24b7e04362660 722c2bfccc704ff48788c3f2b2bbcff1 - - default default] Successfully bumped revision number for resource 703e8325-2dbe-4dd6-a240-652103c63109 (type: security_group_rules) to 0
2026-07-14 19:14:16.850 9 INFO neutron.api.wsgi [None req-f8404aa2-8067-4bef-80ac-a4c216895d18 7c84d0c8c2d14beaa9e24b7e04362660 722c2bfccc704ff48788c3f2b2bbcff1 - - default default] 10.0.0.106 "POST /v2.0/security-group-rules HTTP/1.1" status: 201 len: 796 time: 0.1643927
2026-07-14 19:14:16.860 9 WARNING neutron_lib.context [None req-a8b2fc1b-9b49-43a2-9d37-598b48f17ff6 7c84d0c8c2d14beaa9e24b7e04362660 722c2bfccc704ff48788c3f2b2bbcff1 - - default default] Method 'is_advsvc' is deprecated since 2023.2 release (neutron-lib 3.8.0) and will be removed once support for the old RBAC API policies will be removed from Neutron. Please use method 'is_service_role' instead.
2026-07-14 19:14:16.989 9 INFO neutron.db.ovn_revision_numbers_db [None req-a8b2fc1b-9b49-43a2-9d37-598b48f17ff6 7c84d0c8c2d14beaa9e24b7e04362660 722c2bfccc704ff48788c3f2b2bbcff1 - - default default] Successfully bumped revision number for resource 96914a0a-a125-4fa5-ad22-60045c1c09fb (type: security_group_rules) to 0
2026-07-14 19:14:17.021 9 INFO neutron.api.wsgi [None req-a8b2fc1b-9b49-43a2-9d37-598b48f17ff6 7c84d0c8c2d14beaa9e24b7e04362660 722c2bfccc704ff48788c3f2b2bbcff1 - - default default] 10.0.0.106 "POST /v2.0/security-group-rules HTTP/1.1" status: 201 len: 796 time: 0.1654651
2026-07-14 19:14:17.030 9 WARNING neutron_lib.context [None req-a7f6f206-c865-4af1-9ceb-04c512180eab 7c84d0c8c2d14beaa9e24b7e04362660 722c2bfccc704ff48788c3f2b2bbcff1 - - default default] Method 'is_advsvc' is deprecated since 2023.2 release (neutron-lib 3.8.0) and will be removed once support for the old RBAC API policies will be removed from Neutron. Please use method 'is_service_role' instead.
2026-07-14 19:14:17.180 9 INFO neutron.db.ovn_revision_numbers_db [None req-a7f6f206-c865-4af1-9ceb-04c512180eab 7c84d0c8c2d14beaa9e24b7e04362660 722c2bfccc704ff48788c3f2b2bbcff1 - - default default] Successfully bumped revision number for resource b9992aa6-bc67-4855-859b-5208dde4d37d (type: security_group_rules) to 0
2026-07-14 19:14:17.212 9 INFO neutron.api.wsgi [None req-a7f6f206-c865-4af1-9ceb-04c512180eab 7c84d0c8c2d14beaa9e24b7e04362660 722c2bfccc704ff48788c3f2b2bbcff1 - - default default] 10.0.0.106 "POST /v2.0/security-group-rules HTTP/1.1" status: 201 len: 796 time: 0.1863067
2026-07-14 19:14:17.223 9 WARNING neutron_lib.context [None req-5b6de9cb-25c1-4e51-9744-12ace2ee1d33 7c84d0c8c2d14beaa9e24b7e04362660 722c2bfccc704ff48788c3f2b2bbcff1 - - default default] Method 'is_advsvc' is deprecated since 2023.2 release (neutron-lib 3.8.0) and will be removed once support for the old RBAC API policies will be removed from Neutron. Please use method 'is_service_role' instead.
2026-07-14 19:14:17.376 9 INFO neutron.db.ovn_revision_numbers_db [None req-5b6de9cb-25c1-4e51-9744-12ace2ee1d33 7c84d0c8c2d14beaa9e24b7e04362660 722c2bfccc704ff48788c3f2b2bbcff1 - - default default] Successfully bumped revision number for resource 77fdcbd9-88e8-49f6-adc2-1f9d51b73fec (type: security_group_rules) to 0
2026-07-14 19:14:17.412 9 INFO neutron.api.wsgi [None req-5b6de9cb-25c1-4e51-9744-12ace2ee1d33 7c84d0c8c2d14beaa9e24b7e04362660 722c2bfccc704ff48788c3f2b2bbcff1 - - default default] 10.0.0.106 "POST /v2.0/security-group-rules HTTP/1.1" status: 201 len: 798 time: 0.1946690
2026-07-14 19:14:17.422 9 WARNING neutron_lib.context [None req-6caeec1c-685c-461b-a6ba-d614134835d6 7c84d0c8c2d14beaa9e24b7e04362660 722c2bfccc704ff48788c3f2b2bbcff1 - - default default] Method 'is_advsvc' is deprecated since 2023.2 release (neutron-lib 3.8.0) and will be removed once support for the old RBAC API policies will be removed from Neutron. Please use method 'is_service_role' instead.
2026-07-14 19:14:17.602 9 INFO neutron.db.ovn_revision_numbers_db [None req-6caeec1c-685c-461b-a6ba-d614134835d6 7c84d0c8c2d14beaa9e24b7e04362660 722c2bfccc704ff48788c3f2b2bbcff1 - - default default] Successfully bumped revision number for resource e59090f2-9862-4a0e-87f0-9dc984402e9c (type: security_group_rules) to 0
2026-07-14 19:14:17.634 9 INFO neutron.api.wsgi [None req-6caeec1c-685c-461b-a6ba-d614134835d6 7c84d0c8c2d14beaa9e24b7e04362660 722c2bfccc704ff48788c3f2b2bbcff1 - - default default] 10.0.0.106 "POST /v2.0/security-group-rules HTTP/1.1" status: 201 len: 800 time: 0.2175531
2026-07-14 19:14:17.644 9 WARNING neutron_lib.context [None req-7cdbdb2c-3fc7-45cd-8ecf-dcf3c6b0e081 7c84d0c8c2d14beaa9e24b7e04362660 722c2bfccc704ff48788c3f2b2bbcff1 - - default default] Method 'is_advsvc' is deprecated since 2023.2 release (neutron-lib 3.8.0) and will be removed once support for the old RBAC API policies will be removed from Neutron. Please use method 'is_service_role' instead.
2026-07-14 19:14:17.796 9 INFO neutron.db.ovn_revision_numbers_db [None req-7cdbdb2c-3fc7-45cd-8ecf-dcf3c6b0e081 7c84d0c8c2d14beaa9e24b7e04362660 722c2bfccc704ff48788c3f2b2bbcff1 - - default default] Successfully bumped revision number for resource 4b2f9367-54f6-4952-af64-b972e6a561c6 (type: security_group_rules) to 0
2026-07-14 19:14:17.835 9 INFO neutron.api.wsgi [None req-7cdbdb2c-3fc7-45cd-8ecf-dcf3c6b0e081 7c84d0c8c2d14beaa9e24b7e04362660 722c2bfccc704ff48788c3f2b2bbcff1 - - default default] 10.0.0.106 "POST /v2.0/security-group-rules HTTP/1.1" status: 201 len: 796 time: 0.1959982
2026-07-14 19:14:18.285 9 WARNING neutron.plugins.ml2.drivers.ovn.mech_driver.ovsdb.ovn_client [None req-aa87589e-91d6-42cc-a263-76bdd106746a - - - - - -] No hosting information found for port 2073e2ba-f1d7-4660-a2af-ecf20fa31b1a: RuntimeError: No hosting information found for port 2073e2ba-f1d7-4660-a2af-ecf20fa31b1a
2026-07-14 19:14:18.289 8 INFO neutron.api.wsgi [req-97df242a-5272-4d55-bc54-8191262290ba req-27bbc514-63e9-40f1-a2a2-32f860bdea3b 7c84d0c8c2d14beaa9e24b7e04362660 722c2bfccc704ff48788c3f2b2bbcff1 - - default default] 10.0.0.241 "GET /v2.0/security-groups?name=tempest-lb_member_SG-2016495521&fields=id&tenant_id=722c2bfccc704ff48788c3f2b2bbcff1 HTTP/1.1" status: 200 len: 267 time: 0.0440855
2026-07-14 19:14:18.341 8 INFO neutron.api.wsgi [req-97df242a-5272-4d55-bc54-8191262290ba req-9d9fe972-f8c0-450b-b947-f599526419a4 7c84d0c8c2d14beaa9e24b7e04362660 722c2bfccc704ff48788c3f2b2bbcff1 - - default default] 10.0.0.241 "GET /v2.0/networks?id=735b0063-1f2d-489a-9a05-444de1497fba HTTP/1.1" status: 200 len: 903 time: 0.0450037
2026-07-14 19:14:18.348 9 INFO neutron.db.ovn_revision_numbers_db [None req-aa87589e-91d6-42cc-a263-76bdd106746a - - - - - -] Successfully bumped revision number for resource 2073e2ba-f1d7-4660-a2af-ecf20fa31b1a (type: router_ports) to 2
2026-07-14 19:14:18.355 8 INFO neutron.api.wsgi [req-97df242a-5272-4d55-bc54-8191262290ba req-118ee4d0-5cb7-48a9-8261-7b15a883e0cb 7c84d0c8c2d14beaa9e24b7e04362660 722c2bfccc704ff48788c3f2b2bbcff1 - - default default] 10.0.0.241 "GET /v2.0/quotas/722c2bfccc704ff48788c3f2b2bbcff1 HTTP/1.1" status: 200 len: 491 time: 0.0086234
2026-07-14 19:14:18.387 9 INFO neutron.plugins.ml2.drivers.ovn.mech_driver.mech_driver [None req-aa87589e-91d6-42cc-a263-76bdd106746a - - - - - -] OVN reports status up for port: dd9599a8-0c50-4aa9-a368-7e9167d675e8
2026-07-14 19:14:18.392 9 INFO neutron.plugins.ml2.plugin [None req-aa87589e-91d6-42cc-a263-76bdd106746a - - - - - -] Attempt 1 to provision port dd9599a8-0c50-4aa9-a368-7e9167d675e8
2026-07-14 19:14:18.555 8 INFO neutron.api.wsgi [req-97df242a-5272-4d55-bc54-8191262290ba req-4c5b264a-1a0c-41ef-ae57-551b768e86b6 7c84d0c8c2d14beaa9e24b7e04362660 722c2bfccc704ff48788c3f2b2bbcff1 - - default default] 10.0.0.241 "GET /v2.0/ports?tenant_id=722c2bfccc704ff48788c3f2b2bbcff1&fields=id HTTP/1.1" status: 200 len: 486 time: 0.1947808
2026-07-14 19:14:18.666 8 INFO neutron.api.wsgi [req-97df242a-5272-4d55-bc54-8191262290ba req-e714e794-2c59-41e1-b11f-79673c138203 64cdc5d9c058421f86a927a38585db0a 1f755786a48d4d4ab0dfad4c8baccc73 - - a1d42b11def94b6da85a2b715b2d2bd9 a1d42b11def94b6da85a2b715b2d2bd9] 10.0.0.241 "GET /v2.0/networks/735b0063-1f2d-489a-9a05-444de1497fba?fields=segments HTTP/1.1" status: 200 len: 212 time: 0.0952008
2026-07-14 19:14:18.713 8 INFO neutron.api.wsgi [req-97df242a-5272-4d55-bc54-8191262290ba req-e08bf304-5745-47ae-95b1-91dd68d61d27 64cdc5d9c058421f86a927a38585db0a 1f755786a48d4d4ab0dfad4c8baccc73 - - a1d42b11def94b6da85a2b715b2d2bd9 a1d42b11def94b6da85a2b715b2d2bd9] 10.0.0.241 "GET /v2.0/networks/735b0063-1f2d-489a-9a05-444de1497fba?fields=provider%3Aphysical_network&fields=provider%3Anetwork_type HTTP/1.1" status: 200 len: 277 time: 0.0425665
2026-07-14 19:14:18.822 9 INFO neutron.db.ovn_revision_numbers_db [None req-aa87589e-91d6-42cc-a263-76bdd106746a - - - - - -] Successfully bumped revision number for resource dd9599a8-0c50-4aa9-a368-7e9167d675e8 (type: ports) to 2
2026-07-14 19:14:18.893 9 INFO neutron.api.wsgi [req-b5778680-320a-4633-9324-cfdc5aee295b req-6615e002-91b1-4134-b564-5b4057e666d1 7c84d0c8c2d14beaa9e24b7e04362660 722c2bfccc704ff48788c3f2b2bbcff1 - - default default] 10.0.0.241 "GET /v2.0/ports?device_id=d21d1723-77ed-48e3-a3fb-ac6506300e2f HTTP/1.1" status: 200 len: 210 time: 0.0631258
2026-07-14 19:14:22.442 8 INFO neutron.api.wsgi [-] 10.0.0.254 "GET / HTTP/1.1" status: 200 len: 246 time: 0.0033095
2026-07-14 19:14:22.445 8 INFO neutron.api.wsgi [-] 10.0.0.254 "GET / HTTP/1.1" status: 200 len: 246 time: 0.0014141
2026-07-14 19:14:23.155 9 INFO neutron.api.wsgi [req-97df242a-5272-4d55-bc54-8191262290ba req-ba607513-fa10-4fc8-a054-48cb9affb54d 7c84d0c8c2d14beaa9e24b7e04362660 722c2bfccc704ff48788c3f2b2bbcff1 - - default default] 199.19.213.166 "GET /v2.0/networks?id=735b0063-1f2d-489a-9a05-444de1497fba HTTP/1.1" status: 200 len: 903 time: 0.0870521
2026-07-14 19:14:23.201 9 INFO neutron.api.wsgi [req-97df242a-5272-4d55-bc54-8191262290ba req-df9e2e3b-c96a-43e0-84cf-159437dc9240 7c84d0c8c2d14beaa9e24b7e04362660 722c2bfccc704ff48788c3f2b2bbcff1 - - default default] 199.19.213.166 "GET /v2.0/security-groups?fields=id&fields=name&tenant_id=722c2bfccc704ff48788c3f2b2bbcff1 HTTP/1.1" status: 200 len: 378 time: 0.0406868
2026-07-14 19:14:23.210 9 WARNING neutron_lib.context [req-97df242a-5272-4d55-bc54-8191262290ba req-25195818-f051-4320-8698-5140eeccc740 7c84d0c8c2d14beaa9e24b7e04362660 722c2bfccc704ff48788c3f2b2bbcff1 - - default default] Method 'is_advsvc' is deprecated since 2023.2 release (neutron-lib 3.8.0) and will be removed once support for the old RBAC API policies will be removed from Neutron. Please use method 'is_service_role' instead.
