2026-07-14 19:10:12.722 8 INFO neutron.db.ovn_revision_numbers_db [None req-12d32a90-9992-4e91-9e46-136e42b23f31 d54ab789ab764360a301b092e529a1de 944992dde62c4080abe7a663032008a4 - - default default] Successfully bumped revision number for resource 4042189e-7f50-444a-9cde-86ac5175de8f (type: security_group_rules) to 0
2026-07-14 19:10:12.738 8 INFO neutron.db.ovn_revision_numbers_db [None req-12d32a90-9992-4e91-9e46-136e42b23f31 d54ab789ab764360a301b092e529a1de 944992dde62c4080abe7a663032008a4 - - default default] Successfully bumped revision number for resource 6b288427-bfbf-444c-a2bb-a49f8224d83e (type: security_group_rules) to 0
2026-07-14 19:10:12.751 8 INFO neutron.db.ovn_revision_numbers_db [None req-12d32a90-9992-4e91-9e46-136e42b23f31 d54ab789ab764360a301b092e529a1de 944992dde62c4080abe7a663032008a4 - - default default] Successfully bumped revision number for resource 9f27c051-77f4-42a6-8d0b-ed5341910971 (type: security_group_rules) to 0
2026-07-14 19:10:12.766 8 INFO neutron.db.ovn_revision_numbers_db [None req-12d32a90-9992-4e91-9e46-136e42b23f31 d54ab789ab764360a301b092e529a1de 944992dde62c4080abe7a663032008a4 - - default default] Successfully bumped revision number for resource b5119d24-f777-4848-ac65-58cee9f630b2 (type: security_group_rules) to 0
2026-07-14 19:10:12.807 8 INFO neutron.api.wsgi [None req-12d32a90-9992-4e91-9e46-136e42b23f31 d54ab789ab764360a301b092e529a1de 944992dde62c4080abe7a663032008a4 - - default default] 10.0.0.106 "GET /v2.0/security-groups?tenant_id=23cbce31163644b882edf184c6de8139&name=default HTTP/1.1" status: 200 len: 3120 time: 0.3660481
2026-07-14 19:10:13.000 8 INFO neutron.api.wsgi [None req-566d79a6-6a3c-47f4-b148-b3e535829ac9 d54ab789ab764360a301b092e529a1de 944992dde62c4080abe7a663032008a4 - - default default] 10.0.0.106 "DELETE /v2.0/security-groups/754b13a4-63b0-46e7-924a-52338f1fbff8 HTTP/1.1" status: 204 len: 168 time: 0.1888173
2026-07-14 19:10:13.089 8 WARNING neutron.plugins.ml2.drivers.ovn.mech_driver.ovsdb.ovn_client [None req-8395c6a6-f404-4427-b288-f562551e02a3 - - - - - -] No hosting information found for port e7f152ad-d700-4d0f-9b6c-3f5431423cd2: RuntimeError: No hosting information found for port e7f152ad-d700-4d0f-9b6c-3f5431423cd2
2026-07-14 19:10:13.167 8 INFO neutron.db.ovn_revision_numbers_db [None req-8395c6a6-f404-4427-b288-f562551e02a3 - - - - - -] Successfully bumped revision number for resource e7f152ad-d700-4d0f-9b6c-3f5431423cd2 (type: router_ports) to 2
2026-07-14 19:10:13.169 9 INFO neutron.db.ovn_revision_numbers_db [None req-d3af878e-4f3a-4fe6-820a-311a7b149fb0 6587a9f86ea2428789e77eef8f3404db 312e09ce82744ae9b2b552851ae59af7 - - default default] Successfully bumped revision number for resource 2e420540-5b6f-4e50-ac3a-b925e38c1856 (type: floatingips) to 2
2026-07-14 19:10:13.280 9 INFO neutron.db.ovn_revision_numbers_db [None req-d3af878e-4f3a-4fe6-820a-311a7b149fb0 6587a9f86ea2428789e77eef8f3404db 312e09ce82744ae9b2b552851ae59af7 - - default default] Successfully bumped revision number for resource 2e420540-5b6f-4e50-ac3a-b925e38c1856 (type: floatingips) to 2
2026-07-14 19:10:13.280 9 INFO neutron.db.l3_db [None req-d3af878e-4f3a-4fe6-820a-311a7b149fb0 6587a9f86ea2428789e77eef8f3404db 312e09ce82744ae9b2b552851ae59af7 - - default default] Floating IP 2e420540-5b6f-4e50-ac3a-b925e38c1856 associated. External IP: 10.96.250.216, port: 76af2a97-6fa1-4742-8bfd-d3ef39d96642.
2026-07-14 19:10:13.328 9 INFO neutron.api.wsgi [None req-d3af878e-4f3a-4fe6-820a-311a7b149fb0 6587a9f86ea2428789e77eef8f3404db 312e09ce82744ae9b2b552851ae59af7 - - default default] 10.0.0.106 "PUT /v2.0/floatingips/2e420540-5b6f-4e50-ac3a-b925e38c1856 HTTP/1.1" status: 200 len: 1037 time: 0.6481497
2026-07-14 19:10:13.407 9 INFO neutron.api.wsgi [None req-d1cf34ce-2372-4853-b71b-dbebe1f04c3c 34e79ea2b28c4e8996407b33be6b4239 bca84b1c25564147bd33bd1dbdd704ad - - default default] 10.0.0.106 "GET /v2.0/ports/839bc80e-da5c-4574-ae98-db03e291ad8a HTTP/1.1" status: 200 len: 1135 time: 0.0389721
2026-07-14 19:10:13.510 9 INFO neutron.db.ovn_revision_numbers_db [None req-9e679fc3-cae5-49fd-81c4-4c6ce967bfac 6587a9f86ea2428789e77eef8f3404db 312e09ce82744ae9b2b552851ae59af7 - - default default] Successfully bumped revision number for resource 2e420540-5b6f-4e50-ac3a-b925e38c1856 (type: floatingips) to 3
2026-07-14 19:10:13.557 9 INFO neutron.db.l3_db [None req-9e679fc3-cae5-49fd-81c4-4c6ce967bfac 6587a9f86ea2428789e77eef8f3404db 312e09ce82744ae9b2b552851ae59af7 - - default default] Floating IP 2e420540-5b6f-4e50-ac3a-b925e38c1856 disassociated. External IP: 10.96.250.216, port: 97922b60-bf37-419d-bbff-58de043c965f.
2026-07-14 19:10:13.596 9 INFO neutron.api.wsgi [None req-9e679fc3-cae5-49fd-81c4-4c6ce967bfac 6587a9f86ea2428789e77eef8f3404db 312e09ce82744ae9b2b552851ae59af7 - - default default] 10.0.0.106 "PUT /v2.0/floatingips/2e420540-5b6f-4e50-ac3a-b925e38c1856 HTTP/1.1" status: 200 len: 748 time: 0.2632074
2026-07-14 19:10:13.917 9 INFO neutron.api.wsgi [None req-9f941730-c26d-4afc-a6d9-c07498728e67 6587a9f86ea2428789e77eef8f3404db 312e09ce82744ae9b2b552851ae59af7 - - default default] 10.0.0.106 "DELETE /v2.0/floatingips/2e420540-5b6f-4e50-ac3a-b925e38c1856 HTTP/1.1" status: 204 len: 168 time: 0.3131456
2026-07-14 19:10:13.937 9 INFO neutron.api.v2.resource [None req-8f374795-8b61-46a6-ae18-1a7be0da2f9d 6587a9f86ea2428789e77eef8f3404db 312e09ce82744ae9b2b552851ae59af7 - - default default] delete failed (client error): The resource could not be found.
2026-07-14 19:10:13.939 9 INFO neutron.api.wsgi [None req-8f374795-8b61-46a6-ae18-1a7be0da2f9d 6587a9f86ea2428789e77eef8f3404db 312e09ce82744ae9b2b552851ae59af7 - - default default] 10.0.0.106 "DELETE /v2.0/floatingips/2e420540-5b6f-4e50-ac3a-b925e38c1856 HTTP/1.1" status: 404 len: 345 time: 0.0168395
2026-07-14 19:10:14.270 9 INFO neutron.api.wsgi [None req-ce766292-18bb-4499-b221-d4550986df45 6587a9f86ea2428789e77eef8f3404db 312e09ce82744ae9b2b552851ae59af7 - - default default] 10.0.0.106 "DELETE /v2.0/ports/97922b60-bf37-419d-bbff-58de043c965f HTTP/1.1" status: 204 len: 168 time: 0.3246560 /var/lib/openstack/lib/python3.12/site-packages/pycadf/identifier.py:71: UserWarning: Invalid uuid: neutron. To ensure interoperability, identifiers should be a valid uuid. warnings.warn(('Invalid uuid: %s. To ensure interoperability, '
2026-07-14 19:10:14.452 8 INFO neutron.api.wsgi [None req-7e8d6ca9-070b-4088-8313-318859d5c463 34e79ea2b28c4e8996407b33be6b4239 bca84b1c25564147bd33bd1dbdd704ad - - default default] 10.0.0.106 "GET /v2.0/ports/839bc80e-da5c-4574-ae98-db03e291ad8a HTTP/1.1" status: 200 len: 1135 time: 0.0363259
2026-07-14 19:10:14.625 9 INFO neutron.api.wsgi [None req-43a26597-41f0-427d-91d6-10604fc3cd1e 6587a9f86ea2428789e77eef8f3404db 312e09ce82744ae9b2b552851ae59af7 - - default default] 10.0.0.106 "DELETE /v2.0/ports/76af2a97-6fa1-4742-8bfd-d3ef39d96642 HTTP/1.1" status: 204 len: 168 time: 0.3490248
2026-07-14 19:10:14.674 9 INFO neutron.api.wsgi [None req-4bb7a590-12ac-45a8-87c1-ad055d62be19 6587a9f86ea2428789e77eef8f3404db 312e09ce82744ae9b2b552851ae59af7 - - default default] 10.0.0.106 "GET /v2.0/ports?device_id=d79604f5-3a53-4fed-ab2d-b95d5fb86e8c HTTP/1.1" status: 200 len: 1140 time: 0.0417111
2026-07-14 19:10:15.428 8 INFO neutron.api.wsgi [None req-46abdfc5-d451-41fe-954e-73eee9fcae89 d54ab789ab764360a301b092e529a1de 944992dde62c4080abe7a663032008a4 - - default default] 10.0.0.253 "GET /v2.0/routers HTTP/1.1" status: 200 len: 1760 time: 0.2487535
2026-07-14 19:10:15.440 8 INFO neutron.api.wsgi [None req-0e9c8a7b-1b85-4232-8a43-326e51f6eb8b d54ab789ab764360a301b092e529a1de 944992dde62c4080abe7a663032008a4 - - default default] 10.0.0.253 "GET /v2.0/agents?binary=ovn-controller HTTP/1.1" status: 200 len: 591 time: 0.0105853
2026-07-14 19:10:15.568 8 INFO neutron.api.wsgi [None req-8b100167-3358-4ba7-960f-04f2a407e90a d54ab789ab764360a301b092e529a1de 944992dde62c4080abe7a663032008a4 - - default default] 10.0.0.253 "GET /v2.0/security-groups HTTP/1.1" status: 200 len: 23386 time: 0.1271305
2026-07-14 19:10:15.641 8 INFO neutron.api.wsgi [None req-0a43f693-bdab-488a-b72c-df27f9610fd3 34e79ea2b28c4e8996407b33be6b4239 bca84b1c25564147bd33bd1dbdd704ad - - default default] 10.0.0.106 "GET /v2.0/ports/839bc80e-da5c-4574-ae98-db03e291ad8a HTTP/1.1" status: 200 len: 1135 time: 0.1844280
2026-07-14 19:10:15.699 8 INFO neutron.api.wsgi [None req-7044d756-2b89-4035-880f-7012a3dfcb62 d54ab789ab764360a301b092e529a1de 944992dde62c4080abe7a663032008a4 - - default default] 10.0.0.253 "GET /v2.0/ports HTTP/1.1" status: 200 len: 11437 time: 0.1123900
2026-07-14 19:10:15.722 8 INFO neutron.api.wsgi [None req-c0b329b0-97c5-4745-9912-70b0f01f394d d54ab789ab764360a301b092e529a1de 944992dde62c4080abe7a663032008a4 - - default default] 10.0.0.253 "GET /v2.0/network-ip-availabilities HTTP/1.1" status: 200 len: 2536 time: 0.0165687
2026-07-14 19:10:15.772 8 INFO neutron.api.wsgi [None req-e0165383-7b3c-4b8d-92e7-78f20ae8878e d54ab789ab764360a301b092e529a1de 944992dde62c4080abe7a663032008a4 - - default default] 10.0.0.253 "GET /v2.0/subnets HTTP/1.1" status: 200 len: 3387 time: 0.0484166
2026-07-14 19:10:15.786 8 INFO neutron.api.wsgi [None req-09812397-b88a-4d6b-83f4-177012146031 d54ab789ab764360a301b092e529a1de 944992dde62c4080abe7a663032008a4 - - default default] 10.0.0.253 "GET /v2.0/subnetpools HTTP/1.1" status: 200 len: 193 time: 0.0132380
2026-07-14 19:10:15.820 8 INFO neutron.api.wsgi [None req-5417a0d4-3d9c-44ab-b00a-089b3aced985 d54ab789ab764360a301b092e529a1de 944992dde62c4080abe7a663032008a4 - - default default] 10.0.0.253 "GET /v2.0/subnets HTTP/1.1" status: 200 len: 3387 time: 0.0332522
2026-07-14 19:10:15.844 8 INFO neutron.api.wsgi [None req-b0a5c12f-bc40-4f2e-98b0-6243944a410c d54ab789ab764360a301b092e529a1de 944992dde62c4080abe7a663032008a4 - - default default] 10.0.0.253 "GET /v2.0/floatingips HTTP/1.1" status: 200 len: 193 time: 0.0219278
2026-07-14 19:10:15.860 8 INFO neutron.api.wsgi [None req-fb3b48cb-0150-4e7d-9810-2b165d3c70a3 d54ab789ab764360a301b092e529a1de 944992dde62c4080abe7a663032008a4 - - default default] 10.0.0.253 "GET /v2.0/agents HTTP/1.1" status: 200 len: 1390 time: 0.0161395
2026-07-14 19:10:15.915 9 INFO neutron.api.wsgi [None req-e5f2ded1-4e9d-4dd4-ba15-7b1a8309d099 6587a9f86ea2428789e77eef8f3404db 312e09ce82744ae9b2b552851ae59af7 - - default default] 10.0.0.106 "PUT /v2.0/routers/d79604f5-3a53-4fed-ab2d-b95d5fb86e8c/remove_router_interface HTTP/1.1" status: 200 len: 503 time: 1.2391264 /var/lib/openstack/lib/python3.12/site-packages/pycadf/identifier.py:71: UserWarning: Invalid uuid: neutron. To ensure interoperability, identifiers should be a valid uuid. warnings.warn(('Invalid uuid: %s. To ensure interoperability, '
2026-07-14 19:10:15.930 8 INFO neutron.api.wsgi [None req-b0d3bd10-ca0d-465e-b737-e551060d2d27 d54ab789ab764360a301b092e529a1de 944992dde62c4080abe7a663032008a4 - - default default] 10.0.0.253 "GET /v2.0/networks HTTP/1.1" status: 200 len: 4595 time: 0.0683136
2026-07-14 19:10:16.408 9 WARNING neutron.plugins.ml2.drivers.ovn.mech_driver.ovsdb.ovn_client [None req-73dc6e44-7a30-4ccb-8601-93aa72d6a421 - - - - - -] No hosting information found for port ecf31d87-d851-44eb-9e87-f8205547eb0c: RuntimeError: No hosting information found for port ecf31d87-d851-44eb-9e87-f8205547eb0c
2026-07-14 19:10:16.521 9 INFO neutron.db.ovn_revision_numbers_db [None req-73dc6e44-7a30-4ccb-8601-93aa72d6a421 - - - - - -] Successfully bumped revision number for resource ecf31d87-d851-44eb-9e87-f8205547eb0c (type: router_ports) to 2
2026-07-14 19:10:16.521 9 INFO neutron.plugins.ml2.drivers.ovn.mech_driver.mech_driver [None req-73dc6e44-7a30-4ccb-8601-93aa72d6a421 - - - - - -] OVN reports status up for port: 839bc80e-da5c-4574-ae98-db03e291ad8a
2026-07-14 19:10:16.540 9 INFO neutron.plugins.ml2.plugin [None req-73dc6e44-7a30-4ccb-8601-93aa72d6a421 - - - - - -] Attempt 1 to provision port 839bc80e-da5c-4574-ae98-db03e291ad8a
2026-07-14 19:10:16.687 8 INFO neutron.api.wsgi [None req-c4a42e09-33f0-443a-b29e-362c0b12bfd4 34e79ea2b28c4e8996407b33be6b4239 bca84b1c25564147bd33bd1dbdd704ad - - default default] 10.0.0.106 "GET /v2.0/ports/839bc80e-da5c-4574-ae98-db03e291ad8a HTTP/1.1" status: 200 len: 1135 time: 0.0395410
2026-07-14 19:10:16.745 9 INFO neutron.api.wsgi [None req-0239568f-d914-40e3-9bfe-5c6a4685567c 6587a9f86ea2428789e77eef8f3404db 312e09ce82744ae9b2b552851ae59af7 - - default default] 10.0.0.106 "DELETE /v2.0/routers/d79604f5-3a53-4fed-ab2d-b95d5fb86e8c HTTP/1.1" status: 204 len: 168 time: 0.8190320
2026-07-14 19:10:16.928 9 INFO neutron.api.wsgi [None req-ce53196d-f8a2-4c72-88ad-d0b340a01505 6587a9f86ea2428789e77eef8f3404db 312e09ce82744ae9b2b552851ae59af7 - - default default] 10.0.0.106 "DELETE /v2.0/subnets/23c0ed78-72b3-4c1c-8938-ec72200502fa HTTP/1.1" status: 204 len: 168 time: 0.1766894
2026-07-14 19:10:17.090 9 INFO neutron.db.ovn_revision_numbers_db [None req-73dc6e44-7a30-4ccb-8601-93aa72d6a421 - - - - - -] Successfully bumped revision number for resource 839bc80e-da5c-4574-ae98-db03e291ad8a (type: ports) to 2
2026-07-14 19:10:17.275 8 INFO neutron.services.segments.plugin [-] Segment a02b9d19-aec1-47df-b1e8-1f956f11ab85 resource provider aggregate not found
2026-07-14 19:10:17.284 8 INFO neutron.services.segments.plugin [-] Segment a02b9d19-aec1-47df-b1e8-1f956f11ab85 resource provider aggregate not found
2026-07-14 19:10:17.292 8 INFO neutron.services.segments.plugin [-] Segment a02b9d19-aec1-47df-b1e8-1f956f11ab85 resource provider not found; error: Placement Client Error (4xx): {"errors": [{"status": 404, "title": "Not Found", "detail": "The resource could not be found.\n\n No resource provider with uuid a02b9d19-aec1-47df-b1e8-1f956f11ab85 found for delete ", "request_id": "req-9a852092-a987-40b7-9bf8-1a12c8a8594d"}]}
2026-07-14 19:10:17.303 8 INFO neutron.services.segments.plugin [-] Segment a02b9d19-aec1-47df-b1e8-1f956f11ab85 resource provider not found; error: Placement Client Error (4xx): {"errors": [{"status": 404, "title": "Not Found", "detail": "The resource could not be found.\n\n No resource provider with uuid a02b9d19-aec1-47df-b1e8-1f956f11ab85 found for delete ", "request_id": "req-6bcdbe65-1d7e-43cc-a995-1fa599788c5e"}]}
2026-07-14 19:10:17.327 8 INFO neutron.api.wsgi [None req-0dcc8558-b2fe-4bbf-9bee-55f2ad63ed00 6587a9f86ea2428789e77eef8f3404db 312e09ce82744ae9b2b552851ae59af7 - - default default] 10.0.0.106 "DELETE /v2.0/networks/58541c71-b88d-43fc-a2a5-4e945b9d97ac HTTP/1.1" status: 204 len: 168 time: 0.3943088
2026-07-14 19:10:17.438 9 WARNING neutron_lib.context [None req-c0e451e6-09f2-46a9-a921-26144fae367e d06a841aced849c48b63bd650e7f000b 3e178e38744a4d23b60bb5592ff96efe - - default default] Method 'is_advsvc' is deprecated since 2023.2 release (neutron-lib 3.8.0) and will be removed once support for the old RBAC API policies will be removed from Neutron. Please use method 'is_service_role' instead.
2026-07-14 19:10:17.759 9 WARNING neutron.scheduler.dhcp_agent_scheduler [None req-c0e451e6-09f2-46a9-a921-26144fae367e d06a841aced849c48b63bd650e7f000b 3e178e38744a4d23b60bb5592ff96efe - - default default] No more DHCP agents
2026-07-14 19:10:17.761 9 WARNING neutron.api.rpc.agentnotifiers.dhcp_rpc_agent_api [None req-c0e451e6-09f2-46a9-a921-26144fae367e d06a841aced849c48b63bd650e7f000b 3e178e38744a4d23b60bb5592ff96efe - - default default] Unable to schedule network 20039a72-e184-4592-8a6e-542253372dc2: no agents available; will retry on subsequent port and subnet creation events.
2026-07-14 19:10:17.784 9 INFO neutron.api.wsgi [None req-50e30d4d-b0e9-4a9c-89ec-e0eeef084e1c 34e79ea2b28c4e8996407b33be6b4239 bca84b1c25564147bd33bd1dbdd704ad - - default default] 10.0.0.106 "GET /v2.0/ports/839bc80e-da5c-4574-ae98-db03e291ad8a HTTP/1.1" status: 200 len: 1137 time: 0.0899379
2026-07-14 19:10:18.060 9 INFO neutron.api.wsgi [None req-e0228180-9ee8-4022-807e-5fda4ffc3c88 d54ab789ab764360a301b092e529a1de 944992dde62c4080abe7a663032008a4 - - default default] 10.0.0.106 "GET /v2.0/security-groups?tenant_id=312e09ce82744ae9b2b552851ae59af7&name=default HTTP/1.1" status: 200 len: 3120 time: 0.1572361
2026-07-14 19:10:18.115 9 INFO neutron.api.wsgi [None req-c0e451e6-09f2-46a9-a921-26144fae367e d06a841aced849c48b63bd650e7f000b 3e178e38744a4d23b60bb5592ff96efe - - default default] 10.0.0.106 "POST /v2.0/floatingips HTTP/1.1" status: 201 len: 751 time: 0.8687928
2026-07-14 19:10:18.128 8 WARNING neutron_lib.context [None req-9ad6457e-9b0a-4d2d-9e6c-2a961d571adf d06a841aced849c48b63bd650e7f000b 3e178e38744a4d23b60bb5592ff96efe - - default default] Method 'is_advsvc' is deprecated since 2023.2 release (neutron-lib 3.8.0) and will be removed once support for the old RBAC API policies will be removed from Neutron. Please use method 'is_service_role' instead.
2026-07-14 19:10:18.290 9 INFO neutron.api.wsgi [None req-0d4c35f7-d075-43ef-9525-52e7ec68d635 d54ab789ab764360a301b092e529a1de 944992dde62c4080abe7a663032008a4 - - default default] 10.0.0.106 "DELETE /v2.0/security-groups/95765c1f-f943-4d33-bcb8-819fb3211758 HTTP/1.1" status: 204 len: 168 time: 0.2242944
2026-07-14 19:10:18.437 8 WARNING neutron.scheduler.dhcp_agent_scheduler [None req-9ad6457e-9b0a-4d2d-9e6c-2a961d571adf d06a841aced849c48b63bd650e7f000b 3e178e38744a4d23b60bb5592ff96efe - - default default] No more DHCP agents
2026-07-14 19:10:18.445 8 WARNING neutron.api.rpc.agentnotifiers.dhcp_rpc_agent_api [None req-9ad6457e-9b0a-4d2d-9e6c-2a961d571adf d06a841aced849c48b63bd650e7f000b 3e178e38744a4d23b60bb5592ff96efe - - default default] Unable to schedule network 20039a72-e184-4592-8a6e-542253372dc2: no agents available; will retry on subsequent port and subnet creation events.
2026-07-14 19:10:18.548 8 INFO neutron.api.wsgi [None req-6ebd8bd2-3cc4-4929-b13f-9e2ea67909c0 34e79ea2b28c4e8996407b33be6b4239 bca84b1c25564147bd33bd1dbdd704ad - - default default] 10.0.0.106 "PUT /v2.0/routers/fb5d6db8-24bc-4d10-bae0-faf208a37f98/remove_router_interface HTTP/1.1" status: 200 len: 503 time: 0.7592249 /var/lib/openstack/lib/python3.12/site-packages/pycadf/identifier.py:71: UserWarning: Invalid uuid: neutron. To ensure interoperability, identifiers should be a valid uuid. warnings.warn(('Invalid uuid: %s. To ensure interoperability, '
2026-07-14 19:10:18.673 8 INFO neutron.api.wsgi [None req-8af5cb1a-dc50-4310-b17d-b022fb9fdfe3 34e79ea2b28c4e8996407b33be6b4239 bca84b1c25564147bd33bd1dbdd704ad - - default default] 10.0.0.106 "GET /v2.0/ports/ecf31d87-d851-44eb-9e87-f8205547eb0c HTTP/1.1" status: 200 len: 1137 time: 0.1157706
2026-07-14 19:10:18.899 8 INFO neutron.api.wsgi [None req-9ad6457e-9b0a-4d2d-9e6c-2a961d571adf d06a841aced849c48b63bd650e7f000b 3e178e38744a4d23b60bb5592ff96efe - - default default] 10.0.0.106 "POST /v2.0/floatingips HTTP/1.1" status: 201 len: 751 time: 0.7770374
2026-07-14 19:10:18.908 8 WARNING neutron_lib.context [None req-fddc9b56-2e4f-4b9c-8881-1696d7de593c d06a841aced849c48b63bd650e7f000b 3e178e38744a4d23b60bb5592ff96efe - - default default] Method 'is_advsvc' is deprecated since 2023.2 release (neutron-lib 3.8.0) and will be removed once support for the old RBAC API policies will be removed from Neutron. Please use method 'is_service_role' instead.
2026-07-14 19:10:19.225 8 WARNING neutron.scheduler.dhcp_agent_scheduler [None req-fddc9b56-2e4f-4b9c-8881-1696d7de593c d06a841aced849c48b63bd650e7f000b 3e178e38744a4d23b60bb5592ff96efe - - default default] No more DHCP agents
2026-07-14 19:10:19.227 8 WARNING neutron.api.rpc.agentnotifiers.dhcp_rpc_agent_api [None req-fddc9b56-2e4f-4b9c-8881-1696d7de593c d06a841aced849c48b63bd650e7f000b 3e178e38744a4d23b60bb5592ff96efe - - default default] Unable to schedule network 20039a72-e184-4592-8a6e-542253372dc2: no agents available; will retry on subsequent port and subnet creation events.
2026-07-14 19:10:19.294 9 INFO neutron.api.wsgi [None req-1f76a190-897a-45b1-a55d-e09b846f937a 34e79ea2b28c4e8996407b33be6b4239 bca84b1c25564147bd33bd1dbdd704ad - - default default] 10.0.0.106 "PUT /v2.0/routers/fb5d6db8-24bc-4d10-bae0-faf208a37f98/remove_router_interface HTTP/1.1" status: 200 len: 503 time: 0.6156828 /var/lib/openstack/lib/python3.12/site-packages/pycadf/identifier.py:71: UserWarning: Invalid uuid: neutron. To ensure interoperability, identifiers should be a valid uuid. warnings.warn(('Invalid uuid: %s. To ensure interoperability, '
2026-07-14 19:10:19.335 9 INFO neutron.api.wsgi [None req-593d76db-9787-4041-b40a-83dcd66110ed 34e79ea2b28c4e8996407b33be6b4239 bca84b1c25564147bd33bd1dbdd704ad - - default default] 10.0.0.106 "GET /v2.0/ports?device_id=fb5d6db8-24bc-4d10-bae0-faf208a37f98 HTTP/1.1" status: 200 len: 205 time: 0.0276172
2026-07-14 19:10:19.573 8 INFO neutron.api.wsgi [None req-fddc9b56-2e4f-4b9c-8881-1696d7de593c d06a841aced849c48b63bd650e7f000b 3e178e38744a4d23b60bb5592ff96efe - - default default] 10.0.0.106 "POST /v2.0/floatingips HTTP/1.1" status: 201 len: 751 time: 0.6697879
2026-07-14 19:10:19.587 8 WARNING neutron_lib.context [None req-3ce6d59a-de6b-4478-a2ac-cd856eae602d d06a841aced849c48b63bd650e7f000b 3e178e38744a4d23b60bb5592ff96efe - - default default] Method 'is_advsvc' is deprecated since 2023.2 release (neutron-lib 3.8.0) and will be removed once support for the old RBAC API policies will be removed from Neutron. Please use method 'is_service_role' instead.
2026-07-14 19:10:19.589 9 INFO neutron.api.wsgi [None req-f32dd4b1-8a98-4fa1-8430-bf09b484b700 34e79ea2b28c4e8996407b33be6b4239 bca84b1c25564147bd33bd1dbdd704ad - - default default] 10.0.0.106 "DELETE /v2.0/routers/fb5d6db8-24bc-4d10-bae0-faf208a37f98 HTTP/1.1" status: 204 len: 168 time: 0.2464452
2026-07-14 19:10:19.822 8 INFO neutron.api.wsgi [None req-31c16947-5a53-481a-8c69-cc99c842a336 34e79ea2b28c4e8996407b33be6b4239 bca84b1c25564147bd33bd1dbdd704ad - - default default] 10.0.0.106 "DELETE /v2.0/subnets/d80ef1d4-8999-46e5-aafc-3159a6f70c3a HTTP/1.1" status: 204 len: 168 time: 0.2270041
2026-07-14 19:10:19.891 8 WARNING neutron.scheduler.dhcp_agent_scheduler [None req-3ce6d59a-de6b-4478-a2ac-cd856eae602d d06a841aced849c48b63bd650e7f000b 3e178e38744a4d23b60bb5592ff96efe - - default default] No more DHCP agents
2026-07-14 19:10:19.892 8 WARNING neutron.api.rpc.agentnotifiers.dhcp_rpc_agent_api [None req-3ce6d59a-de6b-4478-a2ac-cd856eae602d d06a841aced849c48b63bd650e7f000b 3e178e38744a4d23b60bb5592ff96efe - - default default] Unable to schedule network 20039a72-e184-4592-8a6e-542253372dc2: no agents available; will retry on subsequent port and subnet creation events.
2026-07-14 19:10:20.013 9 INFO neutron.api.wsgi [None req-7379fb29-2670-40b0-a551-87a0320ffd8b 34e79ea2b28c4e8996407b33be6b4239 bca84b1c25564147bd33bd1dbdd704ad - - default default] 10.0.0.106 "DELETE /v2.0/subnets/dac815eb-a743-422d-a7e0-e550602c728a HTTP/1.1" status: 204 len: 168 time: 0.1865788
2026-07-14 19:10:20.247 8 INFO neutron.api.wsgi [None req-3ce6d59a-de6b-4478-a2ac-cd856eae602d d06a841aced849c48b63bd650e7f000b 3e178e38744a4d23b60bb5592ff96efe - - default default] 10.0.0.106 "POST /v2.0/floatingips HTTP/1.1" status: 201 len: 751 time: 0.6657679
2026-07-14 19:10:20.257 9 WARNING neutron_lib.context [None req-7b09a0d6-ac23-4867-8753-ff0cc92e0cc2 d06a841aced849c48b63bd650e7f000b 3e178e38744a4d23b60bb5592ff96efe - - default default] Method 'is_advsvc' is deprecated since 2023.2 release (neutron-lib 3.8.0) and will be removed once support for the old RBAC API policies will be removed from Neutron. Please use method 'is_service_role' instead.
2026-07-14 19:10:20.375 8 INFO neutron.services.segments.plugin [-] Segment 2e52c34d-1909-494f-b9db-3536133c6ac7 resource provider aggregate not found
2026-07-14 19:10:20.382 8 INFO neutron.services.segments.plugin [-] Segment 2e52c34d-1909-494f-b9db-3536133c6ac7 resource provider aggregate not found
2026-07-14 19:10:20.390 8 INFO neutron.services.segments.plugin [-] Segment 2e52c34d-1909-494f-b9db-3536133c6ac7 resource provider not found; error: Placement Client Error (4xx): {"errors": [{"status": 404, "title": "Not Found", "detail": "The resource could not be found.\n\n No resource provider with uuid 2e52c34d-1909-494f-b9db-3536133c6ac7 found for delete ", "request_id": "req-a21b399b-38df-4066-ac0c-ef76fec766b3"}]}
2026-07-14 19:10:20.411 8 INFO neutron.services.segments.plugin [-] Segment 2e52c34d-1909-494f-b9db-3536133c6ac7 resource provider not found; error: Placement Client Error (4xx): {"errors": [{"status": 404, "title": "Not Found", "detail": "The resource could not be found.\n\n No resource provider with uuid 2e52c34d-1909-494f-b9db-3536133c6ac7 found for delete ", "request_id": "req-23abe663-4eaf-4a86-84cf-86f4879b6f74"}]}
2026-07-14 19:10:20.434 8 INFO neutron.api.wsgi [None req-fe65ef24-d9a1-4fe4-b0f4-50981f547c06 34e79ea2b28c4e8996407b33be6b4239 bca84b1c25564147bd33bd1dbdd704ad - - default default] 10.0.0.106 "DELETE /v2.0/networks/ba16ba7e-31e5-4bfa-ab80-08ba3f1912bd HTTP/1.1" status: 204 len: 168 time: 0.4152961
2026-07-14 19:10:20.460 8 WARNING neutron_lib.context [None req-602615c6-cda7-4d1e-a085-059817f802c0 31568f020dc14d0fa8e7284ae1d1f5e2 1f45a997f9634ad8a48644ae8607aeb6 - - default default] Method 'is_advsvc' is deprecated since 2023.2 release (neutron-lib 3.8.0) and will be removed once support for the old RBAC API policies will be removed from Neutron. Please use method 'is_service_role' instead.
2026-07-14 19:10:20.460 8 WARNING neutron_lib.context [None req-602615c6-cda7-4d1e-a085-059817f802c0 31568f020dc14d0fa8e7284ae1d1f5e2 1f45a997f9634ad8a48644ae8607aeb6 - - default default] Method 'is_advsvc' is deprecated since 2023.2 release (neutron-lib 3.8.0) and will be removed once support for the old RBAC API policies will be removed from Neutron. Please use method 'is_service_role' instead.
2026-07-14 19:10:20.573 9 WARNING neutron.scheduler.dhcp_agent_scheduler [None req-7b09a0d6-ac23-4867-8753-ff0cc92e0cc2 d06a841aced849c48b63bd650e7f000b 3e178e38744a4d23b60bb5592ff96efe - - default default] No more DHCP agents
2026-07-14 19:10:20.575 9 WARNING neutron.api.rpc.agentnotifiers.dhcp_rpc_agent_api [None req-7b09a0d6-ac23-4867-8753-ff0cc92e0cc2 d06a841aced849c48b63bd650e7f000b 3e178e38744a4d23b60bb5592ff96efe - - default default] Unable to schedule network 20039a72-e184-4592-8a6e-542253372dc2: no agents available; will retry on subsequent port and subnet creation events.
2026-07-14 19:10:20.679 8 INFO neutron.db.ovn_revision_numbers_db [None req-602615c6-cda7-4d1e-a085-059817f802c0 31568f020dc14d0fa8e7284ae1d1f5e2 1f45a997f9634ad8a48644ae8607aeb6 - - default default] Successfully bumped revision number for resource 7b24c4f7-7ed8-41a6-a325-b5d0be66e5d2 (type: security_groups) to 1
2026-07-14 19:10:20.697 8 INFO neutron.db.ovn_revision_numbers_db [None req-602615c6-cda7-4d1e-a085-059817f802c0 31568f020dc14d0fa8e7284ae1d1f5e2 1f45a997f9634ad8a48644ae8607aeb6 - - default default] Successfully bumped revision number for resource 1b9a1dce-170f-4383-8d23-f146522e87e0 (type: security_group_rules) to 0
2026-07-14 19:10:20.718 8 INFO neutron.db.ovn_revision_numbers_db [None req-602615c6-cda7-4d1e-a085-059817f802c0 31568f020dc14d0fa8e7284ae1d1f5e2 1f45a997f9634ad8a48644ae8607aeb6 - - default default] Successfully bumped revision number for resource a4e1ac8c-5845-4052-9a3a-f1cbc0d25b16 (type: security_group_rules) to 0
2026-07-14 19:10:20.750 8 INFO neutron.db.ovn_revision_numbers_db [None req-602615c6-cda7-4d1e-a085-059817f802c0 31568f020dc14d0fa8e7284ae1d1f5e2 1f45a997f9634ad8a48644ae8607aeb6 - - default default] Successfully bumped revision number for resource b68130d0-06d4-4fd2-a05b-14cfc4b21856 (type: security_group_rules) to 0
2026-07-14 19:10:20.771 8 INFO neutron.db.ovn_revision_numbers_db [None req-602615c6-cda7-4d1e-a085-059817f802c0 31568f020dc14d0fa8e7284ae1d1f5e2 1f45a997f9634ad8a48644ae8607aeb6 - - default default] Successfully bumped revision number for resource c21266cd-3744-4dbb-aff8-8ac35f7b6b94 (type: security_group_rules) to 0
2026-07-14 19:10:20.905 8 INFO neutron.db.segments_db [None req-602615c6-cda7-4d1e-a085-059817f802c0 31568f020dc14d0fa8e7284ae1d1f5e2 1f45a997f9634ad8a48644ae8607aeb6 - - default default] Added segment 16f56865-2b4a-4dea-a74d-e50c05ce05a0 of type geneve for network 285c32dc-e520-40f9-aa6d-4d552cfe9a43
2026-07-14 19:10:20.913 8 INFO neutron.api.wsgi [None req-fae84b6a-3cf5-46a8-914a-8309b1c7fe93 34e79ea2b28c4e8996407b33be6b4239 bca84b1c25564147bd33bd1dbdd704ad - - default default] 10.0.0.106 "DELETE /v2.0/networks/c1687a5e-58b1-41a9-b47b-e6d7d4b07f10 HTTP/1.1" status: 204 len: 168 time: 0.4735079
2026-07-14 19:10:20.929 9 WARNING neutron_lib.context [None req-aca43867-a2ca-45fb-a8d5-f8b1f0b8095a 34e79ea2b28c4e8996407b33be6b4239 bca84b1c25564147bd33bd1dbdd704ad - - default default] Method 'is_advsvc' is deprecated since 2023.2 release (neutron-lib 3.8.0) and will be removed once support for the old RBAC API policies will be removed from Neutron. Please use method 'is_service_role' instead.
2026-07-14 19:10:20.955 9 INFO neutron.api.wsgi [None req-7b09a0d6-ac23-4867-8753-ff0cc92e0cc2 d06a841aced849c48b63bd650e7f000b 3e178e38744a4d23b60bb5592ff96efe - - default default] 10.0.0.106 "POST /v2.0/floatingips HTTP/1.1" status: 201 len: 751 time: 0.7023902
2026-07-14 19:10:21.010 8 INFO neutron.api.wsgi [None req-03722f13-e7a7-49a3-ac12-25025e76e717 d06a841aced849c48b63bd650e7f000b 3e178e38744a4d23b60bb5592ff96efe - - default default] 10.0.0.106 "PUT /v2.0/floatingips/6af7d538-b5ec-44e8-b54e-8d962a9c5c1c/tags HTTP/1.1" status: 200 len: 210 time: 0.0504534
2026-07-14 19:10:21.035 9 INFO neutron.db.segments_db [None req-aca43867-a2ca-45fb-a8d5-f8b1f0b8095a 34e79ea2b28c4e8996407b33be6b4239 bca84b1c25564147bd33bd1dbdd704ad - - default default] Added segment e021e66d-236f-497f-b51d-7a815de9ec2e of type geneve for network 310acc04-27bf-42cf-9fa4-fc70e28ab2e2
2026-07-14 19:10:21.050 8 INFO neutron.db.segments_db [None req-602615c6-cda7-4d1e-a085-059817f802c0 31568f020dc14d0fa8e7284ae1d1f5e2 1f45a997f9634ad8a48644ae8607aeb6 - - default default] Added segment 42b1294e-1d5a-4378-8748-ed98f21f1b63 of type geneve for network a81bb336-20b1-4cae-8404-9338af8b8716
2026-07-14 19:10:21.070 8 INFO neutron.api.wsgi [None req-637c3dd7-4d01-4155-bba5-7c9fb6f1c185 d06a841aced849c48b63bd650e7f000b 3e178e38744a4d23b60bb5592ff96efe - - default default] 10.0.0.106 "PUT /v2.0/floatingips/5a3f669a-f16b-432b-ba01-b143eb68f137/tags HTTP/1.1" status: 200 len: 218 time: 0.0538547
2026-07-14 19:10:21.117 8 INFO neutron.api.wsgi [None req-2ac98de3-9f55-4a76-b0f9-9b411570da2b d06a841aced849c48b63bd650e7f000b 3e178e38744a4d23b60bb5592ff96efe - - default default] 10.0.0.106 "PUT /v2.0/floatingips/92bb0e84-d344-43fe-bc9a-22e7cf5fd07b/tags HTTP/1.1" status: 200 len: 227 time: 0.0417602
2026-07-14 19:10:21.180 9 INFO neutron.db.ovn_revision_numbers_db [None req-aca43867-a2ca-45fb-a8d5-f8b1f0b8095a 34e79ea2b28c4e8996407b33be6b4239 bca84b1c25564147bd33bd1dbdd704ad - - default default] Successfully bumped revision number for resource 310acc04-27bf-42cf-9fa4-fc70e28ab2e2 (type: networks) to 1
2026-07-14 19:10:21.181 8 INFO neutron.db.ovn_revision_numbers_db [None req-602615c6-cda7-4d1e-a085-059817f802c0 31568f020dc14d0fa8e7284ae1d1f5e2 1f45a997f9634ad8a48644ae8607aeb6 - - default default] Successfully bumped revision number for resource 285c32dc-e520-40f9-aa6d-4d552cfe9a43 (type: networks) to 1
2026-07-14 19:10:21.193 9 INFO neutron.api.wsgi [None req-8ef9915c-14fe-4eac-8e10-e7fbb4105b9e d06a841aced849c48b63bd650e7f000b 3e178e38744a4d23b60bb5592ff96efe - - default default] 10.0.0.106 "PUT /v2.0/floatingips/12914eec-9838-4b7e-ac62-d28850b578d8/tags HTTP/1.1" status: 200 len: 212 time: 0.0686250
2026-07-14 19:10:21.249 8 INFO neutron.api.wsgi [None req-65b8d56b-2f54-4cb5-97bf-f045fd79f7e3 d06a841aced849c48b63bd650e7f000b 3e178e38744a4d23b60bb5592ff96efe - - default default] 10.0.0.106 "GET /v2.0/floatingips?tags=red HTTP/1.1" status: 200 len: 1866 time: 0.0497203
2026-07-14 19:10:21.295 8 INFO neutron.api.wsgi [None req-229aa82b-bc4b-4c8f-96d5-390e186ff1e7 d06a841aced849c48b63bd650e7f000b 3e178e38744a4d23b60bb5592ff96efe - - default default] 10.0.0.106 "GET /v2.0/floatingips?tags=red%2Cblue HTTP/1.1" status: 200 len: 1323 time: 0.0409577
2026-07-14 19:10:21.347 9 INFO neutron.api.wsgi [None req-4966793d-35eb-4f3e-8934-45ba87b3f0d3 d06a841aced849c48b63bd650e7f000b 3e178e38744a4d23b60bb5592ff96efe - - default default] 10.0.0.106 "GET /v2.0/floatingips?tags-any=blue HTTP/1.1" status: 200 len: 1323 time: 0.0467751
2026-07-14 19:10:21.377 9 INFO neutron.api.wsgi [None req-0140eddb-c2f0-4959-9a2d-1614eb563bf2 d06a841aced849c48b63bd650e7f000b 3e178e38744a4d23b60bb5592ff96efe - - default default] 10.0.0.106 "GET /v2.0/floatingips?tags-any=red%2Cblue HTTP/1.1" status: 200 len: 1866 time: 0.0245502
2026-07-14 19:10:21.421 9 INFO neutron.api.wsgi [None req-cd643020-892c-41c4-990c-f18e7cad67db d06a841aced849c48b63bd650e7f000b 3e178e38744a4d23b60bb5592ff96efe - - default default] 10.0.0.106 "GET /v2.0/floatingips?not-tags=red HTTP/1.1" status: 200 len: 1295 time: 0.0391920
2026-07-14 19:10:21.424 9 WARNING neutron.scheduler.dhcp_agent_scheduler [None req-aca43867-a2ca-45fb-a8d5-f8b1f0b8095a 34e79ea2b28c4e8996407b33be6b4239 bca84b1c25564147bd33bd1dbdd704ad - - default default] No more DHCP agents
2026-07-14 19:10:21.426 9 WARNING neutron.api.rpc.agentnotifiers.dhcp_rpc_agent_api [None req-aca43867-a2ca-45fb-a8d5-f8b1f0b8095a 34e79ea2b28c4e8996407b33be6b4239 bca84b1c25564147bd33bd1dbdd704ad - - default default] Unable to schedule network 310acc04-27bf-42cf-9fa4-fc70e28ab2e2: no agents available; will retry on subsequent port and subnet creation events.
2026-07-14 19:10:21.485 8 INFO neutron.api.wsgi [None req-e6360101-72e7-47be-a72d-9d9be3fdda74 d06a841aced849c48b63bd650e7f000b 3e178e38744a4d23b60bb5592ff96efe - - default default] 10.0.0.106 "GET /v2.0/floatingips?not-tags=red%2Cblue HTTP/1.1" status: 200 len: 1838 time: 0.0578547
2026-07-14 19:10:21.490 8 WARNING neutron.scheduler.dhcp_agent_scheduler [None req-602615c6-cda7-4d1e-a085-059817f802c0 31568f020dc14d0fa8e7284ae1d1f5e2 1f45a997f9634ad8a48644ae8607aeb6 - - default default] No more DHCP agents
2026-07-14 19:10:21.491 8 WARNING neutron.api.rpc.agentnotifiers.dhcp_rpc_agent_api [None req-602615c6-cda7-4d1e-a085-059817f802c0 31568f020dc14d0fa8e7284ae1d1f5e2 1f45a997f9634ad8a48644ae8607aeb6 - - default default] Unable to schedule network 285c32dc-e520-40f9-aa6d-4d552cfe9a43: no agents available; will retry on subsequent port and subnet creation events.
2026-07-14 19:10:21.540 9 INFO neutron.api.wsgi [None req-41fe7c79-fda6-45db-8d9e-0641b15471ec d06a841aced849c48b63bd650e7f000b 3e178e38744a4d23b60bb5592ff96efe - - default default] 10.0.0.106 "GET /v2.0/floatingips?not-tags-any=blue HTTP/1.1" status: 200 len: 1838 time: 0.0497403
2026-07-14 19:10:21.541 9 INFO neutron.db.ovn_revision_numbers_db [None req-aca43867-a2ca-45fb-a8d5-f8b1f0b8095a 34e79ea2b28c4e8996407b33be6b4239 bca84b1c25564147bd33bd1dbdd704ad - - default default] Successfully bumped revision number for resource 443e9860-b7e7-4e4e-8313-9408abffa348 (type: ports) to 1
2026-07-14 19:10:21.574 9 INFO neutron.api.wsgi [None req-aca43867-a2ca-45fb-a8d5-f8b1f0b8095a 34e79ea2b28c4e8996407b33be6b4239 bca84b1c25564147bd33bd1dbdd704ad - - default default] 10.0.0.106 "POST /v2.0/networks HTTP/1.1" status: 201 len: 829 time: 0.6528234
2026-07-14 19:10:21.585 9 WARNING neutron_lib.context [None req-e1a66b27-3601-436b-9c9d-7cafec03f11a 34e79ea2b28c4e8996407b33be6b4239 bca84b1c25564147bd33bd1dbdd704ad - - default default] Method 'is_advsvc' is deprecated since 2023.2 release (neutron-lib 3.8.0) and will be removed once support for the old RBAC API policies will be removed from Neutron. Please use method 'is_service_role' instead.
2026-07-14 19:10:21.631 8 INFO neutron.api.wsgi [None req-b139280c-43ca-42f7-9d8e-f530ae2f5acc d06a841aced849c48b63bd650e7f000b 3e178e38744a4d23b60bb5592ff96efe - - default default] 10.0.0.106 "GET /v2.0/floatingips?not-tags-any=red%2Cblue HTTP/1.1" status: 200 len: 1295 time: 0.0856221
2026-07-14 19:10:21.687 8 INFO neutron.db.ovn_revision_numbers_db [None req-602615c6-cda7-4d1e-a085-059817f802c0 31568f020dc14d0fa8e7284ae1d1f5e2 1f45a997f9634ad8a48644ae8607aeb6 - - default default] Successfully bumped revision number for resource 1b1530f1-6241-4607-9b6a-e88204e79992 (type: ports) to 1
2026-07-14 19:10:21.788 8 INFO neutron.db.ovn_revision_numbers_db [None req-602615c6-cda7-4d1e-a085-059817f802c0 31568f020dc14d0fa8e7284ae1d1f5e2 1f45a997f9634ad8a48644ae8607aeb6 - - default default] Successfully bumped revision number for resource a81bb336-20b1-4cae-8404-9338af8b8716 (type: networks) to 1
2026-07-14 19:10:21.827 9 WARNING neutron.scheduler.dhcp_agent_scheduler [None req-e1a66b27-3601-436b-9c9d-7cafec03f11a 34e79ea2b28c4e8996407b33be6b4239 bca84b1c25564147bd33bd1dbdd704ad - - default default] No more DHCP agents
2026-07-14 19:10:21.828 9 WARNING neutron.api.rpc.agentnotifiers.dhcp_rpc_agent_api [None req-e1a66b27-3601-436b-9c9d-7cafec03f11a 34e79ea2b28c4e8996407b33be6b4239 bca84b1c25564147bd33bd1dbdd704ad - - default default] Unable to schedule network 310acc04-27bf-42cf-9fa4-fc70e28ab2e2: no agents available; will retry on subsequent port and subnet creation events.
2026-07-14 19:10:21.991 8 WARNING neutron.scheduler.dhcp_agent_scheduler [None req-602615c6-cda7-4d1e-a085-059817f802c0 31568f020dc14d0fa8e7284ae1d1f5e2 1f45a997f9634ad8a48644ae8607aeb6 - - default default] No more DHCP agents
2026-07-14 19:10:21.992 8 WARNING neutron.api.rpc.agentnotifiers.dhcp_rpc_agent_api [None req-602615c6-cda7-4d1e-a085-059817f802c0 31568f020dc14d0fa8e7284ae1d1f5e2 1f45a997f9634ad8a48644ae8607aeb6 - - default default] Unable to schedule network a81bb336-20b1-4cae-8404-9338af8b8716: no agents available; will retry on subsequent port and subnet creation events.
2026-07-14 19:10:22.009 8 INFO neutron.api.wsgi [None req-f584a374-a33f-45ff-a935-10f07cdef788 d06a841aced849c48b63bd650e7f000b 3e178e38744a4d23b60bb5592ff96efe - - default default] 10.0.0.106 "DELETE /v2.0/floatingips/6af7d538-b5ec-44e8-b54e-8d962a9c5c1c HTTP/1.1" status: 204 len: 168 time: 0.3702583
2026-07-14 19:10:22.088 8 INFO neutron.db.ovn_revision_numbers_db [None req-602615c6-cda7-4d1e-a085-059817f802c0 31568f020dc14d0fa8e7284ae1d1f5e2 1f45a997f9634ad8a48644ae8607aeb6 - - default default] Successfully bumped revision number for resource 108e64f4-d160-47fd-b39f-816df133c33a (type: ports) to 1
2026-07-14 19:10:22.118 8 INFO neutron.api.wsgi [None req-602615c6-cda7-4d1e-a085-059817f802c0 31568f020dc14d0fa8e7284ae1d1f5e2 1f45a997f9634ad8a48644ae8607aeb6 - - default default] 10.0.0.106 "POST /v2.0/networks HTTP/1.1" status: 201 len: 1445 time: 1.8536897
2026-07-14 19:10:22.174 8 INFO neutron.api.wsgi [None req-a188d3a1-c9ca-4376-b712-7816321d7a78 31568f020dc14d0fa8e7284ae1d1f5e2 1f45a997f9634ad8a48644ae8607aeb6 - - default default] 10.0.0.106 "GET /v2.0/networks HTTP/1.1" status: 200 len: 2051 time: 0.0522158
2026-07-14 19:10:22.268 9 INFO neutron.db.ovn_revision_numbers_db [None req-79385892-c38f-4b68-a823-24a14df78121 - - - - - -] Successfully bumped revision number for resource 443e9860-b7e7-4e4e-8313-9408abffa348 (type: ports) to 2
2026-07-14 19:10:22.301 9 INFO neutron.db.ovn_revision_numbers_db [None req-79385892-c38f-4b68-a823-24a14df78121 - - - - - -] Successfully bumped revision number for resource 7e9908af-ac7f-40d7-b98c-4658c5fe5c74 (type: subnets) to 0
2026-07-14 19:10:22.318 9 INFO neutron.api.wsgi [None req-e1a66b27-3601-436b-9c9d-7cafec03f11a 34e79ea2b28c4e8996407b33be6b4239 bca84b1c25564147bd33bd1dbdd704ad - - default default] 10.0.0.106 "POST /v2.0/subnets HTTP/1.1" status: 201 len: 825 time: 0.7391529
2026-07-14 19:10:22.331 9 WARNING neutron_lib.context [None req-e1ba9c42-1904-49b4-8e2a-02a53d60a823 34e79ea2b28c4e8996407b33be6b4239 bca84b1c25564147bd33bd1dbdd704ad - - default default] Method 'is_advsvc' is deprecated since 2023.2 release (neutron-lib 3.8.0) and will be removed once support for the old RBAC API policies will be removed from Neutron. Please use method 'is_service_role' instead.
2026-07-14 19:10:22.377 8 INFO neutron.api.wsgi [None req-996929bc-845c-4540-9020-84b192e3e25a d06a841aced849c48b63bd650e7f000b 3e178e38744a4d23b60bb5592ff96efe - - default default] 10.0.0.106 "DELETE /v2.0/floatingips/5a3f669a-f16b-432b-ba01-b143eb68f137 HTTP/1.1" status: 204 len: 168 time: 0.3634512
2026-07-14 19:10:22.410 8 INFO neutron.services.segments.plugin [-] Segment 1426bbc3-9e58-4d1d-a69c-49c1fd25ade1 resource provider aggregate not found
2026-07-14 19:10:22.429 8 INFO neutron.services.segments.plugin [-] Segment 1426bbc3-9e58-4d1d-a69c-49c1fd25ade1 resource provider not found; error: Placement Client Error (4xx): {"errors": [{"status": 404, "title": "Not Found", "detail": "The resource could not be found.\n\n No resource provider with uuid 1426bbc3-9e58-4d1d-a69c-49c1fd25ade1 found for delete ", "request_id": "req-e3a67651-0953-4543-90e9-b4a25f32fc5e"}]}
2026-07-14 19:10:22.433 8 INFO neutron.services.segments.plugin [-] Segment 1426bbc3-9e58-4d1d-a69c-49c1fd25ade1 resource provider aggregate not found
2026-07-14 19:10:22.437 9 WARNING neutron.plugins.ml2.drivers.ovn.mech_driver.ovsdb.ovn_client [None req-3bad10e3-d422-4105-8a22-5d8f08802f4c - - - - - -] No port found with ID 839bc80e-da5c-4574-ae98-db03e291ad8a: RuntimeError: No port found with ID 839bc80e-da5c-4574-ae98-db03e291ad8a
2026-07-14 19:10:22.441 8 INFO neutron.api.wsgi [-] 10.0.0.254 "GET / HTTP/1.1" status: 200 len: 246 time: 0.0019984
2026-07-14 19:10:22.443 8 INFO neutron.api.wsgi [-] 10.0.0.254 "GET / HTTP/1.1" status: 200 len: 246 time: 0.0015502
2026-07-14 19:10:22.450 8 INFO neutron.services.segments.plugin [-] Segment 1426bbc3-9e58-4d1d-a69c-49c1fd25ade1 resource provider not found; error: Placement Client Error (4xx): {"errors": [{"status": 404, "title": "Not Found", "detail": "The resource could not be found.\n\n No resource provider with uuid 1426bbc3-9e58-4d1d-a69c-49c1fd25ade1 found for delete ", "request_id": "req-befb9701-85e5-4a39-91e8-fdcf11e56438"}]}
2026-07-14 19:10:22.515 9 INFO neutron.db.ovn_revision_numbers_db [None req-e1ba9c42-1904-49b4-8e2a-02a53d60a823 34e79ea2b28c4e8996407b33be6b4239 bca84b1c25564147bd33bd1dbdd704ad - - default default] Successfully bumped revision number for resource dd467544-7324-42fb-8063-6da699f6b629 (type: routers) to 1
2026-07-14 19:10:22.562 8 INFO neutron.api.wsgi [None req-36ffa64d-64aa-41da-81fa-cb91e53b8c5d 31568f020dc14d0fa8e7284ae1d1f5e2 1f45a997f9634ad8a48644ae8607aeb6 - - default default] 10.0.0.106 "DELETE /v2.0/networks/285c32dc-e520-40f9-aa6d-4d552cfe9a43 HTTP/1.1" status: 204 len: 168 time: 0.3826492
2026-07-14 19:10:22.564 9 INFO neutron.api.wsgi [None req-e1ba9c42-1904-49b4-8e2a-02a53d60a823 34e79ea2b28c4e8996407b33be6b4239 bca84b1c25564147bd33bd1dbdd704ad - - default default] 10.0.0.106 "POST /v2.0/routers HTTP/1.1" status: 201 len: 801 time: 0.2390287 /var/lib/openstack/lib/python3.12/site-packages/pycadf/identifier.py:71: UserWarning: Invalid uuid: neutron. To ensure interoperability, identifiers should be a valid uuid. warnings.warn(('Invalid uuid: %s. To ensure interoperability, '
2026-07-14 19:10:22.579 9 WARNING neutron_lib.context [None req-dd05c40c-deae-4e98-b341-c8cd3b7e2a6d 34e79ea2b28c4e8996407b33be6b4239 bca84b1c25564147bd33bd1dbdd704ad - - default default] Method 'is_advsvc' is deprecated since 2023.2 release (neutron-lib 3.8.0) and will be removed once support for the old RBAC API policies will be removed from Neutron. Please use method 'is_service_role' instead.
2026-07-14 19:10:22.908 8 INFO neutron.api.wsgi [None req-7fc3db39-93ce-4522-af65-35677ec5683e 31568f020dc14d0fa8e7284ae1d1f5e2 1f45a997f9634ad8a48644ae8607aeb6 - - default default] 10.0.0.106 "DELETE /v2.0/networks/a81bb336-20b1-4cae-8404-9338af8b8716 HTTP/1.1" status: 204 len: 168 time: 0.3381557
2026-07-14 19:10:22.916 9 INFO neutron.api.wsgi [None req-c65fd11d-e186-4e7b-ba9c-c663afe6cefa d06a841aced849c48b63bd650e7f000b 3e178e38744a4d23b60bb5592ff96efe - - default default] 10.0.0.106 "DELETE /v2.0/floatingips/92bb0e84-d344-43fe-bc9a-22e7cf5fd07b HTTP/1.1" status: 204 len: 168 time: 0.5348263
2026-07-14 19:10:22.970 8 INFO neutron.api.wsgi [None req-f61b1dbb-76eb-4885-b0c5-04cb235cd6c3 31568f020dc14d0fa8e7284ae1d1f5e2 1f45a997f9634ad8a48644ae8607aeb6 - - default default] 10.0.0.106 "GET /v2.0/networks HTTP/1.1" status: 200 len: 845 time: 0.0575712 /var/lib/openstack/lib/python3.12/site-packages/pycadf/identifier.py:71: UserWarning: Invalid uuid: neutron. To ensure interoperability, identifiers should be a valid uuid. warnings.warn(('Invalid uuid: %s. To ensure interoperability, '
2026-07-14 19:10:22.980 9 WARNING neutron_lib.context [None req-d5b9b165-4b3e-45f4-9e95-f1019fd941e2 31568f020dc14d0fa8e7284ae1d1f5e2 1f45a997f9634ad8a48644ae8607aeb6 - - default default] Method 'is_advsvc' is deprecated since 2023.2 release (neutron-lib 3.8.0) and will be removed once support for the old RBAC API policies will be removed from Neutron. Please use method 'is_service_role' instead.
2026-07-14 19:10:22.986 9 WARNING neutron.scheduler.dhcp_agent_scheduler [None req-dd05c40c-deae-4e98-b341-c8cd3b7e2a6d 34e79ea2b28c4e8996407b33be6b4239 bca84b1c25564147bd33bd1dbdd704ad - - default default] No more DHCP agents
2026-07-14 19:10:22.988 9 WARNING neutron.api.rpc.agentnotifiers.dhcp_rpc_agent_api [None req-dd05c40c-deae-4e98-b341-c8cd3b7e2a6d 34e79ea2b28c4e8996407b33be6b4239 bca84b1c25564147bd33bd1dbdd704ad - - default default] Unable to schedule network 310acc04-27bf-42cf-9fa4-fc70e28ab2e2: no agents available; will retry on subsequent port and subnet creation events.
2026-07-14 19:10:23.087 9 INFO neutron.db.segments_db [None req-d5b9b165-4b3e-45f4-9e95-f1019fd941e2 31568f020dc14d0fa8e7284ae1d1f5e2 1f45a997f9634ad8a48644ae8607aeb6 - - default default] Added segment 5a229b2d-6e8d-4fae-87e5-033636d011de of type geneve for network ba22b93e-c311-47ed-bd68-e78e28c3a151
2026-07-14 19:10:23.184 9 INFO neutron.db.ovn_revision_numbers_db [None req-dd05c40c-deae-4e98-b341-c8cd3b7e2a6d 34e79ea2b28c4e8996407b33be6b4239 bca84b1c25564147bd33bd1dbdd704ad - - default default] Successfully bumped revision number for resource 096f9a40-56bb-439a-a2f6-8653c2cde6f0 (type: ports) to 1
2026-07-14 19:10:23.217 9 INFO neutron.api.wsgi [None req-dd05c40c-deae-4e98-b341-c8cd3b7e2a6d 34e79ea2b28c4e8996407b33be6b4239 bca84b1c25564147bd33bd1dbdd704ad - - default default] 10.0.0.106 "POST /v2.0/ports HTTP/1.1" status: 201 len: 1151 time: 0.6434987
2026-07-14 19:10:23.286 9 INFO neutron.db.ovn_revision_numbers_db [None req-d5b9b165-4b3e-45f4-9e95-f1019fd941e2 31568f020dc14d0fa8e7284ae1d1f5e2 1f45a997f9634ad8a48644ae8607aeb6 - - default default] Successfully bumped revision number for resource ba22b93e-c311-47ed-bd68-e78e28c3a151 (type: networks) to 1
2026-07-14 19:10:23.481 8 INFO neutron.api.wsgi [None req-08181353-32a5-42f9-891f-b42d5d692dd5 d06a841aced849c48b63bd650e7f000b 3e178e38744a4d23b60bb5592ff96efe - - default default] 10.0.0.106 "DELETE /v2.0/floatingips/12914eec-9838-4b7e-ac62-d28850b578d8 HTTP/1.1" status: 204 len: 168 time: 0.5600166
2026-07-14 19:10:23.551 9 WARNING neutron.scheduler.dhcp_agent_scheduler [None req-d5b9b165-4b3e-45f4-9e95-f1019fd941e2 31568f020dc14d0fa8e7284ae1d1f5e2 1f45a997f9634ad8a48644ae8607aeb6 - - default default] No more DHCP agents
2026-07-14 19:10:23.555 9 WARNING neutron.api.rpc.agentnotifiers.dhcp_rpc_agent_api [None req-d5b9b165-4b3e-45f4-9e95-f1019fd941e2 31568f020dc14d0fa8e7284ae1d1f5e2 1f45a997f9634ad8a48644ae8607aeb6 - - default default] Unable to schedule network ba22b93e-c311-47ed-bd68-e78e28c3a151: no agents available; will retry on subsequent port and subnet creation events.
2026-07-14 19:10:23.582 9 INFO neutron.db.ovn_revision_numbers_db [None req-510fdf5c-33e4-4a8f-acde-8ccc1a894235 d54ab789ab764360a301b092e529a1de 944992dde62c4080abe7a663032008a4 - - default default] Successfully bumped revision number for resource 51ff8fe3-f01a-4d11-a333-58339660a5ea (type: security_groups) to 1
2026-07-14 19:10:23.614 9 INFO neutron.db.ovn_revision_numbers_db [None req-510fdf5c-33e4-4a8f-acde-8ccc1a894235 d54ab789ab764360a301b092e529a1de 944992dde62c4080abe7a663032008a4 - - default default] Successfully bumped revision number for resource 1e0faae7-c9a6-4d3e-8833-6a5a52ba9c18 (type: security_group_rules) to 0
2026-07-14 19:10:23.645 9 INFO neutron.db.ovn_revision_numbers_db [None req-510fdf5c-33e4-4a8f-acde-8ccc1a894235 d54ab789ab764360a301b092e529a1de 944992dde62c4080abe7a663032008a4 - - default default] Successfully bumped revision number for resource 20224bdb-d72c-4575-9fad-26e681dffd06 (type: security_group_rules) to 0
2026-07-14 19:10:23.673 9 INFO neutron.db.ovn_revision_numbers_db [None req-510fdf5c-33e4-4a8f-acde-8ccc1a894235 d54ab789ab764360a301b092e529a1de 944992dde62c4080abe7a663032008a4 - - default default] Successfully bumped revision number for resource 5f739761-420e-45c7-86cd-de30df602019 (type: security_group_rules) to 0
2026-07-14 19:10:23.680 9 INFO neutron.db.ovn_revision_numbers_db [None req-d5b9b165-4b3e-45f4-9e95-f1019fd941e2 31568f020dc14d0fa8e7284ae1d1f5e2 1f45a997f9634ad8a48644ae8607aeb6 - - default default] Successfully bumped revision number for resource e21aa6b0-8ac0-420a-a37c-85267716604b (type: ports) to 1
2026-07-14 19:10:23.696 9 INFO neutron.db.ovn_revision_numbers_db [None req-510fdf5c-33e4-4a8f-acde-8ccc1a894235 d54ab789ab764360a301b092e529a1de 944992dde62c4080abe7a663032008a4 - - default default] Successfully bumped revision number for resource 9430f614-5566-4c2e-8c74-055ca9767b6e (type: security_group_rules) to 0
2026-07-14 19:10:23.711 9 INFO neutron.api.wsgi [None req-d5b9b165-4b3e-45f4-9e95-f1019fd941e2 31568f020dc14d0fa8e7284ae1d1f5e2 1f45a997f9634ad8a48644ae8607aeb6 - - default default] 10.0.0.106 "POST /v2.0/networks HTTP/1.1" status: 201 len: 853 time: 0.7344987
