2026-07-14 19:08:12.465 9 WARNING neutron.plugins.ml2.drivers.ovn.mech_driver.ovsdb.ovn_client [None req-e729e1e8-ae36-4f68-9bce-7f6e9daea885 - - - - - -] No hosting information found for port 1111174d-56ae-4a08-a390-949a55ba3505: RuntimeError: No hosting information found for port 1111174d-56ae-4a08-a390-949a55ba3505
2026-07-14 19:08:12.465 9 INFO neutron.plugins.ml2.drivers.ovn.mech_driver.mech_driver [None req-e729e1e8-ae36-4f68-9bce-7f6e9daea885 - - - - - -] OVN reports status up for port: 0f901345-9c54-4cc8-9caf-9f64f9d0f54c
2026-07-14 19:08:12.620 8 INFO neutron.db.ovn_revision_numbers_db [None req-03f8823f-b214-4534-85ba-fab2ebebf6a5 - - - - - -] Successfully bumped revision number for resource 9c2f8d63-6be8-4b5c-9d62-a2a9c583356c (type: ports) to 1
2026-07-14 19:08:12.635 9 INFO neutron.db.ovn_revision_numbers_db [None req-e729e1e8-ae36-4f68-9bce-7f6e9daea885 - - - - - -] Successfully bumped revision number for resource 2f4dcd91-6f02-4ac0-8fcc-e2fff17c8a96 (type: router_ports) to 2
2026-07-14 19:08:12.750 9 INFO neutron.api.wsgi [req-0eab7b79-334a-4336-9a86-4ba1352d15b2 req-ab5a62e9-53bf-4376-9481-2b0681477d8c e1d592620f8d4481911d80e476c617eb d515e23448dc49809554d77bac1fc7d2 - - default default] 199.19.213.166 "GET /v2.0/networks?id=e904182d-0fb0-4ade-a236-58b7ca88f75a HTTP/1.1" status: 200 len: 868 time: 0.0779064
2026-07-14 19:08:12.757 9 INFO neutron.db.ovn_revision_numbers_db [None req-e729e1e8-ae36-4f68-9bce-7f6e9daea885 - - - - - -] Successfully bumped revision number for resource 1111174d-56ae-4a08-a390-949a55ba3505 (type: router_ports) to 2
2026-07-14 19:08:12.829 9 INFO neutron.api.wsgi [req-0eab7b79-334a-4336-9a86-4ba1352d15b2 req-2c62330c-90d8-4aa4-b275-dd5669481f96 e1d592620f8d4481911d80e476c617eb d515e23448dc49809554d77bac1fc7d2 - - default default] 199.19.213.166 "GET /v2.0/security-groups?fields=id&fields=name&tenant_id=d515e23448dc49809554d77bac1fc7d2 HTTP/1.1" status: 200 len: 380 time: 0.0733936
2026-07-14 19:08:12.843 9 WARNING neutron_lib.context [req-0eab7b79-334a-4336-9a86-4ba1352d15b2 req-03a2c8e0-221b-40ee-bfdd-be6f1ce544d4 e1d592620f8d4481911d80e476c617eb d515e23448dc49809554d77bac1fc7d2 - - default default] Method 'is_advsvc' is deprecated since 2023.2 release (neutron-lib 3.8.0) and will be removed once support for the old RBAC API policies will be removed from Neutron. Please use method 'is_service_role' instead.
2026-07-14 19:08:12.963 9 INFO neutron.api.wsgi [req-9d5e02b5-48a4-43e0-b390-2503071d75f9 req-69f98446-cfc2-4458-8c94-7abdc9e3f2d5 ccecef04dec244498df16747d8cf3787 90e1805ffada4e57b28965245744cd29 - - default default] 10.0.0.241 "GET /v2.0/ports?device_id=e293c7fe-04fd-4e9f-a7e2-2bbf8da6508c HTTP/1.1" status: 200 len: 1168 time: 0.1541445
2026-07-14 19:08:12.971 8 INFO neutron.db.ovn_revision_numbers_db [None req-03f8823f-b214-4534-85ba-fab2ebebf6a5 - - - - - -] Successfully bumped revision number for resource 9c2f8d63-6be8-4b5c-9d62-a2a9c583356c (type: ports) to 4
2026-07-14 19:08:13.048 9 INFO neutron.api.wsgi [req-f4b3b848-3edf-4022-b10d-39a9c335442b req-60122502-2847-466d-8ab3-1ec81018dd8e 64cdc5d9c058421f86a927a38585db0a 1f755786a48d4d4ab0dfad4c8baccc73 - - a1d42b11def94b6da85a2b715b2d2bd9 a1d42b11def94b6da85a2b715b2d2bd9] 199.19.213.166 "GET /v2.0/ports?tenant_id=14afbf85b66647e6806bf5f36f9aa7a1&device_id=5d49ae50-7dbd-4cbc-9842-8d802fe19011 HTTP/1.1" status: 200 len: 1407 time: 0.0580208
2026-07-14 19:08:13.080 9 INFO neutron.api.wsgi [req-9d5e02b5-48a4-43e0-b390-2503071d75f9 req-33533468-d302-4c9d-b2f8-25051d10cbb8 ccecef04dec244498df16747d8cf3787 90e1805ffada4e57b28965245744cd29 - - default default] 10.0.0.241 "GET /v2.0/security-groups?id=be182afb-51ea-4d46-8f5c-2df8b766aa8f&fields=id&fields=name HTTP/1.1" status: 200 len: 311 time: 0.1087103
2026-07-14 19:08:13.085 8 INFO neutron.api.wsgi [req-c91d5a96-4a26-44c7-af9e-27b45c3c459c req-de8070f4-eb18-400a-9d9f-496d2461b5a7 921ff8db4ba04499a8745da530589353 14afbf85b66647e6806bf5f36f9aa7a1 - - default default] 10.0.0.241 "GET /v2.0/ports?device_id=5d49ae50-7dbd-4cbc-9842-8d802fe19011 HTTP/1.1" status: 200 len: 1168 time: 0.0614736
2026-07-14 19:08:13.159 9 INFO neutron.api.wsgi [req-f4b3b848-3edf-4022-b10d-39a9c335442b req-5e1e22bf-7473-4db2-9b36-bc2e6f45ce6a 64cdc5d9c058421f86a927a38585db0a 1f755786a48d4d4ab0dfad4c8baccc73 - - a1d42b11def94b6da85a2b715b2d2bd9 a1d42b11def94b6da85a2b715b2d2bd9] 199.19.213.166 "GET /v2.0/networks?id=4ffd7bee-f668-49fb-a745-acf6708f841c HTTP/1.1" status: 200 len: 981 time: 0.1037796
2026-07-14 19:08:13.167 9 INFO neutron.notifiers.nova [-] Nova event matching ['req-331b53a7-df3e-415d-a55c-8b17a7a8d830'] response: {'name': 'network-changed', 'server_uuid': 'e293c7fe-04fd-4e9f-a7e2-2bbf8da6508c', 'tag': '2a8af75d-f347-4e83-9c01-1314d68546c7', 'status': 'completed', 'code': 200}
2026-07-14 19:08:13.171 8 INFO neutron.api.wsgi [req-c91d5a96-4a26-44c7-af9e-27b45c3c459c req-7e271e98-657d-4ce6-acfd-17b6d7e5e5a4 921ff8db4ba04499a8745da530589353 14afbf85b66647e6806bf5f36f9aa7a1 - - default default] 10.0.0.241 "GET /v2.0/security-groups?id=54584840-7fda-4e21-ad13-bb451cd65b07&fields=id&fields=name HTTP/1.1" status: 200 len: 313 time: 0.0761721
2026-07-14 19:08:13.199 9 INFO neutron.api.wsgi [req-f4b3b848-3edf-4022-b10d-39a9c335442b req-b8b1681d-c2a9-4d4a-839e-e379f9974cf8 64cdc5d9c058421f86a927a38585db0a 1f755786a48d4d4ab0dfad4c8baccc73 - - a1d42b11def94b6da85a2b715b2d2bd9 a1d42b11def94b6da85a2b715b2d2bd9] 199.19.213.166 "GET /v2.0/floatingips?fixed_ip_address=10.100.0.5&port_id=fee55906-1c2a-4c5d-952b-fd83433111f3 HTTP/1.1" status: 200 len: 217 time: 0.0316498
2026-07-14 19:08:13.231 9 INFO neutron.api.wsgi [req-1814b153-2fa0-4fb2-8943-3e27dba8fc4c req-7f7fe7cc-79c5-44f0-b2d7-a6d4072b2be4 64cdc5d9c058421f86a927a38585db0a 1f755786a48d4d4ab0dfad4c8baccc73 - - a1d42b11def94b6da85a2b715b2d2bd9 a1d42b11def94b6da85a2b715b2d2bd9] 199.19.213.166 "GET /v2.0/ports?tenant_id=90e1805ffada4e57b28965245744cd29&device_id=e293c7fe-04fd-4e9f-a7e2-2bbf8da6508c HTTP/1.1" status: 200 len: 1407 time: 0.0889239
2026-07-14 19:08:13.265 9 INFO neutron.api.wsgi [req-f4b3b848-3edf-4022-b10d-39a9c335442b req-0844c75a-1a5d-44be-8b32-304c66094198 64cdc5d9c058421f86a927a38585db0a 1f755786a48d4d4ab0dfad4c8baccc73 - - a1d42b11def94b6da85a2b715b2d2bd9 a1d42b11def94b6da85a2b715b2d2bd9] 199.19.213.166 "GET /v2.0/subnets?id=a768bc7e-13a6-412e-b4b0-8aabcb3c8223 HTTP/1.1" status: 200 len: 900 time: 0.0615144
2026-07-14 19:08:13.280 9 INFO neutron.api.wsgi [req-1814b153-2fa0-4fb2-8943-3e27dba8fc4c req-d6532a05-71bc-404e-964d-6a25ccc4c31a 64cdc5d9c058421f86a927a38585db0a 1f755786a48d4d4ab0dfad4c8baccc73 - - a1d42b11def94b6da85a2b715b2d2bd9 a1d42b11def94b6da85a2b715b2d2bd9] 199.19.213.166 "GET /v2.0/floatingips?fixed_ip_address=10.100.0.4&port_id=2a8af75d-f347-4e83-9c01-1314d68546c7 HTTP/1.1" status: 200 len: 217 time: 0.0377445
2026-07-14 19:08:13.305 9 INFO neutron.api.wsgi [req-f4b3b848-3edf-4022-b10d-39a9c335442b req-569e5f89-f666-48d1-9c81-2b4f8036d875 64cdc5d9c058421f86a927a38585db0a 1f755786a48d4d4ab0dfad4c8baccc73 - - a1d42b11def94b6da85a2b715b2d2bd9 a1d42b11def94b6da85a2b715b2d2bd9] 199.19.213.166 "GET /v2.0/ports?network_id=4ffd7bee-f668-49fb-a745-acf6708f841c&device_owner=network%3Adhcp HTTP/1.1" status: 200 len: 210 time: 0.0297422
2026-07-14 19:08:13.330 9 WARNING neutron.scheduler.dhcp_agent_scheduler [None req-ec8fb263-ce8e-4dd0-9897-45f4ded17172 d54ab789ab764360a301b092e529a1de 944992dde62c4080abe7a663032008a4 - - default default] No more DHCP agents
2026-07-14 19:08:13.333 9 INFO neutron.api.wsgi [req-2b08ffb2-6256-4737-90bb-103f8ed6b43c req-f87266da-39f4-4ee8-b4d1-e4c7be778bf6 e1d592620f8d4481911d80e476c617eb d515e23448dc49809554d77bac1fc7d2 - - default default] 10.0.0.241 "GET /v2.0/ports?device_id=4526f3a0-4657-4540-a9da-508a45e9772f HTTP/1.1" status: 200 len: 210 time: 0.0300734
2026-07-14 19:08:13.337 9 WARNING neutron.api.rpc.agentnotifiers.dhcp_rpc_agent_api [None req-ec8fb263-ce8e-4dd0-9897-45f4ded17172 d54ab789ab764360a301b092e529a1de 944992dde62c4080abe7a663032008a4 - - default default] Unable to schedule network 41ae1584-c999-4519-86be-610d2d297d39: no agents available; will retry on subsequent port and subnet creation events.
2026-07-14 19:08:13.359 9 INFO neutron.api.wsgi [req-1814b153-2fa0-4fb2-8943-3e27dba8fc4c req-3086cb91-5768-489e-aa3c-3db8f0815213 64cdc5d9c058421f86a927a38585db0a 1f755786a48d4d4ab0dfad4c8baccc73 - - a1d42b11def94b6da85a2b715b2d2bd9 a1d42b11def94b6da85a2b715b2d2bd9] 199.19.213.166 "GET /v2.0/subnets?id=778d2963-b05c-48f6-afdf-0a203b3d8112 HTTP/1.1" status: 200 len: 896 time: 0.0721781
2026-07-14 19:08:13.389 8 INFO neutron.db.ovn_revision_numbers_db [None req-03f8823f-b214-4534-85ba-fab2ebebf6a5 - - - - - -] Successfully bumped revision number for resource 9c2f8d63-6be8-4b5c-9d62-a2a9c583356c (type: ports) to 5
2026-07-14 19:08:13.402 9 INFO neutron.api.wsgi [req-1814b153-2fa0-4fb2-8943-3e27dba8fc4c req-526b6d00-1b9c-48b8-81bf-e1e983883905 64cdc5d9c058421f86a927a38585db0a 1f755786a48d4d4ab0dfad4c8baccc73 - - a1d42b11def94b6da85a2b715b2d2bd9 a1d42b11def94b6da85a2b715b2d2bd9] 199.19.213.166 "GET /v2.0/ports?network_id=aa95abf4-a96e-4c3c-90e9-d6f14f6862d8&device_owner=network%3Adhcp HTTP/1.1" status: 200 len: 210 time: 0.0345824
2026-07-14 19:08:13.446 9 INFO neutron.api.wsgi [req-f4b3b848-3edf-4022-b10d-39a9c335442b req-3ba69940-1737-4011-8973-4699c7e84071 64cdc5d9c058421f86a927a38585db0a 1f755786a48d4d4ab0dfad4c8baccc73 - - a1d42b11def94b6da85a2b715b2d2bd9 a1d42b11def94b6da85a2b715b2d2bd9] 199.19.213.166 "GET /v2.0/networks/4ffd7bee-f668-49fb-a745-acf6708f841c?fields=segments HTTP/1.1" status: 200 len: 212 time: 0.1308362 /var/lib/openstack/lib/python3.12/site-packages/pycadf/identifier.py:71: UserWarning: Invalid uuid: neutron. To ensure interoperability, identifiers should be a valid uuid. warnings.warn(('Invalid uuid: %s. To ensure interoperability, '
2026-07-14 19:08:13.524 9 INFO neutron.api.wsgi [req-1814b153-2fa0-4fb2-8943-3e27dba8fc4c req-4ef98d02-133c-42f5-b67a-554df166a9bf 64cdc5d9c058421f86a927a38585db0a 1f755786a48d4d4ab0dfad4c8baccc73 - - a1d42b11def94b6da85a2b715b2d2bd9 a1d42b11def94b6da85a2b715b2d2bd9] 199.19.213.166 "GET /v2.0/networks/aa95abf4-a96e-4c3c-90e9-d6f14f6862d8?fields=segments HTTP/1.1" status: 200 len: 212 time: 0.1151094 /var/lib/openstack/lib/python3.12/site-packages/pycadf/identifier.py:71: UserWarning: Invalid uuid: neutron. To ensure interoperability, identifiers should be a valid uuid. warnings.warn(('Invalid uuid: %s. To ensure interoperability, '
2026-07-14 19:08:13.582 9 WARNING neutron.scheduler.dhcp_agent_scheduler [req-0eab7b79-334a-4336-9a86-4ba1352d15b2 req-03a2c8e0-221b-40ee-bfdd-be6f1ce544d4 e1d592620f8d4481911d80e476c617eb d515e23448dc49809554d77bac1fc7d2 - - default default] No more DHCP agents
2026-07-14 19:08:13.590 9 INFO neutron.api.wsgi [req-f4b3b848-3edf-4022-b10d-39a9c335442b req-3c9c9257-a0cc-45b1-b997-b2db5a8f1d5c 64cdc5d9c058421f86a927a38585db0a 1f755786a48d4d4ab0dfad4c8baccc73 - - a1d42b11def94b6da85a2b715b2d2bd9 a1d42b11def94b6da85a2b715b2d2bd9] 199.19.213.166 "GET /v2.0/networks/4ffd7bee-f668-49fb-a745-acf6708f841c?fields=provider%3Aphysical_network&fields=provider%3Anetwork_type HTTP/1.1" status: 200 len: 277 time: 0.1347442
2026-07-14 19:08:13.590 9 WARNING neutron.api.rpc.agentnotifiers.dhcp_rpc_agent_api [req-0eab7b79-334a-4336-9a86-4ba1352d15b2 req-03a2c8e0-221b-40ee-bfdd-be6f1ce544d4 e1d592620f8d4481911d80e476c617eb d515e23448dc49809554d77bac1fc7d2 - - default default] Unable to schedule network e904182d-0fb0-4ade-a236-58b7ca88f75a: no agents available; will retry on subsequent port and subnet creation events.
2026-07-14 19:08:13.625 9 INFO neutron.api.wsgi [req-1814b153-2fa0-4fb2-8943-3e27dba8fc4c req-c65bcc74-99e2-4cd8-b23e-7f7a61ba8abd 64cdc5d9c058421f86a927a38585db0a 1f755786a48d4d4ab0dfad4c8baccc73 - - a1d42b11def94b6da85a2b715b2d2bd9 a1d42b11def94b6da85a2b715b2d2bd9] 199.19.213.166 "GET /v2.0/networks/aa95abf4-a96e-4c3c-90e9-d6f14f6862d8?fields=provider%3Aphysical_network&fields=provider%3Anetwork_type HTTP/1.1" status: 200 len: 277 time: 0.0929577
2026-07-14 19:08:13.628 9 INFO neutron.db.ovn_revision_numbers_db [None req-ec8fb263-ce8e-4dd0-9897-45f4ded17172 d54ab789ab764360a301b092e529a1de 944992dde62c4080abe7a663032008a4 - - default default] Successfully bumped revision number for resource 43ac739d-5625-47e2-a78c-fa10d6dd76ab (type: ports) to 1
2026-07-14 19:08:13.753 9 INFO neutron.db.ovn_revision_numbers_db [req-0eab7b79-334a-4336-9a86-4ba1352d15b2 req-03a2c8e0-221b-40ee-bfdd-be6f1ce544d4 e1d592620f8d4481911d80e476c617eb d515e23448dc49809554d77bac1fc7d2 - - default default] Successfully bumped revision number for resource 76fcf6ef-698a-40f5-b1c5-b31f0170f933 (type: ports) to 1
2026-07-14 19:08:13.794 9 INFO neutron.api.wsgi [req-0eab7b79-334a-4336-9a86-4ba1352d15b2 req-03a2c8e0-221b-40ee-bfdd-be6f1ce544d4 e1d592620f8d4481911d80e476c617eb d515e23448dc49809554d77bac1fc7d2 - - default default] 199.19.213.166 "POST /v2.0/ports HTTP/1.1" status: 201 len: 1158 time: 0.9585676
2026-07-14 19:08:14.190 8 INFO neutron.api.wsgi [req-9fc2b381-f639-46ed-91ec-18ebf2bc40d8 req-7570bb9b-62c5-4b06-9b46-14932613ff89 ccecef04dec244498df16747d8cf3787 90e1805ffada4e57b28965245744cd29 - - default default] 10.0.0.241 "GET /v2.0/ports?device_id=e293c7fe-04fd-4e9f-a7e2-2bbf8da6508c HTTP/1.1" status: 200 len: 1168 time: 0.0290468
2026-07-14 19:08:14.219 8 INFO neutron.api.wsgi [req-9fc2b381-f639-46ed-91ec-18ebf2bc40d8 req-b1f94ab6-187f-42a6-95b3-c1ef9d1d6e7c ccecef04dec244498df16747d8cf3787 90e1805ffada4e57b28965245744cd29 - - default default] 10.0.0.241 "GET /v2.0/security-groups?id=be182afb-51ea-4d46-8f5c-2df8b766aa8f&fields=id&fields=name HTTP/1.1" status: 200 len: 311 time: 0.0253196 /var/lib/openstack/lib/python3.12/site-packages/pycadf/identifier.py:71: UserWarning: Invalid uuid: neutron. To ensure interoperability, identifiers should be a valid uuid. warnings.warn(('Invalid uuid: %s. To ensure interoperability, '
2026-07-14 19:08:14.305 9 INFO neutron.api.wsgi [req-b587a13f-a14a-4db1-8ce0-0d2b398ff88f req-c34d2e51-7587-43bd-b7a4-637d94fefc44 921ff8db4ba04499a8745da530589353 14afbf85b66647e6806bf5f36f9aa7a1 - - default default] 10.0.0.241 "GET /v2.0/ports?device_id=5d49ae50-7dbd-4cbc-9842-8d802fe19011 HTTP/1.1" status: 200 len: 1168 time: 0.0594203
2026-07-14 19:08:14.367 9 INFO neutron.api.wsgi [req-b587a13f-a14a-4db1-8ce0-0d2b398ff88f req-d160c144-9777-4db5-a899-1b39e66ffb10 921ff8db4ba04499a8745da530589353 14afbf85b66647e6806bf5f36f9aa7a1 - - default default] 10.0.0.241 "GET /v2.0/security-groups?id=54584840-7fda-4e21-ad13-bb451cd65b07&fields=id&fields=name HTTP/1.1" status: 200 len: 313 time: 0.0548623
2026-07-14 19:08:14.465 9 INFO neutron.plugins.ml2.drivers.ovn.mech_driver.mech_driver [None req-e729e1e8-ae36-4f68-9bce-7f6e9daea885 - - - - - -] OVN reports status up for port: 43ac739d-5625-47e2-a78c-fa10d6dd76ab
2026-07-14 19:08:14.477 9 INFO neutron.plugins.ml2.plugin [None req-e729e1e8-ae36-4f68-9bce-7f6e9daea885 - - - - - -] Attempt 1 to provision port 43ac739d-5625-47e2-a78c-fa10d6dd76ab
2026-07-14 19:08:14.482 8 INFO neutron.api.wsgi [req-e94e3334-58b3-426f-8a9a-aefdaa707eb5 req-1cab39a1-bca3-4ccd-97ab-ca2380c76360 e1d592620f8d4481911d80e476c617eb d515e23448dc49809554d77bac1fc7d2 - - default default] 10.0.0.241 "GET /v2.0/ports?device_id=4526f3a0-4657-4540-a9da-508a45e9772f HTTP/1.1" status: 200 len: 1168 time: 0.0651405
2026-07-14 19:08:14.496 9 INFO neutron.db.ovn_revision_numbers_db [req-0eab7b79-334a-4336-9a86-4ba1352d15b2 req-83faa13e-e4dc-4cdd-b115-3f355ecebfb3 64cdc5d9c058421f86a927a38585db0a 1f755786a48d4d4ab0dfad4c8baccc73 - - a1d42b11def94b6da85a2b715b2d2bd9 a1d42b11def94b6da85a2b715b2d2bd9] Successfully bumped revision number for resource 76fcf6ef-698a-40f5-b1c5-b31f0170f933 (type: ports) to 2
2026-07-14 19:08:14.524 9 INFO neutron.db.ovn_revision_numbers_db [None req-ec8fb263-ce8e-4dd0-9897-45f4ded17172 d54ab789ab764360a301b092e529a1de 944992dde62c4080abe7a663032008a4 - - default default] Successfully bumped revision number for resource 43ac739d-5625-47e2-a78c-fa10d6dd76ab (type: ports) to 1
2026-07-14 19:08:14.524 8 INFO neutron.api.wsgi [req-e94e3334-58b3-426f-8a9a-aefdaa707eb5 req-242ca831-2866-480f-a8ce-3b3563d581b9 e1d592620f8d4481911d80e476c617eb d515e23448dc49809554d77bac1fc7d2 - - default default] 10.0.0.241 "GET /v2.0/security-groups?id=f00b4c07-817b-45c4-a81c-1d02d8bcd59b&fields=id&fields=name HTTP/1.1" status: 200 len: 313 time: 0.0389366
2026-07-14 19:08:14.639 9 WARNING neutron.scheduler.dhcp_agent_scheduler [None req-ec8fb263-ce8e-4dd0-9897-45f4ded17172 d54ab789ab764360a301b092e529a1de 944992dde62c4080abe7a663032008a4 - - default default] No more DHCP agents
2026-07-14 19:08:14.643 9 WARNING neutron.api.rpc.agentnotifiers.dhcp_rpc_agent_api [None req-ec8fb263-ce8e-4dd0-9897-45f4ded17172 d54ab789ab764360a301b092e529a1de 944992dde62c4080abe7a663032008a4 - - default default] Unable to schedule network 41ae1584-c999-4519-86be-610d2d297d39: no agents available; will retry on subsequent port and subnet creation events. /var/lib/openstack/lib/python3.12/site-packages/pycadf/identifier.py:71: UserWarning: Invalid uuid: neutron. To ensure interoperability, identifiers should be a valid uuid. warnings.warn(('Invalid uuid: %s. To ensure interoperability, '
2026-07-14 19:08:14.850 9 INFO neutron.api.wsgi [req-df5ea2d0-0cc6-43bc-b65a-9bebbea668d2 req-f02c8588-39cd-47f2-ad38-4dcd0832d74f 64cdc5d9c058421f86a927a38585db0a 1f755786a48d4d4ab0dfad4c8baccc73 - - a1d42b11def94b6da85a2b715b2d2bd9 a1d42b11def94b6da85a2b715b2d2bd9] 199.19.213.166 "GET /v2.0/ports?tenant_id=90e1805ffada4e57b28965245744cd29&device_id=e293c7fe-04fd-4e9f-a7e2-2bbf8da6508c HTTP/1.1" status: 200 len: 1407 time: 0.0653963
2026-07-14 19:08:14.983 9 INFO neutron.api.wsgi [req-df5ea2d0-0cc6-43bc-b65a-9bebbea668d2 req-48b17698-104a-4419-a78f-82859675fff2 64cdc5d9c058421f86a927a38585db0a 1f755786a48d4d4ab0dfad4c8baccc73 - - a1d42b11def94b6da85a2b715b2d2bd9 a1d42b11def94b6da85a2b715b2d2bd9] 199.19.213.166 "GET /v2.0/networks?id=aa95abf4-a96e-4c3c-90e9-d6f14f6862d8 HTTP/1.1" status: 200 len: 977 time: 0.1256602
2026-07-14 19:08:15.025 9 INFO neutron.api.wsgi [req-df5ea2d0-0cc6-43bc-b65a-9bebbea668d2 req-51eac4d0-1aa0-4aac-9ddc-ec02ad1ad75b 64cdc5d9c058421f86a927a38585db0a 1f755786a48d4d4ab0dfad4c8baccc73 - - a1d42b11def94b6da85a2b715b2d2bd9 a1d42b11def94b6da85a2b715b2d2bd9] 199.19.213.166 "GET /v2.0/floatingips?fixed_ip_address=10.100.0.4&port_id=2a8af75d-f347-4e83-9c01-1314d68546c7 HTTP/1.1" status: 200 len: 217 time: 0.0337851
2026-07-14 19:08:15.031 9 INFO neutron.db.ovn_revision_numbers_db [req-0eab7b79-334a-4336-9a86-4ba1352d15b2 req-83faa13e-e4dc-4cdd-b115-3f355ecebfb3 64cdc5d9c058421f86a927a38585db0a 1f755786a48d4d4ab0dfad4c8baccc73 - - a1d42b11def94b6da85a2b715b2d2bd9 a1d42b11def94b6da85a2b715b2d2bd9] Successfully bumped revision number for resource 76fcf6ef-698a-40f5-b1c5-b31f0170f933 (type: ports) to 4
2026-07-14 19:08:15.074 9 INFO neutron.api.wsgi [req-0eab7b79-334a-4336-9a86-4ba1352d15b2 req-83faa13e-e4dc-4cdd-b115-3f355ecebfb3 64cdc5d9c058421f86a927a38585db0a 1f755786a48d4d4ab0dfad4c8baccc73 - - a1d42b11def94b6da85a2b715b2d2bd9 a1d42b11def94b6da85a2b715b2d2bd9] 199.19.213.166 "PUT /v2.0/ports/76fcf6ef-698a-40f5-b1c5-b31f0170f933 HTTP/1.1" status: 200 len: 1404 time: 1.2706041
2026-07-14 19:08:15.082 9 INFO neutron.api.wsgi [req-df5ea2d0-0cc6-43bc-b65a-9bebbea668d2 req-0b3737cd-8cc7-4681-a058-5688cc351427 64cdc5d9c058421f86a927a38585db0a 1f755786a48d4d4ab0dfad4c8baccc73 - - a1d42b11def94b6da85a2b715b2d2bd9 a1d42b11def94b6da85a2b715b2d2bd9] 199.19.213.166 "GET /v2.0/subnets?id=778d2963-b05c-48f6-afdf-0a203b3d8112 HTTP/1.1" status: 200 len: 896 time: 0.0495782
2026-07-14 19:08:15.108 9 INFO neutron.api.wsgi [req-df5ea2d0-0cc6-43bc-b65a-9bebbea668d2 req-864e668b-e9f9-4556-80de-83303353d6d3 64cdc5d9c058421f86a927a38585db0a 1f755786a48d4d4ab0dfad4c8baccc73 - - a1d42b11def94b6da85a2b715b2d2bd9 a1d42b11def94b6da85a2b715b2d2bd9] 199.19.213.166 "GET /v2.0/ports?network_id=aa95abf4-a96e-4c3c-90e9-d6f14f6862d8&device_owner=network%3Adhcp HTTP/1.1" status: 200 len: 210 time: 0.0175648
2026-07-14 19:08:15.196 9 INFO neutron.api.wsgi [req-df5ea2d0-0cc6-43bc-b65a-9bebbea668d2 req-83c04984-1836-4773-b8df-f9d0c1bc6976 64cdc5d9c058421f86a927a38585db0a 1f755786a48d4d4ab0dfad4c8baccc73 - - a1d42b11def94b6da85a2b715b2d2bd9 a1d42b11def94b6da85a2b715b2d2bd9] 199.19.213.166 "GET /v2.0/networks/aa95abf4-a96e-4c3c-90e9-d6f14f6862d8?fields=segments HTTP/1.1" status: 200 len: 212 time: 0.0747924
2026-07-14 19:08:15.235 9 INFO neutron.notifiers.nova [-] Nova event matching ['req-e3aed1ac-9c8f-4291-a93f-edaca65ee9b3'] response: {'name': 'network-changed', 'server_uuid': '4526f3a0-4657-4540-a9da-508a45e9772f', 'tag': '76fcf6ef-698a-40f5-b1c5-b31f0170f933', 'status': 'completed', 'code': 200}
2026-07-14 19:08:15.295 9 INFO neutron.api.wsgi [req-df5ea2d0-0cc6-43bc-b65a-9bebbea668d2 req-4c2bfc77-59c0-4ee5-a352-34e1844fe373 64cdc5d9c058421f86a927a38585db0a 1f755786a48d4d4ab0dfad4c8baccc73 - - a1d42b11def94b6da85a2b715b2d2bd9 a1d42b11def94b6da85a2b715b2d2bd9] 199.19.213.166 "GET /v2.0/networks/aa95abf4-a96e-4c3c-90e9-d6f14f6862d8?fields=provider%3Aphysical_network&fields=provider%3Anetwork_type HTTP/1.1" status: 200 len: 277 time: 0.0931549
2026-07-14 19:08:15.297 9 INFO neutron.db.ovn_revision_numbers_db [None req-e729e1e8-ae36-4f68-9bce-7f6e9daea885 - - - - - -] Successfully bumped revision number for resource 43ac739d-5625-47e2-a78c-fa10d6dd76ab (type: ports) to 2
2026-07-14 19:08:15.338 8 INFO neutron.api.wsgi [req-cc83eef6-0c15-4484-896d-836556545f9a req-d9c36ac3-bc07-4166-9749-a3fb36891390 ccecef04dec244498df16747d8cf3787 90e1805ffada4e57b28965245744cd29 - - default default] 10.0.0.241 "GET /v2.0/ports?device_id=e293c7fe-04fd-4e9f-a7e2-2bbf8da6508c HTTP/1.1" status: 200 len: 1168 time: 0.0524094
2026-07-14 19:08:15.395 8 INFO neutron.api.wsgi [None req-f7a414e1-cfe4-490d-8316-7415d9134294 d54ab789ab764360a301b092e529a1de 944992dde62c4080abe7a663032008a4 - - default default] 10.0.0.253 "GET /v2.0/networks HTTP/1.1" status: 200 len: 5397 time: 0.1981568
2026-07-14 19:08:15.417 8 INFO neutron.api.wsgi [req-cc83eef6-0c15-4484-896d-836556545f9a req-85ca5d5b-cd88-44e2-8e7a-881ff5f5b932 ccecef04dec244498df16747d8cf3787 90e1805ffada4e57b28965245744cd29 - - default default] 10.0.0.241 "GET /v2.0/security-groups?id=be182afb-51ea-4d46-8f5c-2df8b766aa8f&fields=id&fields=name HTTP/1.1" status: 200 len: 311 time: 0.0745640
2026-07-14 19:08:15.487 9 INFO neutron.api.wsgi [req-3dce378f-c0d0-4935-8ff0-577bb5e54a48 req-e411daba-a61b-4403-afc4-784a4f6a707f 921ff8db4ba04499a8745da530589353 14afbf85b66647e6806bf5f36f9aa7a1 - - default default] 10.0.0.241 "GET /v2.0/ports?device_id=5d49ae50-7dbd-4cbc-9842-8d802fe19011 HTTP/1.1" status: 200 len: 1168 time: 0.0527077
2026-07-14 19:08:15.512 8 INFO neutron.api.wsgi [None req-48c9283f-f562-4755-ad7b-8fc69bd68afd d54ab789ab764360a301b092e529a1de 944992dde62c4080abe7a663032008a4 - - default default] 10.0.0.253 "GET /v2.0/ports HTTP/1.1" status: 200 len: 24822 time: 0.1134925
2026-07-14 19:08:15.546 8 INFO neutron.api.wsgi [None req-e1985666-2c83-40e8-bfe2-6b03f8a3e50e d54ab789ab764360a301b092e529a1de 944992dde62c4080abe7a663032008a4 - - default default] 10.0.0.253 "GET /v2.0/agents HTTP/1.1" status: 200 len: 1390 time: 0.0189562
2026-07-14 19:08:15.568 8 INFO neutron.api.wsgi [None req-8be3811c-fa74-4703-a9b7-69551d8dbc4b d54ab789ab764360a301b092e529a1de 944992dde62c4080abe7a663032008a4 - - default default] 10.0.0.253 "GET /v2.0/network-ip-availabilities HTTP/1.1" status: 200 len: 3200 time: 0.0199008
2026-07-14 19:08:15.571 9 INFO neutron.api.wsgi [req-3dce378f-c0d0-4935-8ff0-577bb5e54a48 req-b9ac5a3b-74fc-4256-ba20-7337599d85c0 921ff8db4ba04499a8745da530589353 14afbf85b66647e6806bf5f36f9aa7a1 - - default default] 10.0.0.241 "GET /v2.0/security-groups?id=54584840-7fda-4e21-ad13-bb451cd65b07&fields=id&fields=name HTTP/1.1" status: 200 len: 313 time: 0.0789154
2026-07-14 19:08:15.608 8 INFO neutron.api.wsgi [None req-0a1ba2b2-1bb8-4297-9ad2-4848acbbfc9c d54ab789ab764360a301b092e529a1de 944992dde62c4080abe7a663032008a4 - - default default] 10.0.0.253 "GET /v2.0/floatingips HTTP/1.1" status: 200 len: 1807 time: 0.0389810
2026-07-14 19:08:15.675 8 INFO neutron.api.wsgi [req-22788014-fcd0-4f2e-ad6f-698f04de31c3 req-626933e1-ace7-4229-8d81-4b33ca06382b e1d592620f8d4481911d80e476c617eb d515e23448dc49809554d77bac1fc7d2 - - default default] 10.0.0.241 "GET /v2.0/ports?device_id=4526f3a0-4657-4540-a9da-508a45e9772f HTTP/1.1" status: 200 len: 1168 time: 0.0575032
2026-07-14 19:08:15.689 8 INFO neutron.api.wsgi [None req-3f28151a-1271-4440-9174-1e748a77913d d54ab789ab764360a301b092e529a1de 944992dde62c4080abe7a663032008a4 - - default default] 10.0.0.253 "GET /v2.0/security-groups HTTP/1.1" status: 200 len: 37776 time: 0.0782349
2026-07-14 19:08:15.760 8 INFO neutron.api.wsgi [req-22788014-fcd0-4f2e-ad6f-698f04de31c3 req-627309dd-867e-41a0-8691-9999a5c87a97 e1d592620f8d4481911d80e476c617eb d515e23448dc49809554d77bac1fc7d2 - - default default] 10.0.0.241 "GET /v2.0/security-groups?id=f00b4c07-817b-45c4-a81c-1d02d8bcd59b&fields=id&fields=name HTTP/1.1" status: 200 len: 313 time: 0.0711541
2026-07-14 19:08:15.779 8 INFO neutron.api.wsgi [None req-4065159b-8834-4142-8bef-a153ec6be67d d54ab789ab764360a301b092e529a1de 944992dde62c4080abe7a663032008a4 - - default default] 10.0.0.253 "GET /v2.0/routers HTTP/1.1" status: 200 len: 4053 time: 0.0786180
2026-07-14 19:08:15.804 8 INFO neutron.api.wsgi [None req-eb6aeb9c-fe79-48f4-ae0e-7619a59d2de3 d54ab789ab764360a301b092e529a1de 944992dde62c4080abe7a663032008a4 - - default default] 10.0.0.253 "GET /v2.0/agents?binary=ovn-controller HTTP/1.1" status: 200 len: 591 time: 0.0231752
2026-07-14 19:08:15.813 9 INFO neutron.api.wsgi [req-e8ae0fd6-fce0-45a9-8172-ca7236d699f2 req-6b3274b3-eb5d-462e-a9ec-78b77862eb64 64cdc5d9c058421f86a927a38585db0a 1f755786a48d4d4ab0dfad4c8baccc73 - - a1d42b11def94b6da85a2b715b2d2bd9 a1d42b11def94b6da85a2b715b2d2bd9] 199.19.213.166 "GET /v2.0/ports?tenant_id=d515e23448dc49809554d77bac1fc7d2&device_id=4526f3a0-4657-4540-a9da-508a45e9772f HTTP/1.1" status: 200 len: 1407 time: 0.0382807
2026-07-14 19:08:15.837 8 INFO neutron.api.wsgi [None req-59816f32-25bf-421b-a4ec-b972da4e94b2 d54ab789ab764360a301b092e529a1de 944992dde62c4080abe7a663032008a4 - - default default] 10.0.0.253 "GET /v2.0/subnets HTTP/1.1" status: 200 len: 4212 time: 0.0312502
2026-07-14 19:08:15.873 9 INFO neutron.api.wsgi [req-e8ae0fd6-fce0-45a9-8172-ca7236d699f2 req-c7ec1e52-6e15-48fc-ae64-a256ba2fb872 64cdc5d9c058421f86a927a38585db0a 1f755786a48d4d4ab0dfad4c8baccc73 - - a1d42b11def94b6da85a2b715b2d2bd9 a1d42b11def94b6da85a2b715b2d2bd9] 199.19.213.166 "GET /v2.0/networks?tenant_id=d515e23448dc49809554d77bac1fc7d2&shared=False HTTP/1.1" status: 200 len: 967 time: 0.0554605
2026-07-14 19:08:15.875 8 INFO neutron.api.wsgi [None req-59ce8a69-a3fd-4f8c-acdf-d9d7a155e1ae d54ab789ab764360a301b092e529a1de 944992dde62c4080abe7a663032008a4 - - default default] 10.0.0.253 "GET /v2.0/subnets HTTP/1.1" status: 200 len: 4212 time: 0.0365541
2026-07-14 19:08:15.883 8 INFO neutron.api.wsgi [None req-371b046d-665f-40db-99d4-f33e5d1b67f6 d54ab789ab764360a301b092e529a1de 944992dde62c4080abe7a663032008a4 - - default default] 10.0.0.253 "GET /v2.0/subnetpools HTTP/1.1" status: 200 len: 193 time: 0.0056684
2026-07-14 19:08:15.936 9 INFO neutron.api.wsgi [req-e8ae0fd6-fce0-45a9-8172-ca7236d699f2 req-91ce3663-1fbb-4c02-9a4d-928ec00b7361 64cdc5d9c058421f86a927a38585db0a 1f755786a48d4d4ab0dfad4c8baccc73 - - a1d42b11def94b6da85a2b715b2d2bd9 a1d42b11def94b6da85a2b715b2d2bd9] 199.19.213.166 "GET /v2.0/networks?shared=True HTTP/1.1" status: 200 len: 952 time: 0.0575645
2026-07-14 19:08:16.127 9 INFO neutron.db.ovn_revision_numbers_db [None req-ec8fb263-ce8e-4dd0-9897-45f4ded17172 d54ab789ab764360a301b092e529a1de 944992dde62c4080abe7a663032008a4 - - default default] Successfully bumped revision number for resource 43ac739d-5625-47e2-a78c-fa10d6dd76ab (type: router_ports) to 1
2026-07-14 19:08:16.133 9 INFO neutron.api.wsgi [None req-ec8fb263-ce8e-4dd0-9897-45f4ded17172 d54ab789ab764360a301b092e529a1de 944992dde62c4080abe7a663032008a4 - - default default] 10.0.0.106 "PUT /v2.0/routers/e7d4e558-8a8b-4557-95f2-da66a85a3351/add_router_interface HTTP/1.1" status: 200 len: 503 time: 3.8576474
2026-07-14 19:08:16.543 9 INFO neutron.api.wsgi [req-1157f791-5165-4fa9-9bb8-d743f0fd085a req-006202d8-442b-4830-aea4-934706ef7184 ccecef04dec244498df16747d8cf3787 90e1805ffada4e57b28965245744cd29 - - default default] 10.0.0.241 "GET /v2.0/ports?device_id=e293c7fe-04fd-4e9f-a7e2-2bbf8da6508c HTTP/1.1" status: 200 len: 1168 time: 0.0417206
2026-07-14 19:08:16.582 9 INFO neutron.api.wsgi [req-1157f791-5165-4fa9-9bb8-d743f0fd085a req-5694c154-09ca-4ca7-af59-c52900a0e76e ccecef04dec244498df16747d8cf3787 90e1805ffada4e57b28965245744cd29 - - default default] 10.0.0.241 "GET /v2.0/security-groups?id=be182afb-51ea-4d46-8f5c-2df8b766aa8f&fields=id&fields=name HTTP/1.1" status: 200 len: 311 time: 0.0351975
2026-07-14 19:08:16.606 8 WARNING neutron_lib.context [req-56a90f77-068e-4e07-b3bb-adf7c0fe62dd req-59bcba7b-186a-421b-946a-e19f391868e9 44d02313bfd84ddaa019b339584359e0 bf853584f3a94ca3b4ce874fccdba548 - - default default] Method 'is_advsvc' is deprecated since 2023.2 release (neutron-lib 3.8.0) and will be removed once support for the old RBAC API policies will be removed from Neutron. Please use method 'is_service_role' instead.
2026-07-14 19:08:16.714 9 INFO neutron.api.wsgi [req-60085c89-1d6f-4280-bd9d-6452d84ffa74 req-8ab88b64-3825-41e7-9cea-4db527d8a855 921ff8db4ba04499a8745da530589353 14afbf85b66647e6806bf5f36f9aa7a1 - - default default] 10.0.0.241 "GET /v2.0/ports?device_id=5d49ae50-7dbd-4cbc-9842-8d802fe19011 HTTP/1.1" status: 200 len: 1168 time: 0.0811734
2026-07-14 19:08:16.723 8 INFO neutron.db.ovn_revision_numbers_db [req-56a90f77-068e-4e07-b3bb-adf7c0fe62dd req-59bcba7b-186a-421b-946a-e19f391868e9 44d02313bfd84ddaa019b339584359e0 bf853584f3a94ca3b4ce874fccdba548 - - default default] Successfully bumped revision number for resource e3c39eeb-dfee-40a0-bfd3-8ad0e30222c9 (type: security_groups) to 1
2026-07-14 19:08:16.736 8 INFO neutron.db.ovn_revision_numbers_db [req-56a90f77-068e-4e07-b3bb-adf7c0fe62dd req-59bcba7b-186a-421b-946a-e19f391868e9 44d02313bfd84ddaa019b339584359e0 bf853584f3a94ca3b4ce874fccdba548 - - default default] Successfully bumped revision number for resource 4bf8797e-72c1-4f37-9ca4-bf3920003075 (type: security_group_rules) to 0
2026-07-14 19:08:16.748 8 INFO neutron.db.ovn_revision_numbers_db [req-56a90f77-068e-4e07-b3bb-adf7c0fe62dd req-59bcba7b-186a-421b-946a-e19f391868e9 44d02313bfd84ddaa019b339584359e0 bf853584f3a94ca3b4ce874fccdba548 - - default default] Successfully bumped revision number for resource e4c417f2-fdbb-4dc4-b44f-3d476659ca11 (type: security_group_rules) to 0
2026-07-14 19:08:16.749 9 INFO neutron.api.wsgi [req-60085c89-1d6f-4280-bd9d-6452d84ffa74 req-7f9a050d-3949-42ff-b35c-2491b9be8549 921ff8db4ba04499a8745da530589353 14afbf85b66647e6806bf5f36f9aa7a1 - - default default] 10.0.0.241 "GET /v2.0/security-groups?id=54584840-7fda-4e21-ad13-bb451cd65b07&fields=id&fields=name HTTP/1.1" status: 200 len: 313 time: 0.0300970
2026-07-14 19:08:16.785 8 INFO neutron.api.wsgi [req-56a90f77-068e-4e07-b3bb-adf7c0fe62dd req-59bcba7b-186a-421b-946a-e19f391868e9 44d02313bfd84ddaa019b339584359e0 bf853584f3a94ca3b4ce874fccdba548 - - default default] 10.0.0.241 "POST /v2.0/security-groups HTTP/1.1" status: 201 len: 1887 time: 0.1842680
2026-07-14 19:08:16.814 8 WARNING neutron_lib.context [req-b16127b4-7fe8-485f-a5b4-f26bf25e6e6e req-cf1716aa-5755-45f6-9f9b-29489991ed48 44d02313bfd84ddaa019b339584359e0 bf853584f3a94ca3b4ce874fccdba548 - - default default] Method 'is_advsvc' is deprecated since 2023.2 release (neutron-lib 3.8.0) and will be removed once support for the old RBAC API policies will be removed from Neutron. Please use method 'is_service_role' instead.
2026-07-14 19:08:16.895 9 INFO neutron.api.wsgi [req-a4e4fac7-399c-471e-b6e2-4e5db551c418 req-6867dde9-07fd-4df8-8f72-a0f9b04b0b8d e1d592620f8d4481911d80e476c617eb d515e23448dc49809554d77bac1fc7d2 - - default default] 10.0.0.241 "GET /v2.0/ports?device_id=4526f3a0-4657-4540-a9da-508a45e9772f HTTP/1.1" status: 200 len: 1168 time: 0.0761821
2026-07-14 19:08:16.936 8 INFO neutron.db.ovn_revision_numbers_db [req-b16127b4-7fe8-485f-a5b4-f26bf25e6e6e req-cf1716aa-5755-45f6-9f9b-29489991ed48 44d02313bfd84ddaa019b339584359e0 bf853584f3a94ca3b4ce874fccdba548 - - default default] Successfully bumped revision number for resource 2fff0501-49e8-41d3-99e5-9171ecb04def (type: security_groups) to 1
2026-07-14 19:08:16.940 9 INFO neutron.api.wsgi [req-a4e4fac7-399c-471e-b6e2-4e5db551c418 req-9a8f8523-223c-424c-9cbe-4b921ceccf11 e1d592620f8d4481911d80e476c617eb d515e23448dc49809554d77bac1fc7d2 - - default default] 10.0.0.241 "GET /v2.0/security-groups?id=f00b4c07-817b-45c4-a81c-1d02d8bcd59b&fields=id&fields=name HTTP/1.1" status: 200 len: 313 time: 0.0383978
2026-07-14 19:08:16.951 8 INFO neutron.db.ovn_revision_numbers_db [req-b16127b4-7fe8-485f-a5b4-f26bf25e6e6e req-cf1716aa-5755-45f6-9f9b-29489991ed48 44d02313bfd84ddaa019b339584359e0 bf853584f3a94ca3b4ce874fccdba548 - - default default] Successfully bumped revision number for resource 56f0981a-51bb-43f7-be2c-350f06e424bd (type: security_group_rules) to 0
2026-07-14 19:08:16.966 8 INFO neutron.db.ovn_revision_numbers_db [req-b16127b4-7fe8-485f-a5b4-f26bf25e6e6e req-cf1716aa-5755-45f6-9f9b-29489991ed48 44d02313bfd84ddaa019b339584359e0 bf853584f3a94ca3b4ce874fccdba548 - - default default] Successfully bumped revision number for resource 5778ab54-1049-44e9-bd9b-e2cdf21121e4 (type: security_group_rules) to 0
2026-07-14 19:08:16.981 9 INFO neutron.api.wsgi [req-0eab7b79-334a-4336-9a86-4ba1352d15b2 req-be05ac3c-8e32-43c8-a55a-dcdda2193ab6 64cdc5d9c058421f86a927a38585db0a 1f755786a48d4d4ab0dfad4c8baccc73 - - a1d42b11def94b6da85a2b715b2d2bd9 a1d42b11def94b6da85a2b715b2d2bd9] 199.19.213.166 "GET /v2.0/ports?tenant_id=d515e23448dc49809554d77bac1fc7d2&device_id=4526f3a0-4657-4540-a9da-508a45e9772f HTTP/1.1" status: 200 len: 1407 time: 0.0327666
2026-07-14 19:08:17.000 8 INFO neutron.api.wsgi [req-b16127b4-7fe8-485f-a5b4-f26bf25e6e6e req-cf1716aa-5755-45f6-9f9b-29489991ed48 44d02313bfd84ddaa019b339584359e0 bf853584f3a94ca3b4ce874fccdba548 - - default default] 10.0.0.241 "POST /v2.0/security-groups HTTP/1.1" status: 201 len: 1885 time: 0.1906114
2026-07-14 19:08:17.006 9 INFO neutron.api.wsgi [req-0eab7b79-334a-4336-9a86-4ba1352d15b2 req-4bb0f96a-b6b5-45ab-9bf5-b5c2400ad2dc 64cdc5d9c058421f86a927a38585db0a 1f755786a48d4d4ab0dfad4c8baccc73 - - a1d42b11def94b6da85a2b715b2d2bd9 a1d42b11def94b6da85a2b715b2d2bd9] 199.19.213.166 "GET /v2.0/floatingips?fixed_ip_address=10.100.0.7&port_id=76fcf6ef-698a-40f5-b1c5-b31f0170f933 HTTP/1.1" status: 200 len: 217 time: 0.0188994
2026-07-14 19:08:17.030 9 WARNING neutron_lib.context [req-24cc68f1-10c7-4e4a-bc1a-b3ca2b5a4d63 req-0cc85f21-f1f2-425c-85c6-02d98167ecb1 44d02313bfd84ddaa019b339584359e0 bf853584f3a94ca3b4ce874fccdba548 - - default default] Method 'is_advsvc' is deprecated since 2023.2 release (neutron-lib 3.8.0) and will be removed once support for the old RBAC API policies will be removed from Neutron. Please use method 'is_service_role' instead.
2026-07-14 19:08:17.043 9 INFO neutron.api.wsgi [req-0eab7b79-334a-4336-9a86-4ba1352d15b2 req-ba78e3c7-f336-4d18-8fcb-c8bdc3fedc1b 64cdc5d9c058421f86a927a38585db0a 1f755786a48d4d4ab0dfad4c8baccc73 - - a1d42b11def94b6da85a2b715b2d2bd9 a1d42b11def94b6da85a2b715b2d2bd9] 199.19.213.166 "GET /v2.0/subnets?id=60228116-d6bd-4a95-bb77-3fd24be420ad HTTP/1.1" status: 200 len: 886 time: 0.0333090
2026-07-14 19:08:17.079 9 INFO neutron.api.wsgi [req-0eab7b79-334a-4336-9a86-4ba1352d15b2 req-888b2170-aba6-4dcc-b832-6a18aeb74007 64cdc5d9c058421f86a927a38585db0a 1f755786a48d4d4ab0dfad4c8baccc73 - - a1d42b11def94b6da85a2b715b2d2bd9 a1d42b11def94b6da85a2b715b2d2bd9] 199.19.213.166 "GET /v2.0/ports?network_id=e904182d-0fb0-4ade-a236-58b7ca88f75a&device_owner=network%3Adhcp HTTP/1.1" status: 200 len: 210 time: 0.0206666
2026-07-14 19:08:17.133 9 INFO neutron.api.wsgi [req-0eab7b79-334a-4336-9a86-4ba1352d15b2 req-97a32810-26c7-4d76-9312-7edaf917e599 64cdc5d9c058421f86a927a38585db0a 1f755786a48d4d4ab0dfad4c8baccc73 - - a1d42b11def94b6da85a2b715b2d2bd9 a1d42b11def94b6da85a2b715b2d2bd9] 199.19.213.166 "GET /v2.0/networks/e904182d-0fb0-4ade-a236-58b7ca88f75a?fields=segments HTTP/1.1" status: 200 len: 212 time: 0.0480554
2026-07-14 19:08:17.172 9 INFO neutron.db.ovn_revision_numbers_db [req-24cc68f1-10c7-4e4a-bc1a-b3ca2b5a4d63 req-0cc85f21-f1f2-425c-85c6-02d98167ecb1 44d02313bfd84ddaa019b339584359e0 bf853584f3a94ca3b4ce874fccdba548 - - default default] Successfully bumped revision number for resource 12cce1fc-82e0-42fe-8596-2febaf899231 (type: security_groups) to 1
2026-07-14 19:08:17.186 9 INFO neutron.api.wsgi [req-0eab7b79-334a-4336-9a86-4ba1352d15b2 req-bd87827c-4db3-4ecc-a978-4280e1866ffb 64cdc5d9c058421f86a927a38585db0a 1f755786a48d4d4ab0dfad4c8baccc73 - - a1d42b11def94b6da85a2b715b2d2bd9 a1d42b11def94b6da85a2b715b2d2bd9] 199.19.213.166 "GET /v2.0/networks/e904182d-0fb0-4ade-a236-58b7ca88f75a?fields=provider%3Aphysical_network&fields=provider%3Anetwork_type HTTP/1.1" status: 200 len: 277 time: 0.0469615
2026-07-14 19:08:17.191 9 INFO neutron.db.ovn_revision_numbers_db [req-24cc68f1-10c7-4e4a-bc1a-b3ca2b5a4d63 req-0cc85f21-f1f2-425c-85c6-02d98167ecb1 44d02313bfd84ddaa019b339584359e0 bf853584f3a94ca3b4ce874fccdba548 - - default default] Successfully bumped revision number for resource 7969e122-026c-4178-8dc1-1b964873e904 (type: security_group_rules) to 0
2026-07-14 19:08:17.204 9 INFO neutron.db.ovn_revision_numbers_db [req-24cc68f1-10c7-4e4a-bc1a-b3ca2b5a4d63 req-0cc85f21-f1f2-425c-85c6-02d98167ecb1 44d02313bfd84ddaa019b339584359e0 bf853584f3a94ca3b4ce874fccdba548 - - default default] Successfully bumped revision number for resource 96bc1086-19d0-41f7-863d-71cc16af8f41 (type: security_group_rules) to 0
2026-07-14 19:08:17.235 9 INFO neutron.api.wsgi [req-24cc68f1-10c7-4e4a-bc1a-b3ca2b5a4d63 req-0cc85f21-f1f2-425c-85c6-02d98167ecb1 44d02313bfd84ddaa019b339584359e0 bf853584f3a94ca3b4ce874fccdba548 - - default default] 10.0.0.241 "POST /v2.0/security-groups HTTP/1.1" status: 201 len: 1885 time: 0.2119670
2026-07-14 19:08:17.310 8 INFO neutron.api.wsgi [req-15884391-2a28-4208-890e-28e0f6dc5359 req-353083f2-6846-4b88-9704-ef282cdde2c2 44d02313bfd84ddaa019b339584359e0 bf853584f3a94ca3b4ce874fccdba548 - - default default] 10.0.0.241 "GET /v2.0/security-groups?tenant_id=bf853584f3a94ca3b4ce874fccdba548 HTTP/1.1" status: 200 len: 8107 time: 0.0467002
2026-07-14 19:08:17.347 8 INFO neutron.api.wsgi [req-15884391-2a28-4208-890e-28e0f6dc5359 req-58fd3152-84ec-4e3e-b70c-0e9113cb7392 44d02313bfd84ddaa019b339584359e0 bf853584f3a94ca3b4ce874fccdba548 - - default default] 10.0.0.241 "GET /v2.0/security-groups/a8de426f-0e2e-4fa0-bd98-705cba5fee7c HTTP/1.1" status: 200 len: 3122 time: 0.0301261
2026-07-14 19:08:17.398 8 INFO neutron.api.wsgi [req-15884391-2a28-4208-890e-28e0f6dc5359 req-4a770237-2aba-4f0a-9284-ebf17fb2cf51 44d02313bfd84ddaa019b339584359e0 bf853584f3a94ca3b4ce874fccdba548 - - default default] 10.0.0.241 "GET /v2.0/security-groups/a8de426f-0e2e-4fa0-bd98-705cba5fee7c HTTP/1.1" status: 200 len: 3122 time: 0.0378208
2026-07-14 19:08:17.446 9 INFO neutron.api.wsgi [req-6155d430-6969-43f0-81fa-8ff64f515e70 req-afff2175-eb47-4118-b3ec-195884e7931e 44d02313bfd84ddaa019b339584359e0 bf853584f3a94ca3b4ce874fccdba548 - - default default] 10.0.0.241 "GET /v2.0/security-groups/e3c39eeb-dfee-40a0-bfd3-8ad0e30222c9 HTTP/1.1" status: 200 len: 1882 time: 0.0246799
2026-07-14 19:08:17.578 9 INFO neutron.api.wsgi [req-6155d430-6969-43f0-81fa-8ff64f515e70 req-6561875a-e410-44e9-abab-7ddeb662128e 44d02313bfd84ddaa019b339584359e0 bf853584f3a94ca3b4ce874fccdba548 - - default default] 10.0.0.241 "DELETE /v2.0/security-groups/e3c39eeb-dfee-40a0-bfd3-8ad0e30222c9 HTTP/1.1" status: 204 len: 173 time: 0.1264889
2026-07-14 19:08:17.623 8 INFO neutron.api.v2.resource [req-d162638f-80f3-4938-a8e5-69c8731b83e6 req-f09afa04-73f6-45f4-bf9d-9cb2d5a5bd91 44d02313bfd84ddaa019b339584359e0 bf853584f3a94ca3b4ce874fccdba548 - - default default] show failed (client error): The resource could not be found.
2026-07-14 19:08:17.624 8 INFO neutron.api.wsgi [req-d162638f-80f3-4938-a8e5-69c8731b83e6 req-f09afa04-73f6-45f4-bf9d-9cb2d5a5bd91 44d02313bfd84ddaa019b339584359e0 bf853584f3a94ca3b4ce874fccdba548 - - default default] 10.0.0.241 "GET /v2.0/security-groups/e3c39eeb-dfee-40a0-bfd3-8ad0e30222c9 HTTP/1.1" status: 404 len: 352 time: 0.0212567
2026-07-14 19:08:17.672 8 INFO neutron.api.wsgi [req-e3cc8976-aa0e-4524-8549-f6674a5884cd req-435c054a-8989-4ba7-ba60-561aed9fe28d 44d02313bfd84ddaa019b339584359e0 bf853584f3a94ca3b4ce874fccdba548 - - default default] 10.0.0.241 "GET /v2.0/security-groups/2fff0501-49e8-41d3-99e5-9171ecb04def HTTP/1.1" status: 200 len: 1880 time: 0.0290904
2026-07-14 19:08:17.693 9 INFO neutron.api.wsgi [req-77cc513c-468c-406f-a384-adef02e7130c req-83adaeaf-1990-44bc-87e3-a03dafb6d894 ccecef04dec244498df16747d8cf3787 90e1805ffada4e57b28965245744cd29 - - default default] 10.0.0.241 "GET /v2.0/ports?device_id=e293c7fe-04fd-4e9f-a7e2-2bbf8da6508c HTTP/1.1" status: 200 len: 1168 time: 0.0386171
2026-07-14 19:08:17.732 9 INFO neutron.api.wsgi [req-77cc513c-468c-406f-a384-adef02e7130c req-17614e6f-7ea6-438e-9da2-3e130a5254f6 ccecef04dec244498df16747d8cf3787 90e1805ffada4e57b28965245744cd29 - - default default] 10.0.0.241 "GET /v2.0/security-groups?id=be182afb-51ea-4d46-8f5c-2df8b766aa8f&fields=id&fields=name HTTP/1.1" status: 200 len: 311 time: 0.0342746
2026-07-14 19:08:17.784 8 INFO neutron.api.wsgi [req-e3cc8976-aa0e-4524-8549-f6674a5884cd req-8ef195c4-f026-4409-a912-bb53cb25781c 44d02313bfd84ddaa019b339584359e0 bf853584f3a94ca3b4ce874fccdba548 - - default default] 10.0.0.241 "DELETE /v2.0/security-groups/2fff0501-49e8-41d3-99e5-9171ecb04def HTTP/1.1" status: 204 len: 173 time: 0.1051769
2026-07-14 19:08:17.814 8 INFO neutron.api.v2.resource [req-f14e2bf7-f462-45a9-ac46-ff7006b0d765 req-a618ed7c-4c26-4ddc-b928-7006aa1425f4 44d02313bfd84ddaa019b339584359e0 bf853584f3a94ca3b4ce874fccdba548 - - default default] show failed (client error): The resource could not be found.
2026-07-14 19:08:17.815 8 INFO neutron.api.wsgi [req-f14e2bf7-f462-45a9-ac46-ff7006b0d765 req-a618ed7c-4c26-4ddc-b928-7006aa1425f4 44d02313bfd84ddaa019b339584359e0 bf853584f3a94ca3b4ce874fccdba548 - - default default] 10.0.0.241 "GET /v2.0/security-groups/2fff0501-49e8-41d3-99e5-9171ecb04def HTTP/1.1" status: 404 len: 352 time: 0.0099523
2026-07-14 19:08:17.859 8 INFO neutron.api.wsgi [req-83b00f4a-74e9-4535-8c9d-0775aa223a25 req-5f745f00-6915-4589-92f1-4eb9d41fdabe 44d02313bfd84ddaa019b339584359e0 bf853584f3a94ca3b4ce874fccdba548 - - default default] 10.0.0.241 "GET /v2.0/security-groups/12cce1fc-82e0-42fe-8596-2febaf899231 HTTP/1.1" status: 200 len: 1880 time: 0.0274851
2026-07-14 19:08:17.860 9 INFO neutron.api.wsgi [req-6d7ab091-395a-4928-81c1-edaa4e52d864 req-d305ca6e-3d96-4244-85c4-6cb8e957896d 921ff8db4ba04499a8745da530589353 14afbf85b66647e6806bf5f36f9aa7a1 - - default default] 10.0.0.241 "GET /v2.0/ports?device_id=5d49ae50-7dbd-4cbc-9842-8d802fe19011 HTTP/1.1" status: 200 len: 1168 time: 0.0441091
2026-07-14 19:08:17.900 9 INFO neutron.api.wsgi [req-6d7ab091-395a-4928-81c1-edaa4e52d864 req-ba8830d1-eb28-4066-9201-c45e83241e05 921ff8db4ba04499a8745da530589353 14afbf85b66647e6806bf5f36f9aa7a1 - - default default] 10.0.0.241 "GET /v2.0/security-groups?id=54584840-7fda-4e21-ad13-bb451cd65b07&fields=id&fields=name HTTP/1.1" status: 200 len: 313 time: 0.0357766
2026-07-14 19:08:17.974 8 INFO neutron.api.wsgi [req-83b00f4a-74e9-4535-8c9d-0775aa223a25 req-0039fca4-e649-4092-b15b-31f6a7d5d216 44d02313bfd84ddaa019b339584359e0 bf853584f3a94ca3b4ce874fccdba548 - - default default] 10.0.0.241 "DELETE /v2.0/security-groups/12cce1fc-82e0-42fe-8596-2febaf899231 HTTP/1.1" status: 204 len: 173 time: 0.1102111
2026-07-14 19:08:18.024 8 INFO neutron.plugins.ml2.drivers.ovn.mech_driver.mech_driver [None req-d3683be7-08a8-43c6-92ae-a040065e7605 - - - - - -] OVN reports status up for port: fee55906-1c2a-4c5d-952b-fd83433111f3
2026-07-14 19:08:18.035 8 INFO neutron.api.v2.resource [req-2b74fca3-eac1-4d1b-bcbb-7479c8b29622 req-5e677514-327f-411e-b270-8c5f08c4e47e 44d02313bfd84ddaa019b339584359e0 bf853584f3a94ca3b4ce874fccdba548 - - default default] show failed (client error): The resource could not be found.
2026-07-14 19:08:18.036 8 INFO neutron.api.wsgi [req-2b74fca3-eac1-4d1b-bcbb-7479c8b29622 req-5e677514-327f-411e-b270-8c5f08c4e47e 44d02313bfd84ddaa019b339584359e0 bf853584f3a94ca3b4ce874fccdba548 - - default default] 10.0.0.241 "GET /v2.0/security-groups/12cce1fc-82e0-42fe-8596-2febaf899231 HTTP/1.1" status: 404 len: 352 time: 0.0288727
2026-07-14 19:08:18.053 8 INFO neutron.plugins.ml2.plugin [None req-d3683be7-08a8-43c6-92ae-a040065e7605 - - - - - -] Attempt 1 to provision port fee55906-1c2a-4c5d-952b-fd83433111f3
2026-07-14 19:08:18.093 9 INFO neutron.api.wsgi [req-329ed2d0-163b-4924-9e86-90a58967a1a6 req-83ab35ba-0b04-4e50-b3e9-ca99ba62a7b9 e1d592620f8d4481911d80e476c617eb d515e23448dc49809554d77bac1fc7d2 - - default default] 10.0.0.241 "GET /v2.0/ports?device_id=4526f3a0-4657-4540-a9da-508a45e9772f HTTP/1.1" status: 200 len: 1168 time: 0.0527990
2026-07-14 19:08:18.112 8 INFO neutron.api.wsgi [req-a28ebbd9-c846-4bc7-9470-a5b146802e8e req-14a1dc2d-230f-4924-8e06-f4237a2997f7 44d02313bfd84ddaa019b339584359e0 bf853584f3a94ca3b4ce874fccdba548 - - default default] 10.0.0.241 "GET /v2.0/security-groups?tenant_id=bf853584f3a94ca3b4ce874fccdba548 HTTP/1.1" status: 200 len: 3125 time: 0.0521629
2026-07-14 19:08:18.137 9 INFO neutron.api.wsgi [req-329ed2d0-163b-4924-9e86-90a58967a1a6 req-65505a6f-032b-4196-9496-8a0f4dce3bfe e1d592620f8d4481911d80e476c617eb d515e23448dc49809554d77bac1fc7d2 - - default default] 10.0.0.241 "GET /v2.0/security-groups?id=f00b4c07-817b-45c4-a81c-1d02d8bcd59b&fields=id&fields=name HTTP/1.1" status: 200 len: 313 time: 0.0395131
2026-07-14 19:08:18.165 8 INFO neutron.api.wsgi [req-a28ebbd9-c846-4bc7-9470-a5b146802e8e req-b163406c-912c-4e02-b23f-7f4040eec3e0 44d02313bfd84ddaa019b339584359e0 bf853584f3a94ca3b4ce874fccdba548 - - default default] 10.0.0.241 "GET /v2.0/security-groups/a8de426f-0e2e-4fa0-bd98-705cba5fee7c HTTP/1.1" status: 200 len: 3122 time: 0.0487926
2026-07-14 19:08:18.225 8 INFO neutron.api.wsgi [req-a28ebbd9-c846-4bc7-9470-a5b146802e8e req-b4e11d00-462f-4830-843a-2480baa9fa6d 44d02313bfd84ddaa019b339584359e0 bf853584f3a94ca3b4ce874fccdba548 - - default default] 10.0.0.241 "GET /v2.0/security-groups/a8de426f-0e2e-4fa0-bd98-705cba5fee7c HTTP/1.1" status: 200 len: 3122 time: 0.0552139
2026-07-14 19:08:18.279 9 INFO neutron.api.v2.resource [req-8d426751-6806-4b44-8be1-d7be49abc8fb req-3f764e3e-664e-4524-ab7f-f089bb2fcc34 44d02313bfd84ddaa019b339584359e0 bf853584f3a94ca3b4ce874fccdba548 - - default default] show failed (client error): The resource could not be found.
2026-07-14 19:08:18.281 9 INFO neutron.api.wsgi [req-8d426751-6806-4b44-8be1-d7be49abc8fb req-3f764e3e-664e-4524-ab7f-f089bb2fcc34 44d02313bfd84ddaa019b339584359e0 bf853584f3a94ca3b4ce874fccdba548 - - default default] 10.0.0.241 "GET /v2.0/security-groups/12cce1fc-82e0-42fe-8596-2febaf899231 HTTP/1.1" status: 404 len: 352 time: 0.0242236
2026-07-14 19:08:18.313 8 INFO neutron.api.v2.resource [req-1100b462-50d6-44bf-9b05-c80e40285d7a req-f2f4ecd5-ec2c-429a-b576-c8405778e7a9 44d02313bfd84ddaa019b339584359e0 bf853584f3a94ca3b4ce874fccdba548 - - default default] show failed (client error): The resource could not be found.
2026-07-14 19:08:18.314 8 INFO neutron.api.wsgi [req-1100b462-50d6-44bf-9b05-c80e40285d7a req-f2f4ecd5-ec2c-429a-b576-c8405778e7a9 44d02313bfd84ddaa019b339584359e0 bf853584f3a94ca3b4ce874fccdba548 - - default default] 10.0.0.241 "GET /v2.0/security-groups/2fff0501-49e8-41d3-99e5-9171ecb04def HTTP/1.1" status: 404 len: 352 time: 0.0149684
2026-07-14 19:08:18.351 9 INFO neutron.api.v2.resource [req-5b5e3c3a-77a2-45f5-8bf3-6334d12e96a3 req-ad0b4bd8-4b15-4e0a-a26e-a974339f5f49 44d02313bfd84ddaa019b339584359e0 bf853584f3a94ca3b4ce874fccdba548 - - default default] show failed (client error): The resource could not be found.
2026-07-14 19:08:18.353 9 INFO neutron.api.wsgi [req-5b5e3c3a-77a2-45f5-8bf3-6334d12e96a3 req-ad0b4bd8-4b15-4e0a-a26e-a974339f5f49 44d02313bfd84ddaa019b339584359e0 bf853584f3a94ca3b4ce874fccdba548 - - default default] 10.0.0.241 "GET /v2.0/security-groups/e3c39eeb-dfee-40a0-bfd3-8ad0e30222c9 HTTP/1.1" status: 404 len: 352 time: 0.0189242
2026-07-14 19:08:18.389 8 INFO neutron.db.ovn_revision_numbers_db [None req-d3683be7-08a8-43c6-92ae-a040065e7605 - - - - - -] Successfully bumped revision number for resource fee55906-1c2a-4c5d-952b-fd83433111f3 (type: ports) to 5
2026-07-14 19:08:18.683 8 INFO neutron.notifiers.nova [-] Nova event matching ['req-ea6811e9-3d77-446f-b483-3f73673bd764'] response: {'server_uuid': '5d49ae50-7dbd-4cbc-9842-8d802fe19011', 'name': 'network-vif-plugged', 'status': 'completed', 'tag': 'fee55906-1c2a-4c5d-952b-fd83433111f3', 'code': 200}
2026-07-14 19:08:18.871 9 INFO neutron.api.wsgi [req-fb8f9d7d-35f1-4e13-97ea-9f527fc6a07d req-4095766f-7222-4c7c-919b-c1088036efc6 ccecef04dec244498df16747d8cf3787 90e1805ffada4e57b28965245744cd29 - - default default] 10.0.0.241 "GET /v2.0/ports?device_id=e293c7fe-04fd-4e9f-a7e2-2bbf8da6508c HTTP/1.1" status: 200 len: 1168 time: 0.0754209
