2026-07-14 19:10:30.643 8 WARNING neutron_lib.context [None req-c37ac6fc-4355-4ab2-a07e-4db56bea80b4 4f14ea5444fb425298a59c61ec5268ec ce10a7aa1bc4455fa67562dc257a0766 - - default default] Method 'is_advsvc' is deprecated since 2023.2 release (neutron-lib 3.8.0) and will be removed once support for the old RBAC API policies will be removed from Neutron. Please use method 'is_service_role' instead.
2026-07-14 19:10:30.898 8 INFO neutron.api.wsgi [None req-c37ac6fc-4355-4ab2-a07e-4db56bea80b4 4f14ea5444fb425298a59c61ec5268ec ce10a7aa1bc4455fa67562dc257a0766 - - default default] 10.0.0.106 "POST /v2.0/trunks HTTP/1.1" status: 201 len: 608 time: 0.2601030
2026-07-14 19:10:30.909 8 WARNING neutron_lib.context [None req-0d2f01cf-5153-49e6-a95e-caef7e91214c 4f14ea5444fb425298a59c61ec5268ec ce10a7aa1bc4455fa67562dc257a0766 - - default default] Method 'is_advsvc' is deprecated since 2023.2 release (neutron-lib 3.8.0) and will be removed once support for the old RBAC API policies will be removed from Neutron. Please use method 'is_service_role' instead. /var/lib/openstack/lib/python3.12/site-packages/pycadf/identifier.py:71: UserWarning: Invalid uuid: neutron. To ensure interoperability, identifiers should be a valid uuid. warnings.warn(('Invalid uuid: %s. To ensure interoperability, '
2026-07-14 19:10:31.000 8 INFO neutron.db.segments_db [None req-0d2f01cf-5153-49e6-a95e-caef7e91214c 4f14ea5444fb425298a59c61ec5268ec ce10a7aa1bc4455fa67562dc257a0766 - - default default] Added segment 13e766e9-d45c-4c54-a3e1-f9f547d7ffe8 of type geneve for network 14a48438-cd8d-40a1-adaf-820213916a84
2026-07-14 19:10:31.050 9 INFO neutron.api.wsgi [None req-697ed168-2b30-40fe-86ee-4791719e4120 d54ab789ab764360a301b092e529a1de 944992dde62c4080abe7a663032008a4 - - default default] 10.0.0.106 "GET /v2.0/security-groups?tenant_id=1f45a997f9634ad8a48644ae8607aeb6&name=default HTTP/1.1" status: 200 len: 3120 time: 0.2456360
2026-07-14 19:10:31.107 9 INFO neutron.api.wsgi [None req-b3e31b42-f09d-4b46-a21f-248bff4f88e4 34e79ea2b28c4e8996407b33be6b4239 bca84b1c25564147bd33bd1dbdd704ad - - default default] 10.0.0.106 "PUT /v2.0/routers/7b36f549-2cf5-4990-94a1-8a8164d5b604/remove_router_interface HTTP/1.1" status: 200 len: 503 time: 0.7288964 /var/lib/openstack/lib/python3.12/site-packages/pycadf/identifier.py:71: UserWarning: Invalid uuid: neutron. To ensure interoperability, identifiers should be a valid uuid. warnings.warn(('Invalid uuid: %s. To ensure interoperability, '
2026-07-14 19:10:31.140 9 INFO neutron.api.wsgi [None req-db813760-7ec6-4fc0-9654-3f3d15510a20 34e79ea2b28c4e8996407b33be6b4239 bca84b1c25564147bd33bd1dbdd704ad - - default default] 10.0.0.106 "GET /v2.0/ports?device_id=7b36f549-2cf5-4990-94a1-8a8164d5b604 HTTP/1.1" status: 200 len: 205 time: 0.0244772
2026-07-14 19:10:31.178 8 INFO neutron.db.ovn_revision_numbers_db [None req-0d2f01cf-5153-49e6-a95e-caef7e91214c 4f14ea5444fb425298a59c61ec5268ec ce10a7aa1bc4455fa67562dc257a0766 - - default default] Successfully bumped revision number for resource 14a48438-cd8d-40a1-adaf-820213916a84 (type: networks) to 1
2026-07-14 19:10:31.263 9 INFO neutron.services.segments.plugin [-] Segment b733f09f-3204-4baa-81a8-9319a86122aa resource provider aggregate not found
2026-07-14 19:10:31.278 9 INFO neutron.services.segments.plugin [-] Segment b733f09f-3204-4baa-81a8-9319a86122aa resource provider aggregate not found
2026-07-14 19:10:31.284 9 INFO neutron.services.segments.plugin [-] Segment b733f09f-3204-4baa-81a8-9319a86122aa resource provider not found; error: Placement Client Error (4xx): {"errors": [{"status": 404, "title": "Not Found", "detail": "The resource could not be found.\n\n No resource provider with uuid b733f09f-3204-4baa-81a8-9319a86122aa found for delete ", "request_id": "req-4b424824-117d-46b3-8596-b7823021223b"}]}
2026-07-14 19:10:31.302 9 INFO neutron.services.segments.plugin [-] Segment 49992ca8-bf13-4943-bbfd-098199ca39a6 resource provider aggregate not found
2026-07-14 19:10:31.307 9 INFO neutron.services.segments.plugin [-] Segment b733f09f-3204-4baa-81a8-9319a86122aa resource provider not found; error: Placement Client Error (4xx): {"errors": [{"status": 404, "title": "Not Found", "detail": "The resource could not be found.\n\n No resource provider with uuid b733f09f-3204-4baa-81a8-9319a86122aa found for delete ", "request_id": "req-ac2b78cd-52e5-4c46-a9b2-d2f3076284c6"}]}
2026-07-14 19:10:31.322 9 INFO neutron.services.segments.plugin [-] Segment 49992ca8-bf13-4943-bbfd-098199ca39a6 resource provider aggregate not found
2026-07-14 19:10:31.328 9 INFO neutron.services.segments.plugin [-] Segment 49992ca8-bf13-4943-bbfd-098199ca39a6 resource provider not found; error: Placement Client Error (4xx): {"errors": [{"status": 404, "title": "Not Found", "detail": "The resource could not be found.\n\n No resource provider with uuid 49992ca8-bf13-4943-bbfd-098199ca39a6 found for delete ", "request_id": "req-7f9a229a-79f3-4802-8bba-b3370921cbbc"}]}
2026-07-14 19:10:31.339 9 INFO neutron.services.segments.plugin [-] Segment 49992ca8-bf13-4943-bbfd-098199ca39a6 resource provider not found; error: Placement Client Error (4xx): {"errors": [{"status": 404, "title": "Not Found", "detail": "The resource could not be found.\n\n No resource provider with uuid 49992ca8-bf13-4943-bbfd-098199ca39a6 found for delete ", "request_id": "req-96c9488f-3a88-4882-9091-1cbe9ef60010"}]}
2026-07-14 19:10:31.447 8 INFO neutron.api.wsgi [None req-d3443c2f-923b-4d16-b3fb-ba3b3d78f0cf 34e79ea2b28c4e8996407b33be6b4239 bca84b1c25564147bd33bd1dbdd704ad - - default default] 10.0.0.106 "DELETE /v2.0/routers/7b36f549-2cf5-4990-94a1-8a8164d5b604 HTTP/1.1" status: 204 len: 168 time: 0.3000503
2026-07-14 19:10:31.480 8 WARNING neutron.scheduler.dhcp_agent_scheduler [None req-0d2f01cf-5153-49e6-a95e-caef7e91214c 4f14ea5444fb425298a59c61ec5268ec ce10a7aa1bc4455fa67562dc257a0766 - - default default] No more DHCP agents
2026-07-14 19:10:31.482 8 WARNING neutron.api.rpc.agentnotifiers.dhcp_rpc_agent_api [None req-0d2f01cf-5153-49e6-a95e-caef7e91214c 4f14ea5444fb425298a59c61ec5268ec ce10a7aa1bc4455fa67562dc257a0766 - - default default] Unable to schedule network 14a48438-cd8d-40a1-adaf-820213916a84: no agents available; will retry on subsequent port and subnet creation events.
2026-07-14 19:10:31.492 8 INFO neutron.api.wsgi [None req-3abca0fd-9f84-47ab-a3f8-b47403834584 d54ab789ab764360a301b092e529a1de 944992dde62c4080abe7a663032008a4 - - default default] 10.0.0.106 "DELETE /v2.0/security-groups/7b24c4f7-7ed8-41a6-a325-b5d0be66e5d2 HTTP/1.1" status: 204 len: 168 time: 0.4345005
2026-07-14 19:10:31.559 8 INFO neutron.db.ovn_revision_numbers_db [None req-0d2f01cf-5153-49e6-a95e-caef7e91214c 4f14ea5444fb425298a59c61ec5268ec ce10a7aa1bc4455fa67562dc257a0766 - - default default] Successfully bumped revision number for resource 35d38cbb-900c-46e0-9ed3-02794aa29183 (type: ports) to 1
2026-07-14 19:10:31.583 8 INFO neutron.api.wsgi [None req-0d2f01cf-5153-49e6-a95e-caef7e91214c 4f14ea5444fb425298a59c61ec5268ec ce10a7aa1bc4455fa67562dc257a0766 - - default default] 10.0.0.106 "POST /v2.0/networks HTTP/1.1" status: 201 len: 831 time: 0.6786857
2026-07-14 19:10:31.593 8 WARNING neutron_lib.context [None req-850cf851-22eb-4417-a21c-5eadf69d7731 4f14ea5444fb425298a59c61ec5268ec ce10a7aa1bc4455fa67562dc257a0766 - - default default] Method 'is_advsvc' is deprecated since 2023.2 release (neutron-lib 3.8.0) and will be removed once support for the old RBAC API policies will be removed from Neutron. Please use method 'is_service_role' instead.
2026-07-14 19:10:31.640 9 INFO neutron.api.wsgi [None req-a0e925f2-40f9-4f4e-a18e-1e29c688194b 34e79ea2b28c4e8996407b33be6b4239 bca84b1c25564147bd33bd1dbdd704ad - - default default] 10.0.0.106 "DELETE /v2.0/subnets/5e385f63-4dce-4ef8-b0c0-9e7da60097ed HTTP/1.1" status: 204 len: 168 time: 0.1889102
2026-07-14 19:10:31.855 8 WARNING neutron.scheduler.dhcp_agent_scheduler [None req-850cf851-22eb-4417-a21c-5eadf69d7731 4f14ea5444fb425298a59c61ec5268ec ce10a7aa1bc4455fa67562dc257a0766 - - default default] No more DHCP agents
2026-07-14 19:10:31.856 8 WARNING neutron.api.rpc.agentnotifiers.dhcp_rpc_agent_api [None req-850cf851-22eb-4417-a21c-5eadf69d7731 4f14ea5444fb425298a59c61ec5268ec ce10a7aa1bc4455fa67562dc257a0766 - - default default] Unable to schedule network 14a48438-cd8d-40a1-adaf-820213916a84: no agents available; will retry on subsequent port and subnet creation events.
2026-07-14 19:10:31.928 8 INFO neutron.db.ovn_revision_numbers_db [None req-850cf851-22eb-4417-a21c-5eadf69d7731 4f14ea5444fb425298a59c61ec5268ec ce10a7aa1bc4455fa67562dc257a0766 - - default default] Successfully bumped revision number for resource 684d0ef4-52b3-434e-8d69-8b02fcb2de6f (type: ports) to 1
2026-07-14 19:10:31.949 8 INFO neutron.api.wsgi [None req-850cf851-22eb-4417-a21c-5eadf69d7731 4f14ea5444fb425298a59c61ec5268ec ce10a7aa1bc4455fa67562dc257a0766 - - default default] 10.0.0.106 "POST /v2.0/ports HTTP/1.1" status: 201 len: 942 time: 0.3613341 /var/lib/openstack/lib/python3.12/site-packages/pycadf/identifier.py:71: UserWarning: Invalid uuid: neutron. To ensure interoperability, identifiers should be a valid uuid. warnings.warn(('Invalid uuid: %s. To ensure interoperability, '
2026-07-14 19:10:31.957 8 WARNING neutron_lib.context [None req-8ab2739f-f09c-48e8-988a-9a51088ca467 4f14ea5444fb425298a59c61ec5268ec ce10a7aa1bc4455fa67562dc257a0766 - - default default] Method 'is_advsvc' is deprecated since 2023.2 release (neutron-lib 3.8.0) and will be removed once support for the old RBAC API policies will be removed from Neutron. Please use method 'is_service_role' instead.
2026-07-14 19:10:32.024 9 INFO neutron.api.wsgi [None req-c51fedd4-df79-4635-b294-9e055e0a97d0 34e79ea2b28c4e8996407b33be6b4239 bca84b1c25564147bd33bd1dbdd704ad - - default default] 10.0.0.106 "DELETE /v2.0/networks/265c6c77-d8ed-4810-a0ee-e3be0f1c9b67 HTTP/1.1" status: 204 len: 168 time: 0.3635738
2026-07-14 19:10:32.038 8 WARNING neutron_lib.context [None req-557b4240-52f6-4c20-b049-15d0fd6316e6 34e79ea2b28c4e8996407b33be6b4239 bca84b1c25564147bd33bd1dbdd704ad - - default default] Method 'is_advsvc' is deprecated since 2023.2 release (neutron-lib 3.8.0) and will be removed once support for the old RBAC API policies will be removed from Neutron. Please use method 'is_service_role' instead.
2026-07-14 19:10:32.143 9 WARNING neutron_lib.context [None req-04ab82fe-95f6-41dd-825c-730d9b06038b d721c786d86a48a59bb8b808d9843508 093b4636a2f64a3ea82186d74bb3c4ba - - default default] Method 'is_advsvc' is deprecated since 2023.2 release (neutron-lib 3.8.0) and will be removed once support for the old RBAC API policies will be removed from Neutron. Please use method 'is_service_role' instead.
2026-07-14 19:10:32.152 8 INFO neutron.api.wsgi [None req-8ab2739f-f09c-48e8-988a-9a51088ca467 4f14ea5444fb425298a59c61ec5268ec ce10a7aa1bc4455fa67562dc257a0766 - - default default] 10.0.0.106 "POST /v2.0/trunks HTTP/1.1" status: 201 len: 608 time: 0.1986985
2026-07-14 19:10:32.161 9 WARNING neutron_lib.context [None req-c711dfa2-83b6-4786-ab35-4f0b22bac06d 4f14ea5444fb425298a59c61ec5268ec ce10a7aa1bc4455fa67562dc257a0766 - - default default] Method 'is_advsvc' is deprecated since 2023.2 release (neutron-lib 3.8.0) and will be removed once support for the old RBAC API policies will be removed from Neutron. Please use method 'is_service_role' instead.
2026-07-14 19:10:32.256 9 INFO neutron.db.segments_db [None req-c711dfa2-83b6-4786-ab35-4f0b22bac06d 4f14ea5444fb425298a59c61ec5268ec ce10a7aa1bc4455fa67562dc257a0766 - - default default] Added segment 7aef15b2-b67f-48a5-a0c1-ec294ddc69dd of type geneve for network 15745066-c3f5-4950-aed3-b9b062d6cba9
2026-07-14 19:10:32.315 9 INFO neutron.db.ovn_revision_numbers_db [None req-04ab82fe-95f6-41dd-825c-730d9b06038b d721c786d86a48a59bb8b808d9843508 093b4636a2f64a3ea82186d74bb3c4ba - - default default] Successfully bumped revision number for resource d80d45f9-f4f6-49bf-9163-144ec38641a2 (type: security_groups) to 1
2026-07-14 19:10:32.331 9 INFO neutron.db.ovn_revision_numbers_db [None req-04ab82fe-95f6-41dd-825c-730d9b06038b d721c786d86a48a59bb8b808d9843508 093b4636a2f64a3ea82186d74bb3c4ba - - default default] Successfully bumped revision number for resource 5a9f5f03-8dcd-4351-850e-ce2bfdb958cc (type: security_group_rules) to 0
2026-07-14 19:10:32.364 9 INFO neutron.db.ovn_revision_numbers_db [None req-04ab82fe-95f6-41dd-825c-730d9b06038b d721c786d86a48a59bb8b808d9843508 093b4636a2f64a3ea82186d74bb3c4ba - - default default] Successfully bumped revision number for resource 6003feb1-5ff3-49e3-b2f3-2bc2a5211aa6 (type: security_group_rules) to 0
2026-07-14 19:10:32.384 9 INFO neutron.db.ovn_revision_numbers_db [None req-04ab82fe-95f6-41dd-825c-730d9b06038b d721c786d86a48a59bb8b808d9843508 093b4636a2f64a3ea82186d74bb3c4ba - - default default] Successfully bumped revision number for resource 738f4daf-3794-4f33-b4e6-3edcc4ea8905 (type: security_group_rules) to 0
2026-07-14 19:10:32.387 8 WARNING neutron.scheduler.dhcp_agent_scheduler [None req-557b4240-52f6-4c20-b049-15d0fd6316e6 34e79ea2b28c4e8996407b33be6b4239 bca84b1c25564147bd33bd1dbdd704ad - - default default] No more DHCP agents
2026-07-14 19:10:32.388 8 WARNING neutron.api.rpc.agentnotifiers.dhcp_rpc_agent_api [None req-557b4240-52f6-4c20-b049-15d0fd6316e6 34e79ea2b28c4e8996407b33be6b4239 bca84b1c25564147bd33bd1dbdd704ad - - default default] Unable to schedule network 20039a72-e184-4592-8a6e-542253372dc2: no agents available; will retry on subsequent port and subnet creation events.
2026-07-14 19:10:32.393 9 INFO neutron.db.ovn_revision_numbers_db [None req-c711dfa2-83b6-4786-ab35-4f0b22bac06d 4f14ea5444fb425298a59c61ec5268ec ce10a7aa1bc4455fa67562dc257a0766 - - default default] Successfully bumped revision number for resource 15745066-c3f5-4950-aed3-b9b062d6cba9 (type: networks) to 1
2026-07-14 19:10:32.410 9 INFO neutron.db.ovn_revision_numbers_db [None req-04ab82fe-95f6-41dd-825c-730d9b06038b d721c786d86a48a59bb8b808d9843508 093b4636a2f64a3ea82186d74bb3c4ba - - default default] Successfully bumped revision number for resource dfe68924-9f0c-4d4c-8f2d-fdab61ef3cb1 (type: security_group_rules) to 0
2026-07-14 19:10:32.496 8 INFO neutron.db.ovn_revision_numbers_db [None req-557b4240-52f6-4c20-b049-15d0fd6316e6 34e79ea2b28c4e8996407b33be6b4239 bca84b1c25564147bd33bd1dbdd704ad - - default default] Successfully bumped revision number for resource e4c20b03-b654-463d-9119-2577da38087e (type: ports) to 1
2026-07-14 19:10:32.517 9 INFO neutron.db.segments_db [None req-04ab82fe-95f6-41dd-825c-730d9b06038b d721c786d86a48a59bb8b808d9843508 093b4636a2f64a3ea82186d74bb3c4ba - - default default] Added segment c25d318a-dd0e-4ff5-aa5c-a4639e79b2e8 of type geneve for network ad549951-f31d-4917-a08f-8e90691ef783
2026-07-14 19:10:32.603 9 WARNING neutron.scheduler.dhcp_agent_scheduler [None req-c711dfa2-83b6-4786-ab35-4f0b22bac06d 4f14ea5444fb425298a59c61ec5268ec ce10a7aa1bc4455fa67562dc257a0766 - - default default] No more DHCP agents
2026-07-14 19:10:32.607 9 WARNING neutron.api.rpc.agentnotifiers.dhcp_rpc_agent_api [None req-c711dfa2-83b6-4786-ab35-4f0b22bac06d 4f14ea5444fb425298a59c61ec5268ec ce10a7aa1bc4455fa67562dc257a0766 - - default default] Unable to schedule network 15745066-c3f5-4950-aed3-b9b062d6cba9: no agents available; will retry on subsequent port and subnet creation events.
2026-07-14 19:10:32.682 9 INFO neutron.db.ovn_revision_numbers_db [None req-04ab82fe-95f6-41dd-825c-730d9b06038b d721c786d86a48a59bb8b808d9843508 093b4636a2f64a3ea82186d74bb3c4ba - - default default] Successfully bumped revision number for resource ad549951-f31d-4917-a08f-8e90691ef783 (type: networks) to 1
2026-07-14 19:10:32.703 9 INFO neutron.db.ovn_revision_numbers_db [None req-c711dfa2-83b6-4786-ab35-4f0b22bac06d 4f14ea5444fb425298a59c61ec5268ec ce10a7aa1bc4455fa67562dc257a0766 - - default default] Successfully bumped revision number for resource f3512624-d955-48f6-9c70-c06ff0084259 (type: ports) to 1
2026-07-14 19:10:32.737 9 INFO neutron.api.wsgi [None req-c711dfa2-83b6-4786-ab35-4f0b22bac06d 4f14ea5444fb425298a59c61ec5268ec ce10a7aa1bc4455fa67562dc257a0766 - - default default] 10.0.0.106 "POST /v2.0/networks HTTP/1.1" status: 201 len: 828 time: 0.5814896
2026-07-14 19:10:32.746 9 WARNING neutron_lib.context [None req-cf4cced8-587d-478f-a87d-bb50506bb96c 4f14ea5444fb425298a59c61ec5268ec ce10a7aa1bc4455fa67562dc257a0766 - - default default] Method 'is_advsvc' is deprecated since 2023.2 release (neutron-lib 3.8.0) and will be removed once support for the old RBAC API policies will be removed from Neutron. Please use method 'is_service_role' instead.
2026-07-14 19:10:32.884 9 WARNING neutron.scheduler.dhcp_agent_scheduler [None req-04ab82fe-95f6-41dd-825c-730d9b06038b d721c786d86a48a59bb8b808d9843508 093b4636a2f64a3ea82186d74bb3c4ba - - default default] No more DHCP agents
2026-07-14 19:10:32.890 9 WARNING neutron.api.rpc.agentnotifiers.dhcp_rpc_agent_api [None req-04ab82fe-95f6-41dd-825c-730d9b06038b d721c786d86a48a59bb8b808d9843508 093b4636a2f64a3ea82186d74bb3c4ba - - default default] Unable to schedule network ad549951-f31d-4917-a08f-8e90691ef783: no agents available; will retry on subsequent port and subnet creation events.
2026-07-14 19:10:32.990 9 INFO neutron.db.ovn_revision_numbers_db [None req-04ab82fe-95f6-41dd-825c-730d9b06038b d721c786d86a48a59bb8b808d9843508 093b4636a2f64a3ea82186d74bb3c4ba - - default default] Successfully bumped revision number for resource 48a2cca0-daa6-4cde-adbb-33aaafce1495 (type: ports) to 1
2026-07-14 19:10:33.022 9 INFO neutron.api.wsgi [None req-04ab82fe-95f6-41dd-825c-730d9b06038b d721c786d86a48a59bb8b808d9843508 093b4636a2f64a3ea82186d74bb3c4ba - - default default] 10.0.0.106 "POST /v2.0/networks HTTP/1.1" status: 201 len: 831 time: 1.0436606
2026-07-14 19:10:33.030 8 WARNING neutron_lib.context [None req-b3480753-b677-4169-8807-f80c11c29b3e d721c786d86a48a59bb8b808d9843508 093b4636a2f64a3ea82186d74bb3c4ba - - default default] Method 'is_advsvc' is deprecated since 2023.2 release (neutron-lib 3.8.0) and will be removed once support for the old RBAC API policies will be removed from Neutron. Please use method 'is_service_role' instead.
2026-07-14 19:10:33.047 9 WARNING neutron.scheduler.dhcp_agent_scheduler [None req-cf4cced8-587d-478f-a87d-bb50506bb96c 4f14ea5444fb425298a59c61ec5268ec ce10a7aa1bc4455fa67562dc257a0766 - - default default] No more DHCP agents
2026-07-14 19:10:33.050 9 WARNING neutron.api.rpc.agentnotifiers.dhcp_rpc_agent_api [None req-cf4cced8-587d-478f-a87d-bb50506bb96c 4f14ea5444fb425298a59c61ec5268ec ce10a7aa1bc4455fa67562dc257a0766 - - default default] Unable to schedule network 15745066-c3f5-4950-aed3-b9b062d6cba9: no agents available; will retry on subsequent port and subnet creation events.
2026-07-14 19:10:33.121 9 INFO neutron.db.ovn_revision_numbers_db [None req-cf4cced8-587d-478f-a87d-bb50506bb96c 4f14ea5444fb425298a59c61ec5268ec ce10a7aa1bc4455fa67562dc257a0766 - - default default] Successfully bumped revision number for resource a6da3107-d11d-4522-b2c9-3f3322a0a86f (type: ports) to 1
2026-07-14 19:10:33.144 9 INFO neutron.api.wsgi [None req-cf4cced8-587d-478f-a87d-bb50506bb96c 4f14ea5444fb425298a59c61ec5268ec ce10a7aa1bc4455fa67562dc257a0766 - - default default] 10.0.0.106 "POST /v2.0/ports HTTP/1.1" status: 201 len: 942 time: 0.4018514 /var/lib/openstack/lib/python3.12/site-packages/pycadf/identifier.py:71: UserWarning: Invalid uuid: neutron. To ensure interoperability, identifiers should be a valid uuid. warnings.warn(('Invalid uuid: %s. To ensure interoperability, '
2026-07-14 19:10:33.154 9 WARNING neutron_lib.context [None req-ab1584a0-63f8-42df-bb37-d52c30c37b24 4f14ea5444fb425298a59c61ec5268ec ce10a7aa1bc4455fa67562dc257a0766 - - default default] Method 'is_advsvc' is deprecated since 2023.2 release (neutron-lib 3.8.0) and will be removed once support for the old RBAC API policies will be removed from Neutron. Please use method 'is_service_role' instead.
2026-07-14 19:10:33.159 8 INFO neutron.db.segments_db [None req-b3480753-b677-4169-8807-f80c11c29b3e d721c786d86a48a59bb8b808d9843508 093b4636a2f64a3ea82186d74bb3c4ba - - default default] Added segment 5c0f4b84-0d8f-4675-9101-056197214a06 of type geneve for network 23b12904-3eb3-4582-8e62-ebaead28653e
2026-07-14 19:10:33.309 8 INFO neutron.db.ovn_revision_numbers_db [None req-b3480753-b677-4169-8807-f80c11c29b3e d721c786d86a48a59bb8b808d9843508 093b4636a2f64a3ea82186d74bb3c4ba - - default default] Successfully bumped revision number for resource 23b12904-3eb3-4582-8e62-ebaead28653e (type: networks) to 1
2026-07-14 19:10:33.358 9 INFO neutron.services.segments.plugin [-] Segment 972b2a15-509b-49b5-8009-78379e7b552c resource provider aggregate not found
2026-07-14 19:10:33.370 9 INFO neutron.services.segments.plugin [-] Segment 972b2a15-509b-49b5-8009-78379e7b552c resource provider aggregate not found
2026-07-14 19:10:33.377 9 INFO neutron.services.segments.plugin [-] Segment 972b2a15-509b-49b5-8009-78379e7b552c resource provider not found; error: Placement Client Error (4xx): {"errors": [{"status": 404, "title": "Not Found", "detail": "The resource could not be found.\n\n No resource provider with uuid 972b2a15-509b-49b5-8009-78379e7b552c found for delete ", "request_id": "req-cb8bbb04-5bf2-4d4f-9efb-3561db10010c"}]}
2026-07-14 19:10:33.385 9 INFO neutron.services.segments.plugin [-] Segment 972b2a15-509b-49b5-8009-78379e7b552c resource provider not found; error: Placement Client Error (4xx): {"errors": [{"status": 404, "title": "Not Found", "detail": "The resource could not be found.\n\n No resource provider with uuid 972b2a15-509b-49b5-8009-78379e7b552c found for delete ", "request_id": "req-b6a7e21c-906f-4406-8706-e9a6337a17a9"}]}
2026-07-14 19:10:33.427 9 INFO neutron.api.wsgi [None req-ab1584a0-63f8-42df-bb37-d52c30c37b24 4f14ea5444fb425298a59c61ec5268ec ce10a7aa1bc4455fa67562dc257a0766 - - default default] 10.0.0.106 "POST /v2.0/trunks HTTP/1.1" status: 201 len: 608 time: 0.2779317
2026-07-14 19:10:33.441 9 WARNING neutron_lib.context [None req-bcca26de-f6a9-412b-a034-6f21340750a8 4f14ea5444fb425298a59c61ec5268ec ce10a7aa1bc4455fa67562dc257a0766 - - default default] Method 'is_advsvc' is deprecated since 2023.2 release (neutron-lib 3.8.0) and will be removed once support for the old RBAC API policies will be removed from Neutron. Please use method 'is_service_role' instead.
2026-07-14 19:10:33.482 8 INFO neutron.plugins.ml2.drivers.ovn.mech_driver.ovsdb.commands [None req-d3f849bf-dda5-40a1-bbbe-820b3ddc4dcc - - - - - -] Schedule LRP lrp-e4c20b03-b654-463d-9119-2577da38087e on gateway 059861b6-8c47-47d7-b903-cc5656c1f4c3 with priority 1
2026-07-14 19:10:33.492 8 INFO neutron.plugins.ml2.drivers.ovn.mech_driver.mech_driver [None req-c2949d40-b2ff-41c7-bb15-de447ee6177e - - - - - -] OVN reports status up for port: e4c20b03-b654-463d-9119-2577da38087e
2026-07-14 19:10:33.512 8 INFO neutron.plugins.ml2.plugin [None req-c2949d40-b2ff-41c7-bb15-de447ee6177e - - - - - -] Attempt 1 to provision port e4c20b03-b654-463d-9119-2577da38087e
2026-07-14 19:10:33.529 8 WARNING neutron_lib.context [None req-9e8ed508-5214-4e4a-a5fc-c0ba22f3e8bf bb5688761caf495eb022bb87d163cd86 4a2f5f88d54b4f6a81bd282f73b618de - - default default] Method 'is_advsvc' is deprecated since 2023.2 release (neutron-lib 3.8.0) and will be removed once support for the old RBAC API policies will be removed from Neutron. Please use method 'is_service_role' instead.
2026-07-14 19:10:33.560 8 INFO neutron.db.ovn_revision_numbers_db [None req-557b4240-52f6-4c20-b049-15d0fd6316e6 34e79ea2b28c4e8996407b33be6b4239 bca84b1c25564147bd33bd1dbdd704ad - - default default] Successfully bumped revision number for resource e4c20b03-b654-463d-9119-2577da38087e (type: router_ports) to 1
2026-07-14 19:10:33.570 9 INFO neutron.db.segments_db [None req-bcca26de-f6a9-412b-a034-6f21340750a8 4f14ea5444fb425298a59c61ec5268ec ce10a7aa1bc4455fa67562dc257a0766 - - default default] Added segment da081426-9768-4321-8117-08aec1c6b809 of type geneve for network 97111627-cbaa-4f27-ae01-6e37ee6783b6
2026-07-14 19:10:33.639 8 WARNING neutron.scheduler.dhcp_agent_scheduler [None req-b3480753-b677-4169-8807-f80c11c29b3e d721c786d86a48a59bb8b808d9843508 093b4636a2f64a3ea82186d74bb3c4ba - - default default] No more DHCP agents
2026-07-14 19:10:33.644 8 WARNING neutron.api.rpc.agentnotifiers.dhcp_rpc_agent_api [None req-b3480753-b677-4169-8807-f80c11c29b3e d721c786d86a48a59bb8b808d9843508 093b4636a2f64a3ea82186d74bb3c4ba - - default default] Unable to schedule network 23b12904-3eb3-4582-8e62-ebaead28653e: no agents available; will retry on subsequent port and subnet creation events.
2026-07-14 19:10:33.706 9 INFO neutron.db.ovn_revision_numbers_db [None req-bcca26de-f6a9-412b-a034-6f21340750a8 4f14ea5444fb425298a59c61ec5268ec ce10a7aa1bc4455fa67562dc257a0766 - - default default] Successfully bumped revision number for resource 97111627-cbaa-4f27-ae01-6e37ee6783b6 (type: networks) to 1
2026-07-14 19:10:33.718 8 INFO neutron.db.ovn_revision_numbers_db [None req-557b4240-52f6-4c20-b049-15d0fd6316e6 34e79ea2b28c4e8996407b33be6b4239 bca84b1c25564147bd33bd1dbdd704ad - - default default] Successfully bumped revision number for resource 4753d7ed-6f31-4bc8-9043-2e9a5ced5214 (type: routers) to 2
2026-07-14 19:10:33.741 8 INFO neutron.api.wsgi [None req-557b4240-52f6-4c20-b049-15d0fd6316e6 34e79ea2b28c4e8996407b33be6b4239 bca84b1c25564147bd33bd1dbdd704ad - - default default] 10.0.0.106 "POST /v2.0/routers HTTP/1.1" status: 201 len: 1147 time: 1.7098637
2026-07-14 19:10:33.766 8 INFO neutron.db.ovn_revision_numbers_db [None req-b3480753-b677-4169-8807-f80c11c29b3e d721c786d86a48a59bb8b808d9843508 093b4636a2f64a3ea82186d74bb3c4ba - - default default] Successfully bumped revision number for resource 89b20591-1c16-4200-bb18-467d00682707 (type: ports) to 1
2026-07-14 19:10:33.804 8 INFO neutron.api.wsgi [None req-b3480753-b677-4169-8807-f80c11c29b3e d721c786d86a48a59bb8b808d9843508 093b4636a2f64a3ea82186d74bb3c4ba - - default default] 10.0.0.106 "POST /v2.0/networks HTTP/1.1" status: 201 len: 830 time: 0.7778642
2026-07-14 19:10:33.815 8 WARNING neutron_lib.context [None req-c0dd537a-b869-484f-b835-1afb6fcd26ce d721c786d86a48a59bb8b808d9843508 093b4636a2f64a3ea82186d74bb3c4ba - - default default] Method 'is_advsvc' is deprecated since 2023.2 release (neutron-lib 3.8.0) and will be removed once support for the old RBAC API policies will be removed from Neutron. Please use method 'is_service_role' instead.
2026-07-14 19:10:33.818 8 INFO neutron.db.ovn_revision_numbers_db [None req-9e8ed508-5214-4e4a-a5fc-c0ba22f3e8bf bb5688761caf495eb022bb87d163cd86 4a2f5f88d54b4f6a81bd282f73b618de - - default default] Successfully bumped revision number for resource ffa00185-5cba-4af6-904f-5b08206b65fe (type: security_groups) to 1
2026-07-14 19:10:33.834 9 INFO neutron.api.wsgi [None req-38c98f9e-1c40-4b5f-b7f7-1d7d2b84f87e 34e79ea2b28c4e8996407b33be6b4239 bca84b1c25564147bd33bd1dbdd704ad - - default default] 10.0.0.106 "GET /v2.0/routers/4753d7ed-6f31-4bc8-9043-2e9a5ced5214 HTTP/1.1" status: 200 len: 1148 time: 0.0881443
2026-07-14 19:10:33.837 8 INFO neutron.db.ovn_revision_numbers_db [None req-9e8ed508-5214-4e4a-a5fc-c0ba22f3e8bf bb5688761caf495eb022bb87d163cd86 4a2f5f88d54b4f6a81bd282f73b618de - - default default] Successfully bumped revision number for resource 034f7adb-14a1-4a37-ba49-e4d2bc459906 (type: security_group_rules) to 0
2026-07-14 19:10:33.899 8 INFO neutron.db.ovn_revision_numbers_db [None req-9e8ed508-5214-4e4a-a5fc-c0ba22f3e8bf bb5688761caf495eb022bb87d163cd86 4a2f5f88d54b4f6a81bd282f73b618de - - default default] Successfully bumped revision number for resource 26c90af2-2dcf-4369-945b-4c414f8983ef (type: security_group_rules) to 0
2026-07-14 19:10:33.935 8 INFO neutron.db.ovn_revision_numbers_db [None req-9e8ed508-5214-4e4a-a5fc-c0ba22f3e8bf bb5688761caf495eb022bb87d163cd86 4a2f5f88d54b4f6a81bd282f73b618de - - default default] Successfully bumped revision number for resource 35cb1aca-c062-4b8f-9f09-13764b416bf9 (type: security_group_rules) to 0
2026-07-14 19:10:33.950 8 INFO neutron.db.ovn_revision_numbers_db [None req-9e8ed508-5214-4e4a-a5fc-c0ba22f3e8bf bb5688761caf495eb022bb87d163cd86 4a2f5f88d54b4f6a81bd282f73b618de - - default default] Successfully bumped revision number for resource 8ec0ceaa-3a23-4d78-856b-b6f42bd78da2 (type: security_group_rules) to 0
2026-07-14 19:10:33.968 9 WARNING neutron.scheduler.dhcp_agent_scheduler [None req-bcca26de-f6a9-412b-a034-6f21340750a8 4f14ea5444fb425298a59c61ec5268ec ce10a7aa1bc4455fa67562dc257a0766 - - default default] No more DHCP agents
2026-07-14 19:10:33.969 9 WARNING neutron.api.rpc.agentnotifiers.dhcp_rpc_agent_api [None req-bcca26de-f6a9-412b-a034-6f21340750a8 4f14ea5444fb425298a59c61ec5268ec ce10a7aa1bc4455fa67562dc257a0766 - - default default] Unable to schedule network 97111627-cbaa-4f27-ae01-6e37ee6783b6: no agents available; will retry on subsequent port and subnet creation events.
2026-07-14 19:10:33.970 8 INFO neutron.api.wsgi [None req-da0b1698-14e6-4796-91a6-907a42862a5d 34e79ea2b28c4e8996407b33be6b4239 bca84b1c25564147bd33bd1dbdd704ad - - default default] 10.0.0.106 "GET /v2.0/routers HTTP/1.1" status: 200 len: 1151 time: 0.1304736
2026-07-14 19:10:33.979 8 INFO neutron.db.segments_db [None req-c0dd537a-b869-484f-b835-1afb6fcd26ce d721c786d86a48a59bb8b808d9843508 093b4636a2f64a3ea82186d74bb3c4ba - - default default] Added segment 72e798e3-2788-40d8-89f4-a4e05bf42012 of type geneve for network f96352be-95ea-444f-8df9-ee1f4c0e788d
2026-07-14 19:10:34.032 8 INFO neutron.db.segments_db [None req-9e8ed508-5214-4e4a-a5fc-c0ba22f3e8bf bb5688761caf495eb022bb87d163cd86 4a2f5f88d54b4f6a81bd282f73b618de - - default default] Added segment 3b814077-5fa1-4406-9b6a-a368fcf202e1 of type geneve for network 4edd9301-eb40-4afb-bd6d-efc016f1e087
2026-07-14 19:10:34.106 9 INFO neutron.db.ovn_revision_numbers_db [None req-bcca26de-f6a9-412b-a034-6f21340750a8 4f14ea5444fb425298a59c61ec5268ec ce10a7aa1bc4455fa67562dc257a0766 - - default default] Successfully bumped revision number for resource e04581ea-cbf8-4ba2-94b0-2da08c8abb09 (type: ports) to 1
2026-07-14 19:10:34.124 8 INFO neutron.db.ovn_revision_numbers_db [None req-c0dd537a-b869-484f-b835-1afb6fcd26ce d721c786d86a48a59bb8b808d9843508 093b4636a2f64a3ea82186d74bb3c4ba - - default default] Successfully bumped revision number for resource f96352be-95ea-444f-8df9-ee1f4c0e788d (type: networks) to 1
2026-07-14 19:10:34.131 9 INFO neutron.api.wsgi [None req-bcca26de-f6a9-412b-a034-6f21340750a8 4f14ea5444fb425298a59c61ec5268ec ce10a7aa1bc4455fa67562dc257a0766 - - default default] 10.0.0.106 "POST /v2.0/networks HTTP/1.1" status: 201 len: 830 time: 0.6967564
2026-07-14 19:10:34.140 8 WARNING neutron_lib.context [None req-ea6d96c8-cf26-4d71-bb0a-27ef8a164d79 4f14ea5444fb425298a59c61ec5268ec ce10a7aa1bc4455fa67562dc257a0766 - - default default] Method 'is_advsvc' is deprecated since 2023.2 release (neutron-lib 3.8.0) and will be removed once support for the old RBAC API policies will be removed from Neutron. Please use method 'is_service_role' instead.
2026-07-14 19:10:34.239 8 INFO neutron.db.ovn_revision_numbers_db [None req-9e8ed508-5214-4e4a-a5fc-c0ba22f3e8bf bb5688761caf495eb022bb87d163cd86 4a2f5f88d54b4f6a81bd282f73b618de - - default default] Successfully bumped revision number for resource 4edd9301-eb40-4afb-bd6d-efc016f1e087 (type: networks) to 1
2026-07-14 19:10:34.454 9 INFO neutron.db.ovn_revision_numbers_db [None req-ec12f0e2-0dfa-4c7b-aba0-a3e53ce77154 34e79ea2b28c4e8996407b33be6b4239 bca84b1c25564147bd33bd1dbdd704ad - - default default] Successfully bumped revision number for resource 4753d7ed-6f31-4bc8-9043-2e9a5ced5214 (type: routers) to 3
2026-07-14 19:10:34.460 9 INFO neutron.api.wsgi [None req-ec12f0e2-0dfa-4c7b-aba0-a3e53ce77154 34e79ea2b28c4e8996407b33be6b4239 bca84b1c25564147bd33bd1dbdd704ad - - default default] 10.0.0.106 "PUT /v2.0/routers/4753d7ed-6f31-4bc8-9043-2e9a5ced5214 HTTP/1.1" status: 200 len: 1155 time: 0.4860115
2026-07-14 19:10:34.493 8 WARNING neutron.scheduler.dhcp_agent_scheduler [None req-c0dd537a-b869-484f-b835-1afb6fcd26ce d721c786d86a48a59bb8b808d9843508 093b4636a2f64a3ea82186d74bb3c4ba - - default default] No more DHCP agents
2026-07-14 19:10:34.498 8 WARNING neutron.api.rpc.agentnotifiers.dhcp_rpc_agent_api [None req-c0dd537a-b869-484f-b835-1afb6fcd26ce d721c786d86a48a59bb8b808d9843508 093b4636a2f64a3ea82186d74bb3c4ba - - default default] Unable to schedule network f96352be-95ea-444f-8df9-ee1f4c0e788d: no agents available; will retry on subsequent port and subnet creation events.
2026-07-14 19:10:34.552 9 INFO neutron.api.wsgi [None req-6f318786-e445-4ee5-9a06-acb280208c8a 34e79ea2b28c4e8996407b33be6b4239 bca84b1c25564147bd33bd1dbdd704ad - - default default] 10.0.0.106 "GET /v2.0/routers/4753d7ed-6f31-4bc8-9043-2e9a5ced5214 HTTP/1.1" status: 200 len: 1155 time: 0.0848897
2026-07-14 19:10:34.586 9 INFO neutron.api.wsgi [None req-509b63dd-bcb3-4b68-a360-3f11023372ad 34e79ea2b28c4e8996407b33be6b4239 bca84b1c25564147bd33bd1dbdd704ad - - default default] 10.0.0.106 "GET /v2.0/ports?device_id=4753d7ed-6f31-4bc8-9043-2e9a5ced5214 HTTP/1.1" status: 200 len: 205 time: 0.0243025
2026-07-14 19:10:34.611 8 WARNING neutron.scheduler.dhcp_agent_scheduler [None req-9e8ed508-5214-4e4a-a5fc-c0ba22f3e8bf bb5688761caf495eb022bb87d163cd86 4a2f5f88d54b4f6a81bd282f73b618de - - default default] No more DHCP agents
2026-07-14 19:10:34.616 8 WARNING neutron.api.rpc.agentnotifiers.dhcp_rpc_agent_api [None req-9e8ed508-5214-4e4a-a5fc-c0ba22f3e8bf bb5688761caf495eb022bb87d163cd86 4a2f5f88d54b4f6a81bd282f73b618de - - default default] Unable to schedule network 4edd9301-eb40-4afb-bd6d-efc016f1e087: no agents available; will retry on subsequent port and subnet creation events.
2026-07-14 19:10:34.638 8 WARNING neutron.scheduler.dhcp_agent_scheduler [None req-ea6d96c8-cf26-4d71-bb0a-27ef8a164d79 4f14ea5444fb425298a59c61ec5268ec ce10a7aa1bc4455fa67562dc257a0766 - - default default] No more DHCP agents
2026-07-14 19:10:34.640 8 INFO neutron.db.ovn_revision_numbers_db [None req-c0dd537a-b869-484f-b835-1afb6fcd26ce d721c786d86a48a59bb8b808d9843508 093b4636a2f64a3ea82186d74bb3c4ba - - default default] Successfully bumped revision number for resource ee2f86a6-0e6c-45d6-bda7-6cacb01025c3 (type: ports) to 1
2026-07-14 19:10:34.645 8 WARNING neutron.api.rpc.agentnotifiers.dhcp_rpc_agent_api [None req-ea6d96c8-cf26-4d71-bb0a-27ef8a164d79 4f14ea5444fb425298a59c61ec5268ec ce10a7aa1bc4455fa67562dc257a0766 - - default default] Unable to schedule network 97111627-cbaa-4f27-ae01-6e37ee6783b6: no agents available; will retry on subsequent port and subnet creation events.
2026-07-14 19:10:34.686 8 INFO neutron.api.wsgi [None req-c0dd537a-b869-484f-b835-1afb6fcd26ce d721c786d86a48a59bb8b808d9843508 093b4636a2f64a3ea82186d74bb3c4ba - - default default] 10.0.0.106 "POST /v2.0/networks HTTP/1.1" status: 201 len: 830 time: 0.8758056 /var/lib/openstack/lib/python3.12/site-packages/pycadf/identifier.py:71: UserWarning: Invalid uuid: neutron. To ensure interoperability, identifiers should be a valid uuid. warnings.warn(('Invalid uuid: %s. To ensure interoperability, '
2026-07-14 19:10:34.697 8 WARNING neutron_lib.context [None req-58f3984b-c04c-47f4-a2c0-86edd3fb5982 d721c786d86a48a59bb8b808d9843508 093b4636a2f64a3ea82186d74bb3c4ba - - default default] Method 'is_advsvc' is deprecated since 2023.2 release (neutron-lib 3.8.0) and will be removed once support for the old RBAC API policies will be removed from Neutron. Please use method 'is_service_role' instead.
2026-07-14 19:10:34.765 8 INFO neutron.db.ovn_revision_numbers_db [None req-9e8ed508-5214-4e4a-a5fc-c0ba22f3e8bf bb5688761caf495eb022bb87d163cd86 4a2f5f88d54b4f6a81bd282f73b618de - - default default] Successfully bumped revision number for resource fae54630-c199-4dc7-a158-b9859219ad16 (type: ports) to 1
2026-07-14 19:10:34.800 8 INFO neutron.api.wsgi [None req-9e8ed508-5214-4e4a-a5fc-c0ba22f3e8bf bb5688761caf495eb022bb87d163cd86 4a2f5f88d54b4f6a81bd282f73b618de - - default default] 10.0.0.106 "POST /v2.0/networks HTTP/1.1" status: 201 len: 846 time: 1.4530754
2026-07-14 19:10:34.800 8 INFO neutron.db.ovn_revision_numbers_db [None req-ea6d96c8-cf26-4d71-bb0a-27ef8a164d79 4f14ea5444fb425298a59c61ec5268ec ce10a7aa1bc4455fa67562dc257a0766 - - default default] Successfully bumped revision number for resource 714274ba-866a-4f98-8ff2-b6f6ed23d1ac (type: ports) to 1
2026-07-14 19:10:34.827 8 INFO neutron.api.wsgi [None req-ea6d96c8-cf26-4d71-bb0a-27ef8a164d79 4f14ea5444fb425298a59c61ec5268ec ce10a7aa1bc4455fa67562dc257a0766 - - default default] 10.0.0.106 "POST /v2.0/ports HTTP/1.1" status: 201 len: 942 time: 0.6897943
2026-07-14 19:10:34.839 8 WARNING neutron_lib.context [None req-d791520b-0ebd-49f6-a094-1fd47ab3190a 4f14ea5444fb425298a59c61ec5268ec ce10a7aa1bc4455fa67562dc257a0766 - - default default] Method 'is_advsvc' is deprecated since 2023.2 release (neutron-lib 3.8.0) and will be removed once support for the old RBAC API policies will be removed from Neutron. Please use method 'is_service_role' instead.
2026-07-14 19:10:34.850 8 INFO neutron.db.segments_db [None req-58f3984b-c04c-47f4-a2c0-86edd3fb5982 d721c786d86a48a59bb8b808d9843508 093b4636a2f64a3ea82186d74bb3c4ba - - default default] Added segment 75832e9d-f8ae-46d9-94e4-d5967cd58dae of type geneve for network e1d2ce89-9fb1-4082-aabc-229e997a0293
2026-07-14 19:10:35.006 8 INFO neutron.db.ovn_revision_numbers_db [None req-58f3984b-c04c-47f4-a2c0-86edd3fb5982 d721c786d86a48a59bb8b808d9843508 093b4636a2f64a3ea82186d74bb3c4ba - - default default] Successfully bumped revision number for resource e1d2ce89-9fb1-4082-aabc-229e997a0293 (type: networks) to 1
2026-07-14 19:10:35.087 8 INFO neutron.api.wsgi [None req-d791520b-0ebd-49f6-a094-1fd47ab3190a 4f14ea5444fb425298a59c61ec5268ec ce10a7aa1bc4455fa67562dc257a0766 - - default default] 10.0.0.106 "POST /v2.0/trunks HTTP/1.1" status: 201 len: 608 time: 0.2553053
2026-07-14 19:10:35.096 8 WARNING neutron_lib.context [None req-1ec2e192-2542-468c-a0b9-99defa22d925 4f14ea5444fb425298a59c61ec5268ec ce10a7aa1bc4455fa67562dc257a0766 - - default default] Method 'is_advsvc' is deprecated since 2023.2 release (neutron-lib 3.8.0) and will be removed once support for the old RBAC API policies will be removed from Neutron. Please use method 'is_service_role' instead.
2026-07-14 19:10:35.193 8 INFO neutron.db.segments_db [None req-1ec2e192-2542-468c-a0b9-99defa22d925 4f14ea5444fb425298a59c61ec5268ec ce10a7aa1bc4455fa67562dc257a0766 - - default default] Added segment 3b930843-08b0-4a37-b146-f8393ddb780b of type geneve for network 849f8055-c850-4d2c-887d-fdd005435b84
2026-07-14 19:10:35.257 8 WARNING neutron.scheduler.dhcp_agent_scheduler [None req-58f3984b-c04c-47f4-a2c0-86edd3fb5982 d721c786d86a48a59bb8b808d9843508 093b4636a2f64a3ea82186d74bb3c4ba - - default default] No more DHCP agents
2026-07-14 19:10:35.259 8 WARNING neutron.api.rpc.agentnotifiers.dhcp_rpc_agent_api [None req-58f3984b-c04c-47f4-a2c0-86edd3fb5982 d721c786d86a48a59bb8b808d9843508 093b4636a2f64a3ea82186d74bb3c4ba - - default default] Unable to schedule network e1d2ce89-9fb1-4082-aabc-229e997a0293: no agents available; will retry on subsequent port and subnet creation events.
2026-07-14 19:10:35.338 9 WARNING neutron_lib.context [None req-50a50e3f-433b-4bb7-9e94-dda09f0d14c3 bb5688761caf495eb022bb87d163cd86 4a2f5f88d54b4f6a81bd282f73b618de - - default default] Method 'is_advsvc' is deprecated since 2023.2 release (neutron-lib 3.8.0) and will be removed once support for the old RBAC API policies will be removed from Neutron. Please use method 'is_service_role' instead.
2026-07-14 19:10:35.343 8 INFO neutron.db.ovn_revision_numbers_db [None req-58f3984b-c04c-47f4-a2c0-86edd3fb5982 d721c786d86a48a59bb8b808d9843508 093b4636a2f64a3ea82186d74bb3c4ba - - default default] Successfully bumped revision number for resource 46f3634f-1e5a-422e-a381-ae13c19f53b2 (type: ports) to 1
2026-07-14 19:10:35.345 8 INFO neutron.db.ovn_revision_numbers_db [None req-1ec2e192-2542-468c-a0b9-99defa22d925 4f14ea5444fb425298a59c61ec5268ec ce10a7aa1bc4455fa67562dc257a0766 - - default default] Successfully bumped revision number for resource 849f8055-c850-4d2c-887d-fdd005435b84 (type: networks) to 1
2026-07-14 19:10:35.347 9 INFO neutron.api.wsgi [None req-452e1900-33d5-45b1-849a-9946cb075ae5 34e79ea2b28c4e8996407b33be6b4239 bca84b1c25564147bd33bd1dbdd704ad - - default default] 10.0.0.106 "DELETE /v2.0/routers/4753d7ed-6f31-4bc8-9043-2e9a5ced5214 HTTP/1.1" status: 204 len: 168 time: 0.7564406
2026-07-14 19:10:35.373 9 INFO neutron.api.wsgi [None req-bf688f39-500a-439e-ab67-cac274dbc379 34e79ea2b28c4e8996407b33be6b4239 bca84b1c25564147bd33bd1dbdd704ad - - default default] 10.0.0.106 "GET /v2.0/ports?device_id=4753d7ed-6f31-4bc8-9043-2e9a5ced5214 HTTP/1.1" status: 200 len: 205 time: 0.0193133
2026-07-14 19:10:35.374 8 INFO neutron.api.wsgi [None req-58f3984b-c04c-47f4-a2c0-86edd3fb5982 d721c786d86a48a59bb8b808d9843508 093b4636a2f64a3ea82186d74bb3c4ba - - default default] 10.0.0.106 "POST /v2.0/networks HTTP/1.1" status: 201 len: 830 time: 0.6814206
2026-07-14 19:10:35.385 9 WARNING neutron_lib.context [None req-83159bb8-cda0-45a5-8b5a-c41ee4106366 d721c786d86a48a59bb8b808d9843508 093b4636a2f64a3ea82186d74bb3c4ba - - default default] Method 'is_advsvc' is deprecated since 2023.2 release (neutron-lib 3.8.0) and will be removed once support for the old RBAC API policies will be removed from Neutron. Please use method 'is_service_role' instead.
2026-07-14 19:10:35.394 8 INFO neutron.api.v2.resource [None req-91347b68-15ed-4f03-9385-54eed579c8e4 34e79ea2b28c4e8996407b33be6b4239 bca84b1c25564147bd33bd1dbdd704ad - - default default] delete failed (client error): The resource could not be found.
2026-07-14 19:10:35.395 8 INFO neutron.api.wsgi [None req-91347b68-15ed-4f03-9385-54eed579c8e4 34e79ea2b28c4e8996407b33be6b4239 bca84b1c25564147bd33bd1dbdd704ad - - default default] 10.0.0.106 "DELETE /v2.0/routers/4753d7ed-6f31-4bc8-9043-2e9a5ced5214 HTTP/1.1" status: 404 len: 336 time: 0.0182662
2026-07-14 19:10:35.419 8 INFO neutron.api.wsgi [None req-d54a1e2d-37a4-4b22-be97-aea2ecfc4632 34e79ea2b28c4e8996407b33be6b4239 bca84b1c25564147bd33bd1dbdd704ad - - default default] 10.0.0.106 "GET /v2.0/ports?device_id=7b36f549-2cf5-4990-94a1-8a8164d5b604 HTTP/1.1" status: 200 len: 205 time: 0.0187643
2026-07-14 19:10:35.446 9 INFO neutron.api.v2.resource [None req-9a2f3ad2-7dbf-46e9-8e5d-adf27bc96633 34e79ea2b28c4e8996407b33be6b4239 bca84b1c25564147bd33bd1dbdd704ad - - default default] delete failed (client error): The resource could not be found.
2026-07-14 19:10:35.447 9 INFO neutron.api.wsgi [None req-9a2f3ad2-7dbf-46e9-8e5d-adf27bc96633 34e79ea2b28c4e8996407b33be6b4239 bca84b1c25564147bd33bd1dbdd704ad - - default default] 10.0.0.106 "DELETE /v2.0/routers/7b36f549-2cf5-4990-94a1-8a8164d5b604 HTTP/1.1" status: 404 len: 336 time: 0.0226445
2026-07-14 19:10:35.466 8 INFO neutron.pecan_wsgi.hooks.translation [None req-3e5d7f2b-fd0a-4821-a2a3-b2331cf43659 34e79ea2b28c4e8996407b33be6b4239 bca84b1c25564147bd33bd1dbdd704ad - - default default] DELETE failed (client error): The resource could not be found.
2026-07-14 19:10:35.468 8 INFO neutron.api.wsgi [None req-3e5d7f2b-fd0a-4821-a2a3-b2331cf43659 34e79ea2b28c4e8996407b33be6b4239 bca84b1c25564147bd33bd1dbdd704ad - - default default] 10.0.0.106 "DELETE /v2.0/subnets/5e385f63-4dce-4ef8-b0c0-9e7da60097ed HTTP/1.1" status: 404 len: 337 time: 0.0161591
2026-07-14 19:10:35.502 9 INFO neutron.api.wsgi [None req-308a3869-01bb-4524-b554-ef0065d5ba3a 34e79ea2b28c4e8996407b33be6b4239 bca84b1c25564147bd33bd1dbdd704ad - - default default] 10.0.0.106 "GET /v2.0/ports?device_id=dd467544-7324-42fb-8063-6da699f6b629 HTTP/1.1" status: 200 len: 205 time: 0.0288584
2026-07-14 19:10:35.510 9 INFO neutron.db.segments_db [None req-83159bb8-cda0-45a5-8b5a-c41ee4106366 d721c786d86a48a59bb8b808d9843508 093b4636a2f64a3ea82186d74bb3c4ba - - default default] Added segment baef1662-f579-4494-9a53-53cca42da97b of type geneve for network b0e0e591-b2aa-4298-b932-42efd82c8139
2026-07-14 19:10:35.533 8 INFO neutron.api.v2.resource [None req-59b054ed-d4f5-4125-8e7f-e6dfa82c6ce4 34e79ea2b28c4e8996407b33be6b4239 bca84b1c25564147bd33bd1dbdd704ad - - default default] delete failed (client error): The resource could not be found.
2026-07-14 19:10:35.534 8 INFO neutron.api.wsgi [None req-59b054ed-d4f5-4125-8e7f-e6dfa82c6ce4 34e79ea2b28c4e8996407b33be6b4239 bca84b1c25564147bd33bd1dbdd704ad - - default default] 10.0.0.106 "DELETE /v2.0/routers/dd467544-7324-42fb-8063-6da699f6b629 HTTP/1.1" status: 404 len: 336 time: 0.0272923
2026-07-14 19:10:35.547 9 WARNING neutron.plugins.ml2.drivers.ovn.mech_driver.ovsdb.ovn_client [None req-65db7cc7-5aa3-424a-b1df-e026dd06c41b - - - - - -] No port found with ID cd232fbd-e3eb-4aed-b395-bc7963500672: RuntimeError: No port found with ID cd232fbd-e3eb-4aed-b395-bc7963500672
2026-07-14 19:10:35.552 8 INFO neutron.pecan_wsgi.hooks.translation [None req-83d0b0d5-de03-4f94-8581-237a5d34db04 34e79ea2b28c4e8996407b33be6b4239 bca84b1c25564147bd33bd1dbdd704ad - - default default] DELETE failed (client error): The resource could not be found.
2026-07-14 19:10:35.554 8 INFO neutron.api.wsgi [None req-83d0b0d5-de03-4f94-8581-237a5d34db04 34e79ea2b28c4e8996407b33be6b4239 bca84b1c25564147bd33bd1dbdd704ad - - default default] 10.0.0.106 "DELETE /v2.0/subnets/7e9908af-ac7f-40d7-b98c-4658c5fe5c74 HTTP/1.1" status: 404 len: 337 time: 0.0129478
2026-07-14 19:10:35.577 8 INFO neutron.api.wsgi [None req-d80ae818-53d8-4f51-a9b4-882cb1820a72 34e79ea2b28c4e8996407b33be6b4239 bca84b1c25564147bd33bd1dbdd704ad - - default default] 10.0.0.106 "GET /v2.0/ports?device_id=fb5d6db8-24bc-4d10-bae0-faf208a37f98 HTTP/1.1" status: 200 len: 205 time: 0.0192738
2026-07-14 19:10:35.589 8 WARNING neutron.scheduler.dhcp_agent_scheduler [None req-1ec2e192-2542-468c-a0b9-99defa22d925 4f14ea5444fb425298a59c61ec5268ec ce10a7aa1bc4455fa67562dc257a0766 - - default default] No more DHCP agents
2026-07-14 19:10:35.590 8 WARNING neutron.api.rpc.agentnotifiers.dhcp_rpc_agent_api [None req-1ec2e192-2542-468c-a0b9-99defa22d925 4f14ea5444fb425298a59c61ec5268ec ce10a7aa1bc4455fa67562dc257a0766 - - default default] Unable to schedule network 849f8055-c850-4d2c-887d-fdd005435b84: no agents available; will retry on subsequent port and subnet creation events.
2026-07-14 19:10:35.600 8 INFO neutron.api.v2.resource [None req-104d254a-d052-4552-9fa6-d181e9fb5035 34e79ea2b28c4e8996407b33be6b4239 bca84b1c25564147bd33bd1dbdd704ad - - default default] delete failed (client error): The resource could not be found.
2026-07-14 19:10:35.601 8 INFO neutron.api.wsgi [None req-104d254a-d052-4552-9fa6-d181e9fb5035 34e79ea2b28c4e8996407b33be6b4239 bca84b1c25564147bd33bd1dbdd704ad - - default default] 10.0.0.106 "DELETE /v2.0/routers/fb5d6db8-24bc-4d10-bae0-faf208a37f98 HTTP/1.1" status: 404 len: 336 time: 0.0185964
2026-07-14 19:10:35.617 8 INFO neutron.pecan_wsgi.hooks.translation [None req-c647747c-7f0e-4b28-bb24-9893e3de21db 34e79ea2b28c4e8996407b33be6b4239 bca84b1c25564147bd33bd1dbdd704ad - - default default] DELETE failed (client error): The resource could not be found.
2026-07-14 19:10:35.620 8 INFO neutron.api.wsgi [None req-c647747c-7f0e-4b28-bb24-9893e3de21db 34e79ea2b28c4e8996407b33be6b4239 bca84b1c25564147bd33bd1dbdd704ad - - default default] 10.0.0.106 "DELETE /v2.0/subnets/d80ef1d4-8999-46e5-aafc-3159a6f70c3a HTTP/1.1" status: 404 len: 337 time: 0.0156302
2026-07-14 19:10:35.637 8 INFO neutron.pecan_wsgi.hooks.translation [None req-c404e703-7e33-4bd6-9e9f-70e9cb24f7ac 34e79ea2b28c4e8996407b33be6b4239 bca84b1c25564147bd33bd1dbdd704ad - - default default] DELETE failed (client error): The resource could not be found.
2026-07-14 19:10:35.640 8 INFO neutron.api.wsgi [None req-c404e703-7e33-4bd6-9e9f-70e9cb24f7ac 34e79ea2b28c4e8996407b33be6b4239 bca84b1c25564147bd33bd1dbdd704ad - - default default] 10.0.0.106 "DELETE /v2.0/subnets/dac815eb-a743-422d-a7e0-e550602c728a HTTP/1.1" status: 404 len: 337 time: 0.0148783
2026-07-14 19:10:35.648 9 WARNING neutron.scheduler.dhcp_agent_scheduler [None req-50a50e3f-433b-4bb7-9e94-dda09f0d14c3 bb5688761caf495eb022bb87d163cd86 4a2f5f88d54b4f6a81bd282f73b618de - - default default] No more DHCP agents
2026-07-14 19:10:35.661 9 WARNING neutron.api.rpc.agentnotifiers.dhcp_rpc_agent_api [None req-50a50e3f-433b-4bb7-9e94-dda09f0d14c3 bb5688761caf495eb022bb87d163cd86 4a2f5f88d54b4f6a81bd282f73b618de - - default default] Unable to schedule network 4edd9301-eb40-4afb-bd6d-efc016f1e087: no agents available; will retry on subsequent port and subnet creation events.
2026-07-14 19:10:35.698 8 INFO neutron.db.ovn_revision_numbers_db [None req-1ec2e192-2542-468c-a0b9-99defa22d925 4f14ea5444fb425298a59c61ec5268ec ce10a7aa1bc4455fa67562dc257a0766 - - default default] Successfully bumped revision number for resource 4533fb8f-a003-4145-b66d-588d73c04d9b (type: ports) to 1
2026-07-14 19:10:35.700 9 INFO neutron.db.ovn_revision_numbers_db [None req-83159bb8-cda0-45a5-8b5a-c41ee4106366 d721c786d86a48a59bb8b808d9843508 093b4636a2f64a3ea82186d74bb3c4ba - - default default] Successfully bumped revision number for resource b0e0e591-b2aa-4298-b932-42efd82c8139 (type: networks) to 1
2026-07-14 19:10:35.701 9 INFO neutron.db.ovn_revision_numbers_db [None req-50a50e3f-433b-4bb7-9e94-dda09f0d14c3 bb5688761caf495eb022bb87d163cd86 4a2f5f88d54b4f6a81bd282f73b618de - - default default] Successfully bumped revision number for resource bffa9bef-810c-461e-b5ce-0e28c5f02c67 (type: subnets) to 0
2026-07-14 19:10:35.719 8 INFO neutron.api.wsgi [None req-1ec2e192-2542-468c-a0b9-99defa22d925 4f14ea5444fb425298a59c61ec5268ec ce10a7aa1bc4455fa67562dc257a0766 - - default default] 10.0.0.106 "POST /v2.0/networks HTTP/1.1" status: 201 len: 830 time: 0.6270633
