2026-07-14 18:25:42.029 12 ERROR neutron.plugins.ml2.drivers.ovn.mech_driver.ovsdb.ovsdb_monitor [None req-6cad70be-ec61-4e3f-ab0f-b295854c4860 - - - - - -] HashRing is empty, error: Hash Ring returned empty when hashing "b'78bdb097-c3f7-4107-938f-ab4623048484'". All 0 nodes were found offline. This should never happen in a normal situation, please check the status of your cluster: neutron.common.ovn.exceptions.HashRingIsEmpty: Hash Ring returned empty when hashing "b'78bdb097-c3f7-4107-938f-ab4623048484'". All 0 nodes were found offline. This should never happen in a normal situation, please check the status of your cluster
2026-07-14 18:25:42.030 12 INFO neutron.plugins.ml2.drivers.ovn.mech_driver.ovsdb.impl_idl_ovn [None req-6cad70be-ec61-4e3f-ab0f-b295854c4860 - - - - - -] Getting OvsdbSbOvnIdl for RpcWorker with retry
2026-07-14 18:25:42.053 11 INFO ovsdbapp.backend.ovs_idl.vlog [None req-3f28c120-7edc-4b22-9888-08d17e60d7d2 - - - - - -] tcp:10.97.178.198:6642: connecting...
2026-07-14 18:25:42.053 11 INFO ovsdbapp.backend.ovs_idl.vlog [None req-3f28c120-7edc-4b22-9888-08d17e60d7d2 - - - - - -] tcp:10.97.178.198:6642: connected
2026-07-14 18:25:42.055 12 INFO ovsdbapp.backend.ovs_idl.vlog [None req-6cad70be-ec61-4e3f-ab0f-b295854c4860 - - - - - -] tcp:10.97.178.198:6642: connecting...
2026-07-14 18:25:42.056 12 INFO ovsdbapp.backend.ovs_idl.vlog [None req-6cad70be-ec61-4e3f-ab0f-b295854c4860 - - - - - -] tcp:10.97.178.198:6642: connected
2026-07-14 18:25:42.092 11 ERROR neutron.plugins.ml2.drivers.ovn.mech_driver.ovsdb.ovsdb_monitor [None req-3f28c120-7edc-4b22-9888-08d17e60d7d2 - - - - - -] HashRing is empty, error: Hash Ring returned empty when hashing "b'34043cf4-e8bf-4557-8435-b44405977c67'". All 0 nodes were found offline. This should never happen in a normal situation, please check the status of your cluster: neutron.common.ovn.exceptions.HashRingIsEmpty: Hash Ring returned empty when hashing "b'34043cf4-e8bf-4557-8435-b44405977c67'". All 0 nodes were found offline. This should never happen in a normal situation, please check the status of your cluster
2026-07-14 18:25:42.093 12 ERROR neutron.plugins.ml2.drivers.ovn.mech_driver.ovsdb.ovsdb_monitor [None req-6cad70be-ec61-4e3f-ab0f-b295854c4860 - - - - - -] HashRing is empty, error: Hash Ring returned empty when hashing "b'34043cf4-e8bf-4557-8435-b44405977c67'". All 0 nodes were found offline. This should never happen in a normal situation, please check the status of your cluster: neutron.common.ovn.exceptions.HashRingIsEmpty: Hash Ring returned empty when hashing "b'34043cf4-e8bf-4557-8435-b44405977c67'". All 0 nodes were found offline. This should never happen in a normal situation, please check the status of your cluster
2026-07-14 18:25:42.100 11 ERROR neutron.plugins.ml2.drivers.ovn.mech_driver.ovsdb.ovsdb_monitor [None req-3f28c120-7edc-4b22-9888-08d17e60d7d2 - - - - - -] HashRing is empty, error: Hash Ring returned empty when hashing "b'490a5065-384b-47da-85c1-f876d08a76e8'". All 0 nodes were found offline. This should never happen in a normal situation, please check the status of your cluster: neutron.common.ovn.exceptions.HashRingIsEmpty: Hash Ring returned empty when hashing "b'490a5065-384b-47da-85c1-f876d08a76e8'". All 0 nodes were found offline. This should never happen in a normal situation, please check the status of your cluster
2026-07-14 18:25:42.101 12 ERROR neutron.plugins.ml2.drivers.ovn.mech_driver.ovsdb.ovsdb_monitor [None req-6cad70be-ec61-4e3f-ab0f-b295854c4860 - - - - - -] HashRing is empty, error: Hash Ring returned empty when hashing "b'490a5065-384b-47da-85c1-f876d08a76e8'". All 0 nodes were found offline. This should never happen in a normal situation, please check the status of your cluster: neutron.common.ovn.exceptions.HashRingIsEmpty: Hash Ring returned empty when hashing "b'490a5065-384b-47da-85c1-f876d08a76e8'". All 0 nodes were found offline. This should never happen in a normal situation, please check the status of your cluster
2026-07-14 18:25:42.106 14 INFO neutron.plugins.ml2.drivers.ovn.mech_driver.ovsdb.maintenance [None req-f0fee717-243e-44f4-8588-88270ce2fd9a - - - - - -] OVN maintenance task check_baremetal_ports_dhcp_options finished in 0.035 seconds
2026-07-14 18:25:42.107 14 INFO neutron.plugins.ml2.drivers.ovn.mech_driver.ovsdb.maintenance [None req-f0fee717-243e-44f4-8588-88270ce2fd9a - - - - - -] OVN maintenance task check_fair_meter_consistency finished in 0.000 seconds
2026-07-14 18:25:42.112 12 ERROR neutron.plugins.ml2.drivers.ovn.mech_driver.ovsdb.ovsdb_monitor [None req-6cad70be-ec61-4e3f-ab0f-b295854c4860 - - - - - -] HashRing is empty, error: Hash Ring returned empty when hashing "b'd8d8fd56-5907-4d40-a114-243ff50ead00'". All 0 nodes were found offline. This should never happen in a normal situation, please check the status of your cluster: neutron.common.ovn.exceptions.HashRingIsEmpty: Hash Ring returned empty when hashing "b'd8d8fd56-5907-4d40-a114-243ff50ead00'". All 0 nodes were found offline. This should never happen in a normal situation, please check the status of your cluster
2026-07-14 18:25:42.112 11 ERROR neutron.plugins.ml2.drivers.ovn.mech_driver.ovsdb.ovsdb_monitor [None req-3f28c120-7edc-4b22-9888-08d17e60d7d2 - - - - - -] HashRing is empty, error: Hash Ring returned empty when hashing "b'd8d8fd56-5907-4d40-a114-243ff50ead00'". All 0 nodes were found offline. This should never happen in a normal situation, please check the status of your cluster: neutron.common.ovn.exceptions.HashRingIsEmpty: Hash Ring returned empty when hashing "b'd8d8fd56-5907-4d40-a114-243ff50ead00'". All 0 nodes were found offline. This should never happen in a normal situation, please check the status of your cluster
2026-07-14 18:25:42.121 11 ERROR neutron.plugins.ml2.drivers.ovn.mech_driver.ovsdb.ovsdb_monitor [None req-3f28c120-7edc-4b22-9888-08d17e60d7d2 - - - - - -] HashRing is empty, error: Hash Ring returned empty when hashing "b'6b099fb1-0a9d-4ab8-97e7-425f5fe2c98d'". All 0 nodes were found offline. This should never happen in a normal situation, please check the status of your cluster: neutron.common.ovn.exceptions.HashRingIsEmpty: Hash Ring returned empty when hashing "b'6b099fb1-0a9d-4ab8-97e7-425f5fe2c98d'". All 0 nodes were found offline. This should never happen in a normal situation, please check the status of your cluster
2026-07-14 18:25:42.121 12 ERROR neutron.plugins.ml2.drivers.ovn.mech_driver.ovsdb.ovsdb_monitor [None req-6cad70be-ec61-4e3f-ab0f-b295854c4860 - - - - - -] HashRing is empty, error: Hash Ring returned empty when hashing "b'6b099fb1-0a9d-4ab8-97e7-425f5fe2c98d'". All 0 nodes were found offline. This should never happen in a normal situation, please check the status of your cluster: neutron.common.ovn.exceptions.HashRingIsEmpty: Hash Ring returned empty when hashing "b'6b099fb1-0a9d-4ab8-97e7-425f5fe2c98d'". All 0 nodes were found offline. This should never happen in a normal situation, please check the status of your cluster
2026-07-14 18:25:42.127 14 INFO neutron.plugins.ml2.drivers.ovn.mech_driver.ovsdb.maintenance [None req-f0fee717-243e-44f4-8588-88270ce2fd9a - - - - - -] OVN maintenance task check_fdb_aging_settings finished in 0.019 seconds
2026-07-14 18:25:42.128 14 INFO neutron.plugins.ml2.drivers.ovn.mech_driver.ovsdb.maintenance [None req-f0fee717-243e-44f4-8588-88270ce2fd9a - - - - - -] OVN maintenance task check_for_ha_chassis_group finished in 0.001 seconds
2026-07-14 18:25:42.129 14 INFO neutron.plugins.ml2.drivers.ovn.mech_driver.ovsdb.maintenance [None req-f0fee717-243e-44f4-8588-88270ce2fd9a - - - - - -] OVN maintenance task check_for_igmp_snoop_support finished in 0.000 seconds
2026-07-14 18:25:42.134 11 ERROR neutron.plugins.ml2.drivers.ovn.mech_driver.ovsdb.ovsdb_monitor [None req-3f28c120-7edc-4b22-9888-08d17e60d7d2 - - - - - -] HashRing is empty, error: Hash Ring returned empty when hashing "b'84d62ed8-fefc-4093-aa1e-17c058346a8f'". All 0 nodes were found offline. This should never happen in a normal situation, please check the status of your cluster: neutron.common.ovn.exceptions.HashRingIsEmpty: Hash Ring returned empty when hashing "b'84d62ed8-fefc-4093-aa1e-17c058346a8f'". All 0 nodes were found offline. This should never happen in a normal situation, please check the status of your cluster
2026-07-14 18:25:42.134 12 ERROR neutron.plugins.ml2.drivers.ovn.mech_driver.ovsdb.ovsdb_monitor [None req-6cad70be-ec61-4e3f-ab0f-b295854c4860 - - - - - -] HashRing is empty, error: Hash Ring returned empty when hashing "b'84d62ed8-fefc-4093-aa1e-17c058346a8f'". All 0 nodes were found offline. This should never happen in a normal situation, please check the status of your cluster: neutron.common.ovn.exceptions.HashRingIsEmpty: Hash Ring returned empty when hashing "b'84d62ed8-fefc-4093-aa1e-17c058346a8f'". All 0 nodes were found offline. This should never happen in a normal situation, please check the status of your cluster
2026-07-14 18:25:42.136 11 INFO neutron.plugins.ml2.drivers.ovn.mech_driver.mech_driver [None req-3f28c120-7edc-4b22-9888-08d17e60d7d2 - - - - - -] RpcWorker process has finished the post initialization
2026-07-14 18:25:42.136 12 INFO neutron.plugins.ml2.drivers.ovn.mech_driver.mech_driver [None req-6cad70be-ec61-4e3f-ab0f-b295854c4860 - - - - - -] RpcWorker process has finished the post initialization
2026-07-14 18:25:42.141 14 INFO neutron.plugins.ml2.drivers.ovn.mech_driver.ovsdb.maintenance [None req-f0fee717-243e-44f4-8588-88270ce2fd9a - - - - - -] OVN maintenance task check_for_inconsistencies finished in 0.012 seconds
2026-07-14 18:25:42.142 14 INFO neutron.plugins.ml2.drivers.ovn.mech_driver.ovsdb.maintenance [None req-f0fee717-243e-44f4-8588-88270ce2fd9a - - - - - -] OVN maintenance task check_global_dhcp_opts finished in 0.000 seconds
2026-07-14 18:25:42.143 14 INFO neutron.plugins.ml2.drivers.ovn.mech_driver.ovsdb.maintenance [None req-f0fee717-243e-44f4-8588-88270ce2fd9a - - - - - -] OVN maintenance task check_localnet_port_has_learn_fdb finished in 0.000 seconds
2026-07-14 18:25:42.157 14 INFO neutron.plugins.ml2.drivers.ovn.mech_driver.ovsdb.maintenance [None req-f0fee717-243e-44f4-8588-88270ce2fd9a - - - - - -] OVN maintenance task check_network_broadcast_arps_to_all_routers finished in 0.014 seconds
2026-07-14 18:25:42.162 12 ERROR neutron.plugins.ml2.drivers.ovn.mech_driver.ovsdb.ovsdb_monitor [-] HashRing is empty, error: Hash Ring returned empty when hashing "b'd1cd5ec7-936f-428b-99d3-b34dcff2cfa3'". All 0 nodes were found offline. This should never happen in a normal situation, please check the status of your cluster: neutron.common.ovn.exceptions.HashRingIsEmpty: Hash Ring returned empty when hashing "b'd1cd5ec7-936f-428b-99d3-b34dcff2cfa3'". All 0 nodes were found offline. This should never happen in a normal situation, please check the status of your cluster
2026-07-14 18:25:42.164 11 ERROR neutron.plugins.ml2.drivers.ovn.mech_driver.ovsdb.ovsdb_monitor [-] HashRing is empty, error: Hash Ring returned empty when hashing "b'd1cd5ec7-936f-428b-99d3-b34dcff2cfa3'". All 0 nodes were found offline. This should never happen in a normal situation, please check the status of your cluster: neutron.common.ovn.exceptions.HashRingIsEmpty: Hash Ring returned empty when hashing "b'd1cd5ec7-936f-428b-99d3-b34dcff2cfa3'". All 0 nodes were found offline. This should never happen in a normal situation, please check the status of your cluster
2026-07-14 18:25:42.175 14 INFO neutron.plugins.ml2.drivers.ovn.mech_driver.ovsdb.maintenance [None req-f0fee717-243e-44f4-8588-88270ce2fd9a - - - - - -] OVN maintenance task check_provider_distributed_ports finished in 0.017 seconds
2026-07-14 18:25:42.203 14 INFO neutron.plugins.ml2.drivers.ovn.mech_driver.ovsdb.maintenance [None req-f0fee717-243e-44f4-8588-88270ce2fd9a - - - - - -] OVN maintenance task check_redirect_type_router_gateway_ports finished in 0.027 seconds
2026-07-14 18:25:42.204 14 INFO neutron.plugins.ml2.drivers.ovn.mech_driver.ovsdb.maintenance [None req-f0fee717-243e-44f4-8588-88270ce2fd9a - - - - - -] OVN maintenance task check_router_default_route_empty_dst_ip finished in 0.000 seconds
2026-07-14 18:25:42.482 8 INFO neutron.db.ovn_hash_ring_db [None req-77893f66-8896-4817-b3ef-e6be514737d7 - - - - - -] Node ad401162-e0f8-4b8b-bcf4-ae06d00a67a7 from host "neutron-server-698c67cf4c-bd2pm" and group "mechanism_driver" added to the Hash Ring
2026-07-14 18:25:42.482 14 INFO neutron.db.ovn_hash_ring_db [None req-f0fee717-243e-44f4-8588-88270ce2fd9a - - - - - -] Cleaned up Hash Ring nodes older than 5 days
2026-07-14 18:25:42.482 14 INFO neutron.plugins.ml2.drivers.ovn.mech_driver.ovsdb.maintenance [None req-f0fee717-243e-44f4-8588-88270ce2fd9a - - - - - -] OVN maintenance task cleanup_old_hash_ring_nodes finished in 0.278 seconds
2026-07-14 18:25:42.484 8 INFO neutron.plugins.ml2.drivers.ovn.mech_driver.mech_driver [None req-77893f66-8896-4817-b3ef-e6be514737d7 - - - - - -] Hash Ring probing thread has started
2026-07-14 18:25:42.486 8 INFO neutron.plugins.ml2.drivers.ovn.mech_driver.ovsdb.impl_idl_ovn [None req-77893f66-8896-4817-b3ef-e6be514737d7 - - - - - -] Getting OvsdbNbOvnIdl for WorkerService with retry
2026-07-14 18:25:42.489 14 INFO neutron.plugins.ml2.drivers.ovn.mech_driver.ovsdb.maintenance [None req-f0fee717-243e-44f4-8588-88270ce2fd9a - - - - - -] OVN maintenance task configure_nb_global finished in 0.006 seconds
2026-07-14 18:25:42.523 8 INFO ovsdbapp.backend.ovs_idl.vlog [None req-77893f66-8896-4817-b3ef-e6be514737d7 - - - - - -] tcp:10.110.86.97:6641: connecting...
2026-07-14 18:25:42.523 8 INFO ovsdbapp.backend.ovs_idl.vlog [None req-77893f66-8896-4817-b3ef-e6be514737d7 - - - - - -] tcp:10.110.86.97:6641: connected
2026-07-14 18:25:42.527 14 INFO neutron.plugins.ml2.drivers.ovn.mech_driver.ovsdb.maintenance [None req-f0fee717-243e-44f4-8588-88270ce2fd9a - - - - - -] OVN maintenance task set_fip_distributed_flag finished in 0.004 seconds
2026-07-14 18:25:42.533 14 INFO neutron.plugins.ml2.drivers.ovn.mech_driver.ovsdb.maintenance [None req-f0fee717-243e-44f4-8588-88270ce2fd9a - - - - - -] OVN maintenance task set_network_type finished in 0.006 seconds
2026-07-14 18:25:42.536 14 INFO neutron.plugins.ml2.drivers.ovn.mech_driver.ovsdb.maintenance [None req-f0fee717-243e-44f4-8588-88270ce2fd9a - - - - - -] OVN maintenance task update_mac_aging_settings finished in 0.001 seconds
2026-07-14 18:25:42.542 14 INFO neutron.plugins.ml2.drivers.ovn.mech_driver.ovsdb.maintenance [None req-f0fee717-243e-44f4-8588-88270ce2fd9a - - - - - -] OVN maintenance task update_router_distributed_flag finished in 0.006 seconds
2026-07-14 18:25:42.543 14 INFO neutron.plugins.ml2.drivers.ovn.mech_driver.ovsdb.maintenance [None req-f0fee717-243e-44f4-8588-88270ce2fd9a - - - - - -] OVN maintenance task update_router_static_routes finished in 0.000 seconds
2026-07-14 18:25:42.572 14 INFO neutron.plugins.ml2.drivers.ovn.mech_driver.ovsdb.maintenance [None req-f0fee717-243e-44f4-8588-88270ce2fd9a - - - - - -] OVN maintenance task update_security_group_with_address_group finished in 0.028 seconds
2026-07-14 18:25:42.580 9 INFO neutron.db.ovn_hash_ring_db [None req-02b6cbef-44ce-4168-be64-c81549b69ef9 - - - - - -] Node e0224dc5-2ba7-4cb3-a1bc-b4c02244ca10 from host "neutron-server-698c67cf4c-bd2pm" and group "mechanism_driver" added to the Hash Ring
2026-07-14 18:25:42.582 9 INFO neutron.plugins.ml2.drivers.ovn.mech_driver.ovsdb.impl_idl_ovn [None req-02b6cbef-44ce-4168-be64-c81549b69ef9 - - - - - -] Getting OvsdbNbOvnIdl for WorkerService with retry
2026-07-14 18:25:42.606 8 INFO neutron.plugins.ml2.drivers.ovn.mech_driver.ovsdb.impl_idl_ovn [None req-77893f66-8896-4817-b3ef-e6be514737d7 - - - - - -] Getting OvsdbSbOvnIdl for WorkerService with retry
2026-07-14 18:25:42.614 9 INFO ovsdbapp.backend.ovs_idl.vlog [None req-02b6cbef-44ce-4168-be64-c81549b69ef9 - - - - - -] tcp:10.110.86.97:6641: connecting...
2026-07-14 18:25:42.614 9 INFO ovsdbapp.backend.ovs_idl.vlog [None req-02b6cbef-44ce-4168-be64-c81549b69ef9 - - - - - -] tcp:10.110.86.97:6641: connected
2026-07-14 18:25:42.632 8 INFO ovsdbapp.backend.ovs_idl.vlog [None req-77893f66-8896-4817-b3ef-e6be514737d7 - - - - - -] tcp:10.97.178.198:6642: connecting...
2026-07-14 18:25:42.632 8 INFO ovsdbapp.backend.ovs_idl.vlog [None req-77893f66-8896-4817-b3ef-e6be514737d7 - - - - - -] tcp:10.97.178.198:6642: connected
2026-07-14 18:25:42.673 9 INFO neutron.plugins.ml2.drivers.ovn.mech_driver.ovsdb.impl_idl_ovn [None req-02b6cbef-44ce-4168-be64-c81549b69ef9 - - - - - -] Getting OvsdbSbOvnIdl for WorkerService with retry
2026-07-14 18:25:42.689 8 INFO neutron.plugins.ml2.drivers.ovn.mech_driver.mech_driver [None req-77893f66-8896-4817-b3ef-e6be514737d7 - - - - - -] WorkerService process has finished the post initialization
2026-07-14 18:25:42.690 8 INFO neutron.api.wsgi [-] (8) wsgi starting up on http://0.0.0.0:9696
2026-07-14 18:25:42.693 9 INFO ovsdbapp.backend.ovs_idl.vlog [None req-02b6cbef-44ce-4168-be64-c81549b69ef9 - - - - - -] tcp:10.97.178.198:6642: connecting...
2026-07-14 18:25:42.693 9 INFO ovsdbapp.backend.ovs_idl.vlog [None req-02b6cbef-44ce-4168-be64-c81549b69ef9 - - - - - -] tcp:10.97.178.198:6642: connected
2026-07-14 18:25:42.726 9 INFO neutron.plugins.ml2.drivers.ovn.mech_driver.mech_driver [None req-02b6cbef-44ce-4168-be64-c81549b69ef9 - - - - - -] WorkerService process has finished the post initialization
2026-07-14 18:25:42.728 9 INFO neutron.api.wsgi [-] (9) wsgi starting up on http://0.0.0.0:9696
2026-07-14 18:25:47.456 8 INFO neutron.api.wsgi [-] 10.0.0.254 "GET / HTTP/1.1" status: 200 len: 246 time: 0.0060313 /var/lib/openstack/lib/python3.12/site-packages/pycadf/identifier.py:71: UserWarning: Invalid uuid: unknown. To ensure interoperability, identifiers should be a valid uuid. warnings.warn(('Invalid uuid: %s. To ensure interoperability, '
2026-07-14 18:25:50.185 8 INFO neutron.pecan_wsgi.hooks.translation [None req-d7b7e9f7-5591-4beb-a21f-586a15997312 d54ab789ab764360a301b092e529a1de 944992dde62c4080abe7a663032008a4 - - default default] GET failed (client error): The resource could not be found.
2026-07-14 18:25:50.187 8 INFO neutron.api.wsgi [None req-d7b7e9f7-5591-4beb-a21f-586a15997312 d54ab789ab764360a301b092e529a1de 944992dde62c4080abe7a663032008a4 - - default default] 199.19.213.166,10.0.0.254 "GET /v2.0/networks/public HTTP/1.1" status: 404 len: 290 time: 0.9363101
2026-07-14 18:25:50.210 8 INFO neutron.api.wsgi [None req-af3deff6-d52a-4db9-953d-8744c0106085 d54ab789ab764360a301b092e529a1de 944992dde62c4080abe7a663032008a4 - - default default] 199.19.213.166,10.0.0.254 "GET /v2.0/networks?name=public HTTP/1.1" status: 200 len: 189 time: 0.0193219
2026-07-14 18:25:51.121 8 INFO neutron.plugins.ml2.drivers.ovn.mech_driver.ovsdb.extensions.qos [None req-542f8d4e-4605-4be6-b9ed-258ffff5630e d54ab789ab764360a301b092e529a1de 944992dde62c4080abe7a663032008a4 - - default default] Starting OVNClientQosExtension
2026-07-14 18:25:51.122 8 INFO neutron.plugins.ml2.drivers.ovn.mech_driver.ovsdb.extensions.placement [None req-542f8d4e-4605-4be6-b9ed-258ffff5630e d54ab789ab764360a301b092e529a1de 944992dde62c4080abe7a663032008a4 - - default default] Starting OVNClientPlacementExtension
2026-07-14 18:25:51.303 8 INFO neutron.db.ovn_revision_numbers_db [None req-542f8d4e-4605-4be6-b9ed-258ffff5630e d54ab789ab764360a301b092e529a1de 944992dde62c4080abe7a663032008a4 - - default default] Successfully bumped revision number for resource 84851717-3e15-44bf-8fc0-f193e6415107 (type: security_groups) to 1
2026-07-14 18:25:52.061 14 WARNING neutron.plugins.ml2.drivers.ovn.mech_driver.ovsdb.ovn_db_sync [None req-938006f4-5379-4d3e-aac1-51a849850157 - - - - - -] New host instance found in OVN SB DB, but not in Neutron. Add its SegmentHostMapping in Neutron
2026-07-14 18:25:52.345 14 INFO neutron.plugins.ml2.drivers.ovn.mech_driver.ovsdb.extensions.qos [None req-40b9a880-be2c-45bb-8d49-24630e7499d6 - - - - - -] Starting OVNClientQosExtension
2026-07-14 18:25:52.353 14 INFO neutron.plugins.ml2.drivers.ovn.mech_driver.ovsdb.extensions.qos [None req-40b9a880-be2c-45bb-8d49-24630e7499d6 - - - - - -] Starting OVNClientQosExtension
2026-07-14 18:25:52.444 9 INFO neutron.api.wsgi [-] 10.0.0.254 "GET / HTTP/1.1" status: 200 len: 246 time: 0.0047903
2026-07-14 18:25:53.013 8 INFO neutron.db.ovn_revision_numbers_db [None req-542f8d4e-4605-4be6-b9ed-258ffff5630e d54ab789ab764360a301b092e529a1de 944992dde62c4080abe7a663032008a4 - - default default] Successfully bumped revision number for resource 19e2fc49-98af-4722-9672-93d08bc36186 (type: security_group_rules) to 0
2026-07-14 18:25:54.120 8 INFO neutron.db.ovn_revision_numbers_db [None req-542f8d4e-4605-4be6-b9ed-258ffff5630e d54ab789ab764360a301b092e529a1de 944992dde62c4080abe7a663032008a4 - - default default] Successfully bumped revision number for resource 318a8a12-25c7-4ab3-b568-5e3e63e88ddd (type: security_group_rules) to 0
2026-07-14 18:25:54.221 8 INFO neutron.db.ovn_revision_numbers_db [None req-542f8d4e-4605-4be6-b9ed-258ffff5630e d54ab789ab764360a301b092e529a1de 944992dde62c4080abe7a663032008a4 - - default default] Successfully bumped revision number for resource adfb853e-b455-4bef-a9b8-ea23340ac6f1 (type: security_group_rules) to 0
2026-07-14 18:25:54.363 8 INFO neutron.db.ovn_revision_numbers_db [None req-542f8d4e-4605-4be6-b9ed-258ffff5630e d54ab789ab764360a301b092e529a1de 944992dde62c4080abe7a663032008a4 - - default default] Successfully bumped revision number for resource ce983917-b992-4e32-a4e6-1d93004f97f8 (type: security_group_rules) to 0
2026-07-14 18:25:54.574 8 WARNING neutron.services.revisions.revision_plugin [None req-542f8d4e-4605-4be6-b9ed-258ffff5630e d54ab789ab764360a301b092e529a1de 944992dde62c4080abe7a663032008a4 - - default default] Could not find related network for resource to bump revision.
2026-07-14 18:25:54.616 8 INFO neutron.db.segments_db [None req-542f8d4e-4605-4be6-b9ed-258ffff5630e d54ab789ab764360a301b092e529a1de 944992dde62c4080abe7a663032008a4 - - default default] Added segment e313e3ac-02a5-4d21-9636-5cb988cde222 of type flat for network 20039a72-e184-4592-8a6e-542253372dc2
2026-07-14 18:25:54.802 8 INFO neutron.db.ovn_revision_numbers_db [None req-542f8d4e-4605-4be6-b9ed-258ffff5630e d54ab789ab764360a301b092e529a1de 944992dde62c4080abe7a663032008a4 - - default default] Successfully bumped revision number for resource 20039a72-e184-4592-8a6e-542253372dc2 (type: networks) to 1
2026-07-14 18:25:55.279 8 WARNING neutron.scheduler.dhcp_agent_scheduler [None req-542f8d4e-4605-4be6-b9ed-258ffff5630e d54ab789ab764360a301b092e529a1de 944992dde62c4080abe7a663032008a4 - - default default] No more DHCP agents
2026-07-14 18:25:55.281 8 WARNING neutron.api.rpc.agentnotifiers.dhcp_rpc_agent_api [None req-542f8d4e-4605-4be6-b9ed-258ffff5630e d54ab789ab764360a301b092e529a1de 944992dde62c4080abe7a663032008a4 - - default default] Unable to schedule network 20039a72-e184-4592-8a6e-542253372dc2: no agents available; will retry on subsequent port and subnet creation events.
2026-07-14 18:25:55.424 8 INFO neutron.db.ovn_revision_numbers_db [None req-542f8d4e-4605-4be6-b9ed-258ffff5630e d54ab789ab764360a301b092e529a1de 944992dde62c4080abe7a663032008a4 - - default default] Successfully bumped revision number for resource 007ea639-4b47-4a32-8576-a98b1b30a61f (type: ports) to 1
2026-07-14 18:25:55.449 8 INFO neutron.api.wsgi [None req-542f8d4e-4605-4be6-b9ed-258ffff5630e d54ab789ab764360a301b092e529a1de 944992dde62c4080abe7a663032008a4 - - default default] 199.19.213.166,10.0.0.254 "POST /v2.0/networks HTTP/1.1" status: 201 len: 886 time: 5.2329173
2026-07-14 18:25:56.730 8 INFO neutron.pecan_wsgi.hooks.translation [None req-2ffd395f-6318-4b5e-a2b1-a22a9b02c4fc d54ab789ab764360a301b092e529a1de 944992dde62c4080abe7a663032008a4 - - default default] GET failed (client error): The resource could not be found.
2026-07-14 18:25:56.732 8 INFO neutron.api.wsgi [None req-2ffd395f-6318-4b5e-a2b1-a22a9b02c4fc d54ab789ab764360a301b092e529a1de 944992dde62c4080abe7a663032008a4 - - default default] 199.19.213.166,10.0.0.254 "GET /v2.0/networks/public HTTP/1.1" status: 404 len: 290 time: 0.0573261
2026-07-14 18:25:56.779 8 INFO neutron.api.wsgi [None req-72a12a85-5e16-497d-a7e1-ad2b91d17779 d54ab789ab764360a301b092e529a1de 944992dde62c4080abe7a663032008a4 - - default default] 199.19.213.166,10.0.0.254 "GET /v2.0/networks?name=public HTTP/1.1" status: 200 len: 890 time: 0.0428679
2026-07-14 18:25:56.805 8 INFO neutron.pecan_wsgi.hooks.translation [None req-1b8c1dd3-49f4-4745-861e-b6020eaa77cb d54ab789ab764360a301b092e529a1de 944992dde62c4080abe7a663032008a4 - - default default] GET failed (client error): The resource could not be found.
2026-07-14 18:25:56.806 8 INFO neutron.api.wsgi [None req-1b8c1dd3-49f4-4745-861e-b6020eaa77cb d54ab789ab764360a301b092e529a1de 944992dde62c4080abe7a663032008a4 - - default default] 199.19.213.166,10.0.0.254 "GET /v2.0/subnets/public-subnet?network_id=20039a72-e184-4592-8a6e-542253372dc2 HTTP/1.1" status: 404 len: 295 time: 0.0187612
2026-07-14 18:25:56.824 8 INFO neutron.api.wsgi [None req-4d35fab4-1e4f-4a59-985a-0b3a6cd46266 d54ab789ab764360a301b092e529a1de 944992dde62c4080abe7a663032008a4 - - default default] 199.19.213.166,10.0.0.254 "GET /v2.0/subnets?name=public-subnet&network_id=20039a72-e184-4592-8a6e-542253372dc2 HTTP/1.1" status: 200 len: 188 time: 0.0150812
2026-07-14 18:25:57.034 8 WARNING neutron.scheduler.dhcp_agent_scheduler [None req-501e6986-53d5-4be2-9500-893c1d7486bd d54ab789ab764360a301b092e529a1de 944992dde62c4080abe7a663032008a4 - - default default] No more DHCP agents
2026-07-14 18:25:57.035 8 WARNING neutron.api.rpc.agentnotifiers.dhcp_rpc_agent_api [None req-501e6986-53d5-4be2-9500-893c1d7486bd d54ab789ab764360a301b092e529a1de 944992dde62c4080abe7a663032008a4 - - default default] Unable to schedule network 20039a72-e184-4592-8a6e-542253372dc2: no agents available; will retry on subsequent port and subnet creation events.
2026-07-14 18:25:57.537 8 INFO neutron.db.ovn_revision_numbers_db [None req-4e86de88-140e-492a-85a9-31c5c742d237 - - - - - -] Successfully bumped revision number for resource 007ea639-4b47-4a32-8576-a98b1b30a61f (type: ports) to 2
2026-07-14 18:25:57.583 8 INFO neutron.db.ovn_revision_numbers_db [None req-4e86de88-140e-492a-85a9-31c5c742d237 - - - - - -] Successfully bumped revision number for resource e769d98f-853f-450c-bedd-1b17039119e9 (type: subnets) to 0
2026-07-14 18:25:57.600 8 INFO neutron.api.wsgi [None req-501e6986-53d5-4be2-9500-893c1d7486bd d54ab789ab764360a301b092e529a1de 944992dde62c4080abe7a663032008a4 - - default default] 199.19.213.166,10.0.0.254 "POST /v2.0/subnets HTTP/1.1" status: 201 len: 844 time: 0.7714608
2026-07-14 18:26:07.442 9 INFO neutron.api.wsgi [-] 10.0.0.254 "GET / HTTP/1.1" status: 200 len: 246 time: 0.0019932
2026-07-14 18:26:22.442 9 INFO neutron.api.wsgi [-] 10.0.0.254 "GET / HTTP/1.1" status: 200 len: 246 time: 0.0021114
2026-07-14 18:26:37.443 9 INFO neutron.api.wsgi [-] 10.0.0.254 "GET / HTTP/1.1" status: 200 len: 246 time: 0.0033720
2026-07-14 18:26:37.444 8 INFO neutron.api.wsgi [-] 10.0.0.254 "GET / HTTP/1.1" status: 200 len: 246 time: 0.0050352
2026-07-14 18:26:52.443 9 INFO neutron.api.wsgi [-] 10.0.0.254 "GET / HTTP/1.1" status: 200 len: 246 time: 0.0028989
2026-07-14 18:26:52.445 9 INFO neutron.api.wsgi [-] 10.0.0.254 "GET / HTTP/1.1" status: 200 len: 246 time: 0.0016255
2026-07-14 18:27:07.441 8 INFO neutron.api.wsgi [-] 10.0.0.254 "GET / HTTP/1.1" status: 200 len: 246 time: 0.0021658
2026-07-14 18:27:07.441 9 INFO neutron.api.wsgi [-] 10.0.0.254 "GET / HTTP/1.1" status: 200 len: 246 time: 0.0021961
2026-07-14 18:27:22.442 9 INFO neutron.api.wsgi [-] 10.0.0.254 "GET / HTTP/1.1" status: 200 len: 246 time: 0.0021565
2026-07-14 18:27:22.443 8 INFO neutron.api.wsgi [-] 10.0.0.254 "GET / HTTP/1.1" status: 200 len: 246 time: 0.0037854
2026-07-14 18:27:37.443 8 INFO neutron.api.wsgi [-] 10.0.0.254 "GET / HTTP/1.1" status: 200 len: 246 time: 0.0037632
2026-07-14 18:27:37.447 9 INFO neutron.api.wsgi [-] 10.0.0.254 "GET / HTTP/1.1" status: 200 len: 246 time: 0.0028222
2026-07-14 18:27:52.441 8 INFO neutron.api.wsgi [-] 10.0.0.254 "GET / HTTP/1.1" status: 200 len: 246 time: 0.0021019
2026-07-14 18:27:52.441 9 INFO neutron.api.wsgi [-] 10.0.0.254 "GET / HTTP/1.1" status: 200 len: 246 time: 0.0021093
2026-07-14 18:28:07.440 8 INFO neutron.api.wsgi [-] 10.0.0.254 "GET / HTTP/1.1" status: 200 len: 246 time: 0.0015521
2026-07-14 18:28:07.443 8 INFO neutron.api.wsgi [-] 10.0.0.254 "GET / HTTP/1.1" status: 200 len: 246 time: 0.0018561
2026-07-14 18:28:22.442 8 INFO neutron.api.wsgi [-] 10.0.0.254 "GET / HTTP/1.1" status: 200 len: 246 time: 0.0028551
2026-07-14 18:28:22.444 8 INFO neutron.api.wsgi [-] 10.0.0.254 "GET / HTTP/1.1" status: 200 len: 246 time: 0.0012171
2026-07-14 18:28:37.440 9 INFO neutron.api.wsgi [-] 10.0.0.254 "GET / HTTP/1.1" status: 200 len: 246 time: 0.0018933
2026-07-14 18:28:37.442 8 INFO neutron.api.wsgi [-] 10.0.0.254 "GET / HTTP/1.1" status: 200 len: 246 time: 0.0036614
2026-07-14 18:28:52.440 9 INFO neutron.api.wsgi [-] 10.0.0.254 "GET / HTTP/1.1" status: 200 len: 246 time: 0.0016904
2026-07-14 18:28:52.442 8 INFO neutron.api.wsgi [-] 10.0.0.254 "GET / HTTP/1.1" status: 200 len: 246 time: 0.0028083
2026-07-14 18:29:07.441 9 INFO neutron.api.wsgi [-] 10.0.0.254 "GET / HTTP/1.1" status: 200 len: 246 time: 0.0018675
2026-07-14 18:29:07.443 8 INFO neutron.api.wsgi [-] 10.0.0.254 "GET / HTTP/1.1" status: 200 len: 246 time: 0.0033908
2026-07-14 18:29:22.441 9 INFO neutron.api.wsgi [-] 10.0.0.254 "GET / HTTP/1.1" status: 200 len: 246 time: 0.0026953
2026-07-14 18:29:22.442 8 INFO neutron.api.wsgi [-] 10.0.0.254 "GET / HTTP/1.1" status: 200 len: 246 time: 0.0032465
2026-07-14 18:29:37.441 8 INFO neutron.api.wsgi [-] 10.0.0.254 "GET / HTTP/1.1" status: 200 len: 246 time: 0.0023732
2026-07-14 18:29:37.445 8 INFO neutron.api.wsgi [-] 10.0.0.254 "GET / HTTP/1.1" status: 200 len: 246 time: 0.0022330
2026-07-14 18:29:52.441 8 INFO neutron.api.wsgi [-] 10.0.0.254 "GET / HTTP/1.1" status: 200 len: 246 time: 0.0021691
2026-07-14 18:29:52.441 9 INFO neutron.api.wsgi [-] 10.0.0.254 "GET / HTTP/1.1" status: 200 len: 246 time: 0.0023847
2026-07-14 18:30:07.441 9 INFO neutron.api.wsgi [-] 10.0.0.254 "GET / HTTP/1.1" status: 200 len: 246 time: 0.0019121
2026-07-14 18:30:07.445 9 INFO neutron.api.wsgi [-] 10.0.0.254 "GET / HTTP/1.1" status: 200 len: 246 time: 0.0019286
2026-07-14 18:30:22.441 8 INFO neutron.api.wsgi [-] 10.0.0.254 "GET / HTTP/1.1" status: 200 len: 246 time: 0.0018511
2026-07-14 18:30:22.442 9 INFO neutron.api.wsgi [-] 10.0.0.254 "GET / HTTP/1.1" status: 200 len: 246 time: 0.0023115
2026-07-14 18:30:37.440 9 INFO neutron.api.wsgi [-] 10.0.0.254 "GET / HTTP/1.1" status: 200 len: 246 time: 0.0016797
2026-07-14 18:30:37.442 8 INFO neutron.api.wsgi [-] 10.0.0.254 "GET / HTTP/1.1" status: 200 len: 246 time: 0.0028327
2026-07-14 18:30:42.292 14 INFO neutron.db.ovn_revision_numbers_db [None req-f0fee717-243e-44f4-8588-88270ce2fd9a - - - - - -] Successfully bumped revision number for resource 20039a72-e184-4592-8a6e-542253372dc2 (type: networks) to 2
2026-07-14 18:30:42.293 14 INFO neutron.plugins.ml2.drivers.ovn.mech_driver.ovsdb.maintenance [None req-f0fee717-243e-44f4-8588-88270ce2fd9a - - - - - -] OVN maintenance task check_for_inconsistencies finished in 0.139 seconds /var/lib/openstack/lib/python3.12/site-packages/pycadf/identifier.py:71: UserWarning: Invalid uuid: unknown. To ensure interoperability, identifiers should be a valid uuid. warnings.warn(('Invalid uuid: %s. To ensure interoperability, '
2026-07-14 18:30:52.022 9 INFO neutron.pecan_wsgi.hooks.translation [None req-e43463a2-0529-4cc9-97a3-e2f5fd37c43e d54ab789ab764360a301b092e529a1de 944992dde62c4080abe7a663032008a4 - - default default] GET failed (client error): The resource could not be found.
2026-07-14 18:30:52.024 9 INFO neutron.api.wsgi [None req-e43463a2-0529-4cc9-97a3-e2f5fd37c43e d54ab789ab764360a301b092e529a1de 944992dde62c4080abe7a663032008a4 - - default default] 199.19.213.166,10.0.0.254 "GET /v2.0/networks/lb-mgmt-net HTTP/1.1" status: 404 len: 295 time: 0.5836504
2026-07-14 18:30:52.045 9 INFO neutron.api.wsgi [None req-9a052d16-a4ea-4406-a943-16c2386bcfbc d54ab789ab764360a301b092e529a1de 944992dde62c4080abe7a663032008a4 - - default default] 199.19.213.166,10.0.0.254 "GET /v2.0/networks?name=lb-mgmt-net HTTP/1.1" status: 200 len: 189 time: 0.0170350
2026-07-14 18:30:52.301 9 INFO neutron.db.segments_db [None req-d7758818-2ab0-444e-b333-392f4f89af58 d54ab789ab764360a301b092e529a1de 944992dde62c4080abe7a663032008a4 - - default default] Added segment c3630553-59ce-4ff5-98f8-bbedf6327674 of type geneve for network d742fd6a-ef20-43ac-bea1-4cf9daa2b905
2026-07-14 18:30:52.442 8 INFO neutron.api.wsgi [-] 10.0.0.254 "GET / HTTP/1.1" status: 200 len: 246 time: 0.0018067
2026-07-14 18:30:52.444 8 INFO neutron.api.wsgi [-] 10.0.0.254 "GET / HTTP/1.1" status: 200 len: 246 time: 0.0013285
2026-07-14 18:30:52.466 9 INFO neutron.plugins.ml2.drivers.ovn.mech_driver.ovsdb.extensions.qos [None req-d7758818-2ab0-444e-b333-392f4f89af58 d54ab789ab764360a301b092e529a1de 944992dde62c4080abe7a663032008a4 - - default default] Starting OVNClientQosExtension
2026-07-14 18:30:52.466 9 INFO neutron.plugins.ml2.drivers.ovn.mech_driver.ovsdb.extensions.placement [None req-d7758818-2ab0-444e-b333-392f4f89af58 d54ab789ab764360a301b092e529a1de 944992dde62c4080abe7a663032008a4 - - default default] Starting OVNClientPlacementExtension
2026-07-14 18:30:52.517 9 INFO neutron.db.ovn_revision_numbers_db [None req-d7758818-2ab0-444e-b333-392f4f89af58 d54ab789ab764360a301b092e529a1de 944992dde62c4080abe7a663032008a4 - - default default] Successfully bumped revision number for resource d742fd6a-ef20-43ac-bea1-4cf9daa2b905 (type: networks) to 1
2026-07-14 18:30:52.759 9 WARNING neutron.scheduler.dhcp_agent_scheduler [None req-d7758818-2ab0-444e-b333-392f4f89af58 d54ab789ab764360a301b092e529a1de 944992dde62c4080abe7a663032008a4 - - default default] No more DHCP agents
2026-07-14 18:30:52.761 9 WARNING neutron.api.rpc.agentnotifiers.dhcp_rpc_agent_api [None req-d7758818-2ab0-444e-b333-392f4f89af58 d54ab789ab764360a301b092e529a1de 944992dde62c4080abe7a663032008a4 - - default default] Unable to schedule network d742fd6a-ef20-43ac-bea1-4cf9daa2b905: no agents available; will retry on subsequent port and subnet creation events.
2026-07-14 18:30:52.859 9 INFO neutron.db.ovn_revision_numbers_db [None req-d7758818-2ab0-444e-b333-392f4f89af58 d54ab789ab764360a301b092e529a1de 944992dde62c4080abe7a663032008a4 - - default default] Successfully bumped revision number for resource c766354a-201e-48e0-a58c-1e81cbf3a98d (type: ports) to 1
2026-07-14 18:30:52.886 9 INFO neutron.api.wsgi [None req-d7758818-2ab0-444e-b333-392f4f89af58 d54ab789ab764360a301b092e529a1de 944992dde62c4080abe7a663032008a4 - - default default] 199.19.213.166,10.0.0.254 "POST /v2.0/networks HTTP/1.1" status: 201 len: 890 time: 0.8334694
2026-07-14 18:30:53.836 9 INFO neutron.pecan_wsgi.hooks.translation [None req-96f7b4e4-34a8-48ce-af94-583ebcb150cf d54ab789ab764360a301b092e529a1de 944992dde62c4080abe7a663032008a4 - - default default] GET failed (client error): The resource could not be found.
2026-07-14 18:30:53.839 9 INFO neutron.api.wsgi [None req-96f7b4e4-34a8-48ce-af94-583ebcb150cf d54ab789ab764360a301b092e529a1de 944992dde62c4080abe7a663032008a4 - - default default] 199.19.213.166,10.0.0.254 "GET /v2.0/networks/lb-mgmt-net HTTP/1.1" status: 404 len: 295 time: 0.0384164
2026-07-14 18:30:53.877 9 INFO neutron.api.wsgi [None req-7a1795e6-348b-49d9-b394-c001f3c23b40 d54ab789ab764360a301b092e529a1de 944992dde62c4080abe7a663032008a4 - - default default] 199.19.213.166,10.0.0.254 "GET /v2.0/networks?name=lb-mgmt-net HTTP/1.1" status: 200 len: 875 time: 0.0343053
2026-07-14 18:30:53.904 9 INFO neutron.pecan_wsgi.hooks.translation [None req-0a2f7a30-1333-42b8-9f61-59bbab38721b d54ab789ab764360a301b092e529a1de 944992dde62c4080abe7a663032008a4 - - default default] GET failed (client error): The resource could not be found.
2026-07-14 18:30:53.905 9 INFO neutron.api.wsgi [None req-0a2f7a30-1333-42b8-9f61-59bbab38721b d54ab789ab764360a301b092e529a1de 944992dde62c4080abe7a663032008a4 - - default default] 199.19.213.166,10.0.0.254 "GET /v2.0/subnets/lb-mgmt-subnet?network_id=d742fd6a-ef20-43ac-bea1-4cf9daa2b905 HTTP/1.1" status: 404 len: 296 time: 0.0167952
2026-07-14 18:30:53.927 9 INFO neutron.api.wsgi [None req-f32bf74d-7dbb-4c3f-af57-9955a5bd1316 d54ab789ab764360a301b092e529a1de 944992dde62c4080abe7a663032008a4 - - default default] 199.19.213.166,10.0.0.254 "GET /v2.0/subnets?name=lb-mgmt-subnet&network_id=d742fd6a-ef20-43ac-bea1-4cf9daa2b905 HTTP/1.1" status: 200 len: 188 time: 0.0183983
2026-07-14 18:30:54.075 9 WARNING neutron.scheduler.dhcp_agent_scheduler [None req-d962e45a-cbf6-403e-a592-f43030cac8ad d54ab789ab764360a301b092e529a1de 944992dde62c4080abe7a663032008a4 - - default default] No more DHCP agents
2026-07-14 18:30:54.076 9 WARNING neutron.api.rpc.agentnotifiers.dhcp_rpc_agent_api [None req-d962e45a-cbf6-403e-a592-f43030cac8ad d54ab789ab764360a301b092e529a1de 944992dde62c4080abe7a663032008a4 - - default default] Unable to schedule network d742fd6a-ef20-43ac-bea1-4cf9daa2b905: no agents available; will retry on subsequent port and subnet creation events.
2026-07-14 18:30:54.491 9 INFO neutron.db.ovn_revision_numbers_db [None req-66ac3d2c-8be1-473c-9fe4-b7a5fe0db2c8 - - - - - -] Successfully bumped revision number for resource c766354a-201e-48e0-a58c-1e81cbf3a98d (type: ports) to 2
2026-07-14 18:30:54.529 9 INFO neutron.db.ovn_revision_numbers_db [None req-66ac3d2c-8be1-473c-9fe4-b7a5fe0db2c8 - - - - - -] Successfully bumped revision number for resource 6f065cf1-7e1a-44d3-abc9-1aaf6b59ca4a (type: subnets) to 0
2026-07-14 18:30:54.548 9 INFO neutron.api.wsgi [None req-d962e45a-cbf6-403e-a592-f43030cac8ad d54ab789ab764360a301b092e529a1de 944992dde62c4080abe7a663032008a4 - - default default] 199.19.213.166,10.0.0.254 "POST /v2.0/subnets HTTP/1.1" status: 201 len: 831 time: 0.6145027
2026-07-14 18:30:55.732 8 INFO neutron.api.v2.resource [None req-a39f094c-c111-487e-ba01-c330ac0e55c7 d54ab789ab764360a301b092e529a1de 944992dde62c4080abe7a663032008a4 - - default default] show failed (client error): The resource could not be found.
2026-07-14 18:30:55.734 8 INFO neutron.api.wsgi [None req-a39f094c-c111-487e-ba01-c330ac0e55c7 d54ab789ab764360a301b092e529a1de 944992dde62c4080abe7a663032008a4 - - default default] 199.19.213.166,10.0.0.254 "GET /v2.0/security-groups/lb-health-mgr-sec-grp HTTP/1.1" status: 404 len: 313 time: 0.0603011
2026-07-14 18:30:55.771 8 INFO neutron.api.wsgi [None req-52e2fad0-5052-4414-81d9-33269956fc96 d54ab789ab764360a301b092e529a1de 944992dde62c4080abe7a663032008a4 - - default default] 199.19.213.166,10.0.0.254 "GET /v2.0/security-groups?name=lb-health-mgr-sec-grp HTTP/1.1" status: 200 len: 197 time: 0.0337520
2026-07-14 18:30:55.891 8 INFO neutron.db.ovn_revision_numbers_db [None req-2103e104-0a8f-4fcd-bb99-55e6f6cd754e d54ab789ab764360a301b092e529a1de 944992dde62c4080abe7a663032008a4 - - default default] Successfully bumped revision number for resource 2f1ad251-7568-4b14-9b02-7712413981ea (type: security_groups) to 1
2026-07-14 18:30:55.911 8 INFO neutron.db.ovn_revision_numbers_db [None req-2103e104-0a8f-4fcd-bb99-55e6f6cd754e d54ab789ab764360a301b092e529a1de 944992dde62c4080abe7a663032008a4 - - default default] Successfully bumped revision number for resource b471a38f-efc9-41ac-8516-17342964fefe (type: security_group_rules) to 0
2026-07-14 18:30:55.926 8 INFO neutron.db.ovn_revision_numbers_db [None req-2103e104-0a8f-4fcd-bb99-55e6f6cd754e d54ab789ab764360a301b092e529a1de 944992dde62c4080abe7a663032008a4 - - default default] Successfully bumped revision number for resource e0ac7afa-ac09-44d1-9794-63558c6edd11 (type: security_group_rules) to 0
2026-07-14 18:30:55.964 8 INFO neutron.api.wsgi [None req-2103e104-0a8f-4fcd-bb99-55e6f6cd754e d54ab789ab764360a301b092e529a1de 944992dde62c4080abe7a663032008a4 - - default default] 199.19.213.166,10.0.0.254 "POST /v2.0/security-groups HTTP/1.1" status: 201 len: 1797 time: 0.1862857
2026-07-14 18:30:57.130 9 INFO neutron.api.wsgi [None req-71036ae5-c76b-4d86-b60b-d491088677fd d54ab789ab764360a301b092e529a1de 944992dde62c4080abe7a663032008a4 - - default default] 199.19.213.166,10.0.0.254 "GET /v2.0/security-groups/2f1ad251-7568-4b14-9b02-7712413981ea HTTP/1.1" status: 200 len: 1792 time: 0.0636783
2026-07-14 18:30:57.163 9 INFO neutron.api.wsgi [None req-e227fc51-c9f1-4c79-9f37-a1b44a1ca293 d54ab789ab764360a301b092e529a1de 944992dde62c4080abe7a663032008a4 - - default default] 199.19.213.166,10.0.0.254 "GET /v2.0/security-groups/2f1ad251-7568-4b14-9b02-7712413981ea HTTP/1.1" status: 200 len: 1792 time: 0.0255461
2026-07-14 18:30:57.192 9 INFO neutron.api.wsgi [None req-8fb728ff-2a90-4925-b7c1-5fdfbe1d1aff d54ab789ab764360a301b092e529a1de 944992dde62c4080abe7a663032008a4 - - default default] 199.19.213.166,10.0.0.254 "GET /v2.0/security-groups/2f1ad251-7568-4b14-9b02-7712413981ea HTTP/1.1" status: 200 len: 1792 time: 0.0234072
2026-07-14 18:30:57.329 9 INFO neutron.db.ovn_revision_numbers_db [None req-9a05be2c-dbbb-4945-963e-694636042524 d54ab789ab764360a301b092e529a1de 944992dde62c4080abe7a663032008a4 - - default default] Successfully bumped revision number for resource 9b89880c-7db4-473d-9f04-dfc25222b2fe (type: security_group_rules) to 0
2026-07-14 18:30:57.377 9 INFO neutron.api.wsgi [None req-9a05be2c-dbbb-4945-963e-694636042524 d54ab789ab764360a301b092e529a1de 944992dde62c4080abe7a663032008a4 - - default default] 199.19.213.166,10.0.0.254 "POST /v2.0/security-group-rules HTTP/1.1" status: 201 len: 781 time: 0.1777897
2026-07-14 18:30:58.257 9 INFO neutron.api.wsgi [None req-73546477-4d9b-477c-9297-05078a6de31e d54ab789ab764360a301b092e529a1de 944992dde62c4080abe7a663032008a4 - - default default] 199.19.213.166,10.0.0.254 "GET /v2.0/security-groups/2f1ad251-7568-4b14-9b02-7712413981ea HTTP/1.1" status: 200 len: 2406 time: 0.0521462
2026-07-14 18:30:58.288 9 INFO neutron.api.wsgi [None req-69a10cdc-02ca-449b-b8e5-cb954827e865 d54ab789ab764360a301b092e529a1de 944992dde62c4080abe7a663032008a4 - - default default] 199.19.213.166,10.0.0.254 "GET /v2.0/security-groups/2f1ad251-7568-4b14-9b02-7712413981ea HTTP/1.1" status: 200 len: 2406 time: 0.0250406
2026-07-14 18:30:58.318 9 INFO neutron.api.wsgi [None req-b66bdd22-e9d7-4159-8fef-6bff8ea99d67 d54ab789ab764360a301b092e529a1de 944992dde62c4080abe7a663032008a4 - - default default] 199.19.213.166,10.0.0.254 "GET /v2.0/security-groups/2f1ad251-7568-4b14-9b02-7712413981ea HTTP/1.1" status: 200 len: 2406 time: 0.0227640
2026-07-14 18:30:58.424 9 INFO neutron.db.ovn_revision_numbers_db [None req-4c7af8f2-d64a-4755-9c06-5e1c6e202162 d54ab789ab764360a301b092e529a1de 944992dde62c4080abe7a663032008a4 - - default default] Successfully bumped revision number for resource f90269e1-bc11-4acb-a91f-be360e649c68 (type: security_group_rules) to 0
2026-07-14 18:30:58.447 9 INFO neutron.api.wsgi [None req-4c7af8f2-d64a-4755-9c06-5e1c6e202162 d54ab789ab764360a301b092e529a1de 944992dde62c4080abe7a663032008a4 - - default default] 199.19.213.166,10.0.0.254 "POST /v2.0/security-group-rules HTTP/1.1" status: 201 len: 783 time: 0.1232324
2026-07-14 18:30:59.349 9 INFO neutron.api.wsgi [None req-2b71dfdf-22c7-495c-8baf-05a4920de31e d54ab789ab764360a301b092e529a1de 944992dde62c4080abe7a663032008a4 - - default default] 199.19.213.166,10.0.0.254 "GET /v2.0/security-groups/2f1ad251-7568-4b14-9b02-7712413981ea HTTP/1.1" status: 200 len: 3022 time: 0.0567651
2026-07-14 18:30:59.377 9 INFO neutron.api.wsgi [None req-d40152e6-6a9e-4f36-bb1f-847d2e4863ca d54ab789ab764360a301b092e529a1de 944992dde62c4080abe7a663032008a4 - - default default] 199.19.213.166,10.0.0.254 "GET /v2.0/security-groups/2f1ad251-7568-4b14-9b02-7712413981ea HTTP/1.1" status: 200 len: 3022 time: 0.0224333
2026-07-14 18:30:59.407 9 INFO neutron.api.wsgi [None req-228ba3dc-95a5-4a5d-bd5e-3094d139c674 d54ab789ab764360a301b092e529a1de 944992dde62c4080abe7a663032008a4 - - default default] 199.19.213.166,10.0.0.254 "GET /v2.0/security-groups/2f1ad251-7568-4b14-9b02-7712413981ea HTTP/1.1" status: 200 len: 3022 time: 0.0259674
2026-07-14 18:30:59.543 9 INFO neutron.db.ovn_revision_numbers_db [None req-303b644f-eaf5-461a-aaa8-4b672bb0396a d54ab789ab764360a301b092e529a1de 944992dde62c4080abe7a663032008a4 - - default default] Successfully bumped revision number for resource cce162dd-c851-4e7b-bbe6-6c3d955e93d6 (type: security_group_rules) to 0
2026-07-14 18:30:59.575 9 INFO neutron.api.wsgi [None req-303b644f-eaf5-461a-aaa8-4b672bb0396a d54ab789ab764360a301b092e529a1de 944992dde62c4080abe7a663032008a4 - - default default] 199.19.213.166,10.0.0.254 "POST /v2.0/security-group-rules HTTP/1.1" status: 201 len: 783 time: 0.1596298
2026-07-14 18:31:00.544 9 INFO neutron.api.wsgi [None req-ab01bf03-8de2-4f76-83b8-22530dc6c030 d54ab789ab764360a301b092e529a1de 944992dde62c4080abe7a663032008a4 - - default default] 199.19.213.166,10.0.0.254 "GET /v2.0/security-groups/2f1ad251-7568-4b14-9b02-7712413981ea HTTP/1.1" status: 200 len: 3638 time: 0.0948389
2026-07-14 18:31:00.582 9 INFO neutron.api.wsgi [None req-d581b09c-e7a4-42cd-8549-5a3c53603eee d54ab789ab764360a301b092e529a1de 944992dde62c4080abe7a663032008a4 - - default default] 199.19.213.166,10.0.0.254 "GET /v2.0/security-groups/2f1ad251-7568-4b14-9b02-7712413981ea HTTP/1.1" status: 200 len: 3638 time: 0.0323122
2026-07-14 18:31:00.621 9 INFO neutron.api.wsgi [None req-99ffc9a7-4904-45e3-93a5-b10a7ca73d3e d54ab789ab764360a301b092e529a1de 944992dde62c4080abe7a663032008a4 - - default default] 199.19.213.166,10.0.0.254 "GET /v2.0/security-groups/2f1ad251-7568-4b14-9b02-7712413981ea HTTP/1.1" status: 200 len: 3638 time: 0.0317419
2026-07-14 18:31:00.761 9 INFO neutron.db.ovn_revision_numbers_db [None req-01f90839-3956-49f6-8a20-90ad9a4bb410 d54ab789ab764360a301b092e529a1de 944992dde62c4080abe7a663032008a4 - - default default] Successfully bumped revision number for resource 77c22b4b-6754-4377-8b8d-cebcfbc338ee (type: security_group_rules) to 0
2026-07-14 18:31:00.791 9 INFO neutron.api.wsgi [None req-01f90839-3956-49f6-8a20-90ad9a4bb410 d54ab789ab764360a301b092e529a1de 944992dde62c4080abe7a663032008a4 - - default default] 199.19.213.166,10.0.0.254 "POST /v2.0/security-group-rules HTTP/1.1" status: 201 len: 783 time: 0.1635833
2026-07-14 18:31:01.724 9 INFO neutron.api.wsgi [None req-0da0d716-e8c1-48aa-b2ad-9a7ffb38e68c d54ab789ab764360a301b092e529a1de 944992dde62c4080abe7a663032008a4 - - default default] 199.19.213.166,10.0.0.254 "GET /v2.0/security-groups/2f1ad251-7568-4b14-9b02-7712413981ea HTTP/1.1" status: 200 len: 4254 time: 0.0581422
2026-07-14 18:31:01.759 9 INFO neutron.api.wsgi [None req-33b15047-be0b-4bc8-93a7-6c0a489db575 d54ab789ab764360a301b092e529a1de 944992dde62c4080abe7a663032008a4 - - default default] 199.19.213.166,10.0.0.254 "GET /v2.0/security-groups/2f1ad251-7568-4b14-9b02-7712413981ea HTTP/1.1" status: 200 len: 4254 time: 0.0263088
2026-07-14 18:31:01.794 9 INFO neutron.api.wsgi [None req-24236812-0ff4-4b5c-88fb-a74f9629421a d54ab789ab764360a301b092e529a1de 944992dde62c4080abe7a663032008a4 - - default default] 199.19.213.166,10.0.0.254 "GET /v2.0/security-groups/2f1ad251-7568-4b14-9b02-7712413981ea HTTP/1.1" status: 200 len: 4254 time: 0.0276246
2026-07-14 18:31:01.984 9 INFO neutron.db.ovn_revision_numbers_db [None req-ec899344-2dba-4942-8392-0ba1ea5403ce d54ab789ab764360a301b092e529a1de 944992dde62c4080abe7a663032008a4 - - default default] Successfully bumped revision number for resource bf0893b1-fb05-46fc-a835-c914c4e4f932 (type: security_group_rules) to 0
2026-07-14 18:31:02.064 9 INFO neutron.api.wsgi [None req-ec899344-2dba-4942-8392-0ba1ea5403ce d54ab789ab764360a301b092e529a1de 944992dde62c4080abe7a663032008a4 - - default default] 199.19.213.166,10.0.0.254 "POST /v2.0/security-group-rules HTTP/1.1" status: 201 len: 783 time: 0.2644348
2026-07-14 18:31:03.478 9 INFO neutron.api.wsgi [None req-2b5b69b9-e8ab-4494-9abc-dc4e74f5bf24 d54ab789ab764360a301b092e529a1de 944992dde62c4080abe7a663032008a4 - - default default] 199.19.213.166,10.0.0.254 "GET /v2.0/networks/d742fd6a-ef20-43ac-bea1-4cf9daa2b905 HTTP/1.1" status: 200 len: 910 time: 0.0673018
2026-07-14 18:31:03.499 9 INFO neutron.pecan_wsgi.hooks.translation [None req-0cceebdb-c7b3-4ac6-8d26-ea57e2ebd7d8 d54ab789ab764360a301b092e529a1de 944992dde62c4080abe7a663032008a4 - - default default] GET failed (client error): The resource could not be found.
2026-07-14 18:31:03.500 9 INFO neutron.api.wsgi [None req-0cceebdb-c7b3-4ac6-8d26-ea57e2ebd7d8 d54ab789ab764360a301b092e529a1de 944992dde62c4080abe7a663032008a4 - - default default] 199.19.213.166,10.0.0.254 "GET /v2.0/ports/octavia-health-manager-port-instance?network_id=d742fd6a-ef20-43ac-bea1-4cf9daa2b905 HTTP/1.1" status: 404 len: 314 time: 0.0147603
2026-07-14 18:31:03.545 9 INFO neutron.api.wsgi [None req-abb64539-c7e6-40e3-975f-627ec46af6fc d54ab789ab764360a301b092e529a1de 944992dde62c4080abe7a663032008a4 - - default default] 199.19.213.166,10.0.0.254 "GET /v2.0/ports?name=octavia-health-manager-port-instance&network_id=d742fd6a-ef20-43ac-bea1-4cf9daa2b905 HTTP/1.1" status: 200 len: 186 time: 0.0402231
2026-07-14 18:31:03.629 9 INFO neutron.api.wsgi [None req-aceb938b-4b59-495d-904c-bac2eb6a902c d54ab789ab764360a301b092e529a1de 944992dde62c4080abe7a663032008a4 - - default default] 199.19.213.166,10.0.0.254 "GET /v2.0/security-groups/2f1ad251-7568-4b14-9b02-7712413981ea HTTP/1.1" status: 200 len: 4870 time: 0.0794830
2026-07-14 18:31:03.991 9 WARNING neutron.scheduler.dhcp_agent_scheduler [None req-6e28d0ad-e51d-4104-bf8e-f3db05cd7e96 d54ab789ab764360a301b092e529a1de 944992dde62c4080abe7a663032008a4 - - default default] No more DHCP agents
