2026-07-14 19:10:35.721 9 INFO neutron.api.wsgi [None req-50a50e3f-433b-4bb7-9e94-dda09f0d14c3 bb5688761caf495eb022bb87d163cd86 4a2f5f88d54b4f6a81bd282f73b618de - - default default] 10.0.0.106 "POST /v2.0/subnets HTTP/1.1" status: 201 len: 872 time: 0.3871813
2026-07-14 19:10:35.729 8 WARNING neutron_lib.context [None req-99a9af75-0341-4823-83c7-1aac0eca13d1 4f14ea5444fb425298a59c61ec5268ec ce10a7aa1bc4455fa67562dc257a0766 - - default default] Method 'is_advsvc' is deprecated since 2023.2 release (neutron-lib 3.8.0) and will be removed once support for the old RBAC API policies will be removed from Neutron. Please use method 'is_service_role' instead.
2026-07-14 19:10:35.732 9 WARNING neutron_lib.context [None req-634a63b3-c385-4828-a0a0-1ae4fe3cacf6 bb5688761caf495eb022bb87d163cd86 4a2f5f88d54b4f6a81bd282f73b618de - - default default] Method 'is_advsvc' is deprecated since 2023.2 release (neutron-lib 3.8.0) and will be removed once support for the old RBAC API policies will be removed from Neutron. Please use method 'is_service_role' instead.
2026-07-14 19:10:35.833 9 INFO neutron.db.segments_db [None req-634a63b3-c385-4828-a0a0-1ae4fe3cacf6 bb5688761caf495eb022bb87d163cd86 4a2f5f88d54b4f6a81bd282f73b618de - - default default] Added segment 53386384-2618-4012-8fb3-08d77c5eca54 of type geneve for network 2e79e40e-8446-4d32-bec5-3adc0edac0fa
2026-07-14 19:10:35.898 9 WARNING neutron.scheduler.dhcp_agent_scheduler [None req-83159bb8-cda0-45a5-8b5a-c41ee4106366 d721c786d86a48a59bb8b808d9843508 093b4636a2f64a3ea82186d74bb3c4ba - - default default] No more DHCP agents
2026-07-14 19:10:35.901 9 WARNING neutron.api.rpc.agentnotifiers.dhcp_rpc_agent_api [None req-83159bb8-cda0-45a5-8b5a-c41ee4106366 d721c786d86a48a59bb8b808d9843508 093b4636a2f64a3ea82186d74bb3c4ba - - default default] Unable to schedule network b0e0e591-b2aa-4298-b932-42efd82c8139: no agents available; will retry on subsequent port and subnet creation events.
2026-07-14 19:10:35.966 9 INFO neutron.db.ovn_revision_numbers_db [None req-634a63b3-c385-4828-a0a0-1ae4fe3cacf6 bb5688761caf495eb022bb87d163cd86 4a2f5f88d54b4f6a81bd282f73b618de - - default default] Successfully bumped revision number for resource 2e79e40e-8446-4d32-bec5-3adc0edac0fa (type: networks) to 1
2026-07-14 19:10:35.987 9 INFO neutron.db.ovn_revision_numbers_db [None req-83159bb8-cda0-45a5-8b5a-c41ee4106366 d721c786d86a48a59bb8b808d9843508 093b4636a2f64a3ea82186d74bb3c4ba - - default default] Successfully bumped revision number for resource 2505c7ce-f3d8-4af1-ae3f-7b804a388fd3 (type: ports) to 1
2026-07-14 19:10:36.013 9 INFO neutron.api.wsgi [None req-83159bb8-cda0-45a5-8b5a-c41ee4106366 d721c786d86a48a59bb8b808d9843508 093b4636a2f64a3ea82186d74bb3c4ba - - default default] 10.0.0.106 "POST /v2.0/networks HTTP/1.1" status: 201 len: 830 time: 0.6349919
2026-07-14 19:10:36.016 8 WARNING neutron.scheduler.dhcp_agent_scheduler [None req-99a9af75-0341-4823-83c7-1aac0eca13d1 4f14ea5444fb425298a59c61ec5268ec ce10a7aa1bc4455fa67562dc257a0766 - - default default] No more DHCP agents
2026-07-14 19:10:36.017 8 WARNING neutron.api.rpc.agentnotifiers.dhcp_rpc_agent_api [None req-99a9af75-0341-4823-83c7-1aac0eca13d1 4f14ea5444fb425298a59c61ec5268ec ce10a7aa1bc4455fa67562dc257a0766 - - default default] Unable to schedule network 849f8055-c850-4d2c-887d-fdd005435b84: no agents available; will retry on subsequent port and subnet creation events. /var/lib/openstack/lib/python3.12/site-packages/pycadf/identifier.py:71: UserWarning: Invalid uuid: neutron. To ensure interoperability, identifiers should be a valid uuid. warnings.warn(('Invalid uuid: %s. To ensure interoperability, '
2026-07-14 19:10:36.066 8 INFO neutron.api.wsgi [None req-ef916413-9afb-41b9-a098-49b9d770c689 d721c786d86a48a59bb8b808d9843508 093b4636a2f64a3ea82186d74bb3c4ba - - default default] 10.0.0.106 "PUT /v2.0/networks/ad549951-f31d-4917-a08f-8e90691ef783/tags HTTP/1.1" status: 200 len: 210 time: 0.0459363
2026-07-14 19:10:36.120 8 INFO neutron.db.ovn_revision_numbers_db [None req-99a9af75-0341-4823-83c7-1aac0eca13d1 4f14ea5444fb425298a59c61ec5268ec ce10a7aa1bc4455fa67562dc257a0766 - - default default] Successfully bumped revision number for resource 15c13833-2c17-41aa-9bbf-690e66983dd8 (type: ports) to 1
2026-07-14 19:10:36.131 8 INFO neutron.api.wsgi [None req-d9fd2bfc-27e4-4914-90f5-9b0157cbf722 d721c786d86a48a59bb8b808d9843508 093b4636a2f64a3ea82186d74bb3c4ba - - default default] 10.0.0.106 "PUT /v2.0/networks/23b12904-3eb3-4582-8e62-ebaead28653e/tags HTTP/1.1" status: 200 len: 218 time: 0.0590198
2026-07-14 19:10:36.144 8 INFO neutron.api.wsgi [None req-99a9af75-0341-4823-83c7-1aac0eca13d1 4f14ea5444fb425298a59c61ec5268ec ce10a7aa1bc4455fa67562dc257a0766 - - default default] 10.0.0.106 "POST /v2.0/ports HTTP/1.1" status: 201 len: 942 time: 0.4203570
2026-07-14 19:10:36.146 9 WARNING neutron.scheduler.dhcp_agent_scheduler [None req-634a63b3-c385-4828-a0a0-1ae4fe3cacf6 bb5688761caf495eb022bb87d163cd86 4a2f5f88d54b4f6a81bd282f73b618de - - default default] No more DHCP agents
2026-07-14 19:10:36.148 9 WARNING neutron.api.rpc.agentnotifiers.dhcp_rpc_agent_api [None req-634a63b3-c385-4828-a0a0-1ae4fe3cacf6 bb5688761caf495eb022bb87d163cd86 4a2f5f88d54b4f6a81bd282f73b618de - - default default] Unable to schedule network 2e79e40e-8446-4d32-bec5-3adc0edac0fa: no agents available; will retry on subsequent port and subnet creation events.
2026-07-14 19:10:36.157 9 WARNING neutron_lib.context [None req-cfe109aa-7f3d-4502-b199-a677d6113197 4f14ea5444fb425298a59c61ec5268ec ce10a7aa1bc4455fa67562dc257a0766 - - default default] Method 'is_advsvc' is deprecated since 2023.2 release (neutron-lib 3.8.0) and will be removed once support for the old RBAC API policies will be removed from Neutron. Please use method 'is_service_role' instead.
2026-07-14 19:10:36.178 8 INFO neutron.api.wsgi [None req-051c56db-11c1-46c3-b7de-9334f310ecdc d721c786d86a48a59bb8b808d9843508 093b4636a2f64a3ea82186d74bb3c4ba - - default default] 10.0.0.106 "PUT /v2.0/networks/f96352be-95ea-444f-8df9-ee1f4c0e788d/tags HTTP/1.1" status: 200 len: 227 time: 0.0417829
2026-07-14 19:10:36.228 9 INFO neutron.db.ovn_revision_numbers_db [None req-634a63b3-c385-4828-a0a0-1ae4fe3cacf6 bb5688761caf495eb022bb87d163cd86 4a2f5f88d54b4f6a81bd282f73b618de - - default default] Successfully bumped revision number for resource 0ea63d6c-a436-418a-ad01-42355698ca2e (type: ports) to 1
2026-07-14 19:10:36.228 8 INFO neutron.api.wsgi [None req-bd2ab97d-1942-4230-8f11-94222c72f7e4 d721c786d86a48a59bb8b808d9843508 093b4636a2f64a3ea82186d74bb3c4ba - - default default] 10.0.0.106 "PUT /v2.0/networks/e1d2ce89-9fb1-4082-aabc-229e997a0293/tags HTTP/1.1" status: 200 len: 212 time: 0.0451574
2026-07-14 19:10:36.284 9 INFO neutron.api.wsgi [None req-634a63b3-c385-4828-a0a0-1ae4fe3cacf6 bb5688761caf495eb022bb87d163cd86 4a2f5f88d54b4f6a81bd282f73b618de - - default default] 10.0.0.106 "POST /v2.0/networks HTTP/1.1" status: 201 len: 847 time: 0.5565152
2026-07-14 19:10:36.297 9 INFO neutron.api.wsgi [None req-44028a67-9c7f-44b2-8379-0d1b2b947904 d721c786d86a48a59bb8b808d9843508 093b4636a2f64a3ea82186d74bb3c4ba - - default default] 10.0.0.106 "GET /v2.0/networks?tags=red HTTP/1.1" status: 200 len: 2068 time: 0.0625713
2026-07-14 19:10:36.367 9 INFO neutron.api.wsgi [None req-9117f393-6aab-4e81-9c90-e74a9803b8c3 d721c786d86a48a59bb8b808d9843508 093b4636a2f64a3ea82186d74bb3c4ba - - default default] 10.0.0.106 "GET /v2.0/networks?tags=red%2Cblue HTTP/1.1" status: 200 len: 1455 time: 0.0648720
2026-07-14 19:10:36.425 9 INFO neutron.api.wsgi [None req-d4247814-aab8-4492-a4fc-ef3a60fd59a1 d54ab789ab764360a301b092e529a1de 944992dde62c4080abe7a663032008a4 - - default default] 10.0.0.106 "GET /v2.0/security-groups?tenant_id=bca84b1c25564147bd33bd1dbdd704ad&name=default HTTP/1.1" status: 200 len: 3120 time: 0.2073441
2026-07-14 19:10:36.430 9 INFO neutron.api.wsgi [None req-2258ada9-3bf0-462f-997c-d23b026eca6c d721c786d86a48a59bb8b808d9843508 093b4636a2f64a3ea82186d74bb3c4ba - - default default] 10.0.0.106 "GET /v2.0/networks?tags-any=blue HTTP/1.1" status: 200 len: 1455 time: 0.0563552
2026-07-14 19:10:36.435 8 INFO neutron.db.ovn_revision_numbers_db [None req-8f4d236f-4707-4267-b561-39abc9ded5f0 bb5688761caf495eb022bb87d163cd86 4a2f5f88d54b4f6a81bd282f73b618de - - default default] Successfully bumped revision number for resource 2e79e40e-8446-4d32-bec5-3adc0edac0fa (type: networks) to 2
2026-07-14 19:10:36.438 8 INFO neutron.api.wsgi [None req-8f4d236f-4707-4267-b561-39abc9ded5f0 bb5688761caf495eb022bb87d163cd86 4a2f5f88d54b4f6a81bd282f73b618de - - default default] 10.0.0.106 "PUT /v2.0/networks/2e79e40e-8446-4d32-bec5-3adc0edac0fa HTTP/1.1" status: 200 len: 792 time: 0.1490059
2026-07-14 19:10:36.453 8 WARNING neutron_lib.context [None req-58679d59-9208-4d65-bc5b-c5143bd119cc bb5688761caf495eb022bb87d163cd86 4a2f5f88d54b4f6a81bd282f73b618de - - default default] Method 'is_advsvc' is deprecated since 2023.2 release (neutron-lib 3.8.0) and will be removed once support for the old RBAC API policies will be removed from Neutron. Please use method 'is_service_role' instead.
2026-07-14 19:10:36.459 9 INFO neutron.api.wsgi [None req-cfe109aa-7f3d-4502-b199-a677d6113197 4f14ea5444fb425298a59c61ec5268ec ce10a7aa1bc4455fa67562dc257a0766 - - default default] 10.0.0.106 "POST /v2.0/trunks HTTP/1.1" status: 201 len: 608 time: 0.3088369
2026-07-14 19:10:36.487 9 INFO neutron.api.wsgi [None req-b9e0576f-3fa4-49dd-bfa5-784de2d5ac5c d721c786d86a48a59bb8b808d9843508 093b4636a2f64a3ea82186d74bb3c4ba - - default default] 10.0.0.106 "GET /v2.0/networks?tags-any=red%2Cblue HTTP/1.1" status: 200 len: 2068 time: 0.0537317
2026-07-14 19:10:36.514 9 INFO neutron.api.wsgi [None req-4221c3df-4d96-4957-94f8-f7440a624f3a 4f14ea5444fb425298a59c61ec5268ec ce10a7aa1bc4455fa67562dc257a0766 - - default default] 10.0.0.106 "PUT /v2.0/trunks/58df5abb-3b46-43ae-b765-c18448fc25d3/tags HTTP/1.1" status: 200 len: 210 time: 0.0511289
2026-07-14 19:10:36.551 9 INFO neutron.api.wsgi [None req-e1825613-96f2-424c-9dfb-76da27efc51a 4f14ea5444fb425298a59c61ec5268ec ce10a7aa1bc4455fa67562dc257a0766 - - default default] 10.0.0.106 "PUT /v2.0/trunks/fff63276-49e9-4390-b959-212899924e5b/tags HTTP/1.1" status: 200 len: 218 time: 0.0322726
2026-07-14 19:10:36.588 9 INFO neutron.api.wsgi [None req-aca2ee6f-354e-4389-9ab6-dc5fff7b1650 d721c786d86a48a59bb8b808d9843508 093b4636a2f64a3ea82186d74bb3c4ba - - default default] 10.0.0.106 "GET /v2.0/networks?not-tags=red HTTP/1.1" status: 200 len: 2067 time: 0.0932837
2026-07-14 19:10:36.635 9 INFO neutron.api.wsgi [None req-a04a7cdb-130f-45bd-a822-4fc5ef1a483e 4f14ea5444fb425298a59c61ec5268ec ce10a7aa1bc4455fa67562dc257a0766 - - default default] 10.0.0.106 "PUT /v2.0/trunks/483fcbd8-53db-4953-a312-c95ce2772091/tags HTTP/1.1" status: 200 len: 227 time: 0.0785217
2026-07-14 19:10:36.674 9 INFO neutron.api.wsgi [None req-3ec68fe0-d0c1-4f8b-bf5f-af7736c4209c d721c786d86a48a59bb8b808d9843508 093b4636a2f64a3ea82186d74bb3c4ba - - default default] 10.0.0.106 "GET /v2.0/networks?not-tags=red%2Cblue HTTP/1.1" status: 200 len: 2680 time: 0.0820925
2026-07-14 19:10:36.677 9 INFO neutron.api.wsgi [None req-fd3ee8c8-7fe2-4ce1-872a-22f574fd030c 4f14ea5444fb425298a59c61ec5268ec ce10a7aa1bc4455fa67562dc257a0766 - - default default] 10.0.0.106 "PUT /v2.0/trunks/455fef59-aa2f-4fbe-a2d1-f60002625de8/tags HTTP/1.1" status: 200 len: 212 time: 0.0370514
2026-07-14 19:10:36.706 8 INFO neutron.api.wsgi [None req-8caffe7c-cf4a-42de-b43f-40bee85850c4 4f14ea5444fb425298a59c61ec5268ec ce10a7aa1bc4455fa67562dc257a0766 - - default default] 10.0.0.106 "GET /v2.0/trunks?tags=red HTTP/1.1" status: 200 len: 1447 time: 0.0221038
2026-07-14 19:10:36.731 8 INFO neutron.api.wsgi [None req-1972adb4-db36-4d36-9879-c5e578b93217 4f14ea5444fb425298a59c61ec5268ec ce10a7aa1bc4455fa67562dc257a0766 - - default default] 10.0.0.106 "GET /v2.0/trunks?tags=red%2Cblue HTTP/1.1" status: 200 len: 1041 time: 0.0197890
2026-07-14 19:10:36.748 8 INFO neutron.api.wsgi [None req-ffb57a1a-402c-4875-a184-67a22d617dad d54ab789ab764360a301b092e529a1de 944992dde62c4080abe7a663032008a4 - - default default] 10.0.0.106 "DELETE /v2.0/security-groups/9a50b68f-3a87-4d29-91b1-c964e4bd1ed5 HTTP/1.1" status: 204 len: 168 time: 0.3176856
2026-07-14 19:10:36.749 8 WARNING neutron.scheduler.dhcp_agent_scheduler [None req-58679d59-9208-4d65-bc5b-c5143bd119cc bb5688761caf495eb022bb87d163cd86 4a2f5f88d54b4f6a81bd282f73b618de - - default default] No more DHCP agents
2026-07-14 19:10:36.751 8 WARNING neutron.api.rpc.agentnotifiers.dhcp_rpc_agent_api [None req-58679d59-9208-4d65-bc5b-c5143bd119cc bb5688761caf495eb022bb87d163cd86 4a2f5f88d54b4f6a81bd282f73b618de - - default default] Unable to schedule network 2e79e40e-8446-4d32-bec5-3adc0edac0fa: no agents available; will retry on subsequent port and subnet creation events.
2026-07-14 19:10:36.760 8 INFO neutron.api.wsgi [None req-584a5c0e-2753-4371-80c7-3208a2179a26 4f14ea5444fb425298a59c61ec5268ec ce10a7aa1bc4455fa67562dc257a0766 - - default default] 10.0.0.106 "GET /v2.0/trunks?tags-any=blue HTTP/1.1" status: 200 len: 1041 time: 0.0237553
2026-07-14 19:10:36.786 8 INFO neutron.api.wsgi [None req-ca63ee6b-c216-4c44-ba8e-4fdb222f4692 4f14ea5444fb425298a59c61ec5268ec ce10a7aa1bc4455fa67562dc257a0766 - - default default] 10.0.0.106 "GET /v2.0/trunks?tags-any=red%2Cblue HTTP/1.1" status: 200 len: 1447 time: 0.0222535
2026-07-14 19:10:36.799 8 INFO neutron.db.ovn_revision_numbers_db [None req-58679d59-9208-4d65-bc5b-c5143bd119cc bb5688761caf495eb022bb87d163cd86 4a2f5f88d54b4f6a81bd282f73b618de - - default default] Successfully bumped revision number for resource 9a31bdb2-23e1-413a-ad10-5d804c0495bf (type: subnets) to 0
2026-07-14 19:10:36.812 8 INFO neutron.api.wsgi [None req-82c96bd2-01e8-4adf-b426-292ae2281d22 4f14ea5444fb425298a59c61ec5268ec ce10a7aa1bc4455fa67562dc257a0766 - - default default] 10.0.0.106 "GET /v2.0/trunks?not-tags=red HTTP/1.1" status: 200 len: 1013 time: 0.0194335
2026-07-14 19:10:36.815 8 INFO neutron.api.wsgi [None req-58679d59-9208-4d65-bc5b-c5143bd119cc bb5688761caf495eb022bb87d163cd86 4a2f5f88d54b4f6a81bd282f73b618de - - default default] 10.0.0.106 "POST /v2.0/subnets HTTP/1.1" status: 201 len: 845 time: 0.3688753
2026-07-14 19:10:36.855 8 INFO neutron.api.wsgi [None req-1de25796-d885-4c98-9b4d-8539ea78d561 4f14ea5444fb425298a59c61ec5268ec ce10a7aa1bc4455fa67562dc257a0766 - - default default] 10.0.0.106 "GET /v2.0/trunks?not-tags=red%2Cblue HTTP/1.1" status: 200 len: 1419 time: 0.0324457
2026-07-14 19:10:36.885 8 INFO neutron.api.wsgi [None req-476c7d3c-1264-4d82-a553-2114b6751e91 4f14ea5444fb425298a59c61ec5268ec ce10a7aa1bc4455fa67562dc257a0766 - - default default] 10.0.0.106 "GET /v2.0/trunks?not-tags-any=blue HTTP/1.1" status: 200 len: 1419 time: 0.0237010
2026-07-14 19:10:36.907 8 INFO neutron.api.wsgi [None req-b13812b9-bbe0-4b97-adf7-07e13fddc50e 4f14ea5444fb425298a59c61ec5268ec ce10a7aa1bc4455fa67562dc257a0766 - - default default] 10.0.0.106 "GET /v2.0/trunks?not-tags-any=red%2Cblue HTTP/1.1" status: 200 len: 1013 time: 0.0178447
2026-07-14 19:10:36.942 8 INFO neutron.api.wsgi [None req-16816b00-031a-42d7-b98a-f8099533ea29 4f14ea5444fb425298a59c61ec5268ec ce10a7aa1bc4455fa67562dc257a0766 - - default default] 10.0.0.106 "GET /v2.0/trunks/58df5abb-3b46-43ae-b765-c18448fc25d3 HTTP/1.1" status: 200 len: 608 time: 0.0279543
2026-07-14 19:10:37.059 8 INFO neutron.api.wsgi [None req-3d7ffea1-36c6-43d7-94f6-84dbafd0ea0e 4f14ea5444fb425298a59c61ec5268ec ce10a7aa1bc4455fa67562dc257a0766 - - default default] 10.0.0.106 "GET /v2.0/ports/584e93f2-5a6d-4925-a7f3-9c6aca588f64 HTTP/1.1" status: 200 len: 1020 time: 0.1086037
2026-07-14 19:10:37.080 9 INFO neutron.api.wsgi [None req-7ed11969-d393-4540-8273-5de31e07e727 d721c786d86a48a59bb8b808d9843508 093b4636a2f64a3ea82186d74bb3c4ba - - default default] 10.0.0.106 "GET /v2.0/networks?not-tags-any=blue HTTP/1.1" status: 200 len: 2680 time: 0.4004486
2026-07-14 19:10:37.168 9 INFO neutron.api.wsgi [None req-d622f371-a468-4b03-b9f6-18e5864095f7 d721c786d86a48a59bb8b808d9843508 093b4636a2f64a3ea82186d74bb3c4ba - - default default] 10.0.0.106 "GET /v2.0/networks?not-tags-any=red%2Cblue HTTP/1.1" status: 200 len: 2067 time: 0.0825639
2026-07-14 19:10:37.186 9 INFO neutron.api.wsgi [None req-6a4d7f1e-5e93-4dfb-84b6-111196dc9862 4f14ea5444fb425298a59c61ec5268ec ce10a7aa1bc4455fa67562dc257a0766 - - default default] 10.0.0.106 "DELETE /v2.0/trunks/58df5abb-3b46-43ae-b765-c18448fc25d3 HTTP/1.1" status: 204 len: 168 time: 0.1226315
2026-07-14 19:10:37.209 9 INFO neutron.api.wsgi [None req-8d708a88-c899-4d1c-b869-9cd5d0436870 4f14ea5444fb425298a59c61ec5268ec ce10a7aa1bc4455fa67562dc257a0766 - - default default] 10.0.0.106 "GET /v2.0/trunks/fff63276-49e9-4390-b959-212899924e5b HTTP/1.1" status: 200 len: 616 time: 0.0178027
2026-07-14 19:10:37.300 9 INFO neutron.api.wsgi [None req-caccba9c-3708-457e-8fb9-4ff4df93accd 4f14ea5444fb425298a59c61ec5268ec ce10a7aa1bc4455fa67562dc257a0766 - - default default] 10.0.0.106 "GET /v2.0/ports/684d0ef4-52b3-434e-8d69-8b02fcb2de6f HTTP/1.1" status: 200 len: 1020 time: 0.0840774
2026-07-14 19:10:37.383 9 INFO neutron.api.wsgi [None req-c788be3d-6af9-4461-8163-8a68d1783191 4f14ea5444fb425298a59c61ec5268ec ce10a7aa1bc4455fa67562dc257a0766 - - default default] 10.0.0.106 "DELETE /v2.0/trunks/fff63276-49e9-4390-b959-212899924e5b HTTP/1.1" status: 204 len: 168 time: 0.0784156
2026-07-14 19:10:37.407 9 INFO neutron.api.wsgi [None req-12c9bc79-20c7-4cf7-9e40-30fd75647dc1 4f14ea5444fb425298a59c61ec5268ec ce10a7aa1bc4455fa67562dc257a0766 - - default default] 10.0.0.106 "GET /v2.0/trunks/483fcbd8-53db-4953-a312-c95ce2772091 HTTP/1.1" status: 200 len: 625 time: 0.0184770
2026-07-14 19:10:37.441 9 INFO neutron.api.wsgi [-] 10.0.0.254 "GET / HTTP/1.1" status: 200 len: 246 time: 0.0019612
2026-07-14 19:10:37.443 9 INFO neutron.api.wsgi [-] 10.0.0.254 "GET / HTTP/1.1" status: 200 len: 246 time: 0.0018327
2026-07-14 19:10:37.515 9 INFO neutron.api.wsgi [None req-7cbd9230-cb93-40b1-a66b-d6c2b7db9a45 4f14ea5444fb425298a59c61ec5268ec ce10a7aa1bc4455fa67562dc257a0766 - - default default] 10.0.0.106 "GET /v2.0/ports/a6da3107-d11d-4522-b2c9-3f3322a0a86f HTTP/1.1" status: 200 len: 1020 time: 0.0976415
2026-07-14 19:10:37.591 8 INFO neutron.services.segments.plugin [-] Segment c25d318a-dd0e-4ff5-aa5c-a4639e79b2e8 resource provider aggregate not found
2026-07-14 19:10:37.598 8 INFO neutron.services.segments.plugin [-] Segment c25d318a-dd0e-4ff5-aa5c-a4639e79b2e8 resource provider aggregate not found
2026-07-14 19:10:37.611 9 INFO neutron.api.wsgi [None req-818e3cf0-1e19-43b4-b614-a4b351a74717 4f14ea5444fb425298a59c61ec5268ec ce10a7aa1bc4455fa67562dc257a0766 - - default default] 10.0.0.106 "DELETE /v2.0/trunks/483fcbd8-53db-4953-a312-c95ce2772091 HTTP/1.1" status: 204 len: 168 time: 0.0907891
2026-07-14 19:10:37.616 8 INFO neutron.services.segments.plugin [-] Segment c25d318a-dd0e-4ff5-aa5c-a4639e79b2e8 resource provider not found; error: Placement Client Error (4xx): {"errors": [{"status": 404, "title": "Not Found", "detail": "The resource could not be found.\n\n No resource provider with uuid c25d318a-dd0e-4ff5-aa5c-a4639e79b2e8 found for delete ", "request_id": "req-37c6063c-6a7d-4d19-8f26-8e4b106748bb"}]}
2026-07-14 19:10:37.620 8 INFO neutron.services.segments.plugin [-] Segment c25d318a-dd0e-4ff5-aa5c-a4639e79b2e8 resource provider not found; error: Placement Client Error (4xx): {"errors": [{"status": 404, "title": "Not Found", "detail": "The resource could not be found.\n\n No resource provider with uuid c25d318a-dd0e-4ff5-aa5c-a4639e79b2e8 found for delete ", "request_id": "req-28ee256d-e9fd-427a-98a2-c4fbdffa1039"}]}
2026-07-14 19:10:37.639 9 INFO neutron.api.wsgi [None req-266b6314-a77d-4fd8-a294-1921d56f3bae 4f14ea5444fb425298a59c61ec5268ec ce10a7aa1bc4455fa67562dc257a0766 - - default default] 10.0.0.106 "GET /v2.0/trunks/455fef59-aa2f-4fbe-a2d1-f60002625de8 HTTP/1.1" status: 200 len: 610 time: 0.0180330
2026-07-14 19:10:37.659 8 INFO neutron.api.wsgi [None req-b1913b8b-a5c1-489f-ad81-6a02b03d0fba d721c786d86a48a59bb8b808d9843508 093b4636a2f64a3ea82186d74bb3c4ba - - default default] 10.0.0.106 "DELETE /v2.0/networks/ad549951-f31d-4917-a08f-8e90691ef783 HTTP/1.1" status: 204 len: 168 time: 0.4837711
2026-07-14 19:10:37.667 8 INFO neutron.db.ovn_revision_numbers_db [None req-21b59e67-03a3-459d-8c93-7cbc7a0d2982 - - - - - -] Successfully bumped revision number for resource 0ea63d6c-a436-418a-ad01-42355698ca2e (type: ports) to 2
2026-07-14 19:10:37.705 8 INFO neutron.db.ovn_revision_numbers_db [None req-21b59e67-03a3-459d-8c93-7cbc7a0d2982 - - - - - -] Successfully bumped revision number for resource 9a31bdb2-23e1-413a-ad10-5d804c0495bf (type: subnets) to 1
2026-07-14 19:10:37.708 8 INFO neutron.api.wsgi [None req-a890f1cf-151d-4c43-a737-7ad924cccd41 bb5688761caf495eb022bb87d163cd86 4a2f5f88d54b4f6a81bd282f73b618de - - default default] 10.0.0.106 "PUT /v2.0/subnets/9a31bdb2-23e1-413a-ad10-5d804c0495bf HTTP/1.1" status: 200 len: 850 time: 0.8870165
2026-07-14 19:10:37.748 9 INFO neutron.api.wsgi [None req-4d215d3d-2c88-4f71-be64-a24e44ef3b18 4f14ea5444fb425298a59c61ec5268ec ce10a7aa1bc4455fa67562dc257a0766 - - default default] 10.0.0.106 "GET /v2.0/ports/714274ba-866a-4f98-8ff2-b6f6ed23d1ac HTTP/1.1" status: 200 len: 1020 time: 0.1016245
2026-07-14 19:10:37.840 9 INFO neutron.api.wsgi [None req-142e0d55-36e8-4a95-a4a6-facb2c742612 4f14ea5444fb425298a59c61ec5268ec ce10a7aa1bc4455fa67562dc257a0766 - - default default] 10.0.0.106 "DELETE /v2.0/trunks/455fef59-aa2f-4fbe-a2d1-f60002625de8 HTTP/1.1" status: 204 len: 168 time: 0.0872164
2026-07-14 19:10:37.872 9 INFO neutron.api.wsgi [None req-a1982017-e592-4b46-9c58-68c87ec0399a 4f14ea5444fb425298a59c61ec5268ec ce10a7aa1bc4455fa67562dc257a0766 - - default default] 10.0.0.106 "GET /v2.0/trunks/5b033322-fc34-4002-8e29-b3b651e8498b HTTP/1.1" status: 200 len: 603 time: 0.0261462
2026-07-14 19:10:37.986 9 INFO neutron.api.wsgi [None req-8712370f-9179-4913-ab76-6019a1fc6c19 4f14ea5444fb425298a59c61ec5268ec ce10a7aa1bc4455fa67562dc257a0766 - - default default] 10.0.0.106 "GET /v2.0/ports/15c13833-2c17-41aa-9bbf-690e66983dd8 HTTP/1.1" status: 200 len: 1020 time: 0.1078417
2026-07-14 19:10:38.078 9 INFO neutron.api.wsgi [None req-b76d63cd-1896-4738-9f2f-73dd708cdb4f 4f14ea5444fb425298a59c61ec5268ec ce10a7aa1bc4455fa67562dc257a0766 - - default default] 10.0.0.106 "DELETE /v2.0/trunks/5b033322-fc34-4002-8e29-b3b651e8498b HTTP/1.1" status: 204 len: 168 time: 0.0865576
2026-07-14 19:10:38.108 9 INFO neutron.services.segments.plugin [-] Segment 5c0f4b84-0d8f-4675-9101-056197214a06 resource provider aggregate not found
2026-07-14 19:10:38.114 9 INFO neutron.services.segments.plugin [-] Segment 5c0f4b84-0d8f-4675-9101-056197214a06 resource provider aggregate not found
2026-07-14 19:10:38.133 9 INFO neutron.services.segments.plugin [-] Segment 5c0f4b84-0d8f-4675-9101-056197214a06 resource provider not found; error: Placement Client Error (4xx): {"errors": [{"status": 404, "title": "Not Found", "detail": "The resource could not be found.\n\n No resource provider with uuid 5c0f4b84-0d8f-4675-9101-056197214a06 found for delete ", "request_id": "req-e61b9deb-daa5-4238-b494-a33e3893de7a"}]}
2026-07-14 19:10:38.135 9 INFO neutron.services.segments.plugin [-] Segment 5c0f4b84-0d8f-4675-9101-056197214a06 resource provider not found; error: Placement Client Error (4xx): {"errors": [{"status": 404, "title": "Not Found", "detail": "The resource could not be found.\n\n No resource provider with uuid 5c0f4b84-0d8f-4675-9101-056197214a06 found for delete ", "request_id": "req-c98c4c45-ae06-47e0-903d-ebfd9f9a44d1"}]}
2026-07-14 19:10:38.160 9 INFO neutron.api.wsgi [None req-50064469-ec9a-4bca-bd95-9b3336e6867c d721c786d86a48a59bb8b808d9843508 093b4636a2f64a3ea82186d74bb3c4ba - - default default] 10.0.0.106 "DELETE /v2.0/networks/23b12904-3eb3-4582-8e62-ebaead28653e HTTP/1.1" status: 204 len: 168 time: 0.4893394
2026-07-14 19:10:38.197 8 INFO neutron.api.wsgi [None req-d9ccf4c9-5fd5-4813-bf67-e720cfb8fb2e bb5688761caf495eb022bb87d163cd86 4a2f5f88d54b4f6a81bd282f73b618de - - default default] 10.0.0.106 "DELETE /v2.0/networks/2e79e40e-8446-4d32-bec5-3adc0edac0fa HTTP/1.1" status: 204 len: 168 time: 0.4837799
2026-07-14 19:10:38.216 9 INFO neutron.pecan_wsgi.hooks.translation [None req-05ae718f-c711-4820-9579-1341dbc76e14 bb5688761caf495eb022bb87d163cd86 4a2f5f88d54b4f6a81bd282f73b618de - - default default] DELETE failed (client error): The resource could not be found.
2026-07-14 19:10:38.219 9 INFO neutron.api.wsgi [None req-05ae718f-c711-4820-9579-1341dbc76e14 bb5688761caf495eb022bb87d163cd86 4a2f5f88d54b4f6a81bd282f73b618de - - default default] 10.0.0.106 "DELETE /v2.0/networks/2e79e40e-8446-4d32-bec5-3adc0edac0fa HTTP/1.1" status: 404 len: 339 time: 0.0170577
2026-07-14 19:10:38.249 8 WARNING neutron.plugins.ml2.drivers.ovn.mech_driver.ovsdb.ovn_client [None req-c2949d40-b2ff-41c7-bb15-de447ee6177e - - - - - -] No port found with ID e4c20b03-b654-463d-9119-2577da38087e: RuntimeError: No port found with ID e4c20b03-b654-463d-9119-2577da38087e
2026-07-14 19:10:38.277 9 INFO neutron.api.wsgi [None req-6b509ac8-0fc0-42a0-9b74-ea3d262a9c35 bb5688761caf495eb022bb87d163cd86 4a2f5f88d54b4f6a81bd282f73b618de - - default default] 10.0.0.106 "GET /v2.0/networks?router%3Aexternal=True HTTP/1.1" status: 200 len: 845 time: 0.0450046
2026-07-14 19:10:38.309 9 INFO neutron.api.wsgi [None req-fa5a5445-e5a0-4b45-af5b-00e802081c4f bb5688761caf495eb022bb87d163cd86 4a2f5f88d54b4f6a81bd282f73b618de - - default default] 10.0.0.106 "GET /v2.0/subnets?network_id=20039a72-e184-4592-8a6e-542253372dc2 HTTP/1.1" status: 200 len: 843 time: 0.0267863
2026-07-14 19:10:38.321 9 INFO neutron.api.wsgi [None req-0f863970-a153-469d-bf31-e6476d6c5478 bb5688761caf495eb022bb87d163cd86 4a2f5f88d54b4f6a81bd282f73b618de - - default default] 10.0.0.106 "GET /v2.0/extensions HTTP/1.1" status: 200 len: 19293 time: 0.0056210
2026-07-14 19:10:38.374 9 INFO neutron.api.wsgi [None req-9f9592ec-bf40-4377-8263-ff50b61c78a6 bb5688761caf495eb022bb87d163cd86 4a2f5f88d54b4f6a81bd282f73b618de - - default default] 10.0.0.106 "GET /v2.0/networks HTTP/1.1" status: 200 len: 1507 time: 0.0474849
2026-07-14 19:10:38.415 8 INFO neutron.api.wsgi [None req-99bfe311-f918-45f4-8476-48f53a613f59 4f14ea5444fb425298a59c61ec5268ec ce10a7aa1bc4455fa67562dc257a0766 - - default default] 10.0.0.106 "DELETE /v2.0/ports/584e93f2-5a6d-4925-a7f3-9c6aca588f64 HTTP/1.1" status: 204 len: 168 time: 0.3239079
2026-07-14 19:10:38.431 8 INFO neutron.api.wsgi [None req-02163543-88e8-48bd-ab3b-5838352bfcd8 bb5688761caf495eb022bb87d163cd86 4a2f5f88d54b4f6a81bd282f73b618de - - default default] 10.0.0.106 "GET /v2.0/subnets HTTP/1.1" status: 200 len: 1507 time: 0.0501962
2026-07-14 19:10:38.502 9 INFO neutron.api.wsgi [None req-d477087f-f0f1-41db-81b4-8fc36bc54bed bb5688761caf495eb022bb87d163cd86 4a2f5f88d54b4f6a81bd282f73b618de - - default default] 10.0.0.106 "GET /v2.0/networks/4edd9301-eb40-4afb-bd6d-efc016f1e087 HTTP/1.1" status: 200 len: 866 time: 0.0649383
2026-07-14 19:10:38.544 9 INFO neutron.api.wsgi [None req-d73a3afb-166c-4acc-8bf1-458e0c75343b bb5688761caf495eb022bb87d163cd86 4a2f5f88d54b4f6a81bd282f73b618de - - default default] 10.0.0.106 "GET /v2.0/subnets/bffa9bef-810c-461e-b5ce-0e28c5f02c67 HTTP/1.1" status: 200 len: 867 time: 0.0329757
2026-07-14 19:10:38.574 8 INFO neutron.pecan_wsgi.hooks.translation [None req-480b1bd8-4000-4a8a-883c-ff372ae61d09 bb5688761caf495eb022bb87d163cd86 4a2f5f88d54b4f6a81bd282f73b618de - - default default] DELETE failed (client error): The resource could not be found.
2026-07-14 19:10:38.578 8 INFO neutron.api.wsgi [None req-480b1bd8-4000-4a8a-883c-ff372ae61d09 bb5688761caf495eb022bb87d163cd86 4a2f5f88d54b4f6a81bd282f73b618de - - default default] 10.0.0.106 "DELETE /v2.0/subnets/9a31bdb2-23e1-413a-ad10-5d804c0495bf HTTP/1.1" status: 404 len: 337 time: 0.0187101
2026-07-14 19:10:38.610 8 INFO neutron.pecan_wsgi.hooks.translation [None req-b50aa038-d116-462b-8c40-27b536e04142 bb5688761caf495eb022bb87d163cd86 4a2f5f88d54b4f6a81bd282f73b618de - - default default] DELETE failed (client error): The resource could not be found.
2026-07-14 19:10:38.615 8 INFO neutron.api.wsgi [None req-b50aa038-d116-462b-8c40-27b536e04142 bb5688761caf495eb022bb87d163cd86 4a2f5f88d54b4f6a81bd282f73b618de - - default default] 10.0.0.106 "DELETE /v2.0/networks/2e79e40e-8446-4d32-bec5-3adc0edac0fa HTTP/1.1" status: 404 len: 339 time: 0.0299747
2026-07-14 19:10:38.642 8 INFO neutron.api.wsgi [None req-ab823472-1675-468c-b8d6-5ccddbffb521 d721c786d86a48a59bb8b808d9843508 093b4636a2f64a3ea82186d74bb3c4ba - - default default] 10.0.0.106 "DELETE /v2.0/networks/f96352be-95ea-444f-8df9-ee1f4c0e788d HTTP/1.1" status: 204 len: 168 time: 0.4778118
2026-07-14 19:10:38.695 9 INFO neutron.api.wsgi [None req-d9fe5c99-b450-42dd-b12e-fb80cf450c04 4f14ea5444fb425298a59c61ec5268ec ce10a7aa1bc4455fa67562dc257a0766 - - default default] 10.0.0.106 "DELETE /v2.0/ports/684d0ef4-52b3-434e-8d69-8b02fcb2de6f HTTP/1.1" status: 204 len: 168 time: 0.2744951
2026-07-14 19:10:38.863 8 INFO neutron.api.wsgi [None req-369ef20e-97cc-4e5e-b3b3-18d938457df3 bb5688761caf495eb022bb87d163cd86 4a2f5f88d54b4f6a81bd282f73b618de - - default default] 10.0.0.106 "DELETE /v2.0/subnets/bffa9bef-810c-461e-b5ce-0e28c5f02c67 HTTP/1.1" status: 204 len: 168 time: 0.2431366
2026-07-14 19:10:39.038 8 INFO neutron.api.wsgi [None req-45ad2b86-52ab-450d-a001-27ee118d04a1 4f14ea5444fb425298a59c61ec5268ec ce10a7aa1bc4455fa67562dc257a0766 - - default default] 10.0.0.106 "DELETE /v2.0/ports/a6da3107-d11d-4522-b2c9-3f3322a0a86f HTTP/1.1" status: 204 len: 168 time: 0.3393281
2026-07-14 19:10:39.136 8 INFO neutron.api.wsgi [None req-d5d37c8f-7683-4ea1-b0db-6a5e2886b4b7 d721c786d86a48a59bb8b808d9843508 093b4636a2f64a3ea82186d74bb3c4ba - - default default] 10.0.0.106 "DELETE /v2.0/networks/e1d2ce89-9fb1-4082-aabc-229e997a0293 HTTP/1.1" status: 204 len: 168 time: 0.4880340
2026-07-14 19:10:39.254 9 INFO neutron.api.wsgi [None req-cfc96d35-1be0-48fd-b1b2-fa0839e5a296 bb5688761caf495eb022bb87d163cd86 4a2f5f88d54b4f6a81bd282f73b618de - - default default] 10.0.0.106 "DELETE /v2.0/networks/4edd9301-eb40-4afb-bd6d-efc016f1e087 HTTP/1.1" status: 204 len: 168 time: 0.3854849
2026-07-14 19:10:39.406 8 INFO neutron.api.wsgi [None req-771dec86-918a-486d-8679-d00b24fe2bc6 4f14ea5444fb425298a59c61ec5268ec ce10a7aa1bc4455fa67562dc257a0766 - - default default] 10.0.0.106 "DELETE /v2.0/ports/714274ba-866a-4f98-8ff2-b6f6ed23d1ac HTTP/1.1" status: 204 len: 168 time: 0.3625693
2026-07-14 19:10:39.635 8 INFO neutron.services.segments.plugin [-] Segment 53386384-2618-4012-8fb3-08d77c5eca54 resource provider aggregate not found
2026-07-14 19:10:39.643 8 INFO neutron.api.wsgi [None req-2a3bb336-e594-456d-8014-bd41d916673e d721c786d86a48a59bb8b808d9843508 093b4636a2f64a3ea82186d74bb3c4ba - - default default] 10.0.0.106 "DELETE /v2.0/networks/b0e0e591-b2aa-4298-b932-42efd82c8139 HTTP/1.1" status: 204 len: 168 time: 0.5019655
2026-07-14 19:10:39.646 8 INFO neutron.services.segments.plugin [-] Segment 53386384-2618-4012-8fb3-08d77c5eca54 resource provider aggregate not found
2026-07-14 19:10:39.651 8 INFO neutron.services.segments.plugin [-] Segment 53386384-2618-4012-8fb3-08d77c5eca54 resource provider not found; error: Placement Client Error (4xx): {"errors": [{"status": 404, "title": "Not Found", "detail": "The resource could not be found.\n\n No resource provider with uuid 53386384-2618-4012-8fb3-08d77c5eca54 found for delete ", "request_id": "req-bdf8046b-99a4-4a20-800f-a7c42c2b85e6"}]}
2026-07-14 19:10:39.662 8 INFO neutron.services.segments.plugin [-] Segment 53386384-2618-4012-8fb3-08d77c5eca54 resource provider not found; error: Placement Client Error (4xx): {"errors": [{"status": 404, "title": "Not Found", "detail": "The resource could not be found.\n\n No resource provider with uuid 53386384-2618-4012-8fb3-08d77c5eca54 found for delete ", "request_id": "req-d5ec1134-31f4-45a5-858f-a237374c09bb"}]}
2026-07-14 19:10:39.670 8 INFO neutron.services.segments.plugin [-] Segment 72e798e3-2788-40d8-89f4-a4e05bf42012 resource provider aggregate not found
2026-07-14 19:10:39.682 8 INFO neutron.services.segments.plugin [-] Segment 72e798e3-2788-40d8-89f4-a4e05bf42012 resource provider aggregate not found
2026-07-14 19:10:39.688 8 INFO neutron.services.segments.plugin [-] Segment 72e798e3-2788-40d8-89f4-a4e05bf42012 resource provider not found; error: Placement Client Error (4xx): {"errors": [{"status": 404, "title": "Not Found", "detail": "The resource could not be found.\n\n No resource provider with uuid 72e798e3-2788-40d8-89f4-a4e05bf42012 found for delete ", "request_id": "req-a23816ce-efd3-4e8b-9a9c-68a45acb01f2"}]}
2026-07-14 19:10:39.704 8 INFO neutron.services.segments.plugin [-] Segment 75832e9d-f8ae-46d9-94e4-d5967cd58dae resource provider aggregate not found
2026-07-14 19:10:39.710 8 INFO neutron.services.segments.plugin [-] Segment 72e798e3-2788-40d8-89f4-a4e05bf42012 resource provider not found; error: Placement Client Error (4xx): {"errors": [{"status": 404, "title": "Not Found", "detail": "The resource could not be found.\n\n No resource provider with uuid 72e798e3-2788-40d8-89f4-a4e05bf42012 found for delete ", "request_id": "req-a00e42d7-6893-4071-92b8-6085a1b1d429"}]}
2026-07-14 19:10:39.732 8 INFO neutron.services.segments.plugin [-] Segment 75832e9d-f8ae-46d9-94e4-d5967cd58dae resource provider aggregate not found
2026-07-14 19:10:39.736 8 INFO neutron.services.segments.plugin [-] Segment 75832e9d-f8ae-46d9-94e4-d5967cd58dae resource provider not found; error: Placement Client Error (4xx): {"errors": [{"status": 404, "title": "Not Found", "detail": "The resource could not be found.\n\n No resource provider with uuid 75832e9d-f8ae-46d9-94e4-d5967cd58dae found for delete ", "request_id": "req-df113199-f5a8-4060-b326-f9a29f82e2ff"}]}
2026-07-14 19:10:39.751 8 INFO neutron.services.segments.plugin [-] Segment 75832e9d-f8ae-46d9-94e4-d5967cd58dae resource provider not found; error: Placement Client Error (4xx): {"errors": [{"status": 404, "title": "Not Found", "detail": "The resource could not be found.\n\n No resource provider with uuid 75832e9d-f8ae-46d9-94e4-d5967cd58dae found for delete ", "request_id": "req-be8d369b-f57b-4c59-b0e8-63eea00302b8"}]}
2026-07-14 19:10:39.758 8 INFO neutron.services.segments.plugin [-] Segment baef1662-f579-4494-9a53-53cca42da97b resource provider aggregate not found
2026-07-14 19:10:39.768 8 INFO neutron.services.segments.plugin [-] Segment baef1662-f579-4494-9a53-53cca42da97b resource provider aggregate not found
2026-07-14 19:10:39.777 8 INFO neutron.services.segments.plugin [-] Segment baef1662-f579-4494-9a53-53cca42da97b resource provider not found; error: Placement Client Error (4xx): {"errors": [{"status": 404, "title": "Not Found", "detail": "The resource could not be found.\n\n No resource provider with uuid baef1662-f579-4494-9a53-53cca42da97b found for delete ", "request_id": "req-68e81b27-9287-45f9-8784-e32aa231ba06"}]}
2026-07-14 19:10:39.781 8 INFO neutron.services.segments.plugin [-] Segment baef1662-f579-4494-9a53-53cca42da97b resource provider not found; error: Placement Client Error (4xx): {"errors": [{"status": 404, "title": "Not Found", "detail": "The resource could not be found.\n\n No resource provider with uuid baef1662-f579-4494-9a53-53cca42da97b found for delete ", "request_id": "req-1c992817-7023-404a-8462-8700b242d246"}]}
2026-07-14 19:10:39.834 8 INFO neutron.api.wsgi [None req-3482172d-1f6f-46d0-983c-c3c166da33d8 4f14ea5444fb425298a59c61ec5268ec ce10a7aa1bc4455fa67562dc257a0766 - - default default] 10.0.0.106 "DELETE /v2.0/ports/15c13833-2c17-41aa-9bbf-690e66983dd8 HTTP/1.1" status: 204 len: 168 time: 0.4235961
2026-07-14 19:10:39.991 9 INFO neutron.api.wsgi [None req-eed7366e-c6df-4bef-bf41-094179ed6095 d54ab789ab764360a301b092e529a1de 944992dde62c4080abe7a663032008a4 - - default default] 10.0.0.106 "GET /v2.0/security-groups?tenant_id=4a2f5f88d54b4f6a81bd282f73b618de&name=default HTTP/1.1" status: 200 len: 3120 time: 0.2075284
2026-07-14 19:10:40.152 9 INFO neutron.services.segments.plugin [-] Segment 3b814077-5fa1-4406-9b6a-a368fcf202e1 resource provider aggregate not found
2026-07-14 19:10:40.156 9 INFO neutron.services.segments.plugin [-] Segment 3b814077-5fa1-4406-9b6a-a368fcf202e1 resource provider aggregate not found
2026-07-14 19:10:40.172 9 INFO neutron.services.segments.plugin [-] Segment 3b814077-5fa1-4406-9b6a-a368fcf202e1 resource provider not found; error: Placement Client Error (4xx): {"errors": [{"status": 404, "title": "Not Found", "detail": "The resource could not be found.\n\n No resource provider with uuid 3b814077-5fa1-4406-9b6a-a368fcf202e1 found for delete ", "request_id": "req-17a4b7ee-1825-4df7-93f1-4c9340a1d7a0"}]}
2026-07-14 19:10:40.181 9 INFO neutron.services.segments.plugin [-] Segment 3b814077-5fa1-4406-9b6a-a368fcf202e1 resource provider not found; error: Placement Client Error (4xx): {"errors": [{"status": 404, "title": "Not Found", "detail": "The resource could not be found.\n\n No resource provider with uuid 3b814077-5fa1-4406-9b6a-a368fcf202e1 found for delete ", "request_id": "req-0363122e-998b-4387-8395-a395d6b50547"}]}
2026-07-14 19:10:40.245 8 INFO neutron.api.wsgi [None req-eccf6ab8-3777-4b34-8a02-115610c5b3ce 4f14ea5444fb425298a59c61ec5268ec ce10a7aa1bc4455fa67562dc257a0766 - - default default] 10.0.0.106 "DELETE /v2.0/networks/22487d49-a263-4240-9df0-f3abe53740e8 HTTP/1.1" status: 204 len: 168 time: 0.4067974
2026-07-14 19:10:40.302 8 INFO neutron.api.wsgi [None req-4c2dd334-57ae-472a-9dd0-ba3fbeb01df1 d54ab789ab764360a301b092e529a1de 944992dde62c4080abe7a663032008a4 - - default default] 10.0.0.106 "DELETE /v2.0/security-groups/ffa00185-5cba-4af6-904f-5b08206b65fe HTTP/1.1" status: 204 len: 168 time: 0.3039632
2026-07-14 19:10:40.672 8 INFO neutron.api.wsgi [None req-ea13620c-511f-40be-a8d1-8620c1ce9b87 4f14ea5444fb425298a59c61ec5268ec ce10a7aa1bc4455fa67562dc257a0766 - - default default] 10.0.0.106 "DELETE /v2.0/networks/14a48438-cd8d-40a1-adaf-820213916a84 HTTP/1.1" status: 204 len: 168 time: 0.4219179
2026-07-14 19:10:40.737 8 INFO neutron.db.ovn_revision_numbers_db [None req-0c77adff-e392-43fb-badc-6b968901994f d54ab789ab764360a301b092e529a1de 944992dde62c4080abe7a663032008a4 - - default default] Successfully bumped revision number for resource cbf49689-c17f-4b08-8531-907dc0a1a069 (type: security_groups) to 1
2026-07-14 19:10:40.752 8 INFO neutron.db.ovn_revision_numbers_db [None req-0c77adff-e392-43fb-badc-6b968901994f d54ab789ab764360a301b092e529a1de 944992dde62c4080abe7a663032008a4 - - default default] Successfully bumped revision number for resource 00ea9d90-b480-4585-a941-ad5b7f8403d0 (type: security_group_rules) to 0
2026-07-14 19:10:40.767 8 INFO neutron.db.ovn_revision_numbers_db [None req-0c77adff-e392-43fb-badc-6b968901994f d54ab789ab764360a301b092e529a1de 944992dde62c4080abe7a663032008a4 - - default default] Successfully bumped revision number for resource 98290ecc-43de-4b6f-b3af-1dd598258d07 (type: security_group_rules) to 0
2026-07-14 19:10:40.780 8 INFO neutron.db.ovn_revision_numbers_db [None req-0c77adff-e392-43fb-badc-6b968901994f d54ab789ab764360a301b092e529a1de 944992dde62c4080abe7a663032008a4 - - default default] Successfully bumped revision number for resource c7303000-c3f1-4fc4-a015-743a41bb375c (type: security_group_rules) to 0
2026-07-14 19:10:40.782 9 INFO neutron.db.ovn_revision_numbers_db [None req-48be49c7-6c1b-469f-bdd3-db69d7763bf5 d54ab789ab764360a301b092e529a1de 944992dde62c4080abe7a663032008a4 - - default default] Successfully bumped revision number for resource 7ebe4cb0-dcd1-48b9-8ec7-734084c615f9 (type: security_groups) to 1
2026-07-14 19:10:40.793 8 INFO neutron.db.ovn_revision_numbers_db [None req-0c77adff-e392-43fb-badc-6b968901994f d54ab789ab764360a301b092e529a1de 944992dde62c4080abe7a663032008a4 - - default default] Successfully bumped revision number for resource ddbfb704-1e11-4988-bebe-fbe1adb4ba65 (type: security_group_rules) to 0
2026-07-14 19:10:40.799 9 INFO neutron.db.ovn_revision_numbers_db [None req-48be49c7-6c1b-469f-bdd3-db69d7763bf5 d54ab789ab764360a301b092e529a1de 944992dde62c4080abe7a663032008a4 - - default default] Successfully bumped revision number for resource 04c4cfb9-ce03-4891-9e2c-df66e1770fb4 (type: security_group_rules) to 0
2026-07-14 19:10:40.818 9 INFO neutron.db.ovn_revision_numbers_db [None req-48be49c7-6c1b-469f-bdd3-db69d7763bf5 d54ab789ab764360a301b092e529a1de 944992dde62c4080abe7a663032008a4 - - default default] Successfully bumped revision number for resource 35ce650c-7816-4524-8dda-3c5a365708c6 (type: security_group_rules) to 0
2026-07-14 19:10:40.829 8 INFO neutron.api.wsgi [None req-0c77adff-e392-43fb-badc-6b968901994f d54ab789ab764360a301b092e529a1de 944992dde62c4080abe7a663032008a4 - - default default] 10.0.0.106 "GET /v2.0/security-groups?tenant_id=d0cc297ebdbe43c38706529a6d9f1c91&name=default HTTP/1.1" status: 200 len: 3120 time: 0.5087330
2026-07-14 19:10:40.835 9 INFO neutron.db.ovn_revision_numbers_db [None req-48be49c7-6c1b-469f-bdd3-db69d7763bf5 d54ab789ab764360a301b092e529a1de 944992dde62c4080abe7a663032008a4 - - default default] Successfully bumped revision number for resource 4375d2cd-fff4-4ffd-a9a8-52b781c093d5 (type: security_group_rules) to 0
2026-07-14 19:10:40.862 9 INFO neutron.db.ovn_revision_numbers_db [None req-48be49c7-6c1b-469f-bdd3-db69d7763bf5 d54ab789ab764360a301b092e529a1de 944992dde62c4080abe7a663032008a4 - - default default] Successfully bumped revision number for resource 502a3027-9b8b-4b1e-a9df-1597b318de55 (type: security_group_rules) to 0
2026-07-14 19:10:40.906 9 INFO neutron.api.wsgi [None req-48be49c7-6c1b-469f-bdd3-db69d7763bf5 d54ab789ab764360a301b092e529a1de 944992dde62c4080abe7a663032008a4 - - default default] 10.0.0.106 "GET /v2.0/security-groups?tenant_id=f96a892f72134cef9f6597e2689ae2c1&name=default HTTP/1.1" status: 200 len: 3120 time: 0.3013232
2026-07-14 19:10:41.051 8 INFO neutron.api.wsgi [None req-3d38104e-7d02-4538-8002-1dd66f983037 d54ab789ab764360a301b092e529a1de 944992dde62c4080abe7a663032008a4 - - default default] 10.0.0.106 "DELETE /v2.0/security-groups/cbf49689-c17f-4b08-8531-907dc0a1a069 HTTP/1.1" status: 204 len: 168 time: 0.2166004
2026-07-14 19:10:41.115 9 INFO neutron.api.wsgi [None req-fe6e7331-adc6-4610-bd33-c811e8ee73e1 4f14ea5444fb425298a59c61ec5268ec ce10a7aa1bc4455fa67562dc257a0766 - - default default] 10.0.0.106 "DELETE /v2.0/networks/15745066-c3f5-4950-aed3-b9b062d6cba9 HTTP/1.1" status: 204 len: 168 time: 0.4375696
2026-07-14 19:10:41.215 9 INFO neutron.api.wsgi [None req-2591f6b3-436d-4aa7-86c3-dad78fd69dff d54ab789ab764360a301b092e529a1de 944992dde62c4080abe7a663032008a4 - - default default] 10.0.0.106 "DELETE /v2.0/security-groups/7ebe4cb0-dcd1-48b9-8ec7-734084c615f9 HTTP/1.1" status: 204 len: 168 time: 0.3013134
2026-07-14 19:10:41.363 8 INFO neutron.api.wsgi [None req-5d28c8d6-2a4c-44e8-b277-158381efba2d d54ab789ab764360a301b092e529a1de 944992dde62c4080abe7a663032008a4 - - default default] 10.0.0.106 "GET /v2.0/security-groups?tenant_id=093b4636a2f64a3ea82186d74bb3c4ba&name=default HTTP/1.1" status: 200 len: 3120 time: 0.0558445
2026-07-14 19:10:41.539 9 INFO neutron.api.wsgi [None req-7ae5685a-70ca-476e-8813-02cc39eaf794 4f14ea5444fb425298a59c61ec5268ec ce10a7aa1bc4455fa67562dc257a0766 - - default default] 10.0.0.106 "DELETE /v2.0/networks/97111627-cbaa-4f27-ae01-6e37ee6783b6 HTTP/1.1" status: 204 len: 168 time: 0.4208150
2026-07-14 19:10:41.622 8 INFO neutron.api.wsgi [None req-50d5c154-9d16-4608-87c2-133470c9a6c1 d54ab789ab764360a301b092e529a1de 944992dde62c4080abe7a663032008a4 - - default default] 10.0.0.106 "DELETE /v2.0/security-groups/d80d45f9-f4f6-49bf-9163-144ec38641a2 HTTP/1.1" status: 204 len: 168 time: 0.2553391
2026-07-14 19:10:41.794 8 INFO neutron.services.segments.plugin [-] Segment a80b068c-073c-4e42-b138-4dda5c007e61 resource provider aggregate not found
2026-07-14 19:10:41.798 8 INFO neutron.services.segments.plugin [-] Segment a80b068c-073c-4e42-b138-4dda5c007e61 resource provider aggregate not found
2026-07-14 19:10:41.810 8 INFO neutron.services.segments.plugin [-] Segment a80b068c-073c-4e42-b138-4dda5c007e61 resource provider not found; error: Placement Client Error (4xx): {"errors": [{"status": 404, "title": "Not Found", "detail": "The resource could not be found.\n\n No resource provider with uuid a80b068c-073c-4e42-b138-4dda5c007e61 found for delete ", "request_id": "req-0d1b6bab-fcd3-4721-9512-6ed7601764c9"}]}
2026-07-14 19:10:41.815 8 INFO neutron.services.segments.plugin [-] Segment a80b068c-073c-4e42-b138-4dda5c007e61 resource provider not found; error: Placement Client Error (4xx): {"errors": [{"status": 404, "title": "Not Found", "detail": "The resource could not be found.\n\n No resource provider with uuid a80b068c-073c-4e42-b138-4dda5c007e61 found for delete ", "request_id": "req-c8bd7768-1ffc-445d-91e3-842a1e7c4c15"}]}
2026-07-14 19:10:41.828 8 INFO neutron.services.segments.plugin [-] Segment 13e766e9-d45c-4c54-a3e1-f9f547d7ffe8 resource provider aggregate not found
2026-07-14 19:10:41.834 8 INFO neutron.services.segments.plugin [-] Segment 13e766e9-d45c-4c54-a3e1-f9f547d7ffe8 resource provider aggregate not found
2026-07-14 19:10:41.843 8 INFO neutron.services.segments.plugin [-] Segment 13e766e9-d45c-4c54-a3e1-f9f547d7ffe8 resource provider not found; error: Placement Client Error (4xx): {"errors": [{"status": 404, "title": "Not Found", "detail": "The resource could not be found.\n\n No resource provider with uuid 13e766e9-d45c-4c54-a3e1-f9f547d7ffe8 found for delete ", "request_id": "req-0a4df6c3-da4c-42b4-9059-82600444a03e"}]}
2026-07-14 19:10:41.847 8 INFO neutron.services.segments.plugin [-] Segment 13e766e9-d45c-4c54-a3e1-f9f547d7ffe8 resource provider not found; error: Placement Client Error (4xx): {"errors": [{"status": 404, "title": "Not Found", "detail": "The resource could not be found.\n\n No resource provider with uuid 13e766e9-d45c-4c54-a3e1-f9f547d7ffe8 found for delete ", "request_id": "req-68ba5fd8-07af-4d56-893f-e713304327da"}]}
2026-07-14 19:10:41.873 8 INFO neutron.db.ovn_revision_numbers_db [None req-0b2b6a9b-dc42-4dd8-9f7c-ae5403106ed0 d54ab789ab764360a301b092e529a1de 944992dde62c4080abe7a663032008a4 - - default default] Successfully bumped revision number for resource 8f902e09-d2e7-4811-a01a-0f7a15b372f2 (type: security_groups) to 1
2026-07-14 19:10:41.891 8 INFO neutron.db.ovn_revision_numbers_db [None req-0b2b6a9b-dc42-4dd8-9f7c-ae5403106ed0 d54ab789ab764360a301b092e529a1de 944992dde62c4080abe7a663032008a4 - - default default] Successfully bumped revision number for resource 3e6e9c5a-2604-457b-8c16-ac6a0ae81238 (type: security_group_rules) to 0
2026-07-14 19:10:41.903 9 INFO neutron.api.wsgi [None req-c009e486-abcf-45aa-9ae6-f013bae6a411 4f14ea5444fb425298a59c61ec5268ec ce10a7aa1bc4455fa67562dc257a0766 - - default default] 10.0.0.106 "DELETE /v2.0/networks/849f8055-c850-4d2c-887d-fdd005435b84 HTTP/1.1" status: 204 len: 168 time: 0.3599658
2026-07-14 19:10:41.904 8 INFO neutron.db.ovn_revision_numbers_db [None req-0b2b6a9b-dc42-4dd8-9f7c-ae5403106ed0 d54ab789ab764360a301b092e529a1de 944992dde62c4080abe7a663032008a4 - - default default] Successfully bumped revision number for resource 7a853bf8-37ea-4884-995a-050ae6185a5f (type: security_group_rules) to 0
2026-07-14 19:10:41.918 8 INFO neutron.db.ovn_revision_numbers_db [None req-0b2b6a9b-dc42-4dd8-9f7c-ae5403106ed0 d54ab789ab764360a301b092e529a1de 944992dde62c4080abe7a663032008a4 - - default default] Successfully bumped revision number for resource 92a3b120-7cd3-4eb2-a169-4974e0f9833d (type: security_group_rules) to 0
2026-07-14 19:10:41.930 8 INFO neutron.db.ovn_revision_numbers_db [None req-0b2b6a9b-dc42-4dd8-9f7c-ae5403106ed0 d54ab789ab764360a301b092e529a1de 944992dde62c4080abe7a663032008a4 - - default default] Successfully bumped revision number for resource e2563e75-8f6b-4a50-b9ac-53ab92b5ee9b (type: security_group_rules) to 0
2026-07-14 19:10:41.972 8 INFO neutron.api.wsgi [None req-0b2b6a9b-dc42-4dd8-9f7c-ae5403106ed0 d54ab789ab764360a301b092e529a1de 944992dde62c4080abe7a663032008a4 - - default default] 10.0.0.106 "GET /v2.0/security-groups?tenant_id=8e4bfe235b4540be8d3004775a8f7d83&name=default HTTP/1.1" status: 200 len: 3120 time: 0.2565091
2026-07-14 19:10:42.189 9 INFO neutron.services.segments.plugin [-] Segment 7aef15b2-b67f-48a5-a0c1-ec294ddc69dd resource provider aggregate not found
2026-07-14 19:10:42.192 8 INFO neutron.api.wsgi [None req-b571bde9-6b7d-4747-83b3-f00c516db99a d54ab789ab764360a301b092e529a1de 944992dde62c4080abe7a663032008a4 - - default default] 10.0.0.106 "DELETE /v2.0/security-groups/8f902e09-d2e7-4811-a01a-0f7a15b372f2 HTTP/1.1" status: 204 len: 168 time: 0.2149646
2026-07-14 19:10:42.196 9 INFO neutron.services.segments.plugin [-] Segment 7aef15b2-b67f-48a5-a0c1-ec294ddc69dd resource provider aggregate not found
2026-07-14 19:10:42.208 9 INFO neutron.services.segments.plugin [-] Segment 7aef15b2-b67f-48a5-a0c1-ec294ddc69dd resource provider not found; error: Placement Client Error (4xx): {"errors": [{"status": 404, "title": "Not Found", "detail": "The resource could not be found.\n\n No resource provider with uuid 7aef15b2-b67f-48a5-a0c1-ec294ddc69dd found for delete ", "request_id": "req-43316548-7eb3-47a8-abf6-b614bdb5446a"}]}
2026-07-14 19:10:42.215 9 INFO neutron.services.segments.plugin [-] Segment 7aef15b2-b67f-48a5-a0c1-ec294ddc69dd resource provider not found; error: Placement Client Error (4xx): {"errors": [{"status": 404, "title": "Not Found", "detail": "The resource could not be found.\n\n No resource provider with uuid 7aef15b2-b67f-48a5-a0c1-ec294ddc69dd found for delete ", "request_id": "req-c2383c97-9610-45ef-acf4-0d60c821a4a2"}]}
