2026-07-14 19:10:49.104 9 INFO neutron.api.v2.resource [None req-46703167-161a-4dbc-ade8-d8588867e191 fd24cfe4a9a942778dd7c3c6d789e204 dc7c753b39a24979b55aaa3038e75b00 - - default default] delete failed (client error): The resource could not be found.
2026-07-14 19:10:49.105 9 INFO neutron.api.wsgi [None req-46703167-161a-4dbc-ade8-d8588867e191 fd24cfe4a9a942778dd7c3c6d789e204 dc7c753b39a24979b55aaa3038e75b00 - - default default] 10.0.0.106 "DELETE /v2.0/subnetpools/d855bd73-3c1a-4715-896f-e99fa0cc9db6/tags/green HTTP/1.1" status: 404 len: 299 time: 0.0382245
2026-07-14 19:10:49.124 8 INFO neutron.db.ovn_revision_numbers_db [None req-ce28488e-37fe-434a-af73-396c8b158d11 36746e88c9dc475bb2d377c368977109 aff27f8de14f4d1eb6c06a703f4e7ea4 - - default default] Successfully bumped revision number for resource 1756a70a-c029-4e7c-aa66-2fca5507a4da (type: ports) to 1
2026-07-14 19:10:49.146 8 INFO neutron.api.wsgi [None req-ce28488e-37fe-434a-af73-396c8b158d11 36746e88c9dc475bb2d377c368977109 aff27f8de14f4d1eb6c06a703f4e7ea4 - - default default] 10.0.0.106 "POST /v2.0/networks HTTP/1.1" status: 201 len: 830 time: 0.5826316
2026-07-14 19:10:49.155 8 WARNING neutron_lib.context [None req-f2a02d35-fae7-43cb-b29b-f56f4e331ce2 36746e88c9dc475bb2d377c368977109 aff27f8de14f4d1eb6c06a703f4e7ea4 - - default default] Method 'is_advsvc' is deprecated since 2023.2 release (neutron-lib 3.8.0) and will be removed once support for the old RBAC API policies will be removed from Neutron. Please use method 'is_service_role' instead.
2026-07-14 19:10:49.164 9 INFO neutron.api.wsgi [None req-5f66fc6a-a304-4785-99e7-8ed8737f181f fd24cfe4a9a942778dd7c3c6d789e204 dc7c753b39a24979b55aaa3038e75b00 - - default default] 10.0.0.106 "DELETE /v2.0/subnetpools/d855bd73-3c1a-4715-896f-e99fa0cc9db6/tags HTTP/1.1" status: 204 len: 168 time: 0.0542328
2026-07-14 19:10:49.197 8 INFO neutron.api.wsgi [None req-a57925d1-6b46-42eb-a5bf-766cfe97fa79 fd24cfe4a9a942778dd7c3c6d789e204 dc7c753b39a24979b55aaa3038e75b00 - - default default] 10.0.0.106 "GET /v2.0/subnetpools/d855bd73-3c1a-4715-896f-e99fa0cc9db6/tags HTTP/1.1" status: 200 len: 205 time: 0.0263572
2026-07-14 19:10:49.270 9 INFO neutron.api.wsgi [None req-60763fd8-cf76-42ef-9e16-6363847ffedf fd24cfe4a9a942778dd7c3c6d789e204 dc7c753b39a24979b55aaa3038e75b00 - - default default] 10.0.0.106 "DELETE /v2.0/subnetpools/d855bd73-3c1a-4715-896f-e99fa0cc9db6 HTTP/1.1" status: 204 len: 168 time: 0.0636621
2026-07-14 19:10:49.296 9 WARNING neutron.scheduler.dhcp_agent_scheduler [None req-7025d33d-e78e-48c0-b7db-53bc00d161b2 3f31086e57a94c3ea4bf8a3848432646 903abb62228649579b25a82b8fa53c65 - - default default] No more DHCP agents
2026-07-14 19:10:49.297 9 WARNING neutron.api.rpc.agentnotifiers.dhcp_rpc_agent_api [None req-7025d33d-e78e-48c0-b7db-53bc00d161b2 3f31086e57a94c3ea4bf8a3848432646 903abb62228649579b25a82b8fa53c65 - - default default] Unable to schedule network e9021d49-91f5-4ada-90d1-77c2cbbe5f5c: no agents available; will retry on subsequent port and subnet creation events.
2026-07-14 19:10:49.428 9 INFO neutron.db.ovn_revision_numbers_db [None req-7025d33d-e78e-48c0-b7db-53bc00d161b2 3f31086e57a94c3ea4bf8a3848432646 903abb62228649579b25a82b8fa53c65 - - default default] Successfully bumped revision number for resource b2fa53cc-d4ff-4497-bcf2-69b5174f215b (type: ports) to 1
2026-07-14 19:10:49.429 8 WARNING neutron.scheduler.dhcp_agent_scheduler [None req-f2a02d35-fae7-43cb-b29b-f56f4e331ce2 36746e88c9dc475bb2d377c368977109 aff27f8de14f4d1eb6c06a703f4e7ea4 - - default default] No more DHCP agents
2026-07-14 19:10:49.431 8 WARNING neutron.api.rpc.agentnotifiers.dhcp_rpc_agent_api [None req-f2a02d35-fae7-43cb-b29b-f56f4e331ce2 36746e88c9dc475bb2d377c368977109 aff27f8de14f4d1eb6c06a703f4e7ea4 - - default default] Unable to schedule network 91e2efb2-98dd-4565-a24e-a612cd651189: no agents available; will retry on subsequent port and subnet creation events.
2026-07-14 19:10:49.451 9 INFO neutron.api.wsgi [None req-7025d33d-e78e-48c0-b7db-53bc00d161b2 3f31086e57a94c3ea4bf8a3848432646 903abb62228649579b25a82b8fa53c65 - - default default] 10.0.0.106 "POST /v2.0/ports HTTP/1.1" status: 201 len: 1111 time: 0.5007493
2026-07-14 19:10:49.505 8 INFO neutron.db.ovn_revision_numbers_db [None req-f2a02d35-fae7-43cb-b29b-f56f4e331ce2 36746e88c9dc475bb2d377c368977109 aff27f8de14f4d1eb6c06a703f4e7ea4 - - default default] Successfully bumped revision number for resource 7fc28b3a-4cf4-46d9-8b73-de7cbed7d714 (type: ports) to 1
2026-07-14 19:10:49.533 8 INFO neutron.api.wsgi [None req-f2a02d35-fae7-43cb-b29b-f56f4e331ce2 36746e88c9dc475bb2d377c368977109 aff27f8de14f4d1eb6c06a703f4e7ea4 - - default default] 10.0.0.106 "POST /v2.0/ports HTTP/1.1" status: 201 len: 942 time: 0.3819511 /var/lib/openstack/lib/python3.12/site-packages/pycadf/identifier.py:71: UserWarning: Invalid uuid: neutron. To ensure interoperability, identifiers should be a valid uuid. warnings.warn(('Invalid uuid: %s. To ensure interoperability, '
2026-07-14 19:10:49.545 8 WARNING neutron_lib.context [None req-37104212-8495-4a86-83dd-be37467cd02d 36746e88c9dc475bb2d377c368977109 aff27f8de14f4d1eb6c06a703f4e7ea4 - - default default] Method 'is_advsvc' is deprecated since 2023.2 release (neutron-lib 3.8.0) and will be removed once support for the old RBAC API policies will be removed from Neutron. Please use method 'is_service_role' instead.
2026-07-14 19:10:49.630 8 INFO neutron.db.segments_db [None req-37104212-8495-4a86-83dd-be37467cd02d 36746e88c9dc475bb2d377c368977109 aff27f8de14f4d1eb6c06a703f4e7ea4 - - default default] Added segment 95652889-d1c7-4370-a4bc-647295fda1be of type geneve for network 64e648ee-fae7-48fe-aa29-46e009209dd8
2026-07-14 19:10:49.751 8 INFO neutron.db.ovn_revision_numbers_db [None req-37104212-8495-4a86-83dd-be37467cd02d 36746e88c9dc475bb2d377c368977109 aff27f8de14f4d1eb6c06a703f4e7ea4 - - default default] Successfully bumped revision number for resource 64e648ee-fae7-48fe-aa29-46e009209dd8 (type: networks) to 1
2026-07-14 19:10:49.768 9 INFO neutron.api.wsgi [None req-2ddb3cee-f94e-4de4-a163-5be3918789ec 3f31086e57a94c3ea4bf8a3848432646 903abb62228649579b25a82b8fa53c65 - - default default] 10.0.0.106 "DELETE /v2.0/ports/b2fa53cc-d4ff-4497-bcf2-69b5174f215b HTTP/1.1" status: 204 len: 168 time: 0.3116932
2026-07-14 19:10:49.788 9 INFO neutron.pecan_wsgi.hooks.translation [None req-14e320a1-9762-422d-895c-269304a0b2fb 3f31086e57a94c3ea4bf8a3848432646 903abb62228649579b25a82b8fa53c65 - - default default] GET failed (client error): The resource could not be found.
2026-07-14 19:10:49.790 9 INFO neutron.api.wsgi [None req-14e320a1-9762-422d-895c-269304a0b2fb 3f31086e57a94c3ea4bf8a3848432646 903abb62228649579b25a82b8fa53c65 - - default default] 10.0.0.106 "GET /v2.0/ports/b2fa53cc-d4ff-4497-bcf2-69b5174f215b HTTP/1.1" status: 404 len: 333 time: 0.0162287
2026-07-14 19:10:49.960 8 WARNING neutron.scheduler.dhcp_agent_scheduler [None req-37104212-8495-4a86-83dd-be37467cd02d 36746e88c9dc475bb2d377c368977109 aff27f8de14f4d1eb6c06a703f4e7ea4 - - default default] No more DHCP agents
2026-07-14 19:10:49.961 8 WARNING neutron.api.rpc.agentnotifiers.dhcp_rpc_agent_api [None req-37104212-8495-4a86-83dd-be37467cd02d 36746e88c9dc475bb2d377c368977109 aff27f8de14f4d1eb6c06a703f4e7ea4 - - default default] Unable to schedule network 64e648ee-fae7-48fe-aa29-46e009209dd8: no agents available; will retry on subsequent port and subnet creation events.
2026-07-14 19:10:50.006 9 INFO neutron.api.wsgi [None req-b4602621-f04e-40fb-8e64-dbe53308aaff 3f31086e57a94c3ea4bf8a3848432646 903abb62228649579b25a82b8fa53c65 - - default default] 10.0.0.106 "DELETE /v2.0/subnets/d23b446f-d969-432f-b2e8-aa360bb5ebbc HTTP/1.1" status: 204 len: 168 time: 0.2097745
2026-07-14 19:10:50.048 8 INFO neutron.db.ovn_revision_numbers_db [None req-37104212-8495-4a86-83dd-be37467cd02d 36746e88c9dc475bb2d377c368977109 aff27f8de14f4d1eb6c06a703f4e7ea4 - - default default] Successfully bumped revision number for resource c17c19ce-d3f1-408d-86c5-dfc185a29219 (type: ports) to 1
2026-07-14 19:10:50.074 8 INFO neutron.api.wsgi [None req-37104212-8495-4a86-83dd-be37467cd02d 36746e88c9dc475bb2d377c368977109 aff27f8de14f4d1eb6c06a703f4e7ea4 - - default default] 10.0.0.106 "POST /v2.0/networks HTTP/1.1" status: 201 len: 829 time: 0.5335093
2026-07-14 19:10:50.087 8 WARNING neutron_lib.context [None req-5c44c71d-0aca-4389-8572-ef53f618f940 36746e88c9dc475bb2d377c368977109 aff27f8de14f4d1eb6c06a703f4e7ea4 - - default default] Method 'is_advsvc' is deprecated since 2023.2 release (neutron-lib 3.8.0) and will be removed once support for the old RBAC API policies will be removed from Neutron. Please use method 'is_service_role' instead.
2026-07-14 19:10:50.256 9 INFO neutron.db.ovn_revision_numbers_db [None req-f426bd04-696e-4f0e-a62c-069e4ba220d5 d54ab789ab764360a301b092e529a1de 944992dde62c4080abe7a663032008a4 - - default default] Successfully bumped revision number for resource 240b8d49-4d84-47af-8985-e04e41394304 (type: security_groups) to 1
2026-07-14 19:10:50.270 9 INFO neutron.db.ovn_revision_numbers_db [None req-f426bd04-696e-4f0e-a62c-069e4ba220d5 d54ab789ab764360a301b092e529a1de 944992dde62c4080abe7a663032008a4 - - default default] Successfully bumped revision number for resource 1f78b972-3223-46af-841a-02ea70aa64e7 (type: security_group_rules) to 0
2026-07-14 19:10:50.286 9 INFO neutron.db.ovn_revision_numbers_db [None req-f426bd04-696e-4f0e-a62c-069e4ba220d5 d54ab789ab764360a301b092e529a1de 944992dde62c4080abe7a663032008a4 - - default default] Successfully bumped revision number for resource 5ee2ffec-94ca-4fd0-84bb-2f8a4db3f8a1 (type: security_group_rules) to 0
2026-07-14 19:10:50.302 9 INFO neutron.db.ovn_revision_numbers_db [None req-f426bd04-696e-4f0e-a62c-069e4ba220d5 d54ab789ab764360a301b092e529a1de 944992dde62c4080abe7a663032008a4 - - default default] Successfully bumped revision number for resource 72b5aac4-ec92-4961-935f-f1e24b0d6a37 (type: security_group_rules) to 0
2026-07-14 19:10:50.322 9 INFO neutron.db.ovn_revision_numbers_db [None req-f426bd04-696e-4f0e-a62c-069e4ba220d5 d54ab789ab764360a301b092e529a1de 944992dde62c4080abe7a663032008a4 - - default default] Successfully bumped revision number for resource d9f109fd-31e4-4cf6-a7af-f85912558b20 (type: security_group_rules) to 0
2026-07-14 19:10:50.361 8 WARNING neutron.scheduler.dhcp_agent_scheduler [None req-5c44c71d-0aca-4389-8572-ef53f618f940 36746e88c9dc475bb2d377c368977109 aff27f8de14f4d1eb6c06a703f4e7ea4 - - default default] No more DHCP agents
2026-07-14 19:10:50.362 8 WARNING neutron.api.rpc.agentnotifiers.dhcp_rpc_agent_api [None req-5c44c71d-0aca-4389-8572-ef53f618f940 36746e88c9dc475bb2d377c368977109 aff27f8de14f4d1eb6c06a703f4e7ea4 - - default default] Unable to schedule network 64e648ee-fae7-48fe-aa29-46e009209dd8: no agents available; will retry on subsequent port and subnet creation events.
2026-07-14 19:10:50.381 9 INFO neutron.api.wsgi [None req-f426bd04-696e-4f0e-a62c-069e4ba220d5 d54ab789ab764360a301b092e529a1de 944992dde62c4080abe7a663032008a4 - - default default] 10.0.0.106 "GET /v2.0/security-groups?tenant_id=dc7c753b39a24979b55aaa3038e75b00&name=default HTTP/1.1" status: 200 len: 3120 time: 0.4010923
2026-07-14 19:10:50.392 9 INFO neutron.services.segments.plugin [-] Segment dcff9357-d81d-4e0e-bf7b-9488f0e7fb22 resource provider aggregate not found
2026-07-14 19:10:50.395 9 INFO neutron.services.segments.plugin [-] Segment dcff9357-d81d-4e0e-bf7b-9488f0e7fb22 resource provider aggregate not found
2026-07-14 19:10:50.411 9 INFO neutron.services.segments.plugin [-] Segment dcff9357-d81d-4e0e-bf7b-9488f0e7fb22 resource provider not found; error: Placement Client Error (4xx): {"errors": [{"status": 404, "title": "Not Found", "detail": "The resource could not be found.\n\n No resource provider with uuid dcff9357-d81d-4e0e-bf7b-9488f0e7fb22 found for delete ", "request_id": "req-30fbd71d-dce1-42a7-8027-e470397f6d8f"}]}
2026-07-14 19:10:50.422 9 INFO neutron.services.segments.plugin [-] Segment dcff9357-d81d-4e0e-bf7b-9488f0e7fb22 resource provider not found; error: Placement Client Error (4xx): {"errors": [{"status": 404, "title": "Not Found", "detail": "The resource could not be found.\n\n No resource provider with uuid dcff9357-d81d-4e0e-bf7b-9488f0e7fb22 found for delete ", "request_id": "req-830a1dcd-5354-48f0-9d52-6d4b6b1db8c9"}]}
2026-07-14 19:10:50.446 9 INFO neutron.api.wsgi [None req-e7a7a629-c9b3-4c44-a6c4-924ba741f59f 3f31086e57a94c3ea4bf8a3848432646 903abb62228649579b25a82b8fa53c65 - - default default] 10.0.0.106 "DELETE /v2.0/networks/e9021d49-91f5-4ada-90d1-77c2cbbe5f5c HTTP/1.1" status: 204 len: 168 time: 0.4334495
2026-07-14 19:10:50.452 8 INFO neutron.db.ovn_revision_numbers_db [None req-5c44c71d-0aca-4389-8572-ef53f618f940 36746e88c9dc475bb2d377c368977109 aff27f8de14f4d1eb6c06a703f4e7ea4 - - default default] Successfully bumped revision number for resource 9ba8a818-906c-42e9-bf0c-64d75d056db1 (type: ports) to 1
2026-07-14 19:10:50.459 9 WARNING neutron_lib.context [None req-ea816f07-8656-4124-8ea7-e5817d906b79 3f31086e57a94c3ea4bf8a3848432646 903abb62228649579b25a82b8fa53c65 - - default default] Method 'is_advsvc' is deprecated since 2023.2 release (neutron-lib 3.8.0) and will be removed once support for the old RBAC API policies will be removed from Neutron. Please use method 'is_service_role' instead.
2026-07-14 19:10:50.483 8 INFO neutron.api.wsgi [None req-5c44c71d-0aca-4389-8572-ef53f618f940 36746e88c9dc475bb2d377c368977109 aff27f8de14f4d1eb6c06a703f4e7ea4 - - default default] 10.0.0.106 "POST /v2.0/ports HTTP/1.1" status: 201 len: 942 time: 0.4024322 /var/lib/openstack/lib/python3.12/site-packages/pycadf/identifier.py:71: UserWarning: Invalid uuid: neutron. To ensure interoperability, identifiers should be a valid uuid. warnings.warn(('Invalid uuid: %s. To ensure interoperability, '
2026-07-14 19:10:50.491 8 WARNING neutron_lib.context [None req-80262e77-87a0-4492-80ac-1b09da0e3cdb 36746e88c9dc475bb2d377c368977109 aff27f8de14f4d1eb6c06a703f4e7ea4 - - default default] Method 'is_advsvc' is deprecated since 2023.2 release (neutron-lib 3.8.0) and will be removed once support for the old RBAC API policies will be removed from Neutron. Please use method 'is_service_role' instead.
2026-07-14 19:10:50.590 8 INFO neutron.db.segments_db [None req-80262e77-87a0-4492-80ac-1b09da0e3cdb 36746e88c9dc475bb2d377c368977109 aff27f8de14f4d1eb6c06a703f4e7ea4 - - default default] Added segment 5b9d8562-1413-405c-b322-f0d4392d8cbb of type geneve for network ae8c5932-28df-4318-9016-9507328132a8
2026-07-14 19:10:50.721 8 INFO neutron.db.ovn_revision_numbers_db [None req-80262e77-87a0-4492-80ac-1b09da0e3cdb 36746e88c9dc475bb2d377c368977109 aff27f8de14f4d1eb6c06a703f4e7ea4 - - default default] Successfully bumped revision number for resource ae8c5932-28df-4318-9016-9507328132a8 (type: networks) to 1
2026-07-14 19:10:50.744 9 INFO neutron.api.wsgi [None req-edc5295d-9f13-4eb8-98ee-7a5403e291b4 d54ab789ab764360a301b092e529a1de 944992dde62c4080abe7a663032008a4 - - default default] 10.0.0.106 "DELETE /v2.0/security-groups/240b8d49-4d84-47af-8985-e04e41394304 HTTP/1.1" status: 204 len: 168 time: 0.3564363
2026-07-14 19:10:50.791 9 WARNING neutron.scheduler.dhcp_agent_scheduler [None req-ea816f07-8656-4124-8ea7-e5817d906b79 3f31086e57a94c3ea4bf8a3848432646 903abb62228649579b25a82b8fa53c65 - - default default] No more DHCP agents
2026-07-14 19:10:50.793 9 WARNING neutron.api.rpc.agentnotifiers.dhcp_rpc_agent_api [None req-ea816f07-8656-4124-8ea7-e5817d906b79 3f31086e57a94c3ea4bf8a3848432646 903abb62228649579b25a82b8fa53c65 - - default default] Unable to schedule network 6cf09448-3897-4751-94db-39a94a411f33: no agents available; will retry on subsequent port and subnet creation events. /var/lib/openstack/lib/python3.12/site-packages/pycadf/identifier.py:71: UserWarning: Invalid uuid: neutron. To ensure interoperability, identifiers should be a valid uuid. warnings.warn(('Invalid uuid: %s. To ensure interoperability, '
2026-07-14 19:10:50.899 8 WARNING neutron.scheduler.dhcp_agent_scheduler [None req-80262e77-87a0-4492-80ac-1b09da0e3cdb 36746e88c9dc475bb2d377c368977109 aff27f8de14f4d1eb6c06a703f4e7ea4 - - default default] No more DHCP agents
2026-07-14 19:10:50.901 8 WARNING neutron.api.rpc.agentnotifiers.dhcp_rpc_agent_api [None req-80262e77-87a0-4492-80ac-1b09da0e3cdb 36746e88c9dc475bb2d377c368977109 aff27f8de14f4d1eb6c06a703f4e7ea4 - - default default] Unable to schedule network ae8c5932-28df-4318-9016-9507328132a8: no agents available; will retry on subsequent port and subnet creation events.
2026-07-14 19:10:50.906 9 INFO neutron.db.ovn_revision_numbers_db [None req-ea816f07-8656-4124-8ea7-e5817d906b79 3f31086e57a94c3ea4bf8a3848432646 903abb62228649579b25a82b8fa53c65 - - default default] Successfully bumped revision number for resource 8f202bee-d9f9-4a75-b4a3-2d2440264ae4 (type: ports) to 1
2026-07-14 19:10:50.939 9 INFO neutron.api.wsgi [None req-ea816f07-8656-4124-8ea7-e5817d906b79 3f31086e57a94c3ea4bf8a3848432646 903abb62228649579b25a82b8fa53c65 - - default default] 10.0.0.106 "POST /v2.0/ports HTTP/1.1" status: 201 len: 973 time: 0.4849787
2026-07-14 19:10:50.983 8 INFO neutron.db.ovn_revision_numbers_db [None req-80262e77-87a0-4492-80ac-1b09da0e3cdb 36746e88c9dc475bb2d377c368977109 aff27f8de14f4d1eb6c06a703f4e7ea4 - - default default] Successfully bumped revision number for resource 379db69e-1ab6-41d9-8765-af2885361ac5 (type: ports) to 1
2026-07-14 19:10:51.015 9 INFO neutron.db.ovn_revision_numbers_db [None req-edc60553-d293-4d95-bff6-fc687f3ee0cd d54ab789ab764360a301b092e529a1de 944992dde62c4080abe7a663032008a4 - - default default] Successfully bumped revision number for resource be1b142f-2cc6-49b7-a222-af3857654637 (type: security_groups) to 1
2026-07-14 19:10:51.016 8 INFO neutron.api.wsgi [None req-80262e77-87a0-4492-80ac-1b09da0e3cdb 36746e88c9dc475bb2d377c368977109 aff27f8de14f4d1eb6c06a703f4e7ea4 - - default default] 10.0.0.106 "POST /v2.0/networks HTTP/1.1" status: 201 len: 829 time: 0.5287492
2026-07-14 19:10:51.029 9 WARNING neutron_lib.context [None req-10dc7153-2e12-4400-8d56-7c03c427592d 36746e88c9dc475bb2d377c368977109 aff27f8de14f4d1eb6c06a703f4e7ea4 - - default default] Method 'is_advsvc' is deprecated since 2023.2 release (neutron-lib 3.8.0) and will be removed once support for the old RBAC API policies will be removed from Neutron. Please use method 'is_service_role' instead.
2026-07-14 19:10:51.040 9 INFO neutron.db.ovn_revision_numbers_db [None req-edc60553-d293-4d95-bff6-fc687f3ee0cd d54ab789ab764360a301b092e529a1de 944992dde62c4080abe7a663032008a4 - - default default] Successfully bumped revision number for resource 92cf5041-b07e-4a49-a88b-e60d4dec15bd (type: security_group_rules) to 0
2026-07-14 19:10:51.057 9 INFO neutron.db.ovn_revision_numbers_db [None req-edc60553-d293-4d95-bff6-fc687f3ee0cd d54ab789ab764360a301b092e529a1de 944992dde62c4080abe7a663032008a4 - - default default] Successfully bumped revision number for resource a76dace9-b10b-4170-821e-2a345a17e3a0 (type: security_group_rules) to 0
2026-07-14 19:10:51.074 9 INFO neutron.db.ovn_revision_numbers_db [None req-edc60553-d293-4d95-bff6-fc687f3ee0cd d54ab789ab764360a301b092e529a1de 944992dde62c4080abe7a663032008a4 - - default default] Successfully bumped revision number for resource d27c2b91-396a-45a5-bd7a-e60780e37a8f (type: security_group_rules) to 0
2026-07-14 19:10:51.094 9 INFO neutron.db.ovn_revision_numbers_db [None req-edc60553-d293-4d95-bff6-fc687f3ee0cd d54ab789ab764360a301b092e529a1de 944992dde62c4080abe7a663032008a4 - - default default] Successfully bumped revision number for resource dc64f2a7-4e98-4451-8c3d-2162b9cfb41a (type: security_group_rules) to 0
2026-07-14 19:10:51.143 9 INFO neutron.api.wsgi [None req-edc60553-d293-4d95-bff6-fc687f3ee0cd d54ab789ab764360a301b092e529a1de 944992dde62c4080abe7a663032008a4 - - default default] 10.0.0.106 "GET /v2.0/security-groups?tenant_id=2cce2eb32c7f4e89aa51f98b6c6d8854&name=default HTTP/1.1" status: 200 len: 3120 time: 0.3073981 /var/lib/openstack/lib/python3.12/site-packages/pycadf/identifier.py:71: UserWarning: Invalid uuid: neutron. To ensure interoperability, identifiers should be a valid uuid. warnings.warn(('Invalid uuid: %s. To ensure interoperability, '
2026-07-14 19:10:51.230 8 INFO neutron.db.ovn_revision_numbers_db [None req-a74bdefb-48d6-4268-8147-79eab4f0de22 3f31086e57a94c3ea4bf8a3848432646 903abb62228649579b25a82b8fa53c65 - - default default] Successfully bumped revision number for resource 8f202bee-d9f9-4a75-b4a3-2d2440264ae4 (type: ports) to 2
2026-07-14 19:10:51.242 8 INFO neutron.api.wsgi [None req-a74bdefb-48d6-4268-8147-79eab4f0de22 3f31086e57a94c3ea4bf8a3848432646 903abb62228649579b25a82b8fa53c65 - - default default] 10.0.0.106 "PUT /v2.0/ports/8f202bee-d9f9-4a75-b4a3-2d2440264ae4 HTTP/1.1" status: 200 len: 946 time: 0.2957728 /var/lib/openstack/lib/python3.12/site-packages/pycadf/identifier.py:71: UserWarning: Invalid uuid: neutron. To ensure interoperability, identifiers should be a valid uuid. warnings.warn(('Invalid uuid: %s. To ensure interoperability, '
2026-07-14 19:10:51.308 9 WARNING neutron.scheduler.dhcp_agent_scheduler [None req-10dc7153-2e12-4400-8d56-7c03c427592d 36746e88c9dc475bb2d377c368977109 aff27f8de14f4d1eb6c06a703f4e7ea4 - - default default] No more DHCP agents
2026-07-14 19:10:51.312 9 WARNING neutron.api.rpc.agentnotifiers.dhcp_rpc_agent_api [None req-10dc7153-2e12-4400-8d56-7c03c427592d 36746e88c9dc475bb2d377c368977109 aff27f8de14f4d1eb6c06a703f4e7ea4 - - default default] Unable to schedule network ae8c5932-28df-4318-9016-9507328132a8: no agents available; will retry on subsequent port and subnet creation events.
2026-07-14 19:10:51.398 8 INFO neutron.api.wsgi [None req-e5f2537c-14fc-4e6a-ba66-e500fa714d87 d54ab789ab764360a301b092e529a1de 944992dde62c4080abe7a663032008a4 - - default default] 10.0.0.106 "DELETE /v2.0/security-groups/be1b142f-2cc6-49b7-a222-af3857654637 HTTP/1.1" status: 204 len: 168 time: 0.2439456
2026-07-14 19:10:51.402 9 INFO neutron.db.ovn_revision_numbers_db [None req-10dc7153-2e12-4400-8d56-7c03c427592d 36746e88c9dc475bb2d377c368977109 aff27f8de14f4d1eb6c06a703f4e7ea4 - - default default] Successfully bumped revision number for resource 9187560f-3b8b-4a68-91b3-379ee3f013a2 (type: ports) to 1 /var/lib/openstack/lib/python3.12/site-packages/pycadf/identifier.py:71: UserWarning: Invalid uuid: neutron. To ensure interoperability, identifiers should be a valid uuid. warnings.warn(('Invalid uuid: %s. To ensure interoperability, '
2026-07-14 19:10:51.467 9 INFO neutron.api.wsgi [None req-10dc7153-2e12-4400-8d56-7c03c427592d 36746e88c9dc475bb2d377c368977109 aff27f8de14f4d1eb6c06a703f4e7ea4 - - default default] 10.0.0.106 "POST /v2.0/ports HTTP/1.1" status: 201 len: 942 time: 0.4443214
2026-07-14 19:10:51.481 8 WARNING neutron_lib.context [None req-1e685032-2d9d-4b34-99ca-169edd32076c 36746e88c9dc475bb2d377c368977109 aff27f8de14f4d1eb6c06a703f4e7ea4 - - default default] Method 'is_advsvc' is deprecated since 2023.2 release (neutron-lib 3.8.0) and will be removed once support for the old RBAC API policies will be removed from Neutron. Please use method 'is_service_role' instead.
2026-07-14 19:10:51.488 9 INFO neutron.api.wsgi [req-28de44ad-718e-4395-9984-4aa84a223577 req-f8e2118e-da18-4e9a-969c-1569bd33dc19 b274158e5573491780fde5f77a218787 b8ad73b60205414fa7fc4e0eb9fc7dd6 - - default default] 10.0.0.241 "GET /v2.0/networks?id=71b2c504-debe-4a10-b514-a92f5b442905 HTTP/1.1" status: 200 len: 872 time: 0.0819790
2026-07-14 19:10:51.513 9 INFO neutron.api.wsgi [req-28de44ad-718e-4395-9984-4aa84a223577 req-7f40336f-5864-4bc7-9dd3-974e1b347962 b274158e5573491780fde5f77a218787 b8ad73b60205414fa7fc4e0eb9fc7dd6 - - default default] 10.0.0.241 "GET /v2.0/quotas/b8ad73b60205414fa7fc4e0eb9fc7dd6 HTTP/1.1" status: 200 len: 491 time: 0.0177958
2026-07-14 19:10:51.583 8 INFO neutron.db.segments_db [None req-1e685032-2d9d-4b34-99ca-169edd32076c 36746e88c9dc475bb2d377c368977109 aff27f8de14f4d1eb6c06a703f4e7ea4 - - default default] Added segment 2fa26db2-8f8e-4977-9dcc-4402112998b2 of type geneve for network 1490fe9d-cb8e-4e8a-9245-710cded6212c
2026-07-14 19:10:51.634 9 INFO neutron.api.wsgi [None req-ca0abceb-26e4-4e0a-866c-4937bb2d3e10 3f31086e57a94c3ea4bf8a3848432646 903abb62228649579b25a82b8fa53c65 - - default default] 10.0.0.106 "DELETE /v2.0/ports/8f202bee-d9f9-4a75-b4a3-2d2440264ae4 HTTP/1.1" status: 204 len: 168 time: 0.3870788
2026-07-14 19:10:51.643 9 INFO neutron.api.wsgi [req-28de44ad-718e-4395-9984-4aa84a223577 req-fb95fe46-8f64-4581-946e-1643a6153086 b274158e5573491780fde5f77a218787 b8ad73b60205414fa7fc4e0eb9fc7dd6 - - default default] 10.0.0.241 "GET /v2.0/ports?tenant_id=b8ad73b60205414fa7fc4e0eb9fc7dd6&fields=id HTTP/1.1" status: 200 len: 302 time: 0.1255736
2026-07-14 19:10:51.717 8 INFO neutron.api.wsgi [None req-6ad9f54a-6603-4b51-a2ec-87f597e4899d 3f31086e57a94c3ea4bf8a3848432646 903abb62228649579b25a82b8fa53c65 - - default default] 10.0.0.106 "GET /v2.0/ports HTTP/1.1" status: 200 len: 1729 time: 0.0776513
2026-07-14 19:10:51.718 9 INFO neutron.api.wsgi [req-28de44ad-718e-4395-9984-4aa84a223577 req-3058480d-977d-4bcd-aefe-0eb102e7f0da 64cdc5d9c058421f86a927a38585db0a 1f755786a48d4d4ab0dfad4c8baccc73 - - a1d42b11def94b6da85a2b715b2d2bd9 a1d42b11def94b6da85a2b715b2d2bd9] 10.0.0.241 "GET /v2.0/networks/71b2c504-debe-4a10-b514-a92f5b442905?fields=segments HTTP/1.1" status: 200 len: 212 time: 0.0642409
2026-07-14 19:10:51.750 9 INFO neutron.pecan_wsgi.hooks.translation [None req-752569ed-8d88-46b4-b1a1-0bc3c0cfb0d9 3f31086e57a94c3ea4bf8a3848432646 903abb62228649579b25a82b8fa53c65 - - default default] GET failed (client error): The resource could not be found.
2026-07-14 19:10:51.751 9 INFO neutron.api.wsgi [None req-752569ed-8d88-46b4-b1a1-0bc3c0cfb0d9 3f31086e57a94c3ea4bf8a3848432646 903abb62228649579b25a82b8fa53c65 - - default default] 10.0.0.106 "GET /v2.0/ports/8f202bee-d9f9-4a75-b4a3-2d2440264ae4 HTTP/1.1" status: 404 len: 333 time: 0.0250151
2026-07-14 19:10:51.768 8 INFO neutron.db.ovn_revision_numbers_db [None req-1e685032-2d9d-4b34-99ca-169edd32076c 36746e88c9dc475bb2d377c368977109 aff27f8de14f4d1eb6c06a703f4e7ea4 - - default default] Successfully bumped revision number for resource 1490fe9d-cb8e-4e8a-9245-710cded6212c (type: networks) to 1
2026-07-14 19:10:51.789 9 INFO neutron.api.wsgi [req-28de44ad-718e-4395-9984-4aa84a223577 req-26860cbc-a79b-4caa-b4ad-388f7bc64069 64cdc5d9c058421f86a927a38585db0a 1f755786a48d4d4ab0dfad4c8baccc73 - - a1d42b11def94b6da85a2b715b2d2bd9 a1d42b11def94b6da85a2b715b2d2bd9] 10.0.0.241 "GET /v2.0/networks/71b2c504-debe-4a10-b514-a92f5b442905?fields=provider%3Aphysical_network&fields=provider%3Anetwork_type HTTP/1.1" status: 200 len: 277 time: 0.0540092
2026-07-14 19:10:51.807 8 INFO neutron.api.wsgi [None req-426c1a39-ca5d-413b-84ed-1d0239da4fd0 3f31086e57a94c3ea4bf8a3848432646 903abb62228649579b25a82b8fa53c65 - - default default] 10.0.0.106 "GET /v2.0/ports HTTP/1.1" status: 200 len: 1729 time: 0.0456111
2026-07-14 19:10:51.848 9 INFO neutron.api.wsgi [None req-fdbf29e6-ecce-4aa8-ac87-e4a18f6c67c8 3f31086e57a94c3ea4bf8a3848432646 903abb62228649579b25a82b8fa53c65 - - default default] 10.0.0.106 "GET /v2.0/ports/a4cea2f8-8e73-445a-8a23-224b79a7d74e HTTP/1.1" status: 200 len: 969 time: 0.0310106
2026-07-14 19:10:51.873 8 INFO neutron.pecan_wsgi.hooks.translation [None req-a08be45f-85fe-4bd5-aa28-48f54e211a93 3f31086e57a94c3ea4bf8a3848432646 903abb62228649579b25a82b8fa53c65 - - default default] DELETE failed (client error): The resource could not be found.
2026-07-14 19:10:51.876 8 INFO neutron.api.wsgi [None req-a08be45f-85fe-4bd5-aa28-48f54e211a93 3f31086e57a94c3ea4bf8a3848432646 903abb62228649579b25a82b8fa53c65 - - default default] 10.0.0.106 "DELETE /v2.0/ports/b2fa53cc-d4ff-4497-bcf2-69b5174f215b HTTP/1.1" status: 404 len: 333 time: 0.0193005
2026-07-14 19:10:51.892 8 INFO neutron.pecan_wsgi.hooks.translation [None req-17535867-f936-47cc-be71-ab317e0dde83 3f31086e57a94c3ea4bf8a3848432646 903abb62228649579b25a82b8fa53c65 - - default default] DELETE failed (client error): The resource could not be found.
2026-07-14 19:10:51.895 8 INFO neutron.api.wsgi [None req-17535867-f936-47cc-be71-ab317e0dde83 3f31086e57a94c3ea4bf8a3848432646 903abb62228649579b25a82b8fa53c65 - - default default] 10.0.0.106 "DELETE /v2.0/subnets/d23b446f-d969-432f-b2e8-aa360bb5ebbc HTTP/1.1" status: 404 len: 337 time: 0.0154934
2026-07-14 19:10:51.915 8 INFO neutron.pecan_wsgi.hooks.translation [None req-45a502cb-72ad-4968-a390-ac7b9a76b17b 3f31086e57a94c3ea4bf8a3848432646 903abb62228649579b25a82b8fa53c65 - - default default] DELETE failed (client error): The resource could not be found.
2026-07-14 19:10:51.919 8 INFO neutron.api.wsgi [None req-45a502cb-72ad-4968-a390-ac7b9a76b17b 3f31086e57a94c3ea4bf8a3848432646 903abb62228649579b25a82b8fa53c65 - - default default] 10.0.0.106 "DELETE /v2.0/subnets/f302d735-da43-44e6-b094-16c2995dcbee HTTP/1.1" status: 404 len: 337 time: 0.0182407
2026-07-14 19:10:51.941 8 INFO neutron.api.wsgi [req-61f6d447-1f43-4cf2-bf0a-8e2e3baa783c req-5272efa7-fd68-448c-864c-121733261bdd b274158e5573491780fde5f77a218787 b8ad73b60205414fa7fc4e0eb9fc7dd6 - - default default] 10.0.0.241 "GET /v2.0/ports?device_id=4c3110a2-ca62-4a18-b0e6-2e003fae5192 HTTP/1.1" status: 200 len: 210 time: 0.0220220
2026-07-14 19:10:52.003 8 WARNING neutron.scheduler.dhcp_agent_scheduler [None req-1e685032-2d9d-4b34-99ca-169edd32076c 36746e88c9dc475bb2d377c368977109 aff27f8de14f4d1eb6c06a703f4e7ea4 - - default default] No more DHCP agents
2026-07-14 19:10:52.005 8 WARNING neutron.api.rpc.agentnotifiers.dhcp_rpc_agent_api [None req-1e685032-2d9d-4b34-99ca-169edd32076c 36746e88c9dc475bb2d377c368977109 aff27f8de14f4d1eb6c06a703f4e7ea4 - - default default] Unable to schedule network 1490fe9d-cb8e-4e8a-9245-710cded6212c: no agents available; will retry on subsequent port and subnet creation events.
2026-07-14 19:10:52.080 8 INFO neutron.db.ovn_revision_numbers_db [None req-1e685032-2d9d-4b34-99ca-169edd32076c 36746e88c9dc475bb2d377c368977109 aff27f8de14f4d1eb6c06a703f4e7ea4 - - default default] Successfully bumped revision number for resource fea61111-f775-46a6-a8e1-8df75847531a (type: ports) to 1
2026-07-14 19:10:52.104 8 INFO neutron.api.wsgi [None req-1e685032-2d9d-4b34-99ca-169edd32076c 36746e88c9dc475bb2d377c368977109 aff27f8de14f4d1eb6c06a703f4e7ea4 - - default default] 10.0.0.106 "POST /v2.0/networks HTTP/1.1" status: 201 len: 831 time: 0.6305132
2026-07-14 19:10:52.113 8 WARNING neutron_lib.context [None req-c32f653f-dd3d-45a4-9a1b-090cc5db13a9 36746e88c9dc475bb2d377c368977109 aff27f8de14f4d1eb6c06a703f4e7ea4 - - default default] Method 'is_advsvc' is deprecated since 2023.2 release (neutron-lib 3.8.0) and will be removed once support for the old RBAC API policies will be removed from Neutron. Please use method 'is_service_role' instead.
2026-07-14 19:10:52.141 9 INFO neutron.api.wsgi [None req-b59892cd-24c6-4b3c-b7be-789d327927f7 3f31086e57a94c3ea4bf8a3848432646 903abb62228649579b25a82b8fa53c65 - - default default] 10.0.0.106 "DELETE /v2.0/ports/a4cea2f8-8e73-445a-8a23-224b79a7d74e HTTP/1.1" status: 204 len: 168 time: 0.2163212
2026-07-14 19:10:52.437 8 WARNING neutron.scheduler.dhcp_agent_scheduler [None req-c32f653f-dd3d-45a4-9a1b-090cc5db13a9 36746e88c9dc475bb2d377c368977109 aff27f8de14f4d1eb6c06a703f4e7ea4 - - default default] No more DHCP agents
2026-07-14 19:10:52.441 8 INFO neutron.api.wsgi [-] 10.0.0.254 "GET / HTTP/1.1" status: 200 len: 246 time: 0.0017428
2026-07-14 19:10:52.443 8 INFO neutron.api.wsgi [-] 10.0.0.254 "GET / HTTP/1.1" status: 200 len: 246 time: 0.0014215
2026-07-14 19:10:52.444 8 WARNING neutron.api.rpc.agentnotifiers.dhcp_rpc_agent_api [None req-c32f653f-dd3d-45a4-9a1b-090cc5db13a9 36746e88c9dc475bb2d377c368977109 aff27f8de14f4d1eb6c06a703f4e7ea4 - - default default] Unable to schedule network 1490fe9d-cb8e-4e8a-9245-710cded6212c: no agents available; will retry on subsequent port and subnet creation events.
2026-07-14 19:10:52.564 8 INFO neutron.db.ovn_revision_numbers_db [None req-c32f653f-dd3d-45a4-9a1b-090cc5db13a9 36746e88c9dc475bb2d377c368977109 aff27f8de14f4d1eb6c06a703f4e7ea4 - - default default] Successfully bumped revision number for resource 781b6dc8-ca55-4f83-9ba3-e2d0d51412b5 (type: ports) to 1
2026-07-14 19:10:52.618 8 INFO neutron.api.wsgi [None req-c32f653f-dd3d-45a4-9a1b-090cc5db13a9 36746e88c9dc475bb2d377c368977109 aff27f8de14f4d1eb6c06a703f4e7ea4 - - default default] 10.0.0.106 "POST /v2.0/ports HTTP/1.1" status: 201 len: 942 time: 0.5099139 /var/lib/openstack/lib/python3.12/site-packages/pycadf/identifier.py:71: UserWarning: Invalid uuid: neutron. To ensure interoperability, identifiers should be a valid uuid. warnings.warn(('Invalid uuid: %s. To ensure interoperability, '
2026-07-14 19:10:52.631 8 INFO neutron.services.segments.plugin [-] Segment bc96468d-751a-4b1f-b043-00c360eafd2f resource provider aggregate not found
2026-07-14 19:10:52.636 8 INFO neutron.services.segments.plugin [-] Segment bc96468d-751a-4b1f-b043-00c360eafd2f resource provider aggregate not found
2026-07-14 19:10:52.649 8 INFO neutron.services.segments.plugin [-] Segment bc96468d-751a-4b1f-b043-00c360eafd2f resource provider not found; error: Placement Client Error (4xx): {"errors": [{"status": 404, "title": "Not Found", "detail": "The resource could not be found.\n\n No resource provider with uuid bc96468d-751a-4b1f-b043-00c360eafd2f found for delete ", "request_id": "req-f4e0ccaf-e248-4c54-80fc-098d08b2d1c1"}]}
2026-07-14 19:10:52.652 8 INFO neutron.services.segments.plugin [-] Segment bc96468d-751a-4b1f-b043-00c360eafd2f resource provider not found; error: Placement Client Error (4xx): {"errors": [{"status": 404, "title": "Not Found", "detail": "The resource could not be found.\n\n No resource provider with uuid bc96468d-751a-4b1f-b043-00c360eafd2f found for delete ", "request_id": "req-2851a55f-47f4-49e2-8d22-9c4d34528d43"}]}
2026-07-14 19:10:52.666 8 INFO neutron.api.wsgi [None req-062116ab-ab2a-4628-af4f-9a871a2c3683 3f31086e57a94c3ea4bf8a3848432646 903abb62228649579b25a82b8fa53c65 - - default default] 10.0.0.106 "DELETE /v2.0/networks/6cf09448-3897-4751-94db-39a94a411f33 HTTP/1.1" status: 204 len: 168 time: 0.5204816
2026-07-14 19:10:52.678 8 INFO neutron.api.wsgi [None req-ee11032c-6e76-418c-a3f1-49f8468ca464 36746e88c9dc475bb2d377c368977109 aff27f8de14f4d1eb6c06a703f4e7ea4 - - default default] 10.0.0.106 "PUT /v2.0/ports/7f3ff17b-9f7a-4d28-86e6-803780925ac7/tags HTTP/1.1" status: 200 len: 210 time: 0.0552642
2026-07-14 19:10:52.733 8 INFO neutron.api.wsgi [None req-42eb8790-8f49-4854-bc0e-6b70146667fb 36746e88c9dc475bb2d377c368977109 aff27f8de14f4d1eb6c06a703f4e7ea4 - - default default] 10.0.0.106 "PUT /v2.0/ports/7fc28b3a-4cf4-46d9-8b73-de7cbed7d714/tags HTTP/1.1" status: 200 len: 218 time: 0.0507488
2026-07-14 19:10:52.797 8 INFO neutron.api.wsgi [None req-0d847600-75b1-449b-8668-abc9a829d47e 36746e88c9dc475bb2d377c368977109 aff27f8de14f4d1eb6c06a703f4e7ea4 - - default default] 10.0.0.106 "PUT /v2.0/ports/9ba8a818-906c-42e9-bf0c-64d75d056db1/tags HTTP/1.1" status: 200 len: 227 time: 0.0590484
2026-07-14 19:10:52.843 8 INFO neutron.api.wsgi [None req-2a5618b0-4e6e-4798-af8e-1a48e3b7ef28 36746e88c9dc475bb2d377c368977109 aff27f8de14f4d1eb6c06a703f4e7ea4 - - default default] 10.0.0.106 "PUT /v2.0/ports/9187560f-3b8b-4a68-91b3-379ee3f013a2/tags HTTP/1.1" status: 200 len: 212 time: 0.0409296
2026-07-14 19:10:53.009 8 INFO neutron.api.wsgi [None req-7e66a9d1-868e-4e9d-a3fe-79a30f7da174 36746e88c9dc475bb2d377c368977109 aff27f8de14f4d1eb6c06a703f4e7ea4 - - default default] 10.0.0.106 "GET /v2.0/ports?tags=red HTTP/1.1" status: 200 len: 2448 time: 0.1585109
2026-07-14 19:10:53.033 9 INFO neutron.api.wsgi [req-0b415c0a-fd42-4867-b8fd-45662a50d28c req-9150da08-94d6-47b1-8500-1e3a856936b7 b274158e5573491780fde5f77a218787 b8ad73b60205414fa7fc4e0eb9fc7dd6 - - default default] 10.0.0.241 "GET /v2.0/ports?device_id=4c3110a2-ca62-4a18-b0e6-2e003fae5192 HTTP/1.1" status: 200 len: 210 time: 0.0178213
2026-07-14 19:10:53.102 8 INFO neutron.api.wsgi [None req-f5157250-7b3d-4c89-9922-eda0996fa246 36746e88c9dc475bb2d377c368977109 aff27f8de14f4d1eb6c06a703f4e7ea4 - - default default] 10.0.0.106 "GET /v2.0/ports?tags=red%2Cblue HTTP/1.1" status: 200 len: 1708 time: 0.0840583
2026-07-14 19:10:53.167 8 INFO neutron.api.wsgi [None req-dbe8e998-2443-4709-a7f9-9c7d9268f0c6 36746e88c9dc475bb2d377c368977109 aff27f8de14f4d1eb6c06a703f4e7ea4 - - default default] 10.0.0.106 "GET /v2.0/ports?tags-any=blue HTTP/1.1" status: 200 len: 1708 time: 0.0575504
2026-07-14 19:10:53.213 8 INFO neutron.api.wsgi [None req-16f1efb5-b90b-4470-be4e-91707ed37d72 36746e88c9dc475bb2d377c368977109 aff27f8de14f4d1eb6c06a703f4e7ea4 - - default default] 10.0.0.106 "GET /v2.0/ports?tags-any=red%2Cblue HTTP/1.1" status: 200 len: 2448 time: 0.0408812
2026-07-14 19:10:53.372 9 INFO neutron.api.wsgi [None req-1b629cd0-7620-4f5b-8a9c-7c2c2e4e3e79 d54ab789ab764360a301b092e529a1de 944992dde62c4080abe7a663032008a4 - - default default] 10.0.0.106 "GET /v2.0/security-groups?tenant_id=903abb62228649579b25a82b8fa53c65&name=default HTTP/1.1" status: 200 len: 3120 time: 0.2157757
2026-07-14 19:10:53.655 9 INFO neutron.api.wsgi [None req-44d4e23d-4b9a-41d3-b68e-bff66680dc85 d54ab789ab764360a301b092e529a1de 944992dde62c4080abe7a663032008a4 - - default default] 10.0.0.106 "DELETE /v2.0/security-groups/d6ea6d5f-3cf3-4ce0-a4b3-efc847655ef6 HTTP/1.1" status: 204 len: 168 time: 0.2776051
2026-07-14 19:10:53.696 9 WARNING neutron.plugins.ml2.drivers.ovn.mech_driver.ovsdb.ovn_client [None req-53927ab9-7ab2-4ee1-9f1a-ee37d6f79672 - - - - - -] No hosting information found for port 0c100461-fdcf-4c9a-be47-9ff9d057810b: RuntimeError: No hosting information found for port 0c100461-fdcf-4c9a-be47-9ff9d057810b
2026-07-14 19:10:53.736 8 INFO neutron.api.wsgi [None req-760ff283-38e8-48b3-a560-380976eb7cd0 36746e88c9dc475bb2d377c368977109 aff27f8de14f4d1eb6c06a703f4e7ea4 - - default default] 10.0.0.106 "GET /v2.0/ports?not-tags=red HTTP/1.1" status: 200 len: 5463 time: 0.5184104
2026-07-14 19:10:53.867 9 INFO neutron.db.ovn_revision_numbers_db [None req-53927ab9-7ab2-4ee1-9f1a-ee37d6f79672 - - - - - -] Successfully bumped revision number for resource 0c100461-fdcf-4c9a-be47-9ff9d057810b (type: router_ports) to 2
2026-07-14 19:10:53.867 9 INFO neutron.plugins.ml2.drivers.ovn.mech_driver.mech_driver [None req-53927ab9-7ab2-4ee1-9f1a-ee37d6f79672 - - - - - -] OVN reports status down for port: 8f202bee-d9f9-4a75-b4a3-2d2440264ae4
2026-07-14 19:10:54.017 9 INFO neutron.api.wsgi [None req-e4a9e18b-2910-4414-8a9a-a307f36e4faa 36746e88c9dc475bb2d377c368977109 aff27f8de14f4d1eb6c06a703f4e7ea4 - - default default] 10.0.0.106 "GET /v2.0/ports?not-tags=red%2Cblue HTTP/1.1" status: 200 len: 6203 time: 0.2685733
2026-07-14 19:10:54.144 8 INFO neutron.api.wsgi [req-593d08f6-6631-4ff2-b933-3c39bf41c414 req-4e1ea93a-67ee-413e-93d6-1f0880e8ca85 b274158e5573491780fde5f77a218787 b8ad73b60205414fa7fc4e0eb9fc7dd6 - - default default] 10.0.0.241 "GET /v2.0/ports?device_id=4c3110a2-ca62-4a18-b0e6-2e003fae5192 HTTP/1.1" status: 200 len: 210 time: 0.0210567
2026-07-14 19:10:54.146 9 INFO neutron.api.wsgi [None req-d7c8f452-d984-4c54-877d-fcdae94adcf8 36746e88c9dc475bb2d377c368977109 aff27f8de14f4d1eb6c06a703f4e7ea4 - - default default] 10.0.0.106 "GET /v2.0/ports?not-tags-any=blue HTTP/1.1" status: 200 len: 6203 time: 0.1193795
2026-07-14 19:10:54.601 9 INFO neutron.api.wsgi [None req-d5a884fd-ed41-4e44-b5ec-fbb7a500eeb0 36746e88c9dc475bb2d377c368977109 aff27f8de14f4d1eb6c06a703f4e7ea4 - - default default] 10.0.0.106 "GET /v2.0/ports?not-tags-any=red%2Cblue HTTP/1.1" status: 200 len: 5463 time: 0.4460361
2026-07-14 19:10:54.885 9 INFO neutron.api.wsgi [None req-abae4c4a-20ed-4190-9604-e193fda546a2 36746e88c9dc475bb2d377c368977109 aff27f8de14f4d1eb6c06a703f4e7ea4 - - default default] 10.0.0.106 "DELETE /v2.0/ports/7f3ff17b-9f7a-4d28-86e6-803780925ac7 HTTP/1.1" status: 204 len: 168 time: 0.2772501
2026-07-14 19:10:55.134 9 INFO neutron.api.wsgi [None req-d1a7ff85-e9f8-4133-93d7-53d6eb653d17 36746e88c9dc475bb2d377c368977109 aff27f8de14f4d1eb6c06a703f4e7ea4 - - default default] 10.0.0.106 "DELETE /v2.0/ports/7fc28b3a-4cf4-46d9-8b73-de7cbed7d714 HTTP/1.1" status: 204 len: 168 time: 0.2440879
2026-07-14 19:10:55.171 9 WARNING neutron_lib.context [None req-c3a2fac8-6a1b-425d-a9e6-86d266c782ea 0d47c9af7b4e4b3fbcf6988af793f6b2 c50ad9451dab463f84b6d6d99cb2db83 - - default default] Method 'is_advsvc' is deprecated since 2023.2 release (neutron-lib 3.8.0) and will be removed once support for the old RBAC API policies will be removed from Neutron. Please use method 'is_service_role' instead.
2026-07-14 19:10:55.243 9 INFO neutron.api.wsgi [req-9ced4c3c-a720-4fef-a913-c6ccfa616d0f req-bb582f4d-29cd-4a06-bd1c-61008d50bfce b274158e5573491780fde5f77a218787 b8ad73b60205414fa7fc4e0eb9fc7dd6 - - default default] 10.0.0.241 "GET /v2.0/ports?device_id=4c3110a2-ca62-4a18-b0e6-2e003fae5192 HTTP/1.1" status: 200 len: 210 time: 0.0268524
2026-07-14 19:10:55.396 9 INFO neutron.db.ovn_revision_numbers_db [None req-c3a2fac8-6a1b-425d-a9e6-86d266c782ea 0d47c9af7b4e4b3fbcf6988af793f6b2 c50ad9451dab463f84b6d6d99cb2db83 - - default default] Successfully bumped revision number for resource 9925f583-ff1c-444a-8f96-faf3779a5adc (type: security_groups) to 1
2026-07-14 19:10:55.425 9 INFO neutron.db.ovn_revision_numbers_db [None req-c3a2fac8-6a1b-425d-a9e6-86d266c782ea 0d47c9af7b4e4b3fbcf6988af793f6b2 c50ad9451dab463f84b6d6d99cb2db83 - - default default] Successfully bumped revision number for resource 5045a856-fe2d-40b3-baa2-1a565d5d0ca5 (type: security_group_rules) to 0
2026-07-14 19:10:55.465 9 INFO neutron.db.ovn_revision_numbers_db [None req-c3a2fac8-6a1b-425d-a9e6-86d266c782ea 0d47c9af7b4e4b3fbcf6988af793f6b2 c50ad9451dab463f84b6d6d99cb2db83 - - default default] Successfully bumped revision number for resource 696d344d-6279-4d6e-9fb7-bc958cda150d (type: security_group_rules) to 0
2026-07-14 19:10:55.481 9 INFO neutron.db.ovn_revision_numbers_db [None req-c3a2fac8-6a1b-425d-a9e6-86d266c782ea 0d47c9af7b4e4b3fbcf6988af793f6b2 c50ad9451dab463f84b6d6d99cb2db83 - - default default] Successfully bumped revision number for resource a4e3c903-ed61-4995-9dee-6381eb1e2465 (type: security_group_rules) to 0
2026-07-14 19:10:55.492 9 INFO neutron.api.wsgi [None req-8f540bd5-c364-4109-92b6-b50f95341d28 36746e88c9dc475bb2d377c368977109 aff27f8de14f4d1eb6c06a703f4e7ea4 - - default default] 10.0.0.106 "DELETE /v2.0/ports/9ba8a818-906c-42e9-bf0c-64d75d056db1 HTTP/1.1" status: 204 len: 168 time: 0.3523614
2026-07-14 19:10:55.504 9 INFO neutron.db.ovn_revision_numbers_db [None req-c3a2fac8-6a1b-425d-a9e6-86d266c782ea 0d47c9af7b4e4b3fbcf6988af793f6b2 c50ad9451dab463f84b6d6d99cb2db83 - - default default] Successfully bumped revision number for resource b4b1b1e9-3db5-43bc-95ce-37871fff50f9 (type: security_group_rules) to 0
2026-07-14 19:10:55.597 9 INFO neutron.db.segments_db [None req-c3a2fac8-6a1b-425d-a9e6-86d266c782ea 0d47c9af7b4e4b3fbcf6988af793f6b2 c50ad9451dab463f84b6d6d99cb2db83 - - default default] Added segment 3ede614f-d81b-4738-9b18-73902670f4b2 of type geneve for network d367da67-f260-4b03-9857-d30b7043ed48
2026-07-14 19:10:55.672 9 WARNING neutron_lib.context [None req-aa80f3d8-33f3-4213-812d-587bf876a9e6 a9b91f923c604cc79670081bba931eae 396612b564b846ecb04e1aa3c67c14b4 - - default default] Method 'is_advsvc' is deprecated since 2023.2 release (neutron-lib 3.8.0) and will be removed once support for the old RBAC API policies will be removed from Neutron. Please use method 'is_service_role' instead.
2026-07-14 19:10:55.732 9 INFO neutron.db.ovn_revision_numbers_db [None req-c3a2fac8-6a1b-425d-a9e6-86d266c782ea 0d47c9af7b4e4b3fbcf6988af793f6b2 c50ad9451dab463f84b6d6d99cb2db83 - - default default] Successfully bumped revision number for resource d367da67-f260-4b03-9857-d30b7043ed48 (type: networks) to 1
2026-07-14 19:10:55.785 8 INFO neutron.api.wsgi [None req-fa1abcbb-9247-4dfc-ab42-bcccd7dca6e4 36746e88c9dc475bb2d377c368977109 aff27f8de14f4d1eb6c06a703f4e7ea4 - - default default] 10.0.0.106 "DELETE /v2.0/ports/9187560f-3b8b-4a68-91b3-379ee3f013a2 HTTP/1.1" status: 204 len: 168 time: 0.2884951
2026-07-14 19:10:55.841 9 INFO neutron.db.ovn_revision_numbers_db [None req-aa80f3d8-33f3-4213-812d-587bf876a9e6 a9b91f923c604cc79670081bba931eae 396612b564b846ecb04e1aa3c67c14b4 - - default default] Successfully bumped revision number for resource 6a86a96f-6a7b-48ee-8b2e-fb649cc16fc9 (type: security_groups) to 1
2026-07-14 19:10:55.860 9 INFO neutron.db.ovn_revision_numbers_db [None req-aa80f3d8-33f3-4213-812d-587bf876a9e6 a9b91f923c604cc79670081bba931eae 396612b564b846ecb04e1aa3c67c14b4 - - default default] Successfully bumped revision number for resource 36946b65-4dfe-47e2-8d1f-11be023098bf (type: security_group_rules) to 0
2026-07-14 19:10:55.876 9 INFO neutron.db.ovn_revision_numbers_db [None req-aa80f3d8-33f3-4213-812d-587bf876a9e6 a9b91f923c604cc79670081bba931eae 396612b564b846ecb04e1aa3c67c14b4 - - default default] Successfully bumped revision number for resource 78462580-cce3-431a-8d2d-dbea0a79e7f0 (type: security_group_rules) to 0
2026-07-14 19:10:55.894 9 INFO neutron.db.ovn_revision_numbers_db [None req-aa80f3d8-33f3-4213-812d-587bf876a9e6 a9b91f923c604cc79670081bba931eae 396612b564b846ecb04e1aa3c67c14b4 - - default default] Successfully bumped revision number for resource d86e4c87-ac86-4e78-9374-f055ac870f30 (type: security_group_rules) to 0
2026-07-14 19:10:55.912 9 INFO neutron.db.ovn_revision_numbers_db [None req-aa80f3d8-33f3-4213-812d-587bf876a9e6 a9b91f923c604cc79670081bba931eae 396612b564b846ecb04e1aa3c67c14b4 - - default default] Successfully bumped revision number for resource fee2b05a-4e72-406f-914e-8b653face95c (type: security_group_rules) to 0
2026-07-14 19:10:55.914 9 WARNING neutron.scheduler.dhcp_agent_scheduler [None req-c3a2fac8-6a1b-425d-a9e6-86d266c782ea 0d47c9af7b4e4b3fbcf6988af793f6b2 c50ad9451dab463f84b6d6d99cb2db83 - - default default] No more DHCP agents
2026-07-14 19:10:55.917 9 WARNING neutron.api.rpc.agentnotifiers.dhcp_rpc_agent_api [None req-c3a2fac8-6a1b-425d-a9e6-86d266c782ea 0d47c9af7b4e4b3fbcf6988af793f6b2 c50ad9451dab463f84b6d6d99cb2db83 - - default default] Unable to schedule network d367da67-f260-4b03-9857-d30b7043ed48: no agents available; will retry on subsequent port and subnet creation events.
2026-07-14 19:10:55.994 9 INFO neutron.db.ovn_revision_numbers_db [None req-c3a2fac8-6a1b-425d-a9e6-86d266c782ea 0d47c9af7b4e4b3fbcf6988af793f6b2 c50ad9451dab463f84b6d6d99cb2db83 - - default default] Successfully bumped revision number for resource 40f32046-9d25-4ebc-8f86-f3dd90ad3bb2 (type: ports) to 1
2026-07-14 19:10:56.020 8 INFO neutron.api.wsgi [None req-5a2bd012-491d-4f9b-89d6-7c87b248152b 36746e88c9dc475bb2d377c368977109 aff27f8de14f4d1eb6c06a703f4e7ea4 - - default default] 10.0.0.106 "DELETE /v2.0/ports/781b6dc8-ca55-4f83-9ba3-e2d0d51412b5 HTTP/1.1" status: 204 len: 168 time: 0.2309680
2026-07-14 19:10:56.021 9 INFO neutron.api.wsgi [None req-c3a2fac8-6a1b-425d-a9e6-86d266c782ea 0d47c9af7b4e4b3fbcf6988af793f6b2 c50ad9451dab463f84b6d6d99cb2db83 - - default default] 10.0.0.106 "POST /v2.0/networks HTTP/1.1" status: 201 len: 831 time: 1.0261517
2026-07-14 19:10:56.031 8 WARNING neutron_lib.context [None req-6176017a-1248-4216-b040-2743538c3ce8 0d47c9af7b4e4b3fbcf6988af793f6b2 c50ad9451dab463f84b6d6d99cb2db83 - - default default] Method 'is_advsvc' is deprecated since 2023.2 release (neutron-lib 3.8.0) and will be removed once support for the old RBAC API policies will be removed from Neutron. Please use method 'is_service_role' instead.
2026-07-14 19:10:56.031 9 INFO neutron.db.ovn_revision_numbers_db [None req-aa80f3d8-33f3-4213-812d-587bf876a9e6 a9b91f923c604cc79670081bba931eae 396612b564b846ecb04e1aa3c67c14b4 - - default default] Successfully bumped revision number for resource b6de222f-c881-4c82-8198-f69d5febf34c (type: security_groups) to 1
2026-07-14 19:10:56.049 9 INFO neutron.db.ovn_revision_numbers_db [None req-aa80f3d8-33f3-4213-812d-587bf876a9e6 a9b91f923c604cc79670081bba931eae 396612b564b846ecb04e1aa3c67c14b4 - - default default] Successfully bumped revision number for resource 28538388-ac5c-4b50-b90c-4e25a08ae25b (type: security_group_rules) to 0
2026-07-14 19:10:56.065 9 INFO neutron.db.ovn_revision_numbers_db [None req-aa80f3d8-33f3-4213-812d-587bf876a9e6 a9b91f923c604cc79670081bba931eae 396612b564b846ecb04e1aa3c67c14b4 - - default default] Successfully bumped revision number for resource d5a3d45d-8747-4c9f-976f-a8d1ee4cc0ab (type: security_group_rules) to 0
2026-07-14 19:10:56.106 9 INFO neutron.api.wsgi [None req-aa80f3d8-33f3-4213-812d-587bf876a9e6 a9b91f923c604cc79670081bba931eae 396612b564b846ecb04e1aa3c67c14b4 - - default default] 10.0.0.106 "POST /v2.0/security-groups HTTP/1.1" status: 201 len: 1825 time: 0.5522478
2026-07-14 19:10:56.161 9 INFO neutron.api.wsgi [None req-11f366fc-4735-4bed-a321-894d05561173 a9b91f923c604cc79670081bba931eae 396612b564b846ecb04e1aa3c67c14b4 - - default default] 10.0.0.106 "GET /v2.0/security-groups HTTP/1.1" status: 200 len: 4725 time: 0.0485969
2026-07-14 19:10:56.255 9 INFO neutron.api.wsgi [req-28de44ad-718e-4395-9984-4aa84a223577 req-8e439f54-1de9-4040-8012-b6bc1f734c3b b274158e5573491780fde5f77a218787 b8ad73b60205414fa7fc4e0eb9fc7dd6 - - default default] 199.19.213.166 "GET /v2.0/networks?id=71b2c504-debe-4a10-b514-a92f5b442905 HTTP/1.1" status: 200 len: 872 time: 0.0512695
