2026-07-14 19:11:51.455 9 INFO neutron.api.wsgi [req-fb47a95e-b287-40fb-81e7-a00722900abb req-103370b6-0393-433d-854b-2e388a9503a9 64cdc5d9c058421f86a927a38585db0a 1f755786a48d4d4ab0dfad4c8baccc73 - - a1d42b11def94b6da85a2b715b2d2bd9 a1d42b11def94b6da85a2b715b2d2bd9] 199.19.213.166 "GET /v2.0/subnets?id=1a41ad08-5114-4541-ac53-282684182e30 HTTP/1.1" status: 200 len: 890 time: 0.0392051
2026-07-14 19:11:51.491 9 INFO neutron.api.wsgi [req-fb47a95e-b287-40fb-81e7-a00722900abb req-32896809-fe9d-44b8-88fa-358f3a5fb0bf 64cdc5d9c058421f86a927a38585db0a 1f755786a48d4d4ab0dfad4c8baccc73 - - a1d42b11def94b6da85a2b715b2d2bd9 a1d42b11def94b6da85a2b715b2d2bd9] 199.19.213.166 "GET /v2.0/ports?network_id=64b920a3-1e3a-426a-8cdd-9725edfb9ee9&device_owner=network%3Adhcp HTTP/1.1" status: 200 len: 210 time: 0.0312753
2026-07-14 19:11:51.533 9 INFO neutron.api.wsgi [req-facf3e28-d1b3-4b0c-b251-a167c943f801 req-385a64a7-3084-46ab-bc70-176c3db59b85 64cdc5d9c058421f86a927a38585db0a 1f755786a48d4d4ab0dfad4c8baccc73 - - a1d42b11def94b6da85a2b715b2d2bd9 a1d42b11def94b6da85a2b715b2d2bd9] 199.19.213.166 "GET /v2.0/networks/a4b60153-03fa-4af8-abdc-40670194b6f7?fields=provider%3Aphysical_network&fields=provider%3Anetwork_type HTTP/1.1" status: 200 len: 277 time: 0.0999002
2026-07-14 19:11:51.565 9 INFO neutron.api.wsgi [req-fb47a95e-b287-40fb-81e7-a00722900abb req-fad3dda5-0b7b-4300-98d6-714e6f1264e5 64cdc5d9c058421f86a927a38585db0a 1f755786a48d4d4ab0dfad4c8baccc73 - - a1d42b11def94b6da85a2b715b2d2bd9 a1d42b11def94b6da85a2b715b2d2bd9] 199.19.213.166 "GET /v2.0/networks/64b920a3-1e3a-426a-8cdd-9725edfb9ee9?fields=segments HTTP/1.1" status: 200 len: 212 time: 0.0669160
2026-07-14 19:11:51.634 9 INFO neutron.api.wsgi [req-fb47a95e-b287-40fb-81e7-a00722900abb req-6ac4cb36-da12-4adc-b9d8-f51b01229a42 64cdc5d9c058421f86a927a38585db0a 1f755786a48d4d4ab0dfad4c8baccc73 - - a1d42b11def94b6da85a2b715b2d2bd9 a1d42b11def94b6da85a2b715b2d2bd9] 199.19.213.166 "GET /v2.0/networks/64b920a3-1e3a-426a-8cdd-9725edfb9ee9?fields=provider%3Aphysical_network&fields=provider%3Anetwork_type HTTP/1.1" status: 200 len: 277 time: 0.0620952
2026-07-14 19:11:51.741 9 INFO neutron.api.wsgi [req-3e4ab304-dea7-4d97-9310-5bd42bdda1bb req-53260985-94ac-4f22-8f2b-c3ecfec8afe0 227155b99398426fb731aee650bc133e d2e4904e1d2e403dab2bcaa55b5c72e7 - - default default] 10.0.0.241 "GET /v2.0/ports?device_id=d4fe843d-945b-4e08-ba9f-80047f925721 HTTP/1.1" status: 200 len: 1168 time: 0.0367811
2026-07-14 19:11:51.783 9 INFO neutron.api.wsgi [req-3e4ab304-dea7-4d97-9310-5bd42bdda1bb req-48a51331-ab03-4f14-8ab4-730246e17d07 227155b99398426fb731aee650bc133e d2e4904e1d2e403dab2bcaa55b5c72e7 - - default default] 10.0.0.241 "GET /v2.0/security-groups?id=32b07832-5d1f-4933-a187-58669e7d7178&fields=id&fields=name HTTP/1.1" status: 200 len: 312 time: 0.0368712
2026-07-14 19:11:52.442 9 INFO neutron.api.wsgi [-] 10.0.0.254 "GET / HTTP/1.1" status: 200 len: 246 time: 0.0028708
2026-07-14 19:11:52.445 9 INFO neutron.api.wsgi [-] 10.0.0.254 "GET / HTTP/1.1" status: 200 len: 246 time: 0.0018775
2026-07-14 19:11:52.899 8 INFO neutron.api.wsgi [req-8cabd560-1a07-41aa-a220-11992c39198f req-c2cbf58c-5b85-4918-afb6-6cea9ca51725 227155b99398426fb731aee650bc133e d2e4904e1d2e403dab2bcaa55b5c72e7 - - default default] 10.0.0.241 "GET /v2.0/ports?device_id=d4fe843d-945b-4e08-ba9f-80047f925721 HTTP/1.1" status: 200 len: 1168 time: 0.0490105
2026-07-14 19:11:52.954 8 INFO neutron.api.wsgi [req-8cabd560-1a07-41aa-a220-11992c39198f req-c7503550-baac-425e-a9c3-c56aea8baf57 227155b99398426fb731aee650bc133e d2e4904e1d2e403dab2bcaa55b5c72e7 - - default default] 10.0.0.241 "GET /v2.0/security-groups?id=32b07832-5d1f-4933-a187-58669e7d7178&fields=id&fields=name HTTP/1.1" status: 200 len: 312 time: 0.0487425
2026-07-14 19:11:53.716 8 INFO neutron.plugins.ml2.drivers.ovn.mech_driver.mech_driver [None req-bbb214c6-2cca-48da-8f89-3391d2903f10 - - - - - -] OVN reports status up for port: ed888569-9467-45e2-b19b-7097b8c0faec
2026-07-14 19:11:53.729 8 INFO neutron.plugins.ml2.plugin [None req-bbb214c6-2cca-48da-8f89-3391d2903f10 - - - - - -] Attempt 1 to provision port ed888569-9467-45e2-b19b-7097b8c0faec
2026-07-14 19:11:53.892 8 INFO neutron.notifiers.nova [-] Nova event matching ['req-6b8e07ec-cd31-4acb-b426-a1a645e8a0cd'] response: {'server_uuid': 'd4fe843d-945b-4e08-ba9f-80047f925721', 'name': 'network-vif-plugged', 'status': 'completed', 'tag': 'ed888569-9467-45e2-b19b-7097b8c0faec', 'code': 200}
2026-07-14 19:11:54.032 8 INFO neutron.db.ovn_revision_numbers_db [None req-bbb214c6-2cca-48da-8f89-3391d2903f10 - - - - - -] Successfully bumped revision number for resource ed888569-9467-45e2-b19b-7097b8c0faec (type: ports) to 5
2026-07-14 19:11:54.087 8 INFO neutron.api.wsgi [req-c32f6bfc-d325-47f2-9470-e9d90778243f req-33e96d9d-e48b-4ae4-9267-62d3cc6d8d21 227155b99398426fb731aee650bc133e d2e4904e1d2e403dab2bcaa55b5c72e7 - - default default] 10.0.0.241 "GET /v2.0/ports?device_id=d4fe843d-945b-4e08-ba9f-80047f925721 HTTP/1.1" status: 200 len: 1170 time: 0.0520680 /var/lib/openstack/lib/python3.12/site-packages/pycadf/identifier.py:71: UserWarning: Invalid uuid: neutron. To ensure interoperability, identifiers should be a valid uuid. warnings.warn(('Invalid uuid: %s. To ensure interoperability, '
2026-07-14 19:11:54.151 8 INFO neutron.api.wsgi [req-c32f6bfc-d325-47f2-9470-e9d90778243f req-6a8654b2-720d-43fc-90ab-20e71f2cfd27 227155b99398426fb731aee650bc133e d2e4904e1d2e403dab2bcaa55b5c72e7 - - default default] 10.0.0.241 "GET /v2.0/security-groups?id=32b07832-5d1f-4933-a187-58669e7d7178&fields=id&fields=name HTTP/1.1" status: 200 len: 312 time: 0.0541987
2026-07-14 19:11:54.669 8 WARNING neutron_lib.context [None req-4e9ef9be-c25f-4424-b62c-12865957e811 1157029a2a5d4b98b470a4fc4f4a2a6f 50ccb5b6082b4733a4d07765752dd647 - - default default] Method 'is_advsvc' is deprecated since 2023.2 release (neutron-lib 3.8.0) and will be removed once support for the old RBAC API policies will be removed from Neutron. Please use method 'is_service_role' instead.
2026-07-14 19:11:54.830 8 INFO neutron.db.ovn_revision_numbers_db [None req-4e9ef9be-c25f-4424-b62c-12865957e811 1157029a2a5d4b98b470a4fc4f4a2a6f 50ccb5b6082b4733a4d07765752dd647 - - default default] Successfully bumped revision number for resource 59b5561c-16ae-47c7-a30e-c5899b323984 (type: security_groups) to 1
2026-07-14 19:11:54.848 8 INFO neutron.db.ovn_revision_numbers_db [None req-4e9ef9be-c25f-4424-b62c-12865957e811 1157029a2a5d4b98b470a4fc4f4a2a6f 50ccb5b6082b4733a4d07765752dd647 - - default default] Successfully bumped revision number for resource 22180a1b-ed65-4274-99a6-648f461781c7 (type: security_group_rules) to 0
2026-07-14 19:11:54.863 8 INFO neutron.db.ovn_revision_numbers_db [None req-4e9ef9be-c25f-4424-b62c-12865957e811 1157029a2a5d4b98b470a4fc4f4a2a6f 50ccb5b6082b4733a4d07765752dd647 - - default default] Successfully bumped revision number for resource 645913ae-7d27-4331-a279-f71dbde319fb (type: security_group_rules) to 0
2026-07-14 19:11:54.875 8 INFO neutron.db.ovn_revision_numbers_db [None req-4e9ef9be-c25f-4424-b62c-12865957e811 1157029a2a5d4b98b470a4fc4f4a2a6f 50ccb5b6082b4733a4d07765752dd647 - - default default] Successfully bumped revision number for resource 6b53cc0a-af6a-446f-9bf9-6c14aa1e1753 (type: security_group_rules) to 0
2026-07-14 19:11:54.890 8 INFO neutron.db.ovn_revision_numbers_db [None req-4e9ef9be-c25f-4424-b62c-12865957e811 1157029a2a5d4b98b470a4fc4f4a2a6f 50ccb5b6082b4733a4d07765752dd647 - - default default] Successfully bumped revision number for resource d85a40a5-a8a0-4daf-9fcd-023ecf3db5c1 (type: security_group_rules) to 0
2026-07-14 19:11:54.972 8 INFO neutron.db.segments_db [None req-4e9ef9be-c25f-4424-b62c-12865957e811 1157029a2a5d4b98b470a4fc4f4a2a6f 50ccb5b6082b4733a4d07765752dd647 - - default default] Added segment 96b77a69-8712-4e55-afc7-e4006348a59f of type geneve for network cffd5c71-90be-4742-82cf-d85b2295a39d
2026-07-14 19:11:55.123 8 INFO neutron.db.ovn_revision_numbers_db [None req-4e9ef9be-c25f-4424-b62c-12865957e811 1157029a2a5d4b98b470a4fc4f4a2a6f 50ccb5b6082b4733a4d07765752dd647 - - default default] Successfully bumped revision number for resource cffd5c71-90be-4742-82cf-d85b2295a39d (type: networks) to 1
2026-07-14 19:11:55.284 9 INFO neutron.api.wsgi [req-dfd8f5ca-36f8-4752-98b2-124380ea74cd req-bd75022f-b8e3-44a2-a279-f72b63883bb2 227155b99398426fb731aee650bc133e d2e4904e1d2e403dab2bcaa55b5c72e7 - - default default] 10.0.0.241 "GET /v2.0/ports?device_id=d4fe843d-945b-4e08-ba9f-80047f925721 HTTP/1.1" status: 200 len: 1170 time: 0.0446782
2026-07-14 19:11:55.309 8 WARNING neutron.scheduler.dhcp_agent_scheduler [None req-4e9ef9be-c25f-4424-b62c-12865957e811 1157029a2a5d4b98b470a4fc4f4a2a6f 50ccb5b6082b4733a4d07765752dd647 - - default default] No more DHCP agents
2026-07-14 19:11:55.311 8 WARNING neutron.api.rpc.agentnotifiers.dhcp_rpc_agent_api [None req-4e9ef9be-c25f-4424-b62c-12865957e811 1157029a2a5d4b98b470a4fc4f4a2a6f 50ccb5b6082b4733a4d07765752dd647 - - default default] Unable to schedule network cffd5c71-90be-4742-82cf-d85b2295a39d: no agents available; will retry on subsequent port and subnet creation events.
2026-07-14 19:11:55.326 9 INFO neutron.api.wsgi [req-dfd8f5ca-36f8-4752-98b2-124380ea74cd req-0ed087e3-1214-4000-8833-3d8619c72bf9 227155b99398426fb731aee650bc133e d2e4904e1d2e403dab2bcaa55b5c72e7 - - default default] 10.0.0.241 "GET /v2.0/security-groups?id=32b07832-5d1f-4933-a187-58669e7d7178&fields=id&fields=name HTTP/1.1" status: 200 len: 312 time: 0.0352993
2026-07-14 19:11:55.392 8 INFO neutron.db.ovn_revision_numbers_db [None req-4e9ef9be-c25f-4424-b62c-12865957e811 1157029a2a5d4b98b470a4fc4f4a2a6f 50ccb5b6082b4733a4d07765752dd647 - - default default] Successfully bumped revision number for resource f08b3136-9ae8-4dcc-9453-966a7c2545aa (type: ports) to 1
2026-07-14 19:11:55.413 8 INFO neutron.api.wsgi [None req-4e9ef9be-c25f-4424-b62c-12865957e811 1157029a2a5d4b98b470a4fc4f4a2a6f 50ccb5b6082b4733a4d07765752dd647 - - default default] 10.0.0.106 "POST /v2.0/networks HTTP/1.1" status: 201 len: 831 time: 0.9290514
2026-07-14 19:11:55.464 8 INFO neutron.api.wsgi [None req-792367e5-6a47-4390-aaa7-475c3506c9d8 1157029a2a5d4b98b470a4fc4f4a2a6f 50ccb5b6082b4733a4d07765752dd647 - - default default] 10.0.0.106 "PUT /v2.0/networks/cffd5c71-90be-4742-82cf-d85b2295a39d/tags HTTP/1.1" status: 200 len: 218 time: 0.0432003
2026-07-14 19:11:55.496 8 INFO neutron.api.wsgi [None req-6ea4eb1f-b9b1-49d4-bc24-d45b4f1241d0 1157029a2a5d4b98b470a4fc4f4a2a6f 50ccb5b6082b4733a4d07765752dd647 - - default default] 10.0.0.106 "GET /v2.0/networks/cffd5c71-90be-4742-82cf-d85b2295a39d/tags HTTP/1.1" status: 200 len: 218 time: 0.0275843
2026-07-14 19:11:55.554 8 INFO neutron.api.wsgi [None req-9f575fbb-f315-4f62-a8de-8dc94fe5bc00 1157029a2a5d4b98b470a4fc4f4a2a6f 50ccb5b6082b4733a4d07765752dd647 - - default default] 10.0.0.106 "PUT /v2.0/networks/cffd5c71-90be-4742-82cf-d85b2295a39d/tags/green HTTP/1.1" status: 201 len: 201 time: 0.0522828
2026-07-14 19:11:55.601 8 INFO neutron.api.wsgi [None req-f7115ac5-e883-43f4-9596-97e01e35e5e2 1157029a2a5d4b98b470a4fc4f4a2a6f 50ccb5b6082b4733a4d07765752dd647 - - default default] 10.0.0.106 "GET /v2.0/networks/cffd5c71-90be-4742-82cf-d85b2295a39d/tags HTTP/1.1" status: 200 len: 227 time: 0.0391867
2026-07-14 19:11:55.641 8 INFO neutron.api.wsgi [None req-08dd0780-8971-4135-8646-682a0e525c58 1157029a2a5d4b98b470a4fc4f4a2a6f 50ccb5b6082b4733a4d07765752dd647 - - default default] 10.0.0.106 "PUT /v2.0/networks/cffd5c71-90be-4742-82cf-d85b2295a39d/tags/red HTTP/1.1" status: 201 len: 201 time: 0.0349832
2026-07-14 19:11:55.680 8 INFO neutron.api.wsgi [None req-95cb5553-f447-4d07-9397-62d6314e7586 1157029a2a5d4b98b470a4fc4f4a2a6f 50ccb5b6082b4733a4d07765752dd647 - - default default] 10.0.0.106 "GET /v2.0/networks/cffd5c71-90be-4742-82cf-d85b2295a39d/tags HTTP/1.1" status: 200 len: 227 time: 0.0326934
2026-07-14 19:11:55.758 9 INFO neutron.api.wsgi [None req-448bfdbd-39e7-4ca8-90f8-8380ba9e4e11 1157029a2a5d4b98b470a4fc4f4a2a6f 50ccb5b6082b4733a4d07765752dd647 - - default default] 10.0.0.106 "PUT /v2.0/networks/cffd5c71-90be-4742-82cf-d85b2295a39d/tags/black.or.white HTTP/1.1" status: 201 len: 201 time: 0.0631592
2026-07-14 19:11:55.795 9 INFO neutron.api.wsgi [None req-add937e7-4246-4c42-b8cc-3476bad5b075 1157029a2a5d4b98b470a4fc4f4a2a6f 50ccb5b6082b4733a4d07765752dd647 - - default default] 10.0.0.106 "GET /v2.0/networks/cffd5c71-90be-4742-82cf-d85b2295a39d/tags HTTP/1.1" status: 200 len: 245 time: 0.0319901
2026-07-14 19:11:55.841 9 INFO neutron.api.wsgi [None req-e1e3e8e5-95b4-4097-bc02-129d13d75baa 1157029a2a5d4b98b470a4fc4f4a2a6f 50ccb5b6082b4733a4d07765752dd647 - - default default] 10.0.0.106 "PUT /v2.0/networks/cffd5c71-90be-4742-82cf-d85b2295a39d/tags HTTP/1.1" status: 200 len: 230 time: 0.0390496
2026-07-14 19:11:55.878 9 INFO neutron.api.wsgi [None req-57caa7fc-f348-4fb9-abca-a6346d6336ab 1157029a2a5d4b98b470a4fc4f4a2a6f 50ccb5b6082b4733a4d07765752dd647 - - default default] 10.0.0.106 "GET /v2.0/networks/cffd5c71-90be-4742-82cf-d85b2295a39d/tags HTTP/1.1" status: 200 len: 230 time: 0.0301294
2026-07-14 19:11:55.920 8 INFO neutron.api.wsgi [None req-3858d342-cef1-4c06-8d1b-fd900f1bb87f 1157029a2a5d4b98b470a4fc4f4a2a6f 50ccb5b6082b4733a4d07765752dd647 - - default default] 10.0.0.106 "GET /v2.0/networks/cffd5c71-90be-4742-82cf-d85b2295a39d/tags/red HTTP/1.1" status: 204 len: 168 time: 0.0358489
2026-07-14 19:11:55.938 8 INFO neutron.notifiers.nova [-] Nova event matching ['req-57a023e3-02f0-483f-8f0e-33aa956a1f2f'] response: {'server_uuid': 'd4fe843d-945b-4e08-ba9f-80047f925721', 'name': 'network-vif-plugged', 'status': 'completed', 'tag': 'ed888569-9467-45e2-b19b-7097b8c0faec', 'code': 200}
2026-07-14 19:11:55.965 8 INFO neutron.api.v2.resource [None req-cc49b539-b90d-4aee-bbeb-378b6c666072 1157029a2a5d4b98b470a4fc4f4a2a6f 50ccb5b6082b4733a4d07765752dd647 - - default default] show failed (client error): The resource could not be found.
2026-07-14 19:11:55.967 8 INFO neutron.api.wsgi [None req-cc49b539-b90d-4aee-bbeb-378b6c666072 1157029a2a5d4b98b470a4fc4f4a2a6f 50ccb5b6082b4733a4d07765752dd647 - - default default] 10.0.0.106 "GET /v2.0/networks/cffd5c71-90be-4742-82cf-d85b2295a39d/tags/green HTTP/1.1" status: 404 len: 299 time: 0.0416024
2026-07-14 19:11:56.014 8 INFO neutron.api.wsgi [None req-ff097ca6-c5e6-4e3f-91a5-e7b43606de0c 1157029a2a5d4b98b470a4fc4f4a2a6f 50ccb5b6082b4733a4d07765752dd647 - - default default] 10.0.0.106 "DELETE /v2.0/networks/cffd5c71-90be-4742-82cf-d85b2295a39d/tags/red HTTP/1.1" status: 204 len: 168 time: 0.0417929
2026-07-14 19:11:56.051 8 INFO neutron.api.wsgi [None req-568519ab-f7d7-425b-8845-a50c7a9128a0 1157029a2a5d4b98b470a4fc4f4a2a6f 50ccb5b6082b4733a4d07765752dd647 - - default default] 10.0.0.106 "GET /v2.0/networks/cffd5c71-90be-4742-82cf-d85b2295a39d/tags HTTP/1.1" status: 200 len: 223 time: 0.0297849
2026-07-14 19:11:56.091 8 INFO neutron.api.v2.resource [None req-982a3883-d3b3-4bb7-923e-6afb1a78ed9a 1157029a2a5d4b98b470a4fc4f4a2a6f 50ccb5b6082b4733a4d07765752dd647 - - default default] delete failed (client error): The resource could not be found.
2026-07-14 19:11:56.093 8 INFO neutron.api.wsgi [None req-982a3883-d3b3-4bb7-923e-6afb1a78ed9a 1157029a2a5d4b98b470a4fc4f4a2a6f 50ccb5b6082b4733a4d07765752dd647 - - default default] 10.0.0.106 "DELETE /v2.0/networks/cffd5c71-90be-4742-82cf-d85b2295a39d/tags/green HTTP/1.1" status: 404 len: 299 time: 0.0357745
2026-07-14 19:11:56.147 8 INFO neutron.api.wsgi [None req-7c22096c-e532-41af-8ec8-a2dbe3fd67ad 1157029a2a5d4b98b470a4fc4f4a2a6f 50ccb5b6082b4733a4d07765752dd647 - - default default] 10.0.0.106 "DELETE /v2.0/networks/cffd5c71-90be-4742-82cf-d85b2295a39d/tags HTTP/1.1" status: 204 len: 168 time: 0.0482595
2026-07-14 19:11:56.180 8 INFO neutron.api.wsgi [None req-08821afa-4bca-4b74-b421-cf561db789d3 1157029a2a5d4b98b470a4fc4f4a2a6f 50ccb5b6082b4733a4d07765752dd647 - - default default] 10.0.0.106 "GET /v2.0/networks/cffd5c71-90be-4742-82cf-d85b2295a39d/tags HTTP/1.1" status: 200 len: 205 time: 0.0284088
2026-07-14 19:11:56.520 8 INFO neutron.api.wsgi [req-97e34cab-4892-4e50-964f-40b853d3991f req-1b8ecd29-8ad4-4466-b17d-4a775fae92a0 227155b99398426fb731aee650bc133e d2e4904e1d2e403dab2bcaa55b5c72e7 - - default default] 10.0.0.241 "GET /v2.0/ports?device_id=d4fe843d-945b-4e08-ba9f-80047f925721 HTTP/1.1" status: 200 len: 1170 time: 0.1213052
2026-07-14 19:11:56.583 8 INFO neutron.api.wsgi [req-97e34cab-4892-4e50-964f-40b853d3991f req-85d2b301-8903-41b0-8698-ad0b4164563b 227155b99398426fb731aee650bc133e d2e4904e1d2e403dab2bcaa55b5c72e7 - - default default] 10.0.0.241 "GET /v2.0/security-groups?id=32b07832-5d1f-4933-a187-58669e7d7178&fields=id&fields=name HTTP/1.1" status: 200 len: 312 time: 0.0576012
2026-07-14 19:11:56.618 8 INFO neutron.services.segments.plugin [-] Segment 96b77a69-8712-4e55-afc7-e4006348a59f resource provider aggregate not found
2026-07-14 19:11:56.623 8 INFO neutron.services.segments.plugin [-] Segment 96b77a69-8712-4e55-afc7-e4006348a59f resource provider aggregate not found
2026-07-14 19:11:56.642 8 INFO neutron.services.segments.plugin [-] Segment 96b77a69-8712-4e55-afc7-e4006348a59f resource provider not found; error: Placement Client Error (4xx): {"errors": [{"status": 404, "title": "Not Found", "detail": "The resource could not be found.\n\n No resource provider with uuid 96b77a69-8712-4e55-afc7-e4006348a59f found for delete ", "request_id": "req-50a46ea3-0d43-4e4c-846a-3a3fe58a4f6c"}]}
2026-07-14 19:11:56.648 8 INFO neutron.services.segments.plugin [-] Segment 96b77a69-8712-4e55-afc7-e4006348a59f resource provider not found; error: Placement Client Error (4xx): {"errors": [{"status": 404, "title": "Not Found", "detail": "The resource could not be found.\n\n No resource provider with uuid 96b77a69-8712-4e55-afc7-e4006348a59f found for delete ", "request_id": "req-58542803-38a2-4f76-a7f8-5d02e832383c"}]}
2026-07-14 19:11:56.656 8 INFO neutron.api.wsgi [None req-cbd31165-ce71-48c7-9191-b176fefe42d1 1157029a2a5d4b98b470a4fc4f4a2a6f 50ccb5b6082b4733a4d07765752dd647 - - default default] 10.0.0.106 "DELETE /v2.0/networks/cffd5c71-90be-4742-82cf-d85b2295a39d HTTP/1.1" status: 204 len: 168 time: 0.4686568
2026-07-14 19:11:56.800 9 INFO neutron.api.wsgi [req-de9725ee-344a-4e69-b214-ca569ae3e31a req-69d9dcc0-8fed-43b0-8503-9c501c113dae 227155b99398426fb731aee650bc133e d2e4904e1d2e403dab2bcaa55b5c72e7 - - default default] 10.0.0.241 "GET /v2.0/ports?device_id=d4fe843d-945b-4e08-ba9f-80047f925721 HTTP/1.1" status: 200 len: 1170 time: 0.1330426
2026-07-14 19:11:56.855 9 INFO neutron.api.wsgi [req-de9725ee-344a-4e69-b214-ca569ae3e31a req-c3064886-f77d-401e-9c87-cf42b2fb3e48 227155b99398426fb731aee650bc133e d2e4904e1d2e403dab2bcaa55b5c72e7 - - default default] 10.0.0.241 "GET /v2.0/security-groups?id=32b07832-5d1f-4933-a187-58669e7d7178&fields=id&fields=name HTTP/1.1" status: 200 len: 312 time: 0.0473058
2026-07-14 19:11:56.927 9 INFO neutron.api.wsgi [None req-9af76760-90b9-492c-90d1-6b49b589479b 9f7a2064ee4a40edb7d5049e8ffaced7 a7e831439db248338b23eb413e63a1d0 - - default default] 10.0.0.106 "GET /v2.0/ports?device_id=d4fe843d-945b-4e08-ba9f-80047f925721 HTTP/1.1" status: 200 len: 1404 time: 0.0455320
2026-07-14 19:11:57.416 9 INFO neutron.db.ovn_revision_numbers_db [None req-573cf66e-8cca-4ada-be5c-1a51a9f337c4 227155b99398426fb731aee650bc133e d2e4904e1d2e403dab2bcaa55b5c72e7 - - default default] Successfully bumped revision number for resource 935fda16-255c-47c7-8b2e-319fd4b81f02 (type: floatingips) to 4
2026-07-14 19:11:57.584 9 INFO neutron.db.ovn_revision_numbers_db [None req-573cf66e-8cca-4ada-be5c-1a51a9f337c4 227155b99398426fb731aee650bc133e d2e4904e1d2e403dab2bcaa55b5c72e7 - - default default] Successfully bumped revision number for resource 935fda16-255c-47c7-8b2e-319fd4b81f02 (type: floatingips) to 5
2026-07-14 19:11:57.585 9 INFO neutron.db.l3_db [None req-573cf66e-8cca-4ada-be5c-1a51a9f337c4 227155b99398426fb731aee650bc133e d2e4904e1d2e403dab2bcaa55b5c72e7 - - default default] Floating IP 935fda16-255c-47c7-8b2e-319fd4b81f02 associated. External IP: 10.96.250.213, port: ed888569-9467-45e2-b19b-7097b8c0faec.
2026-07-14 19:11:57.638 9 INFO neutron.api.wsgi [None req-573cf66e-8cca-4ada-be5c-1a51a9f337c4 227155b99398426fb731aee650bc133e d2e4904e1d2e403dab2bcaa55b5c72e7 - - default default] 10.0.0.106 "PUT /v2.0/floatingips/935fda16-255c-47c7-8b2e-319fd4b81f02 HTTP/1.1" status: 200 len: 1049 time: 0.7050138 /var/lib/openstack/lib/python3.12/site-packages/pycadf/identifier.py:71: UserWarning: Invalid uuid: neutron. To ensure interoperability, identifiers should be a valid uuid. warnings.warn(('Invalid uuid: %s. To ensure interoperability, '
2026-07-14 19:11:57.691 8 INFO neutron.api.wsgi [None req-dddf86fa-c727-4838-97eb-91ffddf51eb4 227155b99398426fb731aee650bc133e d2e4904e1d2e403dab2bcaa55b5c72e7 - - default default] 10.0.0.106 "GET /v2.0/floatingips/935fda16-255c-47c7-8b2e-319fd4b81f02 HTTP/1.1" status: 200 len: 1051 time: 0.0469859
2026-07-14 19:11:57.692 9 INFO neutron.notifiers.nova [-] Nova event matching ['req-c1b7477d-adb0-4f4a-b8b8-6d96edfc1b3b'] response: {'name': 'network-changed', 'server_uuid': 'd4fe843d-945b-4e08-ba9f-80047f925721', 'tag': 'ed888569-9467-45e2-b19b-7097b8c0faec', 'status': 'completed', 'code': 200}
2026-07-14 19:11:57.736 9 INFO neutron.db.ovn_revision_numbers_db [None req-b11881e7-f229-4e08-a9f7-bc759258c0ad d54ab789ab764360a301b092e529a1de 944992dde62c4080abe7a663032008a4 - - default default] Successfully bumped revision number for resource 01df16a8-1a19-444d-a4b4-aa1fddca44e5 (type: security_groups) to 1
2026-07-14 19:11:57.748 9 INFO neutron.db.ovn_revision_numbers_db [None req-b11881e7-f229-4e08-a9f7-bc759258c0ad d54ab789ab764360a301b092e529a1de 944992dde62c4080abe7a663032008a4 - - default default] Successfully bumped revision number for resource 19e85082-db4f-4a49-91d2-c14b985d2474 (type: security_group_rules) to 0
2026-07-14 19:11:57.762 9 INFO neutron.db.ovn_revision_numbers_db [None req-b11881e7-f229-4e08-a9f7-bc759258c0ad d54ab789ab764360a301b092e529a1de 944992dde62c4080abe7a663032008a4 - - default default] Successfully bumped revision number for resource 52e4708d-1136-4501-b404-ea19a2d4a214 (type: security_group_rules) to 0
2026-07-14 19:11:57.775 9 INFO neutron.db.ovn_revision_numbers_db [None req-b11881e7-f229-4e08-a9f7-bc759258c0ad d54ab789ab764360a301b092e529a1de 944992dde62c4080abe7a663032008a4 - - default default] Successfully bumped revision number for resource 80c76c4d-a707-4026-babc-654571a9289f (type: security_group_rules) to 0
2026-07-14 19:11:57.791 9 INFO neutron.db.ovn_revision_numbers_db [None req-b11881e7-f229-4e08-a9f7-bc759258c0ad d54ab789ab764360a301b092e529a1de 944992dde62c4080abe7a663032008a4 - - default default] Successfully bumped revision number for resource b9673bc9-1bd7-4124-bfe3-f36e5afbf9ae (type: security_group_rules) to 0
2026-07-14 19:11:57.834 9 INFO neutron.api.wsgi [None req-b11881e7-f229-4e08-a9f7-bc759258c0ad d54ab789ab764360a301b092e529a1de 944992dde62c4080abe7a663032008a4 - - default default] 10.0.0.106 "GET /v2.0/security-groups?tenant_id=54a9ec71f081489d8346e0056b854478&name=default HTTP/1.1" status: 200 len: 3120 time: 0.3961725
2026-07-14 19:11:58.054 9 INFO neutron.api.wsgi [None req-568d2976-fd7c-4898-aebf-bc62245729f6 d54ab789ab764360a301b092e529a1de 944992dde62c4080abe7a663032008a4 - - default default] 10.0.0.106 "DELETE /v2.0/security-groups/01df16a8-1a19-444d-a4b4-aa1fddca44e5 HTTP/1.1" status: 204 len: 168 time: 0.2155373
2026-07-14 19:11:58.207 8 INFO neutron.api.wsgi [None req-7cff330f-0c3e-4d4a-8510-4842adbf871c d54ab789ab764360a301b092e529a1de 944992dde62c4080abe7a663032008a4 - - default default] 10.0.0.106 "GET /v2.0/security-groups?tenant_id=50ccb5b6082b4733a4d07765752dd647&name=default HTTP/1.1" status: 200 len: 3120 time: 0.0359757
2026-07-14 19:11:58.235 9 INFO neutron.api.wsgi [req-8aca7087-fc11-45f2-9600-ac4ec7b90aba req-7f541a19-8783-486f-90fa-23c4e50521bf 64cdc5d9c058421f86a927a38585db0a 1f755786a48d4d4ab0dfad4c8baccc73 - - a1d42b11def94b6da85a2b715b2d2bd9 a1d42b11def94b6da85a2b715b2d2bd9] 199.19.213.166 "GET /v2.0/ports?tenant_id=d2e4904e1d2e403dab2bcaa55b5c72e7&device_id=d4fe843d-945b-4e08-ba9f-80047f925721 HTTP/1.1" status: 200 len: 1409 time: 0.0297039
2026-07-14 19:11:58.284 9 INFO neutron.api.wsgi [req-8aca7087-fc11-45f2-9600-ac4ec7b90aba req-d7f47841-73e0-4747-8c14-19624a7c161f 64cdc5d9c058421f86a927a38585db0a 1f755786a48d4d4ab0dfad4c8baccc73 - - a1d42b11def94b6da85a2b715b2d2bd9 a1d42b11def94b6da85a2b715b2d2bd9] 199.19.213.166 "GET /v2.0/networks?id=a4b60153-03fa-4af8-abdc-40670194b6f7 HTTP/1.1" status: 200 len: 958 time: 0.0442364
2026-07-14 19:11:58.329 9 INFO neutron.api.wsgi [req-8aca7087-fc11-45f2-9600-ac4ec7b90aba req-5c224f08-b772-4fb1-bbdf-445f5435b688 64cdc5d9c058421f86a927a38585db0a 1f755786a48d4d4ab0dfad4c8baccc73 - - a1d42b11def94b6da85a2b715b2d2bd9 a1d42b11def94b6da85a2b715b2d2bd9] 199.19.213.166 "GET /v2.0/floatingips?fixed_ip_address=10.100.0.6&port_id=ed888569-9467-45e2-b19b-7097b8c0faec HTTP/1.1" status: 200 len: 1059 time: 0.0408766
2026-07-14 19:11:58.357 9 INFO neutron.api.wsgi [req-8aca7087-fc11-45f2-9600-ac4ec7b90aba req-0df48ec5-279c-4806-bcb7-d418b9710c90 64cdc5d9c058421f86a927a38585db0a 1f755786a48d4d4ab0dfad4c8baccc73 - - a1d42b11def94b6da85a2b715b2d2bd9 a1d42b11def94b6da85a2b715b2d2bd9] 199.19.213.166 "GET /v2.0/subnets?id=2f30416e-221b-4dae-b753-a6c532e6bf8c HTTP/1.1" status: 200 len: 876 time: 0.0240788
2026-07-14 19:11:58.378 9 INFO neutron.api.wsgi [req-8aca7087-fc11-45f2-9600-ac4ec7b90aba req-cf7af89c-15a8-4d02-b881-6795af2b3a76 64cdc5d9c058421f86a927a38585db0a 1f755786a48d4d4ab0dfad4c8baccc73 - - a1d42b11def94b6da85a2b715b2d2bd9 a1d42b11def94b6da85a2b715b2d2bd9] 199.19.213.166 "GET /v2.0/ports?network_id=a4b60153-03fa-4af8-abdc-40670194b6f7&device_owner=network%3Adhcp HTTP/1.1" status: 200 len: 210 time: 0.0178823
2026-07-14 19:11:58.418 9 INFO neutron.api.wsgi [req-8aca7087-fc11-45f2-9600-ac4ec7b90aba req-92ba7fd0-c484-4e8c-bae5-2f6a520599cb 64cdc5d9c058421f86a927a38585db0a 1f755786a48d4d4ab0dfad4c8baccc73 - - a1d42b11def94b6da85a2b715b2d2bd9 a1d42b11def94b6da85a2b715b2d2bd9] 199.19.213.166 "GET /v2.0/networks/a4b60153-03fa-4af8-abdc-40670194b6f7?fields=segments HTTP/1.1" status: 200 len: 212 time: 0.0338535
2026-07-14 19:11:58.468 9 INFO neutron.api.wsgi [req-8aca7087-fc11-45f2-9600-ac4ec7b90aba req-6cb819df-93ca-40b6-ba07-ec697bfa6bf8 64cdc5d9c058421f86a927a38585db0a 1f755786a48d4d4ab0dfad4c8baccc73 - - a1d42b11def94b6da85a2b715b2d2bd9 a1d42b11def94b6da85a2b715b2d2bd9] 199.19.213.166 "GET /v2.0/networks/a4b60153-03fa-4af8-abdc-40670194b6f7?fields=provider%3Aphysical_network&fields=provider%3Anetwork_type HTTP/1.1" status: 200 len: 277 time: 0.0434506
2026-07-14 19:11:58.501 8 INFO neutron.api.wsgi [None req-0b639eb7-7736-4d25-8602-02d8c2028c3c d54ab789ab764360a301b092e529a1de 944992dde62c4080abe7a663032008a4 - - default default] 10.0.0.106 "DELETE /v2.0/security-groups/59b5561c-16ae-47c7-a30e-c5899b323984 HTTP/1.1" status: 204 len: 168 time: 0.2885163
2026-07-14 19:12:01.996 9 INFO neutron.api.wsgi [None req-3ced399e-2806-4a55-89c3-9ff84f4ab3a5 9fb995f091a74f83b1b4fa0690119c50 82836ad96bc44b1d81fda621783e238b - - default default] 10.0.0.106 "POST /v2.0/qos/policies HTTP/1.1" status: 201 len: 558 time: 0.2110791
2026-07-14 19:12:02.038 9 INFO neutron.api.wsgi [None req-84baa74e-f188-4cde-a774-823cb82b7aa2 9fb995f091a74f83b1b4fa0690119c50 82836ad96bc44b1d81fda621783e238b - - default default] 10.0.0.106 "PUT /v2.0/policies/6b301235-0b96-4f28-b63f-4cd7c3d2dcab/tags HTTP/1.1" status: 200 len: 218 time: 0.0356505
2026-07-14 19:12:02.062 9 INFO neutron.api.wsgi [None req-9e4a59c2-4b64-4216-9568-b1073d7041bb 9fb995f091a74f83b1b4fa0690119c50 82836ad96bc44b1d81fda621783e238b - - default default] 10.0.0.106 "GET /v2.0/policies/6b301235-0b96-4f28-b63f-4cd7c3d2dcab/tags HTTP/1.1" status: 200 len: 218 time: 0.0187421
2026-07-14 19:12:02.090 9 INFO neutron.api.wsgi [None req-54a0e61c-cecf-42b6-8f07-9fb96306a87e 9fb995f091a74f83b1b4fa0690119c50 82836ad96bc44b1d81fda621783e238b - - default default] 10.0.0.106 "PUT /v2.0/policies/6b301235-0b96-4f28-b63f-4cd7c3d2dcab/tags/green HTTP/1.1" status: 201 len: 201 time: 0.0242388
2026-07-14 19:12:02.111 9 INFO neutron.api.wsgi [None req-ab34f875-e7f7-4e90-8b5a-47f57eb3b5fe 9fb995f091a74f83b1b4fa0690119c50 82836ad96bc44b1d81fda621783e238b - - default default] 10.0.0.106 "GET /v2.0/policies/6b301235-0b96-4f28-b63f-4cd7c3d2dcab/tags HTTP/1.1" status: 200 len: 227 time: 0.0157835
2026-07-14 19:12:02.133 9 INFO neutron.api.wsgi [None req-44dbf888-9109-4cc1-b580-26e158de240c 9fb995f091a74f83b1b4fa0690119c50 82836ad96bc44b1d81fda621783e238b - - default default] 10.0.0.106 "PUT /v2.0/policies/6b301235-0b96-4f28-b63f-4cd7c3d2dcab/tags/red HTTP/1.1" status: 201 len: 201 time: 0.0177891
2026-07-14 19:12:02.155 9 INFO neutron.api.wsgi [None req-d1078d98-af97-49ec-8a5d-eed8c2234fab 9fb995f091a74f83b1b4fa0690119c50 82836ad96bc44b1d81fda621783e238b - - default default] 10.0.0.106 "GET /v2.0/policies/6b301235-0b96-4f28-b63f-4cd7c3d2dcab/tags HTTP/1.1" status: 200 len: 227 time: 0.0181811
2026-07-14 19:12:02.189 9 INFO neutron.api.wsgi [None req-f0aab458-054e-4381-b020-bc6d1d74fde2 9fb995f091a74f83b1b4fa0690119c50 82836ad96bc44b1d81fda621783e238b - - default default] 10.0.0.106 "PUT /v2.0/policies/6b301235-0b96-4f28-b63f-4cd7c3d2dcab/tags/black.or.white HTTP/1.1" status: 201 len: 201 time: 0.0287275
2026-07-14 19:12:02.211 9 INFO neutron.api.wsgi [None req-a5fa522a-ef16-417a-a278-a4d08b16e46b 9fb995f091a74f83b1b4fa0690119c50 82836ad96bc44b1d81fda621783e238b - - default default] 10.0.0.106 "GET /v2.0/policies/6b301235-0b96-4f28-b63f-4cd7c3d2dcab/tags HTTP/1.1" status: 200 len: 245 time: 0.0171783
2026-07-14 19:12:02.247 9 INFO neutron.api.wsgi [None req-5480a22d-4718-40a7-9783-c2ee8cb91da2 9fb995f091a74f83b1b4fa0690119c50 82836ad96bc44b1d81fda621783e238b - - default default] 10.0.0.106 "PUT /v2.0/policies/6b301235-0b96-4f28-b63f-4cd7c3d2dcab/tags HTTP/1.1" status: 200 len: 230 time: 0.0312116
2026-07-14 19:12:02.268 9 INFO neutron.api.wsgi [None req-6544be1c-9552-459f-8bef-b0d0a2a7f7f9 9fb995f091a74f83b1b4fa0690119c50 82836ad96bc44b1d81fda621783e238b - - default default] 10.0.0.106 "GET /v2.0/policies/6b301235-0b96-4f28-b63f-4cd7c3d2dcab/tags HTTP/1.1" status: 200 len: 230 time: 0.0147021
2026-07-14 19:12:02.287 9 INFO neutron.api.wsgi [None req-5b8cd2ba-3981-48e5-82c9-8d052ec623d0 9fb995f091a74f83b1b4fa0690119c50 82836ad96bc44b1d81fda621783e238b - - default default] 10.0.0.106 "GET /v2.0/policies/6b301235-0b96-4f28-b63f-4cd7c3d2dcab/tags/red HTTP/1.1" status: 204 len: 168 time: 0.0138929
2026-07-14 19:12:02.310 9 INFO neutron.api.v2.resource [None req-078812bd-85c6-4a72-9b54-a52faaf993b1 9fb995f091a74f83b1b4fa0690119c50 82836ad96bc44b1d81fda621783e238b - - default default] show failed (client error): The resource could not be found.
2026-07-14 19:12:02.311 9 INFO neutron.api.wsgi [None req-078812bd-85c6-4a72-9b54-a52faaf993b1 9fb995f091a74f83b1b4fa0690119c50 82836ad96bc44b1d81fda621783e238b - - default default] 10.0.0.106 "GET /v2.0/policies/6b301235-0b96-4f28-b63f-4cd7c3d2dcab/tags/green HTTP/1.1" status: 404 len: 299 time: 0.0182903
2026-07-14 19:12:02.351 8 INFO neutron.api.wsgi [None req-79084196-8ac0-47f5-83a9-6e9080768245 9fb995f091a74f83b1b4fa0690119c50 82836ad96bc44b1d81fda621783e238b - - default default] 10.0.0.106 "DELETE /v2.0/policies/6b301235-0b96-4f28-b63f-4cd7c3d2dcab/tags/red HTTP/1.1" status: 204 len: 168 time: 0.0333567
2026-07-14 19:12:02.371 8 INFO neutron.api.wsgi [None req-971a54a2-e999-4be0-8abe-61cc712604e0 9fb995f091a74f83b1b4fa0690119c50 82836ad96bc44b1d81fda621783e238b - - default default] 10.0.0.106 "GET /v2.0/policies/6b301235-0b96-4f28-b63f-4cd7c3d2dcab/tags HTTP/1.1" status: 200 len: 223 time: 0.0151618
2026-07-14 19:12:02.397 8 INFO neutron.api.v2.resource [None req-4e5cdf4d-cb75-473b-8839-447142e7195a 9fb995f091a74f83b1b4fa0690119c50 82836ad96bc44b1d81fda621783e238b - - default default] delete failed (client error): The resource could not be found.
2026-07-14 19:12:02.398 8 INFO neutron.api.wsgi [None req-4e5cdf4d-cb75-473b-8839-447142e7195a 9fb995f091a74f83b1b4fa0690119c50 82836ad96bc44b1d81fda621783e238b - - default default] 10.0.0.106 "DELETE /v2.0/policies/6b301235-0b96-4f28-b63f-4cd7c3d2dcab/tags/green HTTP/1.1" status: 404 len: 299 time: 0.0226591
2026-07-14 19:12:02.435 8 INFO neutron.api.wsgi [None req-264c427c-80f1-40c7-b657-d3b5fb11acb1 9fb995f091a74f83b1b4fa0690119c50 82836ad96bc44b1d81fda621783e238b - - default default] 10.0.0.106 "DELETE /v2.0/policies/6b301235-0b96-4f28-b63f-4cd7c3d2dcab/tags HTTP/1.1" status: 204 len: 168 time: 0.0302978
2026-07-14 19:12:02.457 8 INFO neutron.api.wsgi [None req-df8ffb06-d58b-4b14-8078-33005ddcc2d5 9fb995f091a74f83b1b4fa0690119c50 82836ad96bc44b1d81fda621783e238b - - default default] 10.0.0.106 "GET /v2.0/policies/6b301235-0b96-4f28-b63f-4cd7c3d2dcab/tags HTTP/1.1" status: 200 len: 205 time: 0.0164165
2026-07-14 19:12:02.535 8 INFO neutron.api.wsgi [None req-80d814ea-ab46-40b0-be2e-7b78f499d4e6 9fb995f091a74f83b1b4fa0690119c50 82836ad96bc44b1d81fda621783e238b - - default default] 10.0.0.106 "DELETE /v2.0/qos/policies/6b301235-0b96-4f28-b63f-4cd7c3d2dcab HTTP/1.1" status: 204 len: 168 time: 0.0708740
2026-07-14 19:12:03.438 8 INFO neutron.db.ovn_revision_numbers_db [None req-f655a169-a6b1-42cd-b76e-14f13695e92e d54ab789ab764360a301b092e529a1de 944992dde62c4080abe7a663032008a4 - - default default] Successfully bumped revision number for resource 5790ad6c-e42c-4b53-bb00-89e911240679 (type: security_groups) to 1
2026-07-14 19:12:03.451 8 INFO neutron.db.ovn_revision_numbers_db [None req-f655a169-a6b1-42cd-b76e-14f13695e92e d54ab789ab764360a301b092e529a1de 944992dde62c4080abe7a663032008a4 - - default default] Successfully bumped revision number for resource 1e81ed45-b331-423f-b6cc-740b92fbf01f (type: security_group_rules) to 0
2026-07-14 19:12:03.467 8 INFO neutron.db.ovn_revision_numbers_db [None req-f655a169-a6b1-42cd-b76e-14f13695e92e d54ab789ab764360a301b092e529a1de 944992dde62c4080abe7a663032008a4 - - default default] Successfully bumped revision number for resource 1fde108e-8537-45a6-9c4d-b818a588f30f (type: security_group_rules) to 0
2026-07-14 19:12:03.481 8 INFO neutron.db.ovn_revision_numbers_db [None req-f655a169-a6b1-42cd-b76e-14f13695e92e d54ab789ab764360a301b092e529a1de 944992dde62c4080abe7a663032008a4 - - default default] Successfully bumped revision number for resource 8d5e2b71-1114-4f33-9c8c-d634b70f5e55 (type: security_group_rules) to 0
2026-07-14 19:12:03.499 8 INFO neutron.db.ovn_revision_numbers_db [None req-f655a169-a6b1-42cd-b76e-14f13695e92e d54ab789ab764360a301b092e529a1de 944992dde62c4080abe7a663032008a4 - - default default] Successfully bumped revision number for resource ecada3ef-109e-44a5-866d-976f0f144f27 (type: security_group_rules) to 0
2026-07-14 19:12:03.548 8 INFO neutron.api.wsgi [None req-f655a169-a6b1-42cd-b76e-14f13695e92e d54ab789ab764360a301b092e529a1de 944992dde62c4080abe7a663032008a4 - - default default] 10.0.0.106 "GET /v2.0/security-groups?tenant_id=82836ad96bc44b1d81fda621783e238b&name=default HTTP/1.1" status: 200 len: 3120 time: 0.3344040
2026-07-14 19:12:03.830 9 INFO neutron.api.wsgi [None req-ded20b47-d100-4713-8d4a-81ddbaa319f6 d54ab789ab764360a301b092e529a1de 944992dde62c4080abe7a663032008a4 - - default default] 10.0.0.106 "DELETE /v2.0/security-groups/5790ad6c-e42c-4b53-bb00-89e911240679 HTTP/1.1" status: 204 len: 168 time: 0.2770703
2026-07-14 19:12:04.056 9 INFO neutron.db.ovn_revision_numbers_db [None req-41e309ef-c2d9-46f4-8162-b8096241b3d3 d54ab789ab764360a301b092e529a1de 944992dde62c4080abe7a663032008a4 - - default default] Successfully bumped revision number for resource 687e016f-dcdc-483a-a5c0-001502001f8f (type: security_groups) to 1
2026-07-14 19:12:04.074 9 INFO neutron.db.ovn_revision_numbers_db [None req-41e309ef-c2d9-46f4-8162-b8096241b3d3 d54ab789ab764360a301b092e529a1de 944992dde62c4080abe7a663032008a4 - - default default] Successfully bumped revision number for resource 0c16e98e-247e-4f3a-b991-16859a2503b7 (type: security_group_rules) to 0
2026-07-14 19:12:04.089 9 INFO neutron.db.ovn_revision_numbers_db [None req-41e309ef-c2d9-46f4-8162-b8096241b3d3 d54ab789ab764360a301b092e529a1de 944992dde62c4080abe7a663032008a4 - - default default] Successfully bumped revision number for resource 7f18d5cd-7b1b-487c-a6e9-2a6a7db27894 (type: security_group_rules) to 0
2026-07-14 19:12:04.103 9 INFO neutron.db.ovn_revision_numbers_db [None req-41e309ef-c2d9-46f4-8162-b8096241b3d3 d54ab789ab764360a301b092e529a1de 944992dde62c4080abe7a663032008a4 - - default default] Successfully bumped revision number for resource cadb70b8-b3d9-4a59-a049-1a4da348eab8 (type: security_group_rules) to 0
2026-07-14 19:12:04.119 9 INFO neutron.db.ovn_revision_numbers_db [None req-41e309ef-c2d9-46f4-8162-b8096241b3d3 d54ab789ab764360a301b092e529a1de 944992dde62c4080abe7a663032008a4 - - default default] Successfully bumped revision number for resource cb2db7b7-cc95-4886-a637-fe0b91ef3ed3 (type: security_group_rules) to 0
2026-07-14 19:12:04.166 9 INFO neutron.api.wsgi [None req-41e309ef-c2d9-46f4-8162-b8096241b3d3 d54ab789ab764360a301b092e529a1de 944992dde62c4080abe7a663032008a4 - - default default] 10.0.0.106 "GET /v2.0/security-groups?tenant_id=b1254d87772941c9b37c703fcc85f5d0&name=default HTTP/1.1" status: 200 len: 3120 time: 0.2320347
2026-07-14 19:12:04.395 9 INFO neutron.api.wsgi [None req-9f8378f9-1390-48af-b567-2950615ed501 d54ab789ab764360a301b092e529a1de 944992dde62c4080abe7a663032008a4 - - default default] 10.0.0.106 "DELETE /v2.0/security-groups/687e016f-dcdc-483a-a5c0-001502001f8f HTTP/1.1" status: 204 len: 168 time: 0.2219155
2026-07-14 19:12:06.297 9 INFO neutron.api.wsgi [req-8a503723-1890-4d01-8618-af900ba6620c req-34e5fb08-0832-423d-b7c4-e28185c6ece1 380acbc4b3ab411eafffdc3c1ebc5f1c ae8f2a1aef7f44ec92ec14d9ac9a5c32 - - default default] 10.0.0.241 "GET /v2.0/ports?device_id=c954a981-6246-49f3-9c96-c2df241eb11d HTTP/1.1" status: 200 len: 1214 time: 0.0938075
2026-07-14 19:12:06.349 9 INFO neutron.api.wsgi [req-8a503723-1890-4d01-8618-af900ba6620c req-eeb63f90-9b8d-468b-bdac-da6d02d674a1 380acbc4b3ab411eafffdc3c1ebc5f1c ae8f2a1aef7f44ec92ec14d9ac9a5c32 - - default default] 10.0.0.241 "GET /v2.0/security-groups?id=3e551297-108c-44d7-a6cc-ee3626352701&id=cb5ef7b4-2870-4400-9102-93c3939e7298&fields=id&fields=name HTTP/1.1" status: 200 len: 406 time: 0.0465746
2026-07-14 19:12:06.658 8 INFO neutron.api.wsgi [None req-e2445933-ec20-4fbb-8d20-c411b9e4f829 02a1dbe0aeed458882ce26eb275a8f84 f2ef5a6e309f494abaa38eec0cb21baf - - default default] 10.0.0.106 "GET /v2.0/ports?device_id=c954a981-6246-49f3-9c96-c2df241eb11d HTTP/1.1" status: 200 len: 1447 time: 0.2780166
2026-07-14 19:12:06.735 8 INFO neutron.api.wsgi [None req-38342571-755e-4ba9-a495-ca17df56aa70 380acbc4b3ab411eafffdc3c1ebc5f1c ae8f2a1aef7f44ec92ec14d9ac9a5c32 - - default default] 10.0.0.106 "GET /v2.0/floatingips?floating_network_id=20039a72-e184-4592-8a6e-542253372dc2&port_id=897106b7-fce3-4efb-a2db-92b1ccbf122f HTTP/1.1" status: 200 len: 1055 time: 0.0707443
2026-07-14 19:12:07.006 9 INFO neutron.api.wsgi [req-f40c221a-a3db-42e7-aa8b-92fbba5012aa req-da81c0f0-1911-40b3-94df-52ead68d0412 64cdc5d9c058421f86a927a38585db0a 1f755786a48d4d4ab0dfad4c8baccc73 - - a1d42b11def94b6da85a2b715b2d2bd9 a1d42b11def94b6da85a2b715b2d2bd9] 10.0.0.202 "GET /v2.0/ports?device_id=c954a981-6246-49f3-9c96-c2df241eb11d HTTP/1.1" status: 200 len: 1452 time: 0.0389595
2026-07-14 19:12:07.108 9 INFO neutron.api.wsgi [req-f40c221a-a3db-42e7-aa8b-92fbba5012aa req-c07966aa-e576-4a61-80a5-dfb2b1688e52 64cdc5d9c058421f86a927a38585db0a 1f755786a48d4d4ab0dfad4c8baccc73 - - a1d42b11def94b6da85a2b715b2d2bd9 a1d42b11def94b6da85a2b715b2d2bd9] 10.0.0.202 "GET /v2.0/security-groups?id=cb5ef7b4-2870-4400-9102-93c3939e7298&id=3e551297-108c-44d7-a6cc-ee3626352701&fields=id&fields=name HTTP/1.1" status: 200 len: 406 time: 0.0919235
2026-07-14 19:12:07.326 9 INFO neutron.api.wsgi [req-d5483416-8b85-4c41-bed6-d2536691706e req-4f0e589a-46be-40cb-84ee-4984a7cacc06 64cdc5d9c058421f86a927a38585db0a 1f755786a48d4d4ab0dfad4c8baccc73 - - a1d42b11def94b6da85a2b715b2d2bd9 a1d42b11def94b6da85a2b715b2d2bd9] 10.0.0.202 "GET /v2.0/ports?device_id=d4fe843d-945b-4e08-ba9f-80047f925721 HTTP/1.1" status: 200 len: 1409 time: 0.0339203
2026-07-14 19:12:07.367 9 INFO neutron.api.wsgi [req-d5483416-8b85-4c41-bed6-d2536691706e req-7a0e78fa-cbda-4428-b617-1d773af34f82 64cdc5d9c058421f86a927a38585db0a 1f755786a48d4d4ab0dfad4c8baccc73 - - a1d42b11def94b6da85a2b715b2d2bd9 a1d42b11def94b6da85a2b715b2d2bd9] 10.0.0.202 "GET /v2.0/security-groups?id=32b07832-5d1f-4933-a187-58669e7d7178&fields=id&fields=name HTTP/1.1" status: 200 len: 312 time: 0.0363932
2026-07-14 19:12:07.442 9 INFO neutron.api.wsgi [-] 10.0.0.254 "GET / HTTP/1.1" status: 200 len: 246 time: 0.0027537
2026-07-14 19:12:07.444 9 INFO neutron.api.wsgi [-] 10.0.0.254 "GET / HTTP/1.1" status: 200 len: 246 time: 0.0014157
2026-07-14 19:12:07.752 9 WARNING neutron_lib.context [None req-6f014874-5856-410f-8254-4198db44877c 6f9697d53bbb44d3ab4ac1dfff489205 2cb3f074ae25499ab28a71c2ab4d703b - - default default] Method 'is_advsvc' is deprecated since 2023.2 release (neutron-lib 3.8.0) and will be removed once support for the old RBAC API policies will be removed from Neutron. Please use method 'is_service_role' instead.
2026-07-14 19:12:07.900 9 INFO neutron.db.ovn_revision_numbers_db [None req-6f014874-5856-410f-8254-4198db44877c 6f9697d53bbb44d3ab4ac1dfff489205 2cb3f074ae25499ab28a71c2ab4d703b - - default default] Successfully bumped revision number for resource 522735bf-855e-4ad7-adea-85c8d7119eb8 (type: security_groups) to 1
2026-07-14 19:12:07.915 9 INFO neutron.db.ovn_revision_numbers_db [None req-6f014874-5856-410f-8254-4198db44877c 6f9697d53bbb44d3ab4ac1dfff489205 2cb3f074ae25499ab28a71c2ab4d703b - - default default] Successfully bumped revision number for resource 67f29b6b-4486-46bd-b78f-ed7241261faa (type: security_group_rules) to 0
2026-07-14 19:12:07.935 9 INFO neutron.db.ovn_revision_numbers_db [None req-6f014874-5856-410f-8254-4198db44877c 6f9697d53bbb44d3ab4ac1dfff489205 2cb3f074ae25499ab28a71c2ab4d703b - - default default] Successfully bumped revision number for resource 6b0ac0d5-751c-4a41-837e-88692d2e86d8 (type: security_group_rules) to 0
2026-07-14 19:12:07.951 9 INFO neutron.db.ovn_revision_numbers_db [None req-6f014874-5856-410f-8254-4198db44877c 6f9697d53bbb44d3ab4ac1dfff489205 2cb3f074ae25499ab28a71c2ab4d703b - - default default] Successfully bumped revision number for resource b2936a60-ec58-4b47-8c9b-a0893aa11073 (type: security_group_rules) to 0
2026-07-14 19:12:07.966 9 INFO neutron.db.ovn_revision_numbers_db [None req-6f014874-5856-410f-8254-4198db44877c 6f9697d53bbb44d3ab4ac1dfff489205 2cb3f074ae25499ab28a71c2ab4d703b - - default default] Successfully bumped revision number for resource ef2d7a0a-d4b8-4471-91e7-a5e8e130b0f3 (type: security_group_rules) to 0
2026-07-14 19:12:08.042 9 INFO neutron.db.segments_db [None req-6f014874-5856-410f-8254-4198db44877c 6f9697d53bbb44d3ab4ac1dfff489205 2cb3f074ae25499ab28a71c2ab4d703b - - default default] Added segment d33e7a75-f3b4-4383-b1cc-37f7d9d28013 of type geneve for network f6174f00-043e-4c2f-bcba-69a2ebe5fb95
2026-07-14 19:12:08.169 9 INFO neutron.db.ovn_revision_numbers_db [None req-6f014874-5856-410f-8254-4198db44877c 6f9697d53bbb44d3ab4ac1dfff489205 2cb3f074ae25499ab28a71c2ab4d703b - - default default] Successfully bumped revision number for resource f6174f00-043e-4c2f-bcba-69a2ebe5fb95 (type: networks) to 1
2026-07-14 19:12:08.378 9 WARNING neutron.scheduler.dhcp_agent_scheduler [None req-6f014874-5856-410f-8254-4198db44877c 6f9697d53bbb44d3ab4ac1dfff489205 2cb3f074ae25499ab28a71c2ab4d703b - - default default] No more DHCP agents
2026-07-14 19:12:08.384 9 WARNING neutron.api.rpc.agentnotifiers.dhcp_rpc_agent_api [None req-6f014874-5856-410f-8254-4198db44877c 6f9697d53bbb44d3ab4ac1dfff489205 2cb3f074ae25499ab28a71c2ab4d703b - - default default] Unable to schedule network f6174f00-043e-4c2f-bcba-69a2ebe5fb95: no agents available; will retry on subsequent port and subnet creation events.
2026-07-14 19:12:08.463 9 INFO neutron.db.ovn_revision_numbers_db [None req-6f014874-5856-410f-8254-4198db44877c 6f9697d53bbb44d3ab4ac1dfff489205 2cb3f074ae25499ab28a71c2ab4d703b - - default default] Successfully bumped revision number for resource acd5ed24-1040-4a8b-ac4d-a8635f36e3f4 (type: ports) to 1
2026-07-14 19:12:08.493 9 INFO neutron.api.wsgi [None req-6f014874-5856-410f-8254-4198db44877c 6f9697d53bbb44d3ab4ac1dfff489205 2cb3f074ae25499ab28a71c2ab4d703b - - default default] 10.0.0.106 "POST /v2.0/networks HTTP/1.1" status: 201 len: 830 time: 0.9365919
2026-07-14 19:12:08.507 9 WARNING neutron_lib.context [None req-38e46d53-a332-40e5-9e60-680ddcee678d 6f9697d53bbb44d3ab4ac1dfff489205 2cb3f074ae25499ab28a71c2ab4d703b - - default default] Method 'is_advsvc' is deprecated since 2023.2 release (neutron-lib 3.8.0) and will be removed once support for the old RBAC API policies will be removed from Neutron. Please use method 'is_service_role' instead.
2026-07-14 19:12:08.708 9 INFO neutron.api.wsgi [req-dca55576-204a-4c9f-a974-5b33d027aed1 req-fd6bc0e8-2246-44ab-b56e-418565561bce 227155b99398426fb731aee650bc133e d2e4904e1d2e403dab2bcaa55b5c72e7 - - default default] 10.0.0.241 "GET /v2.0/ports?device_id=d4fe843d-945b-4e08-ba9f-80047f925721 HTTP/1.1" status: 200 len: 1170 time: 0.1442096
2026-07-14 19:12:08.757 9 INFO neutron.api.wsgi [req-dca55576-204a-4c9f-a974-5b33d027aed1 req-5cd46974-edac-4b86-91da-7d78450ad784 227155b99398426fb731aee650bc133e d2e4904e1d2e403dab2bcaa55b5c72e7 - - default default] 10.0.0.241 "GET /v2.0/security-groups?id=32b07832-5d1f-4933-a187-58669e7d7178&fields=id&fields=name HTTP/1.1" status: 200 len: 312 time: 0.0406892
2026-07-14 19:12:08.803 9 WARNING neutron.scheduler.dhcp_agent_scheduler [None req-38e46d53-a332-40e5-9e60-680ddcee678d 6f9697d53bbb44d3ab4ac1dfff489205 2cb3f074ae25499ab28a71c2ab4d703b - - default default] No more DHCP agents
2026-07-14 19:12:08.804 9 WARNING neutron.api.rpc.agentnotifiers.dhcp_rpc_agent_api [None req-38e46d53-a332-40e5-9e60-680ddcee678d 6f9697d53bbb44d3ab4ac1dfff489205 2cb3f074ae25499ab28a71c2ab4d703b - - default default] Unable to schedule network f6174f00-043e-4c2f-bcba-69a2ebe5fb95: no agents available; will retry on subsequent port and subnet creation events.
2026-07-14 19:12:09.118 8 INFO neutron.plugins.ml2.drivers.ovn.mech_driver.mech_driver [None req-08254ab9-e6ec-4a20-8c50-568fab7704eb - - - - - -] OVN reports status down for port: ed888569-9467-45e2-b19b-7097b8c0faec
2026-07-14 19:12:09.252 8 INFO neutron.notifiers.nova [-] Nova event matching ['req-bb958f33-4f6b-451c-9dcc-ac68586d572a'] response: {'server_uuid': 'd4fe843d-945b-4e08-ba9f-80047f925721', 'name': 'network-vif-unplugged', 'status': 'completed', 'tag': 'ed888569-9467-45e2-b19b-7097b8c0faec', 'code': 200}
2026-07-14 19:12:09.255 9 INFO neutron.db.ovn_revision_numbers_db [None req-60f3324b-1123-465e-817b-acf7a84becb6 - - - - - -] Successfully bumped revision number for resource acd5ed24-1040-4a8b-ac4d-a8635f36e3f4 (type: ports) to 2
2026-07-14 19:12:09.286 9 INFO neutron.db.ovn_revision_numbers_db [None req-60f3324b-1123-465e-817b-acf7a84becb6 - - - - - -] Successfully bumped revision number for resource a410d36a-9085-4c22-ae89-24939287c1f3 (type: subnets) to 0
2026-07-14 19:12:09.302 9 INFO neutron.api.wsgi [None req-38e46d53-a332-40e5-9e60-680ddcee678d 6f9697d53bbb44d3ab4ac1dfff489205 2cb3f074ae25499ab28a71c2ab4d703b - - default default] 10.0.0.106 "POST /v2.0/subnets HTTP/1.1" status: 201 len: 825 time: 0.8015850
2026-07-14 19:12:09.359 8 INFO neutron.api.wsgi [None req-bb70a180-8f68-433a-877e-2fe41c1ca3d6 6f9697d53bbb44d3ab4ac1dfff489205 2cb3f074ae25499ab28a71c2ab4d703b - - default default] 10.0.0.106 "PUT /v2.0/subnets/a410d36a-9085-4c22-ae89-24939287c1f3/tags HTTP/1.1" status: 200 len: 218 time: 0.0528829
2026-07-14 19:12:09.380 9 INFO neutron.api.wsgi [req-0c01bc65-e620-41c5-9bd4-2f5def841c44 req-212b1d5e-08cf-4e90-b483-699f75a83b06 380acbc4b3ab411eafffdc3c1ebc5f1c ae8f2a1aef7f44ec92ec14d9ac9a5c32 - - default default] 10.0.0.241 "GET /v2.0/ports?device_id=c954a981-6246-49f3-9c96-c2df241eb11d HTTP/1.1" status: 200 len: 1214 time: 0.0422444
2026-07-14 19:12:09.384 8 INFO neutron.db.ovn_revision_numbers_db [None req-08254ab9-e6ec-4a20-8c50-568fab7704eb - - - - - -] Successfully bumped revision number for resource ed888569-9467-45e2-b19b-7097b8c0faec (type: ports) to 6
2026-07-14 19:12:09.395 8 INFO neutron.api.wsgi [None req-4b280f03-06d2-43d4-8a90-4045308ff7d4 6f9697d53bbb44d3ab4ac1dfff489205 2cb3f074ae25499ab28a71c2ab4d703b - - default default] 10.0.0.106 "GET /v2.0/subnets/a410d36a-9085-4c22-ae89-24939287c1f3/tags HTTP/1.1" status: 200 len: 218 time: 0.0304825
2026-07-14 19:12:09.445 9 INFO neutron.api.wsgi [req-0c01bc65-e620-41c5-9bd4-2f5def841c44 req-7ab664fa-9e83-4119-98a0-f958691f264a 380acbc4b3ab411eafffdc3c1ebc5f1c ae8f2a1aef7f44ec92ec14d9ac9a5c32 - - default default] 10.0.0.241 "GET /v2.0/security-groups?id=3e551297-108c-44d7-a6cc-ee3626352701&id=cb5ef7b4-2870-4400-9102-93c3939e7298&fields=id&fields=name HTTP/1.1" status: 200 len: 406 time: 0.0585353
2026-07-14 19:12:09.451 8 INFO neutron.api.wsgi [None req-371a12b0-83b5-4cf8-822a-6cce45400ad8 6f9697d53bbb44d3ab4ac1dfff489205 2cb3f074ae25499ab28a71c2ab4d703b - - default default] 10.0.0.106 "PUT /v2.0/subnets/a410d36a-9085-4c22-ae89-24939287c1f3/tags/green HTTP/1.1" status: 201 len: 201 time: 0.0519006
