2026-07-14 19:03:47.963 9 INFO neutron.api.wsgi [None req-00b689b3-32aa-49c5-99ba-58d9bfcc8a50 d54ab789ab764360a301b092e529a1de 944992dde62c4080abe7a663032008a4 - - default default] 199.19.213.166,10.0.0.254 "GET /v2.0/networks/public HTTP/1.1" status: 404 len: 290 time: 0.0467525
2026-07-14 19:03:48.013 9 INFO neutron.api.wsgi [None req-fb420ee1-430b-4bde-94c3-53ae0d37c13d d54ab789ab764360a301b092e529a1de 944992dde62c4080abe7a663032008a4 - - default default] 199.19.213.166,10.0.0.254 "GET /v2.0/networks?name=public HTTP/1.1" status: 200 len: 928 time: 0.0459993
2026-07-14 19:03:48.033 9 INFO neutron.pecan_wsgi.hooks.translation [None req-7170bbfe-9579-4619-b45b-2a110a81a051 d54ab789ab764360a301b092e529a1de 944992dde62c4080abe7a663032008a4 - - default default] GET failed (client error): The resource could not be found.
2026-07-14 19:03:48.034 9 INFO neutron.api.wsgi [None req-7170bbfe-9579-4619-b45b-2a110a81a051 d54ab789ab764360a301b092e529a1de 944992dde62c4080abe7a663032008a4 - - default default] 199.19.213.166,10.0.0.254 "GET /v2.0/subnets/public-subnet?network_id=20039a72-e184-4592-8a6e-542253372dc2 HTTP/1.1" status: 404 len: 295 time: 0.0124829
2026-07-14 19:03:48.065 9 INFO neutron.api.wsgi [None req-79c3dbc1-bd53-4f4a-88bb-2868ccedb3a2 d54ab789ab764360a301b092e529a1de 944992dde62c4080abe7a663032008a4 - - default default] 199.19.213.166,10.0.0.254 "GET /v2.0/subnets?name=public-subnet&network_id=20039a72-e184-4592-8a6e-542253372dc2 HTTP/1.1" status: 200 len: 842 time: 0.0244823
2026-07-14 19:03:52.442 8 INFO neutron.api.wsgi [-] 10.0.0.254 "GET / HTTP/1.1" status: 200 len: 246 time: 0.0024903
2026-07-14 19:03:52.442 9 INFO neutron.api.wsgi [-] 10.0.0.254 "GET / HTTP/1.1" status: 200 len: 246 time: 0.0024695
2026-07-14 19:04:07.442 8 INFO neutron.api.wsgi [-] 10.0.0.254 "GET / HTTP/1.1" status: 200 len: 246 time: 0.0023158
2026-07-14 19:04:07.442 9 INFO neutron.api.wsgi [-] 10.0.0.254 "GET / HTTP/1.1" status: 200 len: 246 time: 0.0022128
2026-07-14 19:04:15.219 8 INFO neutron.api.wsgi [None req-c63a564a-04bf-48e2-aeb9-1e9504451f2c d54ab789ab764360a301b092e529a1de 944992dde62c4080abe7a663032008a4 - - default default] 10.0.0.253 "GET /v2.0/network-ip-availabilities HTTP/1.1" status: 200 len: 1280 time: 0.1047461
2026-07-14 19:04:15.243 8 INFO neutron.api.wsgi [None req-f7be7832-2f9d-4ab5-ae7a-d201b596b140 d54ab789ab764360a301b092e529a1de 944992dde62c4080abe7a663032008a4 - - default default] 10.0.0.253 "GET /v2.0/floatingips HTTP/1.1" status: 200 len: 193 time: 0.0238044
2026-07-14 19:04:15.278 8 INFO neutron.api.wsgi [None req-29dee2f2-7a0b-4847-a049-4726cbd63380 d54ab789ab764360a301b092e529a1de 944992dde62c4080abe7a663032008a4 - - default default] 10.0.0.253 "GET /v2.0/security-groups HTTP/1.1" status: 200 len: 17578 time: 0.0340295
2026-07-14 19:04:15.320 8 INFO neutron.api.wsgi [None req-e0ace5da-d411-46a5-b7ad-ab10f1495225 d54ab789ab764360a301b092e529a1de 944992dde62c4080abe7a663032008a4 - - default default] 10.0.0.253 "GET /v2.0/ports HTTP/1.1" status: 200 len: 5351 time: 0.0377645
2026-07-14 19:04:15.344 8 INFO neutron.api.wsgi [None req-4bb7c0d3-c3ad-4e07-92ad-9de5c8878cc9 d54ab789ab764360a301b092e529a1de 944992dde62c4080abe7a663032008a4 - - default default] 10.0.0.253 "GET /v2.0/routers HTTP/1.1" status: 200 len: 189 time: 0.0168014
2026-07-14 19:04:15.385 8 INFO neutron.api.wsgi [None req-49747410-e992-4008-97ae-26b2dc8bf145 d54ab789ab764360a301b092e529a1de 944992dde62c4080abe7a663032008a4 - - default default] 10.0.0.253 "GET /v2.0/agents?binary=ovn-controller HTTP/1.1" status: 200 len: 591 time: 0.0407300
2026-07-14 19:04:15.399 8 INFO neutron.api.wsgi [None req-1db8fea5-4485-4a09-9d2b-9c27466e4994 d54ab789ab764360a301b092e529a1de 944992dde62c4080abe7a663032008a4 - - default default] 10.0.0.253 "GET /v2.0/agents HTTP/1.1" status: 200 len: 1390 time: 0.0136838
2026-07-14 19:04:15.495 8 INFO neutron.api.wsgi [None req-c2a6a639-ba57-4d55-886a-51bb9ebae664 d54ab789ab764360a301b092e529a1de 944992dde62c4080abe7a663032008a4 - - default default] 10.0.0.253 "GET /v2.0/subnets HTTP/1.1" status: 200 len: 1484 time: 0.0949554
2026-07-14 19:04:15.510 8 INFO neutron.api.wsgi [None req-cca336ad-4fe5-4256-aaf9-c1e0be621d1c d54ab789ab764360a301b092e529a1de 944992dde62c4080abe7a663032008a4 - - default default] 10.0.0.253 "GET /v2.0/subnetpools HTTP/1.1" status: 200 len: 193 time: 0.0140984
2026-07-14 19:04:15.572 8 INFO neutron.api.wsgi [None req-ec5a51ce-0eab-4ee2-87c4-5c0c099ea6e8 d54ab789ab764360a301b092e529a1de 944992dde62c4080abe7a663032008a4 - - default default] 10.0.0.253 "GET /v2.0/networks HTTP/1.1" status: 200 len: 2349 time: 0.0598683
2026-07-14 19:04:15.615 8 INFO neutron.api.wsgi [None req-48c39449-5682-471c-987e-bc0eda6cd7be d54ab789ab764360a301b092e529a1de 944992dde62c4080abe7a663032008a4 - - default default] 10.0.0.253 "GET /v2.0/subnets HTTP/1.1" status: 200 len: 1484 time: 0.0404294
2026-07-14 19:04:18.586 9 INFO neutron.pecan_wsgi.hooks.translation [None req-58e2688d-dcb6-4375-b6b4-8ff5da340a63 d54ab789ab764360a301b092e529a1de 944992dde62c4080abe7a663032008a4 - - default default] GET failed (client error): The resource could not be found.
2026-07-14 19:04:18.589 9 INFO neutron.api.wsgi [None req-58e2688d-dcb6-4375-b6b4-8ff5da340a63 d54ab789ab764360a301b092e529a1de 944992dde62c4080abe7a663032008a4 - - default default] 199.19.213.166,10.0.0.254 "GET /v2.0/networks/lb-mgmt-net HTTP/1.1" status: 404 len: 295 time: 0.0613914
2026-07-14 19:04:18.655 9 INFO neutron.api.wsgi [None req-f57b709d-19f5-416a-8a7f-bb618015e248 d54ab789ab764360a301b092e529a1de 944992dde62c4080abe7a663032008a4 - - default default] 199.19.213.166,10.0.0.254 "GET /v2.0/networks?name=lb-mgmt-net HTTP/1.1" status: 200 len: 913 time: 0.0613365
2026-07-14 19:04:19.652 9 INFO neutron.pecan_wsgi.hooks.translation [None req-d1aae7f5-ba6c-4178-845b-4edc6c5bc035 d54ab789ab764360a301b092e529a1de 944992dde62c4080abe7a663032008a4 - - default default] GET failed (client error): The resource could not be found.
2026-07-14 19:04:19.653 9 INFO neutron.api.wsgi [None req-d1aae7f5-ba6c-4178-845b-4edc6c5bc035 d54ab789ab764360a301b092e529a1de 944992dde62c4080abe7a663032008a4 - - default default] 199.19.213.166,10.0.0.254 "GET /v2.0/networks/lb-mgmt-net HTTP/1.1" status: 404 len: 295 time: 0.0482090
2026-07-14 19:04:19.703 9 INFO neutron.api.wsgi [None req-9413f861-589a-404c-854c-b106583da714 d54ab789ab764360a301b092e529a1de 944992dde62c4080abe7a663032008a4 - - default default] 199.19.213.166,10.0.0.254 "GET /v2.0/networks?name=lb-mgmt-net HTTP/1.1" status: 200 len: 913 time: 0.0456233
2026-07-14 19:04:19.720 9 INFO neutron.pecan_wsgi.hooks.translation [None req-16996670-2d7a-497a-a9c6-eae9aafa524c d54ab789ab764360a301b092e529a1de 944992dde62c4080abe7a663032008a4 - - default default] GET failed (client error): The resource could not be found.
2026-07-14 19:04:19.721 9 INFO neutron.api.wsgi [None req-16996670-2d7a-497a-a9c6-eae9aafa524c d54ab789ab764360a301b092e529a1de 944992dde62c4080abe7a663032008a4 - - default default] 199.19.213.166,10.0.0.254 "GET /v2.0/subnets/lb-mgmt-subnet?network_id=d742fd6a-ef20-43ac-bea1-4cf9daa2b905 HTTP/1.1" status: 404 len: 296 time: 0.0107944
2026-07-14 19:04:19.745 9 INFO neutron.api.wsgi [None req-45e6e372-8471-4cdd-b2c7-678a7cec736b d54ab789ab764360a301b092e529a1de 944992dde62c4080abe7a663032008a4 - - default default] 199.19.213.166,10.0.0.254 "GET /v2.0/subnets?name=lb-mgmt-subnet&network_id=d742fd6a-ef20-43ac-bea1-4cf9daa2b905 HTTP/1.1" status: 200 len: 829 time: 0.0199275
2026-07-14 19:04:20.855 9 INFO neutron.api.v2.resource [None req-7cbdce2b-5337-49fc-bbc6-3fd44207d18d d54ab789ab764360a301b092e529a1de 944992dde62c4080abe7a663032008a4 - - default default] show failed (client error): The resource could not be found.
2026-07-14 19:04:20.856 9 INFO neutron.api.wsgi [None req-7cbdce2b-5337-49fc-bbc6-3fd44207d18d d54ab789ab764360a301b092e529a1de 944992dde62c4080abe7a663032008a4 - - default default] 199.19.213.166,10.0.0.254 "GET /v2.0/security-groups/lb-health-mgr-sec-grp HTTP/1.1" status: 404 len: 313 time: 0.0424461
2026-07-14 19:04:20.896 9 INFO neutron.api.wsgi [None req-b0f44362-8896-4949-85e5-8bd1cb517d02 d54ab789ab764360a301b092e529a1de 944992dde62c4080abe7a663032008a4 - - default default] 199.19.213.166,10.0.0.254 "GET /v2.0/security-groups?name=lb-health-mgr-sec-grp HTTP/1.1" status: 200 len: 4866 time: 0.0371346
2026-07-14 19:04:22.137 9 INFO neutron.api.wsgi [None req-d1860fde-8cff-4494-a01a-b306763d748f d54ab789ab764360a301b092e529a1de 944992dde62c4080abe7a663032008a4 - - default default] 199.19.213.166,10.0.0.254 "GET /v2.0/security-groups/2f1ad251-7568-4b14-9b02-7712413981ea HTTP/1.1" status: 200 len: 4870 time: 0.0576882
2026-07-14 19:04:22.176 9 INFO neutron.api.wsgi [None req-187159df-166e-41df-98e7-66e6d0a6cc33 d54ab789ab764360a301b092e529a1de 944992dde62c4080abe7a663032008a4 - - default default] 199.19.213.166,10.0.0.254 "GET /v2.0/security-groups/2f1ad251-7568-4b14-9b02-7712413981ea HTTP/1.1" status: 200 len: 4870 time: 0.0337677
2026-07-14 19:04:22.196 9 INFO neutron.api.wsgi [None req-d4ec9df2-9c7e-4340-8175-66aaddf55196 d54ab789ab764360a301b092e529a1de 944992dde62c4080abe7a663032008a4 - - default default] 199.19.213.166,10.0.0.254 "GET /v2.0/security-group-rules/9b89880c-7db4-473d-9f04-dfc25222b2fe HTTP/1.1" status: 200 len: 776 time: 0.0138772
2026-07-14 19:04:22.441 8 INFO neutron.api.wsgi [-] 10.0.0.254 "GET / HTTP/1.1" status: 200 len: 246 time: 0.0017624
2026-07-14 19:04:22.441 9 INFO neutron.api.wsgi [-] 10.0.0.254 "GET / HTTP/1.1" status: 200 len: 246 time: 0.0021005
2026-07-14 19:04:23.150 9 INFO neutron.api.wsgi [None req-5004915c-a366-45ab-a669-3b3aeb7dc200 d54ab789ab764360a301b092e529a1de 944992dde62c4080abe7a663032008a4 - - default default] 199.19.213.166,10.0.0.254 "GET /v2.0/security-groups/2f1ad251-7568-4b14-9b02-7712413981ea HTTP/1.1" status: 200 len: 4870 time: 0.0716562
2026-07-14 19:04:23.190 9 INFO neutron.api.wsgi [None req-db130ad1-384c-44ce-995e-8870c8bd2817 d54ab789ab764360a301b092e529a1de 944992dde62c4080abe7a663032008a4 - - default default] 199.19.213.166,10.0.0.254 "GET /v2.0/security-groups/2f1ad251-7568-4b14-9b02-7712413981ea HTTP/1.1" status: 200 len: 4870 time: 0.0312593
2026-07-14 19:04:23.212 9 INFO neutron.api.wsgi [None req-6f291f0b-9b70-4cb9-a076-130ba50b0ab7 d54ab789ab764360a301b092e529a1de 944992dde62c4080abe7a663032008a4 - - default default] 199.19.213.166,10.0.0.254 "GET /v2.0/security-group-rules/f90269e1-bc11-4acb-a91f-be360e649c68 HTTP/1.1" status: 200 len: 778 time: 0.0136845
2026-07-14 19:04:24.170 9 INFO neutron.api.wsgi [None req-701073c5-d0cb-41e6-a1e4-273387c0b1cb d54ab789ab764360a301b092e529a1de 944992dde62c4080abe7a663032008a4 - - default default] 199.19.213.166,10.0.0.254 "GET /v2.0/security-groups/2f1ad251-7568-4b14-9b02-7712413981ea HTTP/1.1" status: 200 len: 4870 time: 0.1028876
2026-07-14 19:04:24.212 9 INFO neutron.api.wsgi [None req-0632cf2d-4237-46d6-922d-278b8828a4ed d54ab789ab764360a301b092e529a1de 944992dde62c4080abe7a663032008a4 - - default default] 199.19.213.166,10.0.0.254 "GET /v2.0/security-groups/2f1ad251-7568-4b14-9b02-7712413981ea HTTP/1.1" status: 200 len: 4870 time: 0.0371444
2026-07-14 19:04:24.237 9 INFO neutron.api.wsgi [None req-a4a2d9ea-42c5-4b0c-ab5a-0c2b4d80ce50 d54ab789ab764360a301b092e529a1de 944992dde62c4080abe7a663032008a4 - - default default] 199.19.213.166,10.0.0.254 "GET /v2.0/security-group-rules/cce162dd-c851-4e7b-bbe6-6c3d955e93d6 HTTP/1.1" status: 200 len: 778 time: 0.0171480
2026-07-14 19:04:25.214 9 INFO neutron.api.wsgi [None req-8df3fcf4-188f-44d0-b5ef-90ff282069ba d54ab789ab764360a301b092e529a1de 944992dde62c4080abe7a663032008a4 - - default default] 199.19.213.166,10.0.0.254 "GET /v2.0/security-groups/2f1ad251-7568-4b14-9b02-7712413981ea HTTP/1.1" status: 200 len: 4870 time: 0.0649076
2026-07-14 19:04:25.252 9 INFO neutron.api.wsgi [None req-18d1287c-44ce-40d6-9fdb-615f4c363bff d54ab789ab764360a301b092e529a1de 944992dde62c4080abe7a663032008a4 - - default default] 199.19.213.166,10.0.0.254 "GET /v2.0/security-groups/2f1ad251-7568-4b14-9b02-7712413981ea HTTP/1.1" status: 200 len: 4870 time: 0.0317597
2026-07-14 19:04:25.276 9 INFO neutron.api.wsgi [None req-8832cef2-c176-4398-bd25-4418d2c1b285 d54ab789ab764360a301b092e529a1de 944992dde62c4080abe7a663032008a4 - - default default] 199.19.213.166,10.0.0.254 "GET /v2.0/security-group-rules/77c22b4b-6754-4377-8b8d-cebcfbc338ee HTTP/1.1" status: 200 len: 778 time: 0.0145128
2026-07-14 19:04:26.252 9 INFO neutron.api.wsgi [None req-8327b8b0-7392-4669-9c3f-dfa1de3d998f d54ab789ab764360a301b092e529a1de 944992dde62c4080abe7a663032008a4 - - default default] 199.19.213.166,10.0.0.254 "GET /v2.0/security-groups/2f1ad251-7568-4b14-9b02-7712413981ea HTTP/1.1" status: 200 len: 4870 time: 0.0608652
2026-07-14 19:04:26.308 9 INFO neutron.api.wsgi [None req-c22245ca-f257-4d12-a44d-231882dfdb2f d54ab789ab764360a301b092e529a1de 944992dde62c4080abe7a663032008a4 - - default default] 199.19.213.166,10.0.0.254 "GET /v2.0/security-groups/2f1ad251-7568-4b14-9b02-7712413981ea HTTP/1.1" status: 200 len: 4870 time: 0.0471478
2026-07-14 19:04:26.327 9 INFO neutron.api.wsgi [None req-0f0672ed-7694-4e17-8163-ca0fa00e673a d54ab789ab764360a301b092e529a1de 944992dde62c4080abe7a663032008a4 - - default default] 199.19.213.166,10.0.0.254 "GET /v2.0/security-group-rules/bf0893b1-fb05-46fc-a835-c914c4e4f932 HTTP/1.1" status: 200 len: 778 time: 0.0144629
2026-07-14 19:04:27.756 9 INFO neutron.api.wsgi [None req-b1ed7726-3b8f-46e5-9637-aead84a41ddf d54ab789ab764360a301b092e529a1de 944992dde62c4080abe7a663032008a4 - - default default] 199.19.213.166,10.0.0.254 "GET /v2.0/networks/d742fd6a-ef20-43ac-bea1-4cf9daa2b905 HTTP/1.1" status: 200 len: 910 time: 0.0727015
2026-07-14 19:04:27.777 9 INFO neutron.pecan_wsgi.hooks.translation [None req-d9884c17-89d8-431c-904d-fc63e44232a9 d54ab789ab764360a301b092e529a1de 944992dde62c4080abe7a663032008a4 - - default default] GET failed (client error): The resource could not be found.
2026-07-14 19:04:27.778 9 INFO neutron.api.wsgi [None req-d9884c17-89d8-431c-904d-fc63e44232a9 d54ab789ab764360a301b092e529a1de 944992dde62c4080abe7a663032008a4 - - default default] 199.19.213.166,10.0.0.254 "GET /v2.0/ports/octavia-health-manager-port-instance?network_id=d742fd6a-ef20-43ac-bea1-4cf9daa2b905 HTTP/1.1" status: 404 len: 314 time: 0.0157845
2026-07-14 19:04:27.814 9 INFO neutron.api.wsgi [None req-cd1358fd-eb07-4b32-8ca7-cd58dcf5826e d54ab789ab764360a301b092e529a1de 944992dde62c4080abe7a663032008a4 - - default default] 199.19.213.166,10.0.0.254 "GET /v2.0/ports?name=octavia-health-manager-port-instance&network_id=d742fd6a-ef20-43ac-bea1-4cf9daa2b905 HTTP/1.1" status: 200 len: 1399 time: 0.0330458
2026-07-14 19:04:27.850 9 INFO neutron.api.wsgi [None req-01479178-a614-4907-853e-d574a34a6d20 d54ab789ab764360a301b092e529a1de 944992dde62c4080abe7a663032008a4 - - default default] 199.19.213.166,10.0.0.254 "GET /v2.0/security-groups/2f1ad251-7568-4b14-9b02-7712413981ea HTTP/1.1" status: 200 len: 4870 time: 0.0287030
2026-07-14 19:04:34.592 9 INFO neutron.pecan_wsgi.hooks.translation [None req-3477ae26-91d3-4b9d-8be0-9c0677d32871 d54ab789ab764360a301b092e529a1de 944992dde62c4080abe7a663032008a4 - - default default] GET failed (client error): The resource could not be found.
2026-07-14 19:04:34.594 9 INFO neutron.api.wsgi [None req-3477ae26-91d3-4b9d-8be0-9c0677d32871 d54ab789ab764360a301b092e529a1de 944992dde62c4080abe7a663032008a4 - - default default] 199.19.213.166,10.0.0.254 "GET /v2.0/ports/octavia-health-manager-port-instance HTTP/1.1" status: 404 len: 314 time: 0.0518470
2026-07-14 19:04:34.628 9 INFO neutron.api.wsgi [None req-027aa182-1842-49c3-ba5a-86707b4567f9 d54ab789ab764360a301b092e529a1de 944992dde62c4080abe7a663032008a4 - - default default] 199.19.213.166,10.0.0.254 "GET /v2.0/ports?name=octavia-health-manager-port-instance HTTP/1.1" status: 200 len: 1399 time: 0.0313509
2026-07-14 19:04:36.272 9 INFO neutron.api.wsgi [None req-cb7efea8-5f49-4965-9963-0a6492c414be d54ab789ab764360a301b092e529a1de 944992dde62c4080abe7a663032008a4 - - default default] 199.19.213.166,10.0.0.254 "GET /v2.0/ports HTTP/1.1" status: 200 len: 5351 time: 0.0841575
2026-07-14 19:04:37.441 8 INFO neutron.api.wsgi [-] 10.0.0.254 "GET / HTTP/1.1" status: 200 len: 246 time: 0.0015433
2026-07-14 19:04:37.449 8 INFO neutron.api.wsgi [-] 10.0.0.254 "GET / HTTP/1.1" status: 200 len: 246 time: 0.0015619
2026-07-14 19:04:37.509 9 INFO neutron.api.v2.resource [None req-f8403c0a-bb34-4174-adfb-2a13254c53b4 d54ab789ab764360a301b092e529a1de 944992dde62c4080abe7a663032008a4 - - default default] show failed (client error): The resource could not be found.
2026-07-14 19:04:37.511 9 INFO neutron.api.wsgi [None req-f8403c0a-bb34-4174-adfb-2a13254c53b4 d54ab789ab764360a301b092e529a1de 944992dde62c4080abe7a663032008a4 - - default default] 199.19.213.166,10.0.0.254 "GET /v2.0/security-groups/lb-mgmt-sec-grp HTTP/1.1" status: 404 len: 307 time: 0.0509763
2026-07-14 19:04:37.547 9 INFO neutron.api.wsgi [None req-01bcda90-e08e-40f6-b42b-fa415175e6af d54ab789ab764360a301b092e529a1de 944992dde62c4080abe7a663032008a4 - - default default] 199.19.213.166,10.0.0.254 "GET /v2.0/security-groups?name=lb-mgmt-sec-grp HTTP/1.1" status: 200 len: 3061 time: 0.0318551
2026-07-14 19:04:38.579 9 INFO neutron.api.wsgi [None req-797041e0-5a4a-4fd7-af1a-b6d8055021fc d54ab789ab764360a301b092e529a1de 944992dde62c4080abe7a663032008a4 - - default default] 199.19.213.166,10.0.0.254 "GET /v2.0/security-groups/e26f4205-0235-4dbb-a0f0-8bbdb1653d31 HTTP/1.1" status: 200 len: 3062 time: 0.0700328
2026-07-14 19:04:38.611 9 INFO neutron.api.wsgi [None req-5f83885a-397d-4d2f-8da9-83c6cb375fe5 d54ab789ab764360a301b092e529a1de 944992dde62c4080abe7a663032008a4 - - default default] 199.19.213.166,10.0.0.254 "GET /v2.0/security-groups/e26f4205-0235-4dbb-a0f0-8bbdb1653d31 HTTP/1.1" status: 200 len: 3062 time: 0.0258214
2026-07-14 19:04:38.633 9 INFO neutron.api.wsgi [None req-0f77233d-0b31-476a-908d-13e7f9cccf8e d54ab789ab764360a301b092e529a1de 944992dde62c4080abe7a663032008a4 - - default default] 199.19.213.166,10.0.0.254 "GET /v2.0/security-group-rules/44f2ed9b-f255-4445-8059-9b163634b45b HTTP/1.1" status: 200 len: 798 time: 0.0165920
2026-07-14 19:04:39.507 9 INFO neutron.api.wsgi [None req-fbed09dd-bffd-4e44-b150-8751915edb59 d54ab789ab764360a301b092e529a1de 944992dde62c4080abe7a663032008a4 - - default default] 199.19.213.166,10.0.0.254 "GET /v2.0/security-groups/e26f4205-0235-4dbb-a0f0-8bbdb1653d31 HTTP/1.1" status: 200 len: 3062 time: 0.0588605
2026-07-14 19:04:39.541 9 INFO neutron.api.wsgi [None req-df2da448-859f-40a4-953c-899564d7c55c d54ab789ab764360a301b092e529a1de 944992dde62c4080abe7a663032008a4 - - default default] 199.19.213.166,10.0.0.254 "GET /v2.0/security-groups/e26f4205-0235-4dbb-a0f0-8bbdb1653d31 HTTP/1.1" status: 200 len: 3062 time: 0.0264359
2026-07-14 19:04:39.567 9 INFO neutron.api.wsgi [None req-46872efb-09de-4fe2-878e-c452d7d5dd7d d54ab789ab764360a301b092e529a1de 944992dde62c4080abe7a663032008a4 - - default default] 199.19.213.166,10.0.0.254 "GET /v2.0/security-group-rules/716b5ff1-7079-42c5-850f-cb7f24adf17e HTTP/1.1" status: 200 len: 802 time: 0.0158987
2026-07-14 19:04:52.441 9 INFO neutron.api.wsgi [-] 10.0.0.254 "GET / HTTP/1.1" status: 200 len: 246 time: 0.0020466
2026-07-14 19:04:52.442 8 INFO neutron.api.wsgi [-] 10.0.0.254 "GET / HTTP/1.1" status: 200 len: 246 time: 0.0030141
2026-07-14 19:04:52.680 9 INFO neutron.api.wsgi [None req-2bdbad0c-32a8-43fa-b85e-656c3cbf56d1 d54ab789ab764360a301b092e529a1de 944992dde62c4080abe7a663032008a4 - - default default] 199.19.213.166,10.0.0.254 "GET /v2.0/quotas/944992dde62c4080abe7a663032008a4 HTTP/1.1" status: 200 len: 466 time: 0.0098422
2026-07-14 19:05:07.442 8 INFO neutron.api.wsgi [-] 10.0.0.254 "GET / HTTP/1.1" status: 200 len: 246 time: 0.0026126
2026-07-14 19:05:07.441 9 INFO neutron.api.wsgi [-] 10.0.0.254 "GET / HTTP/1.1" status: 200 len: 246 time: 0.0016944
2026-07-14 19:05:15.216 8 INFO neutron.api.wsgi [None req-d92ef417-9ce1-4888-a8fa-c2ad7faa7b1b d54ab789ab764360a301b092e529a1de 944992dde62c4080abe7a663032008a4 - - default default] 10.0.0.253 "GET /v2.0/floatingips HTTP/1.1" status: 200 len: 193 time: 0.0763302
2026-07-14 19:05:15.257 8 INFO neutron.api.wsgi [None req-c5b64e96-7d39-4079-b387-e05434865d03 d54ab789ab764360a301b092e529a1de 944992dde62c4080abe7a663032008a4 - - default default] 10.0.0.253 "GET /v2.0/security-groups HTTP/1.1" status: 200 len: 17578 time: 0.0396433
2026-07-14 19:05:15.280 8 INFO neutron.api.wsgi [None req-506c4f11-3520-41fa-8904-b91a722f1ce4 d54ab789ab764360a301b092e529a1de 944992dde62c4080abe7a663032008a4 - - default default] 10.0.0.253 "GET /v2.0/network-ip-availabilities HTTP/1.1" status: 200 len: 1280 time: 0.0153644
2026-07-14 19:05:15.304 8 INFO neutron.api.wsgi [None req-7551b642-2b3b-4a59-bcdd-ac82c3b57c30 d54ab789ab764360a301b092e529a1de 944992dde62c4080abe7a663032008a4 - - default default] 10.0.0.253 "GET /v2.0/subnets HTTP/1.1" status: 200 len: 1484 time: 0.0234537
2026-07-14 19:05:15.325 8 INFO neutron.api.wsgi [None req-63eb7004-a379-473c-a85a-9fa48d85663f d54ab789ab764360a301b092e529a1de 944992dde62c4080abe7a663032008a4 - - default default] 10.0.0.253 "GET /v2.0/routers HTTP/1.1" status: 200 len: 189 time: 0.0187795
2026-07-14 19:05:15.365 8 INFO neutron.api.wsgi [None req-61ab0b77-ccc0-4fd0-ba2d-77f0107a1de6 d54ab789ab764360a301b092e529a1de 944992dde62c4080abe7a663032008a4 - - default default] 10.0.0.253 "GET /v2.0/agents?binary=ovn-controller HTTP/1.1" status: 200 len: 591 time: 0.0395925
2026-07-14 19:05:15.417 8 INFO neutron.api.wsgi [None req-06b91ea1-6b7d-42ef-a2e9-3f2f68238deb d54ab789ab764360a301b092e529a1de 944992dde62c4080abe7a663032008a4 - - default default] 10.0.0.253 "GET /v2.0/ports HTTP/1.1" status: 200 len: 5351 time: 0.0510468
2026-07-14 19:05:15.481 8 INFO neutron.api.wsgi [None req-09657f10-7e93-49e2-b30d-e546661ad6f6 d54ab789ab764360a301b092e529a1de 944992dde62c4080abe7a663032008a4 - - default default] 10.0.0.253 "GET /v2.0/networks HTTP/1.1" status: 200 len: 2349 time: 0.0611987
2026-07-14 19:05:15.502 8 INFO neutron.api.wsgi [None req-95e5cff4-ce62-467e-bf35-de731908ec99 d54ab789ab764360a301b092e529a1de 944992dde62c4080abe7a663032008a4 - - default default] 10.0.0.253 "GET /v2.0/agents HTTP/1.1" status: 200 len: 1390 time: 0.0187786
2026-07-14 19:05:15.545 8 INFO neutron.api.wsgi [None req-ca361793-6647-4296-a198-635defa9ba53 d54ab789ab764360a301b092e529a1de 944992dde62c4080abe7a663032008a4 - - default default] 10.0.0.253 "GET /v2.0/subnets HTTP/1.1" status: 200 len: 1484 time: 0.0342016
2026-07-14 19:05:15.558 8 INFO neutron.api.wsgi [None req-3d458ff9-7b9e-4cd6-ae2d-7167d9cdab71 d54ab789ab764360a301b092e529a1de 944992dde62c4080abe7a663032008a4 - - default default] 10.0.0.253 "GET /v2.0/subnetpools HTTP/1.1" status: 200 len: 193 time: 0.0120826
2026-07-14 19:05:22.439 9 INFO neutron.api.wsgi [-] 10.0.0.254 "GET / HTTP/1.1" status: 200 len: 246 time: 0.0012343
2026-07-14 19:05:22.441 9 INFO neutron.api.wsgi [-] 10.0.0.254 "GET / HTTP/1.1" status: 200 len: 246 time: 0.0012424
2026-07-14 19:05:37.442 8 INFO neutron.api.wsgi [-] 10.0.0.254 "GET / HTTP/1.1" status: 200 len: 246 time: 0.0026774
2026-07-14 19:05:37.446 8 INFO neutron.api.wsgi [-] 10.0.0.254 "GET / HTTP/1.1" status: 200 len: 246 time: 0.0025136
2026-07-14 19:05:42.316 14 INFO neutron.plugins.ml2.drivers.ovn.mech_driver.ovsdb.maintenance [None req-f0fee717-243e-44f4-8588-88270ce2fd9a - - - - - -] OVN maintenance task check_for_inconsistencies finished in 0.026 seconds
2026-07-14 19:05:49.611 9 INFO neutron.api.v2.resource [None req-ea579478-bcf4-448a-9a8b-970aa9b11553 d54ab789ab764360a301b092e529a1de 944992dde62c4080abe7a663032008a4 - - default default] show failed (client error): The resource could not be found.
2026-07-14 19:05:49.612 9 INFO neutron.api.wsgi [None req-ea579478-bcf4-448a-9a8b-970aa9b11553 d54ab789ab764360a301b092e529a1de 944992dde62c4080abe7a663032008a4 - - default default] 199.19.213.166,10.0.0.254 "GET /v2.0/security-groups/manila-service-security-group?project_id=1f755786a48d4d4ab0dfad4c8baccc73 HTTP/1.1" status: 404 len: 321 time: 0.0531113
2026-07-14 19:05:49.653 9 INFO neutron.api.wsgi [None req-ac8edcf7-160e-4142-bbda-af9cbd954cd8 d54ab789ab764360a301b092e529a1de 944992dde62c4080abe7a663032008a4 - - default default] 199.19.213.166,10.0.0.254 "GET /v2.0/security-groups?name=manila-service-security-group&project_id=1f755786a48d4d4ab0dfad4c8baccc73 HTTP/1.1" status: 200 len: 4248 time: 0.0363190
2026-07-14 19:05:50.765 8 INFO neutron.api.wsgi [None req-2eaf850c-c66e-46eb-b275-2722dd5ebaa9 d54ab789ab764360a301b092e529a1de 944992dde62c4080abe7a663032008a4 - - default default] 199.19.213.166,10.0.0.254 "GET /v2.0/security-groups/2ce1078d-957d-4f60-8e9f-5d03da7b2f75?project_id=1f755786a48d4d4ab0dfad4c8baccc73 HTTP/1.1" status: 200 len: 4251 time: 0.0716770
2026-07-14 19:05:50.801 8 INFO neutron.api.wsgi [None req-aa588359-1225-4f3a-88fb-53090b80e65d d54ab789ab764360a301b092e529a1de 944992dde62c4080abe7a663032008a4 - - default default] 199.19.213.166,10.0.0.254 "GET /v2.0/security-groups/2ce1078d-957d-4f60-8e9f-5d03da7b2f75 HTTP/1.1" status: 200 len: 4251 time: 0.0289032
2026-07-14 19:05:50.825 8 INFO neutron.api.wsgi [None req-47bdcb25-68c9-4879-879c-f5d4a6521db8 d54ab789ab764360a301b092e529a1de 944992dde62c4080abe7a663032008a4 - - default default] 199.19.213.166,10.0.0.254 "GET /v2.0/security-group-rules/b1df8523-3de8-4eae-8839-a0fcbaca36db HTTP/1.1" status: 200 len: 772 time: 0.0171378
2026-07-14 19:05:51.824 8 INFO neutron.api.wsgi [None req-0ee89be4-372f-4fd2-8743-5fc3d4de7f57 d54ab789ab764360a301b092e529a1de 944992dde62c4080abe7a663032008a4 - - default default] 199.19.213.166,10.0.0.254 "GET /v2.0/security-groups/2ce1078d-957d-4f60-8e9f-5d03da7b2f75?project_id=1f755786a48d4d4ab0dfad4c8baccc73 HTTP/1.1" status: 200 len: 4251 time: 0.0570481
2026-07-14 19:05:51.860 8 INFO neutron.api.wsgi [None req-1d75bd29-d7bf-4602-94d9-8431628e2856 d54ab789ab764360a301b092e529a1de 944992dde62c4080abe7a663032008a4 - - default default] 199.19.213.166,10.0.0.254 "GET /v2.0/security-groups/2ce1078d-957d-4f60-8e9f-5d03da7b2f75 HTTP/1.1" status: 200 len: 4251 time: 0.0277314
2026-07-14 19:05:51.884 8 INFO neutron.api.wsgi [None req-e7ac17de-a8c1-4d89-b629-51e93a0b2da4 d54ab789ab764360a301b092e529a1de 944992dde62c4080abe7a663032008a4 - - default default] 199.19.213.166,10.0.0.254 "GET /v2.0/security-group-rules/87026352-2243-444e-819f-ade080e58f93 HTTP/1.1" status: 200 len: 774 time: 0.0163219
2026-07-14 19:05:52.441 9 INFO neutron.api.wsgi [-] 10.0.0.254 "GET / HTTP/1.1" status: 200 len: 246 time: 0.0023112
2026-07-14 19:05:52.442 8 INFO neutron.api.wsgi [-] 10.0.0.254 "GET / HTTP/1.1" status: 200 len: 246 time: 0.0031669
2026-07-14 19:05:52.877 9 INFO neutron.api.wsgi [None req-de72f495-b1ef-40c6-89bc-3609620d1465 d54ab789ab764360a301b092e529a1de 944992dde62c4080abe7a663032008a4 - - default default] 199.19.213.166,10.0.0.254 "GET /v2.0/security-groups/2ce1078d-957d-4f60-8e9f-5d03da7b2f75?project_id=1f755786a48d4d4ab0dfad4c8baccc73 HTTP/1.1" status: 200 len: 4251 time: 0.0674822
2026-07-14 19:05:52.922 9 INFO neutron.api.wsgi [None req-d86aee8b-76c8-4e52-a2a5-7fdf4bd8e35d d54ab789ab764360a301b092e529a1de 944992dde62c4080abe7a663032008a4 - - default default] 199.19.213.166,10.0.0.254 "GET /v2.0/security-groups/2ce1078d-957d-4f60-8e9f-5d03da7b2f75 HTTP/1.1" status: 200 len: 4251 time: 0.0401592
2026-07-14 19:05:52.942 9 INFO neutron.api.wsgi [None req-a5756d3c-324d-4e46-a253-5f56b5b91d5f d54ab789ab764360a301b092e529a1de 944992dde62c4080abe7a663032008a4 - - default default] 199.19.213.166,10.0.0.254 "GET /v2.0/security-group-rules/54c3c062-00f7-4c05-ae5e-01373fbe4f3a HTTP/1.1" status: 200 len: 776 time: 0.0138979
2026-07-14 19:05:54.068 9 INFO neutron.api.wsgi [None req-edf4a24e-f9a3-495d-b54f-e29ca7ee4647 d54ab789ab764360a301b092e529a1de 944992dde62c4080abe7a663032008a4 - - default default] 199.19.213.166,10.0.0.254 "GET /v2.0/security-groups/2ce1078d-957d-4f60-8e9f-5d03da7b2f75?project_id=1f755786a48d4d4ab0dfad4c8baccc73 HTTP/1.1" status: 200 len: 4251 time: 0.0657578
2026-07-14 19:05:54.105 9 INFO neutron.api.wsgi [None req-e8a1b5c0-6ce4-45af-8ea8-4c8c8cfb184e d54ab789ab764360a301b092e529a1de 944992dde62c4080abe7a663032008a4 - - default default] 199.19.213.166,10.0.0.254 "GET /v2.0/security-groups/2ce1078d-957d-4f60-8e9f-5d03da7b2f75 HTTP/1.1" status: 200 len: 4251 time: 0.0309100
2026-07-14 19:05:54.127 9 INFO neutron.api.wsgi [None req-0ba004da-fb8c-4a28-b71e-3e786e486685 d54ab789ab764360a301b092e529a1de 944992dde62c4080abe7a663032008a4 - - default default] 199.19.213.166,10.0.0.254 "GET /v2.0/security-group-rules/0bc0686e-760b-4f1d-9029-1c1770c7f566 HTTP/1.1" status: 200 len: 777 time: 0.0148749
2026-07-14 19:06:02.123 9 INFO neutron.api.wsgi [None req-85df5325-8e65-4a50-a248-67f88010fe1d d54ab789ab764360a301b092e529a1de 944992dde62c4080abe7a663032008a4 - - default default] 199.19.213.166,10.0.0.254 "GET /v2.0/quotas/1f755786a48d4d4ab0dfad4c8baccc73 HTTP/1.1" status: 200 len: 466 time: 0.0119505
2026-07-14 19:06:07.440 8 INFO neutron.api.wsgi [-] 10.0.0.254 "GET / HTTP/1.1" status: 200 len: 246 time: 0.0016685
2026-07-14 19:06:07.441 9 INFO neutron.api.wsgi [-] 10.0.0.254 "GET / HTTP/1.1" status: 200 len: 246 time: 0.0019500
2026-07-14 19:06:15.326 8 INFO neutron.api.wsgi [None req-5fdb84ff-e529-45a6-8060-5f246eb5800f d54ab789ab764360a301b092e529a1de 944992dde62c4080abe7a663032008a4 - - default default] 10.0.0.253 "GET /v2.0/network-ip-availabilities HTTP/1.1" status: 200 len: 1280 time: 0.1042023
2026-07-14 19:06:15.360 8 INFO neutron.api.wsgi [None req-cc37db5c-bc70-48a3-b05a-48ed8e10c3fd d54ab789ab764360a301b092e529a1de 944992dde62c4080abe7a663032008a4 - - default default] 10.0.0.253 "GET /v2.0/subnets HTTP/1.1" status: 200 len: 1484 time: 0.0300379
2026-07-14 19:06:15.388 8 INFO neutron.api.wsgi [None req-97a59253-bbb4-4a8c-9d62-31f4d41d2c3b d54ab789ab764360a301b092e529a1de 944992dde62c4080abe7a663032008a4 - - default default] 10.0.0.253 "GET /v2.0/subnetpools HTTP/1.1" status: 200 len: 193 time: 0.0249991
2026-07-14 19:06:15.436 8 INFO neutron.api.wsgi [None req-dea33343-0f8f-49d7-8efd-42221cb04db6 d54ab789ab764360a301b092e529a1de 944992dde62c4080abe7a663032008a4 - - default default] 10.0.0.253 "GET /v2.0/security-groups HTTP/1.1" status: 200 len: 17578 time: 0.0469990
2026-07-14 19:06:15.518 8 INFO neutron.api.wsgi [None req-9a125cf7-082e-4610-9b71-14a5aec8b5e8 d54ab789ab764360a301b092e529a1de 944992dde62c4080abe7a663032008a4 - - default default] 10.0.0.253 "GET /v2.0/ports HTTP/1.1" status: 200 len: 5351 time: 0.0717142
2026-07-14 19:06:15.542 8 INFO neutron.api.wsgi [None req-8fcfd3db-3482-4d58-936e-0d7da2172094 d54ab789ab764360a301b092e529a1de 944992dde62c4080abe7a663032008a4 - - default default] 10.0.0.253 "GET /v2.0/routers HTTP/1.1" status: 200 len: 189 time: 0.0217116
2026-07-14 19:06:15.588 8 INFO neutron.api.wsgi [None req-8b20c485-3c78-458d-b28b-20dad26b37fd d54ab789ab764360a301b092e529a1de 944992dde62c4080abe7a663032008a4 - - default default] 10.0.0.253 "GET /v2.0/agents?binary=ovn-controller HTTP/1.1" status: 200 len: 591 time: 0.0449262
2026-07-14 19:06:15.602 8 INFO neutron.api.wsgi [None req-c217d18f-f965-482e-b981-7111f48ba483 d54ab789ab764360a301b092e529a1de 944992dde62c4080abe7a663032008a4 - - default default] 10.0.0.253 "GET /v2.0/agents HTTP/1.1" status: 200 len: 1390 time: 0.0125000
2026-07-14 19:06:15.623 8 INFO neutron.api.wsgi [None req-5ca729e2-238c-4c21-a93e-8acb1a8e1e05 d54ab789ab764360a301b092e529a1de 944992dde62c4080abe7a663032008a4 - - default default] 10.0.0.253 "GET /v2.0/floatingips HTTP/1.1" status: 200 len: 193 time: 0.0196583
2026-07-14 19:06:15.652 8 INFO neutron.api.wsgi [None req-2d5fae05-c68b-42c4-89fd-b76a9f89c41d d54ab789ab764360a301b092e529a1de 944992dde62c4080abe7a663032008a4 - - default default] 10.0.0.253 "GET /v2.0/subnets HTTP/1.1" status: 200 len: 1484 time: 0.0285845
2026-07-14 19:06:15.741 8 INFO neutron.api.wsgi [None req-7858cbc7-cbf2-435b-9896-11a3f4566c0a d54ab789ab764360a301b092e529a1de 944992dde62c4080abe7a663032008a4 - - default default] 10.0.0.253 "GET /v2.0/networks HTTP/1.1" status: 200 len: 2349 time: 0.0834508
2026-07-14 19:06:22.441 8 INFO neutron.api.wsgi [-] 10.0.0.254 "GET / HTTP/1.1" status: 200 len: 246 time: 0.0020549
2026-07-14 19:06:22.442 9 INFO neutron.api.wsgi [-] 10.0.0.254 "GET / HTTP/1.1" status: 200 len: 246 time: 0.0029564
2026-07-14 19:06:37.441 9 INFO neutron.api.wsgi [-] 10.0.0.254 "GET / HTTP/1.1" status: 200 len: 246 time: 0.0015976
2026-07-14 19:06:37.443 9 INFO neutron.api.wsgi [-] 10.0.0.254 "GET / HTTP/1.1" status: 200 len: 246 time: 0.0012827
2026-07-14 19:06:52.440 8 INFO neutron.api.wsgi [-] 10.0.0.254 "GET / HTTP/1.1" status: 200 len: 246 time: 0.0019367
2026-07-14 19:06:52.442 9 INFO neutron.api.wsgi [-] 10.0.0.254 "GET / HTTP/1.1" status: 200 len: 246 time: 0.0030568
2026-07-14 19:06:58.212 9 INFO neutron.api.wsgi [None req-5cf8769b-2110-466b-9cc5-c006fa3c0716 d54ab789ab764360a301b092e529a1de 944992dde62c4080abe7a663032008a4 - - default default] 199.19.213.166,10.0.0.254 "GET /v2.0/networks?name=public HTTP/1.1" status: 200 len: 928 time: 0.0825152
2026-07-14 19:07:07.440 9 INFO neutron.api.wsgi [-] 10.0.0.254 "GET / HTTP/1.1" status: 200 len: 246 time: 0.0016727
2026-07-14 19:07:07.441 8 INFO neutron.api.wsgi [-] 10.0.0.254 "GET / HTTP/1.1" status: 200 len: 246 time: 0.0028141
2026-07-14 19:07:15.227 8 INFO neutron.api.wsgi [None req-885e6e82-6e62-4f48-9943-3c646239bb47 d54ab789ab764360a301b092e529a1de 944992dde62c4080abe7a663032008a4 - - default default] 10.0.0.253 "GET /v2.0/subnets HTTP/1.1" status: 200 len: 1484 time: 0.0784385
2026-07-14 19:07:15.264 8 INFO neutron.api.wsgi [None req-edd7f1f7-70df-4758-aea6-833600bdfeee d54ab789ab764360a301b092e529a1de 944992dde62c4080abe7a663032008a4 - - default default] 10.0.0.253 "GET /v2.0/subnets HTTP/1.1" status: 200 len: 1484 time: 0.0359981
2026-07-14 19:07:15.273 8 INFO neutron.api.wsgi [None req-4f19532e-b3b9-4f5d-ab01-175eea808557 d54ab789ab764360a301b092e529a1de 944992dde62c4080abe7a663032008a4 - - default default] 10.0.0.253 "GET /v2.0/subnetpools HTTP/1.1" status: 200 len: 193 time: 0.0080512
2026-07-14 19:07:15.285 8 INFO neutron.api.wsgi [None req-c961962b-df00-43b4-9e1e-71f82331aeef d54ab789ab764360a301b092e529a1de 944992dde62c4080abe7a663032008a4 - - default default] 10.0.0.253 "GET /v2.0/network-ip-availabilities HTTP/1.1" status: 200 len: 1280 time: 0.0115130
2026-07-14 19:07:15.305 8 INFO neutron.api.wsgi [None req-784c2c2b-6d25-4ead-acba-6d2435fbafcb d54ab789ab764360a301b092e529a1de 944992dde62c4080abe7a663032008a4 - - default default] 10.0.0.253 "GET /v2.0/floatingips HTTP/1.1" status: 200 len: 193 time: 0.0180769
2026-07-14 19:07:15.359 8 INFO neutron.api.wsgi [None req-728fe242-e29f-4c6a-90b7-91cfc39a1824 d54ab789ab764360a301b092e529a1de 944992dde62c4080abe7a663032008a4 - - default default] 10.0.0.253 "GET /v2.0/networks HTTP/1.1" status: 200 len: 2349 time: 0.0531471
2026-07-14 19:07:15.407 8 INFO neutron.api.wsgi [None req-9d34edb3-000d-4924-a731-8e9778ea4be2 d54ab789ab764360a301b092e529a1de 944992dde62c4080abe7a663032008a4 - - default default] 10.0.0.253 "GET /v2.0/ports HTTP/1.1" status: 200 len: 5351 time: 0.0464995
2026-07-14 19:07:15.468 8 INFO neutron.api.wsgi [None req-c5e8b443-2672-41b4-83ee-31b851104728 d54ab789ab764360a301b092e529a1de 944992dde62c4080abe7a663032008a4 - - default default] 10.0.0.253 "GET /v2.0/security-groups HTTP/1.1" status: 200 len: 17578 time: 0.0531986
2026-07-14 19:07:15.502 8 INFO neutron.api.wsgi [None req-de958883-fc95-462c-9d30-724596bad85b d54ab789ab764360a301b092e529a1de 944992dde62c4080abe7a663032008a4 - - default default] 10.0.0.253 "GET /v2.0/routers HTTP/1.1" status: 200 len: 189 time: 0.0287948
2026-07-14 19:07:15.562 8 INFO neutron.api.wsgi [None req-5a966410-8cea-4a60-92bd-bd13e968aefc d54ab789ab764360a301b092e529a1de 944992dde62c4080abe7a663032008a4 - - default default] 10.0.0.253 "GET /v2.0/agents?binary=ovn-controller HTTP/1.1" status: 200 len: 591 time: 0.0586696
2026-07-14 19:07:15.579 8 INFO neutron.api.wsgi [None req-263d78cd-dc1d-45d3-8da3-f7d71b49b3da d54ab789ab764360a301b092e529a1de 944992dde62c4080abe7a663032008a4 - - default default] 10.0.0.253 "GET /v2.0/agents HTTP/1.1" status: 200 len: 1390 time: 0.0164614
2026-07-14 19:07:22.440 9 INFO neutron.api.wsgi [-] 10.0.0.254 "GET / HTTP/1.1" status: 200 len: 246 time: 0.0013971
2026-07-14 19:07:22.441 9 INFO neutron.api.wsgi [-] 10.0.0.254 "GET / HTTP/1.1" status: 200 len: 246 time: 0.0009964
2026-07-14 19:07:37.441 8 INFO neutron.api.wsgi [-] 10.0.0.254 "GET / HTTP/1.1" status: 200 len: 246 time: 0.0020704
2026-07-14 19:07:37.444 8 INFO neutron.api.wsgi [-] 10.0.0.254 "GET / HTTP/1.1" status: 200 len: 246 time: 0.0022683
2026-07-14 19:07:38.851 8 INFO neutron.api.wsgi [None req-9c8701df-7514-410e-b32d-f3951fe7c415 d54ab789ab764360a301b092e529a1de 944992dde62c4080abe7a663032008a4 - - default default] 10.0.0.106 "GET /v2.0/networks HTTP/1.1" status: 200 len: 2368 time: 0.2028279
2026-07-14 19:07:39.980 8 INFO neutron.api.wsgi [None req-055f789c-9ee2-48bc-9832-b02c960f98f7 d54ab789ab764360a301b092e529a1de 944992dde62c4080abe7a663032008a4 - - default default] 10.0.0.106 "GET /v2.0/floatingips HTTP/1.1" status: 200 len: 212 time: 0.0176935
2026-07-14 19:07:40.004 8 INFO neutron.api.wsgi [None req-90765e6f-5aff-40be-9f31-fdd197f22104 d54ab789ab764360a301b092e529a1de 944992dde62c4080abe7a663032008a4 - - default default] 10.0.0.106 "GET /v2.0/routers HTTP/1.1" status: 200 len: 208 time: 0.0181382
2026-07-14 19:07:40.048 8 INFO neutron.api.wsgi [None req-3584686d-4abf-4ebe-a94b-b00bbeb94e53 d54ab789ab764360a301b092e529a1de 944992dde62c4080abe7a663032008a4 - - default default] 10.0.0.106 "GET /v2.0/ports HTTP/1.1" status: 200 len: 5370 time: 0.0379183
2026-07-14 19:07:40.080 8 INFO neutron.api.wsgi [None req-079e50de-2edc-467d-8d28-d23e4d3269ac d54ab789ab764360a301b092e529a1de 944992dde62c4080abe7a663032008a4 - - default default] 10.0.0.106 "GET /v2.0/subnets HTTP/1.1" status: 200 len: 1503 time: 0.0276995
2026-07-14 19:07:40.132 8 INFO neutron.api.wsgi [None req-2b858eeb-923b-47dc-9276-1b66cb31b896 d54ab789ab764360a301b092e529a1de 944992dde62c4080abe7a663032008a4 - - default default] 10.0.0.106 "GET /v2.0/networks HTTP/1.1" status: 200 len: 2368 time: 0.0479438
2026-07-14 19:07:40.177 8 INFO neutron.api.wsgi [None req-5fbb3da4-2b73-4ab9-95f3-254cd247f91c d54ab789ab764360a301b092e529a1de 944992dde62c4080abe7a663032008a4 - - default default] 10.0.0.106 "GET /v2.0/security-groups HTTP/1.1" status: 200 len: 17597 time: 0.0398350
2026-07-14 19:07:40.192 8 INFO neutron.api.wsgi [None req-7894a035-6b8f-4c13-bbb1-64859acfb402 d54ab789ab764360a301b092e529a1de 944992dde62c4080abe7a663032008a4 - - default default] 10.0.0.106 "GET /v2.0/subnetpools HTTP/1.1" status: 200 len: 212 time: 0.0104616
2026-07-14 19:07:52.082 9 INFO neutron.db.ovn_revision_numbers_db [None req-fa65bd9c-d429-40f7-a12f-babead0e9c31 d54ab789ab764360a301b092e529a1de 944992dde62c4080abe7a663032008a4 - - default default] Successfully bumped revision number for resource 2894c828-e582-4a45-a9ce-94c048226275 (type: security_groups) to 1
2026-07-14 19:07:52.099 9 INFO neutron.db.ovn_revision_numbers_db [None req-fa65bd9c-d429-40f7-a12f-babead0e9c31 d54ab789ab764360a301b092e529a1de 944992dde62c4080abe7a663032008a4 - - default default] Successfully bumped revision number for resource 7086f5f1-93d6-46f2-9b6e-f8840a0105bd (type: security_group_rules) to 0
2026-07-14 19:07:52.112 9 INFO neutron.db.ovn_revision_numbers_db [None req-fa65bd9c-d429-40f7-a12f-babead0e9c31 d54ab789ab764360a301b092e529a1de 944992dde62c4080abe7a663032008a4 - - default default] Successfully bumped revision number for resource 81f80f18-8db0-4389-b436-dd6aab0c2a5f (type: security_group_rules) to 0
2026-07-14 19:07:52.126 9 INFO neutron.db.ovn_revision_numbers_db [None req-fa65bd9c-d429-40f7-a12f-babead0e9c31 d54ab789ab764360a301b092e529a1de 944992dde62c4080abe7a663032008a4 - - default default] Successfully bumped revision number for resource cbfba10a-6013-4514-a563-6bb0f9af7146 (type: security_group_rules) to 0
2026-07-14 19:07:52.139 9 INFO neutron.db.ovn_revision_numbers_db [None req-fa65bd9c-d429-40f7-a12f-babead0e9c31 d54ab789ab764360a301b092e529a1de 944992dde62c4080abe7a663032008a4 - - default default] Successfully bumped revision number for resource e408108f-7697-4a3e-8a87-c064abfc7101 (type: security_group_rules) to 0
2026-07-14 19:07:52.179 8 INFO neutron.db.ovn_revision_numbers_db [None req-4773f0c8-7a09-45a0-89c1-cc678d2a130c d54ab789ab764360a301b092e529a1de 944992dde62c4080abe7a663032008a4 - - default default] Successfully bumped revision number for resource b2c9a826-e01d-477e-ba11-e54ba362ec31 (type: security_groups) to 1
2026-07-14 19:07:52.186 8 INFO neutron.db.ovn_revision_numbers_db [None req-bb4703aa-4f3a-4ba3-9463-300efe7bf9ff d54ab789ab764360a301b092e529a1de 944992dde62c4080abe7a663032008a4 - - default default] Successfully bumped revision number for resource ba0b5be7-62f3-402e-8295-e931a67f71f5 (type: security_groups) to 1
2026-07-14 19:07:52.195 8 INFO neutron.db.ovn_revision_numbers_db [None req-4773f0c8-7a09-45a0-89c1-cc678d2a130c d54ab789ab764360a301b092e529a1de 944992dde62c4080abe7a663032008a4 - - default default] Successfully bumped revision number for resource 6568acf6-4dd0-4132-b39e-938a36ce87b5 (type: security_group_rules) to 0
2026-07-14 19:07:52.200 8 INFO neutron.db.ovn_revision_numbers_db [None req-bb4703aa-4f3a-4ba3-9463-300efe7bf9ff d54ab789ab764360a301b092e529a1de 944992dde62c4080abe7a663032008a4 - - default default] Successfully bumped revision number for resource 12720754-1506-43d2-9604-d11e3978c308 (type: security_group_rules) to 0
2026-07-14 19:07:52.209 8 INFO neutron.db.ovn_revision_numbers_db [None req-4773f0c8-7a09-45a0-89c1-cc678d2a130c d54ab789ab764360a301b092e529a1de 944992dde62c4080abe7a663032008a4 - - default default] Successfully bumped revision number for resource 932b6c86-7f3e-4201-845c-b6dacd8a37f0 (type: security_group_rules) to 0
2026-07-14 19:07:52.213 8 INFO neutron.db.ovn_revision_numbers_db [None req-bb4703aa-4f3a-4ba3-9463-300efe7bf9ff d54ab789ab764360a301b092e529a1de 944992dde62c4080abe7a663032008a4 - - default default] Successfully bumped revision number for resource 29c6b8a3-7b7c-46f1-a136-575f46812402 (type: security_group_rules) to 0
2026-07-14 19:07:52.223 8 INFO neutron.db.ovn_revision_numbers_db [None req-4773f0c8-7a09-45a0-89c1-cc678d2a130c d54ab789ab764360a301b092e529a1de 944992dde62c4080abe7a663032008a4 - - default default] Successfully bumped revision number for resource ad2a3a58-7603-4d6a-ada3-b97918f5f197 (type: security_group_rules) to 0
2026-07-14 19:07:52.226 8 INFO neutron.db.ovn_revision_numbers_db [None req-bb4703aa-4f3a-4ba3-9463-300efe7bf9ff d54ab789ab764360a301b092e529a1de 944992dde62c4080abe7a663032008a4 - - default default] Successfully bumped revision number for resource 9bcca363-f875-48b7-b835-4eecec3a3a18 (type: security_group_rules) to 0
2026-07-14 19:07:52.232 9 INFO neutron.db.segments_db [None req-fa65bd9c-d429-40f7-a12f-babead0e9c31 d54ab789ab764360a301b092e529a1de 944992dde62c4080abe7a663032008a4 - - default default] Added segment 2a6f0413-3e02-4b6d-89e3-841492429247 of type geneve for network 6664f30f-2fab-4978-82dc-38a1e52270be
2026-07-14 19:07:52.236 8 INFO neutron.db.ovn_revision_numbers_db [None req-4773f0c8-7a09-45a0-89c1-cc678d2a130c d54ab789ab764360a301b092e529a1de 944992dde62c4080abe7a663032008a4 - - default default] Successfully bumped revision number for resource d23ba9d6-37cf-4351-bc87-0440fad5552b (type: security_group_rules) to 0
2026-07-14 19:07:52.240 8 INFO neutron.db.ovn_revision_numbers_db [None req-bb4703aa-4f3a-4ba3-9463-300efe7bf9ff d54ab789ab764360a301b092e529a1de 944992dde62c4080abe7a663032008a4 - - default default] Successfully bumped revision number for resource fd9fc324-ce3d-4e8c-ac4b-a3bb58c682c5 (type: security_group_rules) to 0
2026-07-14 19:07:52.345 8 INFO neutron.db.segments_db [None req-bb4703aa-4f3a-4ba3-9463-300efe7bf9ff d54ab789ab764360a301b092e529a1de 944992dde62c4080abe7a663032008a4 - - default default] Added segment 7669c0fe-a56e-4532-ab2b-b2d471be091b of type geneve for network 4ffd7bee-f668-49fb-a745-acf6708f841c
2026-07-14 19:07:52.350 8 INFO neutron.db.segments_db [None req-4773f0c8-7a09-45a0-89c1-cc678d2a130c d54ab789ab764360a301b092e529a1de 944992dde62c4080abe7a663032008a4 - - default default] Added segment 27e0d982-b68e-4523-99b0-6a97421397ed of type geneve for network aa95abf4-a96e-4c3c-90e9-d6f14f6862d8
2026-07-14 19:07:52.377 9 INFO neutron.db.ovn_revision_numbers_db [None req-fa65bd9c-d429-40f7-a12f-babead0e9c31 d54ab789ab764360a301b092e529a1de 944992dde62c4080abe7a663032008a4 - - default default] Successfully bumped revision number for resource 6664f30f-2fab-4978-82dc-38a1e52270be (type: networks) to 1
2026-07-14 19:07:52.440 9 INFO neutron.api.wsgi [-] 10.0.0.254 "GET / HTTP/1.1" status: 200 len: 246 time: 0.0019224
2026-07-14 19:07:52.443 9 INFO neutron.api.wsgi [-] 10.0.0.254 "GET / HTTP/1.1" status: 200 len: 246 time: 0.0021987
2026-07-14 19:07:52.573 8 INFO neutron.db.ovn_revision_numbers_db [None req-bb4703aa-4f3a-4ba3-9463-300efe7bf9ff d54ab789ab764360a301b092e529a1de 944992dde62c4080abe7a663032008a4 - - default default] Successfully bumped revision number for resource 4ffd7bee-f668-49fb-a745-acf6708f841c (type: networks) to 1
2026-07-14 19:07:52.575 8 INFO neutron.db.ovn_revision_numbers_db [None req-4773f0c8-7a09-45a0-89c1-cc678d2a130c d54ab789ab764360a301b092e529a1de 944992dde62c4080abe7a663032008a4 - - default default] Successfully bumped revision number for resource aa95abf4-a96e-4c3c-90e9-d6f14f6862d8 (type: networks) to 1
2026-07-14 19:07:52.587 9 WARNING neutron.scheduler.dhcp_agent_scheduler [None req-fa65bd9c-d429-40f7-a12f-babead0e9c31 d54ab789ab764360a301b092e529a1de 944992dde62c4080abe7a663032008a4 - - default default] No more DHCP agents
2026-07-14 19:07:52.589 9 WARNING neutron.api.rpc.agentnotifiers.dhcp_rpc_agent_api [None req-fa65bd9c-d429-40f7-a12f-babead0e9c31 d54ab789ab764360a301b092e529a1de 944992dde62c4080abe7a663032008a4 - - default default] Unable to schedule network 6664f30f-2fab-4978-82dc-38a1e52270be: no agents available; will retry on subsequent port and subnet creation events.
2026-07-14 19:07:52.663 9 INFO neutron.db.ovn_revision_numbers_db [None req-fa65bd9c-d429-40f7-a12f-babead0e9c31 d54ab789ab764360a301b092e529a1de 944992dde62c4080abe7a663032008a4 - - default default] Successfully bumped revision number for resource b8ad4a44-67e7-4c40-8223-e278c10bddb9 (type: ports) to 1
2026-07-14 19:07:52.689 9 INFO neutron.api.wsgi [None req-fa65bd9c-d429-40f7-a12f-babead0e9c31 d54ab789ab764360a301b092e529a1de 944992dde62c4080abe7a663032008a4 - - default default] 10.0.0.106 "POST /v2.0/networks HTTP/1.1" status: 201 len: 951 time: 0.8605475
2026-07-14 19:07:52.790 8 WARNING neutron.scheduler.dhcp_agent_scheduler [None req-bb4703aa-4f3a-4ba3-9463-300efe7bf9ff d54ab789ab764360a301b092e529a1de 944992dde62c4080abe7a663032008a4 - - default default] No more DHCP agents
2026-07-14 19:07:52.795 8 WARNING neutron.api.rpc.agentnotifiers.dhcp_rpc_agent_api [None req-bb4703aa-4f3a-4ba3-9463-300efe7bf9ff d54ab789ab764360a301b092e529a1de 944992dde62c4080abe7a663032008a4 - - default default] Unable to schedule network 4ffd7bee-f668-49fb-a745-acf6708f841c: no agents available; will retry on subsequent port and subnet creation events.
2026-07-14 19:07:52.808 8 WARNING neutron.scheduler.dhcp_agent_scheduler [None req-4773f0c8-7a09-45a0-89c1-cc678d2a130c d54ab789ab764360a301b092e529a1de 944992dde62c4080abe7a663032008a4 - - default default] No more DHCP agents
2026-07-14 19:07:52.809 8 WARNING neutron.api.rpc.agentnotifiers.dhcp_rpc_agent_api [None req-4773f0c8-7a09-45a0-89c1-cc678d2a130c d54ab789ab764360a301b092e529a1de 944992dde62c4080abe7a663032008a4 - - default default] Unable to schedule network aa95abf4-a96e-4c3c-90e9-d6f14f6862d8: no agents available; will retry on subsequent port and subnet creation events.
2026-07-14 19:07:52.942 9 WARNING neutron.scheduler.dhcp_agent_scheduler [None req-9746fc32-978b-4bac-9684-8548f803d915 d54ab789ab764360a301b092e529a1de 944992dde62c4080abe7a663032008a4 - - default default] No more DHCP agents
2026-07-14 19:07:52.943 9 WARNING neutron.api.rpc.agentnotifiers.dhcp_rpc_agent_api [None req-9746fc32-978b-4bac-9684-8548f803d915 d54ab789ab764360a301b092e529a1de 944992dde62c4080abe7a663032008a4 - - default default] Unable to schedule network 6664f30f-2fab-4978-82dc-38a1e52270be: no agents available; will retry on subsequent port and subnet creation events.
2026-07-14 19:07:52.947 8 INFO neutron.db.ovn_revision_numbers_db [None req-4773f0c8-7a09-45a0-89c1-cc678d2a130c d54ab789ab764360a301b092e529a1de 944992dde62c4080abe7a663032008a4 - - default default] Successfully bumped revision number for resource 9a6a2910-776c-48e0-8ac8-237aac4be4d7 (type: ports) to 1
2026-07-14 19:07:52.953 8 INFO neutron.db.ovn_revision_numbers_db [None req-4fc48990-d9ef-41f9-b827-64b3c1e1ae34 d54ab789ab764360a301b092e529a1de 944992dde62c4080abe7a663032008a4 - - default default] Successfully bumped revision number for resource 67da865c-e722-4520-85b6-c9b23b198f71 (type: security_groups) to 1
2026-07-14 19:07:52.973 8 INFO neutron.api.wsgi [None req-4773f0c8-7a09-45a0-89c1-cc678d2a130c d54ab789ab764360a301b092e529a1de 944992dde62c4080abe7a663032008a4 - - default default] 10.0.0.106 "POST /v2.0/networks HTTP/1.1" status: 201 len: 949 time: 1.0187490
2026-07-14 19:07:52.975 8 INFO neutron.db.ovn_revision_numbers_db [None req-bb4703aa-4f3a-4ba3-9463-300efe7bf9ff d54ab789ab764360a301b092e529a1de 944992dde62c4080abe7a663032008a4 - - default default] Successfully bumped revision number for resource 551763a4-d373-4f61-a459-1fbee61480a8 (type: ports) to 1
