2026-07-14 19:08:02.802 8 INFO neutron.api.wsgi [req-c92c53db-0d3d-4982-b667-555a32363da5 req-3eedabbe-ecf0-4525-aa90-498dc0edef1d 35923a0e3a0a4a4ea8a07ab38f01ce81 272bc60cf7484f1ba37be56f32d899b6 - - default default] 10.0.0.241 "POST /v2.0/security-group-rules HTTP/1.1" status: 201 len: 818 time: 0.3195498
2026-07-14 19:08:02.856 9 INFO neutron.api.wsgi [req-62845eff-896b-4001-96fb-7d2242549e3d req-f71f0e33-3d60-443f-9fb4-35546425bec3 921ff8db4ba04499a8745da530589353 14afbf85b66647e6806bf5f36f9aa7a1 - - default default] 10.0.0.241 "GET /v2.0/networks?id=4ffd7bee-f668-49fb-a745-acf6708f841c HTTP/1.1" status: 200 len: 882 time: 0.0510578
2026-07-14 19:08:02.863 8 INFO neutron.api.wsgi [req-f919424c-5682-44a1-9585-fd83c5745518 req-48dd0c77-2a0d-4e8b-ae6c-1e19fcd07191 35923a0e3a0a4a4ea8a07ab38f01ce81 272bc60cf7484f1ba37be56f32d899b6 - - default default] 10.0.0.241 "GET /v2.0/security-groups/6328fba2-d3ec-4def-97ba-2a06eb22f091 HTTP/1.1" status: 200 len: 2510 time: 0.0365775
2026-07-14 19:08:02.871 9 INFO neutron.api.wsgi [req-62845eff-896b-4001-96fb-7d2242549e3d req-c03011ab-a826-4763-bae4-c984fb604914 921ff8db4ba04499a8745da530589353 14afbf85b66647e6806bf5f36f9aa7a1 - - default default] 10.0.0.241 "GET /v2.0/quotas/14afbf85b66647e6806bf5f36f9aa7a1 HTTP/1.1" status: 200 len: 491 time: 0.0110695
2026-07-14 19:08:02.875 8 WARNING neutron_lib.context [req-f919424c-5682-44a1-9585-fd83c5745518 req-1e89b15f-b770-4e7c-8c2b-c3a9ea0ab35c 35923a0e3a0a4a4ea8a07ab38f01ce81 272bc60cf7484f1ba37be56f32d899b6 - - default default] Method 'is_advsvc' is deprecated since 2023.2 release (neutron-lib 3.8.0) and will be removed once support for the old RBAC API policies will be removed from Neutron. Please use method 'is_service_role' instead.
2026-07-14 19:08:02.985 9 INFO neutron.api.wsgi [req-62845eff-896b-4001-96fb-7d2242549e3d req-05f48ccc-3f7d-41d8-8843-2f261cf3f2ea 921ff8db4ba04499a8745da530589353 14afbf85b66647e6806bf5f36f9aa7a1 - - default default] 10.0.0.241 "GET /v2.0/ports?tenant_id=14afbf85b66647e6806bf5f36f9aa7a1&fields=id HTTP/1.1" status: 200 len: 302 time: 0.1058474
2026-07-14 19:08:03.035 8 INFO neutron.db.ovn_revision_numbers_db [req-f919424c-5682-44a1-9585-fd83c5745518 req-1e89b15f-b770-4e7c-8c2b-c3a9ea0ab35c 35923a0e3a0a4a4ea8a07ab38f01ce81 272bc60cf7484f1ba37be56f32d899b6 - - default default] Successfully bumped revision number for resource 730af0a7-ce95-415e-a55c-10fa782708f0 (type: security_group_rules) to 0
2026-07-14 19:08:03.092 8 INFO neutron.api.wsgi [req-f919424c-5682-44a1-9585-fd83c5745518 req-1e89b15f-b770-4e7c-8c2b-c3a9ea0ab35c 35923a0e3a0a4a4ea8a07ab38f01ce81 272bc60cf7484f1ba37be56f32d899b6 - - default default] 10.0.0.241 "POST /v2.0/security-group-rules HTTP/1.1" status: 201 len: 823 time: 0.2238781
2026-07-14 19:08:03.150 8 INFO neutron.api.wsgi [req-b7913cef-55d5-4bfd-aa77-873e7cde286b req-a91e12f6-87fb-4b7f-b8d3-0e48cf3d2b99 35923a0e3a0a4a4ea8a07ab38f01ce81 272bc60cf7484f1ba37be56f32d899b6 - - default default] 10.0.0.241 "GET /v2.0/security-groups/6328fba2-d3ec-4def-97ba-2a06eb22f091 HTTP/1.1" status: 200 len: 3140 time: 0.0353248
2026-07-14 19:08:03.201 8 INFO neutron.api.wsgi [req-f6b30aed-1f6f-45a6-b6dd-4359f49f4bfc req-7b6bd951-2cd6-49e8-9bdf-5a31f6bea303 35923a0e3a0a4a4ea8a07ab38f01ce81 272bc60cf7484f1ba37be56f32d899b6 - - default default] 10.0.0.241 "GET /v2.0/security-group-rules/730af0a7-ce95-415e-a55c-10fa782708f0 HTTP/1.1" status: 200 len: 815 time: 0.0168471
2026-07-14 19:08:03.262 8 INFO neutron.api.wsgi [req-f6b30aed-1f6f-45a6-b6dd-4359f49f4bfc req-e05d9853-895c-4640-a785-285aebadecb6 35923a0e3a0a4a4ea8a07ab38f01ce81 272bc60cf7484f1ba37be56f32d899b6 - - default default] 10.0.0.241 "GET /v2.0/security-groups/6328fba2-d3ec-4def-97ba-2a06eb22f091 HTTP/1.1" status: 200 len: 3140 time: 0.0556672
2026-07-14 19:08:03.379 8 INFO neutron.plugins.ml2.drivers.ovn.mech_driver.mech_driver [None req-d03ea41f-5f8f-4554-9642-d9fd0a209787 - - - - - -] OVN reports status up for port: 9dad2d76-8b26-4f0e-ada5-ba34249f8ae5
2026-07-14 19:08:03.381 9 INFO neutron.api.wsgi [req-62845eff-896b-4001-96fb-7d2242549e3d req-ac4a143f-bf72-433b-accc-abeea9beb7f1 64cdc5d9c058421f86a927a38585db0a 1f755786a48d4d4ab0dfad4c8baccc73 - - a1d42b11def94b6da85a2b715b2d2bd9 a1d42b11def94b6da85a2b715b2d2bd9] 10.0.0.241 "GET /v2.0/extensions HTTP/1.1" status: 200 len: 19298 time: 0.0397608
2026-07-14 19:08:03.391 8 INFO neutron.plugins.ml2.plugin [None req-d03ea41f-5f8f-4554-9642-d9fd0a209787 - - - - - -] Attempt 1 to provision port 9dad2d76-8b26-4f0e-ada5-ba34249f8ae5
2026-07-14 19:08:03.456 9 INFO neutron.api.wsgi [req-62845eff-896b-4001-96fb-7d2242549e3d req-735ef89d-ffee-4787-a479-5370568d2940 64cdc5d9c058421f86a927a38585db0a 1f755786a48d4d4ab0dfad4c8baccc73 - - a1d42b11def94b6da85a2b715b2d2bd9 a1d42b11def94b6da85a2b715b2d2bd9] 10.0.0.241 "GET /v2.0/networks/4ffd7bee-f668-49fb-a745-acf6708f841c?fields=segments HTTP/1.1" status: 200 len: 212 time: 0.0662303
2026-07-14 19:08:03.479 8 INFO neutron.api.wsgi [req-f6b30aed-1f6f-45a6-b6dd-4359f49f4bfc req-3d177712-0eb7-4360-ae77-2785af3ff0f8 35923a0e3a0a4a4ea8a07ab38f01ce81 272bc60cf7484f1ba37be56f32d899b6 - - default default] 10.0.0.241 "DELETE /v2.0/security-group-rules/730af0a7-ce95-415e-a55c-10fa782708f0 HTTP/1.1" status: 204 len: 173 time: 0.2077374
2026-07-14 19:08:03.519 8 INFO neutron.db.ovn_revision_numbers_db [None req-f097c645-8f23-48c9-867a-d2b6af94d631 d54ab789ab764360a301b092e529a1de 944992dde62c4080abe7a663032008a4 - - default default] Successfully bumped revision number for resource 9dad2d76-8b26-4f0e-ada5-ba34249f8ae5 (type: router_ports) to 1
2026-07-14 19:08:03.520 9 INFO neutron.api.wsgi [req-62845eff-896b-4001-96fb-7d2242549e3d req-81e40c8c-8081-4d0e-ac82-f353ad9aabd1 64cdc5d9c058421f86a927a38585db0a 1f755786a48d4d4ab0dfad4c8baccc73 - - a1d42b11def94b6da85a2b715b2d2bd9 a1d42b11def94b6da85a2b715b2d2bd9] 10.0.0.241 "GET /v2.0/networks/4ffd7bee-f668-49fb-a745-acf6708f841c?fields=provider%3Aphysical_network&fields=provider%3Anetwork_type HTTP/1.1" status: 200 len: 277 time: 0.0553851
2026-07-14 19:08:03.530 8 INFO neutron.api.wsgi [None req-f097c645-8f23-48c9-867a-d2b6af94d631 d54ab789ab764360a301b092e529a1de 944992dde62c4080abe7a663032008a4 - - default default] 10.0.0.106 "PUT /v2.0/routers/af7997be-0da6-44c4-8f22-ed85f4b92350/add_router_interface HTTP/1.1" status: 200 len: 503 time: 2.8592172
2026-07-14 19:08:03.551 8 INFO neutron.api.wsgi [req-551af375-8d1e-402f-bb11-3fe379d5d6db req-293fb531-9f64-4265-a4a8-9df05abbeb1f 35923a0e3a0a4a4ea8a07ab38f01ce81 272bc60cf7484f1ba37be56f32d899b6 - - default default] 10.0.0.241 "GET /v2.0/security-groups/6328fba2-d3ec-4def-97ba-2a06eb22f091 HTTP/1.1" status: 200 len: 2510 time: 0.0533488
2026-07-14 19:08:03.696 8 INFO neutron.api.wsgi [req-551af375-8d1e-402f-bb11-3fe379d5d6db req-eb0c2a1e-c967-44b3-abd1-260bc9fa68c4 35923a0e3a0a4a4ea8a07ab38f01ce81 272bc60cf7484f1ba37be56f32d899b6 - - default default] 10.0.0.241 "DELETE /v2.0/security-groups/6328fba2-d3ec-4def-97ba-2a06eb22f091 HTTP/1.1" status: 204 len: 173 time: 0.1352355
2026-07-14 19:08:03.745 9 INFO neutron.api.wsgi [req-a83f0ec9-b6c6-42f5-9dcf-b77479f51b33 req-4f91e2fc-80c3-4ca4-a743-b598d7f68250 921ff8db4ba04499a8745da530589353 14afbf85b66647e6806bf5f36f9aa7a1 - - default default] 10.0.0.241 "GET /v2.0/ports?device_id=5d49ae50-7dbd-4cbc-9842-8d802fe19011 HTTP/1.1" status: 200 len: 210 time: 0.0341394
2026-07-14 19:08:03.754 8 INFO neutron.api.wsgi [req-daf1d1fd-fe42-41d2-8b4b-c2c710f892d0 req-804dfa47-c10d-4bd7-a471-af2d313beef0 35923a0e3a0a4a4ea8a07ab38f01ce81 272bc60cf7484f1ba37be56f32d899b6 - - default default] 10.0.0.241 "GET /v2.0/security-groups/db0fd82b-a64f-46bb-80b3-71f1259bed80 HTTP/1.1" status: 200 len: 2510 time: 0.0275383
2026-07-14 19:08:03.900 8 INFO neutron.api.wsgi [req-daf1d1fd-fe42-41d2-8b4b-c2c710f892d0 req-df632ba1-fc27-465a-acae-dfd3a1652f1b 35923a0e3a0a4a4ea8a07ab38f01ce81 272bc60cf7484f1ba37be56f32d899b6 - - default default] 10.0.0.241 "DELETE /v2.0/security-groups/db0fd82b-a64f-46bb-80b3-71f1259bed80 HTTP/1.1" status: 204 len: 173 time: 0.1360686
2026-07-14 19:08:03.903 8 INFO neutron.db.ovn_revision_numbers_db [None req-d03ea41f-5f8f-4554-9642-d9fd0a209787 - - - - - -] Successfully bumped revision number for resource 9dad2d76-8b26-4f0e-ada5-ba34249f8ae5 (type: ports) to 2
2026-07-14 19:08:04.000 8 WARNING neutron_lib.context [None req-358f5d58-e590-4ed3-b052-23e2c2b22920 e1d592620f8d4481911d80e476c617eb d515e23448dc49809554d77bac1fc7d2 - - default default] Method 'is_advsvc' is deprecated since 2023.2 release (neutron-lib 3.8.0) and will be removed once support for the old RBAC API policies will be removed from Neutron. Please use method 'is_service_role' instead.
2026-07-14 19:08:04.096 8 INFO neutron.db.ovn_revision_numbers_db [None req-358f5d58-e590-4ed3-b052-23e2c2b22920 e1d592620f8d4481911d80e476c617eb d515e23448dc49809554d77bac1fc7d2 - - default default] Successfully bumped revision number for resource f00b4c07-817b-45c4-a81c-1d02d8bcd59b (type: security_groups) to 1
2026-07-14 19:08:04.108 8 INFO neutron.db.ovn_revision_numbers_db [None req-358f5d58-e590-4ed3-b052-23e2c2b22920 e1d592620f8d4481911d80e476c617eb d515e23448dc49809554d77bac1fc7d2 - - default default] Successfully bumped revision number for resource 3b7db973-0d86-4e4b-8f1f-a562a5264047 (type: security_group_rules) to 0
2026-07-14 19:08:04.122 8 INFO neutron.db.ovn_revision_numbers_db [None req-358f5d58-e590-4ed3-b052-23e2c2b22920 e1d592620f8d4481911d80e476c617eb d515e23448dc49809554d77bac1fc7d2 - - default default] Successfully bumped revision number for resource aad0d63a-518e-4576-b81d-09215448f08c (type: security_group_rules) to 0
2026-07-14 19:08:04.178 8 INFO neutron.api.wsgi [None req-358f5d58-e590-4ed3-b052-23e2c2b22920 e1d592620f8d4481911d80e476c617eb d515e23448dc49809554d77bac1fc7d2 - - default default] 10.0.0.106 "POST /v2.0/security-groups HTTP/1.1" status: 201 len: 1860 time: 0.1842115
2026-07-14 19:08:04.188 8 WARNING neutron_lib.context [None req-12469c46-9b85-49e0-9f62-15e6a92e66fa e1d592620f8d4481911d80e476c617eb d515e23448dc49809554d77bac1fc7d2 - - default default] Method 'is_advsvc' is deprecated since 2023.2 release (neutron-lib 3.8.0) and will be removed once support for the old RBAC API policies will be removed from Neutron. Please use method 'is_service_role' instead.
2026-07-14 19:08:04.342 8 INFO neutron.db.ovn_revision_numbers_db [None req-12469c46-9b85-49e0-9f62-15e6a92e66fa e1d592620f8d4481911d80e476c617eb d515e23448dc49809554d77bac1fc7d2 - - default default] Successfully bumped revision number for resource 2ef7e35f-280a-4ec8-9234-1dfe24a4d61b (type: security_group_rules) to 0
2026-07-14 19:08:04.385 8 INFO neutron.api.wsgi [None req-12469c46-9b85-49e0-9f62-15e6a92e66fa e1d592620f8d4481911d80e476c617eb d515e23448dc49809554d77bac1fc7d2 - - default default] 10.0.0.106 "POST /v2.0/security-group-rules HTTP/1.1" status: 201 len: 796 time: 0.2011495
2026-07-14 19:08:04.398 9 WARNING neutron_lib.context [None req-3c1c013d-cd27-4877-a325-5691b9a68f53 e1d592620f8d4481911d80e476c617eb d515e23448dc49809554d77bac1fc7d2 - - default default] Method 'is_advsvc' is deprecated since 2023.2 release (neutron-lib 3.8.0) and will be removed once support for the old RBAC API policies will be removed from Neutron. Please use method 'is_service_role' instead.
2026-07-14 19:08:04.548 9 INFO neutron.db.ovn_revision_numbers_db [None req-3c1c013d-cd27-4877-a325-5691b9a68f53 e1d592620f8d4481911d80e476c617eb d515e23448dc49809554d77bac1fc7d2 - - default default] Successfully bumped revision number for resource f6da29ac-9273-42d0-8f0e-5cda101a4f63 (type: security_group_rules) to 0
2026-07-14 19:08:04.589 9 INFO neutron.api.wsgi [None req-3c1c013d-cd27-4877-a325-5691b9a68f53 e1d592620f8d4481911d80e476c617eb d515e23448dc49809554d77bac1fc7d2 - - default default] 10.0.0.106 "POST /v2.0/security-group-rules HTTP/1.1" status: 201 len: 801 time: 0.1983433
2026-07-14 19:08:04.600 8 WARNING neutron_lib.context [None req-e418cba4-dd6e-4f53-9580-d1fc0f590459 e1d592620f8d4481911d80e476c617eb d515e23448dc49809554d77bac1fc7d2 - - default default] Method 'is_advsvc' is deprecated since 2023.2 release (neutron-lib 3.8.0) and will be removed once support for the old RBAC API policies will be removed from Neutron. Please use method 'is_service_role' instead.
2026-07-14 19:08:04.836 8 WARNING neutron.scheduler.dhcp_agent_scheduler [None req-e418cba4-dd6e-4f53-9580-d1fc0f590459 e1d592620f8d4481911d80e476c617eb d515e23448dc49809554d77bac1fc7d2 - - default default] No more DHCP agents
2026-07-14 19:08:04.837 8 WARNING neutron.api.rpc.agentnotifiers.dhcp_rpc_agent_api [None req-e418cba4-dd6e-4f53-9580-d1fc0f590459 e1d592620f8d4481911d80e476c617eb d515e23448dc49809554d77bac1fc7d2 - - default default] Unable to schedule network 20039a72-e184-4592-8a6e-542253372dc2: no agents available; will retry on subsequent port and subnet creation events.
2026-07-14 19:08:04.899 8 INFO neutron.api.wsgi [req-a4a0bf51-e7ff-4275-8f0c-a4e231a0b67b req-f8b29893-dea0-4ea4-983e-e4e545b41afc 921ff8db4ba04499a8745da530589353 14afbf85b66647e6806bf5f36f9aa7a1 - - default default] 10.0.0.241 "GET /v2.0/ports?device_id=5d49ae50-7dbd-4cbc-9842-8d802fe19011 HTTP/1.1" status: 200 len: 210 time: 0.0324991
2026-07-14 19:08:05.120 8 INFO neutron.api.wsgi [None req-e418cba4-dd6e-4f53-9580-d1fc0f590459 e1d592620f8d4481911d80e476c617eb d515e23448dc49809554d77bac1fc7d2 - - default default] 10.0.0.106 "POST /v2.0/floatingips HTTP/1.1" status: 201 len: 751 time: 0.5246096
2026-07-14 19:08:05.436 9 INFO neutron.api.wsgi [None req-ab36aa2c-987d-406d-87bd-df044655025a d54ab789ab764360a301b092e529a1de 944992dde62c4080abe7a663032008a4 - - default default] 10.0.0.106 "PUT /v2.0/routers/22c9fff9-0f7b-47a3-9087-7b46279eab3c/remove_router_interface HTTP/1.1" status: 200 len: 503 time: 1.5272739 /var/lib/openstack/lib/python3.12/site-packages/pycadf/identifier.py:71: UserWarning: Invalid uuid: neutron. To ensure interoperability, identifiers should be a valid uuid. warnings.warn(('Invalid uuid: %s. To ensure interoperability, '
2026-07-14 19:08:05.510 9 INFO neutron.api.wsgi [req-1814b153-2fa0-4fb2-8943-3e27dba8fc4c req-c961a17f-ebb7-4009-9ec3-47195b090966 ccecef04dec244498df16747d8cf3787 90e1805ffada4e57b28965245744cd29 - - default default] 10.0.0.241 "GET /v2.0/security-groups?name=tempest-securitygroup--30894394&fields=id&tenant_id=90e1805ffada4e57b28965245744cd29 HTTP/1.1" status: 200 len: 267 time: 0.0432091
2026-07-14 19:08:05.548 8 INFO neutron.api.wsgi [req-0eab7b79-334a-4336-9a86-4ba1352d15b2 req-824ce74d-ba28-414a-910c-f6a2d3a4481e e1d592620f8d4481911d80e476c617eb d515e23448dc49809554d77bac1fc7d2 - - default default] 10.0.0.241 "GET /v2.0/security-groups?name=tempest-securitygroup--1577909768&fields=id&tenant_id=d515e23448dc49809554d77bac1fc7d2 HTTP/1.1" status: 200 len: 267 time: 0.0533264
2026-07-14 19:08:05.567 9 INFO neutron.api.wsgi [req-1814b153-2fa0-4fb2-8943-3e27dba8fc4c req-48609577-c752-4aad-a2fd-ce5796e4b3f2 ccecef04dec244498df16747d8cf3787 90e1805ffada4e57b28965245744cd29 - - default default] 10.0.0.241 "GET /v2.0/networks?id=aa95abf4-a96e-4c3c-90e9-d6f14f6862d8 HTTP/1.1" status: 200 len: 878 time: 0.0515261
2026-07-14 19:08:05.589 9 INFO neutron.api.wsgi [req-1814b153-2fa0-4fb2-8943-3e27dba8fc4c req-cb24e5b0-f17a-484b-8c19-daddc93de23c ccecef04dec244498df16747d8cf3787 90e1805ffada4e57b28965245744cd29 - - default default] 10.0.0.241 "GET /v2.0/quotas/90e1805ffada4e57b28965245744cd29 HTTP/1.1" status: 200 len: 491 time: 0.0122435
2026-07-14 19:08:05.645 8 INFO neutron.api.wsgi [req-0eab7b79-334a-4336-9a86-4ba1352d15b2 req-1d847d45-27af-447b-9039-bb8a5fdf4194 e1d592620f8d4481911d80e476c617eb d515e23448dc49809554d77bac1fc7d2 - - default default] 10.0.0.241 "GET /v2.0/networks?id=e904182d-0fb0-4ade-a236-58b7ca88f75a HTTP/1.1" status: 200 len: 868 time: 0.0810697
2026-07-14 19:08:05.667 8 INFO neutron.api.wsgi [req-0eab7b79-334a-4336-9a86-4ba1352d15b2 req-0904ec7b-5db8-4878-9983-f81e1379e43a e1d592620f8d4481911d80e476c617eb d515e23448dc49809554d77bac1fc7d2 - - default default] 10.0.0.241 "GET /v2.0/quotas/d515e23448dc49809554d77bac1fc7d2 HTTP/1.1" status: 200 len: 491 time: 0.0131142
2026-07-14 19:08:05.675 9 INFO neutron.api.wsgi [req-1814b153-2fa0-4fb2-8943-3e27dba8fc4c req-90d66c27-0daa-4ebd-b71b-cbb1847a012a ccecef04dec244498df16747d8cf3787 90e1805ffada4e57b28965245744cd29 - - default default] 10.0.0.241 "GET /v2.0/ports?tenant_id=90e1805ffada4e57b28965245744cd29&fields=id HTTP/1.1" status: 200 len: 302 time: 0.0787191
2026-07-14 19:08:05.728 9 INFO neutron.api.wsgi [req-1814b153-2fa0-4fb2-8943-3e27dba8fc4c req-8f56fe40-603d-42c2-be9b-d4a18fe202b1 64cdc5d9c058421f86a927a38585db0a 1f755786a48d4d4ab0dfad4c8baccc73 - - a1d42b11def94b6da85a2b715b2d2bd9 a1d42b11def94b6da85a2b715b2d2bd9] 10.0.0.241 "GET /v2.0/networks/aa95abf4-a96e-4c3c-90e9-d6f14f6862d8?fields=segments HTTP/1.1" status: 200 len: 212 time: 0.0424833
2026-07-14 19:08:05.779 9 INFO neutron.api.wsgi [req-1814b153-2fa0-4fb2-8943-3e27dba8fc4c req-85aee46d-987c-4e65-85eb-75063c6626b9 64cdc5d9c058421f86a927a38585db0a 1f755786a48d4d4ab0dfad4c8baccc73 - - a1d42b11def94b6da85a2b715b2d2bd9 a1d42b11def94b6da85a2b715b2d2bd9] 10.0.0.241 "GET /v2.0/networks/aa95abf4-a96e-4c3c-90e9-d6f14f6862d8?fields=provider%3Aphysical_network&fields=provider%3Anetwork_type HTTP/1.1" status: 200 len: 277 time: 0.0450094
2026-07-14 19:08:05.786 8 INFO neutron.api.wsgi [req-0eab7b79-334a-4336-9a86-4ba1352d15b2 req-cbadde66-f84e-4974-a913-d544362abfa8 e1d592620f8d4481911d80e476c617eb d515e23448dc49809554d77bac1fc7d2 - - default default] 10.0.0.241 "GET /v2.0/ports?tenant_id=d515e23448dc49809554d77bac1fc7d2&fields=id HTTP/1.1" status: 200 len: 302 time: 0.1087835
2026-07-14 19:08:06.102 9 INFO neutron.api.wsgi [req-f3248b8e-9fc5-4ba3-839a-60a3dd0863b6 req-c7d40d8b-73ed-450b-83a9-aa0fa42dbb4a 921ff8db4ba04499a8745da530589353 14afbf85b66647e6806bf5f36f9aa7a1 - - default default] 10.0.0.241 "GET /v2.0/ports?device_id=5d49ae50-7dbd-4cbc-9842-8d802fe19011 HTTP/1.1" status: 200 len: 210 time: 0.0181637
2026-07-14 19:08:06.149 9 INFO neutron.api.wsgi [req-0d74a986-0743-476d-8f25-cb999ff248b4 req-a7b92330-ec4f-4a8d-9278-5e826a40d130 ccecef04dec244498df16747d8cf3787 90e1805ffada4e57b28965245744cd29 - - default default] 10.0.0.241 "GET /v2.0/ports?device_id=e293c7fe-04fd-4e9f-a7e2-2bbf8da6508c HTTP/1.1" status: 200 len: 210 time: 0.0155530
2026-07-14 19:08:06.259 8 INFO neutron.api.wsgi [req-0eab7b79-334a-4336-9a86-4ba1352d15b2 req-33a3a2a6-d125-4cde-bf81-de323592f4c0 64cdc5d9c058421f86a927a38585db0a 1f755786a48d4d4ab0dfad4c8baccc73 - - a1d42b11def94b6da85a2b715b2d2bd9 a1d42b11def94b6da85a2b715b2d2bd9] 10.0.0.241 "GET /v2.0/extensions HTTP/1.1" status: 200 len: 19298 time: 0.0449817
2026-07-14 19:08:06.365 8 INFO neutron.api.wsgi [req-0eab7b79-334a-4336-9a86-4ba1352d15b2 req-2472704d-2db7-439c-beae-0e4e6d9a078f 64cdc5d9c058421f86a927a38585db0a 1f755786a48d4d4ab0dfad4c8baccc73 - - a1d42b11def94b6da85a2b715b2d2bd9 a1d42b11def94b6da85a2b715b2d2bd9] 10.0.0.241 "GET /v2.0/networks/e904182d-0fb0-4ade-a236-58b7ca88f75a?fields=segments HTTP/1.1" status: 200 len: 212 time: 0.0952852
2026-07-14 19:08:06.391 8 INFO neutron.api.wsgi [None req-4b6e28a8-494e-43da-b59a-ac2f41836731 d54ab789ab764360a301b092e529a1de 944992dde62c4080abe7a663032008a4 - - default default] 10.0.0.106 "DELETE /v2.0/routers/22c9fff9-0f7b-47a3-9087-7b46279eab3c HTTP/1.1" status: 204 len: 168 time: 0.9458754
2026-07-14 19:08:06.435 8 INFO neutron.api.wsgi [req-0eab7b79-334a-4336-9a86-4ba1352d15b2 req-f4863c44-4ed3-4d37-8df9-6e5aaa39106b 64cdc5d9c058421f86a927a38585db0a 1f755786a48d4d4ab0dfad4c8baccc73 - - a1d42b11def94b6da85a2b715b2d2bd9 a1d42b11def94b6da85a2b715b2d2bd9] 10.0.0.241 "GET /v2.0/networks/e904182d-0fb0-4ade-a236-58b7ca88f75a?fields=provider%3Aphysical_network&fields=provider%3Anetwork_type HTTP/1.1" status: 200 len: 277 time: 0.0624518
2026-07-14 19:08:06.542 9 WARNING neutron.plugins.ml2.drivers.ovn.mech_driver.ovsdb.ovn_client [None req-f5bdf41a-f0dc-4fd0-b24f-9d8b8cafb915 - - - - - -] No hosting information found for port 2f4dcd91-6f02-4ac0-8fcc-e2fff17c8a96: RuntimeError: No hosting information found for port 2f4dcd91-6f02-4ac0-8fcc-e2fff17c8a96
2026-07-14 19:08:06.543 9 INFO neutron.plugins.ml2.drivers.ovn.mech_driver.mech_driver [None req-f5bdf41a-f0dc-4fd0-b24f-9d8b8cafb915 - - - - - -] OVN reports status up for port: 1111174d-56ae-4a08-a390-949a55ba3505
2026-07-14 19:08:06.561 8 INFO neutron.api.wsgi [None req-ef729a97-58d9-4753-a572-d938e604d906 d54ab789ab764360a301b092e529a1de 944992dde62c4080abe7a663032008a4 - - default default] 10.0.0.106 "DELETE /v2.0/subnets/d861c6a3-1385-475f-acda-236cb9080ba7 HTTP/1.1" status: 204 len: 168 time: 0.1642511
2026-07-14 19:08:06.573 9 INFO neutron.plugins.ml2.plugin [None req-f5bdf41a-f0dc-4fd0-b24f-9d8b8cafb915 - - - - - -] Attempt 1 to provision port 1111174d-56ae-4a08-a390-949a55ba3505
2026-07-14 19:08:06.627 9 INFO neutron.api.wsgi [req-fba3c110-abf1-40be-aa42-af073f706f14 req-46593163-24fc-435e-8d87-7af5ac61a67b e1d592620f8d4481911d80e476c617eb d515e23448dc49809554d77bac1fc7d2 - - default default] 10.0.0.241 "GET /v2.0/ports?device_id=4526f3a0-4657-4540-a9da-508a45e9772f HTTP/1.1" status: 200 len: 210 time: 0.0237257
2026-07-14 19:08:06.935 8 INFO neutron.api.wsgi [None req-68ae4300-e921-4ad9-96fe-aa2397165dab d54ab789ab764360a301b092e529a1de 944992dde62c4080abe7a663032008a4 - - default default] 10.0.0.106 "DELETE /v2.0/networks/6664f30f-2fab-4978-82dc-38a1e52270be HTTP/1.1" status: 204 len: 168 time: 0.3604608
2026-07-14 19:08:06.997 9 INFO neutron.db.ovn_revision_numbers_db [None req-f5bdf41a-f0dc-4fd0-b24f-9d8b8cafb915 - - - - - -] Successfully bumped revision number for resource 1111174d-56ae-4a08-a390-949a55ba3505 (type: ports) to 2
2026-07-14 19:08:07.088 8 INFO neutron.api.wsgi [None req-ad730378-4ba5-49e7-9e2b-5020b92812f1 d54ab789ab764360a301b092e529a1de 944992dde62c4080abe7a663032008a4 - - default default] 10.0.0.106 "GET /v2.0/security-groups?tenant_id=272bc60cf7484f1ba37be56f32d899b6&name=default HTTP/1.1" status: 200 len: 3116 time: 0.0324218
2026-07-14 19:08:07.188 8 INFO neutron.api.wsgi [req-98d8b87f-1c32-4adb-af0c-d7fbc6904021 req-1b078e8c-a896-436c-92fa-c41b5cb647ef 921ff8db4ba04499a8745da530589353 14afbf85b66647e6806bf5f36f9aa7a1 - - default default] 10.0.0.241 "GET /v2.0/ports?device_id=5d49ae50-7dbd-4cbc-9842-8d802fe19011 HTTP/1.1" status: 200 len: 210 time: 0.0190656
2026-07-14 19:08:07.226 9 INFO neutron.api.wsgi [req-867881cb-5e8d-45eb-9277-41d8f5c4fb7c req-a9479cdc-ef65-45df-962a-185b0fae2917 ccecef04dec244498df16747d8cf3787 90e1805ffada4e57b28965245744cd29 - - default default] 10.0.0.241 "GET /v2.0/ports?device_id=e293c7fe-04fd-4e9f-a7e2-2bbf8da6508c HTTP/1.1" status: 200 len: 210 time: 0.0201688
2026-07-14 19:08:07.327 8 INFO neutron.api.wsgi [None req-f7f6e94d-6629-456e-9acc-6a9ed12359cb d54ab789ab764360a301b092e529a1de 944992dde62c4080abe7a663032008a4 - - default default] 10.0.0.106 "DELETE /v2.0/security-groups/2894c828-e582-4a45-a9ce-94c048226275 HTTP/1.1" status: 204 len: 168 time: 0.2332802
2026-07-14 19:08:07.372 8 INFO neutron.services.segments.plugin [-] Segment 2a6f0413-3e02-4b6d-89e3-841492429247 resource provider aggregate not found
2026-07-14 19:08:07.376 8 INFO neutron.services.segments.plugin [-] Segment 2a6f0413-3e02-4b6d-89e3-841492429247 resource provider aggregate not found
2026-07-14 19:08:07.384 8 INFO neutron.services.segments.plugin [-] Segment 2a6f0413-3e02-4b6d-89e3-841492429247 resource provider not found; error: Placement Client Error (4xx): {"errors": [{"status": 404, "title": "Not Found", "detail": "The resource could not be found.\n\n No resource provider with uuid 2a6f0413-3e02-4b6d-89e3-841492429247 found for delete ", "request_id": "req-ae83a4d2-7cc7-4782-a710-accd48620b59"}]}
2026-07-14 19:08:07.389 8 INFO neutron.services.segments.plugin [-] Segment 2a6f0413-3e02-4b6d-89e3-841492429247 resource provider not found; error: Placement Client Error (4xx): {"errors": [{"status": 404, "title": "Not Found", "detail": "The resource could not be found.\n\n No resource provider with uuid 2a6f0413-3e02-4b6d-89e3-841492429247 found for delete ", "request_id": "req-840c1101-64d4-4776-b0e9-8baaa9458df1"}]}
2026-07-14 19:08:07.441 9 INFO neutron.api.wsgi [-] 10.0.0.254 "GET / HTTP/1.1" status: 200 len: 246 time: 0.0018191
2026-07-14 19:08:07.441 8 INFO neutron.api.wsgi [-] 10.0.0.254 "GET / HTTP/1.1" status: 200 len: 246 time: 0.0021667
2026-07-14 19:08:07.699 8 INFO neutron.api.wsgi [req-4f5af702-3dbd-4b6f-af33-c945b7be0448 req-c6644656-5975-4e74-be2c-92e99dcbcbf9 e1d592620f8d4481911d80e476c617eb d515e23448dc49809554d77bac1fc7d2 - - default default] 10.0.0.241 "GET /v2.0/ports?device_id=4526f3a0-4657-4540-a9da-508a45e9772f HTTP/1.1" status: 200 len: 210 time: 0.0168438
2026-07-14 19:08:08.264 9 INFO neutron.api.wsgi [req-0f928668-b40b-4cd0-8e8a-fc6ce47e9c37 req-e11c95d0-9190-4e1a-a05e-f01b40d7ac97 921ff8db4ba04499a8745da530589353 14afbf85b66647e6806bf5f36f9aa7a1 - - default default] 10.0.0.241 "GET /v2.0/ports?device_id=5d49ae50-7dbd-4cbc-9842-8d802fe19011 HTTP/1.1" status: 200 len: 210 time: 0.0193243
2026-07-14 19:08:08.307 8 INFO neutron.api.wsgi [req-97702aad-b32b-42ff-a900-b11f0a37a449 req-bac4647a-fec3-4a8c-9e89-8cbf2111c060 ccecef04dec244498df16747d8cf3787 90e1805ffada4e57b28965245744cd29 - - default default] 10.0.0.241 "GET /v2.0/ports?device_id=e293c7fe-04fd-4e9f-a7e2-2bbf8da6508c HTTP/1.1" status: 200 len: 210 time: 0.0170054
2026-07-14 19:08:08.375 8 WARNING neutron.plugins.ml2.drivers.ovn.mech_driver.ovsdb.ovn_client [None req-d3683be7-08a8-43c6-92ae-a040065e7605 - - - - - -] No hosting information found for port 9dad2d76-8b26-4f0e-ada5-ba34249f8ae5: RuntimeError: No hosting information found for port 9dad2d76-8b26-4f0e-ada5-ba34249f8ae5
2026-07-14 19:08:08.459 8 INFO neutron.db.ovn_revision_numbers_db [None req-d3683be7-08a8-43c6-92ae-a040065e7605 - - - - - -] Successfully bumped revision number for resource 9dad2d76-8b26-4f0e-ada5-ba34249f8ae5 (type: router_ports) to 2
2026-07-14 19:08:08.775 9 INFO neutron.api.wsgi [req-6a279c47-3d59-435a-bc98-c513bc8d261d req-653040d8-ee56-4be0-a8e9-265bbdb642e5 e1d592620f8d4481911d80e476c617eb d515e23448dc49809554d77bac1fc7d2 - - default default] 10.0.0.241 "GET /v2.0/ports?device_id=4526f3a0-4657-4540-a9da-508a45e9772f HTTP/1.1" status: 200 len: 210 time: 0.0199854
2026-07-14 19:08:08.922 9 INFO neutron.api.wsgi [req-62845eff-896b-4001-96fb-7d2242549e3d req-27307f01-d9f2-437c-8ad2-4e4cf53d87b7 921ff8db4ba04499a8745da530589353 14afbf85b66647e6806bf5f36f9aa7a1 - - default default] 199.19.213.166 "GET /v2.0/networks?id=4ffd7bee-f668-49fb-a745-acf6708f841c HTTP/1.1" status: 200 len: 882 time: 0.2737973
2026-07-14 19:08:08.992 9 INFO neutron.api.wsgi [req-62845eff-896b-4001-96fb-7d2242549e3d req-37760c6b-e82d-4d73-898c-6e0302691f10 921ff8db4ba04499a8745da530589353 14afbf85b66647e6806bf5f36f9aa7a1 - - default default] 199.19.213.166 "GET /v2.0/security-groups?fields=id&fields=name&tenant_id=14afbf85b66647e6806bf5f36f9aa7a1 HTTP/1.1" status: 200 len: 380 time: 0.0495729
2026-07-14 19:08:08.999 9 WARNING neutron_lib.context [req-62845eff-896b-4001-96fb-7d2242549e3d req-288dddb1-5fe4-4662-a4f3-e02f32812f66 921ff8db4ba04499a8745da530589353 14afbf85b66647e6806bf5f36f9aa7a1 - - default default] Method 'is_advsvc' is deprecated since 2023.2 release (neutron-lib 3.8.0) and will be removed once support for the old RBAC API policies will be removed from Neutron. Please use method 'is_service_role' instead.
2026-07-14 19:08:09.259 8 INFO neutron.db.ovn_revision_numbers_db [None req-aebd6ecb-6e57-40b0-9fc2-145b0d9da1bf d54ab789ab764360a301b092e529a1de 944992dde62c4080abe7a663032008a4 - - default default] Successfully bumped revision number for resource a8de426f-0e2e-4fa0-bd98-705cba5fee7c (type: security_groups) to 1
2026-07-14 19:08:09.275 8 INFO neutron.db.ovn_revision_numbers_db [None req-aebd6ecb-6e57-40b0-9fc2-145b0d9da1bf d54ab789ab764360a301b092e529a1de 944992dde62c4080abe7a663032008a4 - - default default] Successfully bumped revision number for resource 5a575518-8d81-4896-9ee7-a4c8d86ed8f3 (type: security_group_rules) to 0
2026-07-14 19:08:09.288 8 INFO neutron.db.ovn_revision_numbers_db [None req-aebd6ecb-6e57-40b0-9fc2-145b0d9da1bf d54ab789ab764360a301b092e529a1de 944992dde62c4080abe7a663032008a4 - - default default] Successfully bumped revision number for resource 73d901fd-a70f-483e-9f95-35afcfee72b7 (type: security_group_rules) to 0
2026-07-14 19:08:09.302 8 INFO neutron.db.ovn_revision_numbers_db [None req-aebd6ecb-6e57-40b0-9fc2-145b0d9da1bf d54ab789ab764360a301b092e529a1de 944992dde62c4080abe7a663032008a4 - - default default] Successfully bumped revision number for resource 85347984-7282-4b4a-b7ee-199ed52ef84d (type: security_group_rules) to 0
2026-07-14 19:08:09.317 8 INFO neutron.db.ovn_revision_numbers_db [None req-aebd6ecb-6e57-40b0-9fc2-145b0d9da1bf d54ab789ab764360a301b092e529a1de 944992dde62c4080abe7a663032008a4 - - default default] Successfully bumped revision number for resource 85bd1997-dc94-44d6-9a0e-4238e56b51d7 (type: security_group_rules) to 0
2026-07-14 19:08:09.337 9 WARNING neutron.scheduler.dhcp_agent_scheduler [req-62845eff-896b-4001-96fb-7d2242549e3d req-288dddb1-5fe4-4662-a4f3-e02f32812f66 921ff8db4ba04499a8745da530589353 14afbf85b66647e6806bf5f36f9aa7a1 - - default default] No more DHCP agents
2026-07-14 19:08:09.339 9 WARNING neutron.api.rpc.agentnotifiers.dhcp_rpc_agent_api [req-62845eff-896b-4001-96fb-7d2242549e3d req-288dddb1-5fe4-4662-a4f3-e02f32812f66 921ff8db4ba04499a8745da530589353 14afbf85b66647e6806bf5f36f9aa7a1 - - default default] Unable to schedule network 4ffd7bee-f668-49fb-a745-acf6708f841c: no agents available; will retry on subsequent port and subnet creation events. /var/lib/openstack/lib/python3.12/site-packages/pycadf/identifier.py:71: UserWarning: Invalid uuid: neutron. To ensure interoperability, identifiers should be a valid uuid. warnings.warn(('Invalid uuid: %s. To ensure interoperability, '
2026-07-14 19:08:09.384 9 INFO neutron.api.wsgi [req-804a8426-0ea0-4a79-ad65-090eee3a560c req-62b98057-4c3f-411c-a6ea-2e07099f6970 ccecef04dec244498df16747d8cf3787 90e1805ffada4e57b28965245744cd29 - - default default] 10.0.0.241 "GET /v2.0/ports?device_id=e293c7fe-04fd-4e9f-a7e2-2bbf8da6508c HTTP/1.1" status: 200 len: 210 time: 0.0162442
2026-07-14 19:08:09.406 8 INFO neutron.api.wsgi [req-a3097997-f92d-49ac-bf02-758d4d3ceebc req-3690cab9-e1ce-4f0b-b7db-be6e0ea9f215 921ff8db4ba04499a8745da530589353 14afbf85b66647e6806bf5f36f9aa7a1 - - default default] 10.0.0.241 "GET /v2.0/ports?device_id=5d49ae50-7dbd-4cbc-9842-8d802fe19011 HTTP/1.1" status: 200 len: 1156 time: 0.0814345
2026-07-14 19:08:09.409 8 INFO neutron.db.segments_db [None req-aebd6ecb-6e57-40b0-9fc2-145b0d9da1bf d54ab789ab764360a301b092e529a1de 944992dde62c4080abe7a663032008a4 - - default default] Added segment f2ea1cc4-e1d4-4a40-9771-94cf275b2b18 of type geneve for network 41ae1584-c999-4519-86be-610d2d297d39
2026-07-14 19:08:09.457 8 INFO neutron.api.wsgi [req-a3097997-f92d-49ac-bf02-758d4d3ceebc req-11532e7f-0871-4dd2-94ea-ce2311fa013b 921ff8db4ba04499a8745da530589353 14afbf85b66647e6806bf5f36f9aa7a1 - - default default] 10.0.0.241 "GET /v2.0/security-groups?id=54584840-7fda-4e21-ad13-bb451cd65b07&fields=id&fields=name HTTP/1.1" status: 200 len: 313 time: 0.0450714
2026-07-14 19:08:09.463 9 INFO neutron.db.ovn_revision_numbers_db [req-62845eff-896b-4001-96fb-7d2242549e3d req-288dddb1-5fe4-4662-a4f3-e02f32812f66 921ff8db4ba04499a8745da530589353 14afbf85b66647e6806bf5f36f9aa7a1 - - default default] Successfully bumped revision number for resource fee55906-1c2a-4c5d-952b-fd83433111f3 (type: ports) to 1
2026-07-14 19:08:09.488 9 INFO neutron.api.wsgi [req-62845eff-896b-4001-96fb-7d2242549e3d req-288dddb1-5fe4-4662-a4f3-e02f32812f66 921ff8db4ba04499a8745da530589353 14afbf85b66647e6806bf5f36f9aa7a1 - - default default] 199.19.213.166 "POST /v2.0/ports HTTP/1.1" status: 201 len: 1158 time: 0.4937341
2026-07-14 19:08:09.511 9 INFO neutron.api.wsgi [req-62845eff-896b-4001-96fb-7d2242549e3d req-2cca4cc0-8580-4a3c-b422-d370f0539a45 921ff8db4ba04499a8745da530589353 14afbf85b66647e6806bf5f36f9aa7a1 - - default default] 199.19.213.166 "GET /v2.0/extensions HTTP/1.1" status: 200 len: 19298 time: 0.0083470
2026-07-14 19:08:09.551 8 INFO neutron.db.ovn_revision_numbers_db [None req-aebd6ecb-6e57-40b0-9fc2-145b0d9da1bf d54ab789ab764360a301b092e529a1de 944992dde62c4080abe7a663032008a4 - - default default] Successfully bumped revision number for resource 41ae1584-c999-4519-86be-610d2d297d39 (type: networks) to 1
2026-07-14 19:08:09.720 8 WARNING neutron.scheduler.dhcp_agent_scheduler [None req-aebd6ecb-6e57-40b0-9fc2-145b0d9da1bf d54ab789ab764360a301b092e529a1de 944992dde62c4080abe7a663032008a4 - - default default] No more DHCP agents
2026-07-14 19:08:09.721 8 WARNING neutron.api.rpc.agentnotifiers.dhcp_rpc_agent_api [None req-aebd6ecb-6e57-40b0-9fc2-145b0d9da1bf d54ab789ab764360a301b092e529a1de 944992dde62c4080abe7a663032008a4 - - default default] Unable to schedule network 41ae1584-c999-4519-86be-610d2d297d39: no agents available; will retry on subsequent port and subnet creation events.
2026-07-14 19:08:09.781 8 INFO neutron.db.ovn_revision_numbers_db [None req-aebd6ecb-6e57-40b0-9fc2-145b0d9da1bf d54ab789ab764360a301b092e529a1de 944992dde62c4080abe7a663032008a4 - - default default] Successfully bumped revision number for resource 07bca8f8-c8e6-4b47-9488-716514c9cd13 (type: ports) to 1
2026-07-14 19:08:09.805 8 INFO neutron.api.wsgi [None req-aebd6ecb-6e57-40b0-9fc2-145b0d9da1bf d54ab789ab764360a301b092e529a1de 944992dde62c4080abe7a663032008a4 - - default default] 10.0.0.106 "POST /v2.0/networks HTTP/1.1" status: 201 len: 947 time: 0.7328472
2026-07-14 19:08:09.880 9 INFO neutron.api.wsgi [req-1b4dee85-ab2f-456d-a8d3-12c96b6e9b51 req-8343c4b5-9ca4-4be1-9eab-2458660c80ec e1d592620f8d4481911d80e476c617eb d515e23448dc49809554d77bac1fc7d2 - - default default] 10.0.0.241 "GET /v2.0/ports?device_id=4526f3a0-4657-4540-a9da-508a45e9772f HTTP/1.1" status: 200 len: 210 time: 0.0240512
2026-07-14 19:08:09.955 8 WARNING neutron.scheduler.dhcp_agent_scheduler [None req-c8b7c809-fe6d-4fa7-8f23-b339b280389c d54ab789ab764360a301b092e529a1de 944992dde62c4080abe7a663032008a4 - - default default] No more DHCP agents
2026-07-14 19:08:09.960 8 WARNING neutron.api.rpc.agentnotifiers.dhcp_rpc_agent_api [None req-c8b7c809-fe6d-4fa7-8f23-b339b280389c d54ab789ab764360a301b092e529a1de 944992dde62c4080abe7a663032008a4 - - default default] Unable to schedule network 41ae1584-c999-4519-86be-610d2d297d39: no agents available; will retry on subsequent port and subnet creation events.
2026-07-14 19:08:10.273 9 INFO neutron.db.ovn_revision_numbers_db [req-62845eff-896b-4001-96fb-7d2242549e3d req-733bb67b-31aa-46e2-8a30-fc1e6dae4ce9 64cdc5d9c058421f86a927a38585db0a 1f755786a48d4d4ab0dfad4c8baccc73 - - a1d42b11def94b6da85a2b715b2d2bd9 a1d42b11def94b6da85a2b715b2d2bd9] Successfully bumped revision number for resource fee55906-1c2a-4c5d-952b-fd83433111f3 (type: ports) to 2
2026-07-14 19:08:10.431 8 INFO neutron.db.ovn_revision_numbers_db [None req-d5b5ade2-0c2a-4a27-9a15-16d73a00a550 - - - - - -] Successfully bumped revision number for resource 07bca8f8-c8e6-4b47-9488-716514c9cd13 (type: ports) to 2
2026-07-14 19:08:10.464 8 INFO neutron.api.wsgi [req-e768254e-c69a-4a3c-bb7c-d8c4b32fbdf9 req-e2f206c9-50ba-4019-af85-3c8c47af5e0c ccecef04dec244498df16747d8cf3787 90e1805ffada4e57b28965245744cd29 - - default default] 10.0.0.241 "GET /v2.0/ports?device_id=e293c7fe-04fd-4e9f-a7e2-2bbf8da6508c HTTP/1.1" status: 200 len: 210 time: 0.0216520
2026-07-14 19:08:10.476 8 INFO neutron.db.ovn_revision_numbers_db [None req-d5b5ade2-0c2a-4a27-9a15-16d73a00a550 - - - - - -] Successfully bumped revision number for resource 87573bf7-aee4-4267-90d4-5d55fa4c975e (type: subnets) to 0
2026-07-14 19:08:10.505 8 INFO neutron.api.wsgi [None req-c8b7c809-fe6d-4fa7-8f23-b339b280389c d54ab789ab764360a301b092e529a1de 944992dde62c4080abe7a663032008a4 - - default default] 10.0.0.106 "POST /v2.0/subnets HTTP/1.1" status: 201 len: 891 time: 0.6946084
2026-07-14 19:08:10.533 9 INFO neutron.db.ovn_revision_numbers_db [req-62845eff-896b-4001-96fb-7d2242549e3d req-733bb67b-31aa-46e2-8a30-fc1e6dae4ce9 64cdc5d9c058421f86a927a38585db0a 1f755786a48d4d4ab0dfad4c8baccc73 - - a1d42b11def94b6da85a2b715b2d2bd9 a1d42b11def94b6da85a2b715b2d2bd9] Successfully bumped revision number for resource fee55906-1c2a-4c5d-952b-fd83433111f3 (type: ports) to 4 /var/lib/openstack/lib/python3.12/site-packages/pycadf/identifier.py:71: UserWarning: Invalid uuid: neutron. To ensure interoperability, identifiers should be a valid uuid. warnings.warn(('Invalid uuid: %s. To ensure interoperability, '
2026-07-14 19:08:10.609 9 INFO neutron.api.wsgi [req-62845eff-896b-4001-96fb-7d2242549e3d req-733bb67b-31aa-46e2-8a30-fc1e6dae4ce9 64cdc5d9c058421f86a927a38585db0a 1f755786a48d4d4ab0dfad4c8baccc73 - - a1d42b11def94b6da85a2b715b2d2bd9 a1d42b11def94b6da85a2b715b2d2bd9] 199.19.213.166 "PUT /v2.0/ports/fee55906-1c2a-4c5d-952b-fd83433111f3 HTTP/1.1" status: 200 len: 1404 time: 0.7538640
2026-07-14 19:08:10.656 9 INFO neutron.api.wsgi [req-1814b153-2fa0-4fb2-8943-3e27dba8fc4c req-3de67261-79f5-43e1-9352-015a973eae3b ccecef04dec244498df16747d8cf3787 90e1805ffada4e57b28965245744cd29 - - default default] 199.19.213.166 "GET /v2.0/networks?id=aa95abf4-a96e-4c3c-90e9-d6f14f6862d8 HTTP/1.1" status: 200 len: 878 time: 0.1184716
2026-07-14 19:08:10.696 9 INFO neutron.api.wsgi [req-7a631a52-6fc2-4e5d-9eff-3daa207d7ed4 req-74f0e528-891c-4864-9b9f-c3cc7d924bbd 921ff8db4ba04499a8745da530589353 14afbf85b66647e6806bf5f36f9aa7a1 - - default default] 10.0.0.241 "GET /v2.0/ports?device_id=5d49ae50-7dbd-4cbc-9842-8d802fe19011 HTTP/1.1" status: 200 len: 1168 time: 0.1685903
2026-07-14 19:08:10.731 9 INFO neutron.api.wsgi [req-1814b153-2fa0-4fb2-8943-3e27dba8fc4c req-efd32b75-1e7e-43f0-9d0d-fdff23ed1269 ccecef04dec244498df16747d8cf3787 90e1805ffada4e57b28965245744cd29 - - default default] 199.19.213.166 "GET /v2.0/security-groups?fields=id&fields=name&tenant_id=90e1805ffada4e57b28965245744cd29 HTTP/1.1" status: 200 len: 378 time: 0.0662794
2026-07-14 19:08:10.741 9 WARNING neutron_lib.context [req-1814b153-2fa0-4fb2-8943-3e27dba8fc4c req-bc2a6479-e5b9-42f4-ae86-b66dc5c13d7f ccecef04dec244498df16747d8cf3787 90e1805ffada4e57b28965245744cd29 - - default default] Method 'is_advsvc' is deprecated since 2023.2 release (neutron-lib 3.8.0) and will be removed once support for the old RBAC API policies will be removed from Neutron. Please use method 'is_service_role' instead.
2026-07-14 19:08:10.774 9 INFO neutron.api.wsgi [req-7a631a52-6fc2-4e5d-9eff-3daa207d7ed4 req-b8748135-1ba9-4e29-b770-bf156c6d2be9 921ff8db4ba04499a8745da530589353 14afbf85b66647e6806bf5f36f9aa7a1 - - default default] 10.0.0.241 "GET /v2.0/security-groups?id=54584840-7fda-4e21-ad13-bb451cd65b07&fields=id&fields=name HTTP/1.1" status: 200 len: 313 time: 0.0725224
2026-07-14 19:08:10.982 8 INFO neutron.api.wsgi [req-e56d26f4-04ea-4dc3-add1-db6bce88bc1b req-a0f6e205-32d0-416c-8912-e465c72d1418 e1d592620f8d4481911d80e476c617eb d515e23448dc49809554d77bac1fc7d2 - - default default] 10.0.0.241 "GET /v2.0/ports?device_id=4526f3a0-4657-4540-a9da-508a45e9772f HTTP/1.1" status: 200 len: 210 time: 0.0275896
2026-07-14 19:08:11.008 8 WARNING neutron.scheduler.dhcp_agent_scheduler [None req-5d2db947-e1d7-45a0-b575-58f8dc61bec0 d54ab789ab764360a301b092e529a1de 944992dde62c4080abe7a663032008a4 - - default default] No more DHCP agents
2026-07-14 19:08:11.009 8 WARNING neutron.api.rpc.agentnotifiers.dhcp_rpc_agent_api [None req-5d2db947-e1d7-45a0-b575-58f8dc61bec0 d54ab789ab764360a301b092e529a1de 944992dde62c4080abe7a663032008a4 - - default default] Unable to schedule network 20039a72-e184-4592-8a6e-542253372dc2: no agents available; will retry on subsequent port and subnet creation events.
2026-07-14 19:08:11.078 9 WARNING neutron.scheduler.dhcp_agent_scheduler [req-1814b153-2fa0-4fb2-8943-3e27dba8fc4c req-bc2a6479-e5b9-42f4-ae86-b66dc5c13d7f ccecef04dec244498df16747d8cf3787 90e1805ffada4e57b28965245744cd29 - - default default] No more DHCP agents
2026-07-14 19:08:11.079 9 WARNING neutron.api.rpc.agentnotifiers.dhcp_rpc_agent_api [req-1814b153-2fa0-4fb2-8943-3e27dba8fc4c req-bc2a6479-e5b9-42f4-ae86-b66dc5c13d7f ccecef04dec244498df16747d8cf3787 90e1805ffada4e57b28965245744cd29 - - default default] Unable to schedule network aa95abf4-a96e-4c3c-90e9-d6f14f6862d8: no agents available; will retry on subsequent port and subnet creation events.
2026-07-14 19:08:11.114 9 INFO neutron.notifiers.nova [-] Nova event matching ['req-01151d8e-3dc7-4208-81e6-13ebd7410499'] response: {'name': 'network-changed', 'server_uuid': '5d49ae50-7dbd-4cbc-9842-8d802fe19011', 'tag': 'fee55906-1c2a-4c5d-952b-fd83433111f3', 'status': 'completed', 'code': 200}
2026-07-14 19:08:11.170 8 INFO neutron.db.ovn_revision_numbers_db [None req-5d2db947-e1d7-45a0-b575-58f8dc61bec0 d54ab789ab764360a301b092e529a1de 944992dde62c4080abe7a663032008a4 - - default default] Successfully bumped revision number for resource 9c2f8d63-6be8-4b5c-9d62-a2a9c583356c (type: ports) to 1
2026-07-14 19:08:11.233 9 INFO neutron.db.ovn_revision_numbers_db [req-1814b153-2fa0-4fb2-8943-3e27dba8fc4c req-bc2a6479-e5b9-42f4-ae86-b66dc5c13d7f ccecef04dec244498df16747d8cf3787 90e1805ffada4e57b28965245744cd29 - - default default] Successfully bumped revision number for resource 2a8af75d-f347-4e83-9c01-1314d68546c7 (type: ports) to 1
2026-07-14 19:08:11.265 9 INFO neutron.api.wsgi [req-1814b153-2fa0-4fb2-8943-3e27dba8fc4c req-bc2a6479-e5b9-42f4-ae86-b66dc5c13d7f ccecef04dec244498df16747d8cf3787 90e1805ffada4e57b28965245744cd29 - - default default] 199.19.213.166 "POST /v2.0/ports HTTP/1.1" status: 201 len: 1158 time: 0.5293803 /var/lib/openstack/lib/python3.12/site-packages/pycadf/identifier.py:71: UserWarning: Invalid uuid: neutron. To ensure interoperability, identifiers should be a valid uuid. warnings.warn(('Invalid uuid: %s. To ensure interoperability, ' /var/lib/openstack/lib/python3.12/site-packages/pycadf/identifier.py:71: UserWarning: Invalid uuid: neutron. To ensure interoperability, identifiers should be a valid uuid. warnings.warn(('Invalid uuid: %s. To ensure interoperability, '
2026-07-14 19:08:11.681 8 INFO neutron.api.wsgi [req-45990235-9d5e-4164-9c5e-480e01f657c7 req-48a85576-1ff6-4577-8821-e6880ccfde9c ccecef04dec244498df16747d8cf3787 90e1805ffada4e57b28965245744cd29 - - default default] 10.0.0.241 "GET /v2.0/ports?device_id=e293c7fe-04fd-4e9f-a7e2-2bbf8da6508c HTTP/1.1" status: 200 len: 1168 time: 0.1340628
2026-07-14 19:08:11.690 9 INFO neutron.api.wsgi [req-62845eff-896b-4001-96fb-7d2242549e3d req-2fa25d67-28f4-418f-b85a-bf17cb4b48af 64cdc5d9c058421f86a927a38585db0a 1f755786a48d4d4ab0dfad4c8baccc73 - - a1d42b11def94b6da85a2b715b2d2bd9 a1d42b11def94b6da85a2b715b2d2bd9] 199.19.213.166 "GET /v2.0/ports?tenant_id=14afbf85b66647e6806bf5f36f9aa7a1&device_id=5d49ae50-7dbd-4cbc-9842-8d802fe19011 HTTP/1.1" status: 200 len: 1407 time: 0.0546842
2026-07-14 19:08:11.730 9 INFO neutron.api.wsgi [req-62845eff-896b-4001-96fb-7d2242549e3d req-bccaf57a-388e-40af-973c-1fbaa18214d5 64cdc5d9c058421f86a927a38585db0a 1f755786a48d4d4ab0dfad4c8baccc73 - - a1d42b11def94b6da85a2b715b2d2bd9 a1d42b11def94b6da85a2b715b2d2bd9] 199.19.213.166 "GET /v2.0/floatingips?fixed_ip_address=10.100.0.5&port_id=fee55906-1c2a-4c5d-952b-fd83433111f3 HTTP/1.1" status: 200 len: 217 time: 0.0343680
2026-07-14 19:08:11.731 8 INFO neutron.api.wsgi [req-45990235-9d5e-4164-9c5e-480e01f657c7 req-96d338f2-d4cd-4452-a3ec-5ff9cfc0bf04 ccecef04dec244498df16747d8cf3787 90e1805ffada4e57b28965245744cd29 - - default default] 10.0.0.241 "GET /v2.0/security-groups?id=be182afb-51ea-4d46-8f5c-2df8b766aa8f&fields=id&fields=name HTTP/1.1" status: 200 len: 311 time: 0.0446770
2026-07-14 19:08:11.774 9 INFO neutron.api.wsgi [req-62845eff-896b-4001-96fb-7d2242549e3d req-ad86e1ff-2c15-49ec-b244-9a5ca5310e3b 64cdc5d9c058421f86a927a38585db0a 1f755786a48d4d4ab0dfad4c8baccc73 - - a1d42b11def94b6da85a2b715b2d2bd9 a1d42b11def94b6da85a2b715b2d2bd9] 199.19.213.166 "GET /v2.0/subnets?id=a768bc7e-13a6-412e-b4b0-8aabcb3c8223 HTTP/1.1" status: 200 len: 900 time: 0.0395129
2026-07-14 19:08:11.807 9 INFO neutron.db.ovn_revision_numbers_db [req-1814b153-2fa0-4fb2-8943-3e27dba8fc4c req-61450a43-aab0-4aad-87e8-85287fb6f02c 64cdc5d9c058421f86a927a38585db0a 1f755786a48d4d4ab0dfad4c8baccc73 - - a1d42b11def94b6da85a2b715b2d2bd9 a1d42b11def94b6da85a2b715b2d2bd9] Successfully bumped revision number for resource 2a8af75d-f347-4e83-9c01-1314d68546c7 (type: ports) to 2
2026-07-14 19:08:11.809 9 INFO neutron.api.wsgi [req-62845eff-896b-4001-96fb-7d2242549e3d req-ced55ea0-ba8e-4761-9f26-b48f4e946278 64cdc5d9c058421f86a927a38585db0a 1f755786a48d4d4ab0dfad4c8baccc73 - - a1d42b11def94b6da85a2b715b2d2bd9 a1d42b11def94b6da85a2b715b2d2bd9] 199.19.213.166 "GET /v2.0/ports?network_id=4ffd7bee-f668-49fb-a745-acf6708f841c&device_owner=network%3Adhcp HTTP/1.1" status: 200 len: 210 time: 0.0309877
2026-07-14 19:08:11.876 9 INFO neutron.api.wsgi [req-72c31d7f-132b-4aa4-9aab-e3e58f577ef8 req-51f52926-e25e-4b83-a55b-7a985c402142 921ff8db4ba04499a8745da530589353 14afbf85b66647e6806bf5f36f9aa7a1 - - default default] 10.0.0.241 "GET /v2.0/ports?device_id=5d49ae50-7dbd-4cbc-9842-8d802fe19011 HTTP/1.1" status: 200 len: 1168 time: 0.0419655
2026-07-14 19:08:11.886 9 INFO neutron.api.wsgi [req-62845eff-896b-4001-96fb-7d2242549e3d req-8db822a8-fdb4-4a3b-a973-bc3b44db0122 64cdc5d9c058421f86a927a38585db0a 1f755786a48d4d4ab0dfad4c8baccc73 - - a1d42b11def94b6da85a2b715b2d2bd9 a1d42b11def94b6da85a2b715b2d2bd9] 199.19.213.166 "GET /v2.0/networks/4ffd7bee-f668-49fb-a745-acf6708f841c?fields=segments HTTP/1.1" status: 200 len: 212 time: 0.0698824
2026-07-14 19:08:11.887 8 INFO neutron.plugins.ml2.drivers.ovn.mech_driver.ovsdb.commands [None req-d3f849bf-dda5-40a1-bbbe-820b3ddc4dcc - - - - - -] Schedule LRP lrp-9c2f8d63-6be8-4b5c-9d62-a2a9c583356c on gateway 059861b6-8c47-47d7-b903-cc5656c1f4c3 with priority 1
2026-07-14 19:08:11.895 8 INFO neutron.plugins.ml2.drivers.ovn.mech_driver.mech_driver [None req-d3683be7-08a8-43c6-92ae-a040065e7605 - - - - - -] OVN reports status up for port: 9c2f8d63-6be8-4b5c-9d62-a2a9c583356c
2026-07-14 19:08:11.915 8 INFO neutron.plugins.ml2.drivers.ovn.mech_driver.ovsdb.ovsdb_monitor [None req-8cebcf63-5af5-4b72-9029-0be27bba9adb - - - - - -] Router e7d4e558-8a8b-4557-95f2-da66a85a3351 is bound to host instance
2026-07-14 19:08:11.917 8 INFO neutron.plugins.ml2.plugin [None req-d3683be7-08a8-43c6-92ae-a040065e7605 - - - - - -] Attempt 1 to provision port 9c2f8d63-6be8-4b5c-9d62-a2a9c583356c
2026-07-14 19:08:11.952 8 INFO neutron.db.ovn_revision_numbers_db [None req-5d2db947-e1d7-45a0-b575-58f8dc61bec0 d54ab789ab764360a301b092e529a1de 944992dde62c4080abe7a663032008a4 - - default default] Successfully bumped revision number for resource 9c2f8d63-6be8-4b5c-9d62-a2a9c583356c (type: router_ports) to 1
2026-07-14 19:08:11.953 9 INFO neutron.api.wsgi [req-72c31d7f-132b-4aa4-9aab-e3e58f577ef8 req-65f82e3c-ba95-4e56-a942-c42da8aa9b18 921ff8db4ba04499a8745da530589353 14afbf85b66647e6806bf5f36f9aa7a1 - - default default] 10.0.0.241 "GET /v2.0/security-groups?id=54584840-7fda-4e21-ad13-bb451cd65b07&fields=id&fields=name HTTP/1.1" status: 200 len: 313 time: 0.0698686
2026-07-14 19:08:11.972 9 INFO neutron.api.wsgi [req-62845eff-896b-4001-96fb-7d2242549e3d req-3e876e0e-7658-4cd7-b1e7-7306d0daa0ea 64cdc5d9c058421f86a927a38585db0a 1f755786a48d4d4ab0dfad4c8baccc73 - - a1d42b11def94b6da85a2b715b2d2bd9 a1d42b11def94b6da85a2b715b2d2bd9] 199.19.213.166 "GET /v2.0/networks/4ffd7bee-f668-49fb-a745-acf6708f841c?fields=provider%3Aphysical_network&fields=provider%3Anetwork_type HTTP/1.1" status: 200 len: 277 time: 0.0760388
2026-07-14 19:08:12.100 9 INFO neutron.db.ovn_revision_numbers_db [req-1814b153-2fa0-4fb2-8943-3e27dba8fc4c req-61450a43-aab0-4aad-87e8-85287fb6f02c 64cdc5d9c058421f86a927a38585db0a 1f755786a48d4d4ab0dfad4c8baccc73 - - a1d42b11def94b6da85a2b715b2d2bd9 a1d42b11def94b6da85a2b715b2d2bd9] Successfully bumped revision number for resource 2a8af75d-f347-4e83-9c01-1314d68546c7 (type: ports) to 4
2026-07-14 19:08:12.117 9 INFO neutron.api.wsgi [req-1814b153-2fa0-4fb2-8943-3e27dba8fc4c req-61450a43-aab0-4aad-87e8-85287fb6f02c 64cdc5d9c058421f86a927a38585db0a 1f755786a48d4d4ab0dfad4c8baccc73 - - a1d42b11def94b6da85a2b715b2d2bd9 a1d42b11def94b6da85a2b715b2d2bd9] 199.19.213.166 "PUT /v2.0/ports/2a8af75d-f347-4e83-9c01-1314d68546c7 HTTP/1.1" status: 200 len: 1404 time: 0.8460939
2026-07-14 19:08:12.233 8 INFO neutron.api.wsgi [req-bdfa4d4d-8f96-426b-a6c0-82cba39c5822 req-6c9a4d57-6bc5-4874-a53d-84959897d3bb e1d592620f8d4481911d80e476c617eb d515e23448dc49809554d77bac1fc7d2 - - default default] 10.0.0.241 "GET /v2.0/ports?device_id=4526f3a0-4657-4540-a9da-508a45e9772f HTTP/1.1" status: 200 len: 210 time: 0.1896663
2026-07-14 19:08:12.255 8 INFO neutron.db.ovn_revision_numbers_db [None req-5d2db947-e1d7-45a0-b575-58f8dc61bec0 d54ab789ab764360a301b092e529a1de 944992dde62c4080abe7a663032008a4 - - default default] Successfully bumped revision number for resource e7d4e558-8a8b-4557-95f2-da66a85a3351 (type: routers) to 2
2026-07-14 19:08:12.270 8 INFO neutron.api.wsgi [None req-5d2db947-e1d7-45a0-b575-58f8dc61bec0 d54ab789ab764360a301b092e529a1de 944992dde62c4080abe7a663032008a4 - - default default] 10.0.0.106 "POST /v2.0/routers HTTP/1.1" status: 201 len: 1169 time: 1.7582486 /var/lib/openstack/lib/python3.12/site-packages/pycadf/identifier.py:71: UserWarning: Invalid uuid: neutron. To ensure interoperability, identifiers should be a valid uuid. warnings.warn(('Invalid uuid: %s. To ensure interoperability, '
