2026-07-14 19:10:56.264 9 WARNING neutron_lib.context [req-28de44ad-718e-4395-9984-4aa84a223577 req-c8c96f1a-bf51-4b6c-a132-e6f20fcb1b42 b274158e5573491780fde5f77a218787 b8ad73b60205414fa7fc4e0eb9fc7dd6 - - default default] Method 'is_advsvc' is deprecated since 2023.2 release (neutron-lib 3.8.0) and will be removed once support for the old RBAC API policies will be removed from Neutron. Please use method 'is_service_role' instead.
2026-07-14 19:10:56.271 8 INFO neutron.db.ovn_revision_numbers_db [None req-d8f73f80-6556-4895-9ad6-c1abc17ee38c a9b91f923c604cc79670081bba931eae 396612b564b846ecb04e1aa3c67c14b4 - - default default] Successfully bumped revision number for resource b6de222f-c881-4c82-8198-f69d5febf34c (type: security_groups) to 2
2026-07-14 19:10:56.297 8 INFO neutron.api.wsgi [None req-d8f73f80-6556-4895-9ad6-c1abc17ee38c a9b91f923c604cc79670081bba931eae 396612b564b846ecb04e1aa3c67c14b4 - - default default] 10.0.0.106 "PUT /v2.0/security-groups/b6de222f-c881-4c82-8198-f69d5febf34c HTTP/1.1" status: 200 len: 1857 time: 0.1295104 /var/lib/openstack/lib/python3.12/site-packages/pycadf/identifier.py:71: UserWarning: Invalid uuid: neutron. To ensure interoperability, identifiers should be a valid uuid. warnings.warn(('Invalid uuid: %s. To ensure interoperability, '
2026-07-14 19:10:56.319 8 WARNING neutron.scheduler.dhcp_agent_scheduler [None req-6176017a-1248-4216-b040-2743538c3ce8 0d47c9af7b4e4b3fbcf6988af793f6b2 c50ad9451dab463f84b6d6d99cb2db83 - - default default] No more DHCP agents
2026-07-14 19:10:56.322 8 INFO neutron.api.wsgi [req-d34eb764-4a74-4cac-bb3f-42a44468b620 req-a2aeef32-7a6b-4610-8db2-a3f3f6fc79d3 b274158e5573491780fde5f77a218787 b8ad73b60205414fa7fc4e0eb9fc7dd6 - - default default] 10.0.0.241 "GET /v2.0/ports?device_id=4c3110a2-ca62-4a18-b0e6-2e003fae5192 HTTP/1.1" status: 200 len: 210 time: 0.0197098
2026-07-14 19:10:56.322 8 WARNING neutron.api.rpc.agentnotifiers.dhcp_rpc_agent_api [None req-6176017a-1248-4216-b040-2743538c3ce8 0d47c9af7b4e4b3fbcf6988af793f6b2 c50ad9451dab463f84b6d6d99cb2db83 - - default default] Unable to schedule network d367da67-f260-4b03-9857-d30b7043ed48: no agents available; will retry on subsequent port and subnet creation events.
2026-07-14 19:10:56.336 9 INFO neutron.api.wsgi [None req-563e6bb0-e5f3-48f0-8299-ad879b514d48 a9b91f923c604cc79670081bba931eae 396612b564b846ecb04e1aa3c67c14b4 - - default default] 10.0.0.106 "GET /v2.0/security-groups/b6de222f-c881-4c82-8198-f69d5febf34c HTTP/1.1" status: 200 len: 1857 time: 0.0352135
2026-07-14 19:10:56.400 8 INFO neutron.db.ovn_revision_numbers_db [None req-6176017a-1248-4216-b040-2743538c3ce8 0d47c9af7b4e4b3fbcf6988af793f6b2 c50ad9451dab463f84b6d6d99cb2db83 - - default default] Successfully bumped revision number for resource d25978a5-00fd-4bf3-a4fa-7c84e13cbfb5 (type: ports) to 1
2026-07-14 19:10:56.426 8 INFO neutron.api.wsgi [None req-6176017a-1248-4216-b040-2743538c3ce8 0d47c9af7b4e4b3fbcf6988af793f6b2 c50ad9451dab463f84b6d6d99cb2db83 - - default default] 10.0.0.106 "POST /v2.0/ports HTTP/1.1" status: 201 len: 942 time: 0.3997853
2026-07-14 19:10:56.428 9 INFO neutron.services.segments.plugin [-] Segment 2e689c41-ad10-45be-a9cc-66c070f09e3c resource provider aggregate not found
2026-07-14 19:10:56.433 9 INFO neutron.services.segments.plugin [-] Segment 2e689c41-ad10-45be-a9cc-66c070f09e3c resource provider aggregate not found
2026-07-14 19:10:56.435 8 WARNING neutron_lib.context [None req-665b075f-d8c0-4e8e-990f-bc78acb2b2fd 0d47c9af7b4e4b3fbcf6988af793f6b2 c50ad9451dab463f84b6d6d99cb2db83 - - default default] Method 'is_advsvc' is deprecated since 2023.2 release (neutron-lib 3.8.0) and will be removed once support for the old RBAC API policies will be removed from Neutron. Please use method 'is_service_role' instead.
2026-07-14 19:10:56.450 9 INFO neutron.services.segments.plugin [-] Segment 2e689c41-ad10-45be-a9cc-66c070f09e3c resource provider not found; error: Placement Client Error (4xx): {"errors": [{"status": 404, "title": "Not Found", "detail": "The resource could not be found.\n\n No resource provider with uuid 2e689c41-ad10-45be-a9cc-66c070f09e3c found for delete ", "request_id": "req-3244930e-0a20-4e57-9a54-012c44ebfd08"}]}
2026-07-14 19:10:56.451 9 INFO neutron.services.segments.plugin [-] Segment 2e689c41-ad10-45be-a9cc-66c070f09e3c resource provider not found; error: Placement Client Error (4xx): {"errors": [{"status": 404, "title": "Not Found", "detail": "The resource could not be found.\n\n No resource provider with uuid 2e689c41-ad10-45be-a9cc-66c070f09e3c found for delete ", "request_id": "req-30bb6262-6acf-4dad-b36d-a34903754c10"}]}
2026-07-14 19:10:56.488 9 INFO neutron.api.wsgi [None req-c3f67502-ab50-4ac4-955e-d6bf5790725c 36746e88c9dc475bb2d377c368977109 aff27f8de14f4d1eb6c06a703f4e7ea4 - - default default] 10.0.0.106 "DELETE /v2.0/networks/e28d0a1e-8463-47bd-8408-707fbf21104f HTTP/1.1" status: 204 len: 168 time: 0.4630303
2026-07-14 19:10:56.533 9 INFO neutron.api.wsgi [None req-eab21cd9-648d-48aa-91ce-185d9dbc76e5 a9b91f923c604cc79670081bba931eae 396612b564b846ecb04e1aa3c67c14b4 - - default default] 10.0.0.106 "DELETE /v2.0/security-groups/b6de222f-c881-4c82-8198-f69d5febf34c HTTP/1.1" status: 204 len: 168 time: 0.1908882
2026-07-14 19:10:56.605 9 INFO neutron.api.wsgi [None req-ce80b3b6-ff0d-430f-b118-c829afb16b89 a9b91f923c604cc79670081bba931eae 396612b564b846ecb04e1aa3c67c14b4 - - default default] 10.0.0.106 "GET /v2.0/security-groups HTTP/1.1" status: 200 len: 3120 time: 0.0619040
2026-07-14 19:10:56.630 9 INFO neutron.api.v2.resource [None req-9ac1c651-8929-4c33-85b7-d363edb75d90 a9b91f923c604cc79670081bba931eae 396612b564b846ecb04e1aa3c67c14b4 - - default default] delete failed (client error): The resource could not be found.
2026-07-14 19:10:56.631 9 INFO neutron.api.wsgi [None req-9ac1c651-8929-4c33-85b7-d363edb75d90 a9b91f923c604cc79670081bba931eae 396612b564b846ecb04e1aa3c67c14b4 - - default default] 10.0.0.106 "DELETE /v2.0/security-groups/b6de222f-c881-4c82-8198-f69d5febf34c HTTP/1.1" status: 404 len: 347 time: 0.0170317
2026-07-14 19:10:56.645 9 WARNING neutron_lib.context [None req-78e7644f-ebae-4585-992a-460518261fc6 a9b91f923c604cc79670081bba931eae 396612b564b846ecb04e1aa3c67c14b4 - - default default] Method 'is_advsvc' is deprecated since 2023.2 release (neutron-lib 3.8.0) and will be removed once support for the old RBAC API policies will be removed from Neutron. Please use method 'is_service_role' instead.
2026-07-14 19:10:56.657 8 INFO neutron.api.wsgi [None req-665b075f-d8c0-4e8e-990f-bc78acb2b2fd 0d47c9af7b4e4b3fbcf6988af793f6b2 c50ad9451dab463f84b6d6d99cb2db83 - - default default] 10.0.0.106 "POST /v2.0/trunks HTTP/1.1" status: 201 len: 608 time: 0.2265904 /var/lib/openstack/lib/python3.12/site-packages/pycadf/identifier.py:71: UserWarning: Invalid uuid: neutron. To ensure interoperability, identifiers should be a valid uuid. warnings.warn(('Invalid uuid: %s. To ensure interoperability, '
2026-07-14 19:10:56.721 9 INFO neutron.api.wsgi [None req-4b5e8caa-bd15-44c3-b9a2-2115cada405f 0d47c9af7b4e4b3fbcf6988af793f6b2 c50ad9451dab463f84b6d6d99cb2db83 - - default default] 10.0.0.106 "PUT /v2.0/trunks/97474dba-cb02-4d4f-ac04-b2b9392b22f6/tags HTTP/1.1" status: 200 len: 218 time: 0.0578010
2026-07-14 19:10:56.750 9 WARNING neutron.scheduler.dhcp_agent_scheduler [req-28de44ad-718e-4395-9984-4aa84a223577 req-c8c96f1a-bf51-4b6c-a132-e6f20fcb1b42 b274158e5573491780fde5f77a218787 b8ad73b60205414fa7fc4e0eb9fc7dd6 - - default default] No more DHCP agents
2026-07-14 19:10:56.753 8 INFO neutron.api.wsgi [None req-c8ed7b44-b58c-474c-8032-d147ef73da68 0d47c9af7b4e4b3fbcf6988af793f6b2 c50ad9451dab463f84b6d6d99cb2db83 - - default default] 10.0.0.106 "GET /v2.0/trunks/97474dba-cb02-4d4f-ac04-b2b9392b22f6/tags HTTP/1.1" status: 200 len: 218 time: 0.0252292
2026-07-14 19:10:56.753 9 WARNING neutron.api.rpc.agentnotifiers.dhcp_rpc_agent_api [req-28de44ad-718e-4395-9984-4aa84a223577 req-c8c96f1a-bf51-4b6c-a132-e6f20fcb1b42 b274158e5573491780fde5f77a218787 b8ad73b60205414fa7fc4e0eb9fc7dd6 - - default default] Unable to schedule network 71b2c504-debe-4a10-b514-a92f5b442905: no agents available; will retry on subsequent port and subnet creation events. /var/lib/openstack/lib/python3.12/site-packages/pycadf/identifier.py:71: UserWarning: Invalid uuid: neutron. To ensure interoperability, identifiers should be a valid uuid. warnings.warn(('Invalid uuid: %s. To ensure interoperability, '
2026-07-14 19:10:56.814 9 INFO neutron.api.wsgi [None req-5b08c3db-f5b9-4382-94dc-4c18dae8ab5a 0d47c9af7b4e4b3fbcf6988af793f6b2 c50ad9451dab463f84b6d6d99cb2db83 - - default default] 10.0.0.106 "PUT /v2.0/trunks/97474dba-cb02-4d4f-ac04-b2b9392b22f6/tags/green HTTP/1.1" status: 201 len: 201 time: 0.0522013
2026-07-14 19:10:56.831 9 INFO neutron.db.ovn_revision_numbers_db [None req-78e7644f-ebae-4585-992a-460518261fc6 a9b91f923c604cc79670081bba931eae 396612b564b846ecb04e1aa3c67c14b4 - - default default] Successfully bumped revision number for resource 20fb19ee-71e9-4386-b942-451476cb2103 (type: security_groups) to 1
2026-07-14 19:10:56.840 8 INFO neutron.api.wsgi [None req-d70ba93e-9b48-44ac-a101-3781d271d872 0d47c9af7b4e4b3fbcf6988af793f6b2 c50ad9451dab463f84b6d6d99cb2db83 - - default default] 10.0.0.106 "GET /v2.0/trunks/97474dba-cb02-4d4f-ac04-b2b9392b22f6/tags HTTP/1.1" status: 200 len: 227 time: 0.0208037
2026-07-14 19:10:56.860 9 INFO neutron.db.ovn_revision_numbers_db [None req-78e7644f-ebae-4585-992a-460518261fc6 a9b91f923c604cc79670081bba931eae 396612b564b846ecb04e1aa3c67c14b4 - - default default] Successfully bumped revision number for resource 0a7e2c40-82b8-42b8-b82f-b6b3eda67374 (type: security_group_rules) to 0
2026-07-14 19:10:56.877 9 INFO neutron.api.wsgi [None req-76fec4ba-51c9-4583-a9e9-0d031305d803 0d47c9af7b4e4b3fbcf6988af793f6b2 c50ad9451dab463f84b6d6d99cb2db83 - - default default] 10.0.0.106 "PUT /v2.0/trunks/97474dba-cb02-4d4f-ac04-b2b9392b22f6/tags/red HTTP/1.1" status: 201 len: 201 time: 0.0305660
2026-07-14 19:10:56.886 9 INFO neutron.db.ovn_revision_numbers_db [None req-78e7644f-ebae-4585-992a-460518261fc6 a9b91f923c604cc79670081bba931eae 396612b564b846ecb04e1aa3c67c14b4 - - default default] Successfully bumped revision number for resource f9553bd5-9349-4bf5-8c77-d3d67b7bbdce (type: security_group_rules) to 0
2026-07-14 19:10:56.888 8 INFO neutron.services.segments.plugin [-] Segment c36f644a-27ff-4bdb-afb0-6ec2b64dbbaf resource provider aggregate not found
2026-07-14 19:10:56.894 8 INFO neutron.services.segments.plugin [-] Segment c36f644a-27ff-4bdb-afb0-6ec2b64dbbaf resource provider aggregate not found
2026-07-14 19:10:56.913 8 INFO neutron.services.segments.plugin [-] Segment c36f644a-27ff-4bdb-afb0-6ec2b64dbbaf resource provider not found; error: Placement Client Error (4xx): {"errors": [{"status": 404, "title": "Not Found", "detail": "The resource could not be found.\n\n No resource provider with uuid c36f644a-27ff-4bdb-afb0-6ec2b64dbbaf found for delete ", "request_id": "req-31ad7115-4335-4f0d-b551-9890977f8981"}]}
2026-07-14 19:10:56.916 8 INFO neutron.services.segments.plugin [-] Segment c36f644a-27ff-4bdb-afb0-6ec2b64dbbaf resource provider not found; error: Placement Client Error (4xx): {"errors": [{"status": 404, "title": "Not Found", "detail": "The resource could not be found.\n\n No resource provider with uuid c36f644a-27ff-4bdb-afb0-6ec2b64dbbaf found for delete ", "request_id": "req-2fca7828-5820-480e-a8d0-6db597c6240c"}]}
2026-07-14 19:10:56.920 8 INFO neutron.api.wsgi [None req-a662b494-ca7a-40fc-8aa4-50a924f2bcbf 0d47c9af7b4e4b3fbcf6988af793f6b2 c50ad9451dab463f84b6d6d99cb2db83 - - default default] 10.0.0.106 "GET /v2.0/trunks/97474dba-cb02-4d4f-ac04-b2b9392b22f6/tags HTTP/1.1" status: 200 len: 227 time: 0.0380635
2026-07-14 19:10:56.936 9 INFO neutron.api.wsgi [None req-78e7644f-ebae-4585-992a-460518261fc6 a9b91f923c604cc79670081bba931eae 396612b564b846ecb04e1aa3c67c14b4 - - default default] 10.0.0.106 "POST /v2.0/security-groups HTTP/1.1" status: 201 len: 1825 time: 0.2992537
2026-07-14 19:10:56.947 8 INFO neutron.api.wsgi [None req-0eeb0c37-f72c-4e69-b3e3-c23de4edee3f 36746e88c9dc475bb2d377c368977109 aff27f8de14f4d1eb6c06a703f4e7ea4 - - default default] 10.0.0.106 "DELETE /v2.0/networks/91e2efb2-98dd-4565-a24e-a612cd651189 HTTP/1.1" status: 204 len: 168 time: 0.4528825
2026-07-14 19:10:56.950 9 WARNING neutron_lib.context [None req-5667c430-4ac5-4d0c-abd9-7b56623f7d06 a9b91f923c604cc79670081bba931eae 396612b564b846ecb04e1aa3c67c14b4 - - default default] Method 'is_advsvc' is deprecated since 2023.2 release (neutron-lib 3.8.0) and will be removed once support for the old RBAC API policies will be removed from Neutron. Please use method 'is_service_role' instead.
2026-07-14 19:10:56.968 9 INFO neutron.db.ovn_revision_numbers_db [req-28de44ad-718e-4395-9984-4aa84a223577 req-c8c96f1a-bf51-4b6c-a132-e6f20fcb1b42 b274158e5573491780fde5f77a218787 b8ad73b60205414fa7fc4e0eb9fc7dd6 - - default default] Successfully bumped revision number for resource 1a0b965f-c066-4f1f-beda-1ef6b8e13af9 (type: ports) to 1
2026-07-14 19:10:56.977 9 INFO neutron.api.wsgi [None req-f06151bd-8a62-4813-ab6f-f908fe9b70a6 0d47c9af7b4e4b3fbcf6988af793f6b2 c50ad9451dab463f84b6d6d99cb2db83 - - default default] 10.0.0.106 "PUT /v2.0/trunks/97474dba-cb02-4d4f-ac04-b2b9392b22f6/tags/black.or.white HTTP/1.1" status: 201 len: 201 time: 0.0516884
2026-07-14 19:10:57.003 9 INFO neutron.api.wsgi [req-28de44ad-718e-4395-9984-4aa84a223577 req-c8c96f1a-bf51-4b6c-a132-e6f20fcb1b42 b274158e5573491780fde5f77a218787 b8ad73b60205414fa7fc4e0eb9fc7dd6 - - default default] 199.19.213.166 "POST /v2.0/ports HTTP/1.1" status: 201 len: 1162 time: 0.7433927
2026-07-14 19:10:57.007 8 INFO neutron.api.wsgi [None req-50ff9e0e-536e-4e9e-afb6-d933d93743d8 0d47c9af7b4e4b3fbcf6988af793f6b2 c50ad9451dab463f84b6d6d99cb2db83 - - default default] 10.0.0.106 "GET /v2.0/trunks/97474dba-cb02-4d4f-ac04-b2b9392b22f6/tags HTTP/1.1" status: 200 len: 245 time: 0.0241845
2026-07-14 19:10:57.088 9 INFO neutron.api.wsgi [None req-3752ae19-10de-41f6-8249-2fa9c0286ff6 0d47c9af7b4e4b3fbcf6988af793f6b2 c50ad9451dab463f84b6d6d99cb2db83 - - default default] 10.0.0.106 "PUT /v2.0/trunks/97474dba-cb02-4d4f-ac04-b2b9392b22f6/tags HTTP/1.1" status: 200 len: 230 time: 0.0745392
2026-07-14 19:10:57.141 9 INFO neutron.api.wsgi [None req-28b6e6ec-43d9-43c3-9fd4-578f467b546c 0d47c9af7b4e4b3fbcf6988af793f6b2 c50ad9451dab463f84b6d6d99cb2db83 - - default default] 10.0.0.106 "GET /v2.0/trunks/97474dba-cb02-4d4f-ac04-b2b9392b22f6/tags HTTP/1.1" status: 200 len: 230 time: 0.0474665
2026-07-14 19:10:57.187 9 INFO neutron.api.wsgi [None req-1ce22439-dadc-4e3f-9740-096c78544739 0d47c9af7b4e4b3fbcf6988af793f6b2 c50ad9451dab463f84b6d6d99cb2db83 - - default default] 10.0.0.106 "GET /v2.0/trunks/97474dba-cb02-4d4f-ac04-b2b9392b22f6/tags/red HTTP/1.1" status: 204 len: 168 time: 0.0410521
2026-07-14 19:10:57.209 8 INFO neutron.api.v2.resource [None req-9a75a977-9df9-415f-9929-9e4a4ad1f291 0d47c9af7b4e4b3fbcf6988af793f6b2 c50ad9451dab463f84b6d6d99cb2db83 - - default default] show failed (client error): The resource could not be found.
2026-07-14 19:10:57.210 9 INFO neutron.db.ovn_revision_numbers_db [None req-5667c430-4ac5-4d0c-abd9-7b56623f7d06 a9b91f923c604cc79670081bba931eae 396612b564b846ecb04e1aa3c67c14b4 - - default default] Successfully bumped revision number for resource 96ac5414-375f-4b17-b425-a40bc87c88df (type: security_group_rules) to 0
2026-07-14 19:10:57.210 8 INFO neutron.api.wsgi [None req-9a75a977-9df9-415f-9929-9e4a4ad1f291 0d47c9af7b4e4b3fbcf6988af793f6b2 c50ad9451dab463f84b6d6d99cb2db83 - - default default] 10.0.0.106 "GET /v2.0/trunks/97474dba-cb02-4d4f-ac04-b2b9392b22f6/tags/green HTTP/1.1" status: 404 len: 299 time: 0.0187337
2026-07-14 19:10:57.257 9 INFO neutron.api.wsgi [None req-5667c430-4ac5-4d0c-abd9-7b56623f7d06 a9b91f923c604cc79670081bba931eae 396612b564b846ecb04e1aa3c67c14b4 - - default default] 10.0.0.106 "POST /v2.0/security-group-rules HTTP/1.1" status: 201 len: 800 time: 0.3135300
2026-07-14 19:10:57.262 8 INFO neutron.api.wsgi [None req-0d1d6bd8-d3a0-4242-8974-bfa9b63154e5 0d47c9af7b4e4b3fbcf6988af793f6b2 c50ad9451dab463f84b6d6d99cb2db83 - - default default] 10.0.0.106 "DELETE /v2.0/trunks/97474dba-cb02-4d4f-ac04-b2b9392b22f6/tags/red HTTP/1.1" status: 204 len: 168 time: 0.0454516
2026-07-14 19:10:57.293 9 INFO neutron.api.wsgi [None req-200a8fdf-52e0-435f-b7cd-aafbc7233153 0d47c9af7b4e4b3fbcf6988af793f6b2 c50ad9451dab463f84b6d6d99cb2db83 - - default default] 10.0.0.106 "GET /v2.0/trunks/97474dba-cb02-4d4f-ac04-b2b9392b22f6/tags HTTP/1.1" status: 200 len: 223 time: 0.0257225
2026-07-14 19:10:57.306 8 INFO neutron.api.wsgi [None req-de65c8a3-595d-4e23-a19c-9254b4115d82 a9b91f923c604cc79670081bba931eae 396612b564b846ecb04e1aa3c67c14b4 - - default default] 10.0.0.106 "GET /v2.0/security-group-rules/96ac5414-375f-4b17-b425-a40bc87c88df HTTP/1.1" status: 200 len: 795 time: 0.0405235
2026-07-14 19:10:57.345 9 INFO neutron.api.v2.resource [None req-8e298aa8-3289-4dda-a13f-1194a0305c14 0d47c9af7b4e4b3fbcf6988af793f6b2 c50ad9451dab463f84b6d6d99cb2db83 - - default default] delete failed (client error): The resource could not be found.
2026-07-14 19:10:57.346 9 INFO neutron.api.wsgi [None req-8e298aa8-3289-4dda-a13f-1194a0305c14 0d47c9af7b4e4b3fbcf6988af793f6b2 c50ad9451dab463f84b6d6d99cb2db83 - - default default] 10.0.0.106 "DELETE /v2.0/trunks/97474dba-cb02-4d4f-ac04-b2b9392b22f6/tags/green HTTP/1.1" status: 404 len: 299 time: 0.0481236
2026-07-14 19:10:57.377 8 INFO neutron.api.wsgi [None req-1408c440-8d52-4b1b-b2bb-d8c2cd89231f 36746e88c9dc475bb2d377c368977109 aff27f8de14f4d1eb6c06a703f4e7ea4 - - default default] 10.0.0.106 "DELETE /v2.0/networks/64e648ee-fae7-48fe-aa29-46e009209dd8 HTTP/1.1" status: 204 len: 168 time: 0.4257622
2026-07-14 19:10:57.453 9 INFO neutron.api.wsgi [None req-2fabf971-32c8-49ed-9998-654c450b6a35 0d47c9af7b4e4b3fbcf6988af793f6b2 c50ad9451dab463f84b6d6d99cb2db83 - - default default] 10.0.0.106 "DELETE /v2.0/trunks/97474dba-cb02-4d4f-ac04-b2b9392b22f6/tags HTTP/1.1" status: 204 len: 168 time: 0.0995471
2026-07-14 19:10:57.484 8 INFO neutron.api.wsgi [None req-9b0f9381-4e9c-497b-ad38-7f74cde0e0d1 0d47c9af7b4e4b3fbcf6988af793f6b2 c50ad9451dab463f84b6d6d99cb2db83 - - default default] 10.0.0.106 "GET /v2.0/trunks/97474dba-cb02-4d4f-ac04-b2b9392b22f6/tags HTTP/1.1" status: 200 len: 205 time: 0.0216439
2026-07-14 19:10:57.499 9 INFO neutron.api.wsgi [None req-7f71ce4c-2f08-46ec-b70e-1b3ab286a649 a9b91f923c604cc79670081bba931eae 396612b564b846ecb04e1aa3c67c14b4 - - default default] 10.0.0.106 "GET /v2.0/security-group-rules HTTP/1.1" status: 200 len: 4333 time: 0.1882062 /var/lib/openstack/lib/python3.12/site-packages/pycadf/identifier.py:71: UserWarning: Invalid uuid: neutron. To ensure interoperability, identifiers should be a valid uuid. warnings.warn(('Invalid uuid: %s. To ensure interoperability, '
2026-07-14 19:10:57.536 9 INFO neutron.api.wsgi [None req-ab13d716-39c5-49dc-a851-7220b5db8fc2 0d47c9af7b4e4b3fbcf6988af793f6b2 c50ad9451dab463f84b6d6d99cb2db83 - - default default] 10.0.0.106 "GET /v2.0/trunks/97474dba-cb02-4d4f-ac04-b2b9392b22f6 HTTP/1.1" status: 200 len: 603 time: 0.0277181
2026-07-14 19:10:57.544 9 INFO neutron.api.wsgi [req-d982e34c-4a21-4df9-8ab5-9d0d8bf420b5 req-927e8159-a929-44db-a21e-1fda620b53a4 b274158e5573491780fde5f77a218787 b8ad73b60205414fa7fc4e0eb9fc7dd6 - - default default] 10.0.0.241 "GET /v2.0/ports?device_id=4c3110a2-ca62-4a18-b0e6-2e003fae5192 HTTP/1.1" status: 200 len: 1172 time: 0.1454725
2026-07-14 19:10:57.601 9 INFO neutron.api.wsgi [req-d982e34c-4a21-4df9-8ab5-9d0d8bf420b5 req-84588008-c793-4bf3-89c4-27e9aa3d4dd9 b274158e5573491780fde5f77a218787 b8ad73b60205414fa7fc4e0eb9fc7dd6 - - default default] 10.0.0.241 "GET /v2.0/security-groups?id=265b595f-9233-4334-8a47-d19d5d810df4&fields=id&fields=name HTTP/1.1" status: 200 len: 286 time: 0.0510726
2026-07-14 19:10:57.666 8 INFO neutron.api.wsgi [None req-c7a3c054-ee35-4364-907c-95521bb230db 0d47c9af7b4e4b3fbcf6988af793f6b2 c50ad9451dab463f84b6d6d99cb2db83 - - default default] 10.0.0.106 "GET /v2.0/ports/d25978a5-00fd-4bf3-a4fa-7c84e13cbfb5 HTTP/1.1" status: 200 len: 1020 time: 0.1246645
2026-07-14 19:10:57.699 9 INFO neutron.db.ovn_revision_numbers_db [req-28de44ad-718e-4395-9984-4aa84a223577 req-e5da0130-c1aa-43d3-bb9f-911e28ce3d43 64cdc5d9c058421f86a927a38585db0a 1f755786a48d4d4ab0dfad4c8baccc73 - - a1d42b11def94b6da85a2b715b2d2bd9 a1d42b11def94b6da85a2b715b2d2bd9] Successfully bumped revision number for resource 1a0b965f-c066-4f1f-beda-1ef6b8e13af9 (type: ports) to 2
2026-07-14 19:10:57.704 8 INFO neutron.api.wsgi [None req-28b51b79-9cb8-443b-831e-3ca2e739c2ce a9b91f923c604cc79670081bba931eae 396612b564b846ecb04e1aa3c67c14b4 - - default default] 10.0.0.106 "DELETE /v2.0/security-group-rules/96ac5414-375f-4b17-b425-a40bc87c88df HTTP/1.1" status: 204 len: 168 time: 0.1987679
2026-07-14 19:10:57.780 8 INFO neutron.api.wsgi [None req-49565834-dfe1-40c0-a3bb-d41c94c3f9dd 0d47c9af7b4e4b3fbcf6988af793f6b2 c50ad9451dab463f84b6d6d99cb2db83 - - default default] 10.0.0.106 "DELETE /v2.0/trunks/97474dba-cb02-4d4f-ac04-b2b9392b22f6 HTTP/1.1" status: 204 len: 168 time: 0.1089635
2026-07-14 19:10:57.792 9 INFO neutron.api.wsgi [None req-3773e66f-1454-4f3c-85ce-11841d056aaa a9b91f923c604cc79670081bba931eae 396612b564b846ecb04e1aa3c67c14b4 - - default default] 10.0.0.106 "GET /v2.0/security-group-rules HTTP/1.1" status: 200 len: 3755 time: 0.0819480
2026-07-14 19:10:57.805 8 WARNING neutron_lib.context [None req-9a9539f9-2cad-43b7-b998-0f90a6a95f15 a9b91f923c604cc79670081bba931eae 396612b564b846ecb04e1aa3c67c14b4 - - default default] Method 'is_advsvc' is deprecated since 2023.2 release (neutron-lib 3.8.0) and will be removed once support for the old RBAC API policies will be removed from Neutron. Please use method 'is_service_role' instead.
2026-07-14 19:10:57.895 8 INFO neutron.api.wsgi [None req-ef430c33-7734-48d5-a0c3-8eda6a8beaa3 36746e88c9dc475bb2d377c368977109 aff27f8de14f4d1eb6c06a703f4e7ea4 - - default default] 10.0.0.106 "DELETE /v2.0/networks/ae8c5932-28df-4318-9016-9507328132a8 HTTP/1.1" status: 204 len: 168 time: 0.5139351
2026-07-14 19:10:57.966 8 INFO neutron.db.ovn_revision_numbers_db [None req-9a9539f9-2cad-43b7-b998-0f90a6a95f15 a9b91f923c604cc79670081bba931eae 396612b564b846ecb04e1aa3c67c14b4 - - default default] Successfully bumped revision number for resource a43e5b3d-0c62-4368-80a1-d7dbdb629bf3 (type: security_group_rules) to 0
2026-07-14 19:10:58.009 8 INFO neutron.api.wsgi [None req-9a9539f9-2cad-43b7-b998-0f90a6a95f15 a9b91f923c604cc79670081bba931eae 396612b564b846ecb04e1aa3c67c14b4 - - default default] 10.0.0.106 "POST /v2.0/security-group-rules HTTP/1.1" status: 201 len: 800 time: 0.2099669 /var/lib/openstack/lib/python3.12/site-packages/pycadf/identifier.py:71: UserWarning: Invalid uuid: neutron. To ensure interoperability, identifiers should be a valid uuid. warnings.warn(('Invalid uuid: %s. To ensure interoperability, '
2026-07-14 19:10:58.029 9 INFO neutron.db.ovn_revision_numbers_db [req-28de44ad-718e-4395-9984-4aa84a223577 req-e5da0130-c1aa-43d3-bb9f-911e28ce3d43 64cdc5d9c058421f86a927a38585db0a 1f755786a48d4d4ab0dfad4c8baccc73 - - a1d42b11def94b6da85a2b715b2d2bd9 a1d42b11def94b6da85a2b715b2d2bd9] Successfully bumped revision number for resource 1a0b965f-c066-4f1f-beda-1ef6b8e13af9 (type: ports) to 4
2026-07-14 19:10:58.044 9 INFO neutron.api.wsgi [None req-ed6ab1c7-10ac-4d2e-af92-b92283e0e01a a9b91f923c604cc79670081bba931eae 396612b564b846ecb04e1aa3c67c14b4 - - default default] 10.0.0.106 "GET /v2.0/security-group-rules/a43e5b3d-0c62-4368-80a1-d7dbdb629bf3 HTTP/1.1" status: 200 len: 795 time: 0.0293663
2026-07-14 19:10:58.050 9 INFO neutron.api.wsgi [req-28de44ad-718e-4395-9984-4aa84a223577 req-e5da0130-c1aa-43d3-bb9f-911e28ce3d43 64cdc5d9c058421f86a927a38585db0a 1f755786a48d4d4ab0dfad4c8baccc73 - - a1d42b11def94b6da85a2b715b2d2bd9 a1d42b11def94b6da85a2b715b2d2bd9] 199.19.213.166 "PUT /v2.0/ports/1a0b965f-c066-4f1f-beda-1ef6b8e13af9 HTTP/1.1" status: 200 len: 1408 time: 1.0388539
2026-07-14 19:10:58.087 9 INFO neutron.notifiers.nova [-] Nova event matching ['req-9d4433f4-0d4f-49f1-afb6-ee64544ccae7'] response: {'name': 'network-changed', 'server_uuid': '4c3110a2-ca62-4a18-b0e6-2e003fae5192', 'tag': '1a0b965f-c066-4f1f-beda-1ef6b8e13af9', 'status': 'completed', 'code': 200}
2026-07-14 19:10:58.109 9 INFO neutron.api.wsgi [None req-f8ddae4c-8ad2-4c76-99d8-e9a7ee2da6cc 0d47c9af7b4e4b3fbcf6988af793f6b2 c50ad9451dab463f84b6d6d99cb2db83 - - default default] 10.0.0.106 "DELETE /v2.0/ports/d25978a5-00fd-4bf3-a4fa-7c84e13cbfb5 HTTP/1.1" status: 204 len: 168 time: 0.3236537
2026-07-14 19:10:58.152 8 INFO neutron.api.wsgi [None req-4fdcda0b-99b4-4033-a5c5-68a8ee998c8d a9b91f923c604cc79670081bba931eae 396612b564b846ecb04e1aa3c67c14b4 - - default default] 10.0.0.106 "GET /v2.0/security-group-rules HTTP/1.1" status: 200 len: 4333 time: 0.1012344
2026-07-14 19:10:58.271 8 INFO neutron.api.wsgi [None req-94201db0-46b4-409c-9ffd-c35efd73ab3b a9b91f923c604cc79670081bba931eae 396612b564b846ecb04e1aa3c67c14b4 - - default default] 10.0.0.106 "DELETE /v2.0/security-group-rules/a43e5b3d-0c62-4368-80a1-d7dbdb629bf3 HTTP/1.1" status: 204 len: 168 time: 0.1134527
2026-07-14 19:10:58.335 8 INFO neutron.api.wsgi [None req-927cf167-4dbf-4290-ac72-993f504c8a16 36746e88c9dc475bb2d377c368977109 aff27f8de14f4d1eb6c06a703f4e7ea4 - - default default] 10.0.0.106 "DELETE /v2.0/networks/1490fe9d-cb8e-4e8a-9245-710cded6212c HTTP/1.1" status: 204 len: 168 time: 0.4252791
2026-07-14 19:10:58.338 9 INFO neutron.api.wsgi [None req-b18f7937-f1a4-4418-94e7-0f9a3a666913 a9b91f923c604cc79670081bba931eae 396612b564b846ecb04e1aa3c67c14b4 - - default default] 10.0.0.106 "GET /v2.0/security-group-rules HTTP/1.1" status: 200 len: 3755 time: 0.0615547
2026-07-14 19:10:58.353 8 WARNING neutron_lib.context [None req-1bbc8df5-9b54-46ce-8806-2345f7e95540 a9b91f923c604cc79670081bba931eae 396612b564b846ecb04e1aa3c67c14b4 - - default default] Method 'is_advsvc' is deprecated since 2023.2 release (neutron-lib 3.8.0) and will be removed once support for the old RBAC API policies will be removed from Neutron. Please use method 'is_service_role' instead.
2026-07-14 19:10:58.388 8 INFO neutron.db.securitygroups_db [None req-1bbc8df5-9b54-46ce-8806-2345f7e95540 a9b91f923c604cc79670081bba931eae 396612b564b846ecb04e1aa3c67c14b4 - - default default] Project 396612b564b846ecb04e1aa3c67c14b4 added a security group rule with legacy IPv6 ICMP protocol name icmp, ipv6-icmp should be used instead. It was automatically converted.
2026-07-14 19:10:58.464 8 INFO neutron.db.ovn_revision_numbers_db [None req-1bbc8df5-9b54-46ce-8806-2345f7e95540 a9b91f923c604cc79670081bba931eae 396612b564b846ecb04e1aa3c67c14b4 - - default default] Successfully bumped revision number for resource fa02f26a-a400-4702-9ae5-de751aa5c6be (type: security_group_rules) to 0
2026-07-14 19:10:58.472 9 INFO neutron.api.wsgi [None req-fe057c0c-bcc5-490a-b0f3-fb22dc5d1816 0d47c9af7b4e4b3fbcf6988af793f6b2 c50ad9451dab463f84b6d6d99cb2db83 - - default default] 10.0.0.106 "DELETE /v2.0/networks/d367da67-f260-4b03-9857-d30b7043ed48 HTTP/1.1" status: 204 len: 168 time: 0.3561475
2026-07-14 19:10:58.477 9 INFO neutron.services.segments.plugin [-] Segment 3ede614f-d81b-4738-9b18-73902670f4b2 resource provider aggregate not found
2026-07-14 19:10:58.481 9 INFO neutron.services.segments.plugin [-] Segment 3ede614f-d81b-4738-9b18-73902670f4b2 resource provider aggregate not found
2026-07-14 19:10:58.494 9 INFO neutron.services.segments.plugin [-] Segment 3ede614f-d81b-4738-9b18-73902670f4b2 resource provider not found; error: Placement Client Error (4xx): {"errors": [{"status": 404, "title": "Not Found", "detail": "The resource could not be found.\n\n No resource provider with uuid 3ede614f-d81b-4738-9b18-73902670f4b2 found for delete ", "request_id": "req-9c2db3bf-169b-4cef-a216-58c2fa835386"}]}
2026-07-14 19:10:58.495 9 INFO neutron.services.segments.plugin [-] Segment 3ede614f-d81b-4738-9b18-73902670f4b2 resource provider not found; error: Placement Client Error (4xx): {"errors": [{"status": 404, "title": "Not Found", "detail": "The resource could not be found.\n\n No resource provider with uuid 3ede614f-d81b-4738-9b18-73902670f4b2 found for delete ", "request_id": "req-520a78ab-fc90-4833-b1fe-68d7bb7834c6"}]}
2026-07-14 19:10:58.507 8 INFO neutron.api.wsgi [None req-1bbc8df5-9b54-46ce-8806-2345f7e95540 a9b91f923c604cc79670081bba931eae 396612b564b846ecb04e1aa3c67c14b4 - - default default] 10.0.0.106 "POST /v2.0/security-group-rules HTTP/1.1" status: 201 len: 806 time: 0.1605670
2026-07-14 19:10:58.539 8 INFO neutron.api.wsgi [None req-94bd1bfa-ce98-4f9e-8815-6d3e13b8bdb6 a9b91f923c604cc79670081bba931eae 396612b564b846ecb04e1aa3c67c14b4 - - default default] 10.0.0.106 "GET /v2.0/security-group-rules/fa02f26a-a400-4702-9ae5-de751aa5c6be HTTP/1.1" status: 200 len: 801 time: 0.0258734
2026-07-14 19:10:58.610 8 INFO neutron.api.wsgi [None req-16681b5e-87cb-4aaf-9f9a-f635cd23f192 a9b91f923c604cc79670081bba931eae 396612b564b846ecb04e1aa3c67c14b4 - - default default] 10.0.0.106 "GET /v2.0/security-group-rules HTTP/1.1" status: 200 len: 4339 time: 0.0649712
2026-07-14 19:10:58.641 9 INFO neutron.api.wsgi [req-d889bc97-26fa-41fc-8b84-01edb5f5412e req-cea1989f-bb14-4dea-ab02-47793de6bdd3 64cdc5d9c058421f86a927a38585db0a 1f755786a48d4d4ab0dfad4c8baccc73 - - a1d42b11def94b6da85a2b715b2d2bd9 a1d42b11def94b6da85a2b715b2d2bd9] 199.19.213.166 "GET /v2.0/ports?tenant_id=b8ad73b60205414fa7fc4e0eb9fc7dd6&device_id=4c3110a2-ca62-4a18-b0e6-2e003fae5192 HTTP/1.1" status: 200 len: 1411 time: 0.0454566
2026-07-14 19:10:58.710 9 INFO neutron.api.wsgi [req-d889bc97-26fa-41fc-8b84-01edb5f5412e req-507e2970-929d-4cd1-8dc5-05abc1634776 64cdc5d9c058421f86a927a38585db0a 1f755786a48d4d4ab0dfad4c8baccc73 - - a1d42b11def94b6da85a2b715b2d2bd9 a1d42b11def94b6da85a2b715b2d2bd9] 199.19.213.166 "GET /v2.0/networks?tenant_id=b8ad73b60205414fa7fc4e0eb9fc7dd6&shared=False HTTP/1.1" status: 200 len: 971 time: 0.0565693
2026-07-14 19:10:58.719 9 INFO neutron.api.wsgi [req-bdf7e5d5-563c-423c-a916-fda471890957 req-50721f45-c2ee-4eca-870c-0d029b117b50 b274158e5573491780fde5f77a218787 b8ad73b60205414fa7fc4e0eb9fc7dd6 - - default default] 10.0.0.241 "GET /v2.0/ports?device_id=4c3110a2-ca62-4a18-b0e6-2e003fae5192 HTTP/1.1" status: 200 len: 1172 time: 0.0393720
2026-07-14 19:10:58.740 8 INFO neutron.api.wsgi [None req-fd12bbba-b8d5-495e-a944-8581429ddbcb a9b91f923c604cc79670081bba931eae 396612b564b846ecb04e1aa3c67c14b4 - - default default] 10.0.0.106 "DELETE /v2.0/security-group-rules/fa02f26a-a400-4702-9ae5-de751aa5c6be HTTP/1.1" status: 204 len: 168 time: 0.1260297
2026-07-14 19:10:58.778 9 INFO neutron.api.wsgi [req-bdf7e5d5-563c-423c-a916-fda471890957 req-42987d3d-9213-4880-a049-312bae424f67 b274158e5573491780fde5f77a218787 b8ad73b60205414fa7fc4e0eb9fc7dd6 - - default default] 10.0.0.241 "GET /v2.0/security-groups?id=265b595f-9233-4334-8a47-d19d5d810df4&fields=id&fields=name HTTP/1.1" status: 200 len: 286 time: 0.0505714
2026-07-14 19:10:58.786 9 INFO neutron.api.wsgi [req-d889bc97-26fa-41fc-8b84-01edb5f5412e req-59f2b02b-f66d-4d50-8f15-848856fb670e 64cdc5d9c058421f86a927a38585db0a 1f755786a48d4d4ab0dfad4c8baccc73 - - a1d42b11def94b6da85a2b715b2d2bd9 a1d42b11def94b6da85a2b715b2d2bd9] 199.19.213.166 "GET /v2.0/networks?shared=True HTTP/1.1" status: 200 len: 952 time: 0.0657046
2026-07-14 19:10:58.811 8 INFO neutron.api.wsgi [None req-66aeb837-c16c-43e3-8ba4-9400d637b4d3 a9b91f923c604cc79670081bba931eae 396612b564b846ecb04e1aa3c67c14b4 - - default default] 10.0.0.106 "GET /v2.0/security-group-rules HTTP/1.1" status: 200 len: 3755 time: 0.0629997
2026-07-14 19:10:58.934 8 INFO neutron.api.wsgi [None req-4b03da2c-7f8b-4a79-afa2-c1c1db2fbc38 a9b91f923c604cc79670081bba931eae 396612b564b846ecb04e1aa3c67c14b4 - - default default] 10.0.0.106 "DELETE /v2.0/security-groups/20fb19ee-71e9-4386-b942-451476cb2103 HTTP/1.1" status: 204 len: 168 time: 0.1181891
2026-07-14 19:10:58.941 8 INFO neutron.services.segments.plugin [-] Segment 95652889-d1c7-4370-a4bc-647295fda1be resource provider aggregate not found
2026-07-14 19:10:58.945 8 INFO neutron.services.segments.plugin [-] Segment 95652889-d1c7-4370-a4bc-647295fda1be resource provider aggregate not found
2026-07-14 19:10:58.962 8 INFO neutron.services.segments.plugin [-] Segment 95652889-d1c7-4370-a4bc-647295fda1be resource provider not found; error: Placement Client Error (4xx): {"errors": [{"status": 404, "title": "Not Found", "detail": "The resource could not be found.\n\n No resource provider with uuid 95652889-d1c7-4370-a4bc-647295fda1be found for delete ", "request_id": "req-e1f4a9a0-d691-4b83-a676-7467fae91e73"}]}
2026-07-14 19:10:58.966 8 INFO neutron.services.segments.plugin [-] Segment 95652889-d1c7-4370-a4bc-647295fda1be resource provider not found; error: Placement Client Error (4xx): {"errors": [{"status": 404, "title": "Not Found", "detail": "The resource could not be found.\n\n No resource provider with uuid 95652889-d1c7-4370-a4bc-647295fda1be found for delete ", "request_id": "req-0c3697e0-233c-4975-b19a-42bc37194ebc"}]}
2026-07-14 19:10:58.981 8 INFO neutron.services.segments.plugin [-] Segment 5b9d8562-1413-405c-b322-f0d4392d8cbb resource provider aggregate not found
2026-07-14 19:10:58.987 8 INFO neutron.services.segments.plugin [-] Segment 5b9d8562-1413-405c-b322-f0d4392d8cbb resource provider aggregate not found
2026-07-14 19:10:58.993 8 INFO neutron.api.wsgi [None req-67958891-76a7-4bf7-952b-c12b34404c5a a9b91f923c604cc79670081bba931eae 396612b564b846ecb04e1aa3c67c14b4 - - default default] 10.0.0.106 "GET /v2.0/security-groups HTTP/1.1" status: 200 len: 3120 time: 0.0532956
2026-07-14 19:10:59.001 8 INFO neutron.services.segments.plugin [-] Segment 5b9d8562-1413-405c-b322-f0d4392d8cbb resource provider not found; error: Placement Client Error (4xx): {"errors": [{"status": 404, "title": "Not Found", "detail": "The resource could not be found.\n\n No resource provider with uuid 5b9d8562-1413-405c-b322-f0d4392d8cbb found for delete ", "request_id": "req-7ee2dc76-f548-4a59-8a96-43c87134e855"}]}
2026-07-14 19:10:59.008 8 INFO neutron.services.segments.plugin [-] Segment 5b9d8562-1413-405c-b322-f0d4392d8cbb resource provider not found; error: Placement Client Error (4xx): {"errors": [{"status": 404, "title": "Not Found", "detail": "The resource could not be found.\n\n No resource provider with uuid 5b9d8562-1413-405c-b322-f0d4392d8cbb found for delete ", "request_id": "req-81b593ca-69ed-4c90-b5d0-a82710cd5a73"}]}
2026-07-14 19:10:59.020 8 INFO neutron.services.segments.plugin [-] Segment 2fa26db2-8f8e-4977-9dcc-4402112998b2 resource provider aggregate not found
2026-07-14 19:10:59.023 8 INFO neutron.services.segments.plugin [-] Segment 2fa26db2-8f8e-4977-9dcc-4402112998b2 resource provider aggregate not found
2026-07-14 19:10:59.037 8 INFO neutron.services.segments.plugin [-] Segment 2fa26db2-8f8e-4977-9dcc-4402112998b2 resource provider not found; error: Placement Client Error (4xx): {"errors": [{"status": 404, "title": "Not Found", "detail": "The resource could not be found.\n\n No resource provider with uuid 2fa26db2-8f8e-4977-9dcc-4402112998b2 found for delete ", "request_id": "req-3b711500-77cb-4ccb-ab30-9aca4548690f"}]}
2026-07-14 19:10:59.039 8 INFO neutron.services.segments.plugin [-] Segment 2fa26db2-8f8e-4977-9dcc-4402112998b2 resource provider not found; error: Placement Client Error (4xx): {"errors": [{"status": 404, "title": "Not Found", "detail": "The resource could not be found.\n\n No resource provider with uuid 2fa26db2-8f8e-4977-9dcc-4402112998b2 found for delete ", "request_id": "req-39b55c16-81b7-4fe1-b3b9-6d35f113b433"}]}
2026-07-14 19:10:59.049 8 INFO neutron.api.wsgi [None req-21093d70-3986-494d-bb5d-ebca9343facc a9b91f923c604cc79670081bba931eae 396612b564b846ecb04e1aa3c67c14b4 - - default default] 10.0.0.106 "GET /v2.0/security-groups HTTP/1.1" status: 200 len: 3120 time: 0.0374992
2026-07-14 19:10:59.468 8 INFO neutron.api.wsgi [None req-43befdf3-7fb0-458e-bb15-ed4d2c63ea5a d54ab789ab764360a301b092e529a1de 944992dde62c4080abe7a663032008a4 - - default default] 10.0.0.106 "GET /v2.0/security-groups?tenant_id=aff27f8de14f4d1eb6c06a703f4e7ea4&name=default HTTP/1.1" status: 200 len: 3120 time: 0.2631714
2026-07-14 19:10:59.625 9 INFO neutron.db.ovn_revision_numbers_db [None req-f38450e4-f086-4efa-a7dd-22e90fc2553a d54ab789ab764360a301b092e529a1de 944992dde62c4080abe7a663032008a4 - - default default] Successfully bumped revision number for resource 3fda9e45-4ce6-4752-abed-70c677919bcc (type: security_groups) to 1
2026-07-14 19:10:59.645 9 INFO neutron.db.ovn_revision_numbers_db [None req-f38450e4-f086-4efa-a7dd-22e90fc2553a d54ab789ab764360a301b092e529a1de 944992dde62c4080abe7a663032008a4 - - default default] Successfully bumped revision number for resource 0a251601-acd9-444f-9591-41d4e219f873 (type: security_group_rules) to 0
2026-07-14 19:10:59.664 9 INFO neutron.db.ovn_revision_numbers_db [None req-f38450e4-f086-4efa-a7dd-22e90fc2553a d54ab789ab764360a301b092e529a1de 944992dde62c4080abe7a663032008a4 - - default default] Successfully bumped revision number for resource 1289430c-3b1a-42ec-82b1-db25b1df4e32 (type: security_group_rules) to 0
2026-07-14 19:10:59.678 9 INFO neutron.db.ovn_revision_numbers_db [None req-f38450e4-f086-4efa-a7dd-22e90fc2553a d54ab789ab764360a301b092e529a1de 944992dde62c4080abe7a663032008a4 - - default default] Successfully bumped revision number for resource 9a86e440-f03d-4b41-9828-bcd22a7b20e1 (type: security_group_rules) to 0
2026-07-14 19:10:59.692 9 INFO neutron.db.ovn_revision_numbers_db [None req-f38450e4-f086-4efa-a7dd-22e90fc2553a d54ab789ab764360a301b092e529a1de 944992dde62c4080abe7a663032008a4 - - default default] Successfully bumped revision number for resource d3ba2742-fed1-4ce5-97d1-ab34aababcf8 (type: security_group_rules) to 0
2026-07-14 19:10:59.701 8 INFO neutron.api.wsgi [None req-576f3efa-585c-4dc3-8fed-76b79d45171d d54ab789ab764360a301b092e529a1de 944992dde62c4080abe7a663032008a4 - - default default] 10.0.0.106 "GET /v2.0/security-groups?tenant_id=396612b564b846ecb04e1aa3c67c14b4&name=default HTTP/1.1" status: 200 len: 3120 time: 0.0899796
2026-07-14 19:10:59.752 9 INFO neutron.api.wsgi [None req-f38450e4-f086-4efa-a7dd-22e90fc2553a d54ab789ab764360a301b092e529a1de 944992dde62c4080abe7a663032008a4 - - default default] 10.0.0.106 "GET /v2.0/security-groups?tenant_id=22d5574b51f942228ff209d20a136304&name=default HTTP/1.1" status: 200 len: 3120 time: 0.5432436
2026-07-14 19:10:59.757 8 INFO neutron.api.wsgi [None req-6ae233e1-e969-46d7-ab33-ceab4d20179d d54ab789ab764360a301b092e529a1de 944992dde62c4080abe7a663032008a4 - - default default] 10.0.0.106 "DELETE /v2.0/security-groups/9f888bb3-19cb-40a2-9245-87752f6720e1 HTTP/1.1" status: 204 len: 168 time: 0.2845318
2026-07-14 19:10:59.849 9 INFO neutron.api.wsgi [req-28de44ad-718e-4395-9984-4aa84a223577 req-79ed749c-a2e9-4377-af11-09fc4738e7bf 64cdc5d9c058421f86a927a38585db0a 1f755786a48d4d4ab0dfad4c8baccc73 - - a1d42b11def94b6da85a2b715b2d2bd9 a1d42b11def94b6da85a2b715b2d2bd9] 199.19.213.166 "GET /v2.0/ports?tenant_id=b8ad73b60205414fa7fc4e0eb9fc7dd6&device_id=4c3110a2-ca62-4a18-b0e6-2e003fae5192 HTTP/1.1" status: 200 len: 1411 time: 0.0515747
2026-07-14 19:10:59.883 9 INFO neutron.api.wsgi [req-28de44ad-718e-4395-9984-4aa84a223577 req-a4fce911-7ce1-4520-a670-df2cf1b4a838 64cdc5d9c058421f86a927a38585db0a 1f755786a48d4d4ab0dfad4c8baccc73 - - a1d42b11def94b6da85a2b715b2d2bd9 a1d42b11def94b6da85a2b715b2d2bd9] 199.19.213.166 "GET /v2.0/floatingips?fixed_ip_address=10.100.0.13&port_id=1a0b965f-c066-4f1f-beda-1ef6b8e13af9 HTTP/1.1" status: 200 len: 217 time: 0.0281994
2026-07-14 19:10:59.932 9 INFO neutron.api.wsgi [req-28de44ad-718e-4395-9984-4aa84a223577 req-b5f31e92-9e70-462d-a3c5-6f7391401e1f 64cdc5d9c058421f86a927a38585db0a 1f755786a48d4d4ab0dfad4c8baccc73 - - a1d42b11def94b6da85a2b715b2d2bd9 a1d42b11def94b6da85a2b715b2d2bd9] 199.19.213.166 "GET /v2.0/subnets?id=1b2de000-0c42-4494-92b8-e0f231c094e8 HTTP/1.1" status: 200 len: 890 time: 0.0428734
2026-07-14 19:10:59.962 9 INFO neutron.api.wsgi [req-28de44ad-718e-4395-9984-4aa84a223577 req-7986e97a-1f58-4933-b52b-b44bbdbb1066 64cdc5d9c058421f86a927a38585db0a 1f755786a48d4d4ab0dfad4c8baccc73 - - a1d42b11def94b6da85a2b715b2d2bd9 a1d42b11def94b6da85a2b715b2d2bd9] 199.19.213.166 "GET /v2.0/ports?network_id=71b2c504-debe-4a10-b514-a92f5b442905&device_owner=network%3Adhcp HTTP/1.1" status: 200 len: 210 time: 0.0227685
2026-07-14 19:10:59.965 8 INFO neutron.api.wsgi [req-b1618ce3-ca6e-43a6-bf6b-3896053a7a53 req-32c05a2a-0793-4fe2-81a4-60620e00ac7e b274158e5573491780fde5f77a218787 b8ad73b60205414fa7fc4e0eb9fc7dd6 - - default default] 10.0.0.241 "GET /v2.0/ports?device_id=4c3110a2-ca62-4a18-b0e6-2e003fae5192 HTTP/1.1" status: 200 len: 1172 time: 0.1185784
2026-07-14 19:11:00.024 8 INFO neutron.db.ovn_revision_numbers_db [None req-45ce63e2-d164-499c-9225-781afa0637c6 d54ab789ab764360a301b092e529a1de 944992dde62c4080abe7a663032008a4 - - default default] Successfully bumped revision number for resource 7762042e-7c31-42a7-83e9-30033f4a9653 (type: security_groups) to 1
2026-07-14 19:11:00.027 8 INFO neutron.api.wsgi [req-b1618ce3-ca6e-43a6-bf6b-3896053a7a53 req-bee5b71c-ef70-4067-b396-fbdee4bec3a0 b274158e5573491780fde5f77a218787 b8ad73b60205414fa7fc4e0eb9fc7dd6 - - default default] 10.0.0.241 "GET /v2.0/security-groups?id=265b595f-9233-4334-8a47-d19d5d810df4&fields=id&fields=name HTTP/1.1" status: 200 len: 286 time: 0.0564866
2026-07-14 19:11:00.041 8 INFO neutron.db.ovn_revision_numbers_db [None req-45ce63e2-d164-499c-9225-781afa0637c6 d54ab789ab764360a301b092e529a1de 944992dde62c4080abe7a663032008a4 - - default default] Successfully bumped revision number for resource 17621c7a-be96-42d3-a0a2-166ea8bff48a (type: security_group_rules) to 0
2026-07-14 19:11:00.041 9 INFO neutron.api.wsgi [req-28de44ad-718e-4395-9984-4aa84a223577 req-fe022b1c-e081-40ad-a4aa-5ca04b83251f 64cdc5d9c058421f86a927a38585db0a 1f755786a48d4d4ab0dfad4c8baccc73 - - a1d42b11def94b6da85a2b715b2d2bd9 a1d42b11def94b6da85a2b715b2d2bd9] 199.19.213.166 "GET /v2.0/networks/71b2c504-debe-4a10-b514-a92f5b442905?fields=segments HTTP/1.1" status: 200 len: 212 time: 0.0711679
2026-07-14 19:11:00.058 8 INFO neutron.db.ovn_revision_numbers_db [None req-45ce63e2-d164-499c-9225-781afa0637c6 d54ab789ab764360a301b092e529a1de 944992dde62c4080abe7a663032008a4 - - default default] Successfully bumped revision number for resource 51c12dba-7a55-4d64-b6e4-a4ff41ad63f5 (type: security_group_rules) to 0
2026-07-14 19:11:00.074 8 INFO neutron.db.ovn_revision_numbers_db [None req-45ce63e2-d164-499c-9225-781afa0637c6 d54ab789ab764360a301b092e529a1de 944992dde62c4080abe7a663032008a4 - - default default] Successfully bumped revision number for resource 6eb8e3ec-eb3b-4b95-b86f-1d65c0c5f53f (type: security_group_rules) to 0
2026-07-14 19:11:00.077 9 INFO neutron.api.wsgi [None req-c6ebb9c5-0ac7-420f-b402-f13db72bb3d3 d54ab789ab764360a301b092e529a1de 944992dde62c4080abe7a663032008a4 - - default default] 10.0.0.106 "DELETE /v2.0/security-groups/6a86a96f-6a7b-48ee-8b2e-fb649cc16fc9 HTTP/1.1" status: 204 len: 168 time: 0.3703337
2026-07-14 19:11:00.093 8 INFO neutron.db.ovn_revision_numbers_db [None req-45ce63e2-d164-499c-9225-781afa0637c6 d54ab789ab764360a301b092e529a1de 944992dde62c4080abe7a663032008a4 - - default default] Successfully bumped revision number for resource b809a719-c797-4368-8202-577952a3e992 (type: security_group_rules) to 0
2026-07-14 19:11:00.096 9 INFO neutron.api.wsgi [req-28de44ad-718e-4395-9984-4aa84a223577 req-72fe1438-21d7-4310-af0b-af8c2ae6431f 64cdc5d9c058421f86a927a38585db0a 1f755786a48d4d4ab0dfad4c8baccc73 - - a1d42b11def94b6da85a2b715b2d2bd9 a1d42b11def94b6da85a2b715b2d2bd9] 199.19.213.166 "GET /v2.0/networks/71b2c504-debe-4a10-b514-a92f5b442905?fields=provider%3Aphysical_network&fields=provider%3Anetwork_type HTTP/1.1" status: 200 len: 277 time: 0.0500202
2026-07-14 19:11:00.102 9 INFO neutron.api.wsgi [None req-80543170-c7d0-41c7-a126-7316027241d3 d54ab789ab764360a301b092e529a1de 944992dde62c4080abe7a663032008a4 - - default default] 10.0.0.106 "DELETE /v2.0/security-groups/3fda9e45-4ce6-4752-abed-70c677919bcc HTTP/1.1" status: 204 len: 168 time: 0.3452110
2026-07-14 19:11:00.140 8 INFO neutron.api.wsgi [None req-45ce63e2-d164-499c-9225-781afa0637c6 d54ab789ab764360a301b092e529a1de 944992dde62c4080abe7a663032008a4 - - default default] 10.0.0.106 "GET /v2.0/security-groups?tenant_id=b2d127fe8be94087abe15cc64c3ac80a&name=default HTTP/1.1" status: 200 len: 3120 time: 0.2983172
2026-07-14 19:11:00.291 8 INFO neutron.api.wsgi [None req-0b44dbe1-a5e2-460a-9857-0fcff4b56d41 d54ab789ab764360a301b092e529a1de 944992dde62c4080abe7a663032008a4 - - default default] 10.0.0.106 "GET /v2.0/security-groups?tenant_id=c50ad9451dab463f84b6d6d99cb2db83&name=default HTTP/1.1" status: 200 len: 3120 time: 0.0365336
2026-07-14 19:11:00.368 9 INFO neutron.api.wsgi [None req-e36bca1f-aee2-4071-884e-c4e5acc48226 d54ab789ab764360a301b092e529a1de 944992dde62c4080abe7a663032008a4 - - default default] 10.0.0.106 "DELETE /v2.0/security-groups/7762042e-7c31-42a7-83e9-30033f4a9653 HTTP/1.1" status: 204 len: 168 time: 0.2223577
2026-07-14 19:11:00.515 8 INFO neutron.api.wsgi [None req-fd95802a-ab8b-4b4c-9f55-95f23163415e d54ab789ab764360a301b092e529a1de 944992dde62c4080abe7a663032008a4 - - default default] 10.0.0.106 "DELETE /v2.0/security-groups/9925f583-ff1c-444a-8f96-faf3779a5adc HTTP/1.1" status: 204 len: 168 time: 0.2187552
2026-07-14 19:11:00.698 8 INFO neutron.db.ovn_revision_numbers_db [None req-51963a38-a8f0-4785-a41f-c453627dfba6 d54ab789ab764360a301b092e529a1de 944992dde62c4080abe7a663032008a4 - - default default] Successfully bumped revision number for resource 4d2fcaee-0aa7-4c4a-af39-38e043083adb (type: security_groups) to 1
2026-07-14 19:11:00.716 8 INFO neutron.db.ovn_revision_numbers_db [None req-51963a38-a8f0-4785-a41f-c453627dfba6 d54ab789ab764360a301b092e529a1de 944992dde62c4080abe7a663032008a4 - - default default] Successfully bumped revision number for resource 1f7ce53b-172a-4627-9930-207341a35686 (type: security_group_rules) to 0
2026-07-14 19:11:00.730 8 INFO neutron.db.ovn_revision_numbers_db [None req-51963a38-a8f0-4785-a41f-c453627dfba6 d54ab789ab764360a301b092e529a1de 944992dde62c4080abe7a663032008a4 - - default default] Successfully bumped revision number for resource 9b302150-65e2-4a51-b312-dfe88c712c18 (type: security_group_rules) to 0
2026-07-14 19:11:00.746 8 INFO neutron.db.ovn_revision_numbers_db [None req-51963a38-a8f0-4785-a41f-c453627dfba6 d54ab789ab764360a301b092e529a1de 944992dde62c4080abe7a663032008a4 - - default default] Successfully bumped revision number for resource 9cc978a8-90bd-4fe6-83a1-a614af6da5b6 (type: security_group_rules) to 0
2026-07-14 19:11:00.760 8 INFO neutron.db.ovn_revision_numbers_db [None req-51963a38-a8f0-4785-a41f-c453627dfba6 d54ab789ab764360a301b092e529a1de 944992dde62c4080abe7a663032008a4 - - default default] Successfully bumped revision number for resource e0702f4d-08c2-4109-a33a-c714775aace9 (type: security_group_rules) to 0
2026-07-14 19:11:00.806 8 INFO neutron.api.wsgi [None req-51963a38-a8f0-4785-a41f-c453627dfba6 d54ab789ab764360a301b092e529a1de 944992dde62c4080abe7a663032008a4 - - default default] 10.0.0.106 "GET /v2.0/security-groups?tenant_id=64162efc8c674e5a935f26391280b7b9&name=default HTTP/1.1" status: 200 len: 3120 time: 0.2473888
2026-07-14 19:11:01.051 8 INFO neutron.api.wsgi [None req-0b9d356d-2a72-45ac-8402-495ea65f938b d54ab789ab764360a301b092e529a1de 944992dde62c4080abe7a663032008a4 - - default default] 10.0.0.106 "DELETE /v2.0/security-groups/4d2fcaee-0aa7-4c4a-af39-38e043083adb HTTP/1.1" status: 204 len: 168 time: 0.2404003
2026-07-14 19:11:01.139 9 INFO neutron.api.wsgi [req-f2b909a6-ca59-4202-8f01-ce730e65afac req-8b9ceb9c-090b-49f6-96d7-894c37bec4f5 b274158e5573491780fde5f77a218787 b8ad73b60205414fa7fc4e0eb9fc7dd6 - - default default] 10.0.0.241 "GET /v2.0/ports?device_id=4c3110a2-ca62-4a18-b0e6-2e003fae5192 HTTP/1.1" status: 200 len: 1172 time: 0.0357695
2026-07-14 19:11:01.183 9 INFO neutron.api.wsgi [req-f2b909a6-ca59-4202-8f01-ce730e65afac req-1e50bb8f-4b71-4b17-8f3d-8d757bd40cca b274158e5573491780fde5f77a218787 b8ad73b60205414fa7fc4e0eb9fc7dd6 - - default default] 10.0.0.241 "GET /v2.0/security-groups?id=265b595f-9233-4334-8a47-d19d5d810df4&fields=id&fields=name HTTP/1.1" status: 200 len: 286 time: 0.0387952
2026-07-14 19:11:02.252 8 INFO neutron.plugins.ml2.drivers.ovn.mech_driver.mech_driver [None req-c2949d40-b2ff-41c7-bb15-de447ee6177e - - - - - -] OVN reports status up for port: 1a0b965f-c066-4f1f-beda-1ef6b8e13af9
2026-07-14 19:11:02.262 8 INFO neutron.plugins.ml2.plugin [None req-c2949d40-b2ff-41c7-bb15-de447ee6177e - - - - - -] Attempt 1 to provision port 1a0b965f-c066-4f1f-beda-1ef6b8e13af9
2026-07-14 19:11:02.327 8 INFO neutron.api.wsgi [req-a61e97fd-3d65-45a0-a9bc-3a5e734b8953 req-20db550b-0793-40f2-b379-7101704fbfcd b274158e5573491780fde5f77a218787 b8ad73b60205414fa7fc4e0eb9fc7dd6 - - default default] 10.0.0.241 "GET /v2.0/ports?device_id=4c3110a2-ca62-4a18-b0e6-2e003fae5192 HTTP/1.1" status: 200 len: 1172 time: 0.0561492
2026-07-14 19:11:02.397 8 INFO neutron.api.wsgi [req-a61e97fd-3d65-45a0-a9bc-3a5e734b8953 req-d44cee52-9135-4f92-b017-935f118d641e b274158e5573491780fde5f77a218787 b8ad73b60205414fa7fc4e0eb9fc7dd6 - - default default] 10.0.0.241 "GET /v2.0/security-groups?id=265b595f-9233-4334-8a47-d19d5d810df4&fields=id&fields=name HTTP/1.1" status: 200 len: 286 time: 0.0638959
