2026-07-14 19:10:23.732 8 WARNING neutron_lib.context [None req-ee63dabe-119a-4642-96c3-a4c463bd9636 31568f020dc14d0fa8e7284ae1d1f5e2 1f45a997f9634ad8a48644ae8607aeb6 - - default default] Method 'is_advsvc' is deprecated since 2023.2 release (neutron-lib 3.8.0) and will be removed once support for the old RBAC API policies will be removed from Neutron. Please use method 'is_service_role' instead.
2026-07-14 19:10:23.741 9 INFO neutron.api.wsgi [None req-510fdf5c-33e4-4a8f-acde-8ccc1a894235 d54ab789ab764360a301b092e529a1de 944992dde62c4080abe7a663032008a4 - - default default] 10.0.0.106 "GET /v2.0/security-groups?tenant_id=cefb45d294314f468c3ffa93f7710551&name=default HTTP/1.1" status: 200 len: 3120 time: 0.4754834 /var/lib/openstack/lib/python3.12/site-packages/pycadf/identifier.py:71: UserWarning: Invalid uuid: neutron. To ensure interoperability, identifiers should be a valid uuid. warnings.warn(('Invalid uuid: %s. To ensure interoperability, '
2026-07-14 19:10:23.831 8 INFO neutron.db.segments_db [None req-ee63dabe-119a-4642-96c3-a4c463bd9636 31568f020dc14d0fa8e7284ae1d1f5e2 1f45a997f9634ad8a48644ae8607aeb6 - - default default] Added segment 49992ca8-bf13-4943-bbfd-098199ca39a6 of type geneve for network a52c1664-f914-4050-b3f1-089da7d68fe9
2026-07-14 19:10:23.844 8 INFO neutron.api.wsgi [None req-7ea63ff6-2478-4283-96cd-8aadc650597d d06a841aced849c48b63bd650e7f000b 3e178e38744a4d23b60bb5592ff96efe - - default default] 10.0.0.106 "DELETE /v2.0/floatingips/d9ce7ef4-29ef-49e9-a3b7-61c6bc468d6d HTTP/1.1" status: 204 len: 168 time: 0.3581233
2026-07-14 19:10:23.891 8 INFO neutron.plugins.ml2.drivers.ovn.mech_driver.mech_driver [None req-8395c6a6-f404-4427-b288-f562551e02a3 - - - - - -] OVN reports status up for port: 096f9a40-56bb-439a-a2f6-8653c2cde6f0
2026-07-14 19:10:23.903 8 INFO neutron.plugins.ml2.plugin [None req-8395c6a6-f404-4427-b288-f562551e02a3 - - - - - -] Attempt 1 to provision port 096f9a40-56bb-439a-a2f6-8653c2cde6f0
2026-07-14 19:10:23.937 9 INFO neutron.db.ovn_revision_numbers_db [None req-d4319915-5c27-42cd-8ddf-14b8dc67acb4 34e79ea2b28c4e8996407b33be6b4239 bca84b1c25564147bd33bd1dbdd704ad - - default default] Successfully bumped revision number for resource 096f9a40-56bb-439a-a2f6-8653c2cde6f0 (type: ports) to 2
2026-07-14 19:10:23.987 8 INFO neutron.db.ovn_revision_numbers_db [None req-ee63dabe-119a-4642-96c3-a4c463bd9636 31568f020dc14d0fa8e7284ae1d1f5e2 1f45a997f9634ad8a48644ae8607aeb6 - - default default] Successfully bumped revision number for resource a52c1664-f914-4050-b3f1-089da7d68fe9 (type: networks) to 1
2026-07-14 19:10:24.067 9 INFO neutron.api.wsgi [None req-06388581-7186-480b-a634-53778a64f5fc d54ab789ab764360a301b092e529a1de 944992dde62c4080abe7a663032008a4 - - default default] 10.0.0.106 "DELETE /v2.0/security-groups/51ff8fe3-f01a-4d11-a333-58339660a5ea HTTP/1.1" status: 204 len: 168 time: 0.3212156
2026-07-14 19:10:24.235 8 WARNING neutron.scheduler.dhcp_agent_scheduler [None req-ee63dabe-119a-4642-96c3-a4c463bd9636 31568f020dc14d0fa8e7284ae1d1f5e2 1f45a997f9634ad8a48644ae8607aeb6 - - default default] No more DHCP agents
2026-07-14 19:10:24.240 8 WARNING neutron.api.rpc.agentnotifiers.dhcp_rpc_agent_api [None req-ee63dabe-119a-4642-96c3-a4c463bd9636 31568f020dc14d0fa8e7284ae1d1f5e2 1f45a997f9634ad8a48644ae8607aeb6 - - default default] Unable to schedule network a52c1664-f914-4050-b3f1-089da7d68fe9: no agents available; will retry on subsequent port and subnet creation events.
2026-07-14 19:10:24.361 8 INFO neutron.db.ovn_revision_numbers_db [None req-ee63dabe-119a-4642-96c3-a4c463bd9636 31568f020dc14d0fa8e7284ae1d1f5e2 1f45a997f9634ad8a48644ae8607aeb6 - - default default] Successfully bumped revision number for resource d915a3f4-9fdd-476e-b02f-dede77923568 (type: ports) to 1
2026-07-14 19:10:24.412 8 INFO neutron.api.wsgi [None req-ee63dabe-119a-4642-96c3-a4c463bd9636 31568f020dc14d0fa8e7284ae1d1f5e2 1f45a997f9634ad8a48644ae8607aeb6 - - default default] 10.0.0.106 "POST /v2.0/networks HTTP/1.1" status: 201 len: 852 time: 0.6850393 /var/lib/openstack/lib/python3.12/site-packages/pycadf/identifier.py:71: UserWarning: Invalid uuid: neutron. To ensure interoperability, identifiers should be a valid uuid. warnings.warn(('Invalid uuid: %s. To ensure interoperability, '
2026-07-14 19:10:24.425 9 WARNING neutron_lib.context [None req-9cac4db9-ed7d-4a8c-a906-d67a27ff698a 31568f020dc14d0fa8e7284ae1d1f5e2 1f45a997f9634ad8a48644ae8607aeb6 - - default default] Method 'is_advsvc' is deprecated since 2023.2 release (neutron-lib 3.8.0) and will be removed once support for the old RBAC API policies will be removed from Neutron. Please use method 'is_service_role' instead.
2026-07-14 19:10:24.446 8 INFO neutron.services.segments.plugin [-] Segment 16f56865-2b4a-4dea-a74d-e50c05ce05a0 resource provider aggregate not found
2026-07-14 19:10:24.462 9 WARNING neutron_lib.context [None req-9cac4db9-ed7d-4a8c-a906-d67a27ff698a 31568f020dc14d0fa8e7284ae1d1f5e2 1f45a997f9634ad8a48644ae8607aeb6 - - default default] Method 'is_advsvc' is deprecated since 2023.2 release (neutron-lib 3.8.0) and will be removed once support for the old RBAC API policies will be removed from Neutron. Please use method 'is_service_role' instead.
2026-07-14 19:10:24.469 8 INFO neutron.services.segments.plugin [-] Segment 16f56865-2b4a-4dea-a74d-e50c05ce05a0 resource provider aggregate not found
2026-07-14 19:10:24.476 8 INFO neutron.services.segments.plugin [-] Segment 16f56865-2b4a-4dea-a74d-e50c05ce05a0 resource provider not found; error: Placement Client Error (4xx): {"errors": [{"status": 404, "title": "Not Found", "detail": "The resource could not be found.\n\n No resource provider with uuid 16f56865-2b4a-4dea-a74d-e50c05ce05a0 found for delete ", "request_id": "req-015cdd34-a36a-4022-9458-da2a22b3c4ca"}]}
2026-07-14 19:10:24.481 8 INFO neutron.db.ovn_revision_numbers_db [None req-8395c6a6-f404-4427-b288-f562551e02a3 - - - - - -] Successfully bumped revision number for resource 096f9a40-56bb-439a-a2f6-8653c2cde6f0 (type: ports) to 3
2026-07-14 19:10:24.492 8 INFO neutron.services.segments.plugin [-] Segment 16f56865-2b4a-4dea-a74d-e50c05ce05a0 resource provider not found; error: Placement Client Error (4xx): {"errors": [{"status": 404, "title": "Not Found", "detail": "The resource could not be found.\n\n No resource provider with uuid 16f56865-2b4a-4dea-a74d-e50c05ce05a0 found for delete ", "request_id": "req-8fe74669-c88f-41ac-96d5-8e83c3d31ac8"}]}
2026-07-14 19:10:24.497 8 INFO neutron.services.segments.plugin [-] Segment 42b1294e-1d5a-4378-8748-ed98f21f1b63 resource provider aggregate not found
2026-07-14 19:10:24.510 8 INFO neutron.services.segments.plugin [-] Segment 42b1294e-1d5a-4378-8748-ed98f21f1b63 resource provider aggregate not found
2026-07-14 19:10:24.520 8 INFO neutron.services.segments.plugin [-] Segment 42b1294e-1d5a-4378-8748-ed98f21f1b63 resource provider not found; error: Placement Client Error (4xx): {"errors": [{"status": 404, "title": "Not Found", "detail": "The resource could not be found.\n\n No resource provider with uuid 42b1294e-1d5a-4378-8748-ed98f21f1b63 found for delete ", "request_id": "req-5e4be4f3-943e-4817-b647-0fb314cc3f15"}]}
2026-07-14 19:10:24.531 8 INFO neutron.services.segments.plugin [-] Segment 42b1294e-1d5a-4378-8748-ed98f21f1b63 resource provider not found; error: Placement Client Error (4xx): {"errors": [{"status": 404, "title": "Not Found", "detail": "The resource could not be found.\n\n No resource provider with uuid 42b1294e-1d5a-4378-8748-ed98f21f1b63 found for delete ", "request_id": "req-9a076daa-6563-4738-b6e3-03d350871854"}]}
2026-07-14 19:10:24.651 9 INFO neutron.db.ovn_revision_numbers_db [None req-d4319915-5c27-42cd-8ddf-14b8dc67acb4 34e79ea2b28c4e8996407b33be6b4239 bca84b1c25564147bd33bd1dbdd704ad - - default default] Successfully bumped revision number for resource 096f9a40-56bb-439a-a2f6-8653c2cde6f0 (type: ports) to 3
2026-07-14 19:10:24.726 9 WARNING neutron.scheduler.dhcp_agent_scheduler [None req-d4319915-5c27-42cd-8ddf-14b8dc67acb4 34e79ea2b28c4e8996407b33be6b4239 bca84b1c25564147bd33bd1dbdd704ad - - default default] No more DHCP agents
2026-07-14 19:10:24.729 9 WARNING neutron.api.rpc.agentnotifiers.dhcp_rpc_agent_api [None req-d4319915-5c27-42cd-8ddf-14b8dc67acb4 34e79ea2b28c4e8996407b33be6b4239 bca84b1c25564147bd33bd1dbdd704ad - - default default] Unable to schedule network 310acc04-27bf-42cf-9fa4-fc70e28ab2e2: no agents available; will retry on subsequent port and subnet creation events. /var/lib/openstack/lib/python3.12/site-packages/pycadf/identifier.py:71: UserWarning: Invalid uuid: neutron. To ensure interoperability, identifiers should be a valid uuid. warnings.warn(('Invalid uuid: %s. To ensure interoperability, '
2026-07-14 19:10:24.985 9 INFO neutron.db.ovn_revision_numbers_db [None req-d4319915-5c27-42cd-8ddf-14b8dc67acb4 34e79ea2b28c4e8996407b33be6b4239 bca84b1c25564147bd33bd1dbdd704ad - - default default] Successfully bumped revision number for resource 096f9a40-56bb-439a-a2f6-8653c2cde6f0 (type: router_ports) to 3
2026-07-14 19:10:24.991 9 INFO neutron.api.wsgi [None req-d4319915-5c27-42cd-8ddf-14b8dc67acb4 34e79ea2b28c4e8996407b33be6b4239 bca84b1c25564147bd33bd1dbdd704ad - - default default] 10.0.0.106 "PUT /v2.0/routers/dd467544-7324-42fb-8063-6da699f6b629/add_router_interface HTTP/1.1" status: 200 len: 503 time: 1.7696669 /var/lib/openstack/lib/python3.12/site-packages/pycadf/identifier.py:71: UserWarning: Invalid uuid: neutron. To ensure interoperability, identifiers should be a valid uuid. warnings.warn(('Invalid uuid: %s. To ensure interoperability, '
2026-07-14 19:10:25.006 9 WARNING neutron.scheduler.dhcp_agent_scheduler [None req-9cac4db9-ed7d-4a8c-a906-d67a27ff698a 31568f020dc14d0fa8e7284ae1d1f5e2 1f45a997f9634ad8a48644ae8607aeb6 - - default default] No more DHCP agents
2026-07-14 19:10:25.011 9 WARNING neutron.api.rpc.agentnotifiers.dhcp_rpc_agent_api [None req-9cac4db9-ed7d-4a8c-a906-d67a27ff698a 31568f020dc14d0fa8e7284ae1d1f5e2 1f45a997f9634ad8a48644ae8607aeb6 - - default default] Unable to schedule network ba22b93e-c311-47ed-bd68-e78e28c3a151: no agents available; will retry on subsequent port and subnet creation events.
2026-07-14 19:10:25.044 9 INFO neutron.api.wsgi [None req-1dde688f-06aa-46a1-9a72-9c2c2d459b92 34e79ea2b28c4e8996407b33be6b4239 bca84b1c25564147bd33bd1dbdd704ad - - default default] 10.0.0.106 "GET /v2.0/ports/096f9a40-56bb-439a-a2f6-8653c2cde6f0 HTTP/1.1" status: 200 len: 1209 time: 0.0471926
2026-07-14 19:10:25.091 9 INFO neutron.db.ovn_revision_numbers_db [None req-9cac4db9-ed7d-4a8c-a906-d67a27ff698a 31568f020dc14d0fa8e7284ae1d1f5e2 1f45a997f9634ad8a48644ae8607aeb6 - - default default] Successfully bumped revision number for resource 7698ade7-90b2-4417-b3c7-8d6166366a36 (type: ports) to 1
2026-07-14 19:10:25.105 8 INFO neutron.db.ovn_revision_numbers_db [None req-46f5fdb0-d0b1-4c25-a9c4-8bc4f99ed93a d54ab789ab764360a301b092e529a1de 944992dde62c4080abe7a663032008a4 - - default default] Successfully bumped revision number for resource 6e00fbd3-00bd-40af-95d5-6baf765d2b5d (type: security_groups) to 1
2026-07-14 19:10:25.130 9 WARNING neutron.scheduler.dhcp_agent_scheduler [None req-9cac4db9-ed7d-4a8c-a906-d67a27ff698a 31568f020dc14d0fa8e7284ae1d1f5e2 1f45a997f9634ad8a48644ae8607aeb6 - - default default] No more DHCP agents
2026-07-14 19:10:25.131 9 WARNING neutron.api.rpc.agentnotifiers.dhcp_rpc_agent_api [None req-9cac4db9-ed7d-4a8c-a906-d67a27ff698a 31568f020dc14d0fa8e7284ae1d1f5e2 1f45a997f9634ad8a48644ae8607aeb6 - - default default] Unable to schedule network a52c1664-f914-4050-b3f1-089da7d68fe9: no agents available; will retry on subsequent port and subnet creation events.
2026-07-14 19:10:25.153 8 INFO neutron.db.ovn_revision_numbers_db [None req-46f5fdb0-d0b1-4c25-a9c4-8bc4f99ed93a d54ab789ab764360a301b092e529a1de 944992dde62c4080abe7a663032008a4 - - default default] Successfully bumped revision number for resource 05fe5b83-7a26-4e3c-ac57-2d03c4a94e15 (type: security_group_rules) to 0
2026-07-14 19:10:25.199 8 INFO neutron.db.ovn_revision_numbers_db [None req-46f5fdb0-d0b1-4c25-a9c4-8bc4f99ed93a d54ab789ab764360a301b092e529a1de 944992dde62c4080abe7a663032008a4 - - default default] Successfully bumped revision number for resource bb801247-80cf-430b-9422-65a1c0380a01 (type: security_group_rules) to 0
2026-07-14 19:10:25.203 9 INFO neutron.db.ovn_revision_numbers_db [None req-9cac4db9-ed7d-4a8c-a906-d67a27ff698a 31568f020dc14d0fa8e7284ae1d1f5e2 1f45a997f9634ad8a48644ae8607aeb6 - - default default] Successfully bumped revision number for resource a08e0728-3d4c-46b8-9e91-c5ccc43ebf09 (type: ports) to 1
2026-07-14 19:10:25.224 8 INFO neutron.db.ovn_revision_numbers_db [None req-46f5fdb0-d0b1-4c25-a9c4-8bc4f99ed93a d54ab789ab764360a301b092e529a1de 944992dde62c4080abe7a663032008a4 - - default default] Successfully bumped revision number for resource c873fd8a-48d8-4efa-a4de-6157d79d496c (type: security_group_rules) to 0
2026-07-14 19:10:25.232 9 INFO neutron.api.wsgi [None req-9cac4db9-ed7d-4a8c-a906-d67a27ff698a 31568f020dc14d0fa8e7284ae1d1f5e2 1f45a997f9634ad8a48644ae8607aeb6 - - default default] 10.0.0.106 "POST /v2.0/ports HTTP/1.1" status: 201 len: 1705 time: 0.8112385 /var/lib/openstack/lib/python3.12/site-packages/pycadf/identifier.py:71: UserWarning: Invalid uuid: neutron. To ensure interoperability, identifiers should be a valid uuid. warnings.warn(('Invalid uuid: %s. To ensure interoperability, '
2026-07-14 19:10:25.244 8 INFO neutron.db.ovn_revision_numbers_db [None req-46f5fdb0-d0b1-4c25-a9c4-8bc4f99ed93a d54ab789ab764360a301b092e529a1de 944992dde62c4080abe7a663032008a4 - - default default] Successfully bumped revision number for resource ee1c3143-9655-4380-b528-d322ddd6c02c (type: security_group_rules) to 0
2026-07-14 19:10:25.293 8 INFO neutron.api.wsgi [None req-46f5fdb0-d0b1-4c25-a9c4-8bc4f99ed93a d54ab789ab764360a301b092e529a1de 944992dde62c4080abe7a663032008a4 - - default default] 10.0.0.106 "GET /v2.0/security-groups?tenant_id=39223e60b6d14309a474a1436c05764b&name=default HTTP/1.1" status: 200 len: 3120 time: 0.5540152 /var/lib/openstack/lib/python3.12/site-packages/pycadf/identifier.py:71: UserWarning: Invalid uuid: neutron. To ensure interoperability, identifiers should be a valid uuid. warnings.warn(('Invalid uuid: %s. To ensure interoperability, '
2026-07-14 19:10:25.342 9 INFO neutron.api.wsgi [None req-0a79a8f5-a041-47c0-a94a-24ad8a6f05e0 31568f020dc14d0fa8e7284ae1d1f5e2 1f45a997f9634ad8a48644ae8607aeb6 - - default default] 10.0.0.106 "GET /v2.0/ports HTTP/1.1" status: 200 len: 3212 time: 0.1023228
2026-07-14 19:10:25.576 8 INFO neutron.api.wsgi [None req-b709ca9f-1b9d-4563-9f58-5dbd33c95fbe d54ab789ab764360a301b092e529a1de 944992dde62c4080abe7a663032008a4 - - default default] 10.0.0.106 "DELETE /v2.0/security-groups/6e00fbd3-00bd-40af-95d5-6baf765d2b5d HTTP/1.1" status: 204 len: 168 time: 0.2796602
2026-07-14 19:10:25.589 9 INFO neutron.api.wsgi [None req-e68b49e0-5509-4e48-b06f-6d0ec877ca0b 31568f020dc14d0fa8e7284ae1d1f5e2 1f45a997f9634ad8a48644ae8607aeb6 - - default default] 10.0.0.106 "DELETE /v2.0/ports/7698ade7-90b2-4417-b3c7-8d6166366a36 HTTP/1.1" status: 204 len: 168 time: 0.2423804
2026-07-14 19:10:25.765 8 INFO neutron.api.wsgi [None req-004783b1-4588-421d-a29c-33b7c42cc31b 34e79ea2b28c4e8996407b33be6b4239 bca84b1c25564147bd33bd1dbdd704ad - - default default] 10.0.0.106 "PUT /v2.0/routers/dd467544-7324-42fb-8063-6da699f6b629/remove_router_interface HTTP/1.1" status: 200 len: 503 time: 0.7166636 /var/lib/openstack/lib/python3.12/site-packages/pycadf/identifier.py:71: UserWarning: Invalid uuid: neutron. To ensure interoperability, identifiers should be a valid uuid. warnings.warn(('Invalid uuid: %s. To ensure interoperability, '
2026-07-14 19:10:25.813 9 INFO neutron.db.ovn_revision_numbers_db [None req-d444aff6-40d5-4d37-9183-bc1f1875b566 d54ab789ab764360a301b092e529a1de 944992dde62c4080abe7a663032008a4 - - default default] Successfully bumped revision number for resource 262ed091-9e40-4ac1-9eb1-84eada6feb63 (type: security_groups) to 1
2026-07-14 19:10:25.834 8 INFO neutron.api.v2.resource [None req-e9336424-61ea-4355-9e91-f9ea58f70677 34e79ea2b28c4e8996407b33be6b4239 bca84b1c25564147bd33bd1dbdd704ad - - default default] remove_router_interface failed (client error): The resource could not be found.
2026-07-14 19:10:25.836 8 INFO neutron.api.wsgi [None req-e9336424-61ea-4355-9e91-f9ea58f70677 34e79ea2b28c4e8996407b33be6b4239 bca84b1c25564147bd33bd1dbdd704ad - - default default] 10.0.0.106 "PUT /v2.0/routers/dd467544-7324-42fb-8063-6da699f6b629/remove_router_interface HTTP/1.1" status: 404 len: 398 time: 0.0640039
2026-07-14 19:10:25.837 9 INFO neutron.db.ovn_revision_numbers_db [None req-d444aff6-40d5-4d37-9183-bc1f1875b566 d54ab789ab764360a301b092e529a1de 944992dde62c4080abe7a663032008a4 - - default default] Successfully bumped revision number for resource 79721988-d968-496e-8c76-57332aac1a07 (type: security_group_rules) to 0
2026-07-14 19:10:25.855 9 INFO neutron.db.ovn_revision_numbers_db [None req-d444aff6-40d5-4d37-9183-bc1f1875b566 d54ab789ab764360a301b092e529a1de 944992dde62c4080abe7a663032008a4 - - default default] Successfully bumped revision number for resource 7e64e847-1c3b-4309-8e32-ec61a5b41823 (type: security_group_rules) to 0
2026-07-14 19:10:25.865 8 INFO neutron.api.wsgi [None req-4b174c54-deeb-4daa-9926-2e80f2383cb3 34e79ea2b28c4e8996407b33be6b4239 bca84b1c25564147bd33bd1dbdd704ad - - default default] 10.0.0.106 "GET /v2.0/ports?device_id=dd467544-7324-42fb-8063-6da699f6b629 HTTP/1.1" status: 200 len: 205 time: 0.0235298
2026-07-14 19:10:25.878 9 INFO neutron.api.wsgi [None req-49daecf0-2710-4bdb-8eb1-e270687cc048 31568f020dc14d0fa8e7284ae1d1f5e2 1f45a997f9634ad8a48644ae8607aeb6 - - default default] 10.0.0.106 "DELETE /v2.0/ports/a08e0728-3d4c-46b8-9e91-c5ccc43ebf09 HTTP/1.1" status: 204 len: 168 time: 0.2844851
2026-07-14 19:10:25.879 9 INFO neutron.db.ovn_revision_numbers_db [None req-d444aff6-40d5-4d37-9183-bc1f1875b566 d54ab789ab764360a301b092e529a1de 944992dde62c4080abe7a663032008a4 - - default default] Successfully bumped revision number for resource c0d1b61b-ba49-4de9-b771-d545a168e024 (type: security_group_rules) to 0
2026-07-14 19:10:25.907 9 INFO neutron.db.ovn_revision_numbers_db [None req-d444aff6-40d5-4d37-9183-bc1f1875b566 d54ab789ab764360a301b092e529a1de 944992dde62c4080abe7a663032008a4 - - default default] Successfully bumped revision number for resource f29fe1e6-6e8f-4935-aa9c-b49078c57812 (type: security_group_rules) to 0
2026-07-14 19:10:25.929 9 INFO neutron.api.wsgi [None req-2a7f7b7a-ddf9-4120-8ca6-3cc144c7fb52 31568f020dc14d0fa8e7284ae1d1f5e2 1f45a997f9634ad8a48644ae8607aeb6 - - default default] 10.0.0.106 "GET /v2.0/ports HTTP/1.1" status: 200 len: 1718 time: 0.0461855
2026-07-14 19:10:25.943 9 WARNING neutron_lib.context [None req-6d9bd7bb-3650-4ae2-9132-d707fc34f725 31568f020dc14d0fa8e7284ae1d1f5e2 1f45a997f9634ad8a48644ae8607aeb6 - - default default] Method 'is_advsvc' is deprecated since 2023.2 release (neutron-lib 3.8.0) and will be removed once support for the old RBAC API policies will be removed from Neutron. Please use method 'is_service_role' instead.
2026-07-14 19:10:25.965 9 INFO neutron.api.wsgi [None req-d444aff6-40d5-4d37-9183-bc1f1875b566 d54ab789ab764360a301b092e529a1de 944992dde62c4080abe7a663032008a4 - - default default] 10.0.0.106 "GET /v2.0/security-groups?tenant_id=3e178e38744a4d23b60bb5592ff96efe&name=default HTTP/1.1" status: 200 len: 3120 time: 0.2995181
2026-07-14 19:10:26.053 9 INFO neutron.db.segments_db [None req-6d9bd7bb-3650-4ae2-9132-d707fc34f725 31568f020dc14d0fa8e7284ae1d1f5e2 1f45a997f9634ad8a48644ae8607aeb6 - - default default] Added segment b733f09f-3204-4baa-81a8-9319a86122aa of type geneve for network 1d6e838d-ec6e-459c-ac51-6bbe7f919735
2026-07-14 19:10:26.086 8 INFO neutron.api.wsgi [None req-501ae3a1-3b39-425b-9b29-b7763a0a9bc2 34e79ea2b28c4e8996407b33be6b4239 bca84b1c25564147bd33bd1dbdd704ad - - default default] 10.0.0.106 "DELETE /v2.0/routers/dd467544-7324-42fb-8063-6da699f6b629 HTTP/1.1" status: 204 len: 168 time: 0.2135832
2026-07-14 19:10:26.534 9 INFO neutron.db.ovn_revision_numbers_db [None req-6d9bd7bb-3650-4ae2-9132-d707fc34f725 31568f020dc14d0fa8e7284ae1d1f5e2 1f45a997f9634ad8a48644ae8607aeb6 - - default default] Successfully bumped revision number for resource 1d6e838d-ec6e-459c-ac51-6bbe7f919735 (type: networks) to 1
2026-07-14 19:10:26.572 9 INFO neutron.api.wsgi [None req-0100fc1f-7f47-46f1-a49b-4fe671f2f3d0 d54ab789ab764360a301b092e529a1de 944992dde62c4080abe7a663032008a4 - - default default] 10.0.0.106 "DELETE /v2.0/security-groups/262ed091-9e40-4ac1-9eb1-84eada6feb63 HTTP/1.1" status: 204 len: 168 time: 0.5992103
2026-07-14 19:10:26.646 9 INFO neutron.api.wsgi [None req-90ff933f-6738-4761-943c-6e42595c4991 34e79ea2b28c4e8996407b33be6b4239 bca84b1c25564147bd33bd1dbdd704ad - - default default] 10.0.0.106 "DELETE /v2.0/subnets/7e9908af-ac7f-40d7-b98c-4658c5fe5c74 HTTP/1.1" status: 204 len: 168 time: 0.5525658
2026-07-14 19:10:26.778 9 WARNING neutron.scheduler.dhcp_agent_scheduler [None req-6d9bd7bb-3650-4ae2-9132-d707fc34f725 31568f020dc14d0fa8e7284ae1d1f5e2 1f45a997f9634ad8a48644ae8607aeb6 - - default default] No more DHCP agents
2026-07-14 19:10:26.781 9 WARNING neutron.api.rpc.agentnotifiers.dhcp_rpc_agent_api [None req-6d9bd7bb-3650-4ae2-9132-d707fc34f725 31568f020dc14d0fa8e7284ae1d1f5e2 1f45a997f9634ad8a48644ae8607aeb6 - - default default] Unable to schedule network 1d6e838d-ec6e-459c-ac51-6bbe7f919735: no agents available; will retry on subsequent port and subnet creation events.
2026-07-14 19:10:26.846 8 INFO neutron.db.ovn_revision_numbers_db [None req-b2d05475-04f2-43c2-9584-9e1a237b3f9d d54ab789ab764360a301b092e529a1de 944992dde62c4080abe7a663032008a4 - - default default] Successfully bumped revision number for resource c4ba0f77-8877-41e2-ba74-01515372ebc7 (type: security_groups) to 1
2026-07-14 19:10:26.868 8 INFO neutron.db.ovn_revision_numbers_db [None req-b2d05475-04f2-43c2-9584-9e1a237b3f9d d54ab789ab764360a301b092e529a1de 944992dde62c4080abe7a663032008a4 - - default default] Successfully bumped revision number for resource 1995c0b9-b571-4ee9-9b89-a5442500de8a (type: security_group_rules) to 0
2026-07-14 19:10:26.883 8 INFO neutron.db.ovn_revision_numbers_db [None req-b2d05475-04f2-43c2-9584-9e1a237b3f9d d54ab789ab764360a301b092e529a1de 944992dde62c4080abe7a663032008a4 - - default default] Successfully bumped revision number for resource 64a183e6-87ac-4949-a3c9-6e8c5f4e676a (type: security_group_rules) to 0
2026-07-14 19:10:26.898 8 INFO neutron.db.ovn_revision_numbers_db [None req-b2d05475-04f2-43c2-9584-9e1a237b3f9d d54ab789ab764360a301b092e529a1de 944992dde62c4080abe7a663032008a4 - - default default] Successfully bumped revision number for resource e6f5d244-3552-4287-a51c-e798636a87f0 (type: security_group_rules) to 0
2026-07-14 19:10:26.900 9 INFO neutron.db.ovn_revision_numbers_db [None req-6d9bd7bb-3650-4ae2-9132-d707fc34f725 31568f020dc14d0fa8e7284ae1d1f5e2 1f45a997f9634ad8a48644ae8607aeb6 - - default default] Successfully bumped revision number for resource 446af793-aae2-4bfe-8134-19fe372496e8 (type: ports) to 1
2026-07-14 19:10:26.914 8 INFO neutron.db.ovn_revision_numbers_db [None req-b2d05475-04f2-43c2-9584-9e1a237b3f9d d54ab789ab764360a301b092e529a1de 944992dde62c4080abe7a663032008a4 - - default default] Successfully bumped revision number for resource f0863385-31f1-4f31-9481-831c5aaa793e (type: security_group_rules) to 0
2026-07-14 19:10:26.921 9 INFO neutron.api.wsgi [None req-6d9bd7bb-3650-4ae2-9132-d707fc34f725 31568f020dc14d0fa8e7284ae1d1f5e2 1f45a997f9634ad8a48644ae8607aeb6 - - default default] 10.0.0.106 "POST /v2.0/networks HTTP/1.1" status: 201 len: 852 time: 0.9838793
2026-07-14 19:10:26.934 9 WARNING neutron_lib.context [None req-fd018921-fc3e-4ca1-ac99-c1c9ca09bfa6 31568f020dc14d0fa8e7284ae1d1f5e2 1f45a997f9634ad8a48644ae8607aeb6 - - default default] Method 'is_advsvc' is deprecated since 2023.2 release (neutron-lib 3.8.0) and will be removed once support for the old RBAC API policies will be removed from Neutron. Please use method 'is_service_role' instead.
2026-07-14 19:10:26.977 8 INFO neutron.api.wsgi [None req-b2d05475-04f2-43c2-9584-9e1a237b3f9d d54ab789ab764360a301b092e529a1de 944992dde62c4080abe7a663032008a4 - - default default] 10.0.0.106 "GET /v2.0/security-groups?tenant_id=20e69e9ad43e45b88acd005f0157ea65&name=default HTTP/1.1" status: 200 len: 3120 time: 0.2693212
2026-07-14 19:10:27.063 9 INFO neutron.db.segments_db [None req-fd018921-fc3e-4ca1-ac99-c1c9ca09bfa6 31568f020dc14d0fa8e7284ae1d1f5e2 1f45a997f9634ad8a48644ae8607aeb6 - - default default] Added segment c58c3045-3715-41ac-8722-17138d9a42da of type geneve for network 74ef1904-93ba-497f-903c-3a017fce0bfc
2026-07-14 19:10:27.185 9 INFO neutron.services.segments.plugin [-] Segment e021e66d-236f-497f-b51d-7a815de9ec2e resource provider aggregate not found
2026-07-14 19:10:27.189 9 INFO neutron.services.segments.plugin [-] Segment e021e66d-236f-497f-b51d-7a815de9ec2e resource provider aggregate not found
2026-07-14 19:10:27.206 9 INFO neutron.services.segments.plugin [-] Segment e021e66d-236f-497f-b51d-7a815de9ec2e resource provider not found; error: Placement Client Error (4xx): {"errors": [{"status": 404, "title": "Not Found", "detail": "The resource could not be found.\n\n No resource provider with uuid e021e66d-236f-497f-b51d-7a815de9ec2e found for delete ", "request_id": "req-4f49f48e-7db7-4cda-8d7b-0d826ff19d32"}]}
2026-07-14 19:10:27.208 9 INFO neutron.services.segments.plugin [-] Segment e021e66d-236f-497f-b51d-7a815de9ec2e resource provider not found; error: Placement Client Error (4xx): {"errors": [{"status": 404, "title": "Not Found", "detail": "The resource could not be found.\n\n No resource provider with uuid e021e66d-236f-497f-b51d-7a815de9ec2e found for delete ", "request_id": "req-44e6da3e-7a02-4fd1-9611-156bade272e8"}]}
2026-07-14 19:10:27.247 9 INFO neutron.api.wsgi [None req-106bdb54-0327-4711-9833-dfc16c668cf1 34e79ea2b28c4e8996407b33be6b4239 bca84b1c25564147bd33bd1dbdd704ad - - default default] 10.0.0.106 "DELETE /v2.0/networks/310acc04-27bf-42cf-9fa4-fc70e28ab2e2 HTTP/1.1" status: 204 len: 168 time: 0.5969129
2026-07-14 19:10:27.263 8 WARNING neutron_lib.context [None req-c135658d-b866-4e1e-8da7-b074610d1a69 34e79ea2b28c4e8996407b33be6b4239 bca84b1c25564147bd33bd1dbdd704ad - - default default] Method 'is_advsvc' is deprecated since 2023.2 release (neutron-lib 3.8.0) and will be removed once support for the old RBAC API policies will be removed from Neutron. Please use method 'is_service_role' instead.
2026-07-14 19:10:27.298 9 INFO neutron.db.ovn_revision_numbers_db [None req-fd018921-fc3e-4ca1-ac99-c1c9ca09bfa6 31568f020dc14d0fa8e7284ae1d1f5e2 1f45a997f9634ad8a48644ae8607aeb6 - - default default] Successfully bumped revision number for resource 74ef1904-93ba-497f-903c-3a017fce0bfc (type: networks) to 1
2026-07-14 19:10:27.356 8 INFO neutron.db.segments_db [None req-c135658d-b866-4e1e-8da7-b074610d1a69 34e79ea2b28c4e8996407b33be6b4239 bca84b1c25564147bd33bd1dbdd704ad - - default default] Added segment 972b2a15-509b-49b5-8009-78379e7b552c of type geneve for network 265c6c77-d8ed-4810-a0ee-e3be0f1c9b67
2026-07-14 19:10:27.395 9 INFO neutron.api.wsgi [None req-734eb667-af0d-4d26-8062-e990aa8f3bc9 d54ab789ab764360a301b092e529a1de 944992dde62c4080abe7a663032008a4 - - default default] 10.0.0.106 "DELETE /v2.0/security-groups/c4ba0f77-8877-41e2-ba74-01515372ebc7 HTTP/1.1" status: 204 len: 168 time: 0.4133365
2026-07-14 19:10:27.487 8 INFO neutron.db.ovn_revision_numbers_db [None req-c135658d-b866-4e1e-8da7-b074610d1a69 34e79ea2b28c4e8996407b33be6b4239 bca84b1c25564147bd33bd1dbdd704ad - - default default] Successfully bumped revision number for resource 265c6c77-d8ed-4810-a0ee-e3be0f1c9b67 (type: networks) to 1
2026-07-14 19:10:27.512 9 WARNING neutron.scheduler.dhcp_agent_scheduler [None req-fd018921-fc3e-4ca1-ac99-c1c9ca09bfa6 31568f020dc14d0fa8e7284ae1d1f5e2 1f45a997f9634ad8a48644ae8607aeb6 - - default default] No more DHCP agents
2026-07-14 19:10:27.515 9 WARNING neutron.api.rpc.agentnotifiers.dhcp_rpc_agent_api [None req-fd018921-fc3e-4ca1-ac99-c1c9ca09bfa6 31568f020dc14d0fa8e7284ae1d1f5e2 1f45a997f9634ad8a48644ae8607aeb6 - - default default] Unable to schedule network 74ef1904-93ba-497f-903c-3a017fce0bfc: no agents available; will retry on subsequent port and subnet creation events.
2026-07-14 19:10:27.593 9 INFO neutron.db.ovn_revision_numbers_db [None req-fd018921-fc3e-4ca1-ac99-c1c9ca09bfa6 31568f020dc14d0fa8e7284ae1d1f5e2 1f45a997f9634ad8a48644ae8607aeb6 - - default default] Successfully bumped revision number for resource 0abb99a6-f5eb-4ffb-abd0-9e0755bf6249 (type: ports) to 1
2026-07-14 19:10:27.619 9 INFO neutron.api.wsgi [None req-fd018921-fc3e-4ca1-ac99-c1c9ca09bfa6 31568f020dc14d0fa8e7284ae1d1f5e2 1f45a997f9634ad8a48644ae8607aeb6 - - default default] 10.0.0.106 "POST /v2.0/networks HTTP/1.1" status: 201 len: 852 time: 0.6913157
2026-07-14 19:10:27.678 8 WARNING neutron.scheduler.dhcp_agent_scheduler [None req-c135658d-b866-4e1e-8da7-b074610d1a69 34e79ea2b28c4e8996407b33be6b4239 bca84b1c25564147bd33bd1dbdd704ad - - default default] No more DHCP agents
2026-07-14 19:10:27.679 8 WARNING neutron.api.rpc.agentnotifiers.dhcp_rpc_agent_api [None req-c135658d-b866-4e1e-8da7-b074610d1a69 34e79ea2b28c4e8996407b33be6b4239 bca84b1c25564147bd33bd1dbdd704ad - - default default] Unable to schedule network 265c6c77-d8ed-4810-a0ee-e3be0f1c9b67: no agents available; will retry on subsequent port and subnet creation events.
2026-07-14 19:10:27.731 8 INFO neutron.db.ovn_revision_numbers_db [None req-c135658d-b866-4e1e-8da7-b074610d1a69 34e79ea2b28c4e8996407b33be6b4239 bca84b1c25564147bd33bd1dbdd704ad - - default default] Successfully bumped revision number for resource 835eb15b-c5c6-4b61-9804-f7bc57d78de9 (type: ports) to 1
2026-07-14 19:10:27.754 8 INFO neutron.api.wsgi [None req-c135658d-b866-4e1e-8da7-b074610d1a69 34e79ea2b28c4e8996407b33be6b4239 bca84b1c25564147bd33bd1dbdd704ad - - default default] 10.0.0.106 "POST /v2.0/networks HTTP/1.1" status: 201 len: 829 time: 0.4966273
2026-07-14 19:10:27.764 8 WARNING neutron_lib.context [None req-2d83bbb4-dbaf-42dd-bc17-60fb6cfbd342 34e79ea2b28c4e8996407b33be6b4239 bca84b1c25564147bd33bd1dbdd704ad - - default default] Method 'is_advsvc' is deprecated since 2023.2 release (neutron-lib 3.8.0) and will be removed once support for the old RBAC API policies will be removed from Neutron. Please use method 'is_service_role' instead.
2026-07-14 19:10:27.957 8 WARNING neutron.scheduler.dhcp_agent_scheduler [None req-2d83bbb4-dbaf-42dd-bc17-60fb6cfbd342 34e79ea2b28c4e8996407b33be6b4239 bca84b1c25564147bd33bd1dbdd704ad - - default default] No more DHCP agents
2026-07-14 19:10:27.960 8 WARNING neutron.api.rpc.agentnotifiers.dhcp_rpc_agent_api [None req-2d83bbb4-dbaf-42dd-bc17-60fb6cfbd342 34e79ea2b28c4e8996407b33be6b4239 bca84b1c25564147bd33bd1dbdd704ad - - default default] Unable to schedule network 265c6c77-d8ed-4810-a0ee-e3be0f1c9b67: no agents available; will retry on subsequent port and subnet creation events.
2026-07-14 19:10:28.110 9 WARNING neutron_lib.context [None req-7d4fc97d-343d-4d83-bd18-52ca87503bb1 31568f020dc14d0fa8e7284ae1d1f5e2 1f45a997f9634ad8a48644ae8607aeb6 - - default default] Method 'is_advsvc' is deprecated since 2023.2 release (neutron-lib 3.8.0) and will be removed once support for the old RBAC API policies will be removed from Neutron. Please use method 'is_service_role' instead.
2026-07-14 19:10:28.150 9 WARNING neutron_lib.context [None req-7d4fc97d-343d-4d83-bd18-52ca87503bb1 31568f020dc14d0fa8e7284ae1d1f5e2 1f45a997f9634ad8a48644ae8607aeb6 - - default default] Method 'is_advsvc' is deprecated since 2023.2 release (neutron-lib 3.8.0) and will be removed once support for the old RBAC API policies will be removed from Neutron. Please use method 'is_service_role' instead.
2026-07-14 19:10:28.404 8 INFO neutron.db.ovn_revision_numbers_db [None req-76102456-b551-4844-8f51-40b80a513111 - - - - - -] Successfully bumped revision number for resource 835eb15b-c5c6-4b61-9804-f7bc57d78de9 (type: ports) to 2
2026-07-14 19:10:28.421 9 WARNING neutron.scheduler.dhcp_agent_scheduler [None req-7d4fc97d-343d-4d83-bd18-52ca87503bb1 31568f020dc14d0fa8e7284ae1d1f5e2 1f45a997f9634ad8a48644ae8607aeb6 - - default default] No more DHCP agents
2026-07-14 19:10:28.423 9 WARNING neutron.api.rpc.agentnotifiers.dhcp_rpc_agent_api [None req-7d4fc97d-343d-4d83-bd18-52ca87503bb1 31568f020dc14d0fa8e7284ae1d1f5e2 1f45a997f9634ad8a48644ae8607aeb6 - - default default] Unable to schedule network 1d6e838d-ec6e-459c-ac51-6bbe7f919735: no agents available; will retry on subsequent port and subnet creation events.
2026-07-14 19:10:28.435 8 INFO neutron.db.ovn_revision_numbers_db [None req-76102456-b551-4844-8f51-40b80a513111 - - - - - -] Successfully bumped revision number for resource 5e385f63-4dce-4ef8-b0c0-9e7da60097ed (type: subnets) to 0
2026-07-14 19:10:28.445 9 INFO neutron.db.ovn_revision_numbers_db [None req-7d4fc97d-343d-4d83-bd18-52ca87503bb1 31568f020dc14d0fa8e7284ae1d1f5e2 1f45a997f9634ad8a48644ae8607aeb6 - - default default] Successfully bumped revision number for resource 64cc4dbf-cb4c-4c5c-b267-5306792d1e5a (type: subnets) to 0
2026-07-14 19:10:28.451 8 INFO neutron.api.wsgi [None req-2d83bbb4-dbaf-42dd-bc17-60fb6cfbd342 34e79ea2b28c4e8996407b33be6b4239 bca84b1c25564147bd33bd1dbdd704ad - - default default] 10.0.0.106 "POST /v2.0/subnets HTTP/1.1" status: 201 len: 825 time: 0.6923509
2026-07-14 19:10:28.462 8 WARNING neutron_lib.context [None req-f94c7149-b731-4747-83df-467558fce27a 34e79ea2b28c4e8996407b33be6b4239 bca84b1c25564147bd33bd1dbdd704ad - - default default] Method 'is_advsvc' is deprecated since 2023.2 release (neutron-lib 3.8.0) and will be removed once support for the old RBAC API policies will be removed from Neutron. Please use method 'is_service_role' instead.
2026-07-14 19:10:28.470 9 WARNING neutron.scheduler.dhcp_agent_scheduler [None req-7d4fc97d-343d-4d83-bd18-52ca87503bb1 31568f020dc14d0fa8e7284ae1d1f5e2 1f45a997f9634ad8a48644ae8607aeb6 - - default default] No more DHCP agents
2026-07-14 19:10:28.471 9 WARNING neutron.api.rpc.agentnotifiers.dhcp_rpc_agent_api [None req-7d4fc97d-343d-4d83-bd18-52ca87503bb1 31568f020dc14d0fa8e7284ae1d1f5e2 1f45a997f9634ad8a48644ae8607aeb6 - - default default] Unable to schedule network 74ef1904-93ba-497f-903c-3a017fce0bfc: no agents available; will retry on subsequent port and subnet creation events.
2026-07-14 19:10:28.498 9 INFO neutron.db.ovn_revision_numbers_db [None req-7d4fc97d-343d-4d83-bd18-52ca87503bb1 31568f020dc14d0fa8e7284ae1d1f5e2 1f45a997f9634ad8a48644ae8607aeb6 - - default default] Successfully bumped revision number for resource 2c8ed0e0-5aab-4d85-b3f4-ee37b6875b02 (type: subnets) to 0
2026-07-14 19:10:28.517 9 INFO neutron.api.wsgi [None req-7d4fc97d-343d-4d83-bd18-52ca87503bb1 31568f020dc14d0fa8e7284ae1d1f5e2 1f45a997f9634ad8a48644ae8607aeb6 - - default default] 10.0.0.106 "POST /v2.0/subnets HTTP/1.1" status: 201 len: 1524 time: 0.4113400
2026-07-14 19:10:28.563 9 INFO neutron.api.wsgi [None req-cf6191df-beb9-4cee-862e-32a8ac0cad7e 31568f020dc14d0fa8e7284ae1d1f5e2 1f45a997f9634ad8a48644ae8607aeb6 - - default default] 10.0.0.106 "GET /v2.0/subnets HTTP/1.1" status: 200 len: 2155 time: 0.0376871
2026-07-14 19:10:28.620 8 INFO neutron.db.ovn_revision_numbers_db [None req-f94c7149-b731-4747-83df-467558fce27a 34e79ea2b28c4e8996407b33be6b4239 bca84b1c25564147bd33bd1dbdd704ad - - default default] Successfully bumped revision number for resource 7b36f549-2cf5-4990-94a1-8a8164d5b604 (type: routers) to 1
2026-07-14 19:10:28.639 8 INFO neutron.api.wsgi [None req-f94c7149-b731-4747-83df-467558fce27a 34e79ea2b28c4e8996407b33be6b4239 bca84b1c25564147bd33bd1dbdd704ad - - default default] 10.0.0.106 "POST /v2.0/routers HTTP/1.1" status: 201 len: 802 time: 0.1821530
2026-07-14 19:10:28.720 9 INFO neutron.api.wsgi [None req-6439ab66-7709-4e82-9711-16905e4c4ca6 31568f020dc14d0fa8e7284ae1d1f5e2 1f45a997f9634ad8a48644ae8607aeb6 - - default default] 10.0.0.106 "DELETE /v2.0/subnets/64cc4dbf-cb4c-4c5c-b267-5306792d1e5a HTTP/1.1" status: 204 len: 168 time: 0.1382241
2026-07-14 19:10:28.863 9 INFO neutron.api.wsgi [None req-6d148e5a-48ad-40f5-ba5a-f658958d7a7a 31568f020dc14d0fa8e7284ae1d1f5e2 1f45a997f9634ad8a48644ae8607aeb6 - - default default] 10.0.0.106 "DELETE /v2.0/subnets/2c8ed0e0-5aab-4d85-b3f4-ee37b6875b02 HTTP/1.1" status: 204 len: 168 time: 0.1386228
2026-07-14 19:10:28.893 9 INFO neutron.api.wsgi [None req-8b2a2092-993c-4a0b-8af1-0cbac7fb5207 31568f020dc14d0fa8e7284ae1d1f5e2 1f45a997f9634ad8a48644ae8607aeb6 - - default default] 10.0.0.106 "GET /v2.0/subnets HTTP/1.1" status: 200 len: 843 time: 0.0252006
2026-07-14 19:10:29.001 8 WARNING neutron.scheduler.dhcp_agent_scheduler [None req-7011d9f5-bc0a-4869-a1a7-fb1e1c33e080 34e79ea2b28c4e8996407b33be6b4239 bca84b1c25564147bd33bd1dbdd704ad - - default default] No more DHCP agents
2026-07-14 19:10:29.003 8 WARNING neutron.api.rpc.agentnotifiers.dhcp_rpc_agent_api [None req-7011d9f5-bc0a-4869-a1a7-fb1e1c33e080 34e79ea2b28c4e8996407b33be6b4239 bca84b1c25564147bd33bd1dbdd704ad - - default default] Unable to schedule network 265c6c77-d8ed-4810-a0ee-e3be0f1c9b67: no agents available; will retry on subsequent port and subnet creation events.
2026-07-14 19:10:29.082 8 WARNING neutron_lib.context [None req-2b00a729-9a31-4ad6-aaa1-c81eec1813e2 4f14ea5444fb425298a59c61ec5268ec ce10a7aa1bc4455fa67562dc257a0766 - - default default] Method 'is_advsvc' is deprecated since 2023.2 release (neutron-lib 3.8.0) and will be removed once support for the old RBAC API policies will be removed from Neutron. Please use method 'is_service_role' instead.
2026-07-14 19:10:29.159 8 INFO neutron.db.ovn_revision_numbers_db [None req-7011d9f5-bc0a-4869-a1a7-fb1e1c33e080 34e79ea2b28c4e8996407b33be6b4239 bca84b1c25564147bd33bd1dbdd704ad - - default default] Successfully bumped revision number for resource cd232fbd-e3eb-4aed-b395-bc7963500672 (type: ports) to 1
2026-07-14 19:10:29.223 9 INFO neutron.services.segments.plugin [-] Segment c58c3045-3715-41ac-8722-17138d9a42da resource provider aggregate not found
2026-07-14 19:10:29.228 9 INFO neutron.services.segments.plugin [-] Segment c58c3045-3715-41ac-8722-17138d9a42da resource provider aggregate not found
2026-07-14 19:10:29.234 9 INFO neutron.api.wsgi [None req-4bf46e84-8a0d-4869-9bb8-20e080cf6d58 31568f020dc14d0fa8e7284ae1d1f5e2 1f45a997f9634ad8a48644ae8607aeb6 - - default default] 10.0.0.106 "DELETE /v2.0/networks/74ef1904-93ba-497f-903c-3a017fce0bfc HTTP/1.1" status: 204 len: 168 time: 0.3354568
2026-07-14 19:10:29.241 9 INFO neutron.services.segments.plugin [-] Segment c58c3045-3715-41ac-8722-17138d9a42da resource provider not found; error: Placement Client Error (4xx): {"errors": [{"status": 404, "title": "Not Found", "detail": "The resource could not be found.\n\n No resource provider with uuid c58c3045-3715-41ac-8722-17138d9a42da found for delete ", "request_id": "req-0deddbb6-9927-47c7-8b96-76636b23f8eb"}]}
2026-07-14 19:10:29.249 9 INFO neutron.services.segments.plugin [-] Segment c58c3045-3715-41ac-8722-17138d9a42da resource provider not found; error: Placement Client Error (4xx): {"errors": [{"status": 404, "title": "Not Found", "detail": "The resource could not be found.\n\n No resource provider with uuid c58c3045-3715-41ac-8722-17138d9a42da found for delete ", "request_id": "req-b6cdc1f5-0c74-4c05-8c1a-10aca7e298c0"}]}
2026-07-14 19:10:29.272 8 INFO neutron.db.ovn_revision_numbers_db [None req-2b00a729-9a31-4ad6-aaa1-c81eec1813e2 4f14ea5444fb425298a59c61ec5268ec ce10a7aa1bc4455fa67562dc257a0766 - - default default] Successfully bumped revision number for resource 25a3075a-d497-4130-a606-240c962349af (type: security_groups) to 1
2026-07-14 19:10:29.293 8 INFO neutron.db.ovn_revision_numbers_db [None req-2b00a729-9a31-4ad6-aaa1-c81eec1813e2 4f14ea5444fb425298a59c61ec5268ec ce10a7aa1bc4455fa67562dc257a0766 - - default default] Successfully bumped revision number for resource 458d82e2-5ed1-463f-b863-700881bae8ca (type: security_group_rules) to 0
2026-07-14 19:10:29.313 8 INFO neutron.db.ovn_revision_numbers_db [None req-2b00a729-9a31-4ad6-aaa1-c81eec1813e2 4f14ea5444fb425298a59c61ec5268ec ce10a7aa1bc4455fa67562dc257a0766 - - default default] Successfully bumped revision number for resource 5438ba50-35a7-42bd-be59-10d92963b93f (type: security_group_rules) to 0
2026-07-14 19:10:29.338 8 INFO neutron.db.ovn_revision_numbers_db [None req-2b00a729-9a31-4ad6-aaa1-c81eec1813e2 4f14ea5444fb425298a59c61ec5268ec ce10a7aa1bc4455fa67562dc257a0766 - - default default] Successfully bumped revision number for resource 5806d4cf-ad50-4899-aed3-42d8a4f40422 (type: security_group_rules) to 0
2026-07-14 19:10:29.362 8 INFO neutron.db.ovn_revision_numbers_db [None req-2b00a729-9a31-4ad6-aaa1-c81eec1813e2 4f14ea5444fb425298a59c61ec5268ec ce10a7aa1bc4455fa67562dc257a0766 - - default default] Successfully bumped revision number for resource d73d1c77-89c1-4614-93ee-fc9096da3084 (type: security_group_rules) to 0
2026-07-14 19:10:29.461 8 INFO neutron.db.segments_db [None req-2b00a729-9a31-4ad6-aaa1-c81eec1813e2 4f14ea5444fb425298a59c61ec5268ec ce10a7aa1bc4455fa67562dc257a0766 - - default default] Added segment a80b068c-073c-4e42-b138-4dda5c007e61 of type geneve for network 22487d49-a263-4240-9df0-f3abe53740e8
2026-07-14 19:10:29.549 9 INFO neutron.api.wsgi [None req-162da56d-b45d-4af9-a446-457d951d377b 31568f020dc14d0fa8e7284ae1d1f5e2 1f45a997f9634ad8a48644ae8607aeb6 - - default default] 10.0.0.106 "DELETE /v2.0/networks/1d6e838d-ec6e-459c-ac51-6bbe7f919735 HTTP/1.1" status: 204 len: 168 time: 0.3064799
2026-07-14 19:10:29.664 8 INFO neutron.db.ovn_revision_numbers_db [None req-2b00a729-9a31-4ad6-aaa1-c81eec1813e2 4f14ea5444fb425298a59c61ec5268ec ce10a7aa1bc4455fa67562dc257a0766 - - default default] Successfully bumped revision number for resource 22487d49-a263-4240-9df0-f3abe53740e8 (type: networks) to 1
2026-07-14 19:10:29.799 8 WARNING neutron.plugins.ml2.drivers.ovn.mech_driver.ovsdb.ovn_client [None req-c2949d40-b2ff-41c7-bb15-de447ee6177e - - - - - -] No port found with ID 096f9a40-56bb-439a-a2f6-8653c2cde6f0: RuntimeError: No port found with ID 096f9a40-56bb-439a-a2f6-8653c2cde6f0
2026-07-14 19:10:29.834 9 INFO neutron.plugins.ml2.drivers.ovn.mech_driver.mech_driver [None req-3bad10e3-d422-4105-8a22-5d8f08802f4c - - - - - -] OVN reports status up for port: cd232fbd-e3eb-4aed-b395-bc7963500672
2026-07-14 19:10:29.844 9 INFO neutron.plugins.ml2.plugin [None req-3bad10e3-d422-4105-8a22-5d8f08802f4c - - - - - -] Attempt 1 to provision port cd232fbd-e3eb-4aed-b395-bc7963500672
2026-07-14 19:10:29.864 8 INFO neutron.db.ovn_revision_numbers_db [None req-7011d9f5-bc0a-4869-a1a7-fb1e1c33e080 34e79ea2b28c4e8996407b33be6b4239 bca84b1c25564147bd33bd1dbdd704ad - - default default] Successfully bumped revision number for resource cd232fbd-e3eb-4aed-b395-bc7963500672 (type: ports) to 1
2026-07-14 19:10:29.877 8 WARNING neutron.scheduler.dhcp_agent_scheduler [None req-2b00a729-9a31-4ad6-aaa1-c81eec1813e2 4f14ea5444fb425298a59c61ec5268ec ce10a7aa1bc4455fa67562dc257a0766 - - default default] No more DHCP agents
2026-07-14 19:10:29.881 8 WARNING neutron.api.rpc.agentnotifiers.dhcp_rpc_agent_api [None req-2b00a729-9a31-4ad6-aaa1-c81eec1813e2 4f14ea5444fb425298a59c61ec5268ec ce10a7aa1bc4455fa67562dc257a0766 - - default default] Unable to schedule network 22487d49-a263-4240-9df0-f3abe53740e8: no agents available; will retry on subsequent port and subnet creation events.
2026-07-14 19:10:29.911 9 INFO neutron.api.wsgi [None req-5404143e-4d7b-42bd-b298-8f8094a85a2e 31568f020dc14d0fa8e7284ae1d1f5e2 1f45a997f9634ad8a48644ae8607aeb6 - - default default] 10.0.0.106 "DELETE /v2.0/networks/a52c1664-f914-4050-b3f1-089da7d68fe9 HTTP/1.1" status: 204 len: 168 time: 0.3552673
2026-07-14 19:10:29.939 8 WARNING neutron.scheduler.dhcp_agent_scheduler [None req-7011d9f5-bc0a-4869-a1a7-fb1e1c33e080 34e79ea2b28c4e8996407b33be6b4239 bca84b1c25564147bd33bd1dbdd704ad - - default default] No more DHCP agents
2026-07-14 19:10:29.943 8 WARNING neutron.api.rpc.agentnotifiers.dhcp_rpc_agent_api [None req-7011d9f5-bc0a-4869-a1a7-fb1e1c33e080 34e79ea2b28c4e8996407b33be6b4239 bca84b1c25564147bd33bd1dbdd704ad - - default default] Unable to schedule network 265c6c77-d8ed-4810-a0ee-e3be0f1c9b67: no agents available; will retry on subsequent port and subnet creation events.
2026-07-14 19:10:29.979 8 INFO neutron.db.ovn_revision_numbers_db [None req-2b00a729-9a31-4ad6-aaa1-c81eec1813e2 4f14ea5444fb425298a59c61ec5268ec ce10a7aa1bc4455fa67562dc257a0766 - - default default] Successfully bumped revision number for resource 26089fd6-18f0-45fe-9388-d9abc394bcf7 (type: ports) to 1
2026-07-14 19:10:30.028 8 INFO neutron.api.wsgi [None req-2b00a729-9a31-4ad6-aaa1-c81eec1813e2 4f14ea5444fb425298a59c61ec5268ec ce10a7aa1bc4455fa67562dc257a0766 - - default default] 10.0.0.106 "POST /v2.0/networks HTTP/1.1" status: 201 len: 829 time: 1.1350794
2026-07-14 19:10:30.040 9 WARNING neutron_lib.context [None req-edb3b67b-4969-432e-8c17-608dc13da247 4f14ea5444fb425298a59c61ec5268ec ce10a7aa1bc4455fa67562dc257a0766 - - default default] Method 'is_advsvc' is deprecated since 2023.2 release (neutron-lib 3.8.0) and will be removed once support for the old RBAC API policies will be removed from Neutron. Please use method 'is_service_role' instead.
2026-07-14 19:10:30.168 8 INFO neutron.db.ovn_revision_numbers_db [None req-7011d9f5-bc0a-4869-a1a7-fb1e1c33e080 34e79ea2b28c4e8996407b33be6b4239 bca84b1c25564147bd33bd1dbdd704ad - - default default] Successfully bumped revision number for resource cd232fbd-e3eb-4aed-b395-bc7963500672 (type: router_ports) to 1
2026-07-14 19:10:30.172 8 INFO neutron.api.wsgi [None req-7011d9f5-bc0a-4869-a1a7-fb1e1c33e080 34e79ea2b28c4e8996407b33be6b4239 bca84b1c25564147bd33bd1dbdd704ad - - default default] 10.0.0.106 "PUT /v2.0/routers/7b36f549-2cf5-4990-94a1-8a8164d5b604/add_router_interface HTTP/1.1" status: 200 len: 503 time: 1.5300162
2026-07-14 19:10:30.212 8 INFO neutron.api.wsgi [None req-8f8c9e31-2614-4b24-b033-460e52f066d7 34e79ea2b28c4e8996407b33be6b4239 bca84b1c25564147bd33bd1dbdd704ad - - default default] 10.0.0.106 "GET /v2.0/ports/cd232fbd-e3eb-4aed-b395-bc7963500672 HTTP/1.1" status: 200 len: 1137 time: 0.0330036
2026-07-14 19:10:30.313 8 INFO neutron.services.segments.plugin [-] Segment 5a229b2d-6e8d-4fae-87e5-033636d011de resource provider aggregate not found
2026-07-14 19:10:30.319 8 INFO neutron.services.segments.plugin [-] Segment 5a229b2d-6e8d-4fae-87e5-033636d011de resource provider aggregate not found
2026-07-14 19:10:30.332 8 INFO neutron.services.segments.plugin [-] Segment 5a229b2d-6e8d-4fae-87e5-033636d011de resource provider not found; error: Placement Client Error (4xx): {"errors": [{"status": 404, "title": "Not Found", "detail": "The resource could not be found.\n\n No resource provider with uuid 5a229b2d-6e8d-4fae-87e5-033636d011de found for delete ", "request_id": "req-39ca6f01-31d6-4469-849e-e558482059b5"}]}
2026-07-14 19:10:30.337 8 INFO neutron.services.segments.plugin [-] Segment 5a229b2d-6e8d-4fae-87e5-033636d011de resource provider not found; error: Placement Client Error (4xx): {"errors": [{"status": 404, "title": "Not Found", "detail": "The resource could not be found.\n\n No resource provider with uuid 5a229b2d-6e8d-4fae-87e5-033636d011de found for delete ", "request_id": "req-1221e074-b34d-4ee0-b935-9c2b343728cc"}]}
2026-07-14 19:10:30.361 9 INFO neutron.api.wsgi [None req-a8bf8a02-5c14-41aa-b374-282b067d1ba4 34e79ea2b28c4e8996407b33be6b4239 bca84b1c25564147bd33bd1dbdd704ad - - default default] 10.0.0.106 "GET /v2.0/ports/cd232fbd-e3eb-4aed-b395-bc7963500672 HTTP/1.1" status: 200 len: 1137 time: 0.1426558
2026-07-14 19:10:30.379 8 INFO neutron.api.wsgi [None req-1a7f7cf5-3a54-4625-8632-91bf0b85bbbd 31568f020dc14d0fa8e7284ae1d1f5e2 1f45a997f9634ad8a48644ae8607aeb6 - - default default] 10.0.0.106 "DELETE /v2.0/networks/ba22b93e-c311-47ed-bd68-e78e28c3a151 HTTP/1.1" status: 204 len: 168 time: 0.4617500
2026-07-14 19:10:30.413 9 INFO neutron.db.ovn_revision_numbers_db [None req-3bad10e3-d422-4105-8a22-5d8f08802f4c - - - - - -] Successfully bumped revision number for resource cd232fbd-e3eb-4aed-b395-bc7963500672 (type: ports) to 2
2026-07-14 19:10:30.494 9 WARNING neutron.scheduler.dhcp_agent_scheduler [None req-edb3b67b-4969-432e-8c17-608dc13da247 4f14ea5444fb425298a59c61ec5268ec ce10a7aa1bc4455fa67562dc257a0766 - - default default] No more DHCP agents
2026-07-14 19:10:30.498 9 WARNING neutron.api.rpc.agentnotifiers.dhcp_rpc_agent_api [None req-edb3b67b-4969-432e-8c17-608dc13da247 4f14ea5444fb425298a59c61ec5268ec ce10a7aa1bc4455fa67562dc257a0766 - - default default] Unable to schedule network 22487d49-a263-4240-9df0-f3abe53740e8: no agents available; will retry on subsequent port and subnet creation events.
2026-07-14 19:10:30.600 9 INFO neutron.db.ovn_revision_numbers_db [None req-edb3b67b-4969-432e-8c17-608dc13da247 4f14ea5444fb425298a59c61ec5268ec ce10a7aa1bc4455fa67562dc257a0766 - - default default] Successfully bumped revision number for resource 584e93f2-5a6d-4925-a7f3-9c6aca588f64 (type: ports) to 1
2026-07-14 19:10:30.629 9 INFO neutron.api.wsgi [None req-edb3b67b-4969-432e-8c17-608dc13da247 4f14ea5444fb425298a59c61ec5268ec ce10a7aa1bc4455fa67562dc257a0766 - - default default] 10.0.0.106 "POST /v2.0/ports HTTP/1.1" status: 201 len: 942 time: 0.5947955
