2026-07-14 19:11:13.066 8 INFO neutron.db.ovn_revision_numbers_db [None req-0b124925-5991-4d50-9938-cf0a378447b1 d54ab789ab764360a301b092e529a1de 944992dde62c4080abe7a663032008a4 - - default default] Successfully bumped revision number for resource 619add3e-6fe7-4d5b-b61d-3a55b6a51ae2 (type: security_group_rules) to 0
2026-07-14 19:11:13.080 8 INFO neutron.db.ovn_revision_numbers_db [None req-0b124925-5991-4d50-9938-cf0a378447b1 d54ab789ab764360a301b092e529a1de 944992dde62c4080abe7a663032008a4 - - default default] Successfully bumped revision number for resource 6e10df0d-0364-43a7-80fb-174e560ac10e (type: security_group_rules) to 0
2026-07-14 19:11:13.096 8 INFO neutron.db.ovn_revision_numbers_db [None req-0b124925-5991-4d50-9938-cf0a378447b1 d54ab789ab764360a301b092e529a1de 944992dde62c4080abe7a663032008a4 - - default default] Successfully bumped revision number for resource d394cfa9-ff27-4a47-a183-f3d45e4c1dba (type: security_group_rules) to 0
2026-07-14 19:11:13.140 8 INFO neutron.api.wsgi [None req-0b124925-5991-4d50-9938-cf0a378447b1 d54ab789ab764360a301b092e529a1de 944992dde62c4080abe7a663032008a4 - - default default] 10.0.0.106 "GET /v2.0/security-groups?tenant_id=7584bb60456746aba74da2f72a3ecc47&name=default HTTP/1.1" status: 200 len: 3120 time: 0.2358356
2026-07-14 19:11:13.317 9 INFO neutron.api.wsgi [req-e6def401-7f5b-42a7-b5fb-da73ce48e22e req-b7da249d-a226-4f0f-913a-00f13d40e8e7 227155b99398426fb731aee650bc133e d2e4904e1d2e403dab2bcaa55b5c72e7 - - default default] 10.0.0.241 "GET /v2.0/ports?device_id=17b7a642-826e-46c6-b6c9-f2c56d1cddf5 HTTP/1.1" status: 200 len: 210 time: 0.0190365
2026-07-14 19:11:13.372 8 INFO neutron.api.wsgi [None req-f0d42128-76c8-4953-852c-6fb4854a813e d54ab789ab764360a301b092e529a1de 944992dde62c4080abe7a663032008a4 - - default default] 10.0.0.106 "DELETE /v2.0/security-groups/b27071b7-dbee-4907-bc38-7cd6cf3b3751 HTTP/1.1" status: 204 len: 168 time: 0.2276475
2026-07-14 19:11:13.702 9 INFO neutron.db.ovn_revision_numbers_db [None req-0552b77f-48ca-49e7-af25-42909499588c d54ab789ab764360a301b092e529a1de 944992dde62c4080abe7a663032008a4 - - default default] Successfully bumped revision number for resource cc033f7f-c15a-4977-93a1-9296204b2c79 (type: security_groups) to 1
2026-07-14 19:11:13.715 9 INFO neutron.db.ovn_revision_numbers_db [None req-0552b77f-48ca-49e7-af25-42909499588c d54ab789ab764360a301b092e529a1de 944992dde62c4080abe7a663032008a4 - - default default] Successfully bumped revision number for resource 8451cd99-0f53-4afb-b75a-d117b683cace (type: security_group_rules) to 0
2026-07-14 19:11:13.728 9 INFO neutron.db.ovn_revision_numbers_db [None req-0552b77f-48ca-49e7-af25-42909499588c d54ab789ab764360a301b092e529a1de 944992dde62c4080abe7a663032008a4 - - default default] Successfully bumped revision number for resource 857f854d-e6c0-49eb-9341-5b4ec54156d2 (type: security_group_rules) to 0
2026-07-14 19:11:13.742 9 INFO neutron.db.ovn_revision_numbers_db [None req-0552b77f-48ca-49e7-af25-42909499588c d54ab789ab764360a301b092e529a1de 944992dde62c4080abe7a663032008a4 - - default default] Successfully bumped revision number for resource 949f7f12-a4c8-4a78-a193-cc01dac3209a (type: security_group_rules) to 0
2026-07-14 19:11:13.759 9 INFO neutron.db.ovn_revision_numbers_db [None req-0552b77f-48ca-49e7-af25-42909499588c d54ab789ab764360a301b092e529a1de 944992dde62c4080abe7a663032008a4 - - default default] Successfully bumped revision number for resource 9f141b34-0660-443e-b592-be422f1e95bb (type: security_group_rules) to 0
2026-07-14 19:11:13.799 9 INFO neutron.api.wsgi [None req-0552b77f-48ca-49e7-af25-42909499588c d54ab789ab764360a301b092e529a1de 944992dde62c4080abe7a663032008a4 - - default default] 10.0.0.106 "GET /v2.0/security-groups?tenant_id=6438b1515e4a4deb990ae23bc9c07951&name=default HTTP/1.1" status: 200 len: 3120 time: 0.2482550
2026-07-14 19:11:14.059 9 INFO neutron.api.wsgi [None req-d3909250-6fa9-439d-b5ce-b572fd870d64 d54ab789ab764360a301b092e529a1de 944992dde62c4080abe7a663032008a4 - - default default] 10.0.0.106 "DELETE /v2.0/security-groups/cc033f7f-c15a-4977-93a1-9296204b2c79 HTTP/1.1" status: 204 len: 168 time: 0.2540638
2026-07-14 19:11:14.406 8 INFO neutron.api.wsgi [req-be982dbc-a1bc-45f3-9bda-4fd2a22e84c2 req-2d6b1d7d-a909-4d30-832a-0c97a013140c 227155b99398426fb731aee650bc133e d2e4904e1d2e403dab2bcaa55b5c72e7 - - default default] 10.0.0.241 "GET /v2.0/ports?device_id=17b7a642-826e-46c6-b6c9-f2c56d1cddf5 HTTP/1.1" status: 200 len: 210 time: 0.0296078
2026-07-14 19:11:14.545 8 INFO neutron.api.wsgi [None req-6d6ecb0c-3c35-4063-888e-856fd1e2ffbc d54ab789ab764360a301b092e529a1de 944992dde62c4080abe7a663032008a4 - - default default] 10.0.0.106 "PUT /v2.0/routers/726c93da-3d2e-4def-8bbf-fb5e362ea5b5/remove_router_interface HTTP/1.1" status: 200 len: 503 time: 1.1930370
2026-07-14 19:11:15.036 8 WARNING neutron.plugins.ml2.drivers.ovn.mech_driver.ovsdb.ovn_client [None req-0216a609-e442-4b3e-92a9-ec4620602ed5 - - - - - -] No hosting information found for port b74fc7d5-e686-4969-8aa7-602bf128cdff: RuntimeError: No hosting information found for port b74fc7d5-e686-4969-8aa7-602bf128cdff
2026-07-14 19:11:15.111 8 INFO neutron.db.ovn_revision_numbers_db [None req-0216a609-e442-4b3e-92a9-ec4620602ed5 - - - - - -] Successfully bumped revision number for resource b74fc7d5-e686-4969-8aa7-602bf128cdff (type: router_ports) to 2
2026-07-14 19:11:15.281 9 INFO neutron.api.wsgi [None req-b0f57ec0-1476-4367-a4f3-1f0c6d95c320 d54ab789ab764360a301b092e529a1de 944992dde62c4080abe7a663032008a4 - - default default] 10.0.0.106 "DELETE /v2.0/routers/726c93da-3d2e-4def-8bbf-fb5e362ea5b5 HTTP/1.1" status: 204 len: 168 time: 0.7310891 /var/lib/openstack/lib/python3.12/site-packages/pycadf/identifier.py:71: UserWarning: Invalid uuid: neutron. To ensure interoperability, identifiers should be a valid uuid. warnings.warn(('Invalid uuid: %s. To ensure interoperability, '
2026-07-14 19:11:15.357 8 INFO neutron.api.wsgi [None req-11a40e5a-e27c-4730-a270-f18443a4aa0e d54ab789ab764360a301b092e529a1de 944992dde62c4080abe7a663032008a4 - - default default] 10.0.0.253 "GET /v2.0/security-groups HTTP/1.1" status: 200 len: 28728 time: 0.2017837
2026-07-14 19:11:15.435 8 INFO neutron.api.wsgi [None req-a8718640-7640-4649-a054-97c7a0e39a7a d54ab789ab764360a301b092e529a1de 944992dde62c4080abe7a663032008a4 - - default default] 10.0.0.253 "GET /v2.0/ports HTTP/1.1" status: 200 len: 9627 time: 0.0604572
2026-07-14 19:11:15.514 9 INFO neutron.api.wsgi [None req-298520f7-295c-4521-9a67-c46afdb27e35 d54ab789ab764360a301b092e529a1de 944992dde62c4080abe7a663032008a4 - - default default] 10.0.0.106 "DELETE /v2.0/subnets/1b2de000-0c42-4494-92b8-e0f231c094e8 HTTP/1.1" status: 204 len: 168 time: 0.2277493
2026-07-14 19:11:15.526 8 INFO neutron.api.wsgi [req-fb0fefa7-b3b9-4833-971e-7b8f3408a45f req-41a7a19b-4ebb-4b93-a60f-a713ac06fc15 227155b99398426fb731aee650bc133e d2e4904e1d2e403dab2bcaa55b5c72e7 - - default default] 10.0.0.241 "GET /v2.0/ports?device_id=17b7a642-826e-46c6-b6c9-f2c56d1cddf5 HTTP/1.1" status: 200 len: 210 time: 0.0277796
2026-07-14 19:11:15.562 8 INFO neutron.api.wsgi [None req-26336012-d5ff-4449-bd35-c6e56fc9e69d d54ab789ab764360a301b092e529a1de 944992dde62c4080abe7a663032008a4 - - default default] 10.0.0.253 "GET /v2.0/routers HTTP/1.1" status: 200 len: 1149 time: 0.1215713
2026-07-14 19:11:15.573 8 INFO neutron.api.wsgi [None req-f70c282e-7aa2-43e9-9cd0-c6211ce29606 d54ab789ab764360a301b092e529a1de 944992dde62c4080abe7a663032008a4 - - default default] 10.0.0.253 "GET /v2.0/agents?binary=ovn-controller HTTP/1.1" status: 200 len: 591 time: 0.0106440
2026-07-14 19:11:15.590 8 INFO neutron.api.wsgi [None req-6b0c6cd5-048a-4c7f-901c-12b648d85d3e d54ab789ab764360a301b092e529a1de 944992dde62c4080abe7a663032008a4 - - default default] 10.0.0.253 "GET /v2.0/agents HTTP/1.1" status: 200 len: 1390 time: 0.0143707
2026-07-14 19:11:15.605 8 INFO neutron.api.wsgi [None req-2f724aa8-8e32-4225-93b2-1190916a7c4a d54ab789ab764360a301b092e529a1de 944992dde62c4080abe7a663032008a4 - - default default] 10.0.0.253 "GET /v2.0/network-ip-availabilities HTTP/1.1" status: 200 len: 2006 time: 0.0145388
2026-07-14 19:11:15.642 8 INFO neutron.api.wsgi [None req-9779c326-b59f-45e7-badd-ec1246bf084f d54ab789ab764360a301b092e529a1de 944992dde62c4080abe7a663032008a4 - - default default] 10.0.0.253 "GET /v2.0/subnets HTTP/1.1" status: 200 len: 2148 time: 0.0337253
2026-07-14 19:11:15.653 8 INFO neutron.api.wsgi [None req-733254ea-709d-4a6c-b337-5783054fda1e d54ab789ab764360a301b092e529a1de 944992dde62c4080abe7a663032008a4 - - default default] 10.0.0.253 "GET /v2.0/subnetpools HTTP/1.1" status: 200 len: 193 time: 0.0096533
2026-07-14 19:11:15.691 8 INFO neutron.api.wsgi [None req-370e5bd0-cf26-46fb-997e-e3798a0674ab d54ab789ab764360a301b092e529a1de 944992dde62c4080abe7a663032008a4 - - default default] 10.0.0.253 "GET /v2.0/floatingips HTTP/1.1" status: 200 len: 193 time: 0.0376427
2026-07-14 19:11:15.757 8 INFO neutron.api.wsgi [None req-e3eeded8-36da-4ea6-98be-ffa94f5384d2 d54ab789ab764360a301b092e529a1de 944992dde62c4080abe7a663032008a4 - - default default] 10.0.0.253 "GET /v2.0/networks HTTP/1.1" status: 200 len: 3814 time: 0.0649903
2026-07-14 19:11:15.803 8 INFO neutron.api.wsgi [None req-b0e28686-cb06-44a9-a973-b6c61ad1df4e d54ab789ab764360a301b092e529a1de 944992dde62c4080abe7a663032008a4 - - default default] 10.0.0.253 "GET /v2.0/subnets HTTP/1.1" status: 200 len: 2148 time: 0.0410526
2026-07-14 19:11:15.928 9 INFO neutron.services.segments.plugin [-] Segment fcb4f1eb-37c9-49af-bc2e-83510c35c186 resource provider aggregate not found
2026-07-14 19:11:15.933 9 INFO neutron.services.segments.plugin [-] Segment fcb4f1eb-37c9-49af-bc2e-83510c35c186 resource provider aggregate not found
2026-07-14 19:11:15.942 9 INFO neutron.services.segments.plugin [-] Segment fcb4f1eb-37c9-49af-bc2e-83510c35c186 resource provider not found; error: Placement Client Error (4xx): {"errors": [{"status": 404, "title": "Not Found", "detail": "The resource could not be found.\n\n No resource provider with uuid fcb4f1eb-37c9-49af-bc2e-83510c35c186 found for delete ", "request_id": "req-5f65571a-93b5-4252-829d-3145481908ed"}]}
2026-07-14 19:11:15.949 9 INFO neutron.services.segments.plugin [-] Segment fcb4f1eb-37c9-49af-bc2e-83510c35c186 resource provider not found; error: Placement Client Error (4xx): {"errors": [{"status": 404, "title": "Not Found", "detail": "The resource could not be found.\n\n No resource provider with uuid fcb4f1eb-37c9-49af-bc2e-83510c35c186 found for delete ", "request_id": "req-8fd597f5-d356-43a5-826f-a888e7fafd96"}]}
2026-07-14 19:11:15.966 9 INFO neutron.api.wsgi [None req-78e85e83-6edc-4e18-816a-7542d6611ed3 d54ab789ab764360a301b092e529a1de 944992dde62c4080abe7a663032008a4 - - default default] 10.0.0.106 "DELETE /v2.0/networks/71b2c504-debe-4a10-b514-a92f5b442905 HTTP/1.1" status: 204 len: 168 time: 0.4450467
2026-07-14 19:11:16.163 9 INFO neutron.api.wsgi [None req-2082ea0f-9d31-4e89-b0e4-774f34859bc9 d54ab789ab764360a301b092e529a1de 944992dde62c4080abe7a663032008a4 - - default default] 10.0.0.106 "GET /v2.0/security-groups?tenant_id=b8ad73b60205414fa7fc4e0eb9fc7dd6&name=default HTTP/1.1" status: 200 len: 3120 time: 0.0284576
2026-07-14 19:11:16.389 9 INFO neutron.api.wsgi [None req-f321e2a4-d420-49e0-98e3-1977906a1af6 d54ab789ab764360a301b092e529a1de 944992dde62c4080abe7a663032008a4 - - default default] 10.0.0.106 "DELETE /v2.0/security-groups/265b595f-9233-4334-8a47-d19d5d810df4 HTTP/1.1" status: 204 len: 168 time: 0.2205880
2026-07-14 19:11:16.556 9 INFO neutron.api.wsgi [req-824f2a3c-d9ce-4b40-a800-88485cdc7074 req-d529b8a6-3405-49f8-909a-e80789ffdef2 227155b99398426fb731aee650bc133e d2e4904e1d2e403dab2bcaa55b5c72e7 - - default default] 199.19.213.166 "GET /v2.0/networks?id=a4b60153-03fa-4af8-abdc-40670194b6f7 HTTP/1.1" status: 200 len: 859 time: 0.0652225
2026-07-14 19:11:16.615 9 INFO neutron.api.wsgi [req-fa8b9249-b309-42fe-92cb-2780a57cb99b req-0e351c96-b117-4e74-a285-ec36c54e662d 227155b99398426fb731aee650bc133e d2e4904e1d2e403dab2bcaa55b5c72e7 - - default default] 10.0.0.241 "GET /v2.0/ports?device_id=17b7a642-826e-46c6-b6c9-f2c56d1cddf5 HTTP/1.1" status: 200 len: 210 time: 0.0250254
2026-07-14 19:11:16.621 9 INFO neutron.api.wsgi [req-824f2a3c-d9ce-4b40-a800-88485cdc7074 req-e38cbb37-4961-4c4c-becb-b7e0a600a941 227155b99398426fb731aee650bc133e d2e4904e1d2e403dab2bcaa55b5c72e7 - - default default] 199.19.213.166 "GET /v2.0/security-groups?fields=id&fields=name&tenant_id=d2e4904e1d2e403dab2bcaa55b5c72e7 HTTP/1.1" status: 200 len: 380 time: 0.0602086
2026-07-14 19:11:16.630 9 WARNING neutron_lib.context [req-824f2a3c-d9ce-4b40-a800-88485cdc7074 req-38fba640-6cde-4583-b0c5-738cca8694b8 227155b99398426fb731aee650bc133e d2e4904e1d2e403dab2bcaa55b5c72e7 - - default default] Method 'is_advsvc' is deprecated since 2023.2 release (neutron-lib 3.8.0) and will be removed once support for the old RBAC API policies will be removed from Neutron. Please use method 'is_service_role' instead.
2026-07-14 19:11:16.926 9 WARNING neutron.scheduler.dhcp_agent_scheduler [req-824f2a3c-d9ce-4b40-a800-88485cdc7074 req-38fba640-6cde-4583-b0c5-738cca8694b8 227155b99398426fb731aee650bc133e d2e4904e1d2e403dab2bcaa55b5c72e7 - - default default] No more DHCP agents
2026-07-14 19:11:16.928 9 WARNING neutron.api.rpc.agentnotifiers.dhcp_rpc_agent_api [req-824f2a3c-d9ce-4b40-a800-88485cdc7074 req-38fba640-6cde-4583-b0c5-738cca8694b8 227155b99398426fb731aee650bc133e d2e4904e1d2e403dab2bcaa55b5c72e7 - - default default] Unable to schedule network a4b60153-03fa-4af8-abdc-40670194b6f7: no agents available; will retry on subsequent port and subnet creation events.
2026-07-14 19:11:17.057 9 INFO neutron.db.ovn_revision_numbers_db [req-824f2a3c-d9ce-4b40-a800-88485cdc7074 req-38fba640-6cde-4583-b0c5-738cca8694b8 227155b99398426fb731aee650bc133e d2e4904e1d2e403dab2bcaa55b5c72e7 - - default default] Successfully bumped revision number for resource ec98c87a-8b55-4662-b0c6-6da0d3d1372d (type: ports) to 1
2026-07-14 19:11:17.078 9 INFO neutron.api.wsgi [req-824f2a3c-d9ce-4b40-a800-88485cdc7074 req-38fba640-6cde-4583-b0c5-738cca8694b8 227155b99398426fb731aee650bc133e d2e4904e1d2e403dab2bcaa55b5c72e7 - - default default] 199.19.213.166 "POST /v2.0/ports HTTP/1.1" status: 201 len: 1162 time: 0.4527774 /var/lib/openstack/lib/python3.12/site-packages/pycadf/identifier.py:71: UserWarning: Invalid uuid: neutron. To ensure interoperability, identifiers should be a valid uuid. warnings.warn(('Invalid uuid: %s. To ensure interoperability, '
2026-07-14 19:11:17.441 9 INFO neutron.db.ovn_revision_numbers_db [req-824f2a3c-d9ce-4b40-a800-88485cdc7074 req-d3838f2b-dabe-471b-9c33-ecf9a6127c28 64cdc5d9c058421f86a927a38585db0a 1f755786a48d4d4ab0dfad4c8baccc73 - - a1d42b11def94b6da85a2b715b2d2bd9 a1d42b11def94b6da85a2b715b2d2bd9] Successfully bumped revision number for resource ec98c87a-8b55-4662-b0c6-6da0d3d1372d (type: ports) to 2
2026-07-14 19:11:17.705 9 INFO neutron.db.ovn_revision_numbers_db [req-824f2a3c-d9ce-4b40-a800-88485cdc7074 req-d3838f2b-dabe-471b-9c33-ecf9a6127c28 64cdc5d9c058421f86a927a38585db0a 1f755786a48d4d4ab0dfad4c8baccc73 - - a1d42b11def94b6da85a2b715b2d2bd9 a1d42b11def94b6da85a2b715b2d2bd9] Successfully bumped revision number for resource ec98c87a-8b55-4662-b0c6-6da0d3d1372d (type: ports) to 4
2026-07-14 19:11:17.723 9 INFO neutron.api.wsgi [req-824f2a3c-d9ce-4b40-a800-88485cdc7074 req-d3838f2b-dabe-471b-9c33-ecf9a6127c28 64cdc5d9c058421f86a927a38585db0a 1f755786a48d4d4ab0dfad4c8baccc73 - - a1d42b11def94b6da85a2b715b2d2bd9 a1d42b11def94b6da85a2b715b2d2bd9] 199.19.213.166 "PUT /v2.0/ports/ec98c87a-8b55-4662-b0c6-6da0d3d1372d HTTP/1.1" status: 200 len: 1408 time: 0.6357613
2026-07-14 19:11:17.744 8 INFO neutron.api.wsgi [req-538017d4-35ee-44e2-b42e-881a287b3a7f req-6ef7c926-164b-42fd-b422-3a379e1803d1 227155b99398426fb731aee650bc133e d2e4904e1d2e403dab2bcaa55b5c72e7 - - default default] 10.0.0.241 "GET /v2.0/ports?device_id=17b7a642-826e-46c6-b6c9-f2c56d1cddf5 HTTP/1.1" status: 200 len: 1172 time: 0.0739479
2026-07-14 19:11:17.755 9 INFO neutron.notifiers.nova [-] Nova event matching ['req-4ad09e65-17fe-4362-b2d7-ed349946eced'] response: {'name': 'network-changed', 'server_uuid': '17b7a642-826e-46c6-b6c9-f2c56d1cddf5', 'tag': 'ec98c87a-8b55-4662-b0c6-6da0d3d1372d', 'status': 'completed', 'code': 200}
2026-07-14 19:11:17.786 8 INFO neutron.api.wsgi [req-538017d4-35ee-44e2-b42e-881a287b3a7f req-7e71d9c1-9367-4f9a-a48a-cdee6fa6844c 227155b99398426fb731aee650bc133e d2e4904e1d2e403dab2bcaa55b5c72e7 - - default default] 10.0.0.241 "GET /v2.0/security-groups?id=570d00c6-df69-451a-916d-5f01c22fe89b&fields=id&fields=name HTTP/1.1" status: 200 len: 313 time: 0.0380070 /var/lib/openstack/lib/python3.12/site-packages/pycadf/identifier.py:71: UserWarning: Invalid uuid: neutron. To ensure interoperability, identifiers should be a valid uuid. warnings.warn(('Invalid uuid: %s. To ensure interoperability, '
2026-07-14 19:11:18.295 9 INFO neutron.api.wsgi [req-0a60c627-fa28-43f8-a189-c36afd882342 req-5fd1b7d6-228e-4b8d-963a-717de42e2266 64cdc5d9c058421f86a927a38585db0a 1f755786a48d4d4ab0dfad4c8baccc73 - - a1d42b11def94b6da85a2b715b2d2bd9 a1d42b11def94b6da85a2b715b2d2bd9] 199.19.213.166 "GET /v2.0/ports?tenant_id=d2e4904e1d2e403dab2bcaa55b5c72e7&device_id=17b7a642-826e-46c6-b6c9-f2c56d1cddf5 HTTP/1.1" status: 200 len: 1411 time: 0.0340533
2026-07-14 19:11:18.362 9 INFO neutron.api.wsgi [req-0a60c627-fa28-43f8-a189-c36afd882342 req-37dac8e2-eacd-4877-a747-6171591a158e 64cdc5d9c058421f86a927a38585db0a 1f755786a48d4d4ab0dfad4c8baccc73 - - a1d42b11def94b6da85a2b715b2d2bd9 a1d42b11def94b6da85a2b715b2d2bd9] 199.19.213.166 "GET /v2.0/networks?tenant_id=d2e4904e1d2e403dab2bcaa55b5c72e7&shared=False HTTP/1.1" status: 200 len: 958 time: 0.0631232
2026-07-14 19:11:18.422 9 INFO neutron.api.wsgi [req-0a60c627-fa28-43f8-a189-c36afd882342 req-0e22b316-21ea-4b79-953b-06ff3fd4c99d 64cdc5d9c058421f86a927a38585db0a 1f755786a48d4d4ab0dfad4c8baccc73 - - a1d42b11def94b6da85a2b715b2d2bd9 a1d42b11def94b6da85a2b715b2d2bd9] 199.19.213.166 "GET /v2.0/networks?shared=True HTTP/1.1" status: 200 len: 952 time: 0.0566599
2026-07-14 19:11:18.504 9 INFO neutron.db.ovn_revision_numbers_db [None req-ca11c73f-327b-4da6-ad7d-1b8a93677f93 d54ab789ab764360a301b092e529a1de 944992dde62c4080abe7a663032008a4 - - default default] Successfully bumped revision number for resource f114b1e0-5b7f-4233-beab-b6f8b42bd7f1 (type: security_groups) to 1
2026-07-14 19:11:18.524 9 INFO neutron.db.ovn_revision_numbers_db [None req-ca11c73f-327b-4da6-ad7d-1b8a93677f93 d54ab789ab764360a301b092e529a1de 944992dde62c4080abe7a663032008a4 - - default default] Successfully bumped revision number for resource 121439bb-85d5-416e-88be-a937ce4e3073 (type: security_group_rules) to 0
2026-07-14 19:11:18.541 9 INFO neutron.db.ovn_revision_numbers_db [None req-ca11c73f-327b-4da6-ad7d-1b8a93677f93 d54ab789ab764360a301b092e529a1de 944992dde62c4080abe7a663032008a4 - - default default] Successfully bumped revision number for resource 8fd891e3-9aa1-4800-be2a-98e94b74fb90 (type: security_group_rules) to 0
2026-07-14 19:11:18.563 9 INFO neutron.db.ovn_revision_numbers_db [None req-ca11c73f-327b-4da6-ad7d-1b8a93677f93 d54ab789ab764360a301b092e529a1de 944992dde62c4080abe7a663032008a4 - - default default] Successfully bumped revision number for resource 9ca30548-354c-4cb0-9154-a55822187686 (type: security_group_rules) to 0
2026-07-14 19:11:18.590 9 INFO neutron.db.ovn_revision_numbers_db [None req-ca11c73f-327b-4da6-ad7d-1b8a93677f93 d54ab789ab764360a301b092e529a1de 944992dde62c4080abe7a663032008a4 - - default default] Successfully bumped revision number for resource dda73020-00f7-42ae-b684-b14923fc393b (type: security_group_rules) to 0
2026-07-14 19:11:18.609 9 WARNING neutron_lib.context [None req-2221414c-6f84-4643-abb6-39eb83ea9fa9 a7c567fee233443ea05517314c8f9778 6bc2c0892e79416f90717a2f0ab5f0f3 - - default default] Method 'is_advsvc' is deprecated since 2023.2 release (neutron-lib 3.8.0) and will be removed once support for the old RBAC API policies will be removed from Neutron. Please use method 'is_service_role' instead.
2026-07-14 19:11:18.700 9 INFO neutron.db.segments_db [None req-ca11c73f-327b-4da6-ad7d-1b8a93677f93 d54ab789ab764360a301b092e529a1de 944992dde62c4080abe7a663032008a4 - - default default] Added segment e3617c79-0c08-49c1-9d7e-53225003f59c of type geneve for network 64b920a3-1e3a-426a-8cdd-9725edfb9ee9
2026-07-14 19:11:18.791 9 INFO neutron.db.ovn_revision_numbers_db [None req-2221414c-6f84-4643-abb6-39eb83ea9fa9 a7c567fee233443ea05517314c8f9778 6bc2c0892e79416f90717a2f0ab5f0f3 - - default default] Successfully bumped revision number for resource 45fe8ff9-043a-4376-a210-0a2e80d45706 (type: security_groups) to 1
2026-07-14 19:11:18.809 9 INFO neutron.db.ovn_revision_numbers_db [None req-2221414c-6f84-4643-abb6-39eb83ea9fa9 a7c567fee233443ea05517314c8f9778 6bc2c0892e79416f90717a2f0ab5f0f3 - - default default] Successfully bumped revision number for resource 28eb599d-f48a-481a-a08b-549647407089 (type: security_group_rules) to 0
2026-07-14 19:11:18.832 9 INFO neutron.db.ovn_revision_numbers_db [None req-2221414c-6f84-4643-abb6-39eb83ea9fa9 a7c567fee233443ea05517314c8f9778 6bc2c0892e79416f90717a2f0ab5f0f3 - - default default] Successfully bumped revision number for resource 36ceab32-a5b5-4687-b772-53c29e076dc7 (type: security_group_rules) to 0
2026-07-14 19:11:18.848 9 INFO neutron.db.ovn_revision_numbers_db [None req-ca11c73f-327b-4da6-ad7d-1b8a93677f93 d54ab789ab764360a301b092e529a1de 944992dde62c4080abe7a663032008a4 - - default default] Successfully bumped revision number for resource 64b920a3-1e3a-426a-8cdd-9725edfb9ee9 (type: networks) to 1
2026-07-14 19:11:18.850 9 INFO neutron.db.ovn_revision_numbers_db [None req-2221414c-6f84-4643-abb6-39eb83ea9fa9 a7c567fee233443ea05517314c8f9778 6bc2c0892e79416f90717a2f0ab5f0f3 - - default default] Successfully bumped revision number for resource 5bff8440-7330-443a-9e95-10cbe935fc06 (type: security_group_rules) to 0
2026-07-14 19:11:18.886 9 INFO neutron.db.ovn_revision_numbers_db [None req-2221414c-6f84-4643-abb6-39eb83ea9fa9 a7c567fee233443ea05517314c8f9778 6bc2c0892e79416f90717a2f0ab5f0f3 - - default default] Successfully bumped revision number for resource e4bbe963-a7b3-4bb5-8608-a43e06448663 (type: security_group_rules) to 0
2026-07-14 19:11:18.974 9 INFO neutron.api.wsgi [req-763bf316-b48c-4254-8296-f1d45c6f4383 req-ee4de968-f125-486e-ac39-d63e47c780ed 227155b99398426fb731aee650bc133e d2e4904e1d2e403dab2bcaa55b5c72e7 - - default default] 10.0.0.241 "GET /v2.0/ports?device_id=17b7a642-826e-46c6-b6c9-f2c56d1cddf5 HTTP/1.1" status: 200 len: 1172 time: 0.1224353
2026-07-14 19:11:19.034 9 INFO neutron.api.wsgi [req-763bf316-b48c-4254-8296-f1d45c6f4383 req-a947a86d-ce9c-4ee5-b698-e80b98d5b146 227155b99398426fb731aee650bc133e d2e4904e1d2e403dab2bcaa55b5c72e7 - - default default] 10.0.0.241 "GET /v2.0/security-groups?id=570d00c6-df69-451a-916d-5f01c22fe89b&fields=id&fields=name HTTP/1.1" status: 200 len: 313 time: 0.0550005
2026-07-14 19:11:19.044 9 INFO neutron.db.ovn_revision_numbers_db [None req-2221414c-6f84-4643-abb6-39eb83ea9fa9 a7c567fee233443ea05517314c8f9778 6bc2c0892e79416f90717a2f0ab5f0f3 - - default default] Successfully bumped revision number for resource b41da8da-fc90-405b-b8dc-0c81bdcd321a (type: security_groups) to 1
2026-07-14 19:11:19.057 9 INFO neutron.db.ovn_revision_numbers_db [None req-2221414c-6f84-4643-abb6-39eb83ea9fa9 a7c567fee233443ea05517314c8f9778 6bc2c0892e79416f90717a2f0ab5f0f3 - - default default] Successfully bumped revision number for resource 50facd27-3a7d-4033-af1e-a0f1f80013d0 (type: security_group_rules) to 0
2026-07-14 19:11:19.070 9 WARNING neutron.scheduler.dhcp_agent_scheduler [None req-ca11c73f-327b-4da6-ad7d-1b8a93677f93 d54ab789ab764360a301b092e529a1de 944992dde62c4080abe7a663032008a4 - - default default] No more DHCP agents
2026-07-14 19:11:19.070 9 INFO neutron.db.ovn_revision_numbers_db [None req-2221414c-6f84-4643-abb6-39eb83ea9fa9 a7c567fee233443ea05517314c8f9778 6bc2c0892e79416f90717a2f0ab5f0f3 - - default default] Successfully bumped revision number for resource 88e18dbd-d183-4092-b36e-664a63a13f87 (type: security_group_rules) to 0
2026-07-14 19:11:19.073 9 WARNING neutron.api.rpc.agentnotifiers.dhcp_rpc_agent_api [None req-ca11c73f-327b-4da6-ad7d-1b8a93677f93 d54ab789ab764360a301b092e529a1de 944992dde62c4080abe7a663032008a4 - - default default] Unable to schedule network 64b920a3-1e3a-426a-8cdd-9725edfb9ee9: no agents available; will retry on subsequent port and subnet creation events.
2026-07-14 19:11:19.108 9 INFO neutron.api.wsgi [None req-2221414c-6f84-4643-abb6-39eb83ea9fa9 a7c567fee233443ea05517314c8f9778 6bc2c0892e79416f90717a2f0ab5f0f3 - - default default] 10.0.0.106 "POST /v2.0/security-groups HTTP/1.1" status: 201 len: 1801 time: 0.5506146
2026-07-14 19:11:19.117 9 WARNING neutron_lib.context [None req-6b1bf8aa-515d-46e1-a1ce-912e3400feb5 a7c567fee233443ea05517314c8f9778 6bc2c0892e79416f90717a2f0ab5f0f3 - - default default] Method 'is_advsvc' is deprecated since 2023.2 release (neutron-lib 3.8.0) and will be removed once support for the old RBAC API policies will be removed from Neutron. Please use method 'is_service_role' instead.
2026-07-14 19:11:19.148 9 INFO neutron.db.ovn_revision_numbers_db [None req-ca11c73f-327b-4da6-ad7d-1b8a93677f93 d54ab789ab764360a301b092e529a1de 944992dde62c4080abe7a663032008a4 - - default default] Successfully bumped revision number for resource 6202a257-96f6-4a67-94a1-413bb3085714 (type: ports) to 1
2026-07-14 19:11:19.170 9 INFO neutron.api.wsgi [None req-ca11c73f-327b-4da6-ad7d-1b8a93677f93 d54ab789ab764360a301b092e529a1de 944992dde62c4080abe7a663032008a4 - - default default] 10.0.0.106 "POST /v2.0/networks HTTP/1.1" status: 201 len: 943 time: 0.9459298
2026-07-14 19:11:19.233 9 INFO neutron.db.ovn_revision_numbers_db [None req-6b1bf8aa-515d-46e1-a1ce-912e3400feb5 a7c567fee233443ea05517314c8f9778 6bc2c0892e79416f90717a2f0ab5f0f3 - - default default] Successfully bumped revision number for resource 8ea56cf4-ade9-48fb-b9d3-9b687a670013 (type: security_groups) to 1
2026-07-14 19:11:19.247 9 INFO neutron.db.ovn_revision_numbers_db [None req-6b1bf8aa-515d-46e1-a1ce-912e3400feb5 a7c567fee233443ea05517314c8f9778 6bc2c0892e79416f90717a2f0ab5f0f3 - - default default] Successfully bumped revision number for resource 8423c9c3-21db-486e-a753-b24c80403ed3 (type: security_group_rules) to 0
2026-07-14 19:11:19.260 9 INFO neutron.db.ovn_revision_numbers_db [None req-6b1bf8aa-515d-46e1-a1ce-912e3400feb5 a7c567fee233443ea05517314c8f9778 6bc2c0892e79416f90717a2f0ab5f0f3 - - default default] Successfully bumped revision number for resource c24e9861-026f-49cc-ba0e-ccf24ecf209a (type: security_group_rules) to 0
2026-07-14 19:11:19.295 9 INFO neutron.api.wsgi [None req-6b1bf8aa-515d-46e1-a1ce-912e3400feb5 a7c567fee233443ea05517314c8f9778 6bc2c0892e79416f90717a2f0ab5f0f3 - - default default] 10.0.0.106 "POST /v2.0/security-groups HTTP/1.1" status: 201 len: 1801 time: 0.1809390
2026-07-14 19:11:19.303 9 WARNING neutron_lib.context [None req-677cffd5-5d40-43a1-8110-53b8672d3a69 a7c567fee233443ea05517314c8f9778 6bc2c0892e79416f90717a2f0ab5f0f3 - - default default] Method 'is_advsvc' is deprecated since 2023.2 release (neutron-lib 3.8.0) and will be removed once support for the old RBAC API policies will be removed from Neutron. Please use method 'is_service_role' instead.
2026-07-14 19:11:19.324 8 WARNING neutron.scheduler.dhcp_agent_scheduler [None req-1aa7b48d-681e-41d6-a76c-cdc4f3508eb0 d54ab789ab764360a301b092e529a1de 944992dde62c4080abe7a663032008a4 - - default default] No more DHCP agents
2026-07-14 19:11:19.326 8 WARNING neutron.api.rpc.agentnotifiers.dhcp_rpc_agent_api [None req-1aa7b48d-681e-41d6-a76c-cdc4f3508eb0 d54ab789ab764360a301b092e529a1de 944992dde62c4080abe7a663032008a4 - - default default] Unable to schedule network 64b920a3-1e3a-426a-8cdd-9725edfb9ee9: no agents available; will retry on subsequent port and subnet creation events.
2026-07-14 19:11:19.416 9 INFO neutron.db.ovn_revision_numbers_db [None req-677cffd5-5d40-43a1-8110-53b8672d3a69 a7c567fee233443ea05517314c8f9778 6bc2c0892e79416f90717a2f0ab5f0f3 - - default default] Successfully bumped revision number for resource 497f1f56-00a8-44cc-8158-93ef021b17bc (type: security_groups) to 1
2026-07-14 19:11:19.432 9 INFO neutron.db.ovn_revision_numbers_db [None req-677cffd5-5d40-43a1-8110-53b8672d3a69 a7c567fee233443ea05517314c8f9778 6bc2c0892e79416f90717a2f0ab5f0f3 - - default default] Successfully bumped revision number for resource 063263f3-00e0-43ed-8be4-dbe7ab57456e (type: security_group_rules) to 0
2026-07-14 19:11:19.461 9 INFO neutron.db.ovn_revision_numbers_db [None req-677cffd5-5d40-43a1-8110-53b8672d3a69 a7c567fee233443ea05517314c8f9778 6bc2c0892e79416f90717a2f0ab5f0f3 - - default default] Successfully bumped revision number for resource 5e62163a-1434-42da-a76e-91f9df73486c (type: security_group_rules) to 0
2026-07-14 19:11:19.493 9 INFO neutron.api.wsgi [req-824f2a3c-d9ce-4b40-a800-88485cdc7074 req-ce73a0d4-48d5-4cf2-b5d7-cacbbc6e2ec2 64cdc5d9c058421f86a927a38585db0a 1f755786a48d4d4ab0dfad4c8baccc73 - - a1d42b11def94b6da85a2b715b2d2bd9 a1d42b11def94b6da85a2b715b2d2bd9] 199.19.213.166 "GET /v2.0/ports?tenant_id=d2e4904e1d2e403dab2bcaa55b5c72e7&device_id=17b7a642-826e-46c6-b6c9-f2c56d1cddf5 HTTP/1.1" status: 200 len: 1411 time: 0.0525911
2026-07-14 19:11:19.529 9 INFO neutron.api.wsgi [req-824f2a3c-d9ce-4b40-a800-88485cdc7074 req-e23facfb-92ff-4920-b69b-ac1d3a6a47dc 64cdc5d9c058421f86a927a38585db0a 1f755786a48d4d4ab0dfad4c8baccc73 - - a1d42b11def94b6da85a2b715b2d2bd9 a1d42b11def94b6da85a2b715b2d2bd9] 199.19.213.166 "GET /v2.0/floatingips?fixed_ip_address=10.100.0.12&port_id=ec98c87a-8b55-4662-b0c6-6da0d3d1372d HTTP/1.1" status: 200 len: 217 time: 0.0279784
2026-07-14 19:11:19.536 9 INFO neutron.api.wsgi [None req-677cffd5-5d40-43a1-8110-53b8672d3a69 a7c567fee233443ea05517314c8f9778 6bc2c0892e79416f90717a2f0ab5f0f3 - - default default] 10.0.0.106 "POST /v2.0/security-groups HTTP/1.1" status: 201 len: 1801 time: 0.2366319
2026-07-14 19:11:19.545 8 WARNING neutron_lib.context [None req-4e1127a8-5535-490c-9256-31bdf8ec5c19 a7c567fee233443ea05517314c8f9778 6bc2c0892e79416f90717a2f0ab5f0f3 - - default default] Method 'is_advsvc' is deprecated since 2023.2 release (neutron-lib 3.8.0) and will be removed once support for the old RBAC API policies will be removed from Neutron. Please use method 'is_service_role' instead.
2026-07-14 19:11:19.568 9 INFO neutron.api.wsgi [req-824f2a3c-d9ce-4b40-a800-88485cdc7074 req-40224799-5986-4df5-bd74-f958089b94a6 64cdc5d9c058421f86a927a38585db0a 1f755786a48d4d4ab0dfad4c8baccc73 - - a1d42b11def94b6da85a2b715b2d2bd9 a1d42b11def94b6da85a2b715b2d2bd9] 199.19.213.166 "GET /v2.0/subnets?id=2f30416e-221b-4dae-b753-a6c532e6bf8c HTTP/1.1" status: 200 len: 876 time: 0.0320234
2026-07-14 19:11:19.598 9 INFO neutron.api.wsgi [req-824f2a3c-d9ce-4b40-a800-88485cdc7074 req-8d271914-7481-4b89-8159-58c14df24f32 64cdc5d9c058421f86a927a38585db0a 1f755786a48d4d4ab0dfad4c8baccc73 - - a1d42b11def94b6da85a2b715b2d2bd9 a1d42b11def94b6da85a2b715b2d2bd9] 199.19.213.166 "GET /v2.0/ports?network_id=a4b60153-03fa-4af8-abdc-40670194b6f7&device_owner=network%3Adhcp HTTP/1.1" status: 200 len: 210 time: 0.0227175
2026-07-14 19:11:19.656 9 INFO neutron.api.wsgi [req-824f2a3c-d9ce-4b40-a800-88485cdc7074 req-1907b235-0f7a-4d37-b11a-995040b3b9c1 64cdc5d9c058421f86a927a38585db0a 1f755786a48d4d4ab0dfad4c8baccc73 - - a1d42b11def94b6da85a2b715b2d2bd9 a1d42b11def94b6da85a2b715b2d2bd9] 199.19.213.166 "GET /v2.0/networks/a4b60153-03fa-4af8-abdc-40670194b6f7?fields=segments HTTP/1.1" status: 200 len: 212 time: 0.0501673
2026-07-14 19:11:19.687 8 INFO neutron.db.ovn_revision_numbers_db [None req-4e1127a8-5535-490c-9256-31bdf8ec5c19 a7c567fee233443ea05517314c8f9778 6bc2c0892e79416f90717a2f0ab5f0f3 - - default default] Successfully bumped revision number for resource f8b8ad03-430e-445f-9ee5-43be48f97fde (type: security_groups) to 1
2026-07-14 19:11:19.706 8 INFO neutron.db.ovn_revision_numbers_db [None req-4e1127a8-5535-490c-9256-31bdf8ec5c19 a7c567fee233443ea05517314c8f9778 6bc2c0892e79416f90717a2f0ab5f0f3 - - default default] Successfully bumped revision number for resource 5b7a6aa4-adf0-41ee-bd58-38b0832635e8 (type: security_group_rules) to 0
2026-07-14 19:11:19.722 9 INFO neutron.api.wsgi [req-824f2a3c-d9ce-4b40-a800-88485cdc7074 req-f3b34838-759b-4bad-9f93-5b2fa26ed3c0 64cdc5d9c058421f86a927a38585db0a 1f755786a48d4d4ab0dfad4c8baccc73 - - a1d42b11def94b6da85a2b715b2d2bd9 a1d42b11def94b6da85a2b715b2d2bd9] 199.19.213.166 "GET /v2.0/networks/a4b60153-03fa-4af8-abdc-40670194b6f7?fields=provider%3Aphysical_network&fields=provider%3Anetwork_type HTTP/1.1" status: 200 len: 277 time: 0.0575705
2026-07-14 19:11:19.725 8 INFO neutron.db.ovn_revision_numbers_db [None req-4e1127a8-5535-490c-9256-31bdf8ec5c19 a7c567fee233443ea05517314c8f9778 6bc2c0892e79416f90717a2f0ab5f0f3 - - default default] Successfully bumped revision number for resource bb0a75c7-4a87-43ae-af12-f8537c188fb5 (type: security_group_rules) to 0
2026-07-14 19:11:19.770 8 INFO neutron.api.wsgi [None req-4e1127a8-5535-490c-9256-31bdf8ec5c19 a7c567fee233443ea05517314c8f9778 6bc2c0892e79416f90717a2f0ab5f0f3 - - default default] 10.0.0.106 "POST /v2.0/security-groups HTTP/1.1" status: 201 len: 1801 time: 0.2299097
2026-07-14 19:11:19.784 9 WARNING neutron_lib.context [None req-117eb3cd-6beb-4c03-874e-4c48607a5580 a7c567fee233443ea05517314c8f9778 6bc2c0892e79416f90717a2f0ab5f0f3 - - default default] Method 'is_advsvc' is deprecated since 2023.2 release (neutron-lib 3.8.0) and will be removed once support for the old RBAC API policies will be removed from Neutron. Please use method 'is_service_role' instead.
2026-07-14 19:11:19.868 8 INFO neutron.db.ovn_revision_numbers_db [None req-18c3bb13-e7dc-4e5a-93e7-6a93aa2685dc - - - - - -] Successfully bumped revision number for resource 6202a257-96f6-4a67-94a1-413bb3085714 (type: ports) to 2
2026-07-14 19:11:19.905 8 INFO neutron.db.ovn_revision_numbers_db [None req-18c3bb13-e7dc-4e5a-93e7-6a93aa2685dc - - - - - -] Successfully bumped revision number for resource 1a41ad08-5114-4541-ac53-282684182e30 (type: subnets) to 0
2026-07-14 19:11:19.915 9 INFO neutron.db.ovn_revision_numbers_db [None req-117eb3cd-6beb-4c03-874e-4c48607a5580 a7c567fee233443ea05517314c8f9778 6bc2c0892e79416f90717a2f0ab5f0f3 - - default default] Successfully bumped revision number for resource eb5a6f5a-d577-4694-afd1-04d3e103fc4e (type: security_groups) to 1
2026-07-14 19:11:19.927 8 INFO neutron.api.wsgi [None req-1aa7b48d-681e-41d6-a76c-cdc4f3508eb0 d54ab789ab764360a301b092e529a1de 944992dde62c4080abe7a663032008a4 - - default default] 10.0.0.106 "POST /v2.0/subnets HTTP/1.1" status: 201 len: 887 time: 0.7514443
2026-07-14 19:11:19.941 9 INFO neutron.db.ovn_revision_numbers_db [None req-117eb3cd-6beb-4c03-874e-4c48607a5580 a7c567fee233443ea05517314c8f9778 6bc2c0892e79416f90717a2f0ab5f0f3 - - default default] Successfully bumped revision number for resource 06d27380-e5e8-48aa-8d0f-54cdda433f62 (type: security_group_rules) to 0
2026-07-14 19:11:19.958 9 INFO neutron.db.ovn_revision_numbers_db [None req-117eb3cd-6beb-4c03-874e-4c48607a5580 a7c567fee233443ea05517314c8f9778 6bc2c0892e79416f90717a2f0ab5f0f3 - - default default] Successfully bumped revision number for resource 689ac070-57a9-4156-9b27-48f644581754 (type: security_group_rules) to 0
2026-07-14 19:11:20.013 9 INFO neutron.api.wsgi [None req-117eb3cd-6beb-4c03-874e-4c48607a5580 a7c567fee233443ea05517314c8f9778 6bc2c0892e79416f90717a2f0ab5f0f3 - - default default] 10.0.0.106 "POST /v2.0/security-groups HTTP/1.1" status: 201 len: 1801 time: 0.2372961
2026-07-14 19:11:20.058 8 INFO neutron.api.wsgi [None req-4b2d0824-db32-4723-a915-0ae16e6b50bf a7c567fee233443ea05517314c8f9778 6bc2c0892e79416f90717a2f0ab5f0f3 - - default default] 10.0.0.106 "PUT /v2.0/security-groups/b41da8da-fc90-405b-b8dc-0c81bdcd321a/tags HTTP/1.1" status: 200 len: 210 time: 0.0400655
2026-07-14 19:11:20.102 8 INFO neutron.api.wsgi [None req-006c3ba8-6882-4bae-85d4-011ba2654c62 a7c567fee233443ea05517314c8f9778 6bc2c0892e79416f90717a2f0ab5f0f3 - - default default] 10.0.0.106 "PUT /v2.0/security-groups/8ea56cf4-ade9-48fb-b9d3-9b687a670013/tags HTTP/1.1" status: 200 len: 218 time: 0.0386631
2026-07-14 19:11:20.135 8 INFO neutron.api.wsgi [req-e5deb826-0845-4245-bc4d-2232ee31a926 req-c9e08cbd-5a67-4ebb-b72f-46b254f4b33c 227155b99398426fb731aee650bc133e d2e4904e1d2e403dab2bcaa55b5c72e7 - - default default] 10.0.0.241 "GET /v2.0/ports?device_id=17b7a642-826e-46c6-b6c9-f2c56d1cddf5 HTTP/1.1" status: 200 len: 1172 time: 0.0363789
2026-07-14 19:11:20.158 9 INFO neutron.api.wsgi [None req-d1f8f5de-72ec-440d-9a27-79597331ba02 a7c567fee233443ea05517314c8f9778 6bc2c0892e79416f90717a2f0ab5f0f3 - - default default] 10.0.0.106 "PUT /v2.0/security-groups/497f1f56-00a8-44cc-8158-93ef021b17bc/tags HTTP/1.1" status: 200 len: 227 time: 0.0526180
2026-07-14 19:11:20.184 8 INFO neutron.api.wsgi [req-e5deb826-0845-4245-bc4d-2232ee31a926 req-74cc91c9-06b4-4783-9a61-6acee2938880 227155b99398426fb731aee650bc133e d2e4904e1d2e403dab2bcaa55b5c72e7 - - default default] 10.0.0.241 "GET /v2.0/security-groups?id=570d00c6-df69-451a-916d-5f01c22fe89b&fields=id&fields=name HTTP/1.1" status: 200 len: 313 time: 0.0447574
2026-07-14 19:11:20.203 8 INFO neutron.api.wsgi [None req-d4306b11-4d60-4458-9adc-84fe50478704 a7c567fee233443ea05517314c8f9778 6bc2c0892e79416f90717a2f0ab5f0f3 - - default default] 10.0.0.106 "PUT /v2.0/security-groups/f8b8ad03-430e-445f-9ee5-43be48f97fde/tags HTTP/1.1" status: 200 len: 212 time: 0.0389895
2026-07-14 19:11:20.252 8 INFO neutron.api.wsgi [None req-ac79c7d7-5ca6-434e-b667-a09e74f169e4 a7c567fee233443ea05517314c8f9778 6bc2c0892e79416f90717a2f0ab5f0f3 - - default default] 10.0.0.106 "GET /v2.0/security-groups?tags=red HTTP/1.1" status: 200 len: 4999 time: 0.0416939
2026-07-14 19:11:20.305 8 INFO neutron.api.wsgi [None req-f1d2745d-c529-48ee-a7a8-734ef74f3541 a7c567fee233443ea05517314c8f9778 6bc2c0892e79416f90717a2f0ab5f0f3 - - default default] 10.0.0.106 "GET /v2.0/security-groups?tags=red%2Cblue HTTP/1.1" status: 200 len: 3413 time: 0.0466654
2026-07-14 19:11:20.355 8 INFO neutron.api.wsgi [None req-b5b12f53-a620-4a60-8128-870f9a685f60 a7c567fee233443ea05517314c8f9778 6bc2c0892e79416f90717a2f0ab5f0f3 - - default default] 10.0.0.106 "GET /v2.0/security-groups?tags-any=blue HTTP/1.1" status: 200 len: 3413 time: 0.0445740
2026-07-14 19:11:20.384 9 WARNING neutron.scheduler.dhcp_agent_scheduler [None req-f53455c6-7b91-44dd-b249-5739375bc1d9 d54ab789ab764360a301b092e529a1de 944992dde62c4080abe7a663032008a4 - - default default] No more DHCP agents
2026-07-14 19:11:20.385 9 WARNING neutron.api.rpc.agentnotifiers.dhcp_rpc_agent_api [None req-f53455c6-7b91-44dd-b249-5739375bc1d9 d54ab789ab764360a301b092e529a1de 944992dde62c4080abe7a663032008a4 - - default default] Unable to schedule network 20039a72-e184-4592-8a6e-542253372dc2: no agents available; will retry on subsequent port and subnet creation events.
2026-07-14 19:11:20.401 8 INFO neutron.api.wsgi [None req-dcce07f4-c2e8-4f74-890a-3f1b3b63f9bc a7c567fee233443ea05517314c8f9778 6bc2c0892e79416f90717a2f0ab5f0f3 - - default default] 10.0.0.106 "GET /v2.0/security-groups?tags-any=red%2Cblue HTTP/1.1" status: 200 len: 4999 time: 0.0423868
2026-07-14 19:11:20.454 9 INFO neutron.api.wsgi [None req-597d2621-c4c8-49bf-b0ac-9e6b291ce942 a7c567fee233443ea05517314c8f9778 6bc2c0892e79416f90717a2f0ab5f0f3 - - default default] 10.0.0.106 "GET /v2.0/security-groups?not-tags=red HTTP/1.1" status: 200 len: 6289 time: 0.0465691
2026-07-14 19:11:20.526 8 INFO neutron.api.wsgi [None req-d092e5fc-5e9d-4bc2-84c8-0513c4021de9 a7c567fee233443ea05517314c8f9778 6bc2c0892e79416f90717a2f0ab5f0f3 - - default default] 10.0.0.106 "GET /v2.0/security-groups?not-tags=red%2Cblue HTTP/1.1" status: 200 len: 7875 time: 0.0656371
2026-07-14 19:11:20.530 9 INFO neutron.db.ovn_revision_numbers_db [None req-f53455c6-7b91-44dd-b249-5739375bc1d9 d54ab789ab764360a301b092e529a1de 944992dde62c4080abe7a663032008a4 - - default default] Successfully bumped revision number for resource 2d09774b-20e7-425f-89be-edf709954a3b (type: ports) to 1
2026-07-14 19:11:20.581 8 INFO neutron.api.wsgi [None req-8b1b6873-529f-40bd-9b9a-f71114b0af5a a7c567fee233443ea05517314c8f9778 6bc2c0892e79416f90717a2f0ab5f0f3 - - default default] 10.0.0.106 "GET /v2.0/security-groups?not-tags-any=blue HTTP/1.1" status: 200 len: 7875 time: 0.0510483
2026-07-14 19:11:20.632 8 INFO neutron.api.wsgi [None req-6a13308f-6d8b-4e91-876b-e640a91c0c42 a7c567fee233443ea05517314c8f9778 6bc2c0892e79416f90717a2f0ab5f0f3 - - default default] 10.0.0.106 "GET /v2.0/security-groups?not-tags-any=red%2Cblue HTTP/1.1" status: 200 len: 6289 time: 0.0461884
2026-07-14 19:11:20.744 8 INFO neutron.api.wsgi [None req-f2909dab-1d28-4624-ab75-9f6aebeb50f4 a7c567fee233443ea05517314c8f9778 6bc2c0892e79416f90717a2f0ab5f0f3 - - default default] 10.0.0.106 "DELETE /v2.0/security-groups/b41da8da-fc90-405b-b8dc-0c81bdcd321a HTTP/1.1" status: 204 len: 168 time: 0.1060376
2026-07-14 19:11:20.870 8 INFO neutron.api.wsgi [None req-c70021a3-8456-4e7e-96f9-98868a2fb258 a7c567fee233443ea05517314c8f9778 6bc2c0892e79416f90717a2f0ab5f0f3 - - default default] 10.0.0.106 "DELETE /v2.0/security-groups/8ea56cf4-ade9-48fb-b9d3-9b687a670013 HTTP/1.1" status: 204 len: 168 time: 0.1204627
2026-07-14 19:11:20.988 8 INFO neutron.api.wsgi [None req-70764504-e308-4e1e-b9d9-2bed2d1371d5 a7c567fee233443ea05517314c8f9778 6bc2c0892e79416f90717a2f0ab5f0f3 - - default default] 10.0.0.106 "DELETE /v2.0/security-groups/497f1f56-00a8-44cc-8158-93ef021b17bc HTTP/1.1" status: 204 len: 168 time: 0.1114893
2026-07-14 19:11:21.099 8 INFO neutron.api.wsgi [None req-53e89d08-7462-496d-8b7b-011e158f29d1 a7c567fee233443ea05517314c8f9778 6bc2c0892e79416f90717a2f0ab5f0f3 - - default default] 10.0.0.106 "DELETE /v2.0/security-groups/f8b8ad03-430e-445f-9ee5-43be48f97fde HTTP/1.1" status: 204 len: 168 time: 0.1064653
2026-07-14 19:11:21.132 9 INFO neutron.plugins.ml2.drivers.ovn.mech_driver.ovsdb.commands [None req-3322a0e6-c68f-415d-a029-45a615ff93bd - - - - - -] Schedule LRP lrp-2d09774b-20e7-425f-89be-edf709954a3b on gateway 059861b6-8c47-47d7-b903-cc5656c1f4c3 with priority 1
2026-07-14 19:11:21.148 8 INFO neutron.plugins.ml2.drivers.ovn.mech_driver.mech_driver [None req-0216a609-e442-4b3e-92a9-ec4620602ed5 - - - - - -] OVN reports status up for port: 2d09774b-20e7-425f-89be-edf709954a3b
2026-07-14 19:11:21.152 8 INFO neutron.plugins.ml2.drivers.ovn.mech_driver.ovsdb.ovsdb_monitor [None req-558e1f6d-54a2-4e7f-b0cf-5552c3ec9fa5 - - - - - -] Router 27c5432b-4952-4c73-af50-548451db92bf is bound to host instance
2026-07-14 19:11:21.161 8 INFO neutron.plugins.ml2.plugin [None req-0216a609-e442-4b3e-92a9-ec4620602ed5 - - - - - -] Attempt 1 to provision port 2d09774b-20e7-425f-89be-edf709954a3b
2026-07-14 19:11:21.181 9 INFO neutron.db.ovn_revision_numbers_db [None req-f53455c6-7b91-44dd-b249-5739375bc1d9 d54ab789ab764360a301b092e529a1de 944992dde62c4080abe7a663032008a4 - - default default] Successfully bumped revision number for resource 2d09774b-20e7-425f-89be-edf709954a3b (type: router_ports) to 1
2026-07-14 19:11:21.245 9 INFO neutron.db.ovn_revision_numbers_db [None req-f53455c6-7b91-44dd-b249-5739375bc1d9 d54ab789ab764360a301b092e529a1de 944992dde62c4080abe7a663032008a4 - - default default] Successfully bumped revision number for resource 27c5432b-4952-4c73-af50-548451db92bf (type: routers) to 2
2026-07-14 19:11:21.274 9 INFO neutron.api.wsgi [None req-f53455c6-7b91-44dd-b249-5739375bc1d9 d54ab789ab764360a301b092e529a1de 944992dde62c4080abe7a663032008a4 - - default default] 10.0.0.106 "POST /v2.0/routers HTTP/1.1" status: 201 len: 1165 time: 1.3421383
2026-07-14 19:11:21.285 8 INFO neutron.api.wsgi [None req-a477f064-1f07-4461-8c65-6897ee884a8a a7c567fee233443ea05517314c8f9778 6bc2c0892e79416f90717a2f0ab5f0f3 - - default default] 10.0.0.106 "DELETE /v2.0/security-groups/eb5a6f5a-d577-4694-afd1-04d3e103fc4e HTTP/1.1" status: 204 len: 168 time: 0.1787040
2026-07-14 19:11:21.294 9 INFO neutron.api.wsgi [req-530f4a82-6571-4195-a3d3-e6f323023dca req-5c1225a2-1b05-4a0c-8a0d-5c2a75ba2be6 227155b99398426fb731aee650bc133e d2e4904e1d2e403dab2bcaa55b5c72e7 - - default default] 10.0.0.241 "GET /v2.0/ports?device_id=17b7a642-826e-46c6-b6c9-f2c56d1cddf5 HTTP/1.1" status: 200 len: 1172 time: 0.0507090
2026-07-14 19:11:21.342 9 INFO neutron.api.wsgi [req-530f4a82-6571-4195-a3d3-e6f323023dca req-4a703db1-36ec-4b0c-b774-7ab9a728ad2e 227155b99398426fb731aee650bc133e d2e4904e1d2e403dab2bcaa55b5c72e7 - - default default] 10.0.0.241 "GET /v2.0/security-groups?id=570d00c6-df69-451a-916d-5f01c22fe89b&fields=id&fields=name HTTP/1.1" status: 200 len: 313 time: 0.0415859
2026-07-14 19:11:21.674 8 INFO neutron.db.ovn_revision_numbers_db [None req-814d4280-a8d6-4f32-8f76-0331c2c2e20e - - - - - -] Successfully bumped revision number for resource 2d09774b-20e7-425f-89be-edf709954a3b (type: ports) to 1
2026-07-14 19:11:21.812 9 WARNING neutron.scheduler.dhcp_agent_scheduler [None req-0ea8831c-bfb3-41e6-b73b-41171d83cdc7 d54ab789ab764360a301b092e529a1de 944992dde62c4080abe7a663032008a4 - - default default] No more DHCP agents
2026-07-14 19:11:21.814 9 WARNING neutron.api.rpc.agentnotifiers.dhcp_rpc_agent_api [None req-0ea8831c-bfb3-41e6-b73b-41171d83cdc7 d54ab789ab764360a301b092e529a1de 944992dde62c4080abe7a663032008a4 - - default default] Unable to schedule network 64b920a3-1e3a-426a-8cdd-9725edfb9ee9: no agents available; will retry on subsequent port and subnet creation events.
2026-07-14 19:11:21.998 9 INFO neutron.db.ovn_revision_numbers_db [None req-0ea8831c-bfb3-41e6-b73b-41171d83cdc7 d54ab789ab764360a301b092e529a1de 944992dde62c4080abe7a663032008a4 - - default default] Successfully bumped revision number for resource d7113491-0980-47da-bc12-e5edf5d7184d (type: ports) to 1
2026-07-14 19:11:22.092 8 INFO neutron.db.ovn_revision_numbers_db [None req-814d4280-a8d6-4f32-8f76-0331c2c2e20e - - - - - -] Successfully bumped revision number for resource 2d09774b-20e7-425f-89be-edf709954a3b (type: ports) to 4
2026-07-14 19:11:22.365 8 INFO neutron.api.wsgi [None req-d1f8e54e-b391-4f13-96b4-48c7af9d962d d54ab789ab764360a301b092e529a1de 944992dde62c4080abe7a663032008a4 - - default default] 10.0.0.106 "GET /v2.0/security-groups?tenant_id=6bc2c0892e79416f90717a2f0ab5f0f3&name=default HTTP/1.1" status: 200 len: 3120 time: 0.2739897
2026-07-14 19:11:22.443 9 INFO neutron.api.wsgi [-] 10.0.0.254 "GET / HTTP/1.1" status: 200 len: 246 time: 0.0013263
2026-07-14 19:11:22.445 9 INFO neutron.api.wsgi [-] 10.0.0.254 "GET / HTTP/1.1" status: 200 len: 246 time: 0.0010679
2026-07-14 19:11:22.470 8 INFO neutron.api.wsgi [req-5bc9fa0f-dd23-47d5-a8e4-2c6dec6105f1 req-4c1c4a28-bbf4-41fe-84cc-bddc3bb58462 227155b99398426fb731aee650bc133e d2e4904e1d2e403dab2bcaa55b5c72e7 - - default default] 10.0.0.241 "GET /v2.0/ports?device_id=17b7a642-826e-46c6-b6c9-f2c56d1cddf5 HTTP/1.1" status: 200 len: 1172 time: 0.0507824
2026-07-14 19:11:22.542 8 INFO neutron.db.ovn_revision_numbers_db [None req-814d4280-a8d6-4f32-8f76-0331c2c2e20e - - - - - -] Successfully bumped revision number for resource 2d09774b-20e7-425f-89be-edf709954a3b (type: ports) to 5
2026-07-14 19:11:22.553 8 INFO neutron.api.wsgi [req-5bc9fa0f-dd23-47d5-a8e4-2c6dec6105f1 req-9b0dbf02-701f-42ea-b9f3-f69425cc90f3 227155b99398426fb731aee650bc133e d2e4904e1d2e403dab2bcaa55b5c72e7 - - default default] 10.0.0.241 "GET /v2.0/security-groups?id=570d00c6-df69-451a-916d-5f01c22fe89b&fields=id&fields=name HTTP/1.1" status: 200 len: 313 time: 0.0690246
2026-07-14 19:11:22.702 9 INFO neutron.api.wsgi [None req-abfb4a7e-fafb-4281-85a5-4f6218298c95 d54ab789ab764360a301b092e529a1de 944992dde62c4080abe7a663032008a4 - - default default] 10.0.0.106 "DELETE /v2.0/security-groups/45fe8ff9-043a-4376-a210-0a2e80d45706 HTTP/1.1" status: 204 len: 168 time: 0.3305287
2026-07-14 19:11:22.736 9 INFO neutron.plugins.ml2.drivers.ovn.mech_driver.mech_driver [None req-53927ab9-7ab2-4ee1-9f1a-ee37d6f79672 - - - - - -] OVN reports status up for port: d7113491-0980-47da-bc12-e5edf5d7184d
2026-07-14 19:11:22.756 9 INFO neutron.plugins.ml2.plugin [None req-53927ab9-7ab2-4ee1-9f1a-ee37d6f79672 - - - - - -] Attempt 1 to provision port d7113491-0980-47da-bc12-e5edf5d7184d
2026-07-14 19:11:22.774 9 INFO neutron.db.ovn_revision_numbers_db [None req-0ea8831c-bfb3-41e6-b73b-41171d83cdc7 d54ab789ab764360a301b092e529a1de 944992dde62c4080abe7a663032008a4 - - default default] Successfully bumped revision number for resource d7113491-0980-47da-bc12-e5edf5d7184d (type: ports) to 1
2026-07-14 19:11:22.834 9 WARNING neutron.scheduler.dhcp_agent_scheduler [None req-0ea8831c-bfb3-41e6-b73b-41171d83cdc7 d54ab789ab764360a301b092e529a1de 944992dde62c4080abe7a663032008a4 - - default default] No more DHCP agents
2026-07-14 19:11:22.836 9 WARNING neutron.api.rpc.agentnotifiers.dhcp_rpc_agent_api [None req-0ea8831c-bfb3-41e6-b73b-41171d83cdc7 d54ab789ab764360a301b092e529a1de 944992dde62c4080abe7a663032008a4 - - default default] Unable to schedule network 64b920a3-1e3a-426a-8cdd-9725edfb9ee9: no agents available; will retry on subsequent port and subnet creation events.
2026-07-14 19:11:22.946 8 INFO neutron.db.ovn_revision_numbers_db [None req-07a815c9-97b9-4bf4-9d8e-d61e618bd924 d54ab789ab764360a301b092e529a1de 944992dde62c4080abe7a663032008a4 - - default default] Successfully bumped revision number for resource cac74027-909d-49ae-87d2-7aa00b624e74 (type: security_groups) to 1
