Feb 24 01:22:48.907080 np0000156682 neutron-periodic-workers[105057]: DEBUG cotyledon.oslo_config_glue [-] database.connection_debug = 0 {{(pid=105057) log_opt_values /opt/stack/data/venv/lib/python3.12/site-packages/oslo_config/cfg.py:3006}}
Feb 24 01:22:48.907080 np0000156682 neutron-periodic-workers[105057]: DEBUG cotyledon.oslo_config_glue [-] database.connection_parameters = {{(pid=105057) log_opt_values /opt/stack/data/venv/lib/python3.12/site-packages/oslo_config/cfg.py:3006}}
Feb 24 01:22:48.907361 np0000156682 neutron-periodic-workers[105057]: DEBUG cotyledon.oslo_config_glue [-] database.connection_recycle_time = 3600 {{(pid=105057) log_opt_values /opt/stack/data/venv/lib/python3.12/site-packages/oslo_config/cfg.py:3006}}
Feb 24 01:22:48.907361 np0000156682 neutron-periodic-workers[105057]: DEBUG cotyledon.oslo_config_glue [-] database.connection_trace = False {{(pid=105057) log_opt_values /opt/stack/data/venv/lib/python3.12/site-packages/oslo_config/cfg.py:3006}}
Feb 24 01:22:48.907361 np0000156682 neutron-periodic-workers[105057]: DEBUG cotyledon.oslo_config_glue [-] database.db_inc_retry_interval = True {{(pid=105057) log_opt_values /opt/stack/data/venv/lib/python3.12/site-packages/oslo_config/cfg.py:3006}}
Feb 24 01:22:48.907361 np0000156682 neutron-periodic-workers[105057]: DEBUG cotyledon.oslo_config_glue [-] database.db_max_retries = 20 {{(pid=105057) log_opt_values /opt/stack/data/venv/lib/python3.12/site-packages/oslo_config/cfg.py:3006}}
Feb 24 01:22:48.907361 np0000156682 neutron-periodic-workers[105057]: DEBUG cotyledon.oslo_config_glue [-] database.db_max_retry_interval = 10 {{(pid=105057) log_opt_values /opt/stack/data/venv/lib/python3.12/site-packages/oslo_config/cfg.py:3006}}
Feb 24 01:22:48.907361 np0000156682 neutron-periodic-workers[105057]: DEBUG cotyledon.oslo_config_glue [-] database.db_retry_interval = 1 {{(pid=105057) log_opt_values /opt/stack/data/venv/lib/python3.12/site-packages/oslo_config/cfg.py:3006}}
Feb 24 01:22:48.907361 np0000156682 neutron-periodic-workers[105057]: DEBUG cotyledon.oslo_config_glue [-] database.max_overflow = 50 {{(pid=105057) log_opt_values /opt/stack/data/venv/lib/python3.12/site-packages/oslo_config/cfg.py:3006}}
Feb 24 01:22:48.907361 np0000156682 neutron-periodic-workers[105057]: DEBUG cotyledon.oslo_config_glue [-] database.max_pool_size = 5 {{(pid=105057) log_opt_values /opt/stack/data/venv/lib/python3.12/site-packages/oslo_config/cfg.py:3006}}
Feb 24 01:22:48.907361 np0000156682 neutron-periodic-workers[105057]: DEBUG cotyledon.oslo_config_glue [-] database.max_retries = 10 {{(pid=105057) log_opt_values /opt/stack/data/venv/lib/python3.12/site-packages/oslo_config/cfg.py:3006}}
Feb 24 01:22:48.907622 np0000156682 neutron-periodic-workers[105057]: DEBUG cotyledon.oslo_config_glue [-] database.mysql_sql_mode = TRADITIONAL {{(pid=105057) log_opt_values /opt/stack/data/venv/lib/python3.12/site-packages/oslo_config/cfg.py:3006}}
Feb 24 01:22:48.907622 np0000156682 neutron-periodic-workers[105057]: DEBUG cotyledon.oslo_config_glue [-] database.mysql_wsrep_sync_wait = None {{(pid=105057) log_opt_values /opt/stack/data/venv/lib/python3.12/site-packages/oslo_config/cfg.py:3006}}
Feb 24 01:22:48.907622 np0000156682 neutron-periodic-workers[105057]: DEBUG cotyledon.oslo_config_glue [-] database.pool_timeout = None {{(pid=105057) log_opt_values /opt/stack/data/venv/lib/python3.12/site-packages/oslo_config/cfg.py:3006}}
Feb 24 01:22:48.907622 np0000156682 neutron-periodic-workers[105057]: DEBUG cotyledon.oslo_config_glue [-] database.retry_interval = 10 {{(pid=105057) log_opt_values /opt/stack/data/venv/lib/python3.12/site-packages/oslo_config/cfg.py:3006}}
Feb 24 01:22:48.907622 np0000156682 neutron-periodic-workers[105057]: DEBUG cotyledon.oslo_config_glue [-] database.slave_connection = **** {{(pid=105057) log_opt_values /opt/stack/data/venv/lib/python3.12/site-packages/oslo_config/cfg.py:3006}}
Feb 24 01:22:48.907622 np0000156682 neutron-periodic-workers[105057]: DEBUG cotyledon.oslo_config_glue [-] database.sqlite_synchronous = True {{(pid=105057) log_opt_values /opt/stack/data/venv/lib/python3.12/site-packages/oslo_config/cfg.py:3006}}
Feb 24 01:22:48.907622 np0000156682 neutron-periodic-workers[105057]: DEBUG cotyledon.oslo_config_glue [-] database.synchronous_reader = True {{(pid=105057) log_opt_values /opt/stack/data/venv/lib/python3.12/site-packages/oslo_config/cfg.py:3006}}
Feb 24 01:22:48.907622 np0000156682 neutron-periodic-workers[105057]: DEBUG cotyledon.oslo_config_glue [-] database.use_db_reconnect = False {{(pid=105057) log_opt_values /opt/stack/data/venv/lib/python3.12/site-packages/oslo_config/cfg.py:3006}}
Feb 24 01:22:48.907622 np0000156682 neutron-periodic-workers[105057]: DEBUG cotyledon.oslo_config_glue [-] ovn.broadcast_arps_to_all_routers = True {{(pid=105057) log_opt_values /opt/stack/data/venv/lib/python3.12/site-packages/oslo_config/cfg.py:3006}}
Feb 24 01:22:48.907898 np0000156682 neutron-periodic-workers[105057]: DEBUG cotyledon.oslo_config_glue [-] ovn.dhcp_default_lease_time = 43200 {{(pid=105057) log_opt_values /opt/stack/data/venv/lib/python3.12/site-packages/oslo_config/cfg.py:3006}}
Feb 24 01:22:48.907898 np0000156682 neutron-periodic-workers[105057]: DEBUG cotyledon.oslo_config_glue [-] ovn.disable_ovn_dhcp_for_baremetal_ports = False {{(pid=105057) log_opt_values /opt/stack/data/venv/lib/python3.12/site-packages/oslo_config/cfg.py:3006}}
Feb 24 01:22:48.907898 np0000156682 neutron-periodic-workers[105057]: DEBUG cotyledon.oslo_config_glue [-] ovn.dns_records_ovn_owned = False {{(pid=105057) log_opt_values /opt/stack/data/venv/lib/python3.12/site-packages/oslo_config/cfg.py:3006}}
Feb 24 01:22:48.907898 np0000156682 neutron-periodic-workers[105057]: DEBUG cotyledon.oslo_config_glue [-] ovn.dns_servers = [] {{(pid=105057) log_opt_values /opt/stack/data/venv/lib/python3.12/site-packages/oslo_config/cfg.py:3006}}
Feb 24 01:22:48.907898 np0000156682 neutron-periodic-workers[105057]: DEBUG cotyledon.oslo_config_glue [-] ovn.enable_distributed_floating_ip = False {{(pid=105057) log_opt_values /opt/stack/data/venv/lib/python3.12/site-packages/oslo_config/cfg.py:3006}}
Feb 24 01:22:48.907898 np0000156682 neutron-periodic-workers[105057]: DEBUG cotyledon.oslo_config_glue [-] ovn.fdb_age_threshold = 0 {{(pid=105057) log_opt_values /opt/stack/data/venv/lib/python3.12/site-packages/oslo_config/cfg.py:3006}}
Feb 24 01:22:48.907898 np0000156682 neutron-periodic-workers[105057]: DEBUG cotyledon.oslo_config_glue [-] ovn.live_migration_activation_strategy = rarp {{(pid=105057) log_opt_values /opt/stack/data/venv/lib/python3.12/site-packages/oslo_config/cfg.py:3006}}
Feb 24 01:22:48.907898 np0000156682 neutron-periodic-workers[105057]: DEBUG cotyledon.oslo_config_glue [-] ovn.localnet_learn_fdb = False {{(pid=105057) log_opt_values /opt/stack/data/venv/lib/python3.12/site-packages/oslo_config/cfg.py:3006}}
Feb 24 01:22:48.907898 np0000156682 neutron-periodic-workers[105057]: DEBUG cotyledon.oslo_config_glue [-] ovn.mac_binding_age_threshold = 0 {{(pid=105057) log_opt_values /opt/stack/data/venv/lib/python3.12/site-packages/oslo_config/cfg.py:3006}}
Feb 24 01:22:48.908183 np0000156682 neutron-periodic-workers[105057]: DEBUG cotyledon.oslo_config_glue [-] ovn.neutron_sync_mode = log {{(pid=105057) log_opt_values /opt/stack/data/venv/lib/python3.12/site-packages/oslo_config/cfg.py:3006}}
Feb 24 01:22:48.908183 np0000156682 neutron-periodic-workers[105057]: DEBUG cotyledon.oslo_config_glue [-] ovn.ovn_dhcp4_global_options = {} {{(pid=105057) log_opt_values /opt/stack/data/venv/lib/python3.12/site-packages/oslo_config/cfg.py:3006}}
Feb 24 01:22:48.908183 np0000156682 neutron-periodic-workers[105057]: DEBUG cotyledon.oslo_config_glue [-] ovn.ovn_dhcp6_global_options = {} {{(pid=105057) log_opt_values /opt/stack/data/venv/lib/python3.12/site-packages/oslo_config/cfg.py:3006}}
Feb 24 01:22:48.908183 np0000156682 neutron-periodic-workers[105057]: DEBUG cotyledon.oslo_config_glue [-] ovn.ovn_l3_scheduler = leastloaded {{(pid=105057) log_opt_values /opt/stack/data/venv/lib/python3.12/site-packages/oslo_config/cfg.py:3006}}
Feb 24 01:22:48.908183 np0000156682 neutron-periodic-workers[105057]: DEBUG cotyledon.oslo_config_glue [-] ovn.ovn_metadata_enabled = True {{(pid=105057) log_opt_values /opt/stack/data/venv/lib/python3.12/site-packages/oslo_config/cfg.py:3006}}
Feb 24 01:22:48.908183 np0000156682 neutron-periodic-workers[105057]: DEBUG cotyledon.oslo_config_glue [-] ovn.ovn_nb_ca_cert = /opt/stack/data/CA/int-ca/ca-chain.pem {{(pid=105057) log_opt_values /opt/stack/data/venv/lib/python3.12/site-packages/oslo_config/cfg.py:3006}}
Feb 24 01:22:48.908183 np0000156682 neutron-periodic-workers[105057]: DEBUG cotyledon.oslo_config_glue [-] ovn.ovn_nb_certificate = /opt/stack/data/CA/int-ca/devstack-cert.crt {{(pid=105057) log_opt_values /opt/stack/data/venv/lib/python3.12/site-packages/oslo_config/cfg.py:3006}}
Feb 24 01:22:48.908183 np0000156682 neutron-periodic-workers[105057]: DEBUG cotyledon.oslo_config_glue [-] ovn.ovn_nb_connection = ['ssl:199.204.45.210:6641'] {{(pid=105057) log_opt_values /opt/stack/data/venv/lib/python3.12/site-packages/oslo_config/cfg.py:3006}}
Feb 24 01:22:48.908428 np0000156682 neutron-periodic-workers[105057]: DEBUG cotyledon.oslo_config_glue [-] ovn.ovn_nb_private_key = /opt/stack/data/CA/int-ca/private/devstack-cert.key {{(pid=105057) log_opt_values /opt/stack/data/venv/lib/python3.12/site-packages/oslo_config/cfg.py:3006}}
Feb 24 01:22:48.908428 np0000156682 neutron-periodic-workers[105057]: DEBUG cotyledon.oslo_config_glue [-] ovn.ovn_router_indirect_snat = False {{(pid=105057) log_opt_values /opt/stack/data/venv/lib/python3.12/site-packages/oslo_config/cfg.py:3006}}
Feb 24 01:22:48.908428 np0000156682 neutron-periodic-workers[105057]: DEBUG cotyledon.oslo_config_glue [-] ovn.ovn_sb_ca_cert = /opt/stack/data/CA/int-ca/ca-chain.pem {{(pid=105057) log_opt_values /opt/stack/data/venv/lib/python3.12/site-packages/oslo_config/cfg.py:3006}}
Feb 24 01:22:48.908428 np0000156682 neutron-periodic-workers[105057]: DEBUG cotyledon.oslo_config_glue [-] ovn.ovn_sb_certificate = /opt/stack/data/CA/int-ca/devstack-cert.crt {{(pid=105057) log_opt_values /opt/stack/data/venv/lib/python3.12/site-packages/oslo_config/cfg.py:3006}}
Feb 24 01:22:48.908428 np0000156682 neutron-periodic-workers[105057]: DEBUG cotyledon.oslo_config_glue [-] ovn.ovn_sb_connection = ['ssl:199.204.45.210:6642'] {{(pid=105057) log_opt_values /opt/stack/data/venv/lib/python3.12/site-packages/oslo_config/cfg.py:3006}}
Feb 24 01:22:48.908428 np0000156682 neutron-periodic-workers[105057]: DEBUG cotyledon.oslo_config_glue [-] ovn.ovn_sb_private_key = /opt/stack/data/CA/int-ca/private/devstack-cert.key {{(pid=105057) log_opt_values /opt/stack/data/venv/lib/python3.12/site-packages/oslo_config/cfg.py:3006}}
Feb 24 01:22:48.908428 np0000156682 neutron-periodic-workers[105057]: DEBUG cotyledon.oslo_config_glue [-] ovn.ovs_create_tap = False {{(pid=105057) log_opt_values /opt/stack/data/venv/lib/python3.12/site-packages/oslo_config/cfg.py:3006}}
Feb 24 01:22:48.908428 np0000156682 neutron-periodic-workers[105057]: DEBUG cotyledon.oslo_config_glue [-] ovn.ovsdb_connection_timeout = 180 {{(pid=105057) log_opt_values /opt/stack/data/venv/lib/python3.12/site-packages/oslo_config/cfg.py:3006}}
Feb 24 01:22:48.908769 np0000156682 neutron-periodic-workers[105057]: DEBUG cotyledon.oslo_config_glue [-] ovn.ovsdb_log_level = INFO {{(pid=105057) log_opt_values /opt/stack/data/venv/lib/python3.12/site-packages/oslo_config/cfg.py:3006}}
Feb 24 01:22:48.908769 np0000156682 neutron-periodic-workers[105057]: DEBUG cotyledon.oslo_config_glue [-] ovn.ovsdb_probe_interval = 60000 {{(pid=105057) log_opt_values /opt/stack/data/venv/lib/python3.12/site-packages/oslo_config/cfg.py:3006}}
Feb 24 01:22:48.908769 np0000156682 neutron-periodic-workers[105057]: DEBUG cotyledon.oslo_config_glue [-] ovn.ovsdb_retry_max_interval = 180 {{(pid=105057) log_opt_values /opt/stack/data/venv/lib/python3.12/site-packages/oslo_config/cfg.py:3006}}
Feb 24 01:22:48.908769 np0000156682 neutron-periodic-workers[105057]: DEBUG cotyledon.oslo_config_glue [-] ovn.stateless_nat_enabled = False {{(pid=105057) log_opt_values /opt/stack/data/venv/lib/python3.12/site-packages/oslo_config/cfg.py:3006}}
Feb 24 01:22:48.908769 np0000156682 neutron-periodic-workers[105057]: DEBUG cotyledon.oslo_config_glue [-] ovn.vhost_sock_dir = /var/run/openvswitch {{(pid=105057) log_opt_values /opt/stack/data/venv/lib/python3.12/site-packages/oslo_config/cfg.py:3006}}
Feb 24 01:22:48.908769 np0000156682 neutron-periodic-workers[105057]: DEBUG cotyledon.oslo_config_glue [-] OVS.bridge_mac_table_size = 50000 {{(pid=105057) log_opt_values /opt/stack/data/venv/lib/python3.12/site-packages/oslo_config/cfg.py:3006}}
Feb 24 01:22:48.908769 np0000156682 neutron-periodic-workers[105057]: DEBUG cotyledon.oslo_config_glue [-] OVS.igmp_flood = False {{(pid=105057) log_opt_values /opt/stack/data/venv/lib/python3.12/site-packages/oslo_config/cfg.py:3006}}
Feb 24 01:22:48.908769 np0000156682 neutron-periodic-workers[105057]: DEBUG cotyledon.oslo_config_glue [-] OVS.igmp_flood_reports = True {{(pid=105057) log_opt_values /opt/stack/data/venv/lib/python3.12/site-packages/oslo_config/cfg.py:3006}}
Feb 24 01:22:48.908769 np0000156682 neutron-periodic-workers[105057]: DEBUG cotyledon.oslo_config_glue [-] OVS.igmp_flood_unregistered = False {{(pid=105057) log_opt_values /opt/stack/data/venv/lib/python3.12/site-packages/oslo_config/cfg.py:3006}}
Feb 24 01:22:48.909037 np0000156682 neutron-periodic-workers[105057]: DEBUG cotyledon.oslo_config_glue [-] OVS.igmp_snooping_enable = False {{(pid=105057) log_opt_values /opt/stack/data/venv/lib/python3.12/site-packages/oslo_config/cfg.py:3006}}
Feb 24 01:22:48.909037 np0000156682 neutron-periodic-workers[105057]: DEBUG cotyledon.oslo_config_glue [-] OVS.ovsdb_timeout = 10 {{(pid=105057) log_opt_values /opt/stack/data/venv/lib/python3.12/site-packages/oslo_config/cfg.py:3006}}
Feb 24 01:22:48.909037 np0000156682 neutron-periodic-workers[105057]: DEBUG cotyledon.oslo_config_glue [-] ovn_nb_global.fdb_removal_limit = 0 {{(pid=105057) log_opt_values /opt/stack/data/venv/lib/python3.12/site-packages/oslo_config/cfg.py:3006}}
Feb 24 01:22:48.909037 np0000156682 neutron-periodic-workers[105057]: DEBUG cotyledon.oslo_config_glue [-] ovn_nb_global.ignore_lsp_down = False {{(pid=105057) log_opt_values /opt/stack/data/venv/lib/python3.12/site-packages/oslo_config/cfg.py:3006}}
Feb 24 01:22:48.909037 np0000156682 neutron-periodic-workers[105057]: DEBUG cotyledon.oslo_config_glue [-] ovn_nb_global.mac_binding_removal_limit = 0 {{(pid=105057) log_opt_values /opt/stack/data/venv/lib/python3.12/site-packages/oslo_config/cfg.py:3006}}
Feb 24 01:22:48.909037 np0000156682 neutron-periodic-workers[105057]: DEBUG cotyledon.oslo_config_glue [-] ******************************************************************************** {{(pid=105057) log_opt_values /opt/stack/data/venv/lib/python3.12/site-packages/oslo_config/cfg.py:3013}}
Feb 24 01:22:48.909037 np0000156682 neutron-periodic-workers[105057]: DEBUG cotyledon._service_worker [-] Run service ServiceWrapper(0) [105057] {{(pid=105057) wait_forever /opt/stack/data/venv/lib/python3.12/site-packages/cotyledon/_service_worker.py:218}}
Feb 24 01:22:58.509363 np0000156682 neutron-periodic-workers[104242]: DEBUG dbcounter [-] [104242] Writing DB stats neutron:SELECT=4 {{(pid=104242) stat_writer /opt/stack/data/venv/lib/python3.12/site-packages/dbcounter.py:115}}
Feb 24 01:23:46.872934 np0000156682 neutron-periodic-workers[105048]: DEBUG oslo_db.sqlalchemy.engines [None req-dbec4fcc-c603-4cc8-989b-37bf356f9011 None None] Parent process 104242 forked (105048) with an open database connection, which is being discarded and recreated. {{(pid=105048) checkout /opt/stack/data/venv/lib/python3.12/site-packages/oslo_db/sqlalchemy/engines.py:402}}
Feb 24 01:23:46.880299 np0000156682 neutron-periodic-workers[105048]: DEBUG dbcounter [-] [105048] Writer thread running {{(pid=105048) stat_writer /opt/stack/data/venv/lib/python3.12/site-packages/dbcounter.py:102}}
Feb 24 01:23:46.883485 np0000156682 neutron-periodic-workers[105048]: DEBUG neutron.db.agents_db [None req-dbec4fcc-c603-4cc8-989b-37bf356f9011 None None] Agent healthcheck: found 0 active agents {{(pid=105048) agent_health_check /opt/stack/neutron/neutron/db/agents_db.py:317}}
Feb 24 01:23:46.883648 np0000156682 neutron-periodic-workers[105048]: DEBUG oslo.service.backend._threading.loopingcall [None req-dbec4fcc-c603-4cc8-989b-37bf356f9011 None None] Fixed interval looping call 'neutron.plugins.ml2.plugin.AgentDbMixin.agent_health_check' sleeping for 36.98 seconds {{(pid=105048) _run_loop /opt/stack/data/venv/lib/python3.12/site-packages/oslo_service/backend/_threading/loopingcall.py:125}}
Feb 24 01:23:55.859869 np0000156682 neutron-periodic-workers[105039]: DEBUG dbcounter [-] [105039] Writer thread running {{(pid=105039) stat_writer /opt/stack/data/venv/lib/python3.12/site-packages/dbcounter.py:102}}
Feb 24 01:23:55.871943 np0000156682 neutron-periodic-workers[105039]: DEBUG oslo.service.backend._threading.loopingcall [None req-c5086357-1177-4c3c-a495-c5c68f584f3c None None] Fixed interval looping call 'neutron.plugins.ml2.plugin.DhcpAgentSchedulerDbMixin.remove_networks_from_down_agents' sleeping for 36.97 seconds {{(pid=105039) _run_loop /opt/stack/data/venv/lib/python3.12/site-packages/oslo_service/backend/_threading/loopingcall.py:125}}
Feb 24 01:23:56.881236 np0000156682 neutron-periodic-workers[105048]: DEBUG dbcounter [-] [105048] Writing DB stats neutron:SELECT=1 {{(pid=105048) stat_writer /opt/stack/data/venv/lib/python3.12/site-packages/dbcounter.py:115}}
Feb 24 01:24:05.870915 np0000156682 neutron-periodic-workers[105039]: DEBUG dbcounter [-] [105039] Writing DB stats neutron:SELECT=3 {{(pid=105039) stat_writer /opt/stack/data/venv/lib/python3.12/site-packages/dbcounter.py:115}}
Feb 24 01:24:23.872729 np0000156682 neutron-periodic-workers[105048]: DEBUG neutron.db.agents_db [None req-dbec4fcc-c603-4cc8-989b-37bf356f9011 None None] Agent healthcheck: found 0 active agents {{(pid=105048) agent_health_check /opt/stack/neutron/neutron/db/agents_db.py:317}}
Feb 24 01:24:23.873834 np0000156682 neutron-periodic-workers[105048]: DEBUG oslo.service.backend._threading.loopingcall [None req-dbec4fcc-c603-4cc8-989b-37bf356f9011 None None] Fixed interval looping call 'neutron.plugins.ml2.plugin.AgentDbMixin.agent_health_check' sleeping for 36.99 seconds {{(pid=105048) _run_loop /opt/stack/data/venv/lib/python3.12/site-packages/oslo_service/backend/_threading/loopingcall.py:125}}
Feb 24 01:24:32.853154 np0000156682 neutron-periodic-workers[105039]: DEBUG oslo.service.backend._threading.loopingcall [None req-c5086357-1177-4c3c-a495-c5c68f584f3c None None] Fixed interval looping call 'neutron.plugins.ml2.plugin.DhcpAgentSchedulerDbMixin.remove_networks_from_down_agents' sleeping for 36.99 seconds {{(pid=105039) _run_loop /opt/stack/data/venv/lib/python3.12/site-packages/oslo_service/backend/_threading/loopingcall.py:125}}
Feb 24 01:24:33.868046 np0000156682 neutron-periodic-workers[105048]: DEBUG dbcounter [-] [105048] Writing DB stats neutron:SELECT=1 {{(pid=105048) stat_writer /opt/stack/data/venv/lib/python3.12/site-packages/dbcounter.py:115}}
Feb 24 01:24:42.851965 np0000156682 neutron-periodic-workers[105039]: DEBUG dbcounter [-] [105039] Writing DB stats neutron:SELECT=3 {{(pid=105039) stat_writer /opt/stack/data/venv/lib/python3.12/site-packages/dbcounter.py:115}}
Feb 24 01:24:48.923952 np0000156682 neutron-periodic-workers[105057]: DEBUG dbcounter [-] [105057] Writer thread running {{(pid=105057) stat_writer /opt/stack/data/venv/lib/python3.12/site-packages/dbcounter.py:102}}
Feb 24 01:24:48.926574 np0000156682 neutron-periodic-workers[105057]: DEBUG oslo.service.backend._threading.loopingcall [None req-0a22ebb6-9ead-49e1-b8a5-83ece0177b21 None None] Fixed interval looping call 'neutron.db.quota.driver_nolock.DbQuotaNoLockDriver._remove_expired_reservations' sleeping for 119.98 seconds {{(pid=105057) _run_loop /opt/stack/data/venv/lib/python3.12/site-packages/oslo_service/backend/_threading/loopingcall.py:125}}
Feb 24 01:24:54.932287 np0000156682 neutron-periodic-workers[105066]: DEBUG dbcounter [-] [105066] Writer thread running {{(pid=105066) stat_writer /opt/stack/data/venv/lib/python3.12/site-packages/dbcounter.py:102}}
Feb 24 01:24:54.944640 np0000156682 neutron-periodic-workers[105066]: DEBUG oslo.service.backend._threading.loopingcall [None req-5e2f41aa-27ff-424d-b7ae-2326c08c463b None None] Fixed interval looping call 'neutron.services.ovn_l3.plugin.L3_NAT_dbonly_mixin._clean_garbage' sleeping for 299.96 seconds {{(pid=105066) _run_loop /opt/stack/data/venv/lib/python3.12/site-packages/oslo_service/backend/_threading/loopingcall.py:125}}
Feb 24 01:24:58.924818 np0000156682 neutron-periodic-workers[105057]: DEBUG dbcounter [-] [105057] Writing DB stats neutron:DELETE=1 {{(pid=105057) stat_writer /opt/stack/data/venv/lib/python3.12/site-packages/dbcounter.py:115}}
Feb 24 01:25:00.869933 np0000156682 neutron-periodic-workers[105048]: DEBUG neutron.db.agents_db [None req-dbec4fcc-c603-4cc8-989b-37bf356f9011 None None] Agent healthcheck: found 0 active agents {{(pid=105048) agent_health_check /opt/stack/neutron/neutron/db/agents_db.py:317}}
Feb 24 01:25:00.869933 np0000156682 neutron-periodic-workers[105048]: DEBUG oslo.service.backend._threading.loopingcall [None req-dbec4fcc-c603-4cc8-989b-37bf356f9011 None None] Fixed interval looping call 'neutron.plugins.ml2.plugin.AgentDbMixin.agent_health_check' sleeping for 36.99 seconds {{(pid=105048) _run_loop /opt/stack/data/venv/lib/python3.12/site-packages/oslo_service/backend/_threading/loopingcall.py:125}}
Feb 24 01:25:04.933291 np0000156682 neutron-periodic-workers[105066]: DEBUG dbcounter [-] [105066] Writing DB stats neutron:SELECT=1 {{(pid=105066) stat_writer /opt/stack/data/venv/lib/python3.12/site-packages/dbcounter.py:115}}
Feb 24 01:25:09.854232 np0000156682 neutron-periodic-workers[105039]: DEBUG oslo.service.backend._threading.loopingcall [None req-c5086357-1177-4c3c-a495-c5c68f584f3c None None] Fixed interval looping call 'neutron.plugins.ml2.plugin.DhcpAgentSchedulerDbMixin.remove_networks_from_down_agents' sleeping for 36.99 seconds {{(pid=105039) _run_loop /opt/stack/data/venv/lib/python3.12/site-packages/oslo_service/backend/_threading/loopingcall.py:125}}
Feb 24 01:25:10.867404 np0000156682 neutron-periodic-workers[105048]: DEBUG dbcounter [-] [105048] Writing DB stats neutron:SELECT=1 {{(pid=105048) stat_writer /opt/stack/data/venv/lib/python3.12/site-packages/dbcounter.py:115}}
Feb 24 01:25:19.852012 np0000156682 neutron-periodic-workers[105039]: DEBUG dbcounter [-] [105039] Writing DB stats neutron:SELECT=3 {{(pid=105039) stat_writer /opt/stack/data/venv/lib/python3.12/site-packages/dbcounter.py:115}}
Feb 24 01:25:37.866921 np0000156682 neutron-periodic-workers[105048]: DEBUG neutron.db.agents_db [None req-dbec4fcc-c603-4cc8-989b-37bf356f9011 None None] Agent healthcheck: found 0 active agents {{(pid=105048) agent_health_check /opt/stack/neutron/neutron/db/agents_db.py:317}}
Feb 24 01:25:37.867229 np0000156682 neutron-periodic-workers[105048]: DEBUG oslo.service.backend._threading.loopingcall [None req-dbec4fcc-c603-4cc8-989b-37bf356f9011 None None] Fixed interval looping call 'neutron.plugins.ml2.plugin.AgentDbMixin.agent_health_check' sleeping for 36.99 seconds {{(pid=105048) _run_loop /opt/stack/data/venv/lib/python3.12/site-packages/oslo_service/backend/_threading/loopingcall.py:125}}
Feb 24 01:25:46.854966 np0000156682 neutron-periodic-workers[105039]: DEBUG oslo.service.backend._threading.loopingcall [None req-c5086357-1177-4c3c-a495-c5c68f584f3c None None] Fixed interval looping call 'neutron.plugins.ml2.plugin.DhcpAgentSchedulerDbMixin.remove_networks_from_down_agents' sleeping for 36.99 seconds {{(pid=105039) _run_loop /opt/stack/data/venv/lib/python3.12/site-packages/oslo_service/backend/_threading/loopingcall.py:125}}
Feb 24 01:25:47.864494 np0000156682 neutron-periodic-workers[105048]: DEBUG dbcounter [-] [105048] Writing DB stats neutron:SELECT=1 {{(pid=105048) stat_writer /opt/stack/data/venv/lib/python3.12/site-packages/dbcounter.py:115}}
Feb 24 01:25:56.855201 np0000156682 neutron-periodic-workers[105039]: DEBUG dbcounter [-] [105039] Writing DB stats neutron:SELECT=3 {{(pid=105039) stat_writer /opt/stack/data/venv/lib/python3.12/site-packages/dbcounter.py:115}}
Feb 24 01:26:14.863840 np0000156682 neutron-periodic-workers[105048]: DEBUG neutron.db.agents_db [None req-dbec4fcc-c603-4cc8-989b-37bf356f9011 None None] Agent healthcheck: found 0 active agents {{(pid=105048) agent_health_check /opt/stack/neutron/neutron/db/agents_db.py:317}}
Feb 24 01:26:14.864672 np0000156682 neutron-periodic-workers[105048]: DEBUG oslo.service.backend._threading.loopingcall [None req-dbec4fcc-c603-4cc8-989b-37bf356f9011 None None] Fixed interval looping call 'neutron.plugins.ml2.plugin.AgentDbMixin.agent_health_check' sleeping for 36.99 seconds {{(pid=105048) _run_loop /opt/stack/data/venv/lib/python3.12/site-packages/oslo_service/backend/_threading/loopingcall.py:125}}
Feb 24 01:26:23.855787 np0000156682 neutron-periodic-workers[105039]: DEBUG oslo.service.backend._threading.loopingcall [None req-c5086357-1177-4c3c-a495-c5c68f584f3c None None] Fixed interval looping call 'neutron.plugins.ml2.plugin.DhcpAgentSchedulerDbMixin.remove_networks_from_down_agents' sleeping for 36.99 seconds {{(pid=105039) _run_loop /opt/stack/data/venv/lib/python3.12/site-packages/oslo_service/backend/_threading/loopingcall.py:125}}
Feb 24 01:26:24.861735 np0000156682 neutron-periodic-workers[105048]: DEBUG dbcounter [-] [105048] Writing DB stats neutron:SELECT=1 {{(pid=105048) stat_writer /opt/stack/data/venv/lib/python3.12/site-packages/dbcounter.py:115}}
Feb 24 01:26:33.854581 np0000156682 neutron-periodic-workers[105039]: DEBUG dbcounter [-] [105039] Writing DB stats neutron:SELECT=3 {{(pid=105039) stat_writer /opt/stack/data/venv/lib/python3.12/site-packages/dbcounter.py:115}}
Feb 24 01:26:48.913579 np0000156682 neutron-periodic-workers[105057]: DEBUG oslo.service.backend._threading.loopingcall [None req-0a22ebb6-9ead-49e1-b8a5-83ece0177b21 None None] Fixed interval looping call 'neutron.db.quota.driver_nolock.DbQuotaNoLockDriver._remove_expired_reservations' sleeping for 119.99 seconds {{(pid=105057) _run_loop /opt/stack/data/venv/lib/python3.12/site-packages/oslo_service/backend/_threading/loopingcall.py:125}}
Feb 24 01:26:51.860721 np0000156682 neutron-periodic-workers[105048]: DEBUG neutron.db.agents_db [None req-dbec4fcc-c603-4cc8-989b-37bf356f9011 None None] Agent healthcheck: found 0 active agents {{(pid=105048) agent_health_check /opt/stack/neutron/neutron/db/agents_db.py:317}}
Feb 24 01:26:51.861449 np0000156682 neutron-periodic-workers[105048]: DEBUG oslo.service.backend._threading.loopingcall [None req-dbec4fcc-c603-4cc8-989b-37bf356f9011 None None] Fixed interval looping call 'neutron.plugins.ml2.plugin.AgentDbMixin.agent_health_check' sleeping for 36.99 seconds {{(pid=105048) _run_loop /opt/stack/data/venv/lib/python3.12/site-packages/oslo_service/backend/_threading/loopingcall.py:125}}
Feb 24 01:26:58.911711 np0000156682 neutron-periodic-workers[105057]: DEBUG dbcounter [-] [105057] Writing DB stats neutron:DELETE=1 {{(pid=105057) stat_writer /opt/stack/data/venv/lib/python3.12/site-packages/dbcounter.py:115}}
Feb 24 01:27:00.856920 np0000156682 neutron-periodic-workers[105039]: DEBUG oslo.service.backend._threading.loopingcall [None req-c5086357-1177-4c3c-a495-c5c68f584f3c None None] Fixed interval looping call 'neutron.plugins.ml2.plugin.DhcpAgentSchedulerDbMixin.remove_networks_from_down_agents' sleeping for 36.99 seconds {{(pid=105039) _run_loop /opt/stack/data/venv/lib/python3.12/site-packages/oslo_service/backend/_threading/loopingcall.py:125}}
Feb 24 01:27:01.859458 np0000156682 neutron-periodic-workers[105048]: DEBUG dbcounter [-] [105048] Writing DB stats neutron:SELECT=1 {{(pid=105048) stat_writer /opt/stack/data/venv/lib/python3.12/site-packages/dbcounter.py:115}}
Feb 24 01:27:10.856350 np0000156682 neutron-periodic-workers[105039]: DEBUG dbcounter [-] [105039] Writing DB stats neutron:SELECT=3 {{(pid=105039) stat_writer /opt/stack/data/venv/lib/python3.12/site-packages/dbcounter.py:115}}
Feb 24 01:27:28.858269 np0000156682 neutron-periodic-workers[105048]: DEBUG neutron.db.agents_db [None req-dbec4fcc-c603-4cc8-989b-37bf356f9011 None None] Agent healthcheck: found 0 active agents {{(pid=105048) agent_health_check /opt/stack/neutron/neutron/db/agents_db.py:317}}
Feb 24 01:27:28.858855 np0000156682 neutron-periodic-workers[105048]: DEBUG oslo.service.backend._threading.loopingcall [None req-dbec4fcc-c603-4cc8-989b-37bf356f9011 None None] Fixed interval looping call 'neutron.plugins.ml2.plugin.AgentDbMixin.agent_health_check' sleeping for 36.99 seconds {{(pid=105048) _run_loop /opt/stack/data/venv/lib/python3.12/site-packages/oslo_service/backend/_threading/loopingcall.py:125}}
Feb 24 01:27:37.858225 np0000156682 neutron-periodic-workers[105039]: DEBUG oslo.service.backend._threading.loopingcall [None req-c5086357-1177-4c3c-a495-c5c68f584f3c None None] Fixed interval looping call 'neutron.plugins.ml2.plugin.DhcpAgentSchedulerDbMixin.remove_networks_from_down_agents' sleeping for 36.99 seconds {{(pid=105039) _run_loop /opt/stack/data/venv/lib/python3.12/site-packages/oslo_service/backend/_threading/loopingcall.py:125}}
Feb 24 01:27:38.856018 np0000156682 neutron-periodic-workers[105048]: DEBUG dbcounter [-] [105048] Writing DB stats neutron:SELECT=1 {{(pid=105048) stat_writer /opt/stack/data/venv/lib/python3.12/site-packages/dbcounter.py:115}}
Feb 24 01:27:47.857947 np0000156682 neutron-periodic-workers[105039]: DEBUG dbcounter [-] [105039] Writing DB stats neutron:SELECT=3 {{(pid=105039) stat_writer /opt/stack/data/venv/lib/python3.12/site-packages/dbcounter.py:115}}
Feb 24 01:28:05.853174 np0000156682 neutron-periodic-workers[105048]: DEBUG neutron.db.agents_db [None req-dbec4fcc-c603-4cc8-989b-37bf356f9011 None None] Agent healthcheck: found 0 active agents {{(pid=105048) agent_health_check /opt/stack/neutron/neutron/db/agents_db.py:317}}
Feb 24 01:28:05.853929 np0000156682 neutron-periodic-workers[105048]: DEBUG oslo.service.backend._threading.loopingcall [None req-dbec4fcc-c603-4cc8-989b-37bf356f9011 None None] Fixed interval looping call 'neutron.plugins.ml2.plugin.AgentDbMixin.agent_health_check' sleeping for 37.00 seconds {{(pid=105048) _run_loop /opt/stack/data/venv/lib/python3.12/site-packages/oslo_service/backend/_threading/loopingcall.py:125}}
Feb 24 01:28:14.861721 np0000156682 neutron-periodic-workers[105039]: DEBUG oslo.service.backend._threading.loopingcall [None req-c5086357-1177-4c3c-a495-c5c68f584f3c None None] Fixed interval looping call 'neutron.plugins.ml2.plugin.DhcpAgentSchedulerDbMixin.remove_networks_from_down_agents' sleeping for 36.99 seconds {{(pid=105039) _run_loop /opt/stack/data/venv/lib/python3.12/site-packages/oslo_service/backend/_threading/loopingcall.py:125}}
Feb 24 01:28:15.852006 np0000156682 neutron-periodic-workers[105048]: DEBUG dbcounter [-] [105048] Writing DB stats neutron:SELECT=1 {{(pid=105048) stat_writer /opt/stack/data/venv/lib/python3.12/site-packages/dbcounter.py:115}}
Feb 24 01:28:24.860119 np0000156682 neutron-periodic-workers[105039]: DEBUG dbcounter [-] [105039] Writing DB stats neutron:SELECT=3 {{(pid=105039) stat_writer /opt/stack/data/venv/lib/python3.12/site-packages/dbcounter.py:115}}
Feb 24 01:28:42.860176 np0000156682 neutron-periodic-workers[105048]: DEBUG neutron.db.agents_db [None req-dbec4fcc-c603-4cc8-989b-37bf356f9011 None None] Agent healthcheck: found 0 active agents {{(pid=105048) agent_health_check /opt/stack/neutron/neutron/db/agents_db.py:317}}
Feb 24 01:28:42.861234 np0000156682 neutron-periodic-workers[105048]: DEBUG oslo.service.backend._threading.loopingcall [None req-dbec4fcc-c603-4cc8-989b-37bf356f9011 None None] Fixed interval looping call 'neutron.plugins.ml2.plugin.AgentDbMixin.agent_health_check' sleeping for 36.99 seconds {{(pid=105048) _run_loop /opt/stack/data/venv/lib/python3.12/site-packages/oslo_service/backend/_threading/loopingcall.py:125}}
Feb 24 01:28:48.909605 np0000156682 neutron-periodic-workers[105057]: DEBUG oslo.service.backend._threading.loopingcall [None req-0a22ebb6-9ead-49e1-b8a5-83ece0177b21 None None] Fixed interval looping call 'neutron.db.quota.driver_nolock.DbQuotaNoLockDriver._remove_expired_reservations' sleeping for 119.99 seconds {{(pid=105057) _run_loop /opt/stack/data/venv/lib/python3.12/site-packages/oslo_service/backend/_threading/loopingcall.py:125}}
Feb 24 01:28:51.862953 np0000156682 neutron-periodic-workers[105039]: DEBUG oslo.service.backend._threading.loopingcall [None req-c5086357-1177-4c3c-a495-c5c68f584f3c None None] Fixed interval looping call 'neutron.plugins.ml2.plugin.DhcpAgentSchedulerDbMixin.remove_networks_from_down_agents' sleeping for 36.99 seconds {{(pid=105039) _run_loop /opt/stack/data/venv/lib/python3.12/site-packages/oslo_service/backend/_threading/loopingcall.py:125}}
Feb 24 01:28:52.858388 np0000156682 neutron-periodic-workers[105048]: DEBUG dbcounter [-] [105048] Writing DB stats neutron:SELECT=1 {{(pid=105048) stat_writer /opt/stack/data/venv/lib/python3.12/site-packages/dbcounter.py:115}}
Feb 24 01:28:58.908025 np0000156682 neutron-periodic-workers[105057]: DEBUG dbcounter [-] [105057] Writing DB stats neutron:DELETE=1 {{(pid=105057) stat_writer /opt/stack/data/venv/lib/python3.12/site-packages/dbcounter.py:115}}
Feb 24 01:29:01.861536 np0000156682 neutron-periodic-workers[105039]: DEBUG dbcounter [-] [105039] Writing DB stats neutron:SELECT=3 {{(pid=105039) stat_writer /opt/stack/data/venv/lib/python3.12/site-packages/dbcounter.py:115}}
Feb 24 01:29:19.857872 np0000156682 neutron-periodic-workers[105048]: DEBUG neutron.db.agents_db [None req-dbec4fcc-c603-4cc8-989b-37bf356f9011 None None] Agent healthcheck: found 0 active agents {{(pid=105048) agent_health_check /opt/stack/neutron/neutron/db/agents_db.py:317}}
Feb 24 01:29:19.858493 np0000156682 neutron-periodic-workers[105048]: DEBUG oslo.service.backend._threading.loopingcall [None req-dbec4fcc-c603-4cc8-989b-37bf356f9011 None None] Fixed interval looping call 'neutron.plugins.ml2.plugin.AgentDbMixin.agent_health_check' sleeping for 36.99 seconds {{(pid=105048) _run_loop /opt/stack/data/venv/lib/python3.12/site-packages/oslo_service/backend/_threading/loopingcall.py:125}}
Feb 24 01:29:28.862385 np0000156682 neutron-periodic-workers[105039]: DEBUG oslo.service.backend._threading.loopingcall [None req-c5086357-1177-4c3c-a495-c5c68f584f3c None None] Fixed interval looping call 'neutron.plugins.ml2.plugin.DhcpAgentSchedulerDbMixin.remove_networks_from_down_agents' sleeping for 36.99 seconds {{(pid=105039) _run_loop /opt/stack/data/venv/lib/python3.12/site-packages/oslo_service/backend/_threading/loopingcall.py:125}}
Feb 24 01:29:29.855289 np0000156682 neutron-periodic-workers[105048]: DEBUG dbcounter [-] [105048] Writing DB stats neutron:SELECT=1 {{(pid=105048) stat_writer /opt/stack/data/venv/lib/python3.12/site-packages/dbcounter.py:115}}
Feb 24 01:29:38.861453 np0000156682 neutron-periodic-workers[105039]: DEBUG dbcounter [-] [105039] Writing DB stats neutron:SELECT=3 {{(pid=105039) stat_writer /opt/stack/data/venv/lib/python3.12/site-packages/dbcounter.py:115}}
Feb 24 01:29:54.922705 np0000156682 neutron-periodic-workers[105066]: DEBUG oslo.service.backend._threading.loopingcall [None req-5e2f41aa-27ff-424d-b7ae-2326c08c463b None None] Fixed interval looping call 'neutron.services.ovn_l3.plugin.L3_NAT_dbonly_mixin._clean_garbage' sleeping for 299.98 seconds {{(pid=105066) _run_loop /opt/stack/data/venv/lib/python3.12/site-packages/oslo_service/backend/_threading/loopingcall.py:125}}
Feb 24 01:29:56.856212 np0000156682 neutron-periodic-workers[105048]: DEBUG neutron.db.agents_db [None req-dbec4fcc-c603-4cc8-989b-37bf356f9011 None None] Agent healthcheck: found 0 active agents {{(pid=105048) agent_health_check /opt/stack/neutron/neutron/db/agents_db.py:317}}
Feb 24 01:29:56.856212 np0000156682 neutron-periodic-workers[105048]: DEBUG oslo.service.backend._threading.loopingcall [None req-dbec4fcc-c603-4cc8-989b-37bf356f9011 None None] Fixed interval looping call 'neutron.plugins.ml2.plugin.AgentDbMixin.agent_health_check' sleeping for 36.99 seconds {{(pid=105048) _run_loop /opt/stack/data/venv/lib/python3.12/site-packages/oslo_service/backend/_threading/loopingcall.py:125}}
Feb 24 01:30:04.912655 np0000156682 neutron-periodic-workers[105066]: DEBUG dbcounter [-] [105066] Writing DB stats neutron:SELECT=1 {{(pid=105066) stat_writer /opt/stack/data/venv/lib/python3.12/site-packages/dbcounter.py:115}}
Feb 24 01:30:05.861974 np0000156682 neutron-periodic-workers[105039]: DEBUG oslo.service.backend._threading.loopingcall [None req-c5086357-1177-4c3c-a495-c5c68f584f3c None None] Fixed interval looping call 'neutron.plugins.ml2.plugin.DhcpAgentSchedulerDbMixin.remove_networks_from_down_agents' sleeping for 36.99 seconds {{(pid=105039) _run_loop /opt/stack/data/venv/lib/python3.12/site-packages/oslo_service/backend/_threading/loopingcall.py:125}}
Feb 24 01:30:06.853266 np0000156682 neutron-periodic-workers[105048]: DEBUG dbcounter [-] [105048] Writing DB stats neutron:SELECT=1 {{(pid=105048) stat_writer /opt/stack/data/venv/lib/python3.12/site-packages/dbcounter.py:115}}
Feb 24 01:30:15.861294 np0000156682 neutron-periodic-workers[105039]: DEBUG dbcounter [-] [105039] Writing DB stats neutron:SELECT=3 {{(pid=105039) stat_writer /opt/stack/data/venv/lib/python3.12/site-packages/dbcounter.py:115}}
Feb 24 01:30:33.853274 np0000156682 neutron-periodic-workers[105048]: DEBUG neutron.db.agents_db [None req-dbec4fcc-c603-4cc8-989b-37bf356f9011 None None] Agent healthcheck: found 0 active agents {{(pid=105048) agent_health_check /opt/stack/neutron/neutron/db/agents_db.py:317}}
Feb 24 01:30:33.854286 np0000156682 neutron-periodic-workers[105048]: DEBUG oslo.service.backend._threading.loopingcall [None req-dbec4fcc-c603-4cc8-989b-37bf356f9011 None None] Fixed interval looping call 'neutron.plugins.ml2.plugin.AgentDbMixin.agent_health_check' sleeping for 36.99 seconds {{(pid=105048) _run_loop /opt/stack/data/venv/lib/python3.12/site-packages/oslo_service/backend/_threading/loopingcall.py:125}}
Feb 24 01:30:42.858411 np0000156682 neutron-periodic-workers[105039]: DEBUG oslo.service.backend._threading.loopingcall [None req-c5086357-1177-4c3c-a495-c5c68f584f3c None None] Fixed interval looping call 'neutron.plugins.ml2.plugin.DhcpAgentSchedulerDbMixin.remove_networks_from_down_agents' sleeping for 36.99 seconds {{(pid=105039) _run_loop /opt/stack/data/venv/lib/python3.12/site-packages/oslo_service/backend/_threading/loopingcall.py:125}}
Feb 24 01:30:43.850995 np0000156682 neutron-periodic-workers[105048]: DEBUG dbcounter [-] [105048] Writing DB stats neutron:SELECT=1 {{(pid=105048) stat_writer /opt/stack/data/venv/lib/python3.12/site-packages/dbcounter.py:115}}
Feb 24 01:30:48.906597 np0000156682 neutron-periodic-workers[105057]: DEBUG oslo.service.backend._threading.loopingcall [None req-0a22ebb6-9ead-49e1-b8a5-83ece0177b21 None None] Fixed interval looping call 'neutron.db.quota.driver_nolock.DbQuotaNoLockDriver._remove_expired_reservations' sleeping for 119.99 seconds {{(pid=105057) _run_loop /opt/stack/data/venv/lib/python3.12/site-packages/oslo_service/backend/_threading/loopingcall.py:125}}
Feb 24 01:30:52.858146 np0000156682 neutron-periodic-workers[105039]: DEBUG dbcounter [-] [105039] Writing DB stats neutron:SELECT=3 {{(pid=105039) stat_writer /opt/stack/data/venv/lib/python3.12/site-packages/dbcounter.py:115}}
Feb 24 01:30:58.905357 np0000156682 neutron-periodic-workers[105057]: DEBUG dbcounter [-] [105057] Writing DB stats neutron:DELETE=1 {{(pid=105057) stat_writer /opt/stack/data/venv/lib/python3.12/site-packages/dbcounter.py:115}}
Feb 24 01:31:10.850518 np0000156682 neutron-periodic-workers[105048]: DEBUG neutron.db.agents_db [None req-dbec4fcc-c603-4cc8-989b-37bf356f9011 None None] Agent healthcheck: found 0 active agents {{(pid=105048) agent_health_check /opt/stack/neutron/neutron/db/agents_db.py:317}}
Feb 24 01:31:10.851367 np0000156682 neutron-periodic-workers[105048]: DEBUG oslo.service.backend._threading.loopingcall [None req-dbec4fcc-c603-4cc8-989b-37bf356f9011 None None] Fixed interval looping call 'neutron.plugins.ml2.plugin.AgentDbMixin.agent_health_check' sleeping for 36.99 seconds {{(pid=105048) _run_loop /opt/stack/data/venv/lib/python3.12/site-packages/oslo_service/backend/_threading/loopingcall.py:125}}
Feb 24 01:31:19.861296 np0000156682 neutron-periodic-workers[105039]: DEBUG oslo.service.backend._threading.loopingcall [None req-c5086357-1177-4c3c-a495-c5c68f584f3c None None] Fixed interval looping call 'neutron.plugins.ml2.plugin.DhcpAgentSchedulerDbMixin.remove_networks_from_down_agents' sleeping for 36.99 seconds {{(pid=105039) _run_loop /opt/stack/data/venv/lib/python3.12/site-packages/oslo_service/backend/_threading/loopingcall.py:125}}
Feb 24 01:31:20.848539 np0000156682 neutron-periodic-workers[105048]: DEBUG dbcounter [-] [105048] Writing DB stats neutron:SELECT=1 {{(pid=105048) stat_writer /opt/stack/data/venv/lib/python3.12/site-packages/dbcounter.py:115}}
Feb 24 01:31:29.859589 np0000156682 neutron-periodic-workers[105039]: DEBUG dbcounter [-] [105039] Writing DB stats neutron:SELECT=3 {{(pid=105039) stat_writer /opt/stack/data/venv/lib/python3.12/site-packages/dbcounter.py:115}}
Feb 24 01:31:47.847559 np0000156682 neutron-periodic-workers[105048]: DEBUG neutron.db.agents_db [None req-dbec4fcc-c603-4cc8-989b-37bf356f9011 None None] Agent healthcheck: found 0 active agents {{(pid=105048) agent_health_check /opt/stack/neutron/neutron/db/agents_db.py:317}}
Feb 24 01:31:47.848428 np0000156682 neutron-periodic-workers[105048]: DEBUG oslo.service.backend._threading.loopingcall [None req-dbec4fcc-c603-4cc8-989b-37bf356f9011 None None] Fixed interval looping call 'neutron.plugins.ml2.plugin.AgentDbMixin.agent_health_check' sleeping for 36.99 seconds {{(pid=105048) _run_loop /opt/stack/data/venv/lib/python3.12/site-packages/oslo_service/backend/_threading/loopingcall.py:125}}
Feb 24 01:31:56.860887 np0000156682 neutron-periodic-workers[105039]: DEBUG oslo.service.backend._threading.loopingcall [None req-c5086357-1177-4c3c-a495-c5c68f584f3c None None] Fixed interval looping call 'neutron.plugins.ml2.plugin.DhcpAgentSchedulerDbMixin.remove_networks_from_down_agents' sleeping for 36.99 seconds {{(pid=105039) _run_loop /opt/stack/data/venv/lib/python3.12/site-packages/oslo_service/backend/_threading/loopingcall.py:125}}
Feb 24 01:31:57.845657 np0000156682 neutron-periodic-workers[105048]: DEBUG dbcounter [-] [105048] Writing DB stats neutron:SELECT=1 {{(pid=105048) stat_writer /opt/stack/data/venv/lib/python3.12/site-packages/dbcounter.py:115}}
Feb 24 01:32:06.860033 np0000156682 neutron-periodic-workers[105039]: DEBUG dbcounter [-] [105039] Writing DB stats neutron:SELECT=3 {{(pid=105039) stat_writer /opt/stack/data/venv/lib/python3.12/site-packages/dbcounter.py:115}}
Feb 24 01:32:24.844390 np0000156682 neutron-periodic-workers[105048]: DEBUG neutron.db.agents_db [None req-dbec4fcc-c603-4cc8-989b-37bf356f9011 None None] Agent healthcheck: found 0 active agents {{(pid=105048) agent_health_check /opt/stack/neutron/neutron/db/agents_db.py:317}}
Feb 24 01:32:24.844887 np0000156682 neutron-periodic-workers[105048]: DEBUG oslo.service.backend._threading.loopingcall [None req-dbec4fcc-c603-4cc8-989b-37bf356f9011 None None] Fixed interval looping call 'neutron.plugins.ml2.plugin.AgentDbMixin.agent_health_check' sleeping for 36.99 seconds {{(pid=105048) _run_loop /opt/stack/data/venv/lib/python3.12/site-packages/oslo_service/backend/_threading/loopingcall.py:125}}
Feb 24 01:32:33.861184 np0000156682 neutron-periodic-workers[105039]: DEBUG oslo.service.backend._threading.loopingcall [None req-c5086357-1177-4c3c-a495-c5c68f584f3c None None] Fixed interval looping call 'neutron.plugins.ml2.plugin.DhcpAgentSchedulerDbMixin.remove_networks_from_down_agents' sleeping for 36.99 seconds {{(pid=105039) _run_loop /opt/stack/data/venv/lib/python3.12/site-packages/oslo_service/backend/_threading/loopingcall.py:125}}
Feb 24 01:32:34.842284 np0000156682 neutron-periodic-workers[105048]: DEBUG dbcounter [-] [105048] Writing DB stats neutron:SELECT=1 {{(pid=105048) stat_writer /opt/stack/data/venv/lib/python3.12/site-packages/dbcounter.py:115}}
Feb 24 01:32:43.860740 np0000156682 neutron-periodic-workers[105039]: DEBUG dbcounter [-] [105039] Writing DB stats neutron:SELECT=3 {{(pid=105039) stat_writer /opt/stack/data/venv/lib/python3.12/site-packages/dbcounter.py:115}}
Feb 24 01:32:48.902980 np0000156682 neutron-periodic-workers[105057]: DEBUG oslo.service.backend._threading.loopingcall [None req-0a22ebb6-9ead-49e1-b8a5-83ece0177b21 None None] Fixed interval looping call 'neutron.db.quota.driver_nolock.DbQuotaNoLockDriver._remove_expired_reservations' sleeping for 119.99 seconds {{(pid=105057) _run_loop /opt/stack/data/venv/lib/python3.12/site-packages/oslo_service/backend/_threading/loopingcall.py:125}}
Feb 24 01:32:58.901348 np0000156682 neutron-periodic-workers[105057]: DEBUG dbcounter [-] [105057] Writing DB stats neutron:DELETE=1 {{(pid=105057) stat_writer /opt/stack/data/venv/lib/python3.12/site-packages/dbcounter.py:115}}
Feb 24 01:33:01.840235 np0000156682 neutron-periodic-workers[105048]: DEBUG neutron.db.agents_db [None req-dbec4fcc-c603-4cc8-989b-37bf356f9011 None None] Agent healthcheck: found 0 active agents {{(pid=105048) agent_health_check /opt/stack/neutron/neutron/db/agents_db.py:317}}
Feb 24 01:33:01.843261 np0000156682 neutron-periodic-workers[105048]: DEBUG oslo.service.backend._threading.loopingcall [None req-dbec4fcc-c603-4cc8-989b-37bf356f9011 None None] Fixed interval looping call 'neutron.plugins.ml2.plugin.AgentDbMixin.agent_health_check' sleeping for 36.99 seconds {{(pid=105048) _run_loop /opt/stack/data/venv/lib/python3.12/site-packages/oslo_service/backend/_threading/loopingcall.py:125}}
Feb 24 01:33:10.862096 np0000156682 neutron-periodic-workers[105039]: DEBUG oslo.service.backend._threading.loopingcall [None req-c5086357-1177-4c3c-a495-c5c68f584f3c None None] Fixed interval looping call 'neutron.plugins.ml2.plugin.DhcpAgentSchedulerDbMixin.remove_networks_from_down_agents' sleeping for 36.99 seconds {{(pid=105039) _run_loop /opt/stack/data/venv/lib/python3.12/site-packages/oslo_service/backend/_threading/loopingcall.py:125}}
Feb 24 01:33:11.839843 np0000156682 neutron-periodic-workers[105048]: DEBUG dbcounter [-] [105048] Writing DB stats neutron:SELECT=1 {{(pid=105048) stat_writer /opt/stack/data/venv/lib/python3.12/site-packages/dbcounter.py:115}}
Feb 24 01:33:20.861162 np0000156682 neutron-periodic-workers[105039]: DEBUG dbcounter [-] [105039] Writing DB stats neutron:SELECT=3 {{(pid=105039) stat_writer /opt/stack/data/venv/lib/python3.12/site-packages/dbcounter.py:115}}
Feb 24 01:33:38.837687 np0000156682 neutron-periodic-workers[105048]: DEBUG neutron.db.agents_db [None req-dbec4fcc-c603-4cc8-989b-37bf356f9011 None None] Agent healthcheck: found 0 active agents {{(pid=105048) agent_health_check /opt/stack/neutron/neutron/db/agents_db.py:317}}
Feb 24 01:33:38.838712 np0000156682 neutron-periodic-workers[105048]: DEBUG oslo.service.backend._threading.loopingcall [None req-dbec4fcc-c603-4cc8-989b-37bf356f9011 None None] Fixed interval looping call 'neutron.plugins.ml2.plugin.AgentDbMixin.agent_health_check' sleeping for 36.99 seconds {{(pid=105048) _run_loop /opt/stack/data/venv/lib/python3.12/site-packages/oslo_service/backend/_threading/loopingcall.py:125}}
Feb 24 01:33:47.870206 np0000156682 neutron-periodic-workers[105039]: DEBUG oslo.service.backend._threading.loopingcall [None req-c5086357-1177-4c3c-a495-c5c68f584f3c None None] Fixed interval looping call 'neutron.plugins.ml2.plugin.DhcpAgentSchedulerDbMixin.remove_networks_from_down_agents' sleeping for 36.99 seconds {{(pid=105039) _run_loop /opt/stack/data/venv/lib/python3.12/site-packages/oslo_service/backend/_threading/loopingcall.py:125}}
Feb 24 01:33:48.835967 np0000156682 neutron-periodic-workers[105048]: DEBUG dbcounter [-] [105048] Writing DB stats neutron:SELECT=1 {{(pid=105048) stat_writer /opt/stack/data/venv/lib/python3.12/site-packages/dbcounter.py:115}}
Feb 24 01:33:57.865397 np0000156682 neutron-periodic-workers[105039]: DEBUG dbcounter [-] [105039] Writing DB stats neutron:SELECT=3 {{(pid=105039) stat_writer /opt/stack/data/venv/lib/python3.12/site-packages/dbcounter.py:115}}
Feb 24 01:34:15.833874 np0000156682 neutron-periodic-workers[105048]: DEBUG neutron.db.agents_db [None req-dbec4fcc-c603-4cc8-989b-37bf356f9011 None None] Agent healthcheck: found 0 active agents {{(pid=105048) agent_health_check /opt/stack/neutron/neutron/db/agents_db.py:317}}
Feb 24 01:34:15.833874 np0000156682 neutron-periodic-workers[105048]: DEBUG oslo.service.backend._threading.loopingcall [None req-dbec4fcc-c603-4cc8-989b-37bf356f9011 None None] Fixed interval looping call 'neutron.plugins.ml2.plugin.AgentDbMixin.agent_health_check' sleeping for 36.99 seconds {{(pid=105048) _run_loop /opt/stack/data/venv/lib/python3.12/site-packages/oslo_service/backend/_threading/loopingcall.py:125}}
Feb 24 01:34:24.895550 np0000156682 neutron-periodic-workers[105039]: DEBUG oslo.service.backend._threading.loopingcall [None req-c5086357-1177-4c3c-a495-c5c68f584f3c None None] Fixed interval looping call 'neutron.plugins.ml2.plugin.DhcpAgentSchedulerDbMixin.remove_networks_from_down_agents' sleeping for 36.96 seconds {{(pid=105039) _run_loop /opt/stack/data/venv/lib/python3.12/site-packages/oslo_service/backend/_threading/loopingcall.py:125}}
