+ COMMAND=start + start + for KEYSTONE_WSGI_SCRIPT in keystone-wsgi-public ++ type -p keystone-wsgi-public + cp -a /var/lib/openstack/bin/keystone-wsgi-public /var/www/cgi-bin/keystone/ + '[' -f /etc/apache2/envvars ']' + source /etc/apache2/envvars ++ unset HOME ++ '[' '' '!=' '' ']' ++ SUFFIX= ++ export APACHE_RUN_USER=www-data ++ APACHE_RUN_USER=www-data ++ export APACHE_RUN_GROUP=www-data ++ APACHE_RUN_GROUP=www-data ++ export APACHE_PID_FILE=/var/run/apache2/apache2.pid ++ APACHE_PID_FILE=/var/run/apache2/apache2.pid ++ export APACHE_RUN_DIR=/var/run/apache2 ++ APACHE_RUN_DIR=/var/run/apache2 ++ export APACHE_LOCK_DIR=/var/lock/apache2 ++ APACHE_LOCK_DIR=/var/lock/apache2 ++ export APACHE_LOG_DIR=/var/log/apache2 ++ APACHE_LOG_DIR=/var/log/apache2 ++ export LANG=C ++ LANG=C ++ export LANG + '[' -f /var/run/apache2/apache2.pid ']' + exec apache2 -DFOREGROUND AH00558: apache2: Could not reliably determine the server's fully qualified domain name, using 10.0.0.248. Set the 'ServerName' directive globally to suppress this message AH00558: apache2: Could not reliably determine the server's fully qualified domain name, using 10.0.0.248. Set the 'ServerName' directive globally to suppress this message
[Mon Jul 13 20:13:13.427844 2026] [mpm_event:notice] [pid 1:tid 140008037869440] AH00489: Apache/2.4.58 (Ubuntu) mod_wsgi/5.0.0 Python/3.12 configured -- resuming normal operations
[Mon Jul 13 20:13:13.428008 2026] [core:notice] [pid 1:tid 140008037869440] AH00094: Command line: 'apache2 -D FOREGROUND'
[Mon Jul 13 20:14:18.435637 2026] [wsgi:error] [pid 11:tid 140007400048320] /var/lib/openstack/lib/python3.12/site-packages/oslo_utils/importutils.py:77: EventletDeprecationWarning:
[Mon Jul 13 20:14:18.435675 2026] [wsgi:error] [pid 11:tid 140007400048320] Eventlet is deprecated. It is currently being maintained in bugfix mode, and
[Mon Jul 13 20:14:18.435678 2026] [wsgi:error] [pid 11:tid 140007400048320] we strongly recommend against using it for new projects.
[Mon Jul 13 20:14:18.435680 2026] [wsgi:error] [pid 11:tid 140007400048320]
[Mon Jul 13 20:14:18.435681 2026] [wsgi:error] [pid 11:tid 140007400048320] If you are already using Eventlet, we recommend migrating to a different
[Mon Jul 13 20:14:18.435683 2026] [wsgi:error] [pid 11:tid 140007400048320] framework. For more detail see
[Mon Jul 13 20:14:18.435685 2026] [wsgi:error] [pid 11:tid 140007400048320] https://eventlet.readthedocs.io/en/latest/asyncio/migration.html
[Mon Jul 13 20:14:18.435686 2026] [wsgi:error] [pid 11:tid 140007400048320]
[Mon Jul 13 20:14:18.435688 2026] [wsgi:error] [pid 11:tid 140007400048320] __import__(import_str)
[Mon Jul 13 20:14:18.452818 2026] [wsgi:error] [pid 12:tid 140007400048320] /var/lib/openstack/lib/python3.12/site-packages/oslo_utils/importutils.py:77: EventletDeprecationWarning:
[Mon Jul 13 20:14:18.452857 2026] [wsgi:error] [pid 12:tid 140007400048320] Eventlet is deprecated. It is currently being maintained in bugfix mode, and
[Mon Jul 13 20:14:18.452859 2026] [wsgi:error] [pid 12:tid 140007400048320] we strongly recommend against using it for new projects.
[Mon Jul 13 20:14:18.452860 2026] [wsgi:error] [pid 12:tid 140007400048320]
[Mon Jul 13 20:14:18.452862 2026] [wsgi:error] [pid 12:tid 140007400048320] If you are already using Eventlet, we recommend migrating to a different
[Mon Jul 13 20:14:18.452863 2026] [wsgi:error] [pid 12:tid 140007400048320] framework. For more detail see
[Mon Jul 13 20:14:18.452864 2026] [wsgi:error] [pid 12:tid 140007400048320] https://eventlet.readthedocs.io/en/latest/asyncio/migration.html
[Mon Jul 13 20:14:18.452865 2026] [wsgi:error] [pid 12:tid 140007400048320]
[Mon Jul 13 20:14:18.452866 2026] [wsgi:error] [pid 12:tid 140007400048320] __import__(import_str) 10.0.0.219 - - [13/Jul/2026:20:14:17 +0000] "GET /v3/ HTTP/1.1" 200 250 10.0.0.219 - - [13/Jul/2026:20:14:17 +0000] "GET /v3/ HTTP/1.1" 200 250
[Mon Jul 13 20:14:31.443302 2026] [wsgi:error] [pid 10:tid 140007400048320] /var/lib/openstack/lib/python3.12/site-packages/oslo_utils/importutils.py:77: EventletDeprecationWarning:
[Mon Jul 13 20:14:31.443346 2026] [wsgi:error] [pid 10:tid 140007400048320] Eventlet is deprecated. It is currently being maintained in bugfix mode, and
[Mon Jul 13 20:14:31.443348 2026] [wsgi:error] [pid 10:tid 140007400048320] we strongly recommend against using it for new projects.
[Mon Jul 13 20:14:31.443350 2026] [wsgi:error] [pid 10:tid 140007400048320]
[Mon Jul 13 20:14:31.443351 2026] [wsgi:error] [pid 10:tid 140007400048320] If you are already using Eventlet, we recommend migrating to a different
[Mon Jul 13 20:14:31.443352 2026] [wsgi:error] [pid 10:tid 140007400048320] framework. For more detail see
[Mon Jul 13 20:14:31.443353 2026] [wsgi:error] [pid 10:tid 140007400048320] https://eventlet.readthedocs.io/en/latest/asyncio/migration.html
[Mon Jul 13 20:14:31.443354 2026] [wsgi:error] [pid 10:tid 140007400048320]
[Mon Jul 13 20:14:31.443355 2026] [wsgi:error] [pid 10:tid 140007400048320] __import__(import_str) 10.0.0.28 - - [13/Jul/2026:20:14:30 +0000] "GET / HTTP/1.1" 300 295
[Mon Jul 13 20:14:36.847476 2026] [wsgi:error] [pid 9:tid 140007400048320] /var/lib/openstack/lib/python3.12/site-packages/oslo_utils/importutils.py:77: EventletDeprecationWarning:
[Mon Jul 13 20:14:36.847512 2026] [wsgi:error] [pid 9:tid 140007400048320] Eventlet is deprecated. It is currently being maintained in bugfix mode, and
[Mon Jul 13 20:14:36.847514 2026] [wsgi:error] [pid 9:tid 140007400048320] we strongly recommend against using it for new projects.
[Mon Jul 13 20:14:36.847515 2026] [wsgi:error] [pid 9:tid 140007400048320]
[Mon Jul 13 20:14:36.847516 2026] [wsgi:error] [pid 9:tid 140007400048320] If you are already using Eventlet, we recommend migrating to a different
[Mon Jul 13 20:14:36.847518 2026] [wsgi:error] [pid 9:tid 140007400048320] framework. For more detail see
[Mon Jul 13 20:14:36.847519 2026] [wsgi:error] [pid 9:tid 140007400048320] https://eventlet.readthedocs.io/en/latest/asyncio/migration.html
[Mon Jul 13 20:14:36.847520 2026] [wsgi:error] [pid 9:tid 140007400048320]
[Mon Jul 13 20:14:36.847521 2026] [wsgi:error] [pid 9:tid 140007400048320] __import__(import_str)
[Mon Jul 13 20:14:41.535905 2026] [wsgi:error] [pid 9:tid 140007400048320] [remote 10.0.0.28:53192] 2026-07-13 20:14:41.532 9 WARNING keystone.identity.core [None req-ea71a38a-716e-4c66-9c7a-a603c779a8bf - - - - - -] Invalid domain name (atmosphere) found in config file name: keystone.exception.DomainNotFound: Could not find domain: atmosphere.
[Mon Jul 13 20:14:41.589667 2026] [wsgi:error] [pid 9:tid 140007400048320] [remote 10.0.0.28:53192] 2026-07-13 20:14:41.588 9 WARNING keystone.common.password_hashing [None req-ea71a38a-716e-4c66-9c7a-a603c779a8bf - - - - - -] Truncating password to algorithm specific maximum length 72 characters.
[Mon Jul 13 20:14:41.871524 2026] [wsgi:error] [pid 9:tid 140007400048320] [remote 10.0.0.28:53192] 2026-07-13 20:14:41.871 9 WARNING keystone.common.fernet_utils [None req-ea71a38a-716e-4c66-9c7a-a603c779a8bf - - - - - -] key_repository is world readable: /etc/keystone/fernet-keys/ 10.0.0.28 - - [13/Jul/2026:20:14:35 +0000] "POST /v3/auth/tokens HTTP/1.1" 201 1359
[Mon Jul 13 20:14:42.243913 2026] [wsgi:error] [pid 11:tid 140007400048320] [remote 10.0.0.28:53192] 2026-07-13 20:14:42.240 11 WARNING keystone.identity.core [None req-7aea6b6c-34b4-4062-95ef-e028cc97b762 - - - - - -] Invalid domain name (atmosphere) found in config file name: keystone.exception.DomainNotFound: Could not find domain: atmosphere. 10.0.0.28 - - [13/Jul/2026:20:14:42 +0000] "POST /v3/domains HTTP/1.1" 201 261 10.0.0.139 - - [13/Jul/2026:20:14:52 +0000] "GET / HTTP/1.1" 300 295
[Mon Jul 13 20:14:53.204322 2026] [wsgi:error] [pid 10:tid 140007400048320] [remote 10.0.0.139:44102] 2026-07-13 20:14:53.203 10 WARNING keystone.common.password_hashing [None req-500b572e-9d0c-48c2-9c88-0f72eb4b0060 - - - - - -] Truncating password to algorithm specific maximum length 72 characters.
[Mon Jul 13 20:14:53.471939 2026] [wsgi:error] [pid 10:tid 140007400048320] [remote 10.0.0.139:44102] 2026-07-13 20:14:53.471 10 WARNING keystone.common.fernet_utils [None req-500b572e-9d0c-48c2-9c88-0f72eb4b0060 - - - - - -] key_repository is world readable: /etc/keystone/fernet-keys/ 10.0.0.139 - - [13/Jul/2026:20:14:52 +0000] "POST /v3/auth/tokens HTTP/1.1" 201 1359 10.0.0.139 - - [13/Jul/2026:20:14:53 +0000] "GET /v3/roles/admin HTTP/1.1" 404 83
[Mon Jul 13 20:14:53.732804 2026] [wsgi:error] [pid 11:tid 140007400048320] [remote 10.0.0.139:44102] 2026-07-13 20:14:53.732 11 WARNING keystone.common.rbac_enforcer.enforcer [None req-6998db37-16a8-4da8-9940-b7a49071ce7c cf30176b01064e4eae454a41d51c5ea3 8c8dd5eaa7db49f39fe394658b841ed2 - - default default] Deprecated policy rules found. Use oslopolicy-policy-generator and oslopolicy-policy-upgrade to detect and resolve deprecated policies in your configuration. 10.0.0.139 - - [13/Jul/2026:20:14:53 +0000] "GET /v3/roles?name=admin HTTP/1.1" 200 389
[Mon Jul 13 20:14:54.223254 2026] [wsgi:error] [pid 12:tid 140007400048320] [remote 10.0.0.139:44102] 2026-07-13 20:14:54.222 12 WARNING keystone.common.rbac_enforcer.enforcer [None req-c7bba6ea-1ada-492e-8c70-4016d25f79ba cf30176b01064e4eae454a41d51c5ea3 8c8dd5eaa7db49f39fe394658b841ed2 - - default default] Deprecated policy rules found. Use oslopolicy-policy-generator and oslopolicy-policy-upgrade to detect and resolve deprecated policies in your configuration. 10.0.0.139 - - [13/Jul/2026:20:14:53 +0000] "GET /v3/users/admin-RegionOne HTTP/1.1" 404 93
[Mon Jul 13 20:14:54.378147 2026] [wsgi:error] [pid 10:tid 140007400048320] [remote 10.0.0.139:44102] 2026-07-13 20:14:54.377 10 WARNING keystone.common.rbac_enforcer.enforcer [None req-cc307a59-d4e9-419d-bd4a-71fba63c2f03 cf30176b01064e4eae454a41d51c5ea3 8c8dd5eaa7db49f39fe394658b841ed2 - - default default] Deprecated policy rules found. Use oslopolicy-policy-generator and oslopolicy-policy-upgrade to detect and resolve deprecated policies in your configuration. 10.0.0.139 - - [13/Jul/2026:20:14:54 +0000] "GET /v3/users?name=admin-RegionOne HTTP/1.1" 200 422
[Mon Jul 13 20:14:54.547612 2026] [wsgi:error] [pid 9:tid 140007400048320] [remote 10.0.0.139:44102] 2026-07-13 20:14:54.547 9 WARNING keystone.common.rbac_enforcer.enforcer [None req-8089d7e4-018c-4ba3-8e2d-e1932c45d993 cf30176b01064e4eae454a41d51c5ea3 8c8dd5eaa7db49f39fe394658b841ed2 - - default default] Deprecated policy rules found. Use oslopolicy-policy-generator and oslopolicy-policy-upgrade to detect and resolve deprecated policies in your configuration. 10.0.0.139 - - [13/Jul/2026:20:14:54 +0000] "GET /v3/domains/default HTTP/1.1" 200 224 10.0.0.139 - - [13/Jul/2026:20:14:54 +0000] "PUT /v3/domains/default/users/cf30176b01064e4eae454a41d51c5ea3/roles/c4349251e9aa4f5ba03e37736489f532 HTTP/1.1" 204 - 10.0.0.219 - - [13/Jul/2026:20:15:04 +0000] "GET / HTTP/1.1" 300 280 10.0.0.219 - - [13/Jul/2026:20:15:06 +0000] "GET /v3 HTTP/1.1" 200 265
[Mon Jul 13 20:15:06.211525 2026] [wsgi:error] [pid 9:tid 140007400048320] [remote 10.0.0.219:56100] 2026-07-13 20:15:06.211 9 WARNING keystone.common.password_hashing [None req-03407f47-f08b-4e8a-8ee3-adfc6cfe1c86 - - - - - -] Truncating password to algorithm specific maximum length 72 characters.
[Mon Jul 13 20:15:06.494295 2026] [wsgi:error] [pid 9:tid 140007400048320] [remote 10.0.0.219:56100] 2026-07-13 20:15:06.494 9 WARNING keystone.common.fernet_utils [None req-03407f47-f08b-4e8a-8ee3-adfc6cfe1c86 - - - - - -] key_repository is world readable: /etc/keystone/fernet-keys/ 10.0.0.219 - - [13/Jul/2026:20:15:06 +0000] "POST /v3/auth/tokens HTTP/1.1" 201 1359 10.0.0.219 - - [13/Jul/2026:20:15:06 +0000] "GET / HTTP/1.1" 300 280 10.0.0.219 - - [13/Jul/2026:20:15:06 +0000] "GET /v3/domains/atmosphere HTTP/1.1" 404 90 10.0.0.219 - - [13/Jul/2026:20:15:06 +0000] "GET /v3/domains?name=atmosphere HTTP/1.1" 200 368 10.0.0.219 - - [13/Jul/2026:20:15:06 +0000] "GET /v3/domains/ce66ea41d7d54bcb8ba4c30b5cbc6dd5 HTTP/1.1" 200 246 10.0.0.219 - - [13/Jul/2026:20:15:07 +0000] "GET /v3 HTTP/1.1" 200 265
[Mon Jul 13 20:15:07.591324 2026] [wsgi:error] [pid 12:tid 140007400048320] [remote 10.0.0.219:56100] 2026-07-13 20:15:07.590 12 WARNING keystone.common.password_hashing [None req-4f23f36b-abff-471d-b026-81066c499fa3 - - - - - -] Truncating password to algorithm specific maximum length 72 characters.
[Mon Jul 13 20:15:07.868269 2026] [wsgi:error] [pid 12:tid 140007400048320] [remote 10.0.0.219:56100] 2026-07-13 20:15:07.867 12 WARNING keystone.common.fernet_utils [None req-4f23f36b-abff-471d-b026-81066c499fa3 - - - - - -] key_repository is world readable: /etc/keystone/fernet-keys/ 10.0.0.219 - - [13/Jul/2026:20:15:07 +0000] "POST /v3/auth/tokens HTTP/1.1" 201 1359 10.0.0.219 - - [13/Jul/2026:20:15:07 +0000] "GET / HTTP/1.1" 300 280 10.0.0.219 - - [13/Jul/2026:20:15:07 +0000] "GET /v3/OS-FEDERATION/identity_providers/atmosphere HTTP/1.1" 404 101 10.0.0.219 - - [13/Jul/2026:20:15:07 +0000] "GET /v3/OS-FEDERATION/identity_providers HTTP/1.1" 200 155 10.0.0.219 - - [13/Jul/2026:20:15:07 +0000] "PUT /v3/OS-FEDERATION/identity_providers/atmosphere HTTP/1.1" 201 340 10.0.0.219 - - [13/Jul/2026:20:15:08 +0000] "GET /v3 HTTP/1.1" 200 265
[Mon Jul 13 20:15:08.705657 2026] [wsgi:error] [pid 9:tid 140007400048320] [remote 10.0.0.219:58374] 2026-07-13 20:15:08.705 9 WARNING keystone.common.password_hashing [None req-8204526f-d34b-44f8-acf0-e246a3f000b9 - - - - - -] Truncating password to algorithm specific maximum length 72 characters.
[Mon Jul 13 20:15:08.981073 2026] [wsgi:error] [pid 9:tid 140007400048320] [remote 10.0.0.219:58374] 2026-07-13 20:15:08.980 9 WARNING keystone.common.fernet_utils [None req-8204526f-d34b-44f8-acf0-e246a3f000b9 - - - - - -] key_repository is world readable: /etc/keystone/fernet-keys/ 10.0.0.219 - - [13/Jul/2026:20:15:08 +0000] "POST /v3/auth/tokens HTTP/1.1" 201 1359 10.0.0.219 - - [13/Jul/2026:20:15:08 +0000] "GET / HTTP/1.1" 300 280 10.0.0.219 - - [13/Jul/2026:20:15:09 +0000] "GET /v3/OS-FEDERATION/mappings/atmosphere-openid HTTP/1.1" 404 98 10.0.0.219 - - [13/Jul/2026:20:15:09 +0000] "GET /v3/OS-FEDERATION/mappings HTTP/1.1" 200 135 10.0.0.219 - - [13/Jul/2026:20:15:09 +0000] "PUT /v3/OS-FEDERATION/mappings/atmosphere-openid HTTP/1.1" 201 356 10.0.0.219 - - [13/Jul/2026:20:15:09 +0000] "GET /v3 HTTP/1.1" 200 265
[Mon Jul 13 20:15:09.794368 2026] [wsgi:error] [pid 12:tid 140007400048320] [remote 10.0.0.219:58374] 2026-07-13 20:15:09.794 12 WARNING keystone.common.password_hashing [None req-288052cb-25a7-4e55-867b-2afde87a807a - - - - - -] Truncating password to algorithm specific maximum length 72 characters.
[Mon Jul 13 20:15:10.067795 2026] [wsgi:error] [pid 12:tid 140007400048320] [remote 10.0.0.219:58374] 2026-07-13 20:15:10.067 12 WARNING keystone.common.fernet_utils [None req-288052cb-25a7-4e55-867b-2afde87a807a - - - - - -] key_repository is world readable: /etc/keystone/fernet-keys/ 10.0.0.219 - - [13/Jul/2026:20:15:09 +0000] "POST /v3/auth/tokens HTTP/1.1" 201 1359 10.0.0.219 - - [13/Jul/2026:20:15:10 +0000] "GET / HTTP/1.1" 300 280 10.0.0.219 - - [13/Jul/2026:20:15:10 +0000] "GET /v3/OS-FEDERATION/identity_providers/atmosphere/protocols/openid?idp_id=atmosphere HTTP/1.1" 404 131 10.0.0.219 - - [13/Jul/2026:20:15:10 +0000] "GET /v3/OS-FEDERATION/identity_providers/atmosphere/protocols HTTP/1.1" 200 167 10.0.0.219 - - [13/Jul/2026:20:15:10 +0000] "PUT /v3/OS-FEDERATION/identity_providers/atmosphere/protocols/openid HTTP/1.1" 201 222 10.0.0.219 - - [13/Jul/2026:20:15:17 +0000] "GET /v3/ HTTP/1.1" 200 250 10.0.0.219 - - [13/Jul/2026:20:15:17 +0000] "GET /v3/ HTTP/1.1" 200 250 10.0.0.219 - - [13/Jul/2026:20:16:17 +0000] "GET /v3/ HTTP/1.1" 200 250 10.0.0.219 - - [13/Jul/2026:20:16:17 +0000] "GET /v3/ HTTP/1.1" 200 250 10.0.0.89 - - [13/Jul/2026:20:16:27 +0000] "GET / HTTP/1.1" 300 295
[Mon Jul 13 20:16:27.599581 2026] [wsgi:error] [pid 9:tid 140007400048320] [remote 10.0.0.89:35536] 2026-07-13 20:16:27.599 9 WARNING keystone.common.password_hashing [None req-248fcd2c-9dcc-453c-8c30-4e352671bf56 - - - - - -] Truncating password to algorithm specific maximum length 72 characters.
[Mon Jul 13 20:16:27.872109 2026] [wsgi:error] [pid 9:tid 140007400048320] [remote 10.0.0.89:35536] 2026-07-13 20:16:27.871 9 WARNING keystone.common.fernet_utils [None req-248fcd2c-9dcc-453c-8c30-4e352671bf56 - - - - - -] key_repository is world readable: /etc/keystone/fernet-keys/ 10.0.0.89 - - [13/Jul/2026:20:16:27 +0000] "POST /v3/auth/tokens HTTP/1.1" 201 1359 10.0.0.89 - - [13/Jul/2026:20:16:27 +0000] "GET /v3/services HTTP/1.1" 200 355 10.0.0.89 - - [13/Jul/2026:20:16:31 +0000] "GET / HTTP/1.1" 300 295
[Mon Jul 13 20:16:31.531924 2026] [wsgi:error] [pid 10:tid 140007400048320] [remote 10.0.0.89:35544] 2026-07-13 20:16:31.531 10 WARNING keystone.common.password_hashing [None req-8beccf5c-7890-4013-b2be-409a70d9ba37 - - - - - -] Truncating password to algorithm specific maximum length 72 characters.
[Mon Jul 13 20:16:31.806553 2026] [wsgi:error] [pid 10:tid 140007400048320] [remote 10.0.0.89:35544] 2026-07-13 20:16:31.806 10 WARNING keystone.common.fernet_utils [None req-8beccf5c-7890-4013-b2be-409a70d9ba37 - - - - - -] key_repository is world readable: /etc/keystone/fernet-keys/ 10.0.0.89 - - [13/Jul/2026:20:16:31 +0000] "POST /v3/auth/tokens HTTP/1.1" 201 1359 10.0.0.89 - - [13/Jul/2026:20:16:31 +0000] "GET /v3/services HTTP/1.1" 200 355 10.0.0.89 - - [13/Jul/2026:20:16:35 +0000] "GET / HTTP/1.1" 300 295
[Mon Jul 13 20:16:35.469790 2026] [wsgi:error] [pid 11:tid 140007400048320] [remote 10.0.0.89:35548] 2026-07-13 20:16:35.469 11 WARNING keystone.common.password_hashing [None req-203ff171-30a3-4074-bddd-b5b9c6ef6173 - - - - - -] Truncating password to algorithm specific maximum length 72 characters.
[Mon Jul 13 20:16:35.737662 2026] [wsgi:error] [pid 11:tid 140007400048320] [remote 10.0.0.89:35548] 2026-07-13 20:16:35.737 11 WARNING keystone.common.fernet_utils [None req-203ff171-30a3-4074-bddd-b5b9c6ef6173 - - - - - -] key_repository is world readable: /etc/keystone/fernet-keys/ 10.0.0.89 - - [13/Jul/2026:20:16:35 +0000] "POST /v3/auth/tokens HTTP/1.1" 201 1359 10.0.0.89 - - [13/Jul/2026:20:16:35 +0000] "GET /v3/services HTTP/1.1" 200 355 10.0.0.89 - - [13/Jul/2026:20:16:39 +0000] "GET / HTTP/1.1" 300 295
[Mon Jul 13 20:16:39.410447 2026] [wsgi:error] [pid 12:tid 140007400048320] [remote 10.0.0.89:45916] 2026-07-13 20:16:39.410 12 WARNING keystone.common.password_hashing [None req-323e0a26-368d-4889-b48d-bb6865ea4fce - - - - - -] Truncating password to algorithm specific maximum length 72 characters.
[Mon Jul 13 20:16:39.702951 2026] [wsgi:error] [pid 12:tid 140007400048320] [remote 10.0.0.89:45916] 2026-07-13 20:16:39.702 12 WARNING keystone.common.fernet_utils [None req-323e0a26-368d-4889-b48d-bb6865ea4fce - - - - - -] key_repository is world readable: /etc/keystone/fernet-keys/ 10.0.0.89 - - [13/Jul/2026:20:16:39 +0000] "POST /v3/auth/tokens HTTP/1.1" 201 1359 10.0.0.89 - - [13/Jul/2026:20:16:39 +0000] "POST /v3/services HTTP/1.1" 201 296 10.0.0.40 - - [13/Jul/2026:20:16:50 +0000] "GET / HTTP/1.1" 300 295
[Mon Jul 13 20:16:51.002498 2026] [wsgi:error] [pid 9:tid 140007400048320] [remote 10.0.0.40:40316] 2026-07-13 20:16:51.002 9 WARNING keystone.common.password_hashing [None req-e61bfaa4-3fff-479e-b4ba-05de496306b9 - - - - - -] Truncating password to algorithm specific maximum length 72 characters. 10.0.0.40 - - [13/Jul/2026:20:16:51 +0000] "GET / HTTP/1.1" 300 295
[Mon Jul 13 20:16:51.030633 2026] [wsgi:error] [pid 11:tid 140007400048320] [remote 10.0.0.40:40328] 2026-07-13 20:16:51.030 11 WARNING keystone.common.password_hashing [None req-6f5790a5-edbc-4f2c-9dd6-1c5a810b48cf - - - - - -] Truncating password to algorithm specific maximum length 72 characters. 10.0.0.40 - - [13/Jul/2026:20:16:51 +0000] "GET / HTTP/1.1" 300 295
[Mon Jul 13 20:16:51.245236 2026] [wsgi:error] [pid 12:tid 140007400048320] [remote 10.0.0.40:40336] 2026-07-13 20:16:51.245 12 WARNING keystone.common.password_hashing [None req-fab9fcdd-efe2-44fb-a20d-fd8c2b8e4927 - - - - - -] Truncating password to algorithm specific maximum length 72 characters.
[Mon Jul 13 20:16:51.276499 2026] [wsgi:error] [pid 9:tid 140007400048320] [remote 10.0.0.40:40316] 2026-07-13 20:16:51.276 9 WARNING keystone.common.fernet_utils [None req-e61bfaa4-3fff-479e-b4ba-05de496306b9 - - - - - -] key_repository is world readable: /etc/keystone/fernet-keys/ 10.0.0.40 - - [13/Jul/2026:20:16:50 +0000] "POST /v3/auth/tokens HTTP/1.1" 201 1463
[Mon Jul 13 20:16:51.304521 2026] [wsgi:error] [pid 11:tid 140007400048320] [remote 10.0.0.40:40328] 2026-07-13 20:16:51.304 11 WARNING keystone.common.fernet_utils [None req-6f5790a5-edbc-4f2c-9dd6-1c5a810b48cf - - - - - -] key_repository is world readable: /etc/keystone/fernet-keys/ 10.0.0.40 - - [13/Jul/2026:20:16:51 +0000] "POST /v3/auth/tokens HTTP/1.1" 201 1463 10.0.0.40 - - [13/Jul/2026:20:16:51 +0000] "GET /v3/services HTTP/1.1" 200 639 10.0.0.40 - - [13/Jul/2026:20:16:51 +0000] "GET /v3/services HTTP/1.1" 200 639
[Mon Jul 13 20:16:51.517588 2026] [wsgi:error] [pid 12:tid 140007400048320] [remote 10.0.0.40:40336] 2026-07-13 20:16:51.517 12 WARNING keystone.common.fernet_utils [None req-fab9fcdd-efe2-44fb-a20d-fd8c2b8e4927 - - - - - -] key_repository is world readable: /etc/keystone/fernet-keys/ 10.0.0.40 - - [13/Jul/2026:20:16:51 +0000] "POST /v3/auth/tokens HTTP/1.1" 201 1463 10.0.0.40 - - [13/Jul/2026:20:16:51 +0000] "GET /v3/services HTTP/1.1" 200 639 10.0.0.40 - - [13/Jul/2026:20:16:52 +0000] "GET / HTTP/1.1" 300 295
[Mon Jul 13 20:16:52.950654 2026] [wsgi:error] [pid 10:tid 140007400048320] [remote 10.0.0.40:40340] 2026-07-13 20:16:52.950 10 WARNING keystone.common.password_hashing [None req-c18425d2-c86b-4723-a291-784aa253d657 - - - - - -] Truncating password to algorithm specific maximum length 72 characters. 10.0.0.40 - - [13/Jul/2026:20:16:52 +0000] "GET / HTTP/1.1" 300 295
[Mon Jul 13 20:16:53.019771 2026] [wsgi:error] [pid 11:tid 140007400048320] [remote 10.0.0.40:40342] 2026-07-13 20:16:53.019 11 WARNING keystone.common.password_hashing [None req-bf4d8241-a469-4bea-b416-aee5519f0f26 - - - - - -] Truncating password to algorithm specific maximum length 72 characters.
[Mon Jul 13 20:16:53.228279 2026] [wsgi:error] [pid 10:tid 140007400048320] [remote 10.0.0.40:40340] 2026-07-13 20:16:53.228 10 WARNING keystone.common.fernet_utils [None req-c18425d2-c86b-4723-a291-784aa253d657 - - - - - -] key_repository is world readable: /etc/keystone/fernet-keys/ 10.0.0.40 - - [13/Jul/2026:20:16:52 +0000] "POST /v3/auth/tokens HTTP/1.1" 201 1463
[Mon Jul 13 20:16:53.302077 2026] [wsgi:error] [pid 11:tid 140007400048320] [remote 10.0.0.40:40342] 2026-07-13 20:16:53.301 11 WARNING keystone.common.fernet_utils [None req-bf4d8241-a469-4bea-b416-aee5519f0f26 - - - - - -] key_repository is world readable: /etc/keystone/fernet-keys/ 10.0.0.40 - - [13/Jul/2026:20:16:53 +0000] "POST /v3/auth/tokens HTTP/1.1" 201 1463 10.0.0.40 - - [13/Jul/2026:20:16:53 +0000] "GET /v3/endpoints HTTP/1.1" 200 1226 10.0.0.40 - - [13/Jul/2026:20:16:53 +0000] "GET /v3/services/6b11f1ed2f09412888b16416e036c6ac HTTP/1.1" 200 233 10.0.0.40 - - [13/Jul/2026:20:16:53 +0000] "GET /v3/services/6b11f1ed2f09412888b16416e036c6ac HTTP/1.1" 200 233 10.0.0.40 - - [13/Jul/2026:20:16:53 +0000] "GET /v3/services/6b11f1ed2f09412888b16416e036c6ac HTTP/1.1" 200 233 10.0.0.40 - - [13/Jul/2026:20:16:53 +0000] "GET /v3/endpoints HTTP/1.1" 200 1226 10.0.0.40 - - [13/Jul/2026:20:16:53 +0000] "GET /v3/services/6b11f1ed2f09412888b16416e036c6ac HTTP/1.1" 200 233 10.0.0.40 - - [13/Jul/2026:20:16:53 +0000] "GET /v3/services/6b11f1ed2f09412888b16416e036c6ac HTTP/1.1" 200 233 10.0.0.40 - - [13/Jul/2026:20:16:53 +0000] "GET /v3/services/6b11f1ed2f09412888b16416e036c6ac HTTP/1.1" 200 233 10.0.0.40 - - [13/Jul/2026:20:16:53 +0000] "GET / HTTP/1.1" 300 295
[Mon Jul 13 20:16:53.527853 2026] [wsgi:error] [pid 12:tid 140007400048320] [remote 10.0.0.40:40352] 2026-07-13 20:16:53.527 12 WARNING keystone.common.password_hashing [None req-eb24ce22-eb7b-4c61-96a2-2934ce849173 - - - - - -] Truncating password to algorithm specific maximum length 72 characters.
[Mon Jul 13 20:16:53.802166 2026] [wsgi:error] [pid 12:tid 140007400048320] [remote 10.0.0.40:40352] 2026-07-13 20:16:53.801 12 WARNING keystone.common.fernet_utils [None req-eb24ce22-eb7b-4c61-96a2-2934ce849173 - - - - - -] key_repository is world readable: /etc/keystone/fernet-keys/ 10.0.0.40 - - [13/Jul/2026:20:16:53 +0000] "POST /v3/auth/tokens HTTP/1.1" 201 1463 10.0.0.40 - - [13/Jul/2026:20:16:53 +0000] "GET /v3/endpoints HTTP/1.1" 200 1226 10.0.0.40 - - [13/Jul/2026:20:16:53 +0000] "GET /v3/services/6b11f1ed2f09412888b16416e036c6ac HTTP/1.1" 200 233 10.0.0.40 - - [13/Jul/2026:20:16:53 +0000] "GET /v3/services/6b11f1ed2f09412888b16416e036c6ac HTTP/1.1" 200 233 10.0.0.40 - - [13/Jul/2026:20:16:53 +0000] "GET /v3/services/6b11f1ed2f09412888b16416e036c6ac HTTP/1.1" 200 233 10.0.0.40 - - [13/Jul/2026:20:16:54 +0000] "GET / HTTP/1.1" 300 295
[Mon Jul 13 20:16:54.878417 2026] [wsgi:error] [pid 11:tid 140007400048320] [remote 10.0.0.40:40362] 2026-07-13 20:16:54.878 11 WARNING keystone.common.password_hashing [None req-bab4396e-08ea-44d9-b6b4-edcc33b0cb65 - - - - - -] Truncating password to algorithm specific maximum length 72 characters. 10.0.0.40 - - [13/Jul/2026:20:16:54 +0000] "GET / HTTP/1.1" 300 295
[Mon Jul 13 20:16:55.022589 2026] [wsgi:error] [pid 12:tid 140007400048320] [remote 10.0.0.40:40374] 2026-07-13 20:16:55.022 12 WARNING keystone.common.password_hashing [None req-515e74dc-e65e-4ccc-a3c7-ca62fad2345a - - - - - -] Truncating password to algorithm specific maximum length 72 characters.
[Mon Jul 13 20:16:55.169368 2026] [wsgi:error] [pid 11:tid 140007400048320] [remote 10.0.0.40:40362] 2026-07-13 20:16:55.169 11 WARNING keystone.common.fernet_utils [None req-bab4396e-08ea-44d9-b6b4-edcc33b0cb65 - - - - - -] key_repository is world readable: /etc/keystone/fernet-keys/ 10.0.0.40 - - [13/Jul/2026:20:16:54 +0000] "POST /v3/auth/tokens HTTP/1.1" 201 1463 10.0.0.40 - - [13/Jul/2026:20:16:55 +0000] "GET /v3/services/411597c097b14b1497037021b77f6dd7 HTTP/1.1" 200 296
[Mon Jul 13 20:16:55.311136 2026] [wsgi:error] [pid 12:tid 140007400048320] [remote 10.0.0.40:40374] 2026-07-13 20:16:55.310 12 WARNING keystone.common.fernet_utils [None req-515e74dc-e65e-4ccc-a3c7-ca62fad2345a - - - - - -] key_repository is world readable: /etc/keystone/fernet-keys/ 10.0.0.40 - - [13/Jul/2026:20:16:55 +0000] "POST /v3/auth/tokens HTTP/1.1" 201 1463 10.0.0.40 - - [13/Jul/2026:20:16:55 +0000] "GET /v3/regions/RegionOne HTTP/1.1" 200 173 10.0.0.40 - - [13/Jul/2026:20:16:55 +0000] "POST /v3/endpoints HTTP/1.1" 201 380 10.0.0.40 - - [13/Jul/2026:20:16:55 +0000] "GET /v3/services/411597c097b14b1497037021b77f6dd7 HTTP/1.1" 200 296 10.0.0.40 - - [13/Jul/2026:20:16:55 +0000] "GET /v3/regions/RegionOne HTTP/1.1" 200 173 10.0.0.40 - - [13/Jul/2026:20:16:55 +0000] "POST /v3/endpoints HTTP/1.1" 201 383 10.0.0.40 - - [13/Jul/2026:20:16:55 +0000] "GET / HTTP/1.1" 300 295
[Mon Jul 13 20:16:55.832907 2026] [wsgi:error] [pid 10:tid 140007400048320] [remote 10.0.0.40:40376] 2026-07-13 20:16:55.832 10 WARNING keystone.common.password_hashing [None req-1193d4b3-2fda-422f-bf34-66a1ad45a842 - - - - - -] Truncating password to algorithm specific maximum length 72 characters.
[Mon Jul 13 20:16:56.124791 2026] [wsgi:error] [pid 10:tid 140007400048320] [remote 10.0.0.40:40376] 2026-07-13 20:16:56.124 10 WARNING keystone.common.fernet_utils [None req-1193d4b3-2fda-422f-bf34-66a1ad45a842 - - - - - -] key_repository is world readable: /etc/keystone/fernet-keys/ 10.0.0.40 - - [13/Jul/2026:20:16:55 +0000] "POST /v3/auth/tokens HTTP/1.1" 201 1822 10.0.0.40 - - [13/Jul/2026:20:16:56 +0000] "GET /v3/services/411597c097b14b1497037021b77f6dd7 HTTP/1.1" 200 296 10.0.0.40 - - [13/Jul/2026:20:16:56 +0000] "GET /v3/regions/RegionOne HTTP/1.1" 200 173 10.0.0.40 - - [13/Jul/2026:20:16:56 +0000] "POST /v3/endpoints HTTP/1.1" 201 369 10.0.0.40 - - [13/Jul/2026:20:16:56 +0000] "GET / HTTP/1.1" 300 295
[Mon Jul 13 20:16:56.878377 2026] [wsgi:error] [pid 12:tid 140007400048320] [remote 10.0.0.40:40382] 2026-07-13 20:16:56.878 12 WARNING keystone.common.password_hashing [None req-bf8b9cf6-46aa-457c-a002-cc87efbc774b - - - - - -] Truncating password to algorithm specific maximum length 72 characters. 10.0.0.40 - - [13/Jul/2026:20:16:57 +0000] "GET / HTTP/1.1" 300 295
[Mon Jul 13 20:16:57.146242 2026] [wsgi:error] [pid 11:tid 140007400048320] [remote 10.0.0.40:40392] 2026-07-13 20:16:57.146 11 WARNING keystone.common.password_hashing [None req-68f89ff7-70bd-4a1f-9a0b-f9685ed7ba95 - - - - - -] Truncating password to algorithm specific maximum length 72 characters.
[Mon Jul 13 20:16:57.177275 2026] [wsgi:error] [pid 12:tid 140007400048320] [remote 10.0.0.40:40382] 2026-07-13 20:16:57.177 12 WARNING keystone.common.fernet_utils [None req-bf8b9cf6-46aa-457c-a002-cc87efbc774b - - - - - -] key_repository is world readable: /etc/keystone/fernet-keys/ 10.0.0.40 - - [13/Jul/2026:20:16:56 +0000] "POST /v3/auth/tokens HTTP/1.1" 201 1990 10.0.0.40 - - [13/Jul/2026:20:16:57 +0000] "GET /v3/endpoints/357d9f1a73944e0499a77eefa37f5f93 HTTP/1.1" 200 380 10.0.0.40 - - [13/Jul/2026:20:16:57 +0000] "GET /v3/services/411597c097b14b1497037021b77f6dd7 HTTP/1.1" 200 296
[Mon Jul 13 20:16:57.416751 2026] [wsgi:error] [pid 11:tid 140007400048320] [remote 10.0.0.40:40392] 2026-07-13 20:16:57.416 11 WARNING keystone.common.fernet_utils [None req-68f89ff7-70bd-4a1f-9a0b-f9685ed7ba95 - - - - - -] key_repository is world readable: /etc/keystone/fernet-keys/ 10.0.0.40 - - [13/Jul/2026:20:16:57 +0000] "POST /v3/auth/tokens HTTP/1.1" 201 1990 10.0.0.40 - - [13/Jul/2026:20:16:57 +0000] "GET /v3/endpoints/2043992b8f4f41f4a8ed1b0c2bb094f2 HTTP/1.1" 200 383 10.0.0.40 - - [13/Jul/2026:20:16:57 +0000] "GET /v3/services/411597c097b14b1497037021b77f6dd7 HTTP/1.1" 200 296 10.0.0.40 - - [13/Jul/2026:20:16:57 +0000] "GET / HTTP/1.1" 300 295
[Mon Jul 13 20:16:57.804601 2026] [wsgi:error] [pid 9:tid 140007400048320] [remote 10.0.0.40:45954] 2026-07-13 20:16:57.804 9 WARNING keystone.common.password_hashing [None req-63d7055e-7802-43b6-848c-af47f16924ed - - - - - -] Truncating password to algorithm specific maximum length 72 characters.
[Mon Jul 13 20:16:58.090275 2026] [wsgi:error] [pid 9:tid 140007400048320] [remote 10.0.0.40:45954] 2026-07-13 20:16:58.090 9 WARNING keystone.common.fernet_utils [None req-63d7055e-7802-43b6-848c-af47f16924ed - - - - - -] key_repository is world readable: /etc/keystone/fernet-keys/ 10.0.0.40 - - [13/Jul/2026:20:16:57 +0000] "POST /v3/auth/tokens HTTP/1.1" 201 1990 10.0.0.40 - - [13/Jul/2026:20:16:58 +0000] "GET /v3/endpoints/5c0ab61fc4704b6a847a0afce30e304d HTTP/1.1" 200 369 10.0.0.40 - - [13/Jul/2026:20:16:58 +0000] "GET /v3/services/411597c097b14b1497037021b77f6dd7 HTTP/1.1" 200 296 10.0.0.208 - - [13/Jul/2026:20:17:09 +0000] "GET / HTTP/1.1" 300 295
[Mon Jul 13 20:17:09.953234 2026] [wsgi:error] [pid 9:tid 140007400048320] [remote 10.0.0.208:57338] 2026-07-13 20:17:09.953 9 WARNING keystone.common.password_hashing [None req-d3658752-26eb-46f0-ab68-3f06becba320 - - - - - -] Truncating password to algorithm specific maximum length 72 characters.
[Mon Jul 13 20:17:10.238433 2026] [wsgi:error] [pid 9:tid 140007400048320] [remote 10.0.0.208:57338] 2026-07-13 20:17:10.238 9 WARNING keystone.common.fernet_utils [None req-d3658752-26eb-46f0-ab68-3f06becba320 - - - - - -] key_repository is world readable: /etc/keystone/fernet-keys/ 10.0.0.208 - - [13/Jul/2026:20:17:09 +0000] "POST /v3/auth/tokens HTTP/1.1" 201 1990 10.0.0.208 - - [13/Jul/2026:20:17:10 +0000] "POST /v3/domains HTTP/1.1" 201 284 10.0.0.208 - - [13/Jul/2026:20:17:11 +0000] "GET / HTTP/1.1" 300 295
[Mon Jul 13 20:17:11.980868 2026] [wsgi:error] [pid 10:tid 140007400048320] [remote 10.0.0.208:57344] 2026-07-13 20:17:11.980 10 WARNING keystone.common.password_hashing [None req-463657fd-1ccc-46cb-8611-9b09e1cc4188 - - - - - -] Truncating password to algorithm specific maximum length 72 characters.
[Mon Jul 13 20:17:12.265879 2026] [wsgi:error] [pid 10:tid 140007400048320] [remote 10.0.0.208:57344] 2026-07-13 20:17:12.265 10 WARNING keystone.common.fernet_utils [None req-463657fd-1ccc-46cb-8611-9b09e1cc4188 - - - - - -] key_repository is world readable: /etc/keystone/fernet-keys/ 10.0.0.208 - - [13/Jul/2026:20:17:11 +0000] "POST /v3/auth/tokens HTTP/1.1" 201 1990
[Mon Jul 13 20:17:12.451293 2026] [wsgi:error] [pid 9:tid 140007400048320] [remote 10.0.0.208:57344] 2026-07-13 20:17:12.438 9 ERROR keystone.server.flask.application [None req-41865e6a-6702-4209-bd4c-fd9ef500817d cf30176b01064e4eae454a41d51c5ea3 8c8dd5eaa7db49f39fe394658b841ed2 - - default default] Conflict occurred attempting to store project - it is not permitted to have two projects acting as domains with the same name: service.: keystone.exception.Conflict: Conflict occurred attempting to store project - it is not permitted to have two projects acting as domains with the same name: service.
[Mon Jul 13 20:17:12.451321 2026] [wsgi:error] [pid 9:tid 140007400048320] [remote 10.0.0.208:57344] 2026-07-13 20:17:12.438 9 ERROR keystone.server.flask.application
Traceback (most recent call last):
[Mon Jul 13 20:17:12.451323 2026] [wsgi:error] [pid 9:tid 140007400048320] [remote 10.0.0.208:57344] 2026-07-13 20:17:12.438 9 ERROR keystone.server.flask.application
File "/var/lib/openstack/lib/python3.12/site-packages/sqlalchemy/engine/base.py", line 1969, in _exec_single_context
[Mon Jul 13 20:17:12.451325 2026] [wsgi:error] [pid 9:tid 140007400048320] [remote 10.0.0.208:57344] 2026-07-13 20:17:12.438 9 ERROR keystone.server.flask.application self.dialect.do_execute(
[Mon Jul 13 20:17:12.451327 2026] [wsgi:error] [pid 9:tid 140007400048320] [remote 10.0.0.208:57344] 2026-07-13 20:17:12.438 9 ERROR keystone.server.flask.application
File "/var/lib/openstack/lib/python3.12/site-packages/sqlalchemy/engine/default.py", line 952, in do_execute
[Mon Jul 13 20:17:12.451329 2026] [wsgi:error] [pid 9:tid 140007400048320] [remote 10.0.0.208:57344] 2026-07-13 20:17:12.438 9 ERROR keystone.server.flask.application cursor.execute(statement, parameters)
[Mon Jul 13 20:17:12.451330 2026] [wsgi:error] [pid 9:tid 140007400048320] [remote 10.0.0.208:57344] 2026-07-13 20:17:12.438 9 ERROR keystone.server.flask.application
File "/var/lib/openstack/lib/python3.12/site-packages/pymysql/cursors.py", line 159, in execute
[Mon Jul 13 20:17:12.451332 2026] [wsgi:error] [pid 9:tid 140007400048320] [remote 10.0.0.208:57344] 2026-07-13 20:17:12.438 9 ERROR keystone.server.flask.application result = self._query(query)
[Mon Jul 13 20:17:12.451333 2026] [wsgi:error] [pid 9:tid 140007400048320] [remote 10.0.0.208:57344] 2026-07-13 20:17:12.438 9 ERROR keystone.server.flask.application ^^^^^^^^^^^^^^^^^^
[Mon Jul 13 20:17:12.451335 2026] [wsgi:error] [pid 9:tid 140007400048320] [remote 10.0.0.208:57344] 2026-07-13 20:17:12.438 9 ERROR keystone.server.flask.application
File "/var/lib/openstack/lib/python3.12/site-packages/pymysql/cursors.py", line 330, in _query
[Mon Jul 13 20:17:12.451337 2026] [wsgi:error] [pid 9:tid 140007400048320] [remote 10.0.0.208:57344] 2026-07-13 20:17:12.438 9 ERROR keystone.server.flask.application conn.query(q)
[Mon Jul 13 20:17:12.451338 2026] [wsgi:error] [pid 9:tid 140007400048320] [remote 10.0.0.208:57344] 2026-07-13 20:17:12.438 9 ERROR keystone.server.flask.application
File "/var/lib/openstack/lib/python3.12/site-packages/pymysql/connections.py", line 582, in query
[Mon Jul 13 20:17:12.451340 2026] [wsgi:error] [pid 9:tid 140007400048320] [remote 10.0.0.208:57344] 2026-07-13 20:17:12.438 9 ERROR keystone.server.flask.application self._affected_rows = self._read_query_result(unbuffered=unbuffered)
[Mon Jul 13 20:17:12.451342 2026] [wsgi:error] [pid 9:tid 140007400048320] [remote 10.0.0.208:57344] 2026-07-13 20:17:12.438 9 ERROR keystone.server.flask.application ^^^^^^^^^^^^^^^^^^^^^^^^^^^^^^^^^^^^^^^^^^^^^^
[Mon Jul 13 20:17:12.451344 2026] [wsgi:error] [pid 9:tid 140007400048320] [remote 10.0.0.208:57344] 2026-07-13 20:17:12.438 9 ERROR keystone.server.flask.application
File "/var/lib/openstack/lib/python3.12/site-packages/pymysql/connections.py", line 847, in _read_query_result
[Mon Jul 13 20:17:12.451345 2026] [wsgi:error] [pid 9:tid 140007400048320] [remote 10.0.0.208:57344] 2026-07-13 20:17:12.438 9 ERROR keystone.server.flask.application result.read()
[Mon Jul 13 20:17:12.451348 2026] [wsgi:error] [pid 9:tid 140007400048320] [remote 10.0.0.208:57344] 2026-07-13 20:17:12.438 9 ERROR keystone.server.flask.application
File "/var/lib/openstack/lib/python3.12/site-packages/pymysql/connections.py", line 1245, in read
[Mon Jul 13 20:17:12.451350 2026] [wsgi:error] [pid 9:tid 140007400048320] [remote 10.0.0.208:57344] 2026-07-13 20:17:12.438 9 ERROR keystone.server.flask.application first_packet = self.connection._read_packet()
[Mon Jul 13 20:17:12.451351 2026] [wsgi:error] [pid 9:tid 140007400048320] [remote 10.0.0.208:57344] 2026-07-13 20:17:12.438 9 ERROR keystone.server.flask.application ^^^^^^^^^^^^^^^^^^^^^^^^^^^^^^
[Mon Jul 13 20:17:12.451353 2026] [wsgi:error] [pid 9:tid 140007400048320] [remote 10.0.0.208:57344] 2026-07-13 20:17:12.438 9 ERROR keystone.server.flask.application
File "/var/lib/openstack/lib/python3.12/site-packages/pymysql/connections.py", line 803, in _read_packet
[Mon Jul 13 20:17:12.451354 2026] [wsgi:error] [pid 9:tid 140007400048320] [remote 10.0.0.208:57344] 2026-07-13 20:17:12.438 9 ERROR keystone.server.flask.application packet.raise_for_error()
[Mon Jul 13 20:17:12.451356 2026] [wsgi:error] [pid 9:tid 140007400048320] [remote 10.0.0.208:57344] 2026-07-13 20:17:12.438 9 ERROR keystone.server.flask.application
File "/var/lib/openstack/lib/python3.12/site-packages/pymysql/protocol.py", line 219, in raise_for_error
[Mon Jul 13 20:17:12.451357 2026] [wsgi:error] [pid 9:tid 140007400048320] [remote 10.0.0.208:57344] 2026-07-13 20:17:12.438 9 ERROR keystone.server.flask.application err.raise_mysql_exception(self._data)
[Mon Jul 13 20:17:12.451358 2026] [wsgi:error] [pid 9:tid 140007400048320] [remote 10.0.0.208:57344] 2026-07-13 20:17:12.438 9 ERROR keystone.server.flask.application
File "/var/lib/openstack/lib/python3.12/site-packages/pymysql/err.py", line 154, in raise_mysql_exception
[Mon Jul 13 20:17:12.451360 2026] [wsgi:error] [pid 9:tid 140007400048320] [remote 10.0.0.208:57344] 2026-07-13 20:17:12.438 9 ERROR keystone.server.flask.application raise errorclass(errno, errval, sqlstate=sqlstate)
[Mon Jul 13 20:17:12.451361 2026] [wsgi:error] [pid 9:tid 140007400048320] [remote 10.0.0.208:57344] 2026-07-13 20:17:12.438 9 ERROR keystone.server.flask.application pymysql.err.IntegrityError: (1062, "Duplicate entry '<>-service' for key 'project.ixu_project_name_domain_id'")
[Mon Jul 13 20:17:12.451363 2026] [wsgi:error] [pid 9:tid 140007400048320] [remote 10.0.0.208:57344] 2026-07-13 20:17:12.438 9 ERROR keystone.server.flask.application
[Mon Jul 13 20:17:12.451364 2026] [wsgi:error] [pid 9:tid 140007400048320] [remote 10.0.0.208:57344] 2026-07-13 20:17:12.438 9 ERROR keystone.server.flask.application The above exception was the direct cause of the following exception:
[Mon Jul 13 20:17:12.451365 2026] [wsgi:error] [pid 9:tid 140007400048320] [remote 10.0.0.208:57344] 2026-07-13 20:17:12.438 9 ERROR keystone.server.flask.application
[Mon Jul 13 20:17:12.451367 2026] [wsgi:error] [pid 9:tid 140007400048320] [remote 10.0.0.208:57344] 2026-07-13 20:17:12.438 9 ERROR keystone.server.flask.application
Traceback (most recent call last):
[Mon Jul 13 20:17:12.451368 2026] [wsgi:error] [pid 9:tid 140007400048320] [remote 10.0.0.208:57344] 2026-07-13 20:17:12.438 9 ERROR keystone.server.flask.application
File "/var/lib/openstack/lib/python3.12/site-packages/keystone/common/sql/core.py", line 575, in wrapper
[Mon Jul 13 20:17:12.451369 2026] [wsgi:error] [pid 9:tid 140007400048320] [remote 10.0.0.208:57344] 2026-07-13 20:17:12.438 9 ERROR keystone.server.flask.application return method(*args, **kwargs)
[Mon Jul 13 20:17:12.451371 2026] [wsgi:error] [pid 9:tid 140007400048320] [remote 10.0.0.208:57344] 2026-07-13 20:17:12.438 9 ERROR keystone.server.flask.application ^^^^^^^^^^^^^^^^^^^^^^^
[Mon Jul 13 20:17:12.451372 2026] [wsgi:error] [pid 9:tid 140007400048320] [remote 10.0.0.208:57344] 2026-07-13 20:17:12.438 9 ERROR keystone.server.flask.application
File "/var/lib/openstack/lib/python3.12/site-packages/keystone/resource/backends/sql.py", line 278, in create_project
[Mon Jul 13 20:17:12.451374 2026] [wsgi:error] [pid 9:tid 140007400048320] [remote 10.0.0.208:57344] 2026-07-13 20:17:12.438 9 ERROR keystone.server.flask.application with sql.session_for_write() as session:
[Mon Jul 13 20:17:12.451376 2026] [wsgi:error] [pid 9:tid 140007400048320] [remote 10.0.0.208:57344] 2026-07-13 20:17:12.438 9 ERROR keystone.server.flask.application
File "/usr/lib/python3.12/contextlib.py", line 144, in __exit__
[Mon Jul 13 20:17:12.451377 2026] [wsgi:error] [pid 9:tid 140007400048320] [remote 10.0.0.208:57344] 2026-07-13 20:17:12.438 9 ERROR keystone.server.flask.application next(self.gen)
[Mon Jul 13 20:17:12.451378 2026] [wsgi:error] [pid 9:tid 140007400048320] [remote 10.0.0.208:57344] 2026-07-13 20:17:12.438 9 ERROR keystone.server.flask.application
File "/var/lib/openstack/lib/python3.12/site-packages/oslo_db/sqlalchemy/enginefacade.py", line 1175, in _transaction_scope
[Mon Jul 13 20:17:12.451380 2026] [wsgi:error] [pid 9:tid 140007400048320] [remote 10.0.0.208:57344] 2026-07-13 20:17:12.438 9 ERROR keystone.server.flask.application with current._produce_block(
[Mon Jul 13 20:17:12.451382 2026] [wsgi:error] [pid 9:tid 140007400048320] [remote 10.0.0.208:57344] 2026-07-13 20:17:12.438 9 ERROR keystone.server.flask.application
File "/usr/lib/python3.12/contextlib.py", line 144, in __exit__
[Mon Jul 13 20:17:12.451392 2026] [wsgi:error] [pid 9:tid 140007400048320] [remote 10.0.0.208:57344] 2026-07-13 20:17:12.438 9 ERROR keystone.server.flask.application next(self.gen)
[Mon Jul 13 20:17:12.451393 2026] [wsgi:error] [pid 9:tid 140007400048320] [remote 10.0.0.208:57344] 2026-07-13 20:17:12.438 9 ERROR keystone.server.flask.application
File "/var/lib/openstack/lib/python3.12/site-packages/oslo_db/sqlalchemy/enginefacade.py", line 837, in _session
[Mon Jul 13 20:17:12.451395 2026] [wsgi:error] [pid 9:tid 140007400048320] [remote 10.0.0.208:57344] 2026-07-13 20:17:12.438 9 ERROR keystone.server.flask.application with excutils.save_and_reraise_exception():
[Mon Jul 13 20:17:12.451396 2026] [wsgi:error] [pid 9:tid 140007400048320] [remote 10.0.0.208:57344] 2026-07-13 20:17:12.438 9 ERROR keystone.server.flask.application
File "/var/lib/openstack/lib/python3.12/site-packages/oslo_utils/excutils.py", line 266, in __exit__
[Mon Jul 13 20:17:12.451398 2026] [wsgi:error] [pid 9:tid 140007400048320] [remote 10.0.0.208:57344] 2026-07-13 20:17:12.438 9 ERROR keystone.server.flask.application self.force_reraise()
[Mon Jul 13 20:17:12.451399 2026] [wsgi:error] [pid 9:tid 140007400048320] [remote 10.0.0.208:57344] 2026-07-13 20:17:12.438 9 ERROR keystone.server.flask.application
File "/var/lib/openstack/lib/python3.12/site-packages/oslo_utils/excutils.py", line 232, in force_reraise
[Mon Jul 13 20:17:12.451401 2026] [wsgi:error] [pid 9:tid 140007400048320] [remote 10.0.0.208:57344] 2026-07-13 20:17:12.438 9 ERROR keystone.server.flask.application raise self.value
[Mon Jul 13 20:17:12.451402 2026] [wsgi:error] [pid 9:tid 140007400048320] [remote 10.0.0.208:57344] 2026-07-13 20:17:12.438 9 ERROR keystone.server.flask.application
File "/var/lib/openstack/lib/python3.12/site-packages/oslo_db/sqlalchemy/enginefacade.py", line 835, in _session
[Mon Jul 13 20:17:12.451404 2026] [wsgi:error] [pid 9:tid 140007400048320] [remote 10.0.0.208:57344] 2026-07-13 20:17:12.438 9 ERROR keystone.server.flask.application self._end_session_transaction(self.session)
[Mon Jul 13 20:17:12.451405 2026] [wsgi:error] [pid 9:tid 140007400048320] [remote 10.0.0.208:57344] 2026-07-13 20:17:12.438 9 ERROR keystone.server.flask.application
File "/var/lib/openstack/lib/python3.12/site-packages/oslo_db/sqlalchemy/enginefacade.py", line 748, in _end_session_transaction
[Mon Jul 13 20:17:12.451407 2026] [wsgi:error] [pid 9:tid 140007400048320] [remote 10.0.0.208:57344] 2026-07-13 20:17:12.438 9 ERROR keystone.server.flask.application session.commit()
[Mon Jul 13 20:17:12.451409 2026] [wsgi:error] [pid 9:tid 140007400048320] [remote 10.0.0.208:57344] 2026-07-13 20:17:12.438 9 ERROR keystone.server.flask.application
File "/var/lib/openstack/lib/python3.12/site-packages/sqlalchemy/orm/session.py", line 2034, in commit
[Mon Jul 13 20:17:12.451410 2026] [wsgi:error] [pid 9:tid 140007400048320] [remote 10.0.0.208:57344] 2026-07-13 20:17:12.438 9 ERROR keystone.server.flask.application trans.commit(_to_root=True)
[Mon Jul 13 20:17:12.451412 2026] [wsgi:error] [pid 9:tid 140007400048320] [remote 10.0.0.208:57344] 2026-07-13 20:17:12.438 9 ERROR keystone.server.flask.application File "", line 2, in commit
[Mon Jul 13 20:17:12.451413 2026] [wsgi:error] [pid 9:tid 140007400048320] [remote 10.0.0.208:57344] 2026-07-13 20:17:12.438 9 ERROR keystone.server.flask.application
File "/var/lib/openstack/lib/python3.12/site-packages/sqlalchemy/orm/state_changes.py", line 137, in _go
[Mon Jul 13 20:17:12.451415 2026] [wsgi:error] [pid 9:tid 140007400048320] [remote 10.0.0.208:57344] 2026-07-13 20:17:12.438 9 ERROR keystone.server.flask.application ret_value = fn(self, *arg, **kw)
[Mon Jul 13 20:17:12.451416 2026] [wsgi:error] [pid 9:tid 140007400048320] [remote 10.0.0.208:57344] 2026-07-13 20:17:12.438 9 ERROR keystone.server.flask.application ^^^^^^^^^^^^^^^^^^^^
[Mon Jul 13 20:17:12.451420 2026] [wsgi:error] [pid 9:tid 140007400048320] [remote 10.0.0.208:57344] 2026-07-13 20:17:12.438 9 ERROR keystone.server.flask.application
File "/var/lib/openstack/lib/python3.12/site-packages/sqlalchemy/orm/session.py", line 1315, in commit
[Mon Jul 13 20:17:12.451421 2026] [wsgi:error] [pid 9:tid 140007400048320] [remote 10.0.0.208:57344] 2026-07-13 20:17:12.438 9 ERROR keystone.server.flask.application self._prepare_impl()
[Mon Jul 13 20:17:12.451422 2026] [wsgi:error] [pid 9:tid 140007400048320] [remote 10.0.0.208:57344] 2026-07-13 20:17:12.438 9 ERROR keystone.server.flask.application File "", line 2, in _prepare_impl
[Mon Jul 13 20:17:12.451427 2026] [wsgi:error] [pid 9:tid 140007400048320] [remote 10.0.0.208:57344] 2026-07-13 20:17:12.438 9 ERROR keystone.server.flask.application
File "/var/lib/openstack/lib/python3.12/site-packages/sqlalchemy/orm/state_changes.py", line 137, in _go
[Mon Jul 13 20:17:12.451429 2026] [wsgi:error] [pid 9:tid 140007400048320] [remote 10.0.0.208:57344] 2026-07-13 20:17:12.438 9 ERROR keystone.server.flask.application ret_value = fn(self, *arg, **kw)
[Mon Jul 13 20:17:12.451430 2026] [wsgi:error] [pid 9:tid 140007400048320] [remote 10.0.0.208:57344] 2026-07-13 20:17:12.438 9 ERROR keystone.server.flask.application ^^^^^^^^^^^^^^^^^^^^
[Mon Jul 13 20:17:12.451432 2026] [wsgi:error] [pid 9:tid 140007400048320] [remote 10.0.0.208:57344] 2026-07-13 20:17:12.438 9 ERROR keystone.server.flask.application
File "/var/lib/openstack/lib/python3.12/site-packages/sqlalchemy/orm/session.py", line 1290, in _prepare_impl
[Mon Jul 13 20:17:12.451434 2026] [wsgi:error] [pid 9:tid 140007400048320] [remote 10.0.0.208:57344] 2026-07-13 20:17:12.438 9 ERROR keystone.server.flask.application self.session.flush()
[Mon Jul 13 20:17:12.451436 2026] [wsgi:error] [pid 9:tid 140007400048320] [remote 10.0.0.208:57344] 2026-07-13 20:17:12.438 9 ERROR keystone.server.flask.application
File "/var/lib/openstack/lib/python3.12/site-packages/sqlalchemy/orm/session.py", line 4352, in flush
[Mon Jul 13 20:17:12.451437 2026] [wsgi:error] [pid 9:tid 140007400048320] [remote 10.0.0.208:57344] 2026-07-13 20:17:12.438 9 ERROR keystone.server.flask.application self._flush(objects)
[Mon Jul 13 20:17:12.451439 2026] [wsgi:error] [pid 9:tid 140007400048320] [remote 10.0.0.208:57344] 2026-07-13 20:17:12.438 9 ERROR keystone.server.flask.application
File "/var/lib/openstack/lib/python3.12/site-packages/sqlalchemy/orm/session.py", line 4487, in _flush
[Mon Jul 13 20:17:12.451441 2026] [wsgi:error] [pid 9:tid 140007400048320] [remote 10.0.0.208:57344] 2026-07-13 20:17:12.438 9 ERROR keystone.server.flask.application with util.safe_reraise():
[Mon Jul 13 20:17:12.451443 2026] [wsgi:error] [pid 9:tid 140007400048320] [remote 10.0.0.208:57344] 2026-07-13 20:17:12.438 9 ERROR keystone.server.flask.application
File "/var/lib/openstack/lib/python3.12/site-packages/sqlalchemy/util/langhelpers.py", line 122, in __exit__
[Mon Jul 13 20:17:12.451445 2026] [wsgi:error] [pid 9:tid 140007400048320] [remote 10.0.0.208:57344] 2026-07-13 20:17:12.438 9 ERROR keystone.server.flask.application raise exc_value.with_traceback(exc_tb)
[Mon Jul 13 20:17:12.451448 2026] [wsgi:error] [pid 9:tid 140007400048320] [remote 10.0.0.208:57344] 2026-07-13 20:17:12.438 9 ERROR keystone.server.flask.application
File "/var/lib/openstack/lib/python3.12/site-packages/sqlalchemy/orm/session.py", line 4448, in _flush
[Mon Jul 13 20:17:12.451450 2026] [wsgi:error] [pid 9:tid 140007400048320] [remote 10.0.0.208:57344] 2026-07-13 20:17:12.438 9 ERROR keystone.server.flask.application flush_context.execute()
[Mon Jul 13 20:17:12.451452 2026] [wsgi:error] [pid 9:tid 140007400048320] [remote 10.0.0.208:57344] 2026-07-13 20:17:12.438 9 ERROR keystone.server.flask.application
File "/var/lib/openstack/lib/python3.12/site-packages/sqlalchemy/orm/unitofwork.py", line 465, in execute
[Mon Jul 13 20:17:12.451454 2026] [wsgi:error] [pid 9:tid 140007400048320] [remote 10.0.0.208:57344] 2026-07-13 20:17:12.438 9 ERROR keystone.server.flask.application rec.execute(self)
