+ COMMAND=start + start + for KEYSTONE_WSGI_SCRIPT in keystone-wsgi-public ++ type -p keystone-wsgi-public + cp -a /var/lib/openstack/bin/keystone-wsgi-public /var/www/cgi-bin/keystone/ + '[' -f /etc/apache2/envvars ']' + source /etc/apache2/envvars ++ unset HOME ++ '[' '' '!=' '' ']' ++ SUFFIX= ++ export APACHE_RUN_USER=www-data ++ APACHE_RUN_USER=www-data ++ export APACHE_RUN_GROUP=www-data ++ APACHE_RUN_GROUP=www-data ++ export APACHE_PID_FILE=/var/run/apache2/apache2.pid ++ APACHE_PID_FILE=/var/run/apache2/apache2.pid ++ export APACHE_RUN_DIR=/var/run/apache2 ++ APACHE_RUN_DIR=/var/run/apache2 ++ export APACHE_LOCK_DIR=/var/lock/apache2 ++ APACHE_LOCK_DIR=/var/lock/apache2 ++ export APACHE_LOG_DIR=/var/log/apache2 ++ APACHE_LOG_DIR=/var/log/apache2 ++ export LANG=C ++ LANG=C ++ export LANG + '[' -f /var/run/apache2/apache2.pid ']' + exec apache2 -DFOREGROUND AH00558: apache2: Could not reliably determine the server's fully qualified domain name, using 10.0.0.55. Set the 'ServerName' directive globally to suppress this message AH00558: apache2: Could not reliably determine the server's fully qualified domain name, using 10.0.0.55. Set the 'ServerName' directive globally to suppress this message
[Thu Jul 16 00:33:28.427207 2026] [mpm_event:notice] [pid 1:tid 140491359016832] AH00489: Apache/2.4.58 (Ubuntu) mod_wsgi/5.0.0 Python/3.12 configured -- resuming normal operations
[Thu Jul 16 00:33:28.427382 2026] [core:notice] [pid 1:tid 140491359016832] AH00094: Command line: 'apache2 -D FOREGROUND'
[Thu Jul 16 00:34:31.672819 2026] [wsgi:error] [pid 11:tid 140490721195712] /var/lib/openstack/lib/python3.12/site-packages/oslo_utils/importutils.py:77: EventletDeprecationWarning:
[Thu Jul 16 00:34:31.672858 2026] [wsgi:error] [pid 11:tid 140490721195712] Eventlet is deprecated. It is currently being maintained in bugfix mode, and
[Thu Jul 16 00:34:31.672860 2026] [wsgi:error] [pid 11:tid 140490721195712] we strongly recommend against using it for new projects.
[Thu Jul 16 00:34:31.672861 2026] [wsgi:error] [pid 11:tid 140490721195712]
[Thu Jul 16 00:34:31.672862 2026] [wsgi:error] [pid 11:tid 140490721195712] If you are already using Eventlet, we recommend migrating to a different
[Thu Jul 16 00:34:31.672864 2026] [wsgi:error] [pid 11:tid 140490721195712] framework. For more detail see
[Thu Jul 16 00:34:31.672865 2026] [wsgi:error] [pid 11:tid 140490721195712] https://eventlet.readthedocs.io/en/latest/asyncio/migration.html
[Thu Jul 16 00:34:31.672866 2026] [wsgi:error] [pid 11:tid 140490721195712]
[Thu Jul 16 00:34:31.672867 2026] [wsgi:error] [pid 11:tid 140490721195712] __import__(import_str)
[Thu Jul 16 00:34:31.673508 2026] [wsgi:error] [pid 10:tid 140490721195712] /var/lib/openstack/lib/python3.12/site-packages/oslo_utils/importutils.py:77: EventletDeprecationWarning:
[Thu Jul 16 00:34:31.673548 2026] [wsgi:error] [pid 10:tid 140490721195712] Eventlet is deprecated. It is currently being maintained in bugfix mode, and
[Thu Jul 16 00:34:31.673550 2026] [wsgi:error] [pid 10:tid 140490721195712] we strongly recommend against using it for new projects.
[Thu Jul 16 00:34:31.673551 2026] [wsgi:error] [pid 10:tid 140490721195712]
[Thu Jul 16 00:34:31.673552 2026] [wsgi:error] [pid 10:tid 140490721195712] If you are already using Eventlet, we recommend migrating to a different
[Thu Jul 16 00:34:31.673554 2026] [wsgi:error] [pid 10:tid 140490721195712] framework. For more detail see
[Thu Jul 16 00:34:31.673555 2026] [wsgi:error] [pid 10:tid 140490721195712] https://eventlet.readthedocs.io/en/latest/asyncio/migration.html
[Thu Jul 16 00:34:31.673556 2026] [wsgi:error] [pid 10:tid 140490721195712]
[Thu Jul 16 00:34:31.673557 2026] [wsgi:error] [pid 10:tid 140490721195712] __import__(import_str) 10.0.0.162 - - [16/Jul/2026:00:34:30 +0000] "GET /v3/ HTTP/1.1" 200 249 10.0.0.162 - - [16/Jul/2026:00:34:30 +0000] "GET /v3/ HTTP/1.1" 200 249
[Thu Jul 16 00:34:44.466819 2026] [wsgi:error] [pid 9:tid 140490721195712] /var/lib/openstack/lib/python3.12/site-packages/oslo_utils/importutils.py:77: EventletDeprecationWarning:
[Thu Jul 16 00:34:44.466859 2026] [wsgi:error] [pid 9:tid 140490721195712] Eventlet is deprecated. It is currently being maintained in bugfix mode, and
[Thu Jul 16 00:34:44.466860 2026] [wsgi:error] [pid 9:tid 140490721195712] we strongly recommend against using it for new projects.
[Thu Jul 16 00:34:44.466862 2026] [wsgi:error] [pid 9:tid 140490721195712]
[Thu Jul 16 00:34:44.466863 2026] [wsgi:error] [pid 9:tid 140490721195712] If you are already using Eventlet, we recommend migrating to a different
[Thu Jul 16 00:34:44.466864 2026] [wsgi:error] [pid 9:tid 140490721195712] framework. For more detail see
[Thu Jul 16 00:34:44.466865 2026] [wsgi:error] [pid 9:tid 140490721195712] https://eventlet.readthedocs.io/en/latest/asyncio/migration.html
[Thu Jul 16 00:34:44.466866 2026] [wsgi:error] [pid 9:tid 140490721195712]
[Thu Jul 16 00:34:44.466867 2026] [wsgi:error] [pid 9:tid 140490721195712] __import__(import_str) 10.0.0.91 - - [16/Jul/2026:00:34:43 +0000] "GET / HTTP/1.1" 300 295
[Thu Jul 16 00:34:49.845684 2026] [wsgi:error] [pid 12:tid 140490721195712] /var/lib/openstack/lib/python3.12/site-packages/oslo_utils/importutils.py:77: EventletDeprecationWarning:
[Thu Jul 16 00:34:49.845733 2026] [wsgi:error] [pid 12:tid 140490721195712] Eventlet is deprecated. It is currently being maintained in bugfix mode, and
[Thu Jul 16 00:34:49.845735 2026] [wsgi:error] [pid 12:tid 140490721195712] we strongly recommend against using it for new projects.
[Thu Jul 16 00:34:49.845736 2026] [wsgi:error] [pid 12:tid 140490721195712]
[Thu Jul 16 00:34:49.845737 2026] [wsgi:error] [pid 12:tid 140490721195712] If you are already using Eventlet, we recommend migrating to a different
[Thu Jul 16 00:34:49.845739 2026] [wsgi:error] [pid 12:tid 140490721195712] framework. For more detail see
[Thu Jul 16 00:34:49.845740 2026] [wsgi:error] [pid 12:tid 140490721195712] https://eventlet.readthedocs.io/en/latest/asyncio/migration.html
[Thu Jul 16 00:34:49.845741 2026] [wsgi:error] [pid 12:tid 140490721195712]
[Thu Jul 16 00:34:49.845742 2026] [wsgi:error] [pid 12:tid 140490721195712] __import__(import_str)
[Thu Jul 16 00:34:54.383467 2026] [wsgi:error] [pid 12:tid 140490721195712] [remote 10.0.0.91:53144] 2026-07-16 00:34:54.380 12 WARNING keystone.identity.core [None req-b695f330-d03a-4718-9370-1055fb8ba578 - - - - - -] Invalid domain name (atmosphere) found in config file name: keystone.exception.DomainNotFound: Could not find domain: atmosphere.
[Thu Jul 16 00:34:54.435758 2026] [wsgi:error] [pid 12:tid 140490721195712] [remote 10.0.0.91:53144] 2026-07-16 00:34:54.435 12 WARNING keystone.common.password_hashing [None req-b695f330-d03a-4718-9370-1055fb8ba578 - - - - - -] Truncating password to algorithm specific maximum length 72 characters.
[Thu Jul 16 00:34:54.720987 2026] [wsgi:error] [pid 12:tid 140490721195712] [remote 10.0.0.91:53144] 2026-07-16 00:34:54.720 12 WARNING keystone.common.fernet_utils [None req-b695f330-d03a-4718-9370-1055fb8ba578 - - - - - -] key_repository is world readable: /etc/keystone/fernet-keys/ 10.0.0.91 - - [16/Jul/2026:00:34:49 +0000] "POST /v3/auth/tokens HTTP/1.1" 201 1360
[Thu Jul 16 00:34:55.067000 2026] [wsgi:error] [pid 11:tid 140490721195712] [remote 10.0.0.91:53144] 2026-07-16 00:34:55.064 11 WARNING keystone.identity.core [None req-3a6bb28e-3195-4088-bb3b-7c263dbcac53 - - - - - -] Invalid domain name (atmosphere) found in config file name: keystone.exception.DomainNotFound: Could not find domain: atmosphere. 10.0.0.91 - - [16/Jul/2026:00:34:54 +0000] "POST /v3/domains HTTP/1.1" 201 261 10.0.0.216 - - [16/Jul/2026:00:35:04 +0000] "GET / HTTP/1.1" 300 295
[Thu Jul 16 00:35:05.073710 2026] [wsgi:error] [pid 9:tid 140490721195712] [remote 10.0.0.216:57516] 2026-07-16 00:35:05.073 9 WARNING keystone.common.password_hashing [None req-a3b41964-6850-4b89-8ce8-a81690225fd4 - - - - - -] Truncating password to algorithm specific maximum length 72 characters.
[Thu Jul 16 00:35:05.346316 2026] [wsgi:error] [pid 9:tid 140490721195712] [remote 10.0.0.216:57516] 2026-07-16 00:35:05.345 9 WARNING keystone.common.fernet_utils [None req-a3b41964-6850-4b89-8ce8-a81690225fd4 - - - - - -] key_repository is world readable: /etc/keystone/fernet-keys/ 10.0.0.216 - - [16/Jul/2026:00:35:04 +0000] "POST /v3/auth/tokens HTTP/1.1" 201 1360 10.0.0.216 - - [16/Jul/2026:00:35:05 +0000] "GET /v3/roles/admin HTTP/1.1" 404 83
[Thu Jul 16 00:35:05.591430 2026] [wsgi:error] [pid 11:tid 140490721195712] [remote 10.0.0.216:57516] 2026-07-16 00:35:05.591 11 WARNING keystone.common.rbac_enforcer.enforcer [None req-c18a4ca9-9fb9-4315-94ac-61026e609705 8cc1d740443049a4a1d131ca53f7955c 20b667deae5f4b188b86b1c895bd6537 - - default default] Deprecated policy rules found. Use oslopolicy-policy-generator and oslopolicy-policy-upgrade to detect and resolve deprecated policies in your configuration. 10.0.0.216 - - [16/Jul/2026:00:35:05 +0000] "GET /v3/roles?name=admin HTTP/1.1" 200 389
[Thu Jul 16 00:35:06.058297 2026] [wsgi:error] [pid 10:tid 140490721195712] [remote 10.0.0.216:57516] 2026-07-16 00:35:06.058 10 WARNING keystone.common.rbac_enforcer.enforcer [None req-c8bc218d-b691-4a32-ad59-d011e12e62dc 8cc1d740443049a4a1d131ca53f7955c 20b667deae5f4b188b86b1c895bd6537 - - default default] Deprecated policy rules found. Use oslopolicy-policy-generator and oslopolicy-policy-upgrade to detect and resolve deprecated policies in your configuration. 10.0.0.216 - - [16/Jul/2026:00:35:05 +0000] "GET /v3/users/admin-RegionOne HTTP/1.1" 404 93
[Thu Jul 16 00:35:06.225138 2026] [wsgi:error] [pid 9:tid 140490721195712] [remote 10.0.0.216:57516] 2026-07-16 00:35:06.224 9 WARNING keystone.common.rbac_enforcer.enforcer [None req-53e9a075-5c83-4f18-93ef-ec65c79f15fb 8cc1d740443049a4a1d131ca53f7955c 20b667deae5f4b188b86b1c895bd6537 - - default default] Deprecated policy rules found. Use oslopolicy-policy-generator and oslopolicy-policy-upgrade to detect and resolve deprecated policies in your configuration. 10.0.0.216 - - [16/Jul/2026:00:35:06 +0000] "GET /v3/users?name=admin-RegionOne HTTP/1.1" 200 422
[Thu Jul 16 00:35:06.413925 2026] [wsgi:error] [pid 12:tid 140490721195712] [remote 10.0.0.216:57516] 2026-07-16 00:35:06.413 12 WARNING keystone.common.rbac_enforcer.enforcer [None req-ca2ce70e-eba0-4ffe-a5d4-94ca37330c2c 8cc1d740443049a4a1d131ca53f7955c 20b667deae5f4b188b86b1c895bd6537 - - default default] Deprecated policy rules found. Use oslopolicy-policy-generator and oslopolicy-policy-upgrade to detect and resolve deprecated policies in your configuration. 10.0.0.216 - - [16/Jul/2026:00:35:06 +0000] "GET /v3/domains/default HTTP/1.1" 200 224 10.0.0.216 - - [16/Jul/2026:00:35:06 +0000] "PUT /v3/domains/default/users/8cc1d740443049a4a1d131ca53f7955c/roles/b26ac4ce03bd46a8915521db73a15741 HTTP/1.1" 204 - 10.0.0.162 - - [16/Jul/2026:00:35:16 +0000] "GET / HTTP/1.1" 300 281 10.0.0.162 - - [16/Jul/2026:00:35:18 +0000] "GET /v3 HTTP/1.1" 200 266
[Thu Jul 16 00:35:18.196807 2026] [wsgi:error] [pid 12:tid 140490721195712] [remote 10.0.0.162:54956] 2026-07-16 00:35:18.196 12 WARNING keystone.common.password_hashing [None req-83578bb7-fdb5-4d72-b0af-bb5f45f4d6cc - - - - - -] Truncating password to algorithm specific maximum length 72 characters.
[Thu Jul 16 00:35:18.473721 2026] [wsgi:error] [pid 12:tid 140490721195712] [remote 10.0.0.162:54956] 2026-07-16 00:35:18.473 12 WARNING keystone.common.fernet_utils [None req-83578bb7-fdb5-4d72-b0af-bb5f45f4d6cc - - - - - -] key_repository is world readable: /etc/keystone/fernet-keys/ 10.0.0.162 - - [16/Jul/2026:00:35:18 +0000] "POST /v3/auth/tokens HTTP/1.1" 201 1360 10.0.0.162 - - [16/Jul/2026:00:35:18 +0000] "GET / HTTP/1.1" 300 281 10.0.0.162 - - [16/Jul/2026:00:35:18 +0000] "GET /v3/domains/atmosphere HTTP/1.1" 404 90 10.0.0.162 - - [16/Jul/2026:00:35:18 +0000] "GET /v3/domains?name=atmosphere HTTP/1.1" 200 370 10.0.0.162 - - [16/Jul/2026:00:35:18 +0000] "GET /v3/domains/a84d8193a221471dadf09a501fc3e1f6 HTTP/1.1" 200 247 10.0.0.162 - - [16/Jul/2026:00:35:19 +0000] "GET /v3 HTTP/1.1" 200 266
[Thu Jul 16 00:35:19.563693 2026] [wsgi:error] [pid 10:tid 140490721195712] [remote 10.0.0.162:54954] 2026-07-16 00:35:19.563 10 WARNING keystone.common.password_hashing [None req-9d31817e-9984-4ce5-9299-b6474714ad7e - - - - - -] Truncating password to algorithm specific maximum length 72 characters.
[Thu Jul 16 00:35:19.852020 2026] [wsgi:error] [pid 10:tid 140490721195712] [remote 10.0.0.162:54954] 2026-07-16 00:35:19.851 10 WARNING keystone.common.fernet_utils [None req-9d31817e-9984-4ce5-9299-b6474714ad7e - - - - - -] key_repository is world readable: /etc/keystone/fernet-keys/ 10.0.0.162 - - [16/Jul/2026:00:35:19 +0000] "POST /v3/auth/tokens HTTP/1.1" 201 1360 10.0.0.162 - - [16/Jul/2026:00:35:19 +0000] "GET / HTTP/1.1" 300 281 10.0.0.162 - - [16/Jul/2026:00:35:19 +0000] "GET /v3/OS-FEDERATION/identity_providers/atmosphere HTTP/1.1" 404 101 10.0.0.162 - - [16/Jul/2026:00:35:19 +0000] "GET /v3/OS-FEDERATION/identity_providers HTTP/1.1" 200 156 10.0.0.162 - - [16/Jul/2026:00:35:19 +0000] "PUT /v3/OS-FEDERATION/identity_providers/atmosphere HTTP/1.1" 201 342 10.0.0.162 - - [16/Jul/2026:00:35:20 +0000] "GET /v3 HTTP/1.1" 200 266
[Thu Jul 16 00:35:20.593358 2026] [wsgi:error] [pid 12:tid 140490721195712] [remote 10.0.0.162:54956] 2026-07-16 00:35:20.593 12 WARNING keystone.common.password_hashing [None req-0bfb6b88-a0ee-422e-91ea-1db411aee776 - - - - - -] Truncating password to algorithm specific maximum length 72 characters.
[Thu Jul 16 00:35:20.876217 2026] [wsgi:error] [pid 12:tid 140490721195712] [remote 10.0.0.162:54956] 2026-07-16 00:35:20.876 12 WARNING keystone.common.fernet_utils [None req-0bfb6b88-a0ee-422e-91ea-1db411aee776 - - - - - -] key_repository is world readable: /etc/keystone/fernet-keys/ 10.0.0.162 - - [16/Jul/2026:00:35:20 +0000] "POST /v3/auth/tokens HTTP/1.1" 201 1360 10.0.0.162 - - [16/Jul/2026:00:35:20 +0000] "GET / HTTP/1.1" 300 281 10.0.0.162 - - [16/Jul/2026:00:35:20 +0000] "GET /v3/OS-FEDERATION/mappings/atmosphere-openid HTTP/1.1" 404 98 10.0.0.162 - - [16/Jul/2026:00:35:20 +0000] "GET /v3/OS-FEDERATION/mappings HTTP/1.1" 200 136 10.0.0.162 - - [16/Jul/2026:00:35:20 +0000] "PUT /v3/OS-FEDERATION/mappings/atmosphere-openid HTTP/1.1" 201 357 10.0.0.162 - - [16/Jul/2026:00:35:21 +0000] "GET /v3 HTTP/1.1" 200 266
[Thu Jul 16 00:35:21.594714 2026] [wsgi:error] [pid 10:tid 140490721195712] [remote 10.0.0.162:54956] 2026-07-16 00:35:21.594 10 WARNING keystone.common.password_hashing [None req-517da8dd-88b6-4930-b7f1-b67ae31fcfb7 - - - - - -] Truncating password to algorithm specific maximum length 72 characters.
[Thu Jul 16 00:35:21.874089 2026] [wsgi:error] [pid 10:tid 140490721195712] [remote 10.0.0.162:54956] 2026-07-16 00:35:21.873 10 WARNING keystone.common.fernet_utils [None req-517da8dd-88b6-4930-b7f1-b67ae31fcfb7 - - - - - -] key_repository is world readable: /etc/keystone/fernet-keys/ 10.0.0.162 - - [16/Jul/2026:00:35:21 +0000] "POST /v3/auth/tokens HTTP/1.1" 201 1360 10.0.0.162 - - [16/Jul/2026:00:35:21 +0000] "GET / HTTP/1.1" 300 281 10.0.0.162 - - [16/Jul/2026:00:35:21 +0000] "GET /v3/OS-FEDERATION/identity_providers/atmosphere/protocols/openid?idp_id=atmosphere HTTP/1.1" 404 131 10.0.0.162 - - [16/Jul/2026:00:35:21 +0000] "GET /v3/OS-FEDERATION/identity_providers/atmosphere/protocols HTTP/1.1" 200 168 10.0.0.162 - - [16/Jul/2026:00:35:21 +0000] "PUT /v3/OS-FEDERATION/identity_providers/atmosphere/protocols/openid HTTP/1.1" 201 224 10.0.0.162 - - [16/Jul/2026:00:35:30 +0000] "GET /v3/ HTTP/1.1" 200 249 10.0.0.162 - - [16/Jul/2026:00:35:30 +0000] "GET /v3/ HTTP/1.1" 200 249 10.0.0.162 - - [16/Jul/2026:00:36:30 +0000] "GET /v3/ HTTP/1.1" 200 249 10.0.0.162 - - [16/Jul/2026:00:36:30 +0000] "GET /v3/ HTTP/1.1" 200 249 10.0.0.66 - - [16/Jul/2026:00:36:43 +0000] "GET / HTTP/1.1" 300 295
[Thu Jul 16 00:36:43.666910 2026] [wsgi:error] [pid 12:tid 140490721195712] [remote 10.0.0.66:53438] 2026-07-16 00:36:43.666 12 WARNING keystone.common.password_hashing [None req-4014850e-e8aa-4558-b552-17924c7deb35 - - - - - -] Truncating password to algorithm specific maximum length 72 characters.
[Thu Jul 16 00:36:43.956249 2026] [wsgi:error] [pid 12:tid 140490721195712] [remote 10.0.0.66:53438] 2026-07-16 00:36:43.956 12 WARNING keystone.common.fernet_utils [None req-4014850e-e8aa-4558-b552-17924c7deb35 - - - - - -] key_repository is world readable: /etc/keystone/fernet-keys/ 10.0.0.66 - - [16/Jul/2026:00:36:43 +0000] "POST /v3/auth/tokens HTTP/1.1" 201 1360 10.0.0.66 - - [16/Jul/2026:00:36:44 +0000] "GET /v3/services HTTP/1.1" 200 355 10.0.0.66 - - [16/Jul/2026:00:36:47 +0000] "GET / HTTP/1.1" 300 295
[Thu Jul 16 00:36:47.643969 2026] [wsgi:error] [pid 9:tid 140490721195712] [remote 10.0.0.66:39624] 2026-07-16 00:36:47.643 9 WARNING keystone.common.password_hashing [None req-496b9e58-b3f7-410f-ba40-2847e31a2f35 - - - - - -] Truncating password to algorithm specific maximum length 72 characters.
[Thu Jul 16 00:36:47.931582 2026] [wsgi:error] [pid 9:tid 140490721195712] [remote 10.0.0.66:39624] 2026-07-16 00:36:47.931 9 WARNING keystone.common.fernet_utils [None req-496b9e58-b3f7-410f-ba40-2847e31a2f35 - - - - - -] key_repository is world readable: /etc/keystone/fernet-keys/ 10.0.0.66 - - [16/Jul/2026:00:36:47 +0000] "POST /v3/auth/tokens HTTP/1.1" 201 1360 10.0.0.66 - - [16/Jul/2026:00:36:48 +0000] "GET /v3/services HTTP/1.1" 200 355 10.0.0.66 - - [16/Jul/2026:00:36:51 +0000] "GET / HTTP/1.1" 300 295
[Thu Jul 16 00:36:51.485934 2026] [wsgi:error] [pid 10:tid 140490721195712] [remote 10.0.0.66:39626] 2026-07-16 00:36:51.485 10 WARNING keystone.common.password_hashing [None req-8aed6f18-e015-4a8f-a781-f1baf56d4100 - - - - - -] Truncating password to algorithm specific maximum length 72 characters.
[Thu Jul 16 00:36:51.776731 2026] [wsgi:error] [pid 10:tid 140490721195712] [remote 10.0.0.66:39626] 2026-07-16 00:36:51.776 10 WARNING keystone.common.fernet_utils [None req-8aed6f18-e015-4a8f-a781-f1baf56d4100 - - - - - -] key_repository is world readable: /etc/keystone/fernet-keys/ 10.0.0.66 - - [16/Jul/2026:00:36:51 +0000] "POST /v3/auth/tokens HTTP/1.1" 201 1360 10.0.0.66 - - [16/Jul/2026:00:36:51 +0000] "GET /v3/services HTTP/1.1" 200 355 10.0.0.66 - - [16/Jul/2026:00:36:55 +0000] "GET / HTTP/1.1" 300 295
[Thu Jul 16 00:36:55.431420 2026] [wsgi:error] [pid 11:tid 140490721195712] [remote 10.0.0.66:36276] 2026-07-16 00:36:55.430 11 WARNING keystone.common.password_hashing [None req-d9cf66c8-8aad-44c5-9a96-dc0795158b80 - - - - - -] Truncating password to algorithm specific maximum length 72 characters.
[Thu Jul 16 00:36:55.709178 2026] [wsgi:error] [pid 11:tid 140490721195712] [remote 10.0.0.66:36276] 2026-07-16 00:36:55.709 11 WARNING keystone.common.fernet_utils [None req-d9cf66c8-8aad-44c5-9a96-dc0795158b80 - - - - - -] key_repository is world readable: /etc/keystone/fernet-keys/ 10.0.0.66 - - [16/Jul/2026:00:36:55 +0000] "POST /v3/auth/tokens HTTP/1.1" 201 1360 10.0.0.66 - - [16/Jul/2026:00:36:55 +0000] "POST /v3/services HTTP/1.1" 201 296 10.0.0.201 - - [16/Jul/2026:00:37:06 +0000] "GET / HTTP/1.1" 300 295
[Thu Jul 16 00:37:06.942718 2026] [wsgi:error] [pid 12:tid 140490721195712] [remote 10.0.0.201:36482] 2026-07-16 00:37:06.942 12 WARNING keystone.common.password_hashing [None req-18e8c634-61a2-472e-a74f-4a34553c3f80 - - - - - -] Truncating password to algorithm specific maximum length 72 characters. 10.0.0.201 - - [16/Jul/2026:00:37:06 +0000] "GET / HTTP/1.1" 300 295 10.0.0.201 - - [16/Jul/2026:00:37:06 +0000] "GET / HTTP/1.1" 300 295
[Thu Jul 16 00:37:07.012338 2026] [wsgi:error] [pid 10:tid 140490721195712] [remote 10.0.0.201:36484] 2026-07-16 00:37:07.012 10 WARNING keystone.common.password_hashing [None req-bbeeaa09-e605-48c9-a664-0261e3511cf9 - - - - - -] Truncating password to algorithm specific maximum length 72 characters.
[Thu Jul 16 00:37:07.017334 2026] [wsgi:error] [pid 11:tid 140490721195712] [remote 10.0.0.201:36494] 2026-07-16 00:37:07.016 11 WARNING keystone.common.password_hashing [None req-39b214dc-4f3a-41dd-9f1e-46c5f4c226a7 - - - - - -] Truncating password to algorithm specific maximum length 72 characters.
[Thu Jul 16 00:37:07.216081 2026] [wsgi:error] [pid 12:tid 140490721195712] [remote 10.0.0.201:36482] 2026-07-16 00:37:07.215 12 WARNING keystone.common.fernet_utils [None req-18e8c634-61a2-472e-a74f-4a34553c3f80 - - - - - -] key_repository is world readable: /etc/keystone/fernet-keys/ 10.0.0.201 - - [16/Jul/2026:00:37:06 +0000] "POST /v3/auth/tokens HTTP/1.1" 201 1464
[Thu Jul 16 00:37:07.280275 2026] [wsgi:error] [pid 10:tid 140490721195712] [remote 10.0.0.201:36484] 2026-07-16 00:37:07.280 10 WARNING keystone.common.fernet_utils [None req-bbeeaa09-e605-48c9-a664-0261e3511cf9 - - - - - -] key_repository is world readable: /etc/keystone/fernet-keys/ 10.0.0.201 - - [16/Jul/2026:00:37:06 +0000] "POST /v3/auth/tokens HTTP/1.1" 201 1464
[Thu Jul 16 00:37:07.298975 2026] [wsgi:error] [pid 11:tid 140490721195712] [remote 10.0.0.201:36494] 2026-07-16 00:37:07.298 11 WARNING keystone.common.fernet_utils [None req-39b214dc-4f3a-41dd-9f1e-46c5f4c226a7 - - - - - -] key_repository is world readable: /etc/keystone/fernet-keys/ 10.0.0.201 - - [16/Jul/2026:00:37:06 +0000] "POST /v3/auth/tokens HTTP/1.1" 201 1464 10.0.0.201 - - [16/Jul/2026:00:37:07 +0000] "GET /v3/services HTTP/1.1" 200 639 10.0.0.201 - - [16/Jul/2026:00:37:07 +0000] "GET /v3/services HTTP/1.1" 200 639 10.0.0.201 - - [16/Jul/2026:00:37:07 +0000] "GET /v3/services HTTP/1.1" 200 639 10.0.0.201 - - [16/Jul/2026:00:37:08 +0000] "GET / HTTP/1.1" 300 295
[Thu Jul 16 00:37:08.931437 2026] [wsgi:error] [pid 9:tid 140490721195712] [remote 10.0.0.201:36504] 2026-07-16 00:37:08.931 9 WARNING keystone.common.password_hashing [None req-4ba63a7f-43fa-413c-b049-9cef40ce4b19 - - - - - -] Truncating password to algorithm specific maximum length 72 characters. 10.0.0.201 - - [16/Jul/2026:00:37:09 +0000] "GET / HTTP/1.1" 300 295
[Thu Jul 16 00:37:09.040311 2026] [wsgi:error] [pid 10:tid 140490721195712] [remote 10.0.0.201:36518] 2026-07-16 00:37:09.040 10 WARNING keystone.common.password_hashing [None req-66e14e47-bbf0-401c-8923-39bc9a3c71a5 - - - - - -] Truncating password to algorithm specific maximum length 72 characters. 10.0.0.201 - - [16/Jul/2026:00:37:09 +0000] "GET / HTTP/1.1" 300 295
[Thu Jul 16 00:37:09.083451 2026] [wsgi:error] [pid 12:tid 140490721195712] [remote 10.0.0.201:36526] 2026-07-16 00:37:09.083 12 WARNING keystone.common.password_hashing [None req-957040aa-1955-4614-ba69-b737078d67f3 - - - - - -] Truncating password to algorithm specific maximum length 72 characters.
[Thu Jul 16 00:37:09.200094 2026] [wsgi:error] [pid 9:tid 140490721195712] [remote 10.0.0.201:36504] 2026-07-16 00:37:09.199 9 WARNING keystone.common.fernet_utils [None req-4ba63a7f-43fa-413c-b049-9cef40ce4b19 - - - - - -] key_repository is world readable: /etc/keystone/fernet-keys/ 10.0.0.201 - - [16/Jul/2026:00:37:08 +0000] "POST /v3/auth/tokens HTTP/1.1" 201 1464
[Thu Jul 16 00:37:09.306702 2026] [wsgi:error] [pid 10:tid 140490721195712] [remote 10.0.0.201:36518] 2026-07-16 00:37:09.306 10 WARNING keystone.common.fernet_utils [None req-66e14e47-bbf0-401c-8923-39bc9a3c71a5 - - - - - -] key_repository is world readable: /etc/keystone/fernet-keys/ 10.0.0.201 - - [16/Jul/2026:00:37:09 +0000] "POST /v3/auth/tokens HTTP/1.1" 201 1464 10.0.0.201 - - [16/Jul/2026:00:37:09 +0000] "GET /v3/endpoints HTTP/1.1" 200 1227 10.0.0.201 - - [16/Jul/2026:00:37:09 +0000] "GET /v3/services/5594bcdf04a34d688cfbb6d58f2f3182 HTTP/1.1" 200 233 10.0.0.201 - - [16/Jul/2026:00:37:09 +0000] "GET /v3/services/5594bcdf04a34d688cfbb6d58f2f3182 HTTP/1.1" 200 233
[Thu Jul 16 00:37:09.362302 2026] [wsgi:error] [pid 12:tid 140490721195712] [remote 10.0.0.201:36526] 2026-07-16 00:37:09.362 12 WARNING keystone.common.fernet_utils [None req-957040aa-1955-4614-ba69-b737078d67f3 - - - - - -] key_repository is world readable: /etc/keystone/fernet-keys/ 10.0.0.201 - - [16/Jul/2026:00:37:09 +0000] "POST /v3/auth/tokens HTTP/1.1" 201 1464 10.0.0.201 - - [16/Jul/2026:00:37:09 +0000] "GET /v3/services/5594bcdf04a34d688cfbb6d58f2f3182 HTTP/1.1" 200 233 10.0.0.201 - - [16/Jul/2026:00:37:09 +0000] "GET /v3/endpoints HTTP/1.1" 200 1227 10.0.0.201 - - [16/Jul/2026:00:37:09 +0000] "GET /v3/services/5594bcdf04a34d688cfbb6d58f2f3182 HTTP/1.1" 200 233 10.0.0.201 - - [16/Jul/2026:00:37:09 +0000] "GET /v3/services/5594bcdf04a34d688cfbb6d58f2f3182 HTTP/1.1" 200 233 10.0.0.201 - - [16/Jul/2026:00:37:09 +0000] "GET /v3/services/5594bcdf04a34d688cfbb6d58f2f3182 HTTP/1.1" 200 233 10.0.0.201 - - [16/Jul/2026:00:37:09 +0000] "GET /v3/endpoints HTTP/1.1" 200 1227 10.0.0.201 - - [16/Jul/2026:00:37:09 +0000] "GET /v3/services/5594bcdf04a34d688cfbb6d58f2f3182 HTTP/1.1" 200 233 10.0.0.201 - - [16/Jul/2026:00:37:09 +0000] "GET /v3/services/5594bcdf04a34d688cfbb6d58f2f3182 HTTP/1.1" 200 233 10.0.0.201 - - [16/Jul/2026:00:37:09 +0000] "GET /v3/services/5594bcdf04a34d688cfbb6d58f2f3182 HTTP/1.1" 200 233 10.0.0.201 - - [16/Jul/2026:00:37:10 +0000] "GET / HTTP/1.1" 300 295
[Thu Jul 16 00:37:10.892472 2026] [wsgi:error] [pid 10:tid 140490721195712] [remote 10.0.0.201:36540] 2026-07-16 00:37:10.892 10 WARNING keystone.common.password_hashing [None req-33db8631-c02e-4e85-8e7e-382db61ccd03 - - - - - -] Truncating password to algorithm specific maximum length 72 characters. 10.0.0.201 - - [16/Jul/2026:00:37:10 +0000] "GET / HTTP/1.1" 300 295
[Thu Jul 16 00:37:10.967133 2026] [wsgi:error] [pid 9:tid 140490721195712] [remote 10.0.0.201:36556] 2026-07-16 00:37:10.966 9 WARNING keystone.common.password_hashing [None req-af6fe0a5-54fc-479c-bb48-4b6ac83cbe6a - - - - - -] Truncating password to algorithm specific maximum length 72 characters. 10.0.0.201 - - [16/Jul/2026:00:37:11 +0000] "GET / HTTP/1.1" 300 295
[Thu Jul 16 00:37:11.075900 2026] [wsgi:error] [pid 12:tid 140490721195712] [remote 10.0.0.201:36562] 2026-07-16 00:37:11.075 12 WARNING keystone.common.password_hashing [None req-e705a429-ab19-4912-81e1-d70fa5699f18 - - - - - -] Truncating password to algorithm specific maximum length 72 characters.
[Thu Jul 16 00:37:11.163376 2026] [wsgi:error] [pid 10:tid 140490721195712] [remote 10.0.0.201:36540] 2026-07-16 00:37:11.163 10 WARNING keystone.common.fernet_utils [None req-33db8631-c02e-4e85-8e7e-382db61ccd03 - - - - - -] key_repository is world readable: /etc/keystone/fernet-keys/ 10.0.0.201 - - [16/Jul/2026:00:37:10 +0000] "POST /v3/auth/tokens HTTP/1.1" 201 1464
[Thu Jul 16 00:37:11.236270 2026] [wsgi:error] [pid 9:tid 140490721195712] [remote 10.0.0.201:36556] 2026-07-16 00:37:11.236 9 WARNING keystone.common.fernet_utils [None req-af6fe0a5-54fc-479c-bb48-4b6ac83cbe6a - - - - - -] key_repository is world readable: /etc/keystone/fernet-keys/ 10.0.0.201 - - [16/Jul/2026:00:37:10 +0000] "POST /v3/auth/tokens HTTP/1.1" 201 1464 10.0.0.201 - - [16/Jul/2026:00:37:11 +0000] "GET /v3/services/fa603a861fcd498e99929a334502a196 HTTP/1.1" 200 296 10.0.0.201 - - [16/Jul/2026:00:37:11 +0000] "GET /v3/regions/RegionOne HTTP/1.1" 200 173
[Thu Jul 16 00:37:11.345830 2026] [wsgi:error] [pid 12:tid 140490721195712] [remote 10.0.0.201:36562] 2026-07-16 00:37:11.345 12 WARNING keystone.common.fernet_utils [None req-e705a429-ab19-4912-81e1-d70fa5699f18 - - - - - -] key_repository is world readable: /etc/keystone/fernet-keys/ 10.0.0.201 - - [16/Jul/2026:00:37:11 +0000] "POST /v3/auth/tokens HTTP/1.1" 201 1464 10.0.0.201 - - [16/Jul/2026:00:37:11 +0000] "GET /v3/services/fa603a861fcd498e99929a334502a196 HTTP/1.1" 200 296 10.0.0.201 - - [16/Jul/2026:00:37:11 +0000] "GET /v3/regions/RegionOne HTTP/1.1" 200 173 10.0.0.201 - - [16/Jul/2026:00:37:11 +0000] "POST /v3/endpoints HTTP/1.1" 201 380 10.0.0.201 - - [16/Jul/2026:00:37:11 +0000] "POST /v3/endpoints HTTP/1.1" 201 370 10.0.0.201 - - [16/Jul/2026:00:37:11 +0000] "GET /v3/services/fa603a861fcd498e99929a334502a196 HTTP/1.1" 200 296 10.0.0.201 - - [16/Jul/2026:00:37:11 +0000] "GET /v3/regions/RegionOne HTTP/1.1" 200 173 10.0.0.201 - - [16/Jul/2026:00:37:11 +0000] "POST /v3/endpoints HTTP/1.1" 201 383 10.0.0.201 - - [16/Jul/2026:00:37:12 +0000] "GET / HTTP/1.1" 300 295 10.0.0.201 - - [16/Jul/2026:00:37:12 +0000] "GET / HTTP/1.1" 300 295
[Thu Jul 16 00:37:12.940468 2026] [wsgi:error] [pid 11:tid 140490721195712] [remote 10.0.0.201:36566] 2026-07-16 00:37:12.940 11 WARNING keystone.common.password_hashing [None req-01fbdf15-5e55-4a81-9a38-a7a7dcdf7975 - - - - - -] Truncating password to algorithm specific maximum length 72 characters.
[Thu Jul 16 00:37:12.976867 2026] [wsgi:error] [pid 9:tid 140490721195712] [remote 10.0.0.201:36580] 2026-07-16 00:37:12.976 9 WARNING keystone.common.password_hashing [None req-d0b34905-2de8-4a2a-8bfc-1294d3911a72 - - - - - -] Truncating password to algorithm specific maximum length 72 characters. 10.0.0.201 - - [16/Jul/2026:00:37:13 +0000] "GET / HTTP/1.1" 300 295
[Thu Jul 16 00:37:13.093842 2026] [wsgi:error] [pid 10:tid 140490721195712] [remote 10.0.0.201:36586] 2026-07-16 00:37:13.093 10 WARNING keystone.common.password_hashing [None req-fd304ebe-f48d-42f5-a87c-c02c9e7b5bcf - - - - - -] Truncating password to algorithm specific maximum length 72 characters.
[Thu Jul 16 00:37:13.213020 2026] [wsgi:error] [pid 11:tid 140490721195712] [remote 10.0.0.201:36566] 2026-07-16 00:37:13.212 11 WARNING keystone.common.fernet_utils [None req-01fbdf15-5e55-4a81-9a38-a7a7dcdf7975 - - - - - -] key_repository is world readable: /etc/keystone/fernet-keys/ 10.0.0.201 - - [16/Jul/2026:00:37:12 +0000] "POST /v3/auth/tokens HTTP/1.1" 201 1992
[Thu Jul 16 00:37:13.266327 2026] [wsgi:error] [pid 9:tid 140490721195712] [remote 10.0.0.201:36580] 2026-07-16 00:37:13.266 9 WARNING keystone.common.fernet_utils [None req-d0b34905-2de8-4a2a-8bfc-1294d3911a72 - - - - - -] key_repository is world readable: /etc/keystone/fernet-keys/ 10.0.0.201 - - [16/Jul/2026:00:37:12 +0000] "POST /v3/auth/tokens HTTP/1.1" 201 1992 10.0.0.201 - - [16/Jul/2026:00:37:13 +0000] "GET /v3/endpoints/a6d4da65bf684bb99c86851fbd81d719 HTTP/1.1" 200 380 10.0.0.201 - - [16/Jul/2026:00:37:13 +0000] "GET /v3/services/fa603a861fcd498e99929a334502a196 HTTP/1.1" 200 296
[Thu Jul 16 00:37:13.379397 2026] [wsgi:error] [pid 10:tid 140490721195712] [remote 10.0.0.201:36586] 2026-07-16 00:37:13.379 10 WARNING keystone.common.fernet_utils [None req-fd304ebe-f48d-42f5-a87c-c02c9e7b5bcf - - - - - -] key_repository is world readable: /etc/keystone/fernet-keys/ 10.0.0.201 - - [16/Jul/2026:00:37:13 +0000] "GET /v3/endpoints/fad6e76a728f4062932427cbcc3a807a HTTP/1.1" 200 370 10.0.0.201 - - [16/Jul/2026:00:37:13 +0000] "POST /v3/auth/tokens HTTP/1.1" 201 1992 10.0.0.201 - - [16/Jul/2026:00:37:13 +0000] "GET /v3/services/fa603a861fcd498e99929a334502a196 HTTP/1.1" 200 296 10.0.0.201 - - [16/Jul/2026:00:37:13 +0000] "GET /v3/endpoints/45a23a9877a94831bbc122e5da7716cc HTTP/1.1" 200 383 10.0.0.201 - - [16/Jul/2026:00:37:13 +0000] "GET /v3/services/fa603a861fcd498e99929a334502a196 HTTP/1.1" 200 296 10.0.0.179 - - [16/Jul/2026:00:37:24 +0000] "GET / HTTP/1.1" 300 295
[Thu Jul 16 00:37:24.974755 2026] [wsgi:error] [pid 12:tid 140490721195712] [remote 10.0.0.179:47228] 2026-07-16 00:37:24.974 12 WARNING keystone.common.password_hashing [None req-d3ba5ba0-1645-4ef6-ad69-d59d3b1239db - - - - - -] Truncating password to algorithm specific maximum length 72 characters.
[Thu Jul 16 00:37:25.245599 2026] [wsgi:error] [pid 12:tid 140490721195712] [remote 10.0.0.179:47228] 2026-07-16 00:37:25.245 12 WARNING keystone.common.fernet_utils [None req-d3ba5ba0-1645-4ef6-ad69-d59d3b1239db - - - - - -] key_repository is world readable: /etc/keystone/fernet-keys/ 10.0.0.179 - - [16/Jul/2026:00:37:24 +0000] "POST /v3/auth/tokens HTTP/1.1" 201 1992 10.0.0.179 - - [16/Jul/2026:00:37:25 +0000] "POST /v3/domains HTTP/1.1" 201 284 10.0.0.179 - - [16/Jul/2026:00:37:26 +0000] "GET / HTTP/1.1" 300 295
[Thu Jul 16 00:37:26.929813 2026] [wsgi:error] [pid 10:tid 140490721195712] [remote 10.0.0.179:47232] 2026-07-16 00:37:26.929 10 WARNING keystone.common.password_hashing [None req-c5a12150-33a4-4211-964f-315a7522484a - - - - - -] Truncating password to algorithm specific maximum length 72 characters.
[Thu Jul 16 00:37:27.202724 2026] [wsgi:error] [pid 10:tid 140490721195712] [remote 10.0.0.179:47232] 2026-07-16 00:37:27.202 10 WARNING keystone.common.fernet_utils [None req-c5a12150-33a4-4211-964f-315a7522484a - - - - - -] key_repository is world readable: /etc/keystone/fernet-keys/ 10.0.0.179 - - [16/Jul/2026:00:37:26 +0000] "POST /v3/auth/tokens HTTP/1.1" 201 1992
[Thu Jul 16 00:37:27.391923 2026] [wsgi:error] [pid 12:tid 140490721195712] [remote 10.0.0.179:47232] 2026-07-16 00:37:27.379 12 ERROR keystone.server.flask.application [None req-d78bab60-e13e-4232-a115-16ce36ebd6d9 8cc1d740443049a4a1d131ca53f7955c 20b667deae5f4b188b86b1c895bd6537 - - default default] Conflict occurred attempting to store project - it is not permitted to have two projects acting as domains with the same name: service.: keystone.exception.Conflict: Conflict occurred attempting to store project - it is not permitted to have two projects acting as domains with the same name: service.
[Thu Jul 16 00:37:27.391946 2026] [wsgi:error] [pid 12:tid 140490721195712] [remote 10.0.0.179:47232] 2026-07-16 00:37:27.379 12 ERROR keystone.server.flask.application
Traceback (most recent call last):
[Thu Jul 16 00:37:27.391949 2026] [wsgi:error] [pid 12:tid 140490721195712] [remote 10.0.0.179:47232] 2026-07-16 00:37:27.379 12 ERROR keystone.server.flask.application
File "/var/lib/openstack/lib/python3.12/site-packages/sqlalchemy/engine/base.py", line 1969, in _exec_single_context
[Thu Jul 16 00:37:27.391950 2026] [wsgi:error] [pid 12:tid 140490721195712] [remote 10.0.0.179:47232] 2026-07-16 00:37:27.379 12 ERROR keystone.server.flask.application self.dialect.do_execute(
[Thu Jul 16 00:37:27.391952 2026] [wsgi:error] [pid 12:tid 140490721195712] [remote 10.0.0.179:47232] 2026-07-16 00:37:27.379 12 ERROR keystone.server.flask.application
File "/var/lib/openstack/lib/python3.12/site-packages/sqlalchemy/engine/default.py", line 952, in do_execute
[Thu Jul 16 00:37:27.391953 2026] [wsgi:error] [pid 12:tid 140490721195712] [remote 10.0.0.179:47232] 2026-07-16 00:37:27.379 12 ERROR keystone.server.flask.application cursor.execute(statement, parameters)
[Thu Jul 16 00:37:27.391955 2026] [wsgi:error] [pid 12:tid 140490721195712] [remote 10.0.0.179:47232] 2026-07-16 00:37:27.379 12 ERROR keystone.server.flask.application
File "/var/lib/openstack/lib/python3.12/site-packages/pymysql/cursors.py", line 159, in execute
[Thu Jul 16 00:37:27.391957 2026] [wsgi:error] [pid 12:tid 140490721195712] [remote 10.0.0.179:47232] 2026-07-16 00:37:27.379 12 ERROR keystone.server.flask.application result = self._query(query)
[Thu Jul 16 00:37:27.391958 2026] [wsgi:error] [pid 12:tid 140490721195712] [remote 10.0.0.179:47232] 2026-07-16 00:37:27.379 12 ERROR keystone.server.flask.application ^^^^^^^^^^^^^^^^^^
[Thu Jul 16 00:37:27.391959 2026] [wsgi:error] [pid 12:tid 140490721195712] [remote 10.0.0.179:47232] 2026-07-16 00:37:27.379 12 ERROR keystone.server.flask.application
File "/var/lib/openstack/lib/python3.12/site-packages/pymysql/cursors.py", line 330, in _query
[Thu Jul 16 00:37:27.391961 2026] [wsgi:error] [pid 12:tid 140490721195712] [remote 10.0.0.179:47232] 2026-07-16 00:37:27.379 12 ERROR keystone.server.flask.application conn.query(q)
[Thu Jul 16 00:37:27.391962 2026] [wsgi:error] [pid 12:tid 140490721195712] [remote 10.0.0.179:47232] 2026-07-16 00:37:27.379 12 ERROR keystone.server.flask.application
File "/var/lib/openstack/lib/python3.12/site-packages/pymysql/connections.py", line 582, in query
[Thu Jul 16 00:37:27.391964 2026] [wsgi:error] [pid 12:tid 140490721195712] [remote 10.0.0.179:47232] 2026-07-16 00:37:27.379 12 ERROR keystone.server.flask.application self._affected_rows = self._read_query_result(unbuffered=unbuffered)
[Thu Jul 16 00:37:27.391965 2026] [wsgi:error] [pid 12:tid 140490721195712] [remote 10.0.0.179:47232] 2026-07-16 00:37:27.379 12 ERROR keystone.server.flask.application ^^^^^^^^^^^^^^^^^^^^^^^^^^^^^^^^^^^^^^^^^^^^^^
[Thu Jul 16 00:37:27.391967 2026] [wsgi:error] [pid 12:tid 140490721195712] [remote 10.0.0.179:47232] 2026-07-16 00:37:27.379 12 ERROR keystone.server.flask.application
File "/var/lib/openstack/lib/python3.12/site-packages/pymysql/connections.py", line 847, in _read_query_result
[Thu Jul 16 00:37:27.391968 2026] [wsgi:error] [pid 12:tid 140490721195712] [remote 10.0.0.179:47232] 2026-07-16 00:37:27.379 12 ERROR keystone.server.flask.application result.read()
[Thu Jul 16 00:37:27.391971 2026] [wsgi:error] [pid 12:tid 140490721195712] [remote 10.0.0.179:47232] 2026-07-16 00:37:27.379 12 ERROR keystone.server.flask.application
File "/var/lib/openstack/lib/python3.12/site-packages/pymysql/connections.py", line 1245, in read
[Thu Jul 16 00:37:27.391973 2026] [wsgi:error] [pid 12:tid 140490721195712] [remote 10.0.0.179:47232] 2026-07-16 00:37:27.379 12 ERROR keystone.server.flask.application first_packet = self.connection._read_packet()
[Thu Jul 16 00:37:27.391974 2026] [wsgi:error] [pid 12:tid 140490721195712] [remote 10.0.0.179:47232] 2026-07-16 00:37:27.379 12 ERROR keystone.server.flask.application ^^^^^^^^^^^^^^^^^^^^^^^^^^^^^^
[Thu Jul 16 00:37:27.391975 2026] [wsgi:error] [pid 12:tid 140490721195712] [remote 10.0.0.179:47232] 2026-07-16 00:37:27.379 12 ERROR keystone.server.flask.application
File "/var/lib/openstack/lib/python3.12/site-packages/pymysql/connections.py", line 803, in _read_packet
[Thu Jul 16 00:37:27.391977 2026] [wsgi:error] [pid 12:tid 140490721195712] [remote 10.0.0.179:47232] 2026-07-16 00:37:27.379 12 ERROR keystone.server.flask.application packet.raise_for_error()
[Thu Jul 16 00:37:27.391978 2026] [wsgi:error] [pid 12:tid 140490721195712] [remote 10.0.0.179:47232] 2026-07-16 00:37:27.379 12 ERROR keystone.server.flask.application
File "/var/lib/openstack/lib/python3.12/site-packages/pymysql/protocol.py", line 219, in raise_for_error
[Thu Jul 16 00:37:27.391980 2026] [wsgi:error] [pid 12:tid 140490721195712] [remote 10.0.0.179:47232] 2026-07-16 00:37:27.379 12 ERROR keystone.server.flask.application err.raise_mysql_exception(self._data)
[Thu Jul 16 00:37:27.391981 2026] [wsgi:error] [pid 12:tid 140490721195712] [remote 10.0.0.179:47232] 2026-07-16 00:37:27.379 12 ERROR keystone.server.flask.application
File "/var/lib/openstack/lib/python3.12/site-packages/pymysql/err.py", line 154, in raise_mysql_exception
[Thu Jul 16 00:37:27.391983 2026] [wsgi:error] [pid 12:tid 140490721195712] [remote 10.0.0.179:47232] 2026-07-16 00:37:27.379 12 ERROR keystone.server.flask.application raise errorclass(errno, errval, sqlstate=sqlstate)
[Thu Jul 16 00:37:27.391984 2026] [wsgi:error] [pid 12:tid 140490721195712] [remote 10.0.0.179:47232] 2026-07-16 00:37:27.379 12 ERROR keystone.server.flask.application pymysql.err.IntegrityError: (1062, "Duplicate entry '<>-service' for key 'project.ixu_project_name_domain_id'")
[Thu Jul 16 00:37:27.391986 2026] [wsgi:error] [pid 12:tid 140490721195712] [remote 10.0.0.179:47232] 2026-07-16 00:37:27.379 12 ERROR keystone.server.flask.application
[Thu Jul 16 00:37:27.391987 2026] [wsgi:error] [pid 12:tid 140490721195712] [remote 10.0.0.179:47232] 2026-07-16 00:37:27.379 12 ERROR keystone.server.flask.application The above exception was the direct cause of the following exception:
[Thu Jul 16 00:37:27.391988 2026] [wsgi:error] [pid 12:tid 140490721195712] [remote 10.0.0.179:47232] 2026-07-16 00:37:27.379 12 ERROR keystone.server.flask.application
[Thu Jul 16 00:37:27.391990 2026] [wsgi:error] [pid 12:tid 140490721195712] [remote 10.0.0.179:47232] 2026-07-16 00:37:27.379 12 ERROR keystone.server.flask.application
Traceback (most recent call last):
[Thu Jul 16 00:37:27.391991 2026] [wsgi:error] [pid 12:tid 140490721195712] [remote 10.0.0.179:47232] 2026-07-16 00:37:27.379 12 ERROR keystone.server.flask.application
File "/var/lib/openstack/lib/python3.12/site-packages/keystone/common/sql/core.py", line 575, in wrapper
[Thu Jul 16 00:37:27.391992 2026] [wsgi:error] [pid 12:tid 140490721195712] [remote 10.0.0.179:47232] 2026-07-16 00:37:27.379 12 ERROR keystone.server.flask.application return method(*args, **kwargs)
[Thu Jul 16 00:37:27.391994 2026] [wsgi:error] [pid 12:tid 140490721195712] [remote 10.0.0.179:47232] 2026-07-16 00:37:27.379 12 ERROR keystone.server.flask.application ^^^^^^^^^^^^^^^^^^^^^^^
[Thu Jul 16 00:37:27.391996 2026] [wsgi:error] [pid 12:tid 140490721195712] [remote 10.0.0.179:47232] 2026-07-16 00:37:27.379 12 ERROR keystone.server.flask.application
File "/var/lib/openstack/lib/python3.12/site-packages/keystone/resource/backends/sql.py", line 278, in create_project
[Thu Jul 16 00:37:27.391998 2026] [wsgi:error] [pid 12:tid 140490721195712] [remote 10.0.0.179:47232] 2026-07-16 00:37:27.379 12 ERROR keystone.server.flask.application with sql.session_for_write() as session:
[Thu Jul 16 00:37:27.391999 2026] [wsgi:error] [pid 12:tid 140490721195712] [remote 10.0.0.179:47232] 2026-07-16 00:37:27.379 12 ERROR keystone.server.flask.application
File "/usr/lib/python3.12/contextlib.py", line 144, in __exit__
[Thu Jul 16 00:37:27.392000 2026] [wsgi:error] [pid 12:tid 140490721195712] [remote 10.0.0.179:47232] 2026-07-16 00:37:27.379 12 ERROR keystone.server.flask.application next(self.gen)
[Thu Jul 16 00:37:27.392002 2026] [wsgi:error] [pid 12:tid 140490721195712] [remote 10.0.0.179:47232] 2026-07-16 00:37:27.379 12 ERROR keystone.server.flask.application
File "/var/lib/openstack/lib/python3.12/site-packages/oslo_db/sqlalchemy/enginefacade.py", line 1175, in _transaction_scope
[Thu Jul 16 00:37:27.392003 2026] [wsgi:error] [pid 12:tid 140490721195712] [remote 10.0.0.179:47232] 2026-07-16 00:37:27.379 12 ERROR keystone.server.flask.application with current._produce_block(
[Thu Jul 16 00:37:27.392004 2026] [wsgi:error] [pid 12:tid 140490721195712] [remote 10.0.0.179:47232] 2026-07-16 00:37:27.379 12 ERROR keystone.server.flask.application
File "/usr/lib/python3.12/contextlib.py", line 144, in __exit__
[Thu Jul 16 00:37:27.392006 2026] [wsgi:error] [pid 12:tid 140490721195712] [remote 10.0.0.179:47232] 2026-07-16 00:37:27.379 12 ERROR keystone.server.flask.application next(self.gen)
[Thu Jul 16 00:37:27.392007 2026] [wsgi:error] [pid 12:tid 140490721195712] [remote 10.0.0.179:47232] 2026-07-16 00:37:27.379 12 ERROR keystone.server.flask.application
File "/var/lib/openstack/lib/python3.12/site-packages/oslo_db/sqlalchemy/enginefacade.py", line 837, in _session
[Thu Jul 16 00:37:27.392009 2026] [wsgi:error] [pid 12:tid 140490721195712] [remote 10.0.0.179:47232] 2026-07-16 00:37:27.379 12 ERROR keystone.server.flask.application with excutils.save_and_reraise_exception():
[Thu Jul 16 00:37:27.392010 2026] [wsgi:error] [pid 12:tid 140490721195712] [remote 10.0.0.179:47232] 2026-07-16 00:37:27.379 12 ERROR keystone.server.flask.application
File "/var/lib/openstack/lib/python3.12/site-packages/oslo_utils/excutils.py", line 266, in __exit__
[Thu Jul 16 00:37:27.392011 2026] [wsgi:error] [pid 12:tid 140490721195712] [remote 10.0.0.179:47232] 2026-07-16 00:37:27.379 12 ERROR keystone.server.flask.application self.force_reraise()
[Thu Jul 16 00:37:27.392013 2026] [wsgi:error] [pid 12:tid 140490721195712] [remote 10.0.0.179:47232] 2026-07-16 00:37:27.379 12 ERROR keystone.server.flask.application
File "/var/lib/openstack/lib/python3.12/site-packages/oslo_utils/excutils.py", line 232, in force_reraise
[Thu Jul 16 00:37:27.392014 2026] [wsgi:error] [pid 12:tid 140490721195712] [remote 10.0.0.179:47232] 2026-07-16 00:37:27.379 12 ERROR keystone.server.flask.application raise self.value
[Thu Jul 16 00:37:27.392016 2026] [wsgi:error] [pid 12:tid 140490721195712] [remote 10.0.0.179:47232] 2026-07-16 00:37:27.379 12 ERROR keystone.server.flask.application
File "/var/lib/openstack/lib/python3.12/site-packages/oslo_db/sqlalchemy/enginefacade.py", line 835, in _session
[Thu Jul 16 00:37:27.392017 2026] [wsgi:error] [pid 12:tid 140490721195712] [remote 10.0.0.179:47232] 2026-07-16 00:37:27.379 12 ERROR keystone.server.flask.application self._end_session_transaction(self.session)
[Thu Jul 16 00:37:27.392018 2026] [wsgi:error] [pid 12:tid 140490721195712] [remote 10.0.0.179:47232] 2026-07-16 00:37:27.379 12 ERROR keystone.server.flask.application
File "/var/lib/openstack/lib/python3.12/site-packages/oslo_db/sqlalchemy/enginefacade.py", line 748, in _end_session_transaction
[Thu Jul 16 00:37:27.392021 2026] [wsgi:error] [pid 12:tid 140490721195712] [remote 10.0.0.179:47232] 2026-07-16 00:37:27.379 12 ERROR keystone.server.flask.application session.commit()
[Thu Jul 16 00:37:27.392022 2026] [wsgi:error] [pid 12:tid 140490721195712] [remote 10.0.0.179:47232] 2026-07-16 00:37:27.379 12 ERROR keystone.server.flask.application
File "/var/lib/openstack/lib/python3.12/site-packages/sqlalchemy/orm/session.py", line 2034, in commit
[Thu Jul 16 00:37:27.392024 2026] [wsgi:error] [pid 12:tid 140490721195712] [remote 10.0.0.179:47232] 2026-07-16 00:37:27.379 12 ERROR keystone.server.flask.application trans.commit(_to_root=True)
[Thu Jul 16 00:37:27.392025 2026] [wsgi:error] [pid 12:tid 140490721195712] [remote 10.0.0.179:47232] 2026-07-16 00:37:27.379 12 ERROR keystone.server.flask.application File "", line 2, in commit
[Thu Jul 16 00:37:27.392027 2026] [wsgi:error] [pid 12:tid 140490721195712] [remote 10.0.0.179:47232] 2026-07-16 00:37:27.379 12 ERROR keystone.server.flask.application
File "/var/lib/openstack/lib/python3.12/site-packages/sqlalchemy/orm/state_changes.py", line 137, in _go
[Thu Jul 16 00:37:27.392028 2026] [wsgi:error] [pid 12:tid 140490721195712] [remote 10.0.0.179:47232] 2026-07-16 00:37:27.379 12 ERROR keystone.server.flask.application ret_value = fn(self, *arg, **kw)
[Thu Jul 16 00:37:27.392029 2026] [wsgi:error] [pid 12:tid 140490721195712] [remote 10.0.0.179:47232] 2026-07-16 00:37:27.379 12 ERROR keystone.server.flask.application ^^^^^^^^^^^^^^^^^^^^
[Thu Jul 16 00:37:27.392031 2026] [wsgi:error] [pid 12:tid 140490721195712] [remote 10.0.0.179:47232] 2026-07-16 00:37:27.379 12 ERROR keystone.server.flask.application
File "/var/lib/openstack/lib/python3.12/site-packages/sqlalchemy/orm/session.py", line 1315, in commit
[Thu Jul 16 00:37:27.392032 2026] [wsgi:error] [pid 12:tid 140490721195712] [remote 10.0.0.179:47232] 2026-07-16 00:37:27.379 12 ERROR keystone.server.flask.application self._prepare_impl()
[Thu Jul 16 00:37:27.392033 2026] [wsgi:error] [pid 12:tid 140490721195712] [remote 10.0.0.179:47232] 2026-07-16 00:37:27.379 12 ERROR keystone.server.flask.application File "", line 2, in _prepare_impl
[Thu Jul 16 00:37:27.392035 2026] [wsgi:error] [pid 12:tid 140490721195712] [remote 10.0.0.179:47232] 2026-07-16 00:37:27.379 12 ERROR keystone.server.flask.application
File "/var/lib/openstack/lib/python3.12/site-packages/sqlalchemy/orm/state_changes.py", line 137, in _go
[Thu Jul 16 00:37:27.392036 2026] [wsgi:error] [pid 12:tid 140490721195712] [remote 10.0.0.179:47232] 2026-07-16 00:37:27.379 12 ERROR keystone.server.flask.application ret_value = fn(self, *arg, **kw)
[Thu Jul 16 00:37:27.392037 2026] [wsgi:error] [pid 12:tid 140490721195712] [remote 10.0.0.179:47232] 2026-07-16 00:37:27.379 12 ERROR keystone.server.flask.application ^^^^^^^^^^^^^^^^^^^^
[Thu Jul 16 00:37:27.392039 2026] [wsgi:error] [pid 12:tid 140490721195712] [remote 10.0.0.179:47232] 2026-07-16 00:37:27.379 12 ERROR keystone.server.flask.application
File "/var/lib/openstack/lib/python3.12/site-packages/sqlalchemy/orm/session.py", line 1290, in _prepare_impl
[Thu Jul 16 00:37:27.392040 2026] [wsgi:error] [pid 12:tid 140490721195712] [remote 10.0.0.179:47232] 2026-07-16 00:37:27.379 12 ERROR keystone.server.flask.application self.session.flush()
[Thu Jul 16 00:37:27.392042 2026] [wsgi:error] [pid 12:tid 140490721195712] [remote 10.0.0.179:47232] 2026-07-16 00:37:27.379 12 ERROR keystone.server.flask.application
File "/var/lib/openstack/lib/python3.12/site-packages/sqlalchemy/orm/session.py", line 4352, in flush
[Thu Jul 16 00:37:27.392043 2026] [wsgi:error] [pid 12:tid 140490721195712] [remote 10.0.0.179:47232] 2026-07-16 00:37:27.379 12 ERROR keystone.server.flask.application self._flush(objects)
[Thu Jul 16 00:37:27.392045 2026] [wsgi:error] [pid 12:tid 140490721195712] [remote 10.0.0.179:47232] 2026-07-16 00:37:27.379 12 ERROR keystone.server.flask.application
File "/var/lib/openstack/lib/python3.12/site-packages/sqlalchemy/orm/session.py", line 4487, in _flush
[Thu Jul 16 00:37:27.392047 2026] [wsgi:error] [pid 12:tid 140490721195712] [remote 10.0.0.179:47232] 2026-07-16 00:37:27.379 12 ERROR keystone.server.flask.application with util.safe_reraise():
[Thu Jul 16 00:37:27.392048 2026] [wsgi:error] [pid 12:tid 140490721195712] [remote 10.0.0.179:47232] 2026-07-16 00:37:27.379 12 ERROR keystone.server.flask.application
File "/var/lib/openstack/lib/python3.12/site-packages/sqlalchemy/util/langhelpers.py", line 122, in __exit__
[Thu Jul 16 00:37:27.392093 2026] [wsgi:error] [pid 12:tid 140490721195712] [remote 10.0.0.179:47232] 2026-07-16 00:37:27.379 12 ERROR keystone.server.flask.application raise exc_value.with_traceback(exc_tb)
[Thu Jul 16 00:37:27.392094 2026] [wsgi:error] [pid 12:tid 140490721195712] [remote 10.0.0.179:47232] 2026-07-16 00:37:27.379 12 ERROR keystone.server.flask.application
File "/var/lib/openstack/lib/python3.12/site-packages/sqlalchemy/orm/session.py", line 4448, in _flush
[Thu Jul 16 00:37:27.392096 2026] [wsgi:error] [pid 12:tid 140490721195712] [remote 10.0.0.179:47232] 2026-07-16 00:37:27.379 12 ERROR keystone.server.flask.application flush_context.execute()
[Thu Jul 16 00:37:27.392097 2026] [wsgi:error] [pid 12:tid 140490721195712] [remote 10.0.0.179:47232] 2026-07-16 00:37:27.379 12 ERROR keystone.server.flask.application
