2026-07-16 08:11:09.833 7 INFO cinder.api.openstack.wsgi [req-4f7b85bc-a468-41ce-bb69-e091f7e0b413 req-ac69fc3d-ccad-49c4-b465-fd51cf2d8e20 9c211db25c0a46d2b00062d88518e858 1917b28c26704865834aee2116a3368e - - default default] http://cinder-api.openstack.svc.cluster.local:8776/v3/1917b28c26704865834aee2116a3368e/attachments/55269ee4-da38-491e-9e5d-8368e729ca43 returned with HTTP 200 [pid: 7|app: 0|req: 374/739] 199.19.213.66 () {38 vars in 1102 bytes} [Thu Jul 16 08:11:09 2026] DELETE /v3/1917b28c26704865834aee2116a3368e/attachments/55269ee4-da38-491e-9e5d-8368e729ca43 => generated 19 bytes in 588 msecs (HTTP/1.1 200) 7 headers in 285 bytes (1 switches on core 0) /var/lib/openstack/lib/python3.12/site-packages/pycadf/identifier.py:70: UserWarning: Invalid uuid: cinderv3. To ensure interoperability, identifiers should be a valid uuid. warnings.warn(('Invalid uuid: %s. To ensure interoperability, '
2026-07-16 08:11:09.848 8 INFO cinder.api.openstack.wsgi [req-4f7b85bc-a468-41ce-bb69-e091f7e0b413 req-1913ff88-aad2-4edf-aa33-886e8a973bbc 9c211db25c0a46d2b00062d88518e858 1917b28c26704865834aee2116a3368e - - default default] DELETE http://cinder-api.openstack.svc.cluster.local:8776/v3/1917b28c26704865834aee2116a3368e/volumes/8e5e50a4-44e1-4f49-a306-2d484b44db79
2026-07-16 08:11:09.848 8 INFO cinder.api.v3.volumes [req-4f7b85bc-a468-41ce-bb69-e091f7e0b413 req-1913ff88-aad2-4edf-aa33-886e8a973bbc 9c211db25c0a46d2b00062d88518e858 1917b28c26704865834aee2116a3368e - - default default] Delete volume with id: 8e5e50a4-44e1-4f49-a306-2d484b44db79 /var/lib/openstack/lib/python3.12/site-packages/oslo_context/context.py:101: DeprecationWarning: Policy enforcement is depending on the value of is_admin. This key is deprecated. Please update your policy file to use the standard policy values. warnings.warn(
2026-07-16 08:11:09.860 8 INFO cinder.volume.api [req-4f7b85bc-a468-41ce-bb69-e091f7e0b413 req-1913ff88-aad2-4edf-aa33-886e8a973bbc 9c211db25c0a46d2b00062d88518e858 1917b28c26704865834aee2116a3368e - - default default] Volume info retrieved successfully.
2026-07-16 08:11:09.899 8 INFO cinder.volume.api [req-4f7b85bc-a468-41ce-bb69-e091f7e0b413 req-1913ff88-aad2-4edf-aa33-886e8a973bbc 9c211db25c0a46d2b00062d88518e858 1917b28c26704865834aee2116a3368e - - default default] Delete volume request issued successfully.
2026-07-16 08:11:09.900 8 INFO cinder.api.openstack.wsgi [req-4f7b85bc-a468-41ce-bb69-e091f7e0b413 req-1913ff88-aad2-4edf-aa33-886e8a973bbc 9c211db25c0a46d2b00062d88518e858 1917b28c26704865834aee2116a3368e - - default default] http://cinder-api.openstack.svc.cluster.local:8776/v3/1917b28c26704865834aee2116a3368e/volumes/8e5e50a4-44e1-4f49-a306-2d484b44db79 returned with HTTP 202 [pid: 8|app: 0|req: 366/740] 199.19.213.66 () {36 vars in 1053 bytes} [Thu Jul 16 08:11:09 2026] DELETE /v3/1917b28c26704865834aee2116a3368e/volumes/8e5e50a4-44e1-4f49-a306-2d484b44db79 => generated 0 bytes in 59 msecs (HTTP/1.1 202) 6 headers in 233 bytes (1 switches on core 0) /var/lib/openstack/lib/python3.12/site-packages/pycadf/identifier.py:70: UserWarning: Invalid uuid: cinderv3. To ensure interoperability, identifiers should be a valid uuid. warnings.warn(('Invalid uuid: %s. To ensure interoperability, '
2026-07-16 08:11:18.382 7 INFO cinder.api.openstack.wsgi [None req-1f4fbdf3-57f1-431d-b51b-474e4ee39e44 6a0ef2ad263749a29f7b3a7019209407 7857acf726754cfba4ae1e78ffb4fbc1 - - default default] GET http://cinder-api.openstack.svc.cluster.local:8776/v3/7857acf726754cfba4ae1e78ffb4fbc1/volumes/detail?all_tenants=true /var/lib/openstack/lib/python3.12/site-packages/oslo_context/context.py:101: DeprecationWarning: Policy enforcement is depending on the value of is_admin. This key is deprecated. Please update your policy file to use the standard policy values. warnings.warn(
2026-07-16 08:11:18.398 7 INFO cinder.volume.api [None req-1f4fbdf3-57f1-431d-b51b-474e4ee39e44 6a0ef2ad263749a29f7b3a7019209407 7857acf726754cfba4ae1e78ffb4fbc1 - - default default] Get all volumes completed successfully.
2026-07-16 08:11:18.401 7 INFO cinder.api.openstack.wsgi [None req-1f4fbdf3-57f1-431d-b51b-474e4ee39e44 6a0ef2ad263749a29f7b3a7019209407 7857acf726754cfba4ae1e78ffb4fbc1 - - default default] http://cinder-api.openstack.svc.cluster.local:8776/v3/7857acf726754cfba4ae1e78ffb4fbc1/volumes/detail?all_tenants=true returned with HTTP 200 [pid: 7|app: 0|req: 375/741] 10.0.0.208 () {28 vars in 684 bytes} [Thu Jul 16 08:11:18 2026] GET /v3/7857acf726754cfba4ae1e78ffb4fbc1/volumes/detail?all_tenants=true => generated 15 bytes in 156 msecs (HTTP/1.1 200) 7 headers in 284 bytes (1 switches on core 0) /var/lib/openstack/lib/python3.12/site-packages/pycadf/identifier.py:70: UserWarning: Invalid uuid: cinderv3. To ensure interoperability, identifiers should be a valid uuid. warnings.warn(('Invalid uuid: %s. To ensure interoperability, '
2026-07-16 08:11:18.415 8 INFO cinder.api.openstack.wsgi [None req-b4597cb3-3a82-44f7-9a3d-8399015c621a 6a0ef2ad263749a29f7b3a7019209407 7857acf726754cfba4ae1e78ffb4fbc1 - - default default] GET http://cinder-api.openstack.svc.cluster.local:8776/v3/7857acf726754cfba4ae1e78ffb4fbc1/snapshots?all_tenants=true
2026-07-16 08:11:18.428 8 INFO cinder.volume.api [None req-b4597cb3-3a82-44f7-9a3d-8399015c621a 6a0ef2ad263749a29f7b3a7019209407 7857acf726754cfba4ae1e78ffb4fbc1 - - default default] Get all snapshots completed successfully.
2026-07-16 08:11:18.429 8 INFO cinder.api.openstack.wsgi [None req-b4597cb3-3a82-44f7-9a3d-8399015c621a 6a0ef2ad263749a29f7b3a7019209407 7857acf726754cfba4ae1e78ffb4fbc1 - - default default] http://cinder-api.openstack.svc.cluster.local:8776/v3/7857acf726754cfba4ae1e78ffb4fbc1/snapshots?all_tenants=true returned with HTTP 200 [pid: 8|app: 0|req: 367/742] 10.0.0.208 () {28 vars in 674 bytes} [Thu Jul 16 08:11:18 2026] GET /v3/7857acf726754cfba4ae1e78ffb4fbc1/snapshots?all_tenants=true => generated 17 bytes in 22 msecs (HTTP/1.1 200) 7 headers in 284 bytes (1 switches on core 0)
2026-07-16 08:11:18.441 7 INFO cinder.api.openstack.wsgi [None req-f3632359-d758-4b2c-b78a-e10f36b8655c 6a0ef2ad263749a29f7b3a7019209407 7857acf726754cfba4ae1e78ffb4fbc1 - - default default] GET http://cinder-api.openstack.svc.cluster.local:8776/v3/7857acf726754cfba4ae1e78ffb4fbc1/os-services
2026-07-16 08:11:18.449 7 INFO cinder.api.openstack.wsgi [None req-f3632359-d758-4b2c-b78a-e10f36b8655c 6a0ef2ad263749a29f7b3a7019209407 7857acf726754cfba4ae1e78ffb4fbc1 - - default default] http://cinder-api.openstack.svc.cluster.local:8776/v3/7857acf726754cfba4ae1e78ffb4fbc1/os-services returned with HTTP 200 [pid: 7|app: 0|req: 376/743] 10.0.0.208 () {28 vars in 645 bytes} [Thu Jul 16 08:11:18 2026] GET /v3/7857acf726754cfba4ae1e78ffb4fbc1/os-services => generated 646 bytes in 18 msecs (HTTP/1.1 200) 7 headers in 285 bytes (1 switches on core 0)
2026-07-16 08:11:18.464 8 INFO cinder.api.openstack.wsgi [None req-0953f1ee-85b9-4a68-8f41-c51f4d84caa5 6a0ef2ad263749a29f7b3a7019209407 7857acf726754cfba4ae1e78ffb4fbc1 - - default default] GET http://cinder-api.openstack.svc.cluster.local:8776/v3/7857acf726754cfba4ae1e78ffb4fbc1/scheduler-stats/get_pools?detail=true
2026-07-16 08:11:18.967 8 INFO cinder.api.openstack.wsgi [None req-0953f1ee-85b9-4a68-8f41-c51f4d84caa5 6a0ef2ad263749a29f7b3a7019209407 7857acf726754cfba4ae1e78ffb4fbc1 - - default default] http://cinder-api.openstack.svc.cluster.local:8776/v3/7857acf726754cfba4ae1e78ffb4fbc1/scheduler-stats/get_pools?detail=true returned with HTTP 200 [pid: 8|app: 0|req: 368/744] 10.0.0.208 () {28 vars in 696 bytes} [Thu Jul 16 08:11:18 2026] GET /v3/7857acf726754cfba4ae1e78ffb4fbc1/scheduler-stats/get_pools?detail=true => generated 670 bytes in 510 msecs (HTTP/1.1 200) 7 headers in 285 bytes (1 switches on core 0)
2026-07-16 08:11:18.980 7 INFO cinder.api.openstack.wsgi [None req-71793a24-0683-4b47-9130-b7c37eabdc07 6a0ef2ad263749a29f7b3a7019209407 7857acf726754cfba4ae1e78ffb4fbc1 - - default default] GET http://cinder-api.openstack.svc.cluster.local:8776/v3/7857acf726754cfba4ae1e78ffb4fbc1/volumes/detail?all_tenants=true
2026-07-16 08:11:18.987 7 INFO cinder.volume.api [None req-71793a24-0683-4b47-9130-b7c37eabdc07 6a0ef2ad263749a29f7b3a7019209407 7857acf726754cfba4ae1e78ffb4fbc1 - - default default] Get all volumes completed successfully.
2026-07-16 08:11:18.989 7 INFO cinder.api.openstack.wsgi [None req-71793a24-0683-4b47-9130-b7c37eabdc07 6a0ef2ad263749a29f7b3a7019209407 7857acf726754cfba4ae1e78ffb4fbc1 - - default default] http://cinder-api.openstack.svc.cluster.local:8776/v3/7857acf726754cfba4ae1e78ffb4fbc1/volumes/detail?all_tenants=true returned with HTTP 200 [pid: 7|app: 0|req: 377/745] 10.0.0.208 () {28 vars in 684 bytes} [Thu Jul 16 08:11:18 2026] GET /v3/7857acf726754cfba4ae1e78ffb4fbc1/volumes/detail?all_tenants=true => generated 15 bytes in 16 msecs (HTTP/1.1 200) 7 headers in 284 bytes (1 switches on core 0)
2026-07-16 08:11:19.087 8 INFO cinder.api.openstack.wsgi [None req-9878c9ee-583f-47dd-9779-4524c2c8ef45 6a0ef2ad263749a29f7b3a7019209407 7857acf726754cfba4ae1e78ffb4fbc1 - - default default] GET http://cinder-api.openstack.svc.cluster.local:8776/v3/7857acf726754cfba4ae1e78ffb4fbc1/os-quota-sets/2700342a4f30416cb094f6cd37297c18?usage=true
2026-07-16 08:11:19.107 8 INFO cinder.api.openstack.wsgi [None req-9878c9ee-583f-47dd-9779-4524c2c8ef45 6a0ef2ad263749a29f7b3a7019209407 7857acf726754cfba4ae1e78ffb4fbc1 - - default default] http://cinder-api.openstack.svc.cluster.local:8776/v3/7857acf726754cfba4ae1e78ffb4fbc1/os-quota-sets/2700342a4f30416cb094f6cd37297c18?usage=true returned with HTTP 200 [pid: 8|app: 0|req: 369/746] 10.0.0.208 () {28 vars in 736 bytes} [Thu Jul 16 08:11:19 2026] GET /v3/7857acf726754cfba4ae1e78ffb4fbc1/os-quota-sets/2700342a4f30416cb094f6cd37297c18?usage=true => generated 847 bytes in 27 msecs (HTTP/1.1 200) 7 headers in 285 bytes (1 switches on core 0)
2026-07-16 08:11:19.128 7 INFO cinder.api.openstack.wsgi [None req-9af3a3db-86b9-48b8-9553-088e18cbaf6a 6a0ef2ad263749a29f7b3a7019209407 7857acf726754cfba4ae1e78ffb4fbc1 - - default default] GET http://cinder-api.openstack.svc.cluster.local:8776/v3/7857acf726754cfba4ae1e78ffb4fbc1/os-quota-sets/703e1ea10522460c8fc521db155a8410?usage=true
2026-07-16 08:11:19.153 7 INFO cinder.api.openstack.wsgi [None req-9af3a3db-86b9-48b8-9553-088e18cbaf6a 6a0ef2ad263749a29f7b3a7019209407 7857acf726754cfba4ae1e78ffb4fbc1 - - default default] http://cinder-api.openstack.svc.cluster.local:8776/v3/7857acf726754cfba4ae1e78ffb4fbc1/os-quota-sets/703e1ea10522460c8fc521db155a8410?usage=true returned with HTTP 200 [pid: 7|app: 0|req: 378/747] 10.0.0.208 () {28 vars in 736 bytes} [Thu Jul 16 08:11:19 2026] GET /v3/7857acf726754cfba4ae1e78ffb4fbc1/os-quota-sets/703e1ea10522460c8fc521db155a8410?usage=true => generated 847 bytes in 36 msecs (HTTP/1.1 200) 7 headers in 285 bytes (1 switches on core 0)
2026-07-16 08:11:19.165 8 INFO cinder.api.openstack.wsgi [None req-4f346980-38cf-4543-88af-e9d602b633ed 6a0ef2ad263749a29f7b3a7019209407 7857acf726754cfba4ae1e78ffb4fbc1 - - default default] GET http://cinder-api.openstack.svc.cluster.local:8776/v3/7857acf726754cfba4ae1e78ffb4fbc1/os-quota-sets/7857acf726754cfba4ae1e78ffb4fbc1?usage=true
2026-07-16 08:11:19.181 7 INFO cinder.api.openstack.wsgi [None req-9af3a3db-86b9-48b8-9553-088e18cbaf6a 6a0ef2ad263749a29f7b3a7019209407 7857acf726754cfba4ae1e78ffb4fbc1 - - default default] GET http://10.0.0.210:8776/
2026-07-16 08:11:19.181 7 INFO cinder.api.openstack.wsgi [None req-9af3a3db-86b9-48b8-9553-088e18cbaf6a 6a0ef2ad263749a29f7b3a7019209407 7857acf726754cfba4ae1e78ffb4fbc1 - - default default] http://10.0.0.210:8776/ returned with HTTP 300
2026-07-16 08:11:19.182 7 INFO cinder.api.openstack.wsgi [None req-9af3a3db-86b9-48b8-9553-088e18cbaf6a 6a0ef2ad263749a29f7b3a7019209407 7857acf726754cfba4ae1e78ffb4fbc1 - - default default] GET http://10.0.0.210:8776/
2026-07-16 08:11:19.183 7 INFO cinder.api.openstack.wsgi [None req-9af3a3db-86b9-48b8-9553-088e18cbaf6a 6a0ef2ad263749a29f7b3a7019209407 7857acf726754cfba4ae1e78ffb4fbc1 - - default default] http://10.0.0.210:8776/ returned with HTTP 300
2026-07-16 08:11:19.198 8 INFO cinder.api.openstack.wsgi [None req-4f346980-38cf-4543-88af-e9d602b633ed 6a0ef2ad263749a29f7b3a7019209407 7857acf726754cfba4ae1e78ffb4fbc1 - - default default] http://cinder-api.openstack.svc.cluster.local:8776/v3/7857acf726754cfba4ae1e78ffb4fbc1/os-quota-sets/7857acf726754cfba4ae1e78ffb4fbc1?usage=true returned with HTTP 200 [pid: 8|app: 0|req: 370/750] 10.0.0.208 () {28 vars in 736 bytes} [Thu Jul 16 08:11:19 2026] GET /v3/7857acf726754cfba4ae1e78ffb4fbc1/os-quota-sets/7857acf726754cfba4ae1e78ffb4fbc1?usage=true => generated 845 bytes in 42 msecs (HTTP/1.1 200) 7 headers in 285 bytes (1 switches on core 0)
2026-07-16 08:11:19.210 7 INFO cinder.api.openstack.wsgi [None req-615054bb-69aa-4b16-b9ff-93705419638c 6a0ef2ad263749a29f7b3a7019209407 7857acf726754cfba4ae1e78ffb4fbc1 - - default default] GET http://cinder-api.openstack.svc.cluster.local:8776/v3/7857acf726754cfba4ae1e78ffb4fbc1/os-quota-sets/86664de68fa440c79d78b7ec61874797?usage=true
2026-07-16 08:11:19.226 7 INFO cinder.api.openstack.wsgi [None req-615054bb-69aa-4b16-b9ff-93705419638c 6a0ef2ad263749a29f7b3a7019209407 7857acf726754cfba4ae1e78ffb4fbc1 - - default default] http://cinder-api.openstack.svc.cluster.local:8776/v3/7857acf726754cfba4ae1e78ffb4fbc1/os-quota-sets/86664de68fa440c79d78b7ec61874797?usage=true returned with HTTP 200 [pid: 7|app: 0|req: 381/751] 10.0.0.208 () {28 vars in 736 bytes} [Thu Jul 16 08:11:19 2026] GET /v3/7857acf726754cfba4ae1e78ffb4fbc1/os-quota-sets/86664de68fa440c79d78b7ec61874797?usage=true => generated 845 bytes in 23 msecs (HTTP/1.1 200) 7 headers in 285 bytes (1 switches on core 0)
2026-07-16 08:11:19.238 8 INFO cinder.api.openstack.wsgi [None req-46ca4344-9e7f-4951-a216-b7e048179bf6 6a0ef2ad263749a29f7b3a7019209407 7857acf726754cfba4ae1e78ffb4fbc1 - - default default] GET http://cinder-api.openstack.svc.cluster.local:8776/v3/7857acf726754cfba4ae1e78ffb4fbc1/os-quota-sets/b6713d4ed221425ab59b8966479772c5?usage=true
2026-07-16 08:11:19.260 8 INFO cinder.api.openstack.wsgi [None req-46ca4344-9e7f-4951-a216-b7e048179bf6 6a0ef2ad263749a29f7b3a7019209407 7857acf726754cfba4ae1e78ffb4fbc1 - - default default] http://cinder-api.openstack.svc.cluster.local:8776/v3/7857acf726754cfba4ae1e78ffb4fbc1/os-quota-sets/b6713d4ed221425ab59b8966479772c5?usage=true returned with HTTP 200 [pid: 8|app: 0|req: 371/752] 10.0.0.208 () {28 vars in 736 bytes} [Thu Jul 16 08:11:19 2026] GET /v3/7857acf726754cfba4ae1e78ffb4fbc1/os-quota-sets/b6713d4ed221425ab59b8966479772c5?usage=true => generated 847 bytes in 28 msecs (HTTP/1.1 200) 7 headers in 285 bytes (1 switches on core 0)
2026-07-16 08:11:19.269 7 INFO cinder.api.openstack.wsgi [None req-a50075b9-9bee-4c06-979c-408ec919bcef 6a0ef2ad263749a29f7b3a7019209407 7857acf726754cfba4ae1e78ffb4fbc1 - - default default] GET http://cinder-api.openstack.svc.cluster.local:8776/v3/7857acf726754cfba4ae1e78ffb4fbc1/os-quota-sets/dbb63771913f4777b042251b023242d3?usage=true
2026-07-16 08:11:19.293 7 INFO cinder.api.openstack.wsgi [None req-a50075b9-9bee-4c06-979c-408ec919bcef 6a0ef2ad263749a29f7b3a7019209407 7857acf726754cfba4ae1e78ffb4fbc1 - - default default] http://cinder-api.openstack.svc.cluster.local:8776/v3/7857acf726754cfba4ae1e78ffb4fbc1/os-quota-sets/dbb63771913f4777b042251b023242d3?usage=true returned with HTTP 200 [pid: 7|app: 0|req: 382/753] 10.0.0.208 () {28 vars in 736 bytes} [Thu Jul 16 08:11:19 2026] GET /v3/7857acf726754cfba4ae1e78ffb4fbc1/os-quota-sets/dbb63771913f4777b042251b023242d3?usage=true => generated 847 bytes in 30 msecs (HTTP/1.1 200) 7 headers in 285 bytes (1 switches on core 0)
2026-07-16 08:11:19.303 8 INFO cinder.api.openstack.wsgi [None req-5f08e2e4-0296-4cfe-bab3-3b9f783c849c 6a0ef2ad263749a29f7b3a7019209407 7857acf726754cfba4ae1e78ffb4fbc1 - - default default] GET http://cinder-api.openstack.svc.cluster.local:8776/v3/7857acf726754cfba4ae1e78ffb4fbc1/os-quota-sets/e724ef1ee3a34187a0674ac9589bcf48?usage=true
2026-07-16 08:11:19.323 8 INFO cinder.api.openstack.wsgi [None req-5f08e2e4-0296-4cfe-bab3-3b9f783c849c 6a0ef2ad263749a29f7b3a7019209407 7857acf726754cfba4ae1e78ffb4fbc1 - - default default] http://cinder-api.openstack.svc.cluster.local:8776/v3/7857acf726754cfba4ae1e78ffb4fbc1/os-quota-sets/e724ef1ee3a34187a0674ac9589bcf48?usage=true returned with HTTP 200 [pid: 8|app: 0|req: 372/754] 10.0.0.208 () {28 vars in 736 bytes} [Thu Jul 16 08:11:19 2026] GET /v3/7857acf726754cfba4ae1e78ffb4fbc1/os-quota-sets/e724ef1ee3a34187a0674ac9589bcf48?usage=true => generated 847 bytes in 27 msecs (HTTP/1.1 200) 7 headers in 285 bytes (1 switches on core 0)
2026-07-16 08:11:29.181 7 INFO cinder.api.openstack.wsgi [None req-a50075b9-9bee-4c06-979c-408ec919bcef 6a0ef2ad263749a29f7b3a7019209407 7857acf726754cfba4ae1e78ffb4fbc1 - - default default] GET http://10.0.0.210:8776/
2026-07-16 08:11:29.181 8 INFO cinder.api.openstack.wsgi [None req-5f08e2e4-0296-4cfe-bab3-3b9f783c849c 6a0ef2ad263749a29f7b3a7019209407 7857acf726754cfba4ae1e78ffb4fbc1 - - default default] GET http://10.0.0.210:8776/
2026-07-16 08:11:29.182 7 INFO cinder.api.openstack.wsgi [None req-a50075b9-9bee-4c06-979c-408ec919bcef 6a0ef2ad263749a29f7b3a7019209407 7857acf726754cfba4ae1e78ffb4fbc1 - - default default] http://10.0.0.210:8776/ returned with HTTP 300
2026-07-16 08:11:29.183 8 INFO cinder.api.openstack.wsgi [None req-5f08e2e4-0296-4cfe-bab3-3b9f783c849c 6a0ef2ad263749a29f7b3a7019209407 7857acf726754cfba4ae1e78ffb4fbc1 - - default default] http://10.0.0.210:8776/ returned with HTTP 300
2026-07-16 08:11:39.182 8 INFO cinder.api.openstack.wsgi [None req-5f08e2e4-0296-4cfe-bab3-3b9f783c849c 6a0ef2ad263749a29f7b3a7019209407 7857acf726754cfba4ae1e78ffb4fbc1 - - default default] GET http://10.0.0.210:8776/
2026-07-16 08:11:39.182 7 INFO cinder.api.openstack.wsgi [None req-a50075b9-9bee-4c06-979c-408ec919bcef 6a0ef2ad263749a29f7b3a7019209407 7857acf726754cfba4ae1e78ffb4fbc1 - - default default] GET http://10.0.0.210:8776/
2026-07-16 08:11:39.182 8 INFO cinder.api.openstack.wsgi [None req-5f08e2e4-0296-4cfe-bab3-3b9f783c849c 6a0ef2ad263749a29f7b3a7019209407 7857acf726754cfba4ae1e78ffb4fbc1 - - default default] http://10.0.0.210:8776/ returned with HTTP 300
2026-07-16 08:11:39.183 7 INFO cinder.api.openstack.wsgi [None req-a50075b9-9bee-4c06-979c-408ec919bcef 6a0ef2ad263749a29f7b3a7019209407 7857acf726754cfba4ae1e78ffb4fbc1 - - default default] http://10.0.0.210:8776/ returned with HTTP 300
2026-07-16 08:11:49.182 8 INFO cinder.api.openstack.wsgi [None req-5f08e2e4-0296-4cfe-bab3-3b9f783c849c 6a0ef2ad263749a29f7b3a7019209407 7857acf726754cfba4ae1e78ffb4fbc1 - - default default] GET http://10.0.0.210:8776/
2026-07-16 08:11:49.182 7 INFO cinder.api.openstack.wsgi [None req-a50075b9-9bee-4c06-979c-408ec919bcef 6a0ef2ad263749a29f7b3a7019209407 7857acf726754cfba4ae1e78ffb4fbc1 - - default default] GET http://10.0.0.210:8776/
2026-07-16 08:11:49.183 7 INFO cinder.api.openstack.wsgi [None req-a50075b9-9bee-4c06-979c-408ec919bcef 6a0ef2ad263749a29f7b3a7019209407 7857acf726754cfba4ae1e78ffb4fbc1 - - default default] http://10.0.0.210:8776/ returned with HTTP 300
2026-07-16 08:11:49.184 8 INFO cinder.api.openstack.wsgi [None req-5f08e2e4-0296-4cfe-bab3-3b9f783c849c 6a0ef2ad263749a29f7b3a7019209407 7857acf726754cfba4ae1e78ffb4fbc1 - - default default] http://10.0.0.210:8776/ returned with HTTP 300
2026-07-16 08:11:59.181 7 INFO cinder.api.openstack.wsgi [None req-a50075b9-9bee-4c06-979c-408ec919bcef 6a0ef2ad263749a29f7b3a7019209407 7857acf726754cfba4ae1e78ffb4fbc1 - - default default] GET http://10.0.0.210:8776/
2026-07-16 08:11:59.182 8 INFO cinder.api.openstack.wsgi [None req-5f08e2e4-0296-4cfe-bab3-3b9f783c849c 6a0ef2ad263749a29f7b3a7019209407 7857acf726754cfba4ae1e78ffb4fbc1 - - default default] GET http://10.0.0.210:8776/
2026-07-16 08:11:59.182 7 INFO cinder.api.openstack.wsgi [None req-a50075b9-9bee-4c06-979c-408ec919bcef 6a0ef2ad263749a29f7b3a7019209407 7857acf726754cfba4ae1e78ffb4fbc1 - - default default] http://10.0.0.210:8776/ returned with HTTP 300
2026-07-16 08:11:59.183 8 INFO cinder.api.openstack.wsgi [None req-5f08e2e4-0296-4cfe-bab3-3b9f783c849c 6a0ef2ad263749a29f7b3a7019209407 7857acf726754cfba4ae1e78ffb4fbc1 - - default default] http://10.0.0.210:8776/ returned with HTTP 300
2026-07-16 08:12:09.181 7 INFO cinder.api.openstack.wsgi [None req-a50075b9-9bee-4c06-979c-408ec919bcef 6a0ef2ad263749a29f7b3a7019209407 7857acf726754cfba4ae1e78ffb4fbc1 - - default default] GET http://10.0.0.210:8776/
2026-07-16 08:12:09.181 8 INFO cinder.api.openstack.wsgi [None req-5f08e2e4-0296-4cfe-bab3-3b9f783c849c 6a0ef2ad263749a29f7b3a7019209407 7857acf726754cfba4ae1e78ffb4fbc1 - - default default] GET http://10.0.0.210:8776/
2026-07-16 08:12:09.182 7 INFO cinder.api.openstack.wsgi [None req-a50075b9-9bee-4c06-979c-408ec919bcef 6a0ef2ad263749a29f7b3a7019209407 7857acf726754cfba4ae1e78ffb4fbc1 - - default default] http://10.0.0.210:8776/ returned with HTTP 300
2026-07-16 08:12:09.183 8 INFO cinder.api.openstack.wsgi [None req-5f08e2e4-0296-4cfe-bab3-3b9f783c849c 6a0ef2ad263749a29f7b3a7019209407 7857acf726754cfba4ae1e78ffb4fbc1 - - default default] http://10.0.0.210:8776/ returned with HTTP 300
2026-07-16 08:12:18.401 7 INFO cinder.api.openstack.wsgi [None req-5d6dce80-2e24-42d2-9bb9-fcc1d1674925 6a0ef2ad263749a29f7b3a7019209407 7857acf726754cfba4ae1e78ffb4fbc1 - - default default] GET http://cinder-api.openstack.svc.cluster.local:8776/v3/7857acf726754cfba4ae1e78ffb4fbc1/volumes/detail?all_tenants=true
2026-07-16 08:12:18.415 7 INFO cinder.volume.api [None req-5d6dce80-2e24-42d2-9bb9-fcc1d1674925 6a0ef2ad263749a29f7b3a7019209407 7857acf726754cfba4ae1e78ffb4fbc1 - - default default] Get all volumes completed successfully.
2026-07-16 08:12:18.418 7 INFO cinder.api.openstack.wsgi [None req-5d6dce80-2e24-42d2-9bb9-fcc1d1674925 6a0ef2ad263749a29f7b3a7019209407 7857acf726754cfba4ae1e78ffb4fbc1 - - default default] http://cinder-api.openstack.svc.cluster.local:8776/v3/7857acf726754cfba4ae1e78ffb4fbc1/volumes/detail?all_tenants=true returned with HTTP 200 [pid: 7|app: 0|req: 388/765] 10.0.0.208 () {28 vars in 684 bytes} [Thu Jul 16 08:12:18 2026] GET /v3/7857acf726754cfba4ae1e78ffb4fbc1/volumes/detail?all_tenants=true => generated 15 bytes in 155 msecs (HTTP/1.1 200) 7 headers in 284 bytes (1 switches on core 0)
2026-07-16 08:12:18.478 8 INFO cinder.api.openstack.wsgi [None req-032256b7-95f3-4f5f-98ef-1176ebcf418a 6a0ef2ad263749a29f7b3a7019209407 7857acf726754cfba4ae1e78ffb4fbc1 - - default default] GET http://cinder-api.openstack.svc.cluster.local:8776/v3/7857acf726754cfba4ae1e78ffb4fbc1/os-quota-sets/16bd048f4ca848f2a6fb91b4ce533acb?usage=true
2026-07-16 08:12:18.505 8 INFO cinder.api.openstack.wsgi [None req-032256b7-95f3-4f5f-98ef-1176ebcf418a 6a0ef2ad263749a29f7b3a7019209407 7857acf726754cfba4ae1e78ffb4fbc1 - - default default] http://cinder-api.openstack.svc.cluster.local:8776/v3/7857acf726754cfba4ae1e78ffb4fbc1/os-quota-sets/16bd048f4ca848f2a6fb91b4ce533acb?usage=true returned with HTTP 200 [pid: 8|app: 0|req: 378/766] 10.0.0.208 () {28 vars in 736 bytes} [Thu Jul 16 08:12:18 2026] GET /v3/7857acf726754cfba4ae1e78ffb4fbc1/os-quota-sets/16bd048f4ca848f2a6fb91b4ce533acb?usage=true => generated 847 bytes in 37 msecs (HTTP/1.1 200) 7 headers in 285 bytes (1 switches on core 0)
2026-07-16 08:12:18.526 7 INFO cinder.api.openstack.wsgi [None req-af2977c5-3e48-49fb-b71a-412891f32aa0 6a0ef2ad263749a29f7b3a7019209407 7857acf726754cfba4ae1e78ffb4fbc1 - - default default] GET http://cinder-api.openstack.svc.cluster.local:8776/v3/7857acf726754cfba4ae1e78ffb4fbc1/os-quota-sets/1fd6d2a366c44071a36b423e788ae9f9?usage=true
2026-07-16 08:12:18.551 7 INFO cinder.api.openstack.wsgi [None req-af2977c5-3e48-49fb-b71a-412891f32aa0 6a0ef2ad263749a29f7b3a7019209407 7857acf726754cfba4ae1e78ffb4fbc1 - - default default] http://cinder-api.openstack.svc.cluster.local:8776/v3/7857acf726754cfba4ae1e78ffb4fbc1/os-quota-sets/1fd6d2a366c44071a36b423e788ae9f9?usage=true returned with HTTP 200 [pid: 7|app: 0|req: 389/767] 10.0.0.208 () {28 vars in 736 bytes} [Thu Jul 16 08:12:18 2026] GET /v3/7857acf726754cfba4ae1e78ffb4fbc1/os-quota-sets/1fd6d2a366c44071a36b423e788ae9f9?usage=true => generated 847 bytes in 41 msecs (HTTP/1.1 200) 7 headers in 285 bytes (1 switches on core 0)
2026-07-16 08:12:18.564 8 INFO cinder.api.openstack.wsgi [None req-95e1248a-9c6b-4b4c-9096-8301dc81d5d8 6a0ef2ad263749a29f7b3a7019209407 7857acf726754cfba4ae1e78ffb4fbc1 - - default default] GET http://cinder-api.openstack.svc.cluster.local:8776/v3/7857acf726754cfba4ae1e78ffb4fbc1/os-quota-sets/5298ea00ed30488c9badc2c9d3d7ddb0?usage=true
2026-07-16 08:12:18.585 8 INFO cinder.api.openstack.wsgi [None req-95e1248a-9c6b-4b4c-9096-8301dc81d5d8 6a0ef2ad263749a29f7b3a7019209407 7857acf726754cfba4ae1e78ffb4fbc1 - - default default] http://cinder-api.openstack.svc.cluster.local:8776/v3/7857acf726754cfba4ae1e78ffb4fbc1/os-quota-sets/5298ea00ed30488c9badc2c9d3d7ddb0?usage=true returned with HTTP 200 [pid: 8|app: 0|req: 379/768] 10.0.0.208 () {28 vars in 736 bytes} [Thu Jul 16 08:12:18 2026] GET /v3/7857acf726754cfba4ae1e78ffb4fbc1/os-quota-sets/5298ea00ed30488c9badc2c9d3d7ddb0?usage=true => generated 847 bytes in 30 msecs (HTTP/1.1 200) 7 headers in 285 bytes (1 switches on core 0)
2026-07-16 08:12:18.597 7 INFO cinder.api.openstack.wsgi [None req-ee0f019f-39c8-49b0-9af4-477ac3e49f76 6a0ef2ad263749a29f7b3a7019209407 7857acf726754cfba4ae1e78ffb4fbc1 - - default default] GET http://cinder-api.openstack.svc.cluster.local:8776/v3/7857acf726754cfba4ae1e78ffb4fbc1/os-quota-sets/64055b53a173411182d8b9cefef41aca?usage=true
2026-07-16 08:12:18.615 7 INFO cinder.api.openstack.wsgi [None req-ee0f019f-39c8-49b0-9af4-477ac3e49f76 6a0ef2ad263749a29f7b3a7019209407 7857acf726754cfba4ae1e78ffb4fbc1 - - default default] http://cinder-api.openstack.svc.cluster.local:8776/v3/7857acf726754cfba4ae1e78ffb4fbc1/os-quota-sets/64055b53a173411182d8b9cefef41aca?usage=true returned with HTTP 200 [pid: 7|app: 0|req: 390/769] 10.0.0.208 () {28 vars in 736 bytes} [Thu Jul 16 08:12:18 2026] GET /v3/7857acf726754cfba4ae1e78ffb4fbc1/os-quota-sets/64055b53a173411182d8b9cefef41aca?usage=true => generated 847 bytes in 25 msecs (HTTP/1.1 200) 7 headers in 285 bytes (1 switches on core 0)
2026-07-16 08:12:18.625 8 INFO cinder.api.openstack.wsgi [None req-3eac1be4-233c-4855-9702-2323b33a758b 6a0ef2ad263749a29f7b3a7019209407 7857acf726754cfba4ae1e78ffb4fbc1 - - default default] GET http://cinder-api.openstack.svc.cluster.local:8776/v3/7857acf726754cfba4ae1e78ffb4fbc1/os-quota-sets/7857acf726754cfba4ae1e78ffb4fbc1?usage=true
2026-07-16 08:12:18.646 8 INFO cinder.api.openstack.wsgi [None req-3eac1be4-233c-4855-9702-2323b33a758b 6a0ef2ad263749a29f7b3a7019209407 7857acf726754cfba4ae1e78ffb4fbc1 - - default default] http://cinder-api.openstack.svc.cluster.local:8776/v3/7857acf726754cfba4ae1e78ffb4fbc1/os-quota-sets/7857acf726754cfba4ae1e78ffb4fbc1?usage=true returned with HTTP 200 [pid: 8|app: 0|req: 380/770] 10.0.0.208 () {28 vars in 736 bytes} [Thu Jul 16 08:12:18 2026] GET /v3/7857acf726754cfba4ae1e78ffb4fbc1/os-quota-sets/7857acf726754cfba4ae1e78ffb4fbc1?usage=true => generated 845 bytes in 27 msecs (HTTP/1.1 200) 7 headers in 285 bytes (1 switches on core 0)
2026-07-16 08:12:18.658 7 INFO cinder.api.openstack.wsgi [None req-ec742d7c-4983-40e9-9f42-dda0def169d3 6a0ef2ad263749a29f7b3a7019209407 7857acf726754cfba4ae1e78ffb4fbc1 - - default default] GET http://cinder-api.openstack.svc.cluster.local:8776/v3/7857acf726754cfba4ae1e78ffb4fbc1/os-quota-sets/86664de68fa440c79d78b7ec61874797?usage=true
2026-07-16 08:12:18.675 7 INFO cinder.api.openstack.wsgi [None req-ec742d7c-4983-40e9-9f42-dda0def169d3 6a0ef2ad263749a29f7b3a7019209407 7857acf726754cfba4ae1e78ffb4fbc1 - - default default] http://cinder-api.openstack.svc.cluster.local:8776/v3/7857acf726754cfba4ae1e78ffb4fbc1/os-quota-sets/86664de68fa440c79d78b7ec61874797?usage=true returned with HTTP 200 [pid: 7|app: 0|req: 391/771] 10.0.0.208 () {28 vars in 736 bytes} [Thu Jul 16 08:12:18 2026] GET /v3/7857acf726754cfba4ae1e78ffb4fbc1/os-quota-sets/86664de68fa440c79d78b7ec61874797?usage=true => generated 845 bytes in 25 msecs (HTTP/1.1 200) 7 headers in 285 bytes (1 switches on core 0)
2026-07-16 08:12:18.687 8 INFO cinder.api.openstack.wsgi [None req-03a1cb61-9723-4c44-854f-222afa5df34a 6a0ef2ad263749a29f7b3a7019209407 7857acf726754cfba4ae1e78ffb4fbc1 - - default default] GET http://cinder-api.openstack.svc.cluster.local:8776/v3/7857acf726754cfba4ae1e78ffb4fbc1/os-quota-sets/dbb63771913f4777b042251b023242d3?usage=true
2026-07-16 08:12:18.706 8 INFO cinder.api.openstack.wsgi [None req-03a1cb61-9723-4c44-854f-222afa5df34a 6a0ef2ad263749a29f7b3a7019209407 7857acf726754cfba4ae1e78ffb4fbc1 - - default default] http://cinder-api.openstack.svc.cluster.local:8776/v3/7857acf726754cfba4ae1e78ffb4fbc1/os-quota-sets/dbb63771913f4777b042251b023242d3?usage=true returned with HTTP 200 [pid: 8|app: 0|req: 381/772] 10.0.0.208 () {28 vars in 736 bytes} [Thu Jul 16 08:12:18 2026] GET /v3/7857acf726754cfba4ae1e78ffb4fbc1/os-quota-sets/dbb63771913f4777b042251b023242d3?usage=true => generated 847 bytes in 27 msecs (HTTP/1.1 200) 7 headers in 285 bytes (1 switches on core 0)
2026-07-16 08:12:18.719 7 INFO cinder.api.openstack.wsgi [None req-c12132d7-4478-4f75-9f96-e4baa2d88357 6a0ef2ad263749a29f7b3a7019209407 7857acf726754cfba4ae1e78ffb4fbc1 - - default default] GET http://cinder-api.openstack.svc.cluster.local:8776/v3/7857acf726754cfba4ae1e78ffb4fbc1/snapshots?all_tenants=true
2026-07-16 08:12:18.723 7 INFO cinder.volume.api [None req-c12132d7-4478-4f75-9f96-e4baa2d88357 6a0ef2ad263749a29f7b3a7019209407 7857acf726754cfba4ae1e78ffb4fbc1 - - default default] Get all snapshots completed successfully.
2026-07-16 08:12:18.723 7 INFO cinder.api.openstack.wsgi [None req-c12132d7-4478-4f75-9f96-e4baa2d88357 6a0ef2ad263749a29f7b3a7019209407 7857acf726754cfba4ae1e78ffb4fbc1 - - default default] http://cinder-api.openstack.svc.cluster.local:8776/v3/7857acf726754cfba4ae1e78ffb4fbc1/snapshots?all_tenants=true returned with HTTP 200 [pid: 7|app: 0|req: 392/773] 10.0.0.208 () {28 vars in 674 bytes} [Thu Jul 16 08:12:18 2026] GET /v3/7857acf726754cfba4ae1e78ffb4fbc1/snapshots?all_tenants=true => generated 17 bytes in 11 msecs (HTTP/1.1 200) 7 headers in 284 bytes (1 switches on core 0)
2026-07-16 08:12:18.737 8 INFO cinder.api.openstack.wsgi [None req-056a8482-0cf2-4b3d-b7c0-0c4f1c265891 6a0ef2ad263749a29f7b3a7019209407 7857acf726754cfba4ae1e78ffb4fbc1 - - default default] GET http://cinder-api.openstack.svc.cluster.local:8776/v3/7857acf726754cfba4ae1e78ffb4fbc1/os-services
2026-07-16 08:12:18.742 8 INFO cinder.api.openstack.wsgi [None req-056a8482-0cf2-4b3d-b7c0-0c4f1c265891 6a0ef2ad263749a29f7b3a7019209407 7857acf726754cfba4ae1e78ffb4fbc1 - - default default] http://cinder-api.openstack.svc.cluster.local:8776/v3/7857acf726754cfba4ae1e78ffb4fbc1/os-services returned with HTTP 200 [pid: 8|app: 0|req: 382/774] 10.0.0.208 () {28 vars in 645 bytes} [Thu Jul 16 08:12:18 2026] GET /v3/7857acf726754cfba4ae1e78ffb4fbc1/os-services => generated 646 bytes in 13 msecs (HTTP/1.1 200) 7 headers in 285 bytes (1 switches on core 0)
2026-07-16 08:12:18.752 7 INFO cinder.api.openstack.wsgi [None req-63582fc0-8b57-4d42-abbb-0ca46e89d744 6a0ef2ad263749a29f7b3a7019209407 7857acf726754cfba4ae1e78ffb4fbc1 - - default default] GET http://cinder-api.openstack.svc.cluster.local:8776/v3/7857acf726754cfba4ae1e78ffb4fbc1/volumes/detail?all_tenants=true
2026-07-16 08:12:18.761 7 INFO cinder.volume.api [None req-63582fc0-8b57-4d42-abbb-0ca46e89d744 6a0ef2ad263749a29f7b3a7019209407 7857acf726754cfba4ae1e78ffb4fbc1 - - default default] Get all volumes completed successfully.
2026-07-16 08:12:18.762 7 INFO cinder.api.openstack.wsgi [None req-63582fc0-8b57-4d42-abbb-0ca46e89d744 6a0ef2ad263749a29f7b3a7019209407 7857acf726754cfba4ae1e78ffb4fbc1 - - default default] http://cinder-api.openstack.svc.cluster.local:8776/v3/7857acf726754cfba4ae1e78ffb4fbc1/volumes/detail?all_tenants=true returned with HTTP 200 [pid: 7|app: 0|req: 393/775] 10.0.0.208 () {28 vars in 684 bytes} [Thu Jul 16 08:12:18 2026] GET /v3/7857acf726754cfba4ae1e78ffb4fbc1/volumes/detail?all_tenants=true => generated 15 bytes in 17 msecs (HTTP/1.1 200) 7 headers in 284 bytes (1 switches on core 0)
2026-07-16 08:12:18.775 8 INFO cinder.api.openstack.wsgi [None req-5db54de8-e4b9-4049-aa37-ae51fec39281 6a0ef2ad263749a29f7b3a7019209407 7857acf726754cfba4ae1e78ffb4fbc1 - - default default] GET http://cinder-api.openstack.svc.cluster.local:8776/v3/7857acf726754cfba4ae1e78ffb4fbc1/scheduler-stats/get_pools?detail=true
2026-07-16 08:12:19.181 7 INFO cinder.api.openstack.wsgi [None req-63582fc0-8b57-4d42-abbb-0ca46e89d744 6a0ef2ad263749a29f7b3a7019209407 7857acf726754cfba4ae1e78ffb4fbc1 - - default default] GET http://10.0.0.210:8776/
2026-07-16 08:12:19.182 7 INFO cinder.api.openstack.wsgi [None req-63582fc0-8b57-4d42-abbb-0ca46e89d744 6a0ef2ad263749a29f7b3a7019209407 7857acf726754cfba4ae1e78ffb4fbc1 - - default default] http://10.0.0.210:8776/ returned with HTTP 300
2026-07-16 08:12:19.183 7 INFO cinder.api.openstack.wsgi [None req-63582fc0-8b57-4d42-abbb-0ca46e89d744 6a0ef2ad263749a29f7b3a7019209407 7857acf726754cfba4ae1e78ffb4fbc1 - - default default] GET http://10.0.0.210:8776/
2026-07-16 08:12:19.184 7 INFO cinder.api.openstack.wsgi [None req-63582fc0-8b57-4d42-abbb-0ca46e89d744 6a0ef2ad263749a29f7b3a7019209407 7857acf726754cfba4ae1e78ffb4fbc1 - - default default] http://10.0.0.210:8776/ returned with HTTP 300
2026-07-16 08:12:19.279 8 INFO cinder.api.openstack.wsgi [None req-5db54de8-e4b9-4049-aa37-ae51fec39281 6a0ef2ad263749a29f7b3a7019209407 7857acf726754cfba4ae1e78ffb4fbc1 - - default default] http://cinder-api.openstack.svc.cluster.local:8776/v3/7857acf726754cfba4ae1e78ffb4fbc1/scheduler-stats/get_pools?detail=true returned with HTTP 200 [pid: 8|app: 0|req: 383/778] 10.0.0.208 () {28 vars in 696 bytes} [Thu Jul 16 08:12:18 2026] GET /v3/7857acf726754cfba4ae1e78ffb4fbc1/scheduler-stats/get_pools?detail=true => generated 668 bytes in 513 msecs (HTTP/1.1 200) 7 headers in 285 bytes (1 switches on core 0)
2026-07-16 08:12:21.299 7 INFO cinder.api.openstack.wsgi [None req-300ca66d-db35-4c46-8bb7-8a374f2afcd3 1a62f5454a6d47b1a6a7f8930c93d047 8c0f35540abf45be8ee114539ea5ce6d - - default default] POST http://cinder-api.openstack.svc.cluster.local:8776/v3/8c0f35540abf45be8ee114539ea5ce6d/volumes
2026-07-16 08:12:21.302 7 INFO cinder.api.v3.volumes [None req-300ca66d-db35-4c46-8bb7-8a374f2afcd3 1a62f5454a6d47b1a6a7f8930c93d047 8c0f35540abf45be8ee114539ea5ce6d - - default default] Create volume of 1 GB
2026-07-16 08:12:21.310 7 INFO cinder.volume.api [None req-300ca66d-db35-4c46-8bb7-8a374f2afcd3 1a62f5454a6d47b1a6a7f8930c93d047 8c0f35540abf45be8ee114539ea5ce6d - - default default] Availability Zones retrieved successfully.
2026-07-16 08:12:21.512 7 INFO cinder.volume.api [None req-300ca66d-db35-4c46-8bb7-8a374f2afcd3 1a62f5454a6d47b1a6a7f8930c93d047 8c0f35540abf45be8ee114539ea5ce6d - - default default] Create volume request issued successfully.
2026-07-16 08:12:21.513 7 INFO cinder.api.openstack.wsgi [None req-300ca66d-db35-4c46-8bb7-8a374f2afcd3 1a62f5454a6d47b1a6a7f8930c93d047 8c0f35540abf45be8ee114539ea5ce6d - - default default] http://cinder-api.openstack.svc.cluster.local:8776/v3/8c0f35540abf45be8ee114539ea5ce6d/volumes returned with HTTP 202 [pid: 7|app: 0|req: 396/779] 10.0.0.194 () {34 vars in 723 bytes} [Thu Jul 16 08:12:21 2026] POST /v3/8c0f35540abf45be8ee114539ea5ce6d/volumes => generated 870 bytes in 451 msecs (HTTP/1.1 202) 7 headers in 291 bytes (1 switches on core 0)
2026-07-16 08:12:21.546 8 INFO cinder.api.openstack.wsgi [None req-dfd7331c-cbc2-4b19-95f8-d66d697b40a7 1a62f5454a6d47b1a6a7f8930c93d047 8c0f35540abf45be8ee114539ea5ce6d - - default default] GET http://cinder-api.openstack.svc.cluster.local:8776/v3/8c0f35540abf45be8ee114539ea5ce6d/volumes/92246f92-9e9a-4b94-b6a6-383a394613f5 /var/lib/openstack/lib/python3.12/site-packages/oslo_context/context.py:101: DeprecationWarning: Policy enforcement is depending on the value of is_admin. This key is deprecated. Please update your policy file to use the standard policy values. warnings.warn(
2026-07-16 08:12:21.559 8 INFO cinder.volume.api [None req-dfd7331c-cbc2-4b19-95f8-d66d697b40a7 1a62f5454a6d47b1a6a7f8930c93d047 8c0f35540abf45be8ee114539ea5ce6d - - default default] Volume info retrieved successfully.
2026-07-16 08:12:21.563 8 INFO cinder.api.openstack.wsgi [None req-dfd7331c-cbc2-4b19-95f8-d66d697b40a7 1a62f5454a6d47b1a6a7f8930c93d047 8c0f35540abf45be8ee114539ea5ce6d - - default default] http://cinder-api.openstack.svc.cluster.local:8776/v3/8c0f35540abf45be8ee114539ea5ce6d/volumes/92246f92-9e9a-4b94-b6a6-383a394613f5 returned with HTTP 200 [pid: 8|app: 0|req: 384/780] 10.0.0.194 () {32 vars in 775 bytes} [Thu Jul 16 08:12:21 2026] GET /v3/8c0f35540abf45be8ee114539ea5ce6d/volumes/92246f92-9e9a-4b94-b6a6-383a394613f5 => generated 938 bytes in 26 msecs (HTTP/1.1 200) 7 headers in 285 bytes (1 switches on core 0) /var/lib/openstack/lib/python3.12/site-packages/pycadf/identifier.py:70: UserWarning: Invalid uuid: cinderv3. To ensure interoperability, identifiers should be a valid uuid. warnings.warn(('Invalid uuid: %s. To ensure interoperability, '
2026-07-16 08:12:22.586 7 INFO cinder.api.openstack.wsgi [None req-2091c0b5-72ab-41c8-9c8c-6292e131afbb 1a62f5454a6d47b1a6a7f8930c93d047 8c0f35540abf45be8ee114539ea5ce6d - - default default] GET http://cinder-api.openstack.svc.cluster.local:8776/v3/8c0f35540abf45be8ee114539ea5ce6d/volumes/92246f92-9e9a-4b94-b6a6-383a394613f5 /var/lib/openstack/lib/python3.12/site-packages/oslo_context/context.py:101: DeprecationWarning: Policy enforcement is depending on the value of is_admin. This key is deprecated. Please update your policy file to use the standard policy values. warnings.warn(
2026-07-16 08:12:22.609 7 INFO cinder.volume.api [None req-2091c0b5-72ab-41c8-9c8c-6292e131afbb 1a62f5454a6d47b1a6a7f8930c93d047 8c0f35540abf45be8ee114539ea5ce6d - - default default] Volume info retrieved successfully.
2026-07-16 08:12:22.615 7 INFO cinder.api.openstack.wsgi [None req-2091c0b5-72ab-41c8-9c8c-6292e131afbb 1a62f5454a6d47b1a6a7f8930c93d047 8c0f35540abf45be8ee114539ea5ce6d - - default default] http://cinder-api.openstack.svc.cluster.local:8776/v3/8c0f35540abf45be8ee114539ea5ce6d/volumes/92246f92-9e9a-4b94-b6a6-383a394613f5 returned with HTTP 200 [pid: 7|app: 0|req: 397/781] 10.0.0.194 () {32 vars in 775 bytes} [Thu Jul 16 08:12:22 2026] GET /v3/8c0f35540abf45be8ee114539ea5ce6d/volumes/92246f92-9e9a-4b94-b6a6-383a394613f5 => generated 963 bytes in 35 msecs (HTTP/1.1 200) 7 headers in 285 bytes (1 switches on core 0) /var/lib/openstack/lib/python3.12/site-packages/pycadf/identifier.py:70: UserWarning: Invalid uuid: cinderv3. To ensure interoperability, identifiers should be a valid uuid. warnings.warn(('Invalid uuid: %s. To ensure interoperability, '
2026-07-16 08:12:22.637 8 INFO cinder.api.openstack.wsgi [None req-3c761efa-ddbd-4664-bf61-a874611118a5 1a62f5454a6d47b1a6a7f8930c93d047 8c0f35540abf45be8ee114539ea5ce6d - - default default] GET http://cinder-api.openstack.svc.cluster.local:8776/v3/8c0f35540abf45be8ee114539ea5ce6d/volumes/92246f92-9e9a-4b94-b6a6-383a394613f5 /var/lib/openstack/lib/python3.12/site-packages/oslo_context/context.py:101: DeprecationWarning: Policy enforcement is depending on the value of is_admin. This key is deprecated. Please update your policy file to use the standard policy values. warnings.warn(
2026-07-16 08:12:22.667 8 INFO cinder.volume.api [None req-3c761efa-ddbd-4664-bf61-a874611118a5 1a62f5454a6d47b1a6a7f8930c93d047 8c0f35540abf45be8ee114539ea5ce6d - - default default] Volume info retrieved successfully.
2026-07-16 08:12:22.674 8 INFO cinder.api.openstack.wsgi [None req-3c761efa-ddbd-4664-bf61-a874611118a5 1a62f5454a6d47b1a6a7f8930c93d047 8c0f35540abf45be8ee114539ea5ce6d - - default default] http://cinder-api.openstack.svc.cluster.local:8776/v3/8c0f35540abf45be8ee114539ea5ce6d/volumes/92246f92-9e9a-4b94-b6a6-383a394613f5 returned with HTTP 200 [pid: 8|app: 0|req: 385/782] 10.0.0.194 () {32 vars in 775 bytes} [Thu Jul 16 08:12:22 2026] GET /v3/8c0f35540abf45be8ee114539ea5ce6d/volumes/92246f92-9e9a-4b94-b6a6-383a394613f5 => generated 963 bytes in 45 msecs (HTTP/1.1 200) 7 headers in 285 bytes (1 switches on core 0) /var/lib/openstack/lib/python3.12/site-packages/pycadf/identifier.py:70: UserWarning: Invalid uuid: cinderv3. To ensure interoperability, identifiers should be a valid uuid. warnings.warn(('Invalid uuid: %s. To ensure interoperability, '
2026-07-16 08:12:22.693 7 INFO cinder.api.openstack.wsgi [None req-5958f7a3-89cd-463f-8201-247a33ad3808 1a62f5454a6d47b1a6a7f8930c93d047 8c0f35540abf45be8ee114539ea5ce6d - - default default] PUT http://cinder-api.openstack.svc.cluster.local:8776/v3/8c0f35540abf45be8ee114539ea5ce6d/volumes/92246f92-9e9a-4b94-b6a6-383a394613f5 /var/lib/openstack/lib/python3.12/site-packages/oslo_context/context.py:101: DeprecationWarning: Policy enforcement is depending on the value of is_admin. This key is deprecated. Please update your policy file to use the standard policy values. warnings.warn(
2026-07-16 08:12:22.711 7 INFO cinder.volume.api [None req-5958f7a3-89cd-463f-8201-247a33ad3808 1a62f5454a6d47b1a6a7f8930c93d047 8c0f35540abf45be8ee114539ea5ce6d - - default default] Volume info retrieved successfully.
2026-07-16 08:12:22.719 7 INFO cinder.volume.api [None req-5958f7a3-89cd-463f-8201-247a33ad3808 1a62f5454a6d47b1a6a7f8930c93d047 8c0f35540abf45be8ee114539ea5ce6d - - default default] Volume updated successfully.
2026-07-16 08:12:22.720 7 INFO cinder.api.openstack.wsgi [None req-5958f7a3-89cd-463f-8201-247a33ad3808 1a62f5454a6d47b1a6a7f8930c93d047 8c0f35540abf45be8ee114539ea5ce6d - - default default] http://cinder-api.openstack.svc.cluster.local:8776/v3/8c0f35540abf45be8ee114539ea5ce6d/volumes/92246f92-9e9a-4b94-b6a6-383a394613f5 returned with HTTP 200 [pid: 7|app: 0|req: 398/783] 10.0.0.194 () {34 vars in 795 bytes} [Thu Jul 16 08:12:22 2026] PUT /v3/8c0f35540abf45be8ee114539ea5ce6d/volumes/92246f92-9e9a-4b94-b6a6-383a394613f5 => generated 895 bytes in 36 msecs (HTTP/1.1 200) 7 headers in 285 bytes (1 switches on core 0) /var/lib/openstack/lib/python3.12/site-packages/pycadf/identifier.py:70: UserWarning: Invalid uuid: cinderv3. To ensure interoperability, identifiers should be a valid uuid. warnings.warn(('Invalid uuid: %s. To ensure interoperability, '
2026-07-16 08:12:22.755 8 INFO cinder.api.openstack.wsgi [None req-89d82a96-0b96-4ad7-8295-a33bd0b09f33 1a62f5454a6d47b1a6a7f8930c93d047 8c0f35540abf45be8ee114539ea5ce6d - - default default] PUT http://cinder-api.openstack.svc.cluster.local:8776/v3/8c0f35540abf45be8ee114539ea5ce6d/volumes/92246f92-9e9a-4b94-b6a6-383a394613f5 /var/lib/openstack/lib/python3.12/site-packages/oslo_context/context.py:101: DeprecationWarning: Policy enforcement is depending on the value of is_admin. This key is deprecated. Please update your policy file to use the standard policy values. warnings.warn(
2026-07-16 08:12:22.772 8 INFO cinder.volume.api [None req-89d82a96-0b96-4ad7-8295-a33bd0b09f33 1a62f5454a6d47b1a6a7f8930c93d047 8c0f35540abf45be8ee114539ea5ce6d - - default default] Volume info retrieved successfully.
2026-07-16 08:12:22.780 8 INFO cinder.volume.api [None req-89d82a96-0b96-4ad7-8295-a33bd0b09f33 1a62f5454a6d47b1a6a7f8930c93d047 8c0f35540abf45be8ee114539ea5ce6d - - default default] Volume updated successfully.
2026-07-16 08:12:22.780 8 INFO cinder.api.openstack.wsgi [None req-89d82a96-0b96-4ad7-8295-a33bd0b09f33 1a62f5454a6d47b1a6a7f8930c93d047 8c0f35540abf45be8ee114539ea5ce6d - - default default] http://cinder-api.openstack.svc.cluster.local:8776/v3/8c0f35540abf45be8ee114539ea5ce6d/volumes/92246f92-9e9a-4b94-b6a6-383a394613f5 returned with HTTP 200 [pid: 8|app: 0|req: 386/784] 10.0.0.194 () {34 vars in 796 bytes} [Thu Jul 16 08:12:22 2026] PUT /v3/8c0f35540abf45be8ee114539ea5ce6d/volumes/92246f92-9e9a-4b94-b6a6-383a394613f5 => generated 935 bytes in 34 msecs (HTTP/1.1 200) 7 headers in 285 bytes (1 switches on core 0) /var/lib/openstack/lib/python3.12/site-packages/pycadf/identifier.py:70: UserWarning: Invalid uuid: cinderv3. To ensure interoperability, identifiers should be a valid uuid. warnings.warn(('Invalid uuid: %s. To ensure interoperability, '
2026-07-16 08:12:22.808 7 INFO cinder.api.openstack.wsgi [None req-cdb7d480-5ad0-4e5d-92b7-a7fd88de254f 1a62f5454a6d47b1a6a7f8930c93d047 8c0f35540abf45be8ee114539ea5ce6d - - default default] GET http://cinder-api.openstack.svc.cluster.local:8776/v3/8c0f35540abf45be8ee114539ea5ce6d/volumes/92246f92-9e9a-4b94-b6a6-383a394613f5 /var/lib/openstack/lib/python3.12/site-packages/oslo_context/context.py:101: DeprecationWarning: Policy enforcement is depending on the value of is_admin. This key is deprecated. Please update your policy file to use the standard policy values. warnings.warn(
2026-07-16 08:12:22.825 7 INFO cinder.volume.api [None req-cdb7d480-5ad0-4e5d-92b7-a7fd88de254f 1a62f5454a6d47b1a6a7f8930c93d047 8c0f35540abf45be8ee114539ea5ce6d - - default default] Volume info retrieved successfully.
2026-07-16 08:12:22.831 7 INFO cinder.api.openstack.wsgi [None req-cdb7d480-5ad0-4e5d-92b7-a7fd88de254f 1a62f5454a6d47b1a6a7f8930c93d047 8c0f35540abf45be8ee114539ea5ce6d - - default default] http://cinder-api.openstack.svc.cluster.local:8776/v3/8c0f35540abf45be8ee114539ea5ce6d/volumes/92246f92-9e9a-4b94-b6a6-383a394613f5 returned with HTTP 200 [pid: 7|app: 0|req: 399/785] 10.0.0.194 () {32 vars in 775 bytes} [Thu Jul 16 08:12:22 2026] GET /v3/8c0f35540abf45be8ee114539ea5ce6d/volumes/92246f92-9e9a-4b94-b6a6-383a394613f5 => generated 1003 bytes in 35 msecs (HTTP/1.1 200) 7 headers in 286 bytes (1 switches on core 0) /var/lib/openstack/lib/python3.12/site-packages/pycadf/identifier.py:70: UserWarning: Invalid uuid: cinderv3. To ensure interoperability, identifiers should be a valid uuid. warnings.warn(('Invalid uuid: %s. To ensure interoperability, '
2026-07-16 08:12:22.850 8 INFO cinder.api.openstack.wsgi [None req-45bb2492-c191-4d56-b9de-d364c1340968 1a62f5454a6d47b1a6a7f8930c93d047 8c0f35540abf45be8ee114539ea5ce6d - - default default] POST http://cinder-api.openstack.svc.cluster.local:8776/v3/8c0f35540abf45be8ee114539ea5ce6d/volumes
2026-07-16 08:12:22.852 8 INFO cinder.api.v3.volumes [None req-45bb2492-c191-4d56-b9de-d364c1340968 1a62f5454a6d47b1a6a7f8930c93d047 8c0f35540abf45be8ee114539ea5ce6d - - default default] Create volume of 1 GB
2026-07-16 08:12:22.866 8 INFO cinder.volume.api [None req-45bb2492-c191-4d56-b9de-d364c1340968 1a62f5454a6d47b1a6a7f8930c93d047 8c0f35540abf45be8ee114539ea5ce6d - - default default] Availability Zones retrieved successfully.
2026-07-16 08:12:23.078 8 INFO cinder.volume.api [None req-45bb2492-c191-4d56-b9de-d364c1340968 1a62f5454a6d47b1a6a7f8930c93d047 8c0f35540abf45be8ee114539ea5ce6d - - default default] Create volume request issued successfully.
2026-07-16 08:12:23.079 8 INFO cinder.api.openstack.wsgi [None req-45bb2492-c191-4d56-b9de-d364c1340968 1a62f5454a6d47b1a6a7f8930c93d047 8c0f35540abf45be8ee114539ea5ce6d - - default default] http://cinder-api.openstack.svc.cluster.local:8776/v3/8c0f35540abf45be8ee114539ea5ce6d/volumes returned with HTTP 202 [pid: 8|app: 0|req: 387/786] 10.0.0.194 () {34 vars in 723 bytes} [Thu Jul 16 08:12:22 2026] POST /v3/8c0f35540abf45be8ee114539ea5ce6d/volumes => generated 892 bytes in 234 msecs (HTTP/1.1 202) 7 headers in 291 bytes (1 switches on core 0) /var/lib/openstack/lib/python3.12/site-packages/pycadf/identifier.py:70: UserWarning: Invalid uuid: cinderv3. To ensure interoperability, identifiers should be a valid uuid. warnings.warn(('Invalid uuid: %s. To ensure interoperability, '
2026-07-16 08:12:23.107 7 INFO cinder.api.openstack.wsgi [None req-a66d294f-9e32-45b7-8832-e207196b1e2b 1a62f5454a6d47b1a6a7f8930c93d047 8c0f35540abf45be8ee114539ea5ce6d - - default default] GET http://cinder-api.openstack.svc.cluster.local:8776/v3/8c0f35540abf45be8ee114539ea5ce6d/volumes/5a4d091a-03b5-4f8b-999d-973a8ac00664 /var/lib/openstack/lib/python3.12/site-packages/oslo_context/context.py:101: DeprecationWarning: Policy enforcement is depending on the value of is_admin. This key is deprecated. Please update your policy file to use the standard policy values. warnings.warn(
2026-07-16 08:12:23.133 7 INFO cinder.volume.api [None req-a66d294f-9e32-45b7-8832-e207196b1e2b 1a62f5454a6d47b1a6a7f8930c93d047 8c0f35540abf45be8ee114539ea5ce6d - - default default] Volume info retrieved successfully.
2026-07-16 08:12:23.144 7 INFO cinder.api.openstack.wsgi [None req-a66d294f-9e32-45b7-8832-e207196b1e2b 1a62f5454a6d47b1a6a7f8930c93d047 8c0f35540abf45be8ee114539ea5ce6d - - default default] http://cinder-api.openstack.svc.cluster.local:8776/v3/8c0f35540abf45be8ee114539ea5ce6d/volumes/5a4d091a-03b5-4f8b-999d-973a8ac00664 returned with HTTP 200 [pid: 7|app: 0|req: 400/787] 10.0.0.194 () {32 vars in 775 bytes} [Thu Jul 16 08:12:23 2026] GET /v3/8c0f35540abf45be8ee114539ea5ce6d/volumes/5a4d091a-03b5-4f8b-999d-973a8ac00664 => generated 960 bytes in 45 msecs (HTTP/1.1 200) 7 headers in 285 bytes (1 switches on core 0) /var/lib/openstack/lib/python3.12/site-packages/pycadf/identifier.py:70: UserWarning: Invalid uuid: cinderv3. To ensure interoperability, identifiers should be a valid uuid. warnings.warn(('Invalid uuid: %s. To ensure interoperability, '
