2026-07-16 08:17:03.219 7 INFO placement.requestlog [None req-9e56904f-e176-4b7f-b4e2-e53952c8c8ed 63e27188d6c84089bf8c38571fb410aa 86664de68fa440c79d78b7ec61874797 - - 633cea54b8e64dab8a3900458668fcf2 633cea54b8e64dab8a3900458668fcf2] 10.0.0.72 "GET /resource_providers/6c6b3e0a-390c-41f3-8ad3-c069f339ae5f/aggregates" status: 404 len: 235 microversion: 1.1 [pid: 7|app: 0|req: 577/1150] 10.0.0.72 () {32 vars in 815 bytes} [Thu Jul 16 08:17:03 2026] GET /resource_providers/6c6b3e0a-390c-41f3-8ad3-c069f339ae5f/aggregates => generated 235 bytes in 83 msecs (HTTP/1.1 404) 5 headers in 202 bytes (1 switches on core 0)
2026-07-16 08:17:03.241 8 INFO placement.requestlog [None req-020bda70-6e12-40c6-a495-a9c3eb4d2bd2 63e27188d6c84089bf8c38571fb410aa 86664de68fa440c79d78b7ec61874797 - - 633cea54b8e64dab8a3900458668fcf2 633cea54b8e64dab8a3900458668fcf2] 10.0.0.72 "DELETE /resource_providers/6c6b3e0a-390c-41f3-8ad3-c069f339ae5f" status: 404 len: 246 microversion: 1.1 [pid: 8|app: 0|req: 574/1151] 10.0.0.72 () {34 vars in 815 bytes} [Thu Jul 16 08:17:03 2026] DELETE /resource_providers/6c6b3e0a-390c-41f3-8ad3-c069f339ae5f => generated 246 bytes in 12 msecs (HTTP/1.1 404) 6 headers in 231 bytes (1 switches on core 0)
2026-07-16 08:17:03.245 7 INFO placement.requestlog [None req-329f9e54-bece-4efa-9d73-41142fb29e93 63e27188d6c84089bf8c38571fb410aa 86664de68fa440c79d78b7ec61874797 - - 633cea54b8e64dab8a3900458668fcf2 633cea54b8e64dab8a3900458668fcf2] 10.0.0.72 "DELETE /resource_providers/6c6b3e0a-390c-41f3-8ad3-c069f339ae5f" status: 404 len: 246 microversion: 1.1 [pid: 7|app: 0|req: 578/1152] 10.0.0.72 () {34 vars in 815 bytes} [Thu Jul 16 08:17:03 2026] DELETE /resource_providers/6c6b3e0a-390c-41f3-8ad3-c069f339ae5f => generated 246 bytes in 10 msecs (HTTP/1.1 404) 6 headers in 231 bytes (1 switches on core 0)
2026-07-16 08:17:09.357 8 INFO placement.requestlog [None req-2ed64688-e198-4457-a4cd-73174038ffca - - - - - -] 10.0.0.9 "GET /" status: 200 len: 136 microversion: 1.0
2026-07-16 08:17:09.357 7 INFO placement.requestlog [None req-e195cda9-72e7-4bef-a6de-ba411c3e4e39 - - - - - -] 10.0.0.9 "GET /" status: 200 len: 136 microversion: 1.0
2026-07-16 08:17:19.356 7 INFO placement.requestlog [None req-b486074f-e650-4e1e-b17d-6736ffcb8ef9 - - - - - -] 10.0.0.9 "GET /" status: 200 len: 136 microversion: 1.0
2026-07-16 08:17:19.356 8 INFO placement.requestlog [None req-8c7db153-d2c9-45d3-8fc3-0683088e3dbf - - - - - -] 10.0.0.9 "GET /" status: 200 len: 136 microversion: 1.0
2026-07-16 08:17:21.208 8 INFO placement.requestlog [None req-b972f922-9753-45e8-a038-a2774d029260 63e27188d6c84089bf8c38571fb410aa 86664de68fa440c79d78b7ec61874797 - - 633cea54b8e64dab8a3900458668fcf2 633cea54b8e64dab8a3900458668fcf2] 10.0.0.72 "GET /resource_providers/b9b50c38-4bd3-42af-9755-770e9699e416/aggregates" status: 404 len: 235 microversion: 1.1 [pid: 8|app: 0|req: 577/1157] 10.0.0.72 () {32 vars in 815 bytes} [Thu Jul 16 08:17:21 2026] GET /resource_providers/b9b50c38-4bd3-42af-9755-770e9699e416/aggregates => generated 235 bytes in 118 msecs (HTTP/1.1 404) 5 headers in 202 bytes (1 switches on core 0)
2026-07-16 08:17:21.226 7 INFO placement.requestlog [None req-6ce46b38-3f8b-4445-8a0a-02b7125b76f0 63e27188d6c84089bf8c38571fb410aa 86664de68fa440c79d78b7ec61874797 - - 633cea54b8e64dab8a3900458668fcf2 633cea54b8e64dab8a3900458668fcf2] 10.0.0.72 "GET /resource_providers/b9b50c38-4bd3-42af-9755-770e9699e416/aggregates" status: 404 len: 235 microversion: 1.1 [pid: 7|app: 0|req: 581/1158] 10.0.0.72 () {32 vars in 815 bytes} [Thu Jul 16 08:17:21 2026] GET /resource_providers/b9b50c38-4bd3-42af-9755-770e9699e416/aggregates => generated 235 bytes in 138 msecs (HTTP/1.1 404) 5 headers in 202 bytes (1 switches on core 0)
2026-07-16 08:17:21.231 8 INFO placement.requestlog [None req-ea35d431-f399-439c-a0e0-84a67fcf827c 63e27188d6c84089bf8c38571fb410aa 86664de68fa440c79d78b7ec61874797 - - 633cea54b8e64dab8a3900458668fcf2 633cea54b8e64dab8a3900458668fcf2] 10.0.0.72 "DELETE /resource_providers/b9b50c38-4bd3-42af-9755-770e9699e416" status: 404 len: 246 microversion: 1.1 [pid: 8|app: 0|req: 578/1159] 10.0.0.72 () {34 vars in 815 bytes} [Thu Jul 16 08:17:21 2026] DELETE /resource_providers/b9b50c38-4bd3-42af-9755-770e9699e416 => generated 246 bytes in 15 msecs (HTTP/1.1 404) 6 headers in 231 bytes (1 switches on core 0)
2026-07-16 08:17:21.238 7 INFO placement.requestlog [None req-a5d1d0fc-cc8f-48a8-a74a-e33a697bbdab 63e27188d6c84089bf8c38571fb410aa 86664de68fa440c79d78b7ec61874797 - - 633cea54b8e64dab8a3900458668fcf2 633cea54b8e64dab8a3900458668fcf2] 10.0.0.72 "DELETE /resource_providers/b9b50c38-4bd3-42af-9755-770e9699e416" status: 404 len: 246 microversion: 1.1 [pid: 7|app: 0|req: 582/1160] 10.0.0.72 () {34 vars in 815 bytes} [Thu Jul 16 08:17:21 2026] DELETE /resource_providers/b9b50c38-4bd3-42af-9755-770e9699e416 => generated 246 bytes in 6 msecs (HTTP/1.1 404) 6 headers in 231 bytes (1 switches on core 0)
2026-07-16 08:17:29.062 8 INFO placement.requestlog [None req-fe52646a-782d-42c7-be20-23f7dcaa50e4 63e27188d6c84089bf8c38571fb410aa 86664de68fa440c79d78b7ec61874797 - - 633cea54b8e64dab8a3900458668fcf2 633cea54b8e64dab8a3900458668fcf2] 10.0.0.72 "GET /resource_providers/bf03af16-7645-4a82-9aaf-a6bc3ab475f4/aggregates" status: 404 len: 235 microversion: 1.1
2026-07-16 08:17:29.062 7 INFO placement.requestlog [None req-5fbf691a-9985-496d-87b0-b7c8f13eafb6 63e27188d6c84089bf8c38571fb410aa 86664de68fa440c79d78b7ec61874797 - - 633cea54b8e64dab8a3900458668fcf2 633cea54b8e64dab8a3900458668fcf2] 10.0.0.72 "GET /resource_providers/bf03af16-7645-4a82-9aaf-a6bc3ab475f4/aggregates" status: 404 len: 235 microversion: 1.1 [pid: 7|app: 0|req: 583/1162] 10.0.0.72 () {32 vars in 815 bytes} [Thu Jul 16 08:17:29 2026] GET /resource_providers/bf03af16-7645-4a82-9aaf-a6bc3ab475f4/aggregates => generated 235 bytes in 9 msecs (HTTP/1.1 404) 5 headers in 202 bytes (1 switches on core 0) [pid: 8|app: 0|req: 579/1162] 10.0.0.72 () {32 vars in 815 bytes} [Thu Jul 16 08:17:29 2026] GET /resource_providers/bf03af16-7645-4a82-9aaf-a6bc3ab475f4/aggregates => generated 235 bytes in 10 msecs (HTTP/1.1 404) 5 headers in 202 bytes (1 switches on core 0)
2026-07-16 08:17:29.088 8 INFO placement.requestlog [None req-2539f7fb-23b7-4304-a27b-5ab61314ee7c 63e27188d6c84089bf8c38571fb410aa 86664de68fa440c79d78b7ec61874797 - - 633cea54b8e64dab8a3900458668fcf2 633cea54b8e64dab8a3900458668fcf2] 10.0.0.72 "DELETE /resource_providers/bf03af16-7645-4a82-9aaf-a6bc3ab475f4" status: 404 len: 246 microversion: 1.1 [pid: 8|app: 0|req: 580/1163] 10.0.0.72 () {34 vars in 815 bytes} [Thu Jul 16 08:17:29 2026] DELETE /resource_providers/bf03af16-7645-4a82-9aaf-a6bc3ab475f4 => generated 246 bytes in 9 msecs (HTTP/1.1 404) 6 headers in 231 bytes (1 switches on core 0)
2026-07-16 08:17:29.089 7 INFO placement.requestlog [None req-e7796e5a-3405-475a-91c8-56ccd56bdb75 63e27188d6c84089bf8c38571fb410aa 86664de68fa440c79d78b7ec61874797 - - 633cea54b8e64dab8a3900458668fcf2 633cea54b8e64dab8a3900458668fcf2] 10.0.0.72 "DELETE /resource_providers/bf03af16-7645-4a82-9aaf-a6bc3ab475f4" status: 404 len: 246 microversion: 1.1 [pid: 7|app: 0|req: 584/1164] 10.0.0.72 () {34 vars in 815 bytes} [Thu Jul 16 08:17:29 2026] DELETE /resource_providers/bf03af16-7645-4a82-9aaf-a6bc3ab475f4 => generated 246 bytes in 13 msecs (HTTP/1.1 404) 6 headers in 231 bytes (1 switches on core 0)
2026-07-16 08:17:29.356 7 INFO placement.requestlog [None req-ec5157ee-cf75-4dea-86cf-0b35eb1be875 - - - - - -] 10.0.0.9 "GET /" status: 200 len: 136 microversion: 1.0
2026-07-16 08:17:29.356 8 INFO placement.requestlog [None req-ca06d19c-017f-408f-979a-de188591c879 - - - - - -] 10.0.0.9 "GET /" status: 200 len: 136 microversion: 1.0
2026-07-16 08:17:36.473 7 INFO placement.requestlog [None req-a685ed09-6e76-4bc9-accd-30f94b4b1cd4 63e27188d6c84089bf8c38571fb410aa 86664de68fa440c79d78b7ec61874797 - - 633cea54b8e64dab8a3900458668fcf2 633cea54b8e64dab8a3900458668fcf2] 10.0.0.72 "GET /resource_providers/47ad872d-8482-4ab1-ac46-93d76e5ed576/aggregates" status: 404 len: 235 microversion: 1.1 [pid: 7|app: 0|req: 586/1167] 10.0.0.72 () {32 vars in 815 bytes} [Thu Jul 16 08:17:36 2026] GET /resource_providers/47ad872d-8482-4ab1-ac46-93d76e5ed576/aggregates => generated 235 bytes in 9 msecs (HTTP/1.1 404) 5 headers in 202 bytes (1 switches on core 0)
2026-07-16 08:17:36.478 8 INFO placement.requestlog [None req-010a7966-e3f3-4574-b672-6eea2b39ed9a 63e27188d6c84089bf8c38571fb410aa 86664de68fa440c79d78b7ec61874797 - - 633cea54b8e64dab8a3900458668fcf2 633cea54b8e64dab8a3900458668fcf2] 10.0.0.72 "GET /resource_providers/47ad872d-8482-4ab1-ac46-93d76e5ed576/aggregates" status: 404 len: 235 microversion: 1.1 [pid: 8|app: 0|req: 582/1168] 10.0.0.72 () {32 vars in 815 bytes} [Thu Jul 16 08:17:36 2026] GET /resource_providers/47ad872d-8482-4ab1-ac46-93d76e5ed576/aggregates => generated 235 bytes in 15 msecs (HTTP/1.1 404) 5 headers in 202 bytes (1 switches on core 0)
2026-07-16 08:17:36.491 8 INFO placement.requestlog [None req-ce6a8abd-e784-4d11-baf5-a7a5ce210840 63e27188d6c84089bf8c38571fb410aa 86664de68fa440c79d78b7ec61874797 - - 633cea54b8e64dab8a3900458668fcf2 633cea54b8e64dab8a3900458668fcf2] 10.0.0.72 "DELETE /resource_providers/47ad872d-8482-4ab1-ac46-93d76e5ed576" status: 404 len: 246 microversion: 1.1 [pid: 8|app: 0|req: 583/1169] 10.0.0.72 () {34 vars in 815 bytes} [Thu Jul 16 08:17:36 2026] DELETE /resource_providers/47ad872d-8482-4ab1-ac46-93d76e5ed576 => generated 246 bytes in 8 msecs (HTTP/1.1 404) 6 headers in 231 bytes (1 switches on core 0)
2026-07-16 08:17:36.492 7 INFO placement.requestlog [None req-2b8427a4-f5da-4460-b773-7875b3e91210 63e27188d6c84089bf8c38571fb410aa 86664de68fa440c79d78b7ec61874797 - - 633cea54b8e64dab8a3900458668fcf2 633cea54b8e64dab8a3900458668fcf2] 10.0.0.72 "DELETE /resource_providers/47ad872d-8482-4ab1-ac46-93d76e5ed576" status: 404 len: 246 microversion: 1.1 [pid: 7|app: 0|req: 587/1170] 10.0.0.72 () {34 vars in 815 bytes} [Thu Jul 16 08:17:36 2026] DELETE /resource_providers/47ad872d-8482-4ab1-ac46-93d76e5ed576 => generated 246 bytes in 11 msecs (HTTP/1.1 404) 6 headers in 231 bytes (1 switches on core 0)
2026-07-16 08:17:36.844 8 INFO placement.requestlog [None req-48ceef40-7762-4c46-bffc-dc086795b53e 63e27188d6c84089bf8c38571fb410aa 86664de68fa440c79d78b7ec61874797 - - 633cea54b8e64dab8a3900458668fcf2 633cea54b8e64dab8a3900458668fcf2] 10.0.0.72 "GET /resource_providers/135d1f1c-2291-4c68-81f2-4ad4f531a682/aggregates" status: 404 len: 235 microversion: 1.1 [pid: 8|app: 0|req: 584/1171] 10.0.0.72 () {32 vars in 815 bytes} [Thu Jul 16 08:17:36 2026] GET /resource_providers/135d1f1c-2291-4c68-81f2-4ad4f531a682/aggregates => generated 235 bytes in 11 msecs (HTTP/1.1 404) 5 headers in 202 bytes (1 switches on core 0)
2026-07-16 08:17:36.848 7 INFO placement.requestlog [None req-7d87952d-c6b5-4111-9db7-0c1f0d10592c 63e27188d6c84089bf8c38571fb410aa 86664de68fa440c79d78b7ec61874797 - - 633cea54b8e64dab8a3900458668fcf2 633cea54b8e64dab8a3900458668fcf2] 10.0.0.72 "GET /resource_providers/135d1f1c-2291-4c68-81f2-4ad4f531a682/aggregates" status: 404 len: 235 microversion: 1.1 [pid: 7|app: 0|req: 588/1172] 10.0.0.72 () {32 vars in 815 bytes} [Thu Jul 16 08:17:36 2026] GET /resource_providers/135d1f1c-2291-4c68-81f2-4ad4f531a682/aggregates => generated 235 bytes in 12 msecs (HTTP/1.1 404) 5 headers in 202 bytes (1 switches on core 0)
2026-07-16 08:17:36.864 7 INFO placement.requestlog [None req-85da7880-152d-4e93-a0f6-86f2f4f3c39e 63e27188d6c84089bf8c38571fb410aa 86664de68fa440c79d78b7ec61874797 - - 633cea54b8e64dab8a3900458668fcf2 633cea54b8e64dab8a3900458668fcf2] 10.0.0.72 "DELETE /resource_providers/135d1f1c-2291-4c68-81f2-4ad4f531a682" status: 404 len: 246 microversion: 1.1 [pid: 7|app: 0|req: 589/1173] 10.0.0.72 () {34 vars in 815 bytes} [Thu Jul 16 08:17:36 2026] DELETE /resource_providers/135d1f1c-2291-4c68-81f2-4ad4f531a682 => generated 246 bytes in 7 msecs (HTTP/1.1 404) 6 headers in 231 bytes (1 switches on core 0)
2026-07-16 08:17:36.866 8 INFO placement.requestlog [None req-d5e095b7-b99d-48f5-a924-6b7a0bd30a36 63e27188d6c84089bf8c38571fb410aa 86664de68fa440c79d78b7ec61874797 - - 633cea54b8e64dab8a3900458668fcf2 633cea54b8e64dab8a3900458668fcf2] 10.0.0.72 "DELETE /resource_providers/135d1f1c-2291-4c68-81f2-4ad4f531a682" status: 404 len: 246 microversion: 1.1 [pid: 8|app: 0|req: 585/1174] 10.0.0.72 () {34 vars in 815 bytes} [Thu Jul 16 08:17:36 2026] DELETE /resource_providers/135d1f1c-2291-4c68-81f2-4ad4f531a682 => generated 246 bytes in 11 msecs (HTTP/1.1 404) 6 headers in 231 bytes (1 switches on core 0)
2026-07-16 08:17:39.357 8 INFO placement.requestlog [None req-eea73fd1-f26f-48bb-8744-267ce33ee633 - - - - - -] 10.0.0.9 "GET /" status: 200 len: 136 microversion: 1.0
2026-07-16 08:17:39.357 7 INFO placement.requestlog [None req-eb62eff6-0126-474b-9b3c-bc29d0d14ddf - - - - - -] 10.0.0.9 "GET /" status: 200 len: 136 microversion: 1.0
2026-07-16 08:17:47.084 8 INFO placement.requestlog [req-7bdb9541-a0b3-4310-a37e-96c8680e6315 req-1c8c0744-845e-4eea-a2ab-fd22f1dcd159 d14b83a9340346bb8d9dc92ca908b5d0 86664de68fa440c79d78b7ec61874797 - - 633cea54b8e64dab8a3900458668fcf2 633cea54b8e64dab8a3900458668fcf2] 199.19.213.66 "GET /resource_providers/6557d1b5-09d9-4bb0-9a46-71e23db292df/allocations" status: 200 len: 340 microversion: 1.0 [pid: 8|app: 0|req: 587/1177] 199.19.213.66 () {32 vars in 856 bytes} [Thu Jul 16 08:17:46 2026] GET /resource_providers/6557d1b5-09d9-4bb0-9a46-71e23db292df/allocations => generated 340 bytes in 126 msecs (HTTP/1.1 200) 6 headers in 224 bytes (1 switches on core 0)
2026-07-16 08:17:47.114 7 INFO placement.requestlog [req-7bdb9541-a0b3-4310-a37e-96c8680e6315 req-e878500c-04ff-474b-8d01-def98281e66f d14b83a9340346bb8d9dc92ca908b5d0 86664de68fa440c79d78b7ec61874797 - - 633cea54b8e64dab8a3900458668fcf2 633cea54b8e64dab8a3900458668fcf2] 199.19.213.66 "GET /resource_providers?in_tree=6557d1b5-09d9-4bb0-9a46-71e23db292df" status: 200 len: 798 microversion: 1.14 [pid: 7|app: 0|req: 591/1178] 199.19.213.66 () {34 vars in 891 bytes} [Thu Jul 16 08:17:47 2026] GET /resource_providers?in_tree=6557d1b5-09d9-4bb0-9a46-71e23db292df => generated 798 bytes in 21 msecs (HTTP/1.1 200) 6 headers in 225 bytes (1 switches on core 0)
2026-07-16 08:17:47.145 8 INFO placement.requestlog [req-7bdb9541-a0b3-4310-a37e-96c8680e6315 req-99eee7ab-e30c-4efb-b1b4-7dfdefa32806 d14b83a9340346bb8d9dc92ca908b5d0 86664de68fa440c79d78b7ec61874797 - - 633cea54b8e64dab8a3900458668fcf2 633cea54b8e64dab8a3900458668fcf2] 199.19.213.66 "GET /resource_providers/6557d1b5-09d9-4bb0-9a46-71e23db292df/inventories" status: 200 len: 401 microversion: 1.0 [pid: 8|app: 0|req: 588/1179] 199.19.213.66 () {32 vars in 856 bytes} [Thu Jul 16 08:17:47 2026] GET /resource_providers/6557d1b5-09d9-4bb0-9a46-71e23db292df/inventories => generated 401 bytes in 24 msecs (HTTP/1.1 200) 6 headers in 224 bytes (1 switches on core 0)
2026-07-16 08:17:47.163 7 INFO placement.requestlog [req-7bdb9541-a0b3-4310-a37e-96c8680e6315 req-b314d05e-aebb-43af-93a4-d981e33acef8 d14b83a9340346bb8d9dc92ca908b5d0 86664de68fa440c79d78b7ec61874797 - - 633cea54b8e64dab8a3900458668fcf2 633cea54b8e64dab8a3900458668fcf2] 199.19.213.66 "GET /resource_providers/6557d1b5-09d9-4bb0-9a46-71e23db292df/aggregates" status: 200 len: 54 microversion: 1.19 [pid: 7|app: 0|req: 592/1180] 199.19.213.66 () {34 vars in 898 bytes} [Thu Jul 16 08:17:47 2026] GET /resource_providers/6557d1b5-09d9-4bb0-9a46-71e23db292df/aggregates => generated 54 bytes in 12 msecs (HTTP/1.1 200) 8 headers in 295 bytes (1 switches on core 0)
2026-07-16 08:17:47.188 8 INFO placement.requestlog [req-7bdb9541-a0b3-4310-a37e-96c8680e6315 req-45cbcb0e-2a3f-4871-ab45-d2e4e2a89ff6 d14b83a9340346bb8d9dc92ca908b5d0 86664de68fa440c79d78b7ec61874797 - - 633cea54b8e64dab8a3900458668fcf2 633cea54b8e64dab8a3900458668fcf2] 199.19.213.66 "GET /resource_providers/6557d1b5-09d9-4bb0-9a46-71e23db292df/traits" status: 200 len: 2176 microversion: 1.6 [pid: 8|app: 0|req: 589/1181] 199.19.213.66 () {34 vars in 889 bytes} [Thu Jul 16 08:17:47 2026] GET /resource_providers/6557d1b5-09d9-4bb0-9a46-71e23db292df/traits => generated 2176 bytes in 21 msecs (HTTP/1.1 200) 6 headers in 225 bytes (1 switches on core 0)
2026-07-16 08:17:47.213 7 INFO placement.requestlog [req-7bdb9541-a0b3-4310-a37e-96c8680e6315 req-10ee91ab-7450-45b0-82ae-da32b4bacf61 d14b83a9340346bb8d9dc92ca908b5d0 86664de68fa440c79d78b7ec61874797 - - 633cea54b8e64dab8a3900458668fcf2 633cea54b8e64dab8a3900458668fcf2] 199.19.213.66 "GET /resource_providers/6557d1b5-09d9-4bb0-9a46-71e23db292df/allocations" status: 200 len: 340 microversion: 1.0 [pid: 7|app: 0|req: 593/1182] 199.19.213.66 () {32 vars in 856 bytes} [Thu Jul 16 08:17:47 2026] GET /resource_providers/6557d1b5-09d9-4bb0-9a46-71e23db292df/allocations => generated 340 bytes in 18 msecs (HTTP/1.1 200) 6 headers in 224 bytes (1 switches on core 0)
2026-07-16 08:17:47.232 8 INFO placement.requestlog [req-7bdb9541-a0b3-4310-a37e-96c8680e6315 req-cbe6419b-e0c0-4b77-ac74-73328915d511 d14b83a9340346bb8d9dc92ca908b5d0 86664de68fa440c79d78b7ec61874797 - - 633cea54b8e64dab8a3900458668fcf2 633cea54b8e64dab8a3900458668fcf2] 199.19.213.66 "GET /allocations/994524b5-e67d-4364-ae10-dc585880ad09" status: 200 len: 258 microversion: 1.28 [pid: 8|app: 0|req: 590/1183] 199.19.213.66 () {34 vars in 862 bytes} [Thu Jul 16 08:17:47 2026] GET /allocations/994524b5-e67d-4364-ae10-dc585880ad09 => generated 258 bytes in 13 msecs (HTTP/1.1 200) 8 headers in 296 bytes (1 switches on core 0)
2026-07-16 08:17:47.251 7 INFO placement.requestlog [req-7bdb9541-a0b3-4310-a37e-96c8680e6315 req-07fbb33e-0269-41d4-9cd2-0273852ba7bd d14b83a9340346bb8d9dc92ca908b5d0 86664de68fa440c79d78b7ec61874797 - - 633cea54b8e64dab8a3900458668fcf2 633cea54b8e64dab8a3900458668fcf2] 199.19.213.66 "GET /allocations/9af721dc-458c-4f5e-82e2-b436dab1375c" status: 200 len: 258 microversion: 1.28 [pid: 7|app: 0|req: 594/1184] 199.19.213.66 () {34 vars in 862 bytes} [Thu Jul 16 08:17:47 2026] GET /allocations/9af721dc-458c-4f5e-82e2-b436dab1375c => generated 258 bytes in 11 msecs (HTTP/1.1 200) 8 headers in 296 bytes (1 switches on core 0)
2026-07-16 08:17:47.271 8 INFO placement.requestlog [req-7bdb9541-a0b3-4310-a37e-96c8680e6315 req-f761c904-45fa-4622-9519-3bae0bcb243d d14b83a9340346bb8d9dc92ca908b5d0 86664de68fa440c79d78b7ec61874797 - - 633cea54b8e64dab8a3900458668fcf2 633cea54b8e64dab8a3900458668fcf2] 199.19.213.66 "GET /allocations/741852ba-56b5-4f5c-bd60-941d7d092393" status: 200 len: 245 microversion: 1.28 [pid: 8|app: 0|req: 591/1185] 199.19.213.66 () {34 vars in 862 bytes} [Thu Jul 16 08:17:47 2026] GET /allocations/741852ba-56b5-4f5c-bd60-941d7d092393 => generated 245 bytes in 13 msecs (HTTP/1.1 200) 8 headers in 296 bytes (1 switches on core 0)
2026-07-16 08:17:49.356 7 INFO placement.requestlog [None req-531588b1-ed37-4951-9949-ef7c7f0afd3e - - - - - -] 10.0.0.9 "GET /" status: 200 len: 136 microversion: 1.0
2026-07-16 08:17:49.357 8 INFO placement.requestlog [None req-cc483c68-c4f2-4ed6-bc68-830cd65fc17c - - - - - -] 10.0.0.9 "GET /" status: 200 len: 136 microversion: 1.0
2026-07-16 08:17:59.356 7 INFO placement.requestlog [None req-908b02a2-ebea-4628-bd8d-5d97666688d8 - - - - - -] 10.0.0.9 "GET /" status: 200 len: 136 microversion: 1.0
2026-07-16 08:17:59.356 8 INFO placement.requestlog [None req-e00b258d-a4b3-4ea8-a2aa-a258932a12cf - - - - - -] 10.0.0.9 "GET /" status: 200 len: 136 microversion: 1.0
2026-07-16 08:18:07.210 7 INFO placement.requestlog [None req-4d6a1e37-82d1-4bbc-bbf0-7691c1557bcf 63e27188d6c84089bf8c38571fb410aa 86664de68fa440c79d78b7ec61874797 - - 633cea54b8e64dab8a3900458668fcf2 633cea54b8e64dab8a3900458668fcf2] 10.0.0.72 "GET /resource_providers/42c1d876-92e4-4a65-b013-b7c70a309f49/aggregates" status: 404 len: 235 microversion: 1.1 [pid: 7|app: 0|req: 597/1190] 10.0.0.72 () {32 vars in 815 bytes} [Thu Jul 16 08:18:07 2026] GET /resource_providers/42c1d876-92e4-4a65-b013-b7c70a309f49/aggregates => generated 235 bytes in 12 msecs (HTTP/1.1 404) 5 headers in 202 bytes (1 switches on core 0)
2026-07-16 08:18:07.211 8 INFO placement.requestlog [None req-bf443d73-7551-4835-b9b0-2df7c615c2c5 63e27188d6c84089bf8c38571fb410aa 86664de68fa440c79d78b7ec61874797 - - 633cea54b8e64dab8a3900458668fcf2 633cea54b8e64dab8a3900458668fcf2] 10.0.0.72 "GET /resource_providers/42c1d876-92e4-4a65-b013-b7c70a309f49/aggregates" status: 404 len: 235 microversion: 1.1 [pid: 8|app: 0|req: 594/1191] 10.0.0.72 () {32 vars in 815 bytes} [Thu Jul 16 08:18:07 2026] GET /resource_providers/42c1d876-92e4-4a65-b013-b7c70a309f49/aggregates => generated 235 bytes in 13 msecs (HTTP/1.1 404) 5 headers in 202 bytes (1 switches on core 0)
2026-07-16 08:18:07.232 8 INFO placement.requestlog [None req-beac7f36-93b9-4ed7-b0a4-60824a7b8d7b 63e27188d6c84089bf8c38571fb410aa 86664de68fa440c79d78b7ec61874797 - - 633cea54b8e64dab8a3900458668fcf2 633cea54b8e64dab8a3900458668fcf2] 10.0.0.72 "DELETE /resource_providers/42c1d876-92e4-4a65-b013-b7c70a309f49" status: 404 len: 246 microversion: 1.1 [pid: 8|app: 0|req: 595/1192] 10.0.0.72 () {34 vars in 815 bytes} [Thu Jul 16 08:18:07 2026] DELETE /resource_providers/42c1d876-92e4-4a65-b013-b7c70a309f49 => generated 246 bytes in 9 msecs (HTTP/1.1 404) 6 headers in 231 bytes (1 switches on core 0)
2026-07-16 08:18:07.237 7 INFO placement.requestlog [None req-58dde370-494b-48f4-84b9-522afdfa577a 63e27188d6c84089bf8c38571fb410aa 86664de68fa440c79d78b7ec61874797 - - 633cea54b8e64dab8a3900458668fcf2 633cea54b8e64dab8a3900458668fcf2] 10.0.0.72 "DELETE /resource_providers/42c1d876-92e4-4a65-b013-b7c70a309f49" status: 404 len: 246 microversion: 1.1 [pid: 7|app: 0|req: 598/1193] 10.0.0.72 () {34 vars in 815 bytes} [Thu Jul 16 08:18:07 2026] DELETE /resource_providers/42c1d876-92e4-4a65-b013-b7c70a309f49 => generated 246 bytes in 16 msecs (HTTP/1.1 404) 6 headers in 231 bytes (1 switches on core 0)
2026-07-16 08:18:09.356 8 INFO placement.requestlog [None req-528d9752-a437-4d00-a1c6-ff7343fd7528 - - - - - -] 10.0.0.9 "GET /" status: 200 len: 136 microversion: 1.0
2026-07-16 08:18:09.357 7 INFO placement.requestlog [None req-890d677a-d838-4c1e-b9ac-def8d1e73a51 - - - - - -] 10.0.0.9 "GET /" status: 200 len: 136 microversion: 1.0
2026-07-16 08:18:19.356 7 INFO placement.requestlog [None req-bfc8d96c-0f21-4cde-b413-dabb7ed8633a - - - - - -] 10.0.0.9 "GET /" status: 200 len: 136 microversion: 1.0
2026-07-16 08:18:19.357 8 INFO placement.requestlog [None req-e014daf6-f793-4c11-b2dc-5db75497cec3 - - - - - -] 10.0.0.9 "GET /" status: 200 len: 136 microversion: 1.0
2026-07-16 08:18:23.449 7 INFO placement.requestlog [None req-aac128a3-ad90-45ec-9d06-3e80df9c9102 63e27188d6c84089bf8c38571fb410aa 86664de68fa440c79d78b7ec61874797 - - 633cea54b8e64dab8a3900458668fcf2 633cea54b8e64dab8a3900458668fcf2] 10.0.0.72 "GET /resource_providers/81cf542a-3068-4b04-a291-60154b2fe1bb/aggregates" status: 404 len: 235 microversion: 1.1 [pid: 7|app: 0|req: 601/1198] 10.0.0.72 () {32 vars in 815 bytes} [Thu Jul 16 08:18:23 2026] GET /resource_providers/81cf542a-3068-4b04-a291-60154b2fe1bb/aggregates => generated 235 bytes in 10 msecs (HTTP/1.1 404) 5 headers in 202 bytes (1 switches on core 0)
2026-07-16 08:18:23.455 8 INFO placement.requestlog [None req-eeab8e2a-df86-4b6c-9490-8884b161607a 63e27188d6c84089bf8c38571fb410aa 86664de68fa440c79d78b7ec61874797 - - 633cea54b8e64dab8a3900458668fcf2 633cea54b8e64dab8a3900458668fcf2] 10.0.0.72 "GET /resource_providers/81cf542a-3068-4b04-a291-60154b2fe1bb/aggregates" status: 404 len: 235 microversion: 1.1 [pid: 8|app: 0|req: 598/1199] 10.0.0.72 () {32 vars in 815 bytes} [Thu Jul 16 08:18:23 2026] GET /resource_providers/81cf542a-3068-4b04-a291-60154b2fe1bb/aggregates => generated 235 bytes in 12 msecs (HTTP/1.1 404) 5 headers in 202 bytes (1 switches on core 0)
2026-07-16 08:18:23.479 7 INFO placement.requestlog [None req-89861635-1990-4055-a851-d28317a74e93 63e27188d6c84089bf8c38571fb410aa 86664de68fa440c79d78b7ec61874797 - - 633cea54b8e64dab8a3900458668fcf2 633cea54b8e64dab8a3900458668fcf2] 10.0.0.72 "DELETE /resource_providers/81cf542a-3068-4b04-a291-60154b2fe1bb" status: 404 len: 246 microversion: 1.1 [pid: 7|app: 0|req: 602/1200] 10.0.0.72 () {34 vars in 815 bytes} [Thu Jul 16 08:18:23 2026] DELETE /resource_providers/81cf542a-3068-4b04-a291-60154b2fe1bb => generated 246 bytes in 15 msecs (HTTP/1.1 404) 6 headers in 231 bytes (1 switches on core 0)
2026-07-16 08:18:23.482 8 INFO placement.requestlog [None req-22654426-a842-4928-aa63-595da3fe28a9 63e27188d6c84089bf8c38571fb410aa 86664de68fa440c79d78b7ec61874797 - - 633cea54b8e64dab8a3900458668fcf2 633cea54b8e64dab8a3900458668fcf2] 10.0.0.72 "DELETE /resource_providers/81cf542a-3068-4b04-a291-60154b2fe1bb" status: 404 len: 246 microversion: 1.1 [pid: 8|app: 0|req: 599/1201] 10.0.0.72 () {34 vars in 815 bytes} [Thu Jul 16 08:18:23 2026] DELETE /resource_providers/81cf542a-3068-4b04-a291-60154b2fe1bb => generated 246 bytes in 12 msecs (HTTP/1.1 404) 6 headers in 231 bytes (1 switches on core 0)
2026-07-16 08:18:27.942 7 INFO placement.requestlog [None req-e3232158-a786-42d7-83da-e3b77541007c 63e27188d6c84089bf8c38571fb410aa 86664de68fa440c79d78b7ec61874797 - - 633cea54b8e64dab8a3900458668fcf2 633cea54b8e64dab8a3900458668fcf2] 10.0.0.72 "GET /resource_providers/60055181-8130-4fcf-aebd-8f61928f7ef7/aggregates" status: 404 len: 235 microversion: 1.1 [pid: 7|app: 0|req: 603/1202] 10.0.0.72 () {32 vars in 815 bytes} [Thu Jul 16 08:18:27 2026] GET /resource_providers/60055181-8130-4fcf-aebd-8f61928f7ef7/aggregates => generated 235 bytes in 10 msecs (HTTP/1.1 404) 5 headers in 202 bytes (1 switches on core 0)
2026-07-16 08:18:27.945 8 INFO placement.requestlog [None req-b8e3bec4-cdd4-423a-826b-4e9af40d00fe 63e27188d6c84089bf8c38571fb410aa 86664de68fa440c79d78b7ec61874797 - - 633cea54b8e64dab8a3900458668fcf2 633cea54b8e64dab8a3900458668fcf2] 10.0.0.72 "GET /resource_providers/60055181-8130-4fcf-aebd-8f61928f7ef7/aggregates" status: 404 len: 235 microversion: 1.1 [pid: 8|app: 0|req: 600/1203] 10.0.0.72 () {32 vars in 815 bytes} [Thu Jul 16 08:18:27 2026] GET /resource_providers/60055181-8130-4fcf-aebd-8f61928f7ef7/aggregates => generated 235 bytes in 9 msecs (HTTP/1.1 404) 5 headers in 202 bytes (1 switches on core 0)
2026-07-16 08:18:27.974 7 INFO placement.requestlog [None req-75c43ddb-f08c-482e-8a14-515d36e60810 63e27188d6c84089bf8c38571fb410aa 86664de68fa440c79d78b7ec61874797 - - 633cea54b8e64dab8a3900458668fcf2 633cea54b8e64dab8a3900458668fcf2] 10.0.0.72 "DELETE /resource_providers/60055181-8130-4fcf-aebd-8f61928f7ef7" status: 404 len: 246 microversion: 1.1 [pid: 7|app: 0|req: 604/1204] 10.0.0.72 () {34 vars in 815 bytes} [Thu Jul 16 08:18:27 2026] DELETE /resource_providers/60055181-8130-4fcf-aebd-8f61928f7ef7 => generated 246 bytes in 12 msecs (HTTP/1.1 404) 6 headers in 231 bytes (1 switches on core 0)
2026-07-16 08:18:27.976 8 INFO placement.requestlog [None req-4eb2f1b5-5cd7-4143-8caf-77e8c5d80424 63e27188d6c84089bf8c38571fb410aa 86664de68fa440c79d78b7ec61874797 - - 633cea54b8e64dab8a3900458668fcf2 633cea54b8e64dab8a3900458668fcf2] 10.0.0.72 "DELETE /resource_providers/60055181-8130-4fcf-aebd-8f61928f7ef7" status: 404 len: 246 microversion: 1.1 [pid: 8|app: 0|req: 601/1205] 10.0.0.72 () {34 vars in 815 bytes} [Thu Jul 16 08:18:27 2026] DELETE /resource_providers/60055181-8130-4fcf-aebd-8f61928f7ef7 => generated 246 bytes in 14 msecs (HTTP/1.1 404) 6 headers in 231 bytes (1 switches on core 0)
2026-07-16 08:18:29.356 8 INFO placement.requestlog [None req-360f047d-73da-4611-8efa-aac3e990f627 - - - - - -] 10.0.0.9 "GET /" status: 200 len: 136 microversion: 1.0
2026-07-16 08:18:29.356 7 INFO placement.requestlog [None req-b9fc5d42-488d-419c-8246-8118038cb4bf - - - - - -] 10.0.0.9 "GET /" status: 200 len: 136 microversion: 1.0
2026-07-16 08:18:32.500 8 INFO placement.requestlog [None req-c4ca58e2-6545-4692-9a36-f3ef356bcfe9 63e27188d6c84089bf8c38571fb410aa 86664de68fa440c79d78b7ec61874797 - - 633cea54b8e64dab8a3900458668fcf2 633cea54b8e64dab8a3900458668fcf2] 10.0.0.72 "GET /resource_providers/746ba0d2-74ba-4c28-b8ec-1919d16a0302/aggregates" status: 404 len: 235 microversion: 1.1 [pid: 8|app: 0|req: 603/1208] 10.0.0.72 () {32 vars in 815 bytes} [Thu Jul 16 08:18:32 2026] GET /resource_providers/746ba0d2-74ba-4c28-b8ec-1919d16a0302/aggregates => generated 235 bytes in 20 msecs (HTTP/1.1 404) 5 headers in 202 bytes (1 switches on core 0)
2026-07-16 08:18:32.509 7 INFO placement.requestlog [None req-2abf603f-15f1-4ea4-82d3-7e50a0b7eed7 63e27188d6c84089bf8c38571fb410aa 86664de68fa440c79d78b7ec61874797 - - 633cea54b8e64dab8a3900458668fcf2 633cea54b8e64dab8a3900458668fcf2] 10.0.0.72 "GET /resource_providers/746ba0d2-74ba-4c28-b8ec-1919d16a0302/aggregates" status: 404 len: 235 microversion: 1.1 [pid: 7|app: 0|req: 606/1209] 10.0.0.72 () {32 vars in 815 bytes} [Thu Jul 16 08:18:32 2026] GET /resource_providers/746ba0d2-74ba-4c28-b8ec-1919d16a0302/aggregates => generated 235 bytes in 20 msecs (HTTP/1.1 404) 5 headers in 202 bytes (1 switches on core 0)
2026-07-16 08:18:32.530 8 INFO placement.requestlog [None req-9aac19aa-6537-46df-bd83-018862f5b0dd 63e27188d6c84089bf8c38571fb410aa 86664de68fa440c79d78b7ec61874797 - - 633cea54b8e64dab8a3900458668fcf2 633cea54b8e64dab8a3900458668fcf2] 10.0.0.72 "DELETE /resource_providers/746ba0d2-74ba-4c28-b8ec-1919d16a0302" status: 404 len: 246 microversion: 1.1 [pid: 8|app: 0|req: 604/1210] 10.0.0.72 () {34 vars in 815 bytes} [Thu Jul 16 08:18:32 2026] DELETE /resource_providers/746ba0d2-74ba-4c28-b8ec-1919d16a0302 => generated 246 bytes in 10 msecs (HTTP/1.1 404) 6 headers in 231 bytes (1 switches on core 0)
2026-07-16 08:18:32.561 7 INFO placement.requestlog [None req-ca8a46a1-29a6-41fb-8e99-ea56d8b95b69 63e27188d6c84089bf8c38571fb410aa 86664de68fa440c79d78b7ec61874797 - - 633cea54b8e64dab8a3900458668fcf2 633cea54b8e64dab8a3900458668fcf2] 10.0.0.72 "DELETE /resource_providers/746ba0d2-74ba-4c28-b8ec-1919d16a0302" status: 404 len: 246 microversion: 1.1 [pid: 7|app: 0|req: 607/1211] 10.0.0.72 () {34 vars in 815 bytes} [Thu Jul 16 08:18:32 2026] DELETE /resource_providers/746ba0d2-74ba-4c28-b8ec-1919d16a0302 => generated 246 bytes in 41 msecs (HTTP/1.1 404) 6 headers in 231 bytes (1 switches on core 0)
2026-07-16 08:18:33.805 8 INFO placement.requestlog [req-b0171cbb-059a-4d77-8881-2caa6222f5b3 req-7eb3aba4-648e-410c-9dbe-18fc7f148444 d14b83a9340346bb8d9dc92ca908b5d0 86664de68fa440c79d78b7ec61874797 - - 633cea54b8e64dab8a3900458668fcf2 633cea54b8e64dab8a3900458668fcf2] 199.19.213.66 "GET /resource_providers/6557d1b5-09d9-4bb0-9a46-71e23db292df/allocations" status: 200 len: 340 microversion: 1.0 [pid: 8|app: 0|req: 605/1212] 199.19.213.66 () {32 vars in 856 bytes} [Thu Jul 16 08:18:33 2026] GET /resource_providers/6557d1b5-09d9-4bb0-9a46-71e23db292df/allocations => generated 340 bytes in 19 msecs (HTTP/1.1 200) 6 headers in 224 bytes (1 switches on core 0)
2026-07-16 08:18:33.829 7 INFO placement.requestlog [req-b0171cbb-059a-4d77-8881-2caa6222f5b3 req-094de175-d44c-48dc-be68-bce03c6a1a3b d14b83a9340346bb8d9dc92ca908b5d0 86664de68fa440c79d78b7ec61874797 - - 633cea54b8e64dab8a3900458668fcf2 633cea54b8e64dab8a3900458668fcf2] 199.19.213.66 "GET /allocations/994524b5-e67d-4364-ae10-dc585880ad09" status: 200 len: 258 microversion: 1.28 [pid: 7|app: 0|req: 608/1213] 199.19.213.66 () {34 vars in 862 bytes} [Thu Jul 16 08:18:33 2026] GET /allocations/994524b5-e67d-4364-ae10-dc585880ad09 => generated 258 bytes in 19 msecs (HTTP/1.1 200) 8 headers in 296 bytes (1 switches on core 0)
2026-07-16 08:18:33.851 8 INFO placement.requestlog [req-b0171cbb-059a-4d77-8881-2caa6222f5b3 req-d5bcd47a-2cff-4ce0-9f50-ba97425e9670 d14b83a9340346bb8d9dc92ca908b5d0 86664de68fa440c79d78b7ec61874797 - - 633cea54b8e64dab8a3900458668fcf2 633cea54b8e64dab8a3900458668fcf2] 199.19.213.66 "GET /allocations/9af721dc-458c-4f5e-82e2-b436dab1375c" status: 200 len: 258 microversion: 1.28 [pid: 8|app: 0|req: 606/1214] 199.19.213.66 () {34 vars in 862 bytes} [Thu Jul 16 08:18:33 2026] GET /allocations/9af721dc-458c-4f5e-82e2-b436dab1375c => generated 258 bytes in 17 msecs (HTTP/1.1 200) 8 headers in 296 bytes (1 switches on core 0)
2026-07-16 08:18:33.870 7 INFO placement.requestlog [req-b0171cbb-059a-4d77-8881-2caa6222f5b3 req-36abae53-6fd0-4d6b-82d5-cebf507eb6d0 d14b83a9340346bb8d9dc92ca908b5d0 86664de68fa440c79d78b7ec61874797 - - 633cea54b8e64dab8a3900458668fcf2 633cea54b8e64dab8a3900458668fcf2] 199.19.213.66 "GET /allocations/741852ba-56b5-4f5c-bd60-941d7d092393" status: 200 len: 245 microversion: 1.28 [pid: 7|app: 0|req: 609/1215] 199.19.213.66 () {34 vars in 862 bytes} [Thu Jul 16 08:18:33 2026] GET /allocations/741852ba-56b5-4f5c-bd60-941d7d092393 => generated 245 bytes in 11 msecs (HTTP/1.1 200) 8 headers in 296 bytes (1 switches on core 0)
2026-07-16 08:18:34.911 8 INFO placement.requestlog [req-b0171cbb-059a-4d77-8881-2caa6222f5b3 req-b6d991c3-9c1c-4d20-8db5-66bd2a2d7d18 d14b83a9340346bb8d9dc92ca908b5d0 86664de68fa440c79d78b7ec61874797 - - 633cea54b8e64dab8a3900458668fcf2 633cea54b8e64dab8a3900458668fcf2] 199.19.213.66 "DELETE /allocations/741852ba-56b5-4f5c-bd60-941d7d092393" status: 204 len: 0 microversion: 1.0 [pid: 8|app: 0|req: 607/1216] 199.19.213.66 () {34 vars in 840 bytes} [Thu Jul 16 08:18:34 2026] DELETE /allocations/741852ba-56b5-4f5c-bd60-941d7d092393 => generated 0 bytes in 18 msecs (HTTP/1.1 204) 5 headers in 198 bytes (1 switches on core 0)
2026-07-16 08:18:37.412 7 INFO placement.requestlog [req-bd8f2dac-ead2-4494-bf23-5c9765209ed3 req-c75295ef-7c2f-4244-846f-8563d0cd27fc d14b83a9340346bb8d9dc92ca908b5d0 86664de68fa440c79d78b7ec61874797 - - 633cea54b8e64dab8a3900458668fcf2 633cea54b8e64dab8a3900458668fcf2] 199.19.213.66 "GET /resource_providers/6557d1b5-09d9-4bb0-9a46-71e23db292df/allocations" status: 200 len: 253 microversion: 1.0 [pid: 7|app: 0|req: 610/1217] 199.19.213.66 () {32 vars in 856 bytes} [Thu Jul 16 08:18:37 2026] GET /resource_providers/6557d1b5-09d9-4bb0-9a46-71e23db292df/allocations => generated 253 bytes in 18 msecs (HTTP/1.1 200) 6 headers in 224 bytes (1 switches on core 0)
2026-07-16 08:18:37.432 8 INFO placement.requestlog [req-bd8f2dac-ead2-4494-bf23-5c9765209ed3 req-046df34d-baaa-48ef-a3fc-e8fdcced18b8 d14b83a9340346bb8d9dc92ca908b5d0 86664de68fa440c79d78b7ec61874797 - - 633cea54b8e64dab8a3900458668fcf2 633cea54b8e64dab8a3900458668fcf2] 199.19.213.66 "GET /allocations/994524b5-e67d-4364-ae10-dc585880ad09" status: 200 len: 258 microversion: 1.28 [pid: 8|app: 0|req: 608/1218] 199.19.213.66 () {34 vars in 862 bytes} [Thu Jul 16 08:18:37 2026] GET /allocations/994524b5-e67d-4364-ae10-dc585880ad09 => generated 258 bytes in 13 msecs (HTTP/1.1 200) 8 headers in 296 bytes (1 switches on core 0)
2026-07-16 08:18:37.450 7 INFO placement.requestlog [req-bd8f2dac-ead2-4494-bf23-5c9765209ed3 req-4cd43323-33a1-4d49-a9d1-6a963c0b30e1 d14b83a9340346bb8d9dc92ca908b5d0 86664de68fa440c79d78b7ec61874797 - - 633cea54b8e64dab8a3900458668fcf2 633cea54b8e64dab8a3900458668fcf2] 199.19.213.66 "GET /allocations/9af721dc-458c-4f5e-82e2-b436dab1375c" status: 200 len: 258 microversion: 1.28 [pid: 7|app: 0|req: 611/1219] 199.19.213.66 () {34 vars in 862 bytes} [Thu Jul 16 08:18:37 2026] GET /allocations/9af721dc-458c-4f5e-82e2-b436dab1375c => generated 258 bytes in 10 msecs (HTTP/1.1 200) 8 headers in 296 bytes (1 switches on core 0)
2026-07-16 08:18:38.502 8 INFO placement.requestlog [req-bd8f2dac-ead2-4494-bf23-5c9765209ed3 req-75a4fabe-4db7-4ba0-a85e-ce41c6282054 d14b83a9340346bb8d9dc92ca908b5d0 86664de68fa440c79d78b7ec61874797 - - 633cea54b8e64dab8a3900458668fcf2 633cea54b8e64dab8a3900458668fcf2] 199.19.213.66 "DELETE /allocations/9af721dc-458c-4f5e-82e2-b436dab1375c" status: 204 len: 0 microversion: 1.0 [pid: 8|app: 0|req: 609/1220] 199.19.213.66 () {34 vars in 840 bytes} [Thu Jul 16 08:18:38 2026] DELETE /allocations/9af721dc-458c-4f5e-82e2-b436dab1375c => generated 0 bytes in 22 msecs (HTTP/1.1 204) 5 headers in 198 bytes (1 switches on core 0)
2026-07-16 08:18:39.356 8 INFO placement.requestlog [None req-93049a2f-13e2-4156-b6bb-9a1f78465e4e - - - - - -] 10.0.0.9 "GET /" status: 200 len: 136 microversion: 1.0
2026-07-16 08:18:39.356 7 INFO placement.requestlog [None req-318d2423-b015-4c63-a141-bd63adcfaa64 - - - - - -] 10.0.0.9 "GET /" status: 200 len: 136 microversion: 1.0
2026-07-16 08:18:41.461 8 INFO placement.requestlog [None req-fae7dbee-b889-40b3-bd89-5a6b53c70dcf 63e27188d6c84089bf8c38571fb410aa 86664de68fa440c79d78b7ec61874797 - - 633cea54b8e64dab8a3900458668fcf2 633cea54b8e64dab8a3900458668fcf2] 10.0.0.72 "GET /resource_providers/51655679-7ece-4c66-a9b0-b7fd7161cc6b/aggregates" status: 404 len: 235 microversion: 1.1 [pid: 8|app: 0|req: 611/1223] 10.0.0.72 () {32 vars in 815 bytes} [Thu Jul 16 08:18:41 2026] GET /resource_providers/51655679-7ece-4c66-a9b0-b7fd7161cc6b/aggregates => generated 235 bytes in 13 msecs (HTTP/1.1 404) 5 headers in 202 bytes (1 switches on core 0)
2026-07-16 08:18:41.463 7 INFO placement.requestlog [None req-9cad6df1-4d2d-4c27-bd81-0dd4f76d838a 63e27188d6c84089bf8c38571fb410aa 86664de68fa440c79d78b7ec61874797 - - 633cea54b8e64dab8a3900458668fcf2 633cea54b8e64dab8a3900458668fcf2] 10.0.0.72 "GET /resource_providers/51655679-7ece-4c66-a9b0-b7fd7161cc6b/aggregates" status: 404 len: 235 microversion: 1.1 [pid: 7|app: 0|req: 613/1224] 10.0.0.72 () {32 vars in 815 bytes} [Thu Jul 16 08:18:41 2026] GET /resource_providers/51655679-7ece-4c66-a9b0-b7fd7161cc6b/aggregates => generated 235 bytes in 11 msecs (HTTP/1.1 404) 5 headers in 202 bytes (1 switches on core 0)
2026-07-16 08:18:41.489 8 INFO placement.requestlog [None req-b62e6ffa-d173-4fa5-9da1-6af50c6c722c 63e27188d6c84089bf8c38571fb410aa 86664de68fa440c79d78b7ec61874797 - - 633cea54b8e64dab8a3900458668fcf2 633cea54b8e64dab8a3900458668fcf2] 10.0.0.72 "DELETE /resource_providers/51655679-7ece-4c66-a9b0-b7fd7161cc6b" status: 404 len: 246 microversion: 1.1 [pid: 8|app: 0|req: 612/1225] 10.0.0.72 () {34 vars in 815 bytes} [Thu Jul 16 08:18:41 2026] DELETE /resource_providers/51655679-7ece-4c66-a9b0-b7fd7161cc6b => generated 246 bytes in 8 msecs (HTTP/1.1 404) 6 headers in 231 bytes (1 switches on core 0)
2026-07-16 08:18:41.495 7 INFO placement.requestlog [None req-d9f44270-fe80-4bc2-adfd-4c42dfa1af7f 63e27188d6c84089bf8c38571fb410aa 86664de68fa440c79d78b7ec61874797 - - 633cea54b8e64dab8a3900458668fcf2 633cea54b8e64dab8a3900458668fcf2] 10.0.0.72 "DELETE /resource_providers/51655679-7ece-4c66-a9b0-b7fd7161cc6b" status: 404 len: 246 microversion: 1.1 [pid: 7|app: 0|req: 614/1226] 10.0.0.72 () {34 vars in 815 bytes} [Thu Jul 16 08:18:41 2026] DELETE /resource_providers/51655679-7ece-4c66-a9b0-b7fd7161cc6b => generated 246 bytes in 10 msecs (HTTP/1.1 404) 6 headers in 231 bytes (1 switches on core 0)
2026-07-16 08:18:41.850 7 INFO placement.requestlog [None req-67394add-ef2b-4ca7-9ef6-2f0a4bc1d4ff 63e27188d6c84089bf8c38571fb410aa 86664de68fa440c79d78b7ec61874797 - - 633cea54b8e64dab8a3900458668fcf2 633cea54b8e64dab8a3900458668fcf2] 10.0.0.72 "GET /resource_providers/6e20e625-3dbf-4979-a713-2d9059da9563/aggregates" status: 404 len: 235 microversion: 1.1 [pid: 7|app: 0|req: 615/1227] 10.0.0.72 () {32 vars in 815 bytes} [Thu Jul 16 08:18:41 2026] GET /resource_providers/6e20e625-3dbf-4979-a713-2d9059da9563/aggregates => generated 235 bytes in 9 msecs (HTTP/1.1 404) 5 headers in 202 bytes (1 switches on core 0)
2026-07-16 08:18:41.852 8 INFO placement.requestlog [None req-69d808af-6f2d-40c6-bb86-ac9da6d421c7 63e27188d6c84089bf8c38571fb410aa 86664de68fa440c79d78b7ec61874797 - - 633cea54b8e64dab8a3900458668fcf2 633cea54b8e64dab8a3900458668fcf2] 10.0.0.72 "GET /resource_providers/6e20e625-3dbf-4979-a713-2d9059da9563/aggregates" status: 404 len: 235 microversion: 1.1 [pid: 8|app: 0|req: 613/1228] 10.0.0.72 () {32 vars in 815 bytes} [Thu Jul 16 08:18:41 2026] GET /resource_providers/6e20e625-3dbf-4979-a713-2d9059da9563/aggregates => generated 235 bytes in 11 msecs (HTTP/1.1 404) 5 headers in 202 bytes (1 switches on core 0)
2026-07-16 08:18:41.872 7 INFO placement.requestlog [None req-7184e1c8-6008-4d26-aeea-82d5290248d0 63e27188d6c84089bf8c38571fb410aa 86664de68fa440c79d78b7ec61874797 - - 633cea54b8e64dab8a3900458668fcf2 633cea54b8e64dab8a3900458668fcf2] 10.0.0.72 "DELETE /resource_providers/6e20e625-3dbf-4979-a713-2d9059da9563" status: 404 len: 246 microversion: 1.1 [pid: 7|app: 0|req: 616/1229] 10.0.0.72 () {34 vars in 815 bytes} [Thu Jul 16 08:18:41 2026] DELETE /resource_providers/6e20e625-3dbf-4979-a713-2d9059da9563 => generated 246 bytes in 8 msecs (HTTP/1.1 404) 6 headers in 231 bytes (1 switches on core 0)
2026-07-16 08:18:41.876 8 INFO placement.requestlog [None req-f87cec68-1f82-4b4a-9837-387038da9684 63e27188d6c84089bf8c38571fb410aa 86664de68fa440c79d78b7ec61874797 - - 633cea54b8e64dab8a3900458668fcf2 633cea54b8e64dab8a3900458668fcf2] 10.0.0.72 "DELETE /resource_providers/6e20e625-3dbf-4979-a713-2d9059da9563" status: 404 len: 246 microversion: 1.1 [pid: 8|app: 0|req: 614/1230] 10.0.0.72 () {34 vars in 815 bytes} [Thu Jul 16 08:18:41 2026] DELETE /resource_providers/6e20e625-3dbf-4979-a713-2d9059da9563 => generated 246 bytes in 9 msecs (HTTP/1.1 404) 6 headers in 231 bytes (1 switches on core 0)
2026-07-16 08:18:43.516 8 INFO placement.requestlog [None req-31796fca-4a29-4c8b-a686-96b152203004 63e27188d6c84089bf8c38571fb410aa 86664de68fa440c79d78b7ec61874797 - - 633cea54b8e64dab8a3900458668fcf2 633cea54b8e64dab8a3900458668fcf2] 10.0.0.72 "GET /resource_providers/18f89780-f5b0-419c-bcf5-6d50e1337c50/aggregates" status: 404 len: 235 microversion: 1.1 [pid: 8|app: 0|req: 615/1231] 10.0.0.72 () {32 vars in 815 bytes} [Thu Jul 16 08:18:43 2026] GET /resource_providers/18f89780-f5b0-419c-bcf5-6d50e1337c50/aggregates => generated 235 bytes in 8 msecs (HTTP/1.1 404) 5 headers in 202 bytes (1 switches on core 0)
2026-07-16 08:18:43.519 7 INFO placement.requestlog [None req-d929dc37-e62f-40d9-80a8-972087c04b12 63e27188d6c84089bf8c38571fb410aa 86664de68fa440c79d78b7ec61874797 - - 633cea54b8e64dab8a3900458668fcf2 633cea54b8e64dab8a3900458668fcf2] 10.0.0.72 "GET /resource_providers/18f89780-f5b0-419c-bcf5-6d50e1337c50/aggregates" status: 404 len: 235 microversion: 1.1 [pid: 7|app: 0|req: 617/1232] 10.0.0.72 () {32 vars in 815 bytes} [Thu Jul 16 08:18:43 2026] GET /resource_providers/18f89780-f5b0-419c-bcf5-6d50e1337c50/aggregates => generated 235 bytes in 13 msecs (HTTP/1.1 404) 5 headers in 202 bytes (1 switches on core 0)
2026-07-16 08:18:43.538 8 INFO placement.requestlog [None req-cf0d8834-a075-428d-a646-b41abcb62f86 63e27188d6c84089bf8c38571fb410aa 86664de68fa440c79d78b7ec61874797 - - 633cea54b8e64dab8a3900458668fcf2 633cea54b8e64dab8a3900458668fcf2] 10.0.0.72 "DELETE /resource_providers/18f89780-f5b0-419c-bcf5-6d50e1337c50" status: 404 len: 246 microversion: 1.1 [pid: 8|app: 0|req: 616/1233] 10.0.0.72 () {34 vars in 815 bytes} [Thu Jul 16 08:18:43 2026] DELETE /resource_providers/18f89780-f5b0-419c-bcf5-6d50e1337c50 => generated 246 bytes in 10 msecs (HTTP/1.1 404) 6 headers in 231 bytes (1 switches on core 0)
2026-07-16 08:18:43.539 7 INFO placement.requestlog [None req-a460bd3b-316d-45da-8534-0342d158c027 63e27188d6c84089bf8c38571fb410aa 86664de68fa440c79d78b7ec61874797 - - 633cea54b8e64dab8a3900458668fcf2 633cea54b8e64dab8a3900458668fcf2] 10.0.0.72 "DELETE /resource_providers/18f89780-f5b0-419c-bcf5-6d50e1337c50" status: 404 len: 246 microversion: 1.1 [pid: 7|app: 0|req: 618/1234] 10.0.0.72 () {34 vars in 815 bytes} [Thu Jul 16 08:18:43 2026] DELETE /resource_providers/18f89780-f5b0-419c-bcf5-6d50e1337c50 => generated 246 bytes in 10 msecs (HTTP/1.1 404) 6 headers in 231 bytes (1 switches on core 0)
2026-07-16 08:18:46.820 8 INFO placement.requestlog [req-5bf48d81-2c7e-4e2b-99e6-c0b4be8eb19a req-b2317444-c277-49bf-adfb-37753a0d7a05 d14b83a9340346bb8d9dc92ca908b5d0 86664de68fa440c79d78b7ec61874797 - - 633cea54b8e64dab8a3900458668fcf2 633cea54b8e64dab8a3900458668fcf2] 199.19.213.66 "GET /resource_providers/6557d1b5-09d9-4bb0-9a46-71e23db292df/allocations" status: 200 len: 153 microversion: 1.0 [pid: 8|app: 0|req: 617/1235] 199.19.213.66 () {32 vars in 856 bytes} [Thu Jul 16 08:18:46 2026] GET /resource_providers/6557d1b5-09d9-4bb0-9a46-71e23db292df/allocations => generated 153 bytes in 16 msecs (HTTP/1.1 200) 6 headers in 224 bytes (1 switches on core 0)
2026-07-16 08:18:46.848 7 INFO placement.requestlog [req-5bf48d81-2c7e-4e2b-99e6-c0b4be8eb19a req-2f51c0e7-64ca-4ab3-9269-b4d059cf5a6e d14b83a9340346bb8d9dc92ca908b5d0 86664de68fa440c79d78b7ec61874797 - - 633cea54b8e64dab8a3900458668fcf2 633cea54b8e64dab8a3900458668fcf2] 199.19.213.66 "GET /resource_providers/6557d1b5-09d9-4bb0-9a46-71e23db292df/allocations" status: 200 len: 153 microversion: 1.0 [pid: 7|app: 0|req: 619/1236] 199.19.213.66 () {32 vars in 856 bytes} [Thu Jul 16 08:18:46 2026] GET /resource_providers/6557d1b5-09d9-4bb0-9a46-71e23db292df/allocations => generated 153 bytes in 19 msecs (HTTP/1.1 200) 6 headers in 224 bytes (1 switches on core 0)
2026-07-16 08:18:46.865 8 INFO placement.requestlog [req-5bf48d81-2c7e-4e2b-99e6-c0b4be8eb19a req-8afd08b6-701d-4945-aa8c-98cb10f08e88 d14b83a9340346bb8d9dc92ca908b5d0 86664de68fa440c79d78b7ec61874797 - - 633cea54b8e64dab8a3900458668fcf2 633cea54b8e64dab8a3900458668fcf2] 199.19.213.66 "GET /allocations/994524b5-e67d-4364-ae10-dc585880ad09" status: 200 len: 258 microversion: 1.28 [pid: 8|app: 0|req: 618/1237] 199.19.213.66 () {34 vars in 862 bytes} [Thu Jul 16 08:18:46 2026] GET /allocations/994524b5-e67d-4364-ae10-dc585880ad09 => generated 258 bytes in 11 msecs (HTTP/1.1 200) 8 headers in 296 bytes (1 switches on core 0)
2026-07-16 08:18:48.372 7 INFO placement.requestlog [req-4671ce29-a92e-4f96-a93e-a79d2bc9a132 req-a16cd9c0-4d30-4482-91a6-36eae667a01f d14b83a9340346bb8d9dc92ca908b5d0 86664de68fa440c79d78b7ec61874797 - - 633cea54b8e64dab8a3900458668fcf2 633cea54b8e64dab8a3900458668fcf2] 199.19.213.66 "GET /resource_providers/6557d1b5-09d9-4bb0-9a46-71e23db292df/allocations" status: 200 len: 153 microversion: 1.0 [pid: 7|app: 0|req: 620/1238] 199.19.213.66 () {32 vars in 856 bytes} [Thu Jul 16 08:18:48 2026] GET /resource_providers/6557d1b5-09d9-4bb0-9a46-71e23db292df/allocations => generated 153 bytes in 18 msecs (HTTP/1.1 200) 6 headers in 224 bytes (1 switches on core 0)
2026-07-16 08:18:48.391 8 INFO placement.requestlog [req-4671ce29-a92e-4f96-a93e-a79d2bc9a132 req-05698e25-491d-4c2b-bea1-2cf3e4a33b97 d14b83a9340346bb8d9dc92ca908b5d0 86664de68fa440c79d78b7ec61874797 - - 633cea54b8e64dab8a3900458668fcf2 633cea54b8e64dab8a3900458668fcf2] 199.19.213.66 "GET /allocations/994524b5-e67d-4364-ae10-dc585880ad09" status: 200 len: 258 microversion: 1.28 [pid: 8|app: 0|req: 619/1239] 199.19.213.66 () {34 vars in 862 bytes} [Thu Jul 16 08:18:48 2026] GET /allocations/994524b5-e67d-4364-ae10-dc585880ad09 => generated 258 bytes in 11 msecs (HTTP/1.1 200) 8 headers in 296 bytes (1 switches on core 0)
2026-07-16 08:18:49.356 7 INFO placement.requestlog [None req-690240de-7c4b-4722-a285-ad1155c6063c - - - - - -] 10.0.0.9 "GET /" status: 200 len: 136 microversion: 1.0
2026-07-16 08:18:49.357 8 INFO placement.requestlog [None req-52eb8da8-3ad9-4f8f-a2ef-1c8330b3b2ac - - - - - -] 10.0.0.9 "GET /" status: 200 len: 136 microversion: 1.0
2026-07-16 08:18:49.441 7 INFO placement.requestlog [req-4671ce29-a92e-4f96-a93e-a79d2bc9a132 req-4202c0ca-5e0d-4ce8-ab44-afefc7360af4 d14b83a9340346bb8d9dc92ca908b5d0 86664de68fa440c79d78b7ec61874797 - - 633cea54b8e64dab8a3900458668fcf2 633cea54b8e64dab8a3900458668fcf2] 199.19.213.66 "DELETE /allocations/994524b5-e67d-4364-ae10-dc585880ad09" status: 204 len: 0 microversion: 1.0 [pid: 7|app: 0|req: 622/1242] 199.19.213.66 () {34 vars in 840 bytes} [Thu Jul 16 08:18:49 2026] DELETE /allocations/994524b5-e67d-4364-ae10-dc585880ad09 => generated 0 bytes in 25 msecs (HTTP/1.1 204) 5 headers in 198 bytes (1 switches on core 0)
2026-07-16 08:18:59.356 8 INFO placement.requestlog [None req-7cad8d03-0eb5-413f-aa91-022df35e0f2d - - - - - -] 10.0.0.9 "GET /" status: 200 len: 136 microversion: 1.0
2026-07-16 08:18:59.356 7 INFO placement.requestlog [None req-676e852a-3f47-4152-8327-bf3d37046344 - - - - - -] 10.0.0.9 "GET /" status: 200 len: 136 microversion: 1.0
2026-07-16 08:19:01.647 8 INFO placement.requestlog [None req-3a88721f-81db-4a0d-9940-ed31e9144586 63e27188d6c84089bf8c38571fb410aa 86664de68fa440c79d78b7ec61874797 - - 633cea54b8e64dab8a3900458668fcf2 633cea54b8e64dab8a3900458668fcf2] 10.0.0.72 "GET /resource_providers/2159e5bd-3aad-45da-9e50-129e76fb5f00/aggregates" status: 404 len: 235 microversion: 1.1 [pid: 8|app: 0|req: 622/1245] 10.0.0.72 () {32 vars in 815 bytes} [Thu Jul 16 08:19:01 2026] GET /resource_providers/2159e5bd-3aad-45da-9e50-129e76fb5f00/aggregates => generated 235 bytes in 9 msecs (HTTP/1.1 404) 5 headers in 202 bytes (1 switches on core 0)
2026-07-16 08:19:01.650 7 INFO placement.requestlog [None req-2c7d569a-ce75-46f5-9f87-893a6cbaf6ab 63e27188d6c84089bf8c38571fb410aa 86664de68fa440c79d78b7ec61874797 - - 633cea54b8e64dab8a3900458668fcf2 633cea54b8e64dab8a3900458668fcf2] 10.0.0.72 "GET /resource_providers/2159e5bd-3aad-45da-9e50-129e76fb5f00/aggregates" status: 404 len: 235 microversion: 1.1 [pid: 7|app: 0|req: 624/1246] 10.0.0.72 () {32 vars in 815 bytes} [Thu Jul 16 08:19:01 2026] GET /resource_providers/2159e5bd-3aad-45da-9e50-129e76fb5f00/aggregates => generated 235 bytes in 12 msecs (HTTP/1.1 404) 5 headers in 202 bytes (1 switches on core 0)
