2026-07-16 08:07:29.356 7 INFO placement.requestlog [None req-cae6def3-c083-423e-817f-368101500715 - - - - - -] 10.0.0.9 "GET /" status: 200 len: 136 microversion: 1.0
2026-07-16 08:07:29.356 8 INFO placement.requestlog [None req-a31305e6-56a2-4f5b-bbe8-ead6ce92c561 - - - - - -] 10.0.0.9 "GET /" status: 200 len: 136 microversion: 1.0
2026-07-16 08:07:35.713 7 INFO placement.requestlog [req-91907244-fc87-4717-a805-220013ae9b86 req-aeb58c88-d566-4b35-8cdd-ea780175e429 d14b83a9340346bb8d9dc92ca908b5d0 86664de68fa440c79d78b7ec61874797 - - 633cea54b8e64dab8a3900458668fcf2 633cea54b8e64dab8a3900458668fcf2] 199.19.213.66 "GET /resource_providers/6557d1b5-09d9-4bb0-9a46-71e23db292df/allocations" status: 200 len: 54 microversion: 1.0 [pid: 7|app: 0|req: 295/590] 199.19.213.66 () {32 vars in 856 bytes} [Thu Jul 16 08:07:35 2026] GET /resource_providers/6557d1b5-09d9-4bb0-9a46-71e23db292df/allocations => generated 54 bytes in 124 msecs (HTTP/1.1 200) 6 headers in 223 bytes (1 switches on core 0)
2026-07-16 08:07:35.740 8 INFO placement.requestlog [req-91907244-fc87-4717-a805-220013ae9b86 req-3eca4f8f-b753-43dc-9830-bed1bc616770 d14b83a9340346bb8d9dc92ca908b5d0 86664de68fa440c79d78b7ec61874797 - - 633cea54b8e64dab8a3900458668fcf2 633cea54b8e64dab8a3900458668fcf2] 199.19.213.66 "GET /resource_providers?in_tree=6557d1b5-09d9-4bb0-9a46-71e23db292df" status: 200 len: 797 microversion: 1.14 [pid: 8|app: 0|req: 296/591] 199.19.213.66 () {34 vars in 891 bytes} [Thu Jul 16 08:07:35 2026] GET /resource_providers?in_tree=6557d1b5-09d9-4bb0-9a46-71e23db292df => generated 797 bytes in 20 msecs (HTTP/1.1 200) 6 headers in 225 bytes (1 switches on core 0)
2026-07-16 08:07:35.770 7 INFO placement.requestlog [req-91907244-fc87-4717-a805-220013ae9b86 req-6946af46-d157-456b-afce-5f5d13b2a985 d14b83a9340346bb8d9dc92ca908b5d0 86664de68fa440c79d78b7ec61874797 - - 633cea54b8e64dab8a3900458668fcf2 633cea54b8e64dab8a3900458668fcf2] 199.19.213.66 "GET /resource_providers/6557d1b5-09d9-4bb0-9a46-71e23db292df/inventories" status: 200 len: 400 microversion: 1.0 [pid: 7|app: 0|req: 296/592] 199.19.213.66 () {32 vars in 856 bytes} [Thu Jul 16 08:07:35 2026] GET /resource_providers/6557d1b5-09d9-4bb0-9a46-71e23db292df/inventories => generated 400 bytes in 23 msecs (HTTP/1.1 200) 6 headers in 224 bytes (1 switches on core 0)
2026-07-16 08:07:35.789 8 INFO placement.requestlog [req-91907244-fc87-4717-a805-220013ae9b86 req-3cd3967d-f369-458a-880f-54a7d279f246 d14b83a9340346bb8d9dc92ca908b5d0 86664de68fa440c79d78b7ec61874797 - - 633cea54b8e64dab8a3900458668fcf2 633cea54b8e64dab8a3900458668fcf2] 199.19.213.66 "GET /resource_providers/6557d1b5-09d9-4bb0-9a46-71e23db292df/aggregates" status: 200 len: 53 microversion: 1.19 [pid: 8|app: 0|req: 297/593] 199.19.213.66 () {34 vars in 898 bytes} [Thu Jul 16 08:07:35 2026] GET /resource_providers/6557d1b5-09d9-4bb0-9a46-71e23db292df/aggregates => generated 53 bytes in 14 msecs (HTTP/1.1 200) 8 headers in 295 bytes (1 switches on core 0)
2026-07-16 08:07:35.811 7 INFO placement.requestlog [req-91907244-fc87-4717-a805-220013ae9b86 req-dff8bcb0-04a8-4093-a4d3-5d904c774283 d14b83a9340346bb8d9dc92ca908b5d0 86664de68fa440c79d78b7ec61874797 - - 633cea54b8e64dab8a3900458668fcf2 633cea54b8e64dab8a3900458668fcf2] 199.19.213.66 "GET /resource_providers/6557d1b5-09d9-4bb0-9a46-71e23db292df/traits" status: 200 len: 2175 microversion: 1.6 [pid: 7|app: 0|req: 297/594] 199.19.213.66 () {34 vars in 889 bytes} [Thu Jul 16 08:07:35 2026] GET /resource_providers/6557d1b5-09d9-4bb0-9a46-71e23db292df/traits => generated 2175 bytes in 15 msecs (HTTP/1.1 200) 6 headers in 225 bytes (1 switches on core 0)
2026-07-16 08:07:35.830 8 INFO placement.requestlog [req-91907244-fc87-4717-a805-220013ae9b86 req-57963ff9-2e15-4e19-bdf0-9226f3901bad d14b83a9340346bb8d9dc92ca908b5d0 86664de68fa440c79d78b7ec61874797 - - 633cea54b8e64dab8a3900458668fcf2 633cea54b8e64dab8a3900458668fcf2] 199.19.213.66 "GET /resource_providers/6557d1b5-09d9-4bb0-9a46-71e23db292df/allocations" status: 200 len: 54 microversion: 1.0 [pid: 8|app: 0|req: 298/595] 199.19.213.66 () {32 vars in 856 bytes} [Thu Jul 16 08:07:35 2026] GET /resource_providers/6557d1b5-09d9-4bb0-9a46-71e23db292df/allocations => generated 54 bytes in 16 msecs (HTTP/1.1 200) 6 headers in 223 bytes (1 switches on core 0)
2026-07-16 08:07:39.356 7 INFO placement.requestlog [None req-59a93622-3939-434b-be8a-b62900afded6 - - - - - -] 10.0.0.9 "GET /" status: 200 len: 136 microversion: 1.0
2026-07-16 08:07:39.357 8 INFO placement.requestlog [None req-a88d1216-f53b-4bec-9a28-2b374c910969 - - - - - -] 10.0.0.9 "GET /" status: 200 len: 136 microversion: 1.0
2026-07-16 08:07:49.357 8 INFO placement.requestlog [None req-e68e5def-df51-4df1-8740-a89871a95e66 - - - - - -] 10.0.0.9 "GET /" status: 200 len: 136 microversion: 1.0
2026-07-16 08:07:49.358 7 INFO placement.requestlog [None req-d1eabace-e922-47ac-82bc-18f40bfcb955 - - - - - -] 10.0.0.9 "GET /" status: 200 len: 136 microversion: 1.0
2026-07-16 08:07:59.357 8 INFO placement.requestlog [None req-6445d5c2-0801-4e52-bdde-194ddeddef94 - - - - - -] 10.0.0.9 "GET /" status: 200 len: 136 microversion: 1.0
2026-07-16 08:07:59.357 7 INFO placement.requestlog [None req-dc8de46e-834e-4e9a-b6b3-1976b90233b3 - - - - - -] 10.0.0.9 "GET /" status: 200 len: 136 microversion: 1.0
2026-07-16 08:08:09.356 7 INFO placement.requestlog [None req-5c06eb86-af8e-4c1f-8a3c-9399dcf8a8d2 - - - - - -] 10.0.0.9 "GET /" status: 200 len: 136 microversion: 1.0
2026-07-16 08:08:09.357 8 INFO placement.requestlog [None req-f7b253cc-db69-42ff-885f-2da0bd6a91dd - - - - - -] 10.0.0.9 "GET /" status: 200 len: 136 microversion: 1.0
2026-07-16 08:08:19.356 7 INFO placement.requestlog [None req-62530886-c2c4-4aa7-ba50-a38b41561dc9 - - - - - -] 10.0.0.9 "GET /" status: 200 len: 136 microversion: 1.0
2026-07-16 08:08:19.356 8 INFO placement.requestlog [None req-b26e803d-fdc6-4e60-a746-9eac41fd6080 - - - - - -] 10.0.0.9 "GET /" status: 200 len: 136 microversion: 1.0
2026-07-16 08:08:29.356 8 INFO placement.requestlog [None req-6d809141-cb9c-4db2-9e6c-89792ae422ad - - - - - -] 10.0.0.9 "GET /" status: 200 len: 136 microversion: 1.0
2026-07-16 08:08:29.357 7 INFO placement.requestlog [None req-5c2ff558-f9d8-4126-b8e9-795f403b8cd0 - - - - - -] 10.0.0.9 "GET /" status: 200 len: 136 microversion: 1.0
2026-07-16 08:08:37.033 8 INFO placement.requestlog [req-fd54cac2-bfd3-47bc-83e1-0bb8d60fc8e5 req-e3224412-f94c-46b8-a271-344a5c48f178 d14b83a9340346bb8d9dc92ca908b5d0 86664de68fa440c79d78b7ec61874797 - - 633cea54b8e64dab8a3900458668fcf2 633cea54b8e64dab8a3900458668fcf2] 199.19.213.66 "GET /resource_providers/6557d1b5-09d9-4bb0-9a46-71e23db292df/allocations" status: 200 len: 54 microversion: 1.0 [pid: 8|app: 0|req: 305/608] 199.19.213.66 () {32 vars in 856 bytes} [Thu Jul 16 08:08:37 2026] GET /resource_providers/6557d1b5-09d9-4bb0-9a46-71e23db292df/allocations => generated 54 bytes in 17 msecs (HTTP/1.1 200) 6 headers in 223 bytes (1 switches on core 0)
2026-07-16 08:08:37.055 7 INFO placement.requestlog [req-fd54cac2-bfd3-47bc-83e1-0bb8d60fc8e5 req-4d29654d-1e79-4418-8f2c-7468c672d897 d14b83a9340346bb8d9dc92ca908b5d0 86664de68fa440c79d78b7ec61874797 - - 633cea54b8e64dab8a3900458668fcf2 633cea54b8e64dab8a3900458668fcf2] 199.19.213.66 "GET /resource_providers/6557d1b5-09d9-4bb0-9a46-71e23db292df/allocations" status: 200 len: 54 microversion: 1.0 [pid: 7|app: 0|req: 304/609] 199.19.213.66 () {32 vars in 856 bytes} [Thu Jul 16 08:08:37 2026] GET /resource_providers/6557d1b5-09d9-4bb0-9a46-71e23db292df/allocations => generated 54 bytes in 15 msecs (HTTP/1.1 200) 6 headers in 223 bytes (1 switches on core 0)
2026-07-16 08:08:39.356 8 INFO placement.requestlog [None req-fa02a0df-d85f-45e3-b2ed-e7e293fb2be8 - - - - - -] 10.0.0.9 "GET /" status: 200 len: 136 microversion: 1.0
2026-07-16 08:08:39.357 7 INFO placement.requestlog [None req-312e1509-1a67-4df3-a97a-45d787503f5b - - - - - -] 10.0.0.9 "GET /" status: 200 len: 136 microversion: 1.0
2026-07-16 08:08:49.355 7 INFO placement.requestlog [None req-9b4f8f2b-d96a-4d4e-9b8b-6c7727493926 - - - - - -] 10.0.0.9 "GET /" status: 200 len: 136 microversion: 1.0
2026-07-16 08:08:49.356 8 INFO placement.requestlog [None req-4fa6e5f1-598a-4424-93d2-f9b12fea724e - - - - - -] 10.0.0.9 "GET /" status: 200 len: 136 microversion: 1.0
2026-07-16 08:08:59.355 7 INFO placement.requestlog [None req-70823911-1ec6-4ccf-9c4a-888a1508de9c - - - - - -] 10.0.0.9 "GET /" status: 200 len: 136 microversion: 1.0
2026-07-16 08:08:59.356 8 INFO placement.requestlog [None req-96948d93-5a09-45ca-a652-2d9869499245 - - - - - -] 10.0.0.9 "GET /" status: 200 len: 136 microversion: 1.0
2026-07-16 08:09:09.356 7 INFO placement.requestlog [None req-d8d5b9ed-beae-4916-a0e5-4663f1d1d7bc - - - - - -] 10.0.0.9 "GET /" status: 200 len: 136 microversion: 1.0
2026-07-16 08:09:09.357 8 INFO placement.requestlog [None req-52f3c0bc-b37c-432e-a725-049879dcd831 - - - - - -] 10.0.0.9 "GET /" status: 200 len: 136 microversion: 1.0
2026-07-16 08:09:19.356 8 INFO placement.requestlog [None req-d01ca052-4c9d-4ae9-9deb-a64dee33bebb - - - - - -] 10.0.0.9 "GET /" status: 200 len: 136 microversion: 1.0
2026-07-16 08:09:19.356 7 INFO placement.requestlog [None req-47983b89-6503-43a7-b4f9-d242b982471c - - - - - -] 10.0.0.9 "GET /" status: 200 len: 136 microversion: 1.0
2026-07-16 08:09:29.357 7 INFO placement.requestlog [None req-d74ed94f-ff22-494e-ac06-0d600ffaad2f - - - - - -] 10.0.0.9 "GET /" status: 200 len: 136 microversion: 1.0
2026-07-16 08:09:29.361 8 INFO placement.requestlog [None req-3630ee80-eab0-49fa-ba08-aee0150001bb - - - - - -] 10.0.0.9 "GET /" status: 200 len: 136 microversion: 1.0
2026-07-16 08:09:37.043 7 INFO placement.requestlog [req-d1e7dc95-0aeb-4489-9510-15cab6bf8bfa req-5545a510-7d5f-4382-8f01-bd6cf96ebbba d14b83a9340346bb8d9dc92ca908b5d0 86664de68fa440c79d78b7ec61874797 - - 633cea54b8e64dab8a3900458668fcf2 633cea54b8e64dab8a3900458668fcf2] 199.19.213.66 "GET /resource_providers/6557d1b5-09d9-4bb0-9a46-71e23db292df/allocations" status: 200 len: 54 microversion: 1.0 [pid: 7|app: 0|req: 311/622] 199.19.213.66 () {32 vars in 856 bytes} [Thu Jul 16 08:09:37 2026] GET /resource_providers/6557d1b5-09d9-4bb0-9a46-71e23db292df/allocations => generated 54 bytes in 12 msecs (HTTP/1.1 200) 6 headers in 223 bytes (1 switches on core 0)
2026-07-16 08:09:37.064 8 INFO placement.requestlog [req-d1e7dc95-0aeb-4489-9510-15cab6bf8bfa req-b5f3003b-902c-44ec-a886-ebc991c3379a d14b83a9340346bb8d9dc92ca908b5d0 86664de68fa440c79d78b7ec61874797 - - 633cea54b8e64dab8a3900458668fcf2 633cea54b8e64dab8a3900458668fcf2] 199.19.213.66 "GET /resource_providers/6557d1b5-09d9-4bb0-9a46-71e23db292df/allocations" status: 200 len: 54 microversion: 1.0 [pid: 8|app: 0|req: 312/623] 199.19.213.66 () {32 vars in 856 bytes} [Thu Jul 16 08:09:37 2026] GET /resource_providers/6557d1b5-09d9-4bb0-9a46-71e23db292df/allocations => generated 54 bytes in 13 msecs (HTTP/1.1 200) 6 headers in 223 bytes (1 switches on core 0)
2026-07-16 08:09:39.357 7 INFO placement.requestlog [None req-4cd12e99-60cf-4d2b-8808-df5611dde577 - - - - - -] 10.0.0.9 "GET /" status: 200 len: 136 microversion: 1.0
2026-07-16 08:09:39.357 8 INFO placement.requestlog [None req-a44c6a87-61d5-41b6-97b3-0978528571c0 - - - - - -] 10.0.0.9 "GET /" status: 200 len: 136 microversion: 1.0
2026-07-16 08:09:49.357 8 INFO placement.requestlog [None req-ae3b2910-0cc6-4954-a69f-52fa09d4e97c - - - - - -] 10.0.0.9 "GET /" status: 200 len: 136 microversion: 1.0
2026-07-16 08:09:49.356 7 INFO placement.requestlog [None req-30c19583-a31f-4808-aeea-3b918b64fcc9 - - - - - -] 10.0.0.9 "GET /" status: 200 len: 136 microversion: 1.0
2026-07-16 08:09:59.356 7 INFO placement.requestlog [None req-ab695589-00ee-49c2-a957-7f7e5af6f3ca - - - - - -] 10.0.0.9 "GET /" status: 200 len: 136 microversion: 1.0
2026-07-16 08:09:59.357 8 INFO placement.requestlog [None req-91c6fffe-5651-41ce-82b5-d03ec7ee33c1 - - - - - -] 10.0.0.9 "GET /" status: 200 len: 136 microversion: 1.0
2026-07-16 08:10:09.355 7 INFO placement.requestlog [None req-1c20b55f-97ce-426c-8982-8f2faeb78042 - - - - - -] 10.0.0.9 "GET /" status: 200 len: 136 microversion: 1.0
2026-07-16 08:10:09.357 8 INFO placement.requestlog [None req-ff24e97c-1a05-4a4f-bd7a-14835650f74a - - - - - -] 10.0.0.9 "GET /" status: 200 len: 136 microversion: 1.0
2026-07-16 08:10:19.356 7 INFO placement.requestlog [None req-e05797a2-deb6-4da7-8c55-6e7a7c57784d - - - - - -] 10.0.0.9 "GET /" status: 200 len: 136 microversion: 1.0
2026-07-16 08:10:19.356 8 INFO placement.requestlog [None req-43b84125-4d1c-4c4e-ba45-aca95531b709 - - - - - -] 10.0.0.9 "GET /" status: 200 len: 136 microversion: 1.0
2026-07-16 08:10:29.356 8 INFO placement.requestlog [None req-d45b96c6-330c-4328-bd76-5dffa56b8982 - - - - - -] 10.0.0.9 "GET /" status: 200 len: 136 microversion: 1.0
2026-07-16 08:10:29.356 7 INFO placement.requestlog [None req-46c9b678-da84-489f-a719-3091f6590a9a - - - - - -] 10.0.0.9 "GET /" status: 200 len: 136 microversion: 1.0
2026-07-16 08:10:37.187 8 INFO placement.requestlog [req-03ec9fd8-efe6-42df-abb8-73e8a388ee81 req-3b32dc0d-1aff-464a-b7ec-a984a00427c6 d14b83a9340346bb8d9dc92ca908b5d0 86664de68fa440c79d78b7ec61874797 - - 633cea54b8e64dab8a3900458668fcf2 633cea54b8e64dab8a3900458668fcf2] 199.19.213.66 "GET /resource_providers/6557d1b5-09d9-4bb0-9a46-71e23db292df/allocations" status: 200 len: 54 microversion: 1.0 [pid: 8|app: 0|req: 319/636] 199.19.213.66 () {32 vars in 856 bytes} [Thu Jul 16 08:10:37 2026] GET /resource_providers/6557d1b5-09d9-4bb0-9a46-71e23db292df/allocations => generated 54 bytes in 16 msecs (HTTP/1.1 200) 6 headers in 223 bytes (1 switches on core 0)
2026-07-16 08:10:37.207 7 INFO placement.requestlog [req-03ec9fd8-efe6-42df-abb8-73e8a388ee81 req-7e5bbec3-b2d1-475d-bfb8-1603d18ba0d0 d14b83a9340346bb8d9dc92ca908b5d0 86664de68fa440c79d78b7ec61874797 - - 633cea54b8e64dab8a3900458668fcf2 633cea54b8e64dab8a3900458668fcf2] 199.19.213.66 "GET /resource_providers/6557d1b5-09d9-4bb0-9a46-71e23db292df/allocations" status: 200 len: 54 microversion: 1.0 [pid: 7|app: 0|req: 318/637] 199.19.213.66 () {32 vars in 856 bytes} [Thu Jul 16 08:10:37 2026] GET /resource_providers/6557d1b5-09d9-4bb0-9a46-71e23db292df/allocations => generated 54 bytes in 15 msecs (HTTP/1.1 200) 6 headers in 223 bytes (1 switches on core 0)
2026-07-16 08:10:39.356 7 INFO placement.requestlog [None req-d70e61f1-d752-49f0-8ba0-7f436812c201 - - - - - -] 10.0.0.9 "GET /" status: 200 len: 136 microversion: 1.0
2026-07-16 08:10:39.358 7 INFO placement.requestlog [None req-9f98099d-d823-4527-b9be-4ba4ad9bb567 - - - - - -] 10.0.0.9 "GET /" status: 200 len: 136 microversion: 1.0
2026-07-16 08:10:39.465 8 INFO placement.requestlog [None req-f8cfedab-74d0-4ad7-8948-6f0d1a1db375 63e27188d6c84089bf8c38571fb410aa 86664de68fa440c79d78b7ec61874797 - - 633cea54b8e64dab8a3900458668fcf2 633cea54b8e64dab8a3900458668fcf2] 10.0.0.72 "GET /resource_providers/4cf6cdad-f0e9-4ccb-bf8f-9f9377a897a4/aggregates" status: 404 len: 235 microversion: 1.1 [pid: 8|app: 0|req: 320/640] 10.0.0.72 () {32 vars in 815 bytes} [Thu Jul 16 08:10:39 2026] GET /resource_providers/4cf6cdad-f0e9-4ccb-bf8f-9f9377a897a4/aggregates => generated 235 bytes in 140 msecs (HTTP/1.1 404) 5 headers in 202 bytes (1 switches on core 0)
2026-07-16 08:10:39.486 8 INFO placement.requestlog [None req-d3bec451-6a7b-4288-83db-d172ec230a91 63e27188d6c84089bf8c38571fb410aa 86664de68fa440c79d78b7ec61874797 - - 633cea54b8e64dab8a3900458668fcf2 633cea54b8e64dab8a3900458668fcf2] 10.0.0.72 "DELETE /resource_providers/4cf6cdad-f0e9-4ccb-bf8f-9f9377a897a4" status: 404 len: 246 microversion: 1.1 [pid: 8|app: 0|req: 321/641] 10.0.0.72 () {34 vars in 815 bytes} [Thu Jul 16 08:10:39 2026] DELETE /resource_providers/4cf6cdad-f0e9-4ccb-bf8f-9f9377a897a4 => generated 246 bytes in 10 msecs (HTTP/1.1 404) 6 headers in 231 bytes (1 switches on core 0)
2026-07-16 08:10:39.491 7 INFO placement.requestlog [None req-c8d5a4c6-7d1b-4ee4-b9b8-d0983c67166c 63e27188d6c84089bf8c38571fb410aa 86664de68fa440c79d78b7ec61874797 - - 633cea54b8e64dab8a3900458668fcf2 633cea54b8e64dab8a3900458668fcf2] 10.0.0.72 "GET /resource_providers/4cf6cdad-f0e9-4ccb-bf8f-9f9377a897a4/aggregates" status: 404 len: 235 microversion: 1.1 [pid: 7|app: 0|req: 321/642] 10.0.0.72 () {32 vars in 815 bytes} [Thu Jul 16 08:10:39 2026] GET /resource_providers/4cf6cdad-f0e9-4ccb-bf8f-9f9377a897a4/aggregates => generated 235 bytes in 133 msecs (HTTP/1.1 404) 5 headers in 202 bytes (1 switches on core 0)
2026-07-16 08:10:39.517 8 INFO placement.requestlog [None req-b37d758c-d68f-4f99-97fa-5d54b89fd3df 63e27188d6c84089bf8c38571fb410aa 86664de68fa440c79d78b7ec61874797 - - 633cea54b8e64dab8a3900458668fcf2 633cea54b8e64dab8a3900458668fcf2] 10.0.0.72 "DELETE /resource_providers/4cf6cdad-f0e9-4ccb-bf8f-9f9377a897a4" status: 404 len: 246 microversion: 1.1 [pid: 8|app: 0|req: 322/643] 10.0.0.72 () {34 vars in 815 bytes} [Thu Jul 16 08:10:39 2026] DELETE /resource_providers/4cf6cdad-f0e9-4ccb-bf8f-9f9377a897a4 => generated 246 bytes in 13 msecs (HTTP/1.1 404) 6 headers in 231 bytes (1 switches on core 0)
2026-07-16 08:10:40.443 7 INFO placement.requestlog [req-22f457c8-d7b2-408e-a8fe-b0586c9dddaa req-bcd6838d-ef02-4227-aa88-7cbef418b330 d14b83a9340346bb8d9dc92ca908b5d0 86664de68fa440c79d78b7ec61874797 - - 633cea54b8e64dab8a3900458668fcf2 633cea54b8e64dab8a3900458668fcf2] 10.0.0.207 "GET /allocation_candidates?limit=1000&resources=MEMORY_MB%3A512%2CVCPU%3A1&root_required=%21COMPUTE_STATUS_DISABLED" status: 200 len: 2626 microversion: 1.36 [pid: 7|app: 0|req: 322/644] 10.0.0.207 () {34 vars in 984 bytes} [Thu Jul 16 08:10:40 2026] GET /allocation_candidates?limit=1000&resources=MEMORY_MB%3A512%2CVCPU%3A1&root_required=%21COMPUTE_STATUS_DISABLED => generated 2626 bytes in 242 msecs (HTTP/1.1 200) 8 headers in 297 bytes (1 switches on core 0)
2026-07-16 08:10:40.481 8 INFO placement.requestlog [req-22f457c8-d7b2-408e-a8fe-b0586c9dddaa req-01914554-3702-4019-a953-c033d09408e4 d14b83a9340346bb8d9dc92ca908b5d0 86664de68fa440c79d78b7ec61874797 - - 633cea54b8e64dab8a3900458668fcf2 633cea54b8e64dab8a3900458668fcf2] 10.0.0.207 "GET /allocations/634250d4-86bf-448e-9d7e-af4f7b1f0ad3" status: 200 len: 19 microversion: 1.28 [pid: 8|app: 0|req: 323/645] 10.0.0.207 () {34 vars in 861 bytes} [Thu Jul 16 08:10:40 2026] GET /allocations/634250d4-86bf-448e-9d7e-af4f7b1f0ad3 => generated 19 bytes in 10 msecs (HTTP/1.1 200) 8 headers in 295 bytes (1 switches on core 0)
2026-07-16 08:10:40.572 7 INFO placement.requestlog [req-22f457c8-d7b2-408e-a8fe-b0586c9dddaa req-e9c80540-bc09-433d-bf81-3ad021a8486a d14b83a9340346bb8d9dc92ca908b5d0 86664de68fa440c79d78b7ec61874797 - - 633cea54b8e64dab8a3900458668fcf2 633cea54b8e64dab8a3900458668fcf2] 10.0.0.207 "PUT /allocations/634250d4-86bf-448e-9d7e-af4f7b1f0ad3" status: 204 len: 0 microversion: 1.36 [pid: 7|app: 0|req: 323/646] 10.0.0.207 () {38 vars in 914 bytes} [Thu Jul 16 08:10:40 2026] PUT /allocations/634250d4-86bf-448e-9d7e-af4f7b1f0ad3 => generated 0 bytes in 82 msecs (HTTP/1.1 204) 5 headers in 199 bytes (1 switches on core 0)
2026-07-16 08:10:42.013 8 INFO placement.requestlog [req-22f457c8-d7b2-408e-a8fe-b0586c9dddaa req-38f878b0-fe8c-42f6-9d7b-c7c3a2f25077 d14b83a9340346bb8d9dc92ca908b5d0 86664de68fa440c79d78b7ec61874797 - - 633cea54b8e64dab8a3900458668fcf2 633cea54b8e64dab8a3900458668fcf2] 199.19.213.66 "GET /allocations/634250d4-86bf-448e-9d7e-af4f7b1f0ad3" status: 200 len: 243 microversion: 1.28 [pid: 8|app: 0|req: 324/647] 199.19.213.66 () {34 vars in 862 bytes} [Thu Jul 16 08:10:42 2026] GET /allocations/634250d4-86bf-448e-9d7e-af4f7b1f0ad3 => generated 243 bytes in 12 msecs (HTTP/1.1 200) 8 headers in 296 bytes (1 switches on core 0)
2026-07-16 08:10:42.560 7 INFO placement.requestlog [req-0c6facb5-7586-4b8b-8605-638728c58d36 req-e2e69a5c-2fff-416f-92de-c41c6c8a313c d14b83a9340346bb8d9dc92ca908b5d0 86664de68fa440c79d78b7ec61874797 - - 633cea54b8e64dab8a3900458668fcf2 633cea54b8e64dab8a3900458668fcf2] 10.0.0.207 "GET /allocation_candidates?limit=1000&resources=DISK_GB%3A1%2CMEMORY_MB%3A512%2CVCPU%3A1&root_required=%21COMPUTE_STATUS_DISABLED" status: 200 len: 2642 microversion: 1.36 [pid: 7|app: 0|req: 324/648] 10.0.0.207 () {34 vars in 1012 bytes} [Thu Jul 16 08:10:42 2026] GET /allocation_candidates?limit=1000&resources=DISK_GB%3A1%2CMEMORY_MB%3A512%2CVCPU%3A1&root_required=%21COMPUTE_STATUS_DISABLED => generated 2642 bytes in 43 msecs (HTTP/1.1 200) 8 headers in 297 bytes (1 switches on core 0)
2026-07-16 08:10:42.592 8 INFO placement.requestlog [req-0c6facb5-7586-4b8b-8605-638728c58d36 req-67bddbc9-cc7e-4205-8e2e-2be5c1878aad d14b83a9340346bb8d9dc92ca908b5d0 86664de68fa440c79d78b7ec61874797 - - 633cea54b8e64dab8a3900458668fcf2 633cea54b8e64dab8a3900458668fcf2] 10.0.0.207 "GET /allocations/4b6e29d6-90d9-4594-acc8-03862263be89" status: 200 len: 19 microversion: 1.28 [pid: 8|app: 0|req: 325/649] 10.0.0.207 () {34 vars in 861 bytes} [Thu Jul 16 08:10:42 2026] GET /allocations/4b6e29d6-90d9-4594-acc8-03862263be89 => generated 19 bytes in 11 msecs (HTTP/1.1 200) 8 headers in 295 bytes (1 switches on core 0)
2026-07-16 08:10:42.663 7 INFO placement.requestlog [req-0c6facb5-7586-4b8b-8605-638728c58d36 req-ceaf7015-5666-47e4-afac-520963112b26 d14b83a9340346bb8d9dc92ca908b5d0 86664de68fa440c79d78b7ec61874797 - - 633cea54b8e64dab8a3900458668fcf2 633cea54b8e64dab8a3900458668fcf2] 10.0.0.207 "PUT /allocations/4b6e29d6-90d9-4594-acc8-03862263be89" status: 204 len: 0 microversion: 1.36 [pid: 7|app: 0|req: 325/650] 10.0.0.207 () {38 vars in 914 bytes} [Thu Jul 16 08:10:42 2026] PUT /allocations/4b6e29d6-90d9-4594-acc8-03862263be89 => generated 0 bytes in 65 msecs (HTTP/1.1 204) 5 headers in 199 bytes (1 switches on core 0)
2026-07-16 08:10:43.054 8 INFO placement.requestlog [req-22f457c8-d7b2-408e-a8fe-b0586c9dddaa req-5da08188-4eb8-48f2-9fa4-69251f3c9df9 d14b83a9340346bb8d9dc92ca908b5d0 86664de68fa440c79d78b7ec61874797 - - 633cea54b8e64dab8a3900458668fcf2 633cea54b8e64dab8a3900458668fcf2] 199.19.213.66 "GET /resource_providers/6557d1b5-09d9-4bb0-9a46-71e23db292df/allocations" status: 200 len: 238 microversion: 1.0 [pid: 8|app: 0|req: 326/651] 199.19.213.66 () {32 vars in 856 bytes} [Thu Jul 16 08:10:43 2026] GET /resource_providers/6557d1b5-09d9-4bb0-9a46-71e23db292df/allocations => generated 238 bytes in 18 msecs (HTTP/1.1 200) 6 headers in 224 bytes (1 switches on core 0)
2026-07-16 08:10:43.077 7 INFO placement.requestlog [req-22f457c8-d7b2-408e-a8fe-b0586c9dddaa req-6fb90d65-a33a-472c-b16b-7d65a89a2d89 d14b83a9340346bb8d9dc92ca908b5d0 86664de68fa440c79d78b7ec61874797 - - 633cea54b8e64dab8a3900458668fcf2 633cea54b8e64dab8a3900458668fcf2] 199.19.213.66 "GET /allocations/634250d4-86bf-448e-9d7e-af4f7b1f0ad3" status: 200 len: 243 microversion: 1.28 [pid: 7|app: 0|req: 326/652] 199.19.213.66 () {34 vars in 862 bytes} [Thu Jul 16 08:10:43 2026] GET /allocations/634250d4-86bf-448e-9d7e-af4f7b1f0ad3 => generated 243 bytes in 16 msecs (HTTP/1.1 200) 8 headers in 296 bytes (1 switches on core 0)
2026-07-16 08:10:43.095 8 INFO placement.requestlog [req-22f457c8-d7b2-408e-a8fe-b0586c9dddaa req-42b4a2fc-87c9-474f-a9b7-8040f8ffd107 d14b83a9340346bb8d9dc92ca908b5d0 86664de68fa440c79d78b7ec61874797 - - 633cea54b8e64dab8a3900458668fcf2 633cea54b8e64dab8a3900458668fcf2] 199.19.213.66 "GET /allocations/4b6e29d6-90d9-4594-acc8-03862263be89" status: 200 len: 257 microversion: 1.28 [pid: 8|app: 0|req: 327/653] 199.19.213.66 () {34 vars in 862 bytes} [Thu Jul 16 08:10:43 2026] GET /allocations/4b6e29d6-90d9-4594-acc8-03862263be89 => generated 257 bytes in 13 msecs (HTTP/1.1 200) 8 headers in 296 bytes (1 switches on core 0)
2026-07-16 08:10:44.156 7 INFO placement.requestlog [req-0c6facb5-7586-4b8b-8605-638728c58d36 req-1e9c41b1-0757-4254-b79a-902de1f6b21c d14b83a9340346bb8d9dc92ca908b5d0 86664de68fa440c79d78b7ec61874797 - - 633cea54b8e64dab8a3900458668fcf2 633cea54b8e64dab8a3900458668fcf2] 199.19.213.66 "GET /allocations/4b6e29d6-90d9-4594-acc8-03862263be89" status: 200 len: 257 microversion: 1.28 [pid: 7|app: 0|req: 327/654] 199.19.213.66 () {34 vars in 862 bytes} [Thu Jul 16 08:10:44 2026] GET /allocations/4b6e29d6-90d9-4594-acc8-03862263be89 => generated 257 bytes in 15 msecs (HTTP/1.1 200) 8 headers in 296 bytes (1 switches on core 0)
2026-07-16 08:10:45.207 8 INFO placement.requestlog [req-0c6facb5-7586-4b8b-8605-638728c58d36 req-abe15640-bd02-4034-89e4-d80e76f048a1 d14b83a9340346bb8d9dc92ca908b5d0 86664de68fa440c79d78b7ec61874797 - - 633cea54b8e64dab8a3900458668fcf2 633cea54b8e64dab8a3900458668fcf2] 199.19.213.66 "GET /resource_providers/6557d1b5-09d9-4bb0-9a46-71e23db292df/allocations" status: 200 len: 238 microversion: 1.0 [pid: 8|app: 0|req: 328/655] 199.19.213.66 () {32 vars in 856 bytes} [Thu Jul 16 08:10:45 2026] GET /resource_providers/6557d1b5-09d9-4bb0-9a46-71e23db292df/allocations => generated 238 bytes in 26 msecs (HTTP/1.1 200) 6 headers in 224 bytes (1 switches on core 0)
2026-07-16 08:10:45.227 7 INFO placement.requestlog [req-0c6facb5-7586-4b8b-8605-638728c58d36 req-5ac2b241-23c8-4191-89f0-60d7434d3f93 d14b83a9340346bb8d9dc92ca908b5d0 86664de68fa440c79d78b7ec61874797 - - 633cea54b8e64dab8a3900458668fcf2 633cea54b8e64dab8a3900458668fcf2] 199.19.213.66 "GET /allocations/634250d4-86bf-448e-9d7e-af4f7b1f0ad3" status: 200 len: 243 microversion: 1.28 [pid: 7|app: 0|req: 328/656] 199.19.213.66 () {34 vars in 862 bytes} [Thu Jul 16 08:10:45 2026] GET /allocations/634250d4-86bf-448e-9d7e-af4f7b1f0ad3 => generated 243 bytes in 13 msecs (HTTP/1.1 200) 8 headers in 296 bytes (1 switches on core 0)
2026-07-16 08:10:45.245 8 INFO placement.requestlog [req-0c6facb5-7586-4b8b-8605-638728c58d36 req-fa05746b-d2e8-4d6a-a0c7-df41d02d45a6 d14b83a9340346bb8d9dc92ca908b5d0 86664de68fa440c79d78b7ec61874797 - - 633cea54b8e64dab8a3900458668fcf2 633cea54b8e64dab8a3900458668fcf2] 199.19.213.66 "GET /allocations/4b6e29d6-90d9-4594-acc8-03862263be89" status: 200 len: 257 microversion: 1.28 [pid: 8|app: 0|req: 329/657] 199.19.213.66 () {34 vars in 862 bytes} [Thu Jul 16 08:10:45 2026] GET /allocations/4b6e29d6-90d9-4594-acc8-03862263be89 => generated 257 bytes in 13 msecs (HTTP/1.1 200) 8 headers in 296 bytes (1 switches on core 0)
2026-07-16 08:10:49.356 7 INFO placement.requestlog [None req-9986e85a-e943-4878-9ad4-75bcb609419c - - - - - -] 10.0.0.9 "GET /" status: 200 len: 136 microversion: 1.0
2026-07-16 08:10:49.357 8 INFO placement.requestlog [None req-e3c40c72-cd11-4e3c-b60f-28175f515154 - - - - - -] 10.0.0.9 "GET /" status: 200 len: 136 microversion: 1.0
2026-07-16 08:10:54.493 8 INFO placement.requestlog [None req-3e0ffc13-e801-46b9-89a3-f713bd8fc0e5 63e27188d6c84089bf8c38571fb410aa 86664de68fa440c79d78b7ec61874797 - - 633cea54b8e64dab8a3900458668fcf2 633cea54b8e64dab8a3900458668fcf2] 10.0.0.72 "GET /resource_providers/552d7879-fbe9-477f-9c05-0e4e7807b3bc/aggregates" status: 404 len: 235 microversion: 1.1 [pid: 8|app: 0|req: 331/660] 10.0.0.72 () {32 vars in 815 bytes} [Thu Jul 16 08:10:54 2026] GET /resource_providers/552d7879-fbe9-477f-9c05-0e4e7807b3bc/aggregates => generated 235 bytes in 9 msecs (HTTP/1.1 404) 5 headers in 202 bytes (1 switches on core 0)
2026-07-16 08:10:54.504 7 INFO placement.requestlog [None req-69ed5795-13c8-4cb9-b2ee-81aa51363c5e 63e27188d6c84089bf8c38571fb410aa 86664de68fa440c79d78b7ec61874797 - - 633cea54b8e64dab8a3900458668fcf2 633cea54b8e64dab8a3900458668fcf2] 10.0.0.72 "GET /resource_providers/552d7879-fbe9-477f-9c05-0e4e7807b3bc/aggregates" status: 404 len: 235 microversion: 1.1 [pid: 7|app: 0|req: 330/661] 10.0.0.72 () {32 vars in 815 bytes} [Thu Jul 16 08:10:54 2026] GET /resource_providers/552d7879-fbe9-477f-9c05-0e4e7807b3bc/aggregates => generated 235 bytes in 20 msecs (HTTP/1.1 404) 5 headers in 202 bytes (1 switches on core 0)
2026-07-16 08:10:54.528 8 INFO placement.requestlog [None req-39a55f5d-a2e1-4297-b006-fcaec98b088e 63e27188d6c84089bf8c38571fb410aa 86664de68fa440c79d78b7ec61874797 - - 633cea54b8e64dab8a3900458668fcf2 633cea54b8e64dab8a3900458668fcf2] 10.0.0.72 "DELETE /resource_providers/552d7879-fbe9-477f-9c05-0e4e7807b3bc" status: 404 len: 246 microversion: 1.1 [pid: 8|app: 0|req: 332/662] 10.0.0.72 () {34 vars in 815 bytes} [Thu Jul 16 08:10:54 2026] DELETE /resource_providers/552d7879-fbe9-477f-9c05-0e4e7807b3bc => generated 246 bytes in 15 msecs (HTTP/1.1 404) 6 headers in 231 bytes (1 switches on core 0)
2026-07-16 08:10:54.536 7 INFO placement.requestlog [None req-961d724f-ebb3-405f-aaca-48a469ee7640 63e27188d6c84089bf8c38571fb410aa 86664de68fa440c79d78b7ec61874797 - - 633cea54b8e64dab8a3900458668fcf2 633cea54b8e64dab8a3900458668fcf2] 10.0.0.72 "DELETE /resource_providers/552d7879-fbe9-477f-9c05-0e4e7807b3bc" status: 404 len: 246 microversion: 1.1 [pid: 7|app: 0|req: 331/663] 10.0.0.72 () {34 vars in 815 bytes} [Thu Jul 16 08:10:54 2026] DELETE /resource_providers/552d7879-fbe9-477f-9c05-0e4e7807b3bc => generated 246 bytes in 13 msecs (HTTP/1.1 404) 6 headers in 231 bytes (1 switches on core 0)
2026-07-16 08:10:59.356 8 INFO placement.requestlog [None req-76bd9703-c448-4854-817f-649cc07e56bd - - - - - -] 10.0.0.9 "GET /" status: 200 len: 136 microversion: 1.0
2026-07-16 08:10:59.356 7 INFO placement.requestlog [None req-7abd766f-5e7d-4289-9927-9026a8f7a6e6 - - - - - -] 10.0.0.9 "GET /" status: 200 len: 136 microversion: 1.0
2026-07-16 08:11:05.381 7 INFO placement.requestlog [None req-a0be5795-085e-4018-99f5-a5bb99fc63cb 63e27188d6c84089bf8c38571fb410aa 86664de68fa440c79d78b7ec61874797 - - 633cea54b8e64dab8a3900458668fcf2 633cea54b8e64dab8a3900458668fcf2] 10.0.0.72 "GET /resource_providers/f5ef431d-d73e-4465-8ced-cddd9ef1d028/aggregates" status: 404 len: 235 microversion: 1.1 [pid: 7|app: 0|req: 333/666] 10.0.0.72 () {32 vars in 815 bytes} [Thu Jul 16 08:11:05 2026] GET /resource_providers/f5ef431d-d73e-4465-8ced-cddd9ef1d028/aggregates => generated 235 bytes in 10 msecs (HTTP/1.1 404) 5 headers in 202 bytes (1 switches on core 0)
2026-07-16 08:11:05.384 8 INFO placement.requestlog [None req-a2d370fc-552f-47a2-abdd-3b1868f91c23 63e27188d6c84089bf8c38571fb410aa 86664de68fa440c79d78b7ec61874797 - - 633cea54b8e64dab8a3900458668fcf2 633cea54b8e64dab8a3900458668fcf2] 10.0.0.72 "GET /resource_providers/f5ef431d-d73e-4465-8ced-cddd9ef1d028/aggregates" status: 404 len: 235 microversion: 1.1 [pid: 8|app: 0|req: 334/667] 10.0.0.72 () {32 vars in 815 bytes} [Thu Jul 16 08:11:05 2026] GET /resource_providers/f5ef431d-d73e-4465-8ced-cddd9ef1d028/aggregates => generated 235 bytes in 13 msecs (HTTP/1.1 404) 5 headers in 202 bytes (1 switches on core 0)
2026-07-16 08:11:05.411 8 INFO placement.requestlog [None req-8e5d94fd-ea87-4e43-b75e-b52655db59ae 63e27188d6c84089bf8c38571fb410aa 86664de68fa440c79d78b7ec61874797 - - 633cea54b8e64dab8a3900458668fcf2 633cea54b8e64dab8a3900458668fcf2] 10.0.0.72 "DELETE /resource_providers/f5ef431d-d73e-4465-8ced-cddd9ef1d028" status: 404 len: 246 microversion: 1.1 [pid: 8|app: 0|req: 335/668] 10.0.0.72 () {34 vars in 815 bytes} [Thu Jul 16 08:11:05 2026] DELETE /resource_providers/f5ef431d-d73e-4465-8ced-cddd9ef1d028 => generated 246 bytes in 7 msecs (HTTP/1.1 404) 6 headers in 231 bytes (1 switches on core 0)
2026-07-16 08:11:05.415 7 INFO placement.requestlog [None req-867949c5-8dff-4a62-bf50-c6d436a7b908 63e27188d6c84089bf8c38571fb410aa 86664de68fa440c79d78b7ec61874797 - - 633cea54b8e64dab8a3900458668fcf2 633cea54b8e64dab8a3900458668fcf2] 10.0.0.72 "DELETE /resource_providers/f5ef431d-d73e-4465-8ced-cddd9ef1d028" status: 404 len: 246 microversion: 1.1 [pid: 7|app: 0|req: 334/669] 10.0.0.72 () {34 vars in 815 bytes} [Thu Jul 16 08:11:05 2026] DELETE /resource_providers/f5ef431d-d73e-4465-8ced-cddd9ef1d028 => generated 246 bytes in 16 msecs (HTTP/1.1 404) 6 headers in 231 bytes (1 switches on core 0)
2026-07-16 08:11:07.440 8 INFO placement.requestlog [None req-b5999ca6-7d0c-4ee3-8f88-adc0e04d92c0 63e27188d6c84089bf8c38571fb410aa 86664de68fa440c79d78b7ec61874797 - - 633cea54b8e64dab8a3900458668fcf2 633cea54b8e64dab8a3900458668fcf2] 10.0.0.72 "GET /resource_providers/a1b0c245-262c-4e7e-98f1-3481c61e6577/aggregates" status: 404 len: 235 microversion: 1.1 [pid: 8|app: 0|req: 336/670] 10.0.0.72 () {32 vars in 815 bytes} [Thu Jul 16 08:11:07 2026] GET /resource_providers/a1b0c245-262c-4e7e-98f1-3481c61e6577/aggregates => generated 235 bytes in 13 msecs (HTTP/1.1 404) 5 headers in 202 bytes (1 switches on core 0)
2026-07-16 08:11:07.443 7 INFO placement.requestlog [None req-993010ed-f7b7-4743-bd1a-c1c50c728e87 63e27188d6c84089bf8c38571fb410aa 86664de68fa440c79d78b7ec61874797 - - 633cea54b8e64dab8a3900458668fcf2 633cea54b8e64dab8a3900458668fcf2] 10.0.0.72 "GET /resource_providers/a1b0c245-262c-4e7e-98f1-3481c61e6577/aggregates" status: 404 len: 235 microversion: 1.1 [pid: 7|app: 0|req: 335/671] 10.0.0.72 () {32 vars in 815 bytes} [Thu Jul 16 08:11:07 2026] GET /resource_providers/a1b0c245-262c-4e7e-98f1-3481c61e6577/aggregates => generated 235 bytes in 13 msecs (HTTP/1.1 404) 5 headers in 202 bytes (1 switches on core 0)
2026-07-16 08:11:07.466 7 INFO placement.requestlog [None req-64d085e1-1b12-4357-9488-186182397122 63e27188d6c84089bf8c38571fb410aa 86664de68fa440c79d78b7ec61874797 - - 633cea54b8e64dab8a3900458668fcf2 633cea54b8e64dab8a3900458668fcf2] 10.0.0.72 "DELETE /resource_providers/a1b0c245-262c-4e7e-98f1-3481c61e6577" status: 404 len: 246 microversion: 1.1 [pid: 7|app: 0|req: 336/672] 10.0.0.72 () {34 vars in 815 bytes} [Thu Jul 16 08:11:07 2026] DELETE /resource_providers/a1b0c245-262c-4e7e-98f1-3481c61e6577 => generated 246 bytes in 10 msecs (HTTP/1.1 404) 6 headers in 231 bytes (1 switches on core 0)
2026-07-16 08:11:07.466 8 INFO placement.requestlog [None req-ebc9b2cb-767d-4245-a105-5dc889e0388e 63e27188d6c84089bf8c38571fb410aa 86664de68fa440c79d78b7ec61874797 - - 633cea54b8e64dab8a3900458668fcf2 633cea54b8e64dab8a3900458668fcf2] 10.0.0.72 "DELETE /resource_providers/a1b0c245-262c-4e7e-98f1-3481c61e6577" status: 404 len: 246 microversion: 1.1 [pid: 8|app: 0|req: 337/673] 10.0.0.72 () {34 vars in 815 bytes} [Thu Jul 16 08:11:07 2026] DELETE /resource_providers/a1b0c245-262c-4e7e-98f1-3481c61e6577 => generated 246 bytes in 11 msecs (HTTP/1.1 404) 6 headers in 231 bytes (1 switches on core 0)
2026-07-16 08:11:08.751 7 INFO placement.requestlog [req-cabaa747-45ab-4cd6-8318-f30db1d236d3 req-cd5cb4f3-6902-4135-b8fe-f77da145808a d14b83a9340346bb8d9dc92ca908b5d0 86664de68fa440c79d78b7ec61874797 - - 633cea54b8e64dab8a3900458668fcf2 633cea54b8e64dab8a3900458668fcf2] 10.0.0.207 "GET /allocation_candidates?limit=1000&resources=DISK_GB%3A1%2CMEMORY_MB%3A512%2CVCPU%3A1&root_required=%21COMPUTE_STATUS_DISABLED" status: 200 len: 2643 microversion: 1.36 [pid: 7|app: 0|req: 337/674] 10.0.0.207 () {34 vars in 1012 bytes} [Thu Jul 16 08:11:08 2026] GET /allocation_candidates?limit=1000&resources=DISK_GB%3A1%2CMEMORY_MB%3A512%2CVCPU%3A1&root_required=%21COMPUTE_STATUS_DISABLED => generated 2643 bytes in 45 msecs (HTTP/1.1 200) 8 headers in 297 bytes (1 switches on core 0)
2026-07-16 08:11:08.777 8 INFO placement.requestlog [req-cabaa747-45ab-4cd6-8318-f30db1d236d3 req-8f28a8e1-06a9-4ab4-8ee1-707ff602484b d14b83a9340346bb8d9dc92ca908b5d0 86664de68fa440c79d78b7ec61874797 - - 633cea54b8e64dab8a3900458668fcf2 633cea54b8e64dab8a3900458668fcf2] 10.0.0.207 "GET /allocations/24669308-8214-4cc0-b219-dcfdd83ff64e" status: 200 len: 19 microversion: 1.28 [pid: 8|app: 0|req: 338/675] 10.0.0.207 () {34 vars in 861 bytes} [Thu Jul 16 08:11:08 2026] GET /allocations/24669308-8214-4cc0-b219-dcfdd83ff64e => generated 19 bytes in 11 msecs (HTTP/1.1 200) 8 headers in 295 bytes (1 switches on core 0)
2026-07-16 08:11:08.937 7 INFO placement.requestlog [req-cabaa747-45ab-4cd6-8318-f30db1d236d3 req-0cd6c8a7-bcb4-47e1-9129-684f2e27255e d14b83a9340346bb8d9dc92ca908b5d0 86664de68fa440c79d78b7ec61874797 - - 633cea54b8e64dab8a3900458668fcf2 633cea54b8e64dab8a3900458668fcf2] 10.0.0.207 "PUT /allocations/24669308-8214-4cc0-b219-dcfdd83ff64e" status: 204 len: 0 microversion: 1.36 [pid: 7|app: 0|req: 338/676] 10.0.0.207 () {38 vars in 914 bytes} [Thu Jul 16 08:11:08 2026] PUT /allocations/24669308-8214-4cc0-b219-dcfdd83ff64e => generated 0 bytes in 154 msecs (HTTP/1.1 204) 5 headers in 199 bytes (1 switches on core 0)
2026-07-16 08:11:09.357 8 INFO placement.requestlog [None req-f7e36742-7cb5-4553-98b9-abf4c5f07f84 - - - - - -] 10.0.0.9 "GET /" status: 200 len: 136 microversion: 1.0
2026-07-16 08:11:09.358 7 INFO placement.requestlog [None req-f3a34a96-5eec-4038-81bc-762f9bc838c9 - - - - - -] 10.0.0.9 "GET /" status: 200 len: 136 microversion: 1.0
2026-07-16 08:11:10.472 8 INFO placement.requestlog [req-4f7b85bc-a468-41ce-bb69-e091f7e0b413 req-ba0626dc-1829-414f-ba18-3a5849c99f35 d14b83a9340346bb8d9dc92ca908b5d0 86664de68fa440c79d78b7ec61874797 - - 633cea54b8e64dab8a3900458668fcf2 633cea54b8e64dab8a3900458668fcf2] 199.19.213.66 "GET /resource_providers/6557d1b5-09d9-4bb0-9a46-71e23db292df/allocations" status: 200 len: 338 microversion: 1.0 [pid: 8|app: 0|req: 340/679] 199.19.213.66 () {32 vars in 856 bytes} [Thu Jul 16 08:11:10 2026] GET /resource_providers/6557d1b5-09d9-4bb0-9a46-71e23db292df/allocations => generated 338 bytes in 26 msecs (HTTP/1.1 200) 6 headers in 224 bytes (1 switches on core 0)
2026-07-16 08:11:10.493 7 INFO placement.requestlog [req-4f7b85bc-a468-41ce-bb69-e091f7e0b413 req-a20c2338-f41d-4c36-b223-f09c9511f634 d14b83a9340346bb8d9dc92ca908b5d0 86664de68fa440c79d78b7ec61874797 - - 633cea54b8e64dab8a3900458668fcf2 633cea54b8e64dab8a3900458668fcf2] 199.19.213.66 "GET /allocations/24669308-8214-4cc0-b219-dcfdd83ff64e" status: 200 len: 257 microversion: 1.28 [pid: 7|app: 0|req: 340/680] 199.19.213.66 () {34 vars in 862 bytes} [Thu Jul 16 08:11:10 2026] GET /allocations/24669308-8214-4cc0-b219-dcfdd83ff64e => generated 257 bytes in 14 msecs (HTTP/1.1 200) 8 headers in 296 bytes (1 switches on core 0)
2026-07-16 08:11:10.513 8 INFO placement.requestlog [req-4f7b85bc-a468-41ce-bb69-e091f7e0b413 req-e95319ae-2161-4e3d-857c-fba707037213 d14b83a9340346bb8d9dc92ca908b5d0 86664de68fa440c79d78b7ec61874797 - - 633cea54b8e64dab8a3900458668fcf2 633cea54b8e64dab8a3900458668fcf2] 199.19.213.66 "GET /allocations/634250d4-86bf-448e-9d7e-af4f7b1f0ad3" status: 200 len: 243 microversion: 1.28 [pid: 8|app: 0|req: 341/681] 199.19.213.66 () {34 vars in 862 bytes} [Thu Jul 16 08:11:10 2026] GET /allocations/634250d4-86bf-448e-9d7e-af4f7b1f0ad3 => generated 243 bytes in 15 msecs (HTTP/1.1 200) 8 headers in 296 bytes (1 switches on core 0)
2026-07-16 08:11:10.534 7 INFO placement.requestlog [req-4f7b85bc-a468-41ce-bb69-e091f7e0b413 req-2db12925-cc3b-4bd5-b7ca-44ce65954174 d14b83a9340346bb8d9dc92ca908b5d0 86664de68fa440c79d78b7ec61874797 - - 633cea54b8e64dab8a3900458668fcf2 633cea54b8e64dab8a3900458668fcf2] 199.19.213.66 "GET /allocations/4b6e29d6-90d9-4594-acc8-03862263be89" status: 200 len: 257 microversion: 1.28 [pid: 7|app: 0|req: 341/682] 199.19.213.66 () {34 vars in 862 bytes} [Thu Jul 16 08:11:10 2026] GET /allocations/4b6e29d6-90d9-4594-acc8-03862263be89 => generated 257 bytes in 15 msecs (HTTP/1.1 200) 8 headers in 296 bytes (1 switches on core 0)
2026-07-16 08:11:10.587 8 INFO placement.requestlog [req-cabaa747-45ab-4cd6-8318-f30db1d236d3 req-000be33d-8787-4909-a404-696e76cef879 d14b83a9340346bb8d9dc92ca908b5d0 86664de68fa440c79d78b7ec61874797 - - 633cea54b8e64dab8a3900458668fcf2 633cea54b8e64dab8a3900458668fcf2] 199.19.213.66 "GET /allocations/24669308-8214-4cc0-b219-dcfdd83ff64e" status: 200 len: 257 microversion: 1.28 [pid: 8|app: 0|req: 342/683] 199.19.213.66 () {34 vars in 862 bytes} [Thu Jul 16 08:11:10 2026] GET /allocations/24669308-8214-4cc0-b219-dcfdd83ff64e => generated 257 bytes in 11 msecs (HTTP/1.1 200) 8 headers in 296 bytes (1 switches on core 0)
2026-07-16 08:11:11.588 7 INFO placement.requestlog [req-4f7b85bc-a468-41ce-bb69-e091f7e0b413 req-5fea06fe-9787-4681-9ad6-6e5fb0337e84 d14b83a9340346bb8d9dc92ca908b5d0 86664de68fa440c79d78b7ec61874797 - - 633cea54b8e64dab8a3900458668fcf2 633cea54b8e64dab8a3900458668fcf2] 199.19.213.66 "DELETE /allocations/634250d4-86bf-448e-9d7e-af4f7b1f0ad3" status: 204 len: 0 microversion: 1.0 [pid: 7|app: 0|req: 342/684] 199.19.213.66 () {34 vars in 840 bytes} [Thu Jul 16 08:11:11 2026] DELETE /allocations/634250d4-86bf-448e-9d7e-af4f7b1f0ad3 => generated 0 bytes in 30 msecs (HTTP/1.1 204) 5 headers in 198 bytes (1 switches on core 0)
2026-07-16 08:11:12.409 8 INFO placement.requestlog [None req-c327fda2-1903-4dfc-b829-c52a0a285170 63e27188d6c84089bf8c38571fb410aa 86664de68fa440c79d78b7ec61874797 - - 633cea54b8e64dab8a3900458668fcf2 633cea54b8e64dab8a3900458668fcf2] 10.0.0.72 "GET /resource_providers/98d61e1c-11fc-481b-afc5-b891d3378403/aggregates" status: 404 len: 235 microversion: 1.1 [pid: 8|app: 0|req: 343/685] 10.0.0.72 () {32 vars in 815 bytes} [Thu Jul 16 08:11:12 2026] GET /resource_providers/98d61e1c-11fc-481b-afc5-b891d3378403/aggregates => generated 235 bytes in 21 msecs (HTTP/1.1 404) 5 headers in 202 bytes (1 switches on core 0)
2026-07-16 08:11:12.412 7 INFO placement.requestlog [None req-ef38201b-ef63-4be3-81d2-03b618c83e04 63e27188d6c84089bf8c38571fb410aa 86664de68fa440c79d78b7ec61874797 - - 633cea54b8e64dab8a3900458668fcf2 633cea54b8e64dab8a3900458668fcf2] 10.0.0.72 "GET /resource_providers/98d61e1c-11fc-481b-afc5-b891d3378403/aggregates" status: 404 len: 235 microversion: 1.1 [pid: 7|app: 0|req: 343/686] 10.0.0.72 () {32 vars in 815 bytes} [Thu Jul 16 08:11:12 2026] GET /resource_providers/98d61e1c-11fc-481b-afc5-b891d3378403/aggregates => generated 235 bytes in 7 msecs (HTTP/1.1 404) 5 headers in 202 bytes (1 switches on core 0)
2026-07-16 08:11:12.431 8 INFO placement.requestlog [None req-d858d5ae-12c4-4ed1-801e-0746b0953624 63e27188d6c84089bf8c38571fb410aa 86664de68fa440c79d78b7ec61874797 - - 633cea54b8e64dab8a3900458668fcf2 633cea54b8e64dab8a3900458668fcf2] 10.0.0.72 "DELETE /resource_providers/98d61e1c-11fc-481b-afc5-b891d3378403" status: 404 len: 246 microversion: 1.1 [pid: 8|app: 0|req: 344/687] 10.0.0.72 () {34 vars in 815 bytes} [Thu Jul 16 08:11:12 2026] DELETE /resource_providers/98d61e1c-11fc-481b-afc5-b891d3378403 => generated 246 bytes in 14 msecs (HTTP/1.1 404) 6 headers in 231 bytes (1 switches on core 0)
2026-07-16 08:11:12.437 7 INFO placement.requestlog [None req-10ecdfd1-f3f8-4794-8dd9-c98ab86434ab 63e27188d6c84089bf8c38571fb410aa 86664de68fa440c79d78b7ec61874797 - - 633cea54b8e64dab8a3900458668fcf2 633cea54b8e64dab8a3900458668fcf2] 10.0.0.72 "DELETE /resource_providers/98d61e1c-11fc-481b-afc5-b891d3378403" status: 404 len: 246 microversion: 1.1 [pid: 7|app: 0|req: 344/688] 10.0.0.72 () {34 vars in 815 bytes} [Thu Jul 16 08:11:12 2026] DELETE /resource_providers/98d61e1c-11fc-481b-afc5-b891d3378403 => generated 246 bytes in 13 msecs (HTTP/1.1 404) 6 headers in 231 bytes (1 switches on core 0)
2026-07-16 08:11:12.600 8 INFO placement.requestlog [req-cabaa747-45ab-4cd6-8318-f30db1d236d3 req-f8299938-6d91-40bf-a443-cc1e60062fdf d14b83a9340346bb8d9dc92ca908b5d0 86664de68fa440c79d78b7ec61874797 - - 633cea54b8e64dab8a3900458668fcf2 633cea54b8e64dab8a3900458668fcf2] 199.19.213.66 "GET /resource_providers/6557d1b5-09d9-4bb0-9a46-71e23db292df/allocations" status: 200 len: 252 microversion: 1.0 [pid: 8|app: 0|req: 345/689] 199.19.213.66 () {32 vars in 856 bytes} [Thu Jul 16 08:11:12 2026] GET /resource_providers/6557d1b5-09d9-4bb0-9a46-71e23db292df/allocations => generated 252 bytes in 20 msecs (HTTP/1.1 200) 6 headers in 224 bytes (1 switches on core 0)
2026-07-16 08:11:12.624 7 INFO placement.requestlog [req-cabaa747-45ab-4cd6-8318-f30db1d236d3 req-c8254555-be96-497e-bd32-78146c6e15e0 d14b83a9340346bb8d9dc92ca908b5d0 86664de68fa440c79d78b7ec61874797 - - 633cea54b8e64dab8a3900458668fcf2 633cea54b8e64dab8a3900458668fcf2] 199.19.213.66 "GET /allocations/24669308-8214-4cc0-b219-dcfdd83ff64e" status: 200 len: 257 microversion: 1.28 [pid: 7|app: 0|req: 345/690] 199.19.213.66 () {34 vars in 862 bytes} [Thu Jul 16 08:11:12 2026] GET /allocations/24669308-8214-4cc0-b219-dcfdd83ff64e => generated 257 bytes in 13 msecs (HTTP/1.1 200) 8 headers in 296 bytes (1 switches on core 0)
2026-07-16 08:11:12.648 8 INFO placement.requestlog [req-cabaa747-45ab-4cd6-8318-f30db1d236d3 req-8cf47b09-d5e2-4074-8132-313ec8351b3f d14b83a9340346bb8d9dc92ca908b5d0 86664de68fa440c79d78b7ec61874797 - - 633cea54b8e64dab8a3900458668fcf2 633cea54b8e64dab8a3900458668fcf2] 199.19.213.66 "GET /allocations/4b6e29d6-90d9-4594-acc8-03862263be89" status: 200 len: 257 microversion: 1.28 [pid: 8|app: 0|req: 346/691] 199.19.213.66 () {34 vars in 862 bytes} [Thu Jul 16 08:11:12 2026] GET /allocations/4b6e29d6-90d9-4594-acc8-03862263be89 => generated 257 bytes in 16 msecs (HTTP/1.1 200) 8 headers in 296 bytes (1 switches on core 0)
2026-07-16 08:11:14.456 8 INFO placement.requestlog [None req-1cc8b9e6-30da-41c3-ba62-e61fd2618af1 63e27188d6c84089bf8c38571fb410aa 86664de68fa440c79d78b7ec61874797 - - 633cea54b8e64dab8a3900458668fcf2 633cea54b8e64dab8a3900458668fcf2] 10.0.0.72 "GET /resource_providers/a1912b5e-be0a-45f3-be0c-3ae467f9f97f/aggregates" status: 404 len: 235 microversion: 1.1 [pid: 8|app: 0|req: 347/692] 10.0.0.72 () {32 vars in 815 bytes} [Thu Jul 16 08:11:14 2026] GET /resource_providers/a1912b5e-be0a-45f3-be0c-3ae467f9f97f/aggregates => generated 235 bytes in 10 msecs (HTTP/1.1 404) 5 headers in 202 bytes (1 switches on core 0)
2026-07-16 08:11:14.460 7 INFO placement.requestlog [None req-6f19729e-1bfa-4eb6-83cb-2266a7954634 63e27188d6c84089bf8c38571fb410aa 86664de68fa440c79d78b7ec61874797 - - 633cea54b8e64dab8a3900458668fcf2 633cea54b8e64dab8a3900458668fcf2] 10.0.0.72 "GET /resource_providers/a1912b5e-be0a-45f3-be0c-3ae467f9f97f/aggregates" status: 404 len: 235 microversion: 1.1 [pid: 7|app: 0|req: 346/693] 10.0.0.72 () {32 vars in 815 bytes} [Thu Jul 16 08:11:14 2026] GET /resource_providers/a1912b5e-be0a-45f3-be0c-3ae467f9f97f/aggregates => generated 235 bytes in 14 msecs (HTTP/1.1 404) 5 headers in 202 bytes (1 switches on core 0)
2026-07-16 08:11:14.481 7 INFO placement.requestlog [None req-f29a94e3-e9bb-4c88-8ad1-8fd22b159464 63e27188d6c84089bf8c38571fb410aa 86664de68fa440c79d78b7ec61874797 - - 633cea54b8e64dab8a3900458668fcf2 633cea54b8e64dab8a3900458668fcf2] 10.0.0.72 "DELETE /resource_providers/a1912b5e-be0a-45f3-be0c-3ae467f9f97f" status: 404 len: 246 microversion: 1.1 [pid: 7|app: 0|req: 347/694] 10.0.0.72 () {34 vars in 815 bytes} [Thu Jul 16 08:11:14 2026] DELETE /resource_providers/a1912b5e-be0a-45f3-be0c-3ae467f9f97f => generated 246 bytes in 8 msecs (HTTP/1.1 404) 6 headers in 231 bytes (1 switches on core 0)
2026-07-16 08:11:14.481 8 INFO placement.requestlog [None req-67f2a46b-94f1-4dfd-87a4-0fc8c653a18d 63e27188d6c84089bf8c38571fb410aa 86664de68fa440c79d78b7ec61874797 - - 633cea54b8e64dab8a3900458668fcf2 633cea54b8e64dab8a3900458668fcf2] 10.0.0.72 "DELETE /resource_providers/a1912b5e-be0a-45f3-be0c-3ae467f9f97f" status: 404 len: 246 microversion: 1.1 [pid: 8|app: 0|req: 348/695] 10.0.0.72 () {34 vars in 815 bytes} [Thu Jul 16 08:11:14 2026] DELETE /resource_providers/a1912b5e-be0a-45f3-be0c-3ae467f9f97f => generated 246 bytes in 11 msecs (HTTP/1.1 404) 6 headers in 231 bytes (1 switches on core 0)
2026-07-16 08:11:14.506 7 INFO placement.requestlog [None req-1e9621a2-2f73-42f2-aac1-4295bf1c861f 63e27188d6c84089bf8c38571fb410aa 86664de68fa440c79d78b7ec61874797 - - 633cea54b8e64dab8a3900458668fcf2 633cea54b8e64dab8a3900458668fcf2] 10.0.0.72 "GET /resource_providers/4e4156f8-84d4-41dc-b86d-f095190bfd31/aggregates" status: 404 len: 235 microversion: 1.1
2026-07-16 08:11:14.506 8 INFO placement.requestlog [None req-d0052e91-0797-49ba-b7d6-cd65ef50de95 63e27188d6c84089bf8c38571fb410aa 86664de68fa440c79d78b7ec61874797 - - 633cea54b8e64dab8a3900458668fcf2 633cea54b8e64dab8a3900458668fcf2] 10.0.0.72 "GET /resource_providers/4e4156f8-84d4-41dc-b86d-f095190bfd31/aggregates" status: 404 len: 235 microversion: 1.1 [pid: 7|app: 0|req: 348/697] 10.0.0.72 () {32 vars in 815 bytes} [Thu Jul 16 08:11:14 2026] GET /resource_providers/4e4156f8-84d4-41dc-b86d-f095190bfd31/aggregates => generated 235 bytes in 11 msecs (HTTP/1.1 404) 5 headers in 202 bytes (1 switches on core 0) [pid: 8|app: 0|req: 349/697] 10.0.0.72 () {32 vars in 815 bytes} [Thu Jul 16 08:11:14 2026] GET /resource_providers/4e4156f8-84d4-41dc-b86d-f095190bfd31/aggregates => generated 235 bytes in 10 msecs (HTTP/1.1 404) 5 headers in 202 bytes (1 switches on core 0)
2026-07-16 08:11:14.536 7 INFO placement.requestlog [None req-3da1bac5-67bd-459b-a49f-802b66ef956e 63e27188d6c84089bf8c38571fb410aa 86664de68fa440c79d78b7ec61874797 - - 633cea54b8e64dab8a3900458668fcf2 633cea54b8e64dab8a3900458668fcf2] 10.0.0.72 "DELETE /resource_providers/4e4156f8-84d4-41dc-b86d-f095190bfd31" status: 404 len: 246 microversion: 1.1 [pid: 7|app: 0|req: 349/698] 10.0.0.72 () {34 vars in 815 bytes} [Thu Jul 16 08:11:14 2026] DELETE /resource_providers/4e4156f8-84d4-41dc-b86d-f095190bfd31 => generated 246 bytes in 12 msecs (HTTP/1.1 404) 6 headers in 231 bytes (1 switches on core 0)
2026-07-16 08:11:14.537 8 INFO placement.requestlog [None req-71f9b20a-dc7b-4f8f-b997-4430e59b3f34 63e27188d6c84089bf8c38571fb410aa 86664de68fa440c79d78b7ec61874797 - - 633cea54b8e64dab8a3900458668fcf2 633cea54b8e64dab8a3900458668fcf2] 10.0.0.72 "DELETE /resource_providers/4e4156f8-84d4-41dc-b86d-f095190bfd31" status: 404 len: 246 microversion: 1.1 [pid: 8|app: 0|req: 350/699] 10.0.0.72 () {34 vars in 815 bytes} [Thu Jul 16 08:11:14 2026] DELETE /resource_providers/4e4156f8-84d4-41dc-b86d-f095190bfd31 => generated 246 bytes in 14 msecs (HTTP/1.1 404) 6 headers in 231 bytes (1 switches on core 0)
