+ COMMAND=start + start + for KEYSTONE_WSGI_SCRIPT in keystone-wsgi-public ++ type -p keystone-wsgi-public + cp -a /var/lib/openstack/bin/keystone-wsgi-public /var/www/cgi-bin/keystone/ + '[' -f /etc/apache2/envvars ']' + source /etc/apache2/envvars ++ unset HOME ++ '[' '' '!=' '' ']' ++ SUFFIX= ++ export APACHE_RUN_USER=www-data ++ APACHE_RUN_USER=www-data ++ export APACHE_RUN_GROUP=www-data ++ APACHE_RUN_GROUP=www-data ++ export APACHE_PID_FILE=/var/run/apache2/apache2.pid ++ APACHE_PID_FILE=/var/run/apache2/apache2.pid ++ export APACHE_RUN_DIR=/var/run/apache2 ++ APACHE_RUN_DIR=/var/run/apache2 ++ export APACHE_LOCK_DIR=/var/lock/apache2 ++ APACHE_LOCK_DIR=/var/lock/apache2 ++ export APACHE_LOG_DIR=/var/log/apache2 ++ APACHE_LOG_DIR=/var/log/apache2 ++ export LANG=C ++ LANG=C ++ export LANG + '[' -f /var/run/apache2/apache2.pid ']' + exec apache2 -DFOREGROUND AH00558: apache2: Could not reliably determine the server's fully qualified domain name, using 10.0.0.95. Set the 'ServerName' directive globally to suppress this message AH00558: apache2: Could not reliably determine the server's fully qualified domain name, using 10.0.0.95. Set the 'ServerName' directive globally to suppress this message
[Thu Jul 16 00:33:11.372426 2026] [mpm_event:notice] [pid 1:tid 140125020387200] AH00489: Apache/2.4.58 (Ubuntu) mod_wsgi/5.0.0 Python/3.12 configured -- resuming normal operations
[Thu Jul 16 00:33:11.372600 2026] [core:notice] [pid 1:tid 140125020387200] AH00094: Command line: 'apache2 -D FOREGROUND'
[Thu Jul 16 00:34:15.029855 2026] [wsgi:error] [pid 12:tid 140124383614656] /var/lib/openstack/lib/python3.12/site-packages/oslo_utils/importutils.py:77: EventletDeprecationWarning:
[Thu Jul 16 00:34:15.029894 2026] [wsgi:error] [pid 12:tid 140124383614656] Eventlet is deprecated. It is currently being maintained in bugfix mode, and
[Thu Jul 16 00:34:15.029895 2026] [wsgi:error] [pid 12:tid 140124383614656] we strongly recommend against using it for new projects.
[Thu Jul 16 00:34:15.029897 2026] [wsgi:error] [pid 12:tid 140124383614656]
[Thu Jul 16 00:34:15.029898 2026] [wsgi:error] [pid 12:tid 140124383614656] If you are already using Eventlet, we recommend migrating to a different
[Thu Jul 16 00:34:15.029899 2026] [wsgi:error] [pid 12:tid 140124383614656] framework. For more detail see
[Thu Jul 16 00:34:15.029900 2026] [wsgi:error] [pid 12:tid 140124383614656] https://eventlet.readthedocs.io/en/latest/asyncio/migration.html
[Thu Jul 16 00:34:15.029901 2026] [wsgi:error] [pid 12:tid 140124383614656]
[Thu Jul 16 00:34:15.029902 2026] [wsgi:error] [pid 12:tid 140124383614656] __import__(import_str)
[Thu Jul 16 00:34:15.053316 2026] [wsgi:error] [pid 11:tid 140124383614656] /var/lib/openstack/lib/python3.12/site-packages/oslo_utils/importutils.py:77: EventletDeprecationWarning:
[Thu Jul 16 00:34:15.053365 2026] [wsgi:error] [pid 11:tid 140124383614656] Eventlet is deprecated. It is currently being maintained in bugfix mode, and
[Thu Jul 16 00:34:15.053367 2026] [wsgi:error] [pid 11:tid 140124383614656] we strongly recommend against using it for new projects.
[Thu Jul 16 00:34:15.053368 2026] [wsgi:error] [pid 11:tid 140124383614656]
[Thu Jul 16 00:34:15.053370 2026] [wsgi:error] [pid 11:tid 140124383614656] If you are already using Eventlet, we recommend migrating to a different
[Thu Jul 16 00:34:15.053371 2026] [wsgi:error] [pid 11:tid 140124383614656] framework. For more detail see
[Thu Jul 16 00:34:15.053372 2026] [wsgi:error] [pid 11:tid 140124383614656] https://eventlet.readthedocs.io/en/latest/asyncio/migration.html
[Thu Jul 16 00:34:15.053373 2026] [wsgi:error] [pid 11:tid 140124383614656]
[Thu Jul 16 00:34:15.053374 2026] [wsgi:error] [pid 11:tid 140124383614656] __import__(import_str) 10.0.0.13 - - [16/Jul/2026:00:34:14 +0000] "GET /v3/ HTTP/1.1" 200 249 10.0.0.13 - - [16/Jul/2026:00:34:14 +0000] "GET /v3/ HTTP/1.1" 200 249
[Thu Jul 16 00:34:20.201207 2026] [wsgi:error] [pid 10:tid 140124383614656] /var/lib/openstack/lib/python3.12/site-packages/oslo_utils/importutils.py:77: EventletDeprecationWarning:
[Thu Jul 16 00:34:20.201247 2026] [wsgi:error] [pid 10:tid 140124383614656] Eventlet is deprecated. It is currently being maintained in bugfix mode, and
[Thu Jul 16 00:34:20.201249 2026] [wsgi:error] [pid 10:tid 140124383614656] we strongly recommend against using it for new projects.
[Thu Jul 16 00:34:20.201250 2026] [wsgi:error] [pid 10:tid 140124383614656]
[Thu Jul 16 00:34:20.201251 2026] [wsgi:error] [pid 10:tid 140124383614656] If you are already using Eventlet, we recommend migrating to a different
[Thu Jul 16 00:34:20.201253 2026] [wsgi:error] [pid 10:tid 140124383614656] framework. For more detail see
[Thu Jul 16 00:34:20.201254 2026] [wsgi:error] [pid 10:tid 140124383614656] https://eventlet.readthedocs.io/en/latest/asyncio/migration.html
[Thu Jul 16 00:34:20.201255 2026] [wsgi:error] [pid 10:tid 140124383614656]
[Thu Jul 16 00:34:20.201256 2026] [wsgi:error] [pid 10:tid 140124383614656] __import__(import_str) 10.0.0.13 - - [16/Jul/2026:00:34:19 +0000] "GET /v3/ HTTP/1.1" 200 249
[Thu Jul 16 00:34:27.414738 2026] [wsgi:error] [pid 9:tid 140124383614656] /var/lib/openstack/lib/python3.12/site-packages/oslo_utils/importutils.py:77: EventletDeprecationWarning:
[Thu Jul 16 00:34:27.414773 2026] [wsgi:error] [pid 9:tid 140124383614656] Eventlet is deprecated. It is currently being maintained in bugfix mode, and
[Thu Jul 16 00:34:27.414775 2026] [wsgi:error] [pid 9:tid 140124383614656] we strongly recommend against using it for new projects.
[Thu Jul 16 00:34:27.414777 2026] [wsgi:error] [pid 9:tid 140124383614656]
[Thu Jul 16 00:34:27.414778 2026] [wsgi:error] [pid 9:tid 140124383614656] If you are already using Eventlet, we recommend migrating to a different
[Thu Jul 16 00:34:27.414779 2026] [wsgi:error] [pid 9:tid 140124383614656] framework. For more detail see
[Thu Jul 16 00:34:27.414780 2026] [wsgi:error] [pid 9:tid 140124383614656] https://eventlet.readthedocs.io/en/latest/asyncio/migration.html
[Thu Jul 16 00:34:27.414781 2026] [wsgi:error] [pid 9:tid 140124383614656]
[Thu Jul 16 00:34:27.414782 2026] [wsgi:error] [pid 9:tid 140124383614656] __import__(import_str) 10.0.0.12 - - [16/Jul/2026:00:34:26 +0000] "GET / HTTP/1.1" 300 295
[Thu Jul 16 00:34:31.981953 2026] [wsgi:error] [pid 12:tid 140124383614656] [remote 10.0.0.12:58934] 2026-07-16 00:34:31.978 12 WARNING keystone.identity.core [None req-ea833158-c9ea-4647-88b8-e5fe7664180e - - - - - -] Invalid domain name (atmosphere) found in config file name: keystone.exception.DomainNotFound: Could not find domain: atmosphere.
[Thu Jul 16 00:34:32.041351 2026] [wsgi:error] [pid 12:tid 140124383614656] [remote 10.0.0.12:58934] 2026-07-16 00:34:32.040 12 WARNING keystone.common.password_hashing [None req-ea833158-c9ea-4647-88b8-e5fe7664180e - - - - - -] Truncating password to algorithm specific maximum length 72 characters.
[Thu Jul 16 00:34:32.335803 2026] [wsgi:error] [pid 12:tid 140124383614656] [remote 10.0.0.12:58934] 2026-07-16 00:34:32.335 12 WARNING keystone.common.fernet_utils [None req-ea833158-c9ea-4647-88b8-e5fe7664180e - - - - - -] key_repository is world readable: /etc/keystone/fernet-keys/ 10.0.0.12 - - [16/Jul/2026:00:34:31 +0000] "POST /v3/auth/tokens HTTP/1.1" 201 1360
[Thu Jul 16 00:34:32.683948 2026] [wsgi:error] [pid 11:tid 140124383614656] [remote 10.0.0.12:58934] 2026-07-16 00:34:32.680 11 WARNING keystone.identity.core [None req-7a1ece73-6ee7-4022-a811-311ec47a17c2 - - - - - -] Invalid domain name (atmosphere) found in config file name: keystone.exception.DomainNotFound: Could not find domain: atmosphere. 10.0.0.12 - - [16/Jul/2026:00:34:32 +0000] "POST /v3/domains HTTP/1.1" 201 261 10.0.0.208 - - [16/Jul/2026:00:34:43 +0000] "GET / HTTP/1.1" 300 295
[Thu Jul 16 00:34:44.110873 2026] [wsgi:error] [pid 9:tid 140124383614656] [remote 10.0.0.208:40662] 2026-07-16 00:34:44.110 9 WARNING keystone.common.password_hashing [None req-f1bbd6bd-e4ba-4a68-828a-a75d05c3b7ae - - - - - -] Truncating password to algorithm specific maximum length 72 characters.
[Thu Jul 16 00:34:44.385935 2026] [wsgi:error] [pid 9:tid 140124383614656] [remote 10.0.0.208:40662] 2026-07-16 00:34:44.385 9 WARNING keystone.common.fernet_utils [None req-f1bbd6bd-e4ba-4a68-828a-a75d05c3b7ae - - - - - -] key_repository is world readable: /etc/keystone/fernet-keys/ 10.0.0.208 - - [16/Jul/2026:00:34:43 +0000] "POST /v3/auth/tokens HTTP/1.1" 201 1360 10.0.0.208 - - [16/Jul/2026:00:34:44 +0000] "GET /v3/roles/admin HTTP/1.1" 404 83
[Thu Jul 16 00:34:44.633895 2026] [wsgi:error] [pid 11:tid 140124383614656] [remote 10.0.0.208:40662] 2026-07-16 00:34:44.633 11 WARNING keystone.common.rbac_enforcer.enforcer [None req-6d32f8ce-de19-4f32-a9ae-5b95fcba359d eec870b44f8a4a03b1d78ad6da90f54d 0e48f6c5ad954614b878132edcf8b09b - - default default] Deprecated policy rules found. Use oslopolicy-policy-generator and oslopolicy-policy-upgrade to detect and resolve deprecated policies in your configuration. 10.0.0.208 - - [16/Jul/2026:00:34:44 +0000] "GET /v3/roles?name=admin HTTP/1.1" 200 389
[Thu Jul 16 00:34:45.090045 2026] [wsgi:error] [pid 10:tid 140124383614656] [remote 10.0.0.208:40662] 2026-07-16 00:34:45.089 10 WARNING keystone.common.rbac_enforcer.enforcer [None req-f05427b8-d8e2-46c5-beb9-22d847d0e967 eec870b44f8a4a03b1d78ad6da90f54d 0e48f6c5ad954614b878132edcf8b09b - - default default] Deprecated policy rules found. Use oslopolicy-policy-generator and oslopolicy-policy-upgrade to detect and resolve deprecated policies in your configuration. 10.0.0.208 - - [16/Jul/2026:00:34:44 +0000] "GET /v3/users/admin-RegionOne HTTP/1.1" 404 93
[Thu Jul 16 00:34:45.225411 2026] [wsgi:error] [pid 9:tid 140124383614656] [remote 10.0.0.208:40662] 2026-07-16 00:34:45.225 9 WARNING keystone.common.rbac_enforcer.enforcer [None req-6aa2fb1f-36af-4680-b145-e5e51c66392d eec870b44f8a4a03b1d78ad6da90f54d 0e48f6c5ad954614b878132edcf8b09b - - default default] Deprecated policy rules found. Use oslopolicy-policy-generator and oslopolicy-policy-upgrade to detect and resolve deprecated policies in your configuration. 10.0.0.208 - - [16/Jul/2026:00:34:45 +0000] "GET /v3/users?name=admin-RegionOne HTTP/1.1" 200 422
[Thu Jul 16 00:34:45.534040 2026] [wsgi:error] [pid 12:tid 140124383614656] [remote 10.0.0.208:40662] 2026-07-16 00:34:45.533 12 WARNING keystone.common.rbac_enforcer.enforcer [None req-418263bf-3596-4e12-8ee4-47f27192ed86 eec870b44f8a4a03b1d78ad6da90f54d 0e48f6c5ad954614b878132edcf8b09b - - default default] Deprecated policy rules found. Use oslopolicy-policy-generator and oslopolicy-policy-upgrade to detect and resolve deprecated policies in your configuration. 10.0.0.208 - - [16/Jul/2026:00:34:45 +0000] "GET /v3/domains/default HTTP/1.1" 200 224 10.0.0.208 - - [16/Jul/2026:00:34:45 +0000] "PUT /v3/domains/default/users/eec870b44f8a4a03b1d78ad6da90f54d/roles/384c443cb66e4d3abc8f912f3352026c HTTP/1.1" 204 - 10.0.0.13 - - [16/Jul/2026:00:34:55 +0000] "GET / HTTP/1.1" 300 281 10.0.0.13 - - [16/Jul/2026:00:34:57 +0000] "GET /v3 HTTP/1.1" 200 266
[Thu Jul 16 00:34:57.177097 2026] [wsgi:error] [pid 12:tid 140124383614656] [remote 10.0.0.13:41908] 2026-07-16 00:34:57.176 12 WARNING keystone.common.password_hashing [None req-5c3aad93-4208-401d-ace2-8b382ce72b6b - - - - - -] Truncating password to algorithm specific maximum length 72 characters.
[Thu Jul 16 00:34:57.449157 2026] [wsgi:error] [pid 12:tid 140124383614656] [remote 10.0.0.13:41908] 2026-07-16 00:34:57.448 12 WARNING keystone.common.fernet_utils [None req-5c3aad93-4208-401d-ace2-8b382ce72b6b - - - - - -] key_repository is world readable: /etc/keystone/fernet-keys/ 10.0.0.13 - - [16/Jul/2026:00:34:57 +0000] "POST /v3/auth/tokens HTTP/1.1" 201 1360 10.0.0.13 - - [16/Jul/2026:00:34:57 +0000] "GET / HTTP/1.1" 300 281 10.0.0.13 - - [16/Jul/2026:00:34:57 +0000] "GET /v3/domains/atmosphere HTTP/1.1" 404 90 10.0.0.13 - - [16/Jul/2026:00:34:57 +0000] "GET /v3/domains?name=atmosphere HTTP/1.1" 200 370 10.0.0.13 - - [16/Jul/2026:00:34:57 +0000] "GET /v3/domains/40c6343d2f134229b176e918a0234c08 HTTP/1.1" 200 247 10.0.0.13 - - [16/Jul/2026:00:34:58 +0000] "GET /v3 HTTP/1.1" 200 266
[Thu Jul 16 00:34:58.511598 2026] [wsgi:error] [pid 10:tid 140124383614656] [remote 10.0.0.13:41908] 2026-07-16 00:34:58.510 10 WARNING keystone.common.password_hashing [None req-8203fcbc-f9d8-4ffc-bee3-e7e928cdb8b8 - - - - - -] Truncating password to algorithm specific maximum length 72 characters.
[Thu Jul 16 00:34:58.782154 2026] [wsgi:error] [pid 10:tid 140124383614656] [remote 10.0.0.13:41908] 2026-07-16 00:34:58.781 10 WARNING keystone.common.fernet_utils [None req-8203fcbc-f9d8-4ffc-bee3-e7e928cdb8b8 - - - - - -] key_repository is world readable: /etc/keystone/fernet-keys/ 10.0.0.13 - - [16/Jul/2026:00:34:58 +0000] "POST /v3/auth/tokens HTTP/1.1" 201 1360 10.0.0.13 - - [16/Jul/2026:00:34:58 +0000] "GET / HTTP/1.1" 300 281 10.0.0.13 - - [16/Jul/2026:00:34:58 +0000] "GET /v3/OS-FEDERATION/identity_providers/atmosphere HTTP/1.1" 404 101 10.0.0.13 - - [16/Jul/2026:00:34:58 +0000] "GET /v3/OS-FEDERATION/identity_providers HTTP/1.1" 200 156 10.0.0.13 - - [16/Jul/2026:00:34:58 +0000] "PUT /v3/OS-FEDERATION/identity_providers/atmosphere HTTP/1.1" 201 342 10.0.0.13 - - [16/Jul/2026:00:34:59 +0000] "GET /v3 HTTP/1.1" 200 266
[Thu Jul 16 00:34:59.504916 2026] [wsgi:error] [pid 12:tid 140124383614656] [remote 10.0.0.13:41908] 2026-07-16 00:34:59.504 12 WARNING keystone.common.password_hashing [None req-01e5c265-a927-4dc1-807b-c5a4dfa7333e - - - - - -] Truncating password to algorithm specific maximum length 72 characters.
[Thu Jul 16 00:34:59.782918 2026] [wsgi:error] [pid 12:tid 140124383614656] [remote 10.0.0.13:41908] 2026-07-16 00:34:59.782 12 WARNING keystone.common.fernet_utils [None req-01e5c265-a927-4dc1-807b-c5a4dfa7333e - - - - - -] key_repository is world readable: /etc/keystone/fernet-keys/ 10.0.0.13 - - [16/Jul/2026:00:34:59 +0000] "POST /v3/auth/tokens HTTP/1.1" 201 1360 10.0.0.13 - - [16/Jul/2026:00:34:59 +0000] "GET / HTTP/1.1" 300 281 10.0.0.13 - - [16/Jul/2026:00:34:59 +0000] "GET /v3/OS-FEDERATION/mappings/atmosphere-openid HTTP/1.1" 404 98 10.0.0.13 - - [16/Jul/2026:00:34:59 +0000] "GET /v3/OS-FEDERATION/mappings HTTP/1.1" 200 136 10.0.0.13 - - [16/Jul/2026:00:34:59 +0000] "PUT /v3/OS-FEDERATION/mappings/atmosphere-openid HTTP/1.1" 201 357 10.0.0.13 - - [16/Jul/2026:00:35:00 +0000] "GET /v3 HTTP/1.1" 200 266
[Thu Jul 16 00:35:00.479304 2026] [wsgi:error] [pid 10:tid 140124383614656] [remote 10.0.0.13:41908] 2026-07-16 00:35:00.479 10 WARNING keystone.common.password_hashing [None req-bcd6689a-e4c6-4a01-aa18-2ed9f51ba98f - - - - - -] Truncating password to algorithm specific maximum length 72 characters.
[Thu Jul 16 00:35:00.752068 2026] [wsgi:error] [pid 10:tid 140124383614656] [remote 10.0.0.13:41908] 2026-07-16 00:35:00.751 10 WARNING keystone.common.fernet_utils [None req-bcd6689a-e4c6-4a01-aa18-2ed9f51ba98f - - - - - -] key_repository is world readable: /etc/keystone/fernet-keys/ 10.0.0.13 - - [16/Jul/2026:00:35:00 +0000] "POST /v3/auth/tokens HTTP/1.1" 201 1360 10.0.0.13 - - [16/Jul/2026:00:35:00 +0000] "GET / HTTP/1.1" 300 281 10.0.0.13 - - [16/Jul/2026:00:35:00 +0000] "GET /v3/OS-FEDERATION/identity_providers/atmosphere/protocols/openid?idp_id=atmosphere HTTP/1.1" 404 131 10.0.0.13 - - [16/Jul/2026:00:35:00 +0000] "GET /v3/OS-FEDERATION/identity_providers/atmosphere/protocols HTTP/1.1" 200 168 10.0.0.13 - - [16/Jul/2026:00:35:00 +0000] "PUT /v3/OS-FEDERATION/identity_providers/atmosphere/protocols/openid HTTP/1.1" 201 224 10.0.0.13 - - [16/Jul/2026:00:35:14 +0000] "GET /v3/ HTTP/1.1" 200 249 10.0.0.13 - - [16/Jul/2026:00:35:14 +0000] "GET /v3/ HTTP/1.1" 200 249 10.0.0.13 - - [16/Jul/2026:00:36:14 +0000] "GET /v3/ HTTP/1.1" 200 249 10.0.0.13 - - [16/Jul/2026:00:36:14 +0000] "GET /v3/ HTTP/1.1" 200 249 10.0.0.141 - - [16/Jul/2026:00:36:23 +0000] "GET / HTTP/1.1" 300 295
[Thu Jul 16 00:36:23.565949 2026] [wsgi:error] [pid 12:tid 140124383614656] [remote 10.0.0.141:52194] 2026-07-16 00:36:23.565 12 WARNING keystone.common.password_hashing [None req-8f37b82a-8405-4b35-863c-f0b26a13f05b - - - - - -] Truncating password to algorithm specific maximum length 72 characters.
[Thu Jul 16 00:36:23.840507 2026] [wsgi:error] [pid 12:tid 140124383614656] [remote 10.0.0.141:52194] 2026-07-16 00:36:23.840 12 WARNING keystone.common.fernet_utils [None req-8f37b82a-8405-4b35-863c-f0b26a13f05b - - - - - -] key_repository is world readable: /etc/keystone/fernet-keys/ 10.0.0.141 - - [16/Jul/2026:00:36:23 +0000] "POST /v3/auth/tokens HTTP/1.1" 201 1360 10.0.0.141 - - [16/Jul/2026:00:36:23 +0000] "GET /v3/services HTTP/1.1" 200 355 10.0.0.141 - - [16/Jul/2026:00:36:27 +0000] "GET / HTTP/1.1" 300 295
[Thu Jul 16 00:36:27.497005 2026] [wsgi:error] [pid 9:tid 140124383614656] [remote 10.0.0.141:52198] 2026-07-16 00:36:27.496 9 WARNING keystone.common.password_hashing [None req-52698172-2a4b-48da-b81e-081b67840951 - - - - - -] Truncating password to algorithm specific maximum length 72 characters.
[Thu Jul 16 00:36:27.767041 2026] [wsgi:error] [pid 9:tid 140124383614656] [remote 10.0.0.141:52198] 2026-07-16 00:36:27.766 9 WARNING keystone.common.fernet_utils [None req-52698172-2a4b-48da-b81e-081b67840951 - - - - - -] key_repository is world readable: /etc/keystone/fernet-keys/ 10.0.0.141 - - [16/Jul/2026:00:36:27 +0000] "POST /v3/auth/tokens HTTP/1.1" 201 1360 10.0.0.141 - - [16/Jul/2026:00:36:27 +0000] "GET /v3/services HTTP/1.1" 200 355 10.0.0.141 - - [16/Jul/2026:00:36:31 +0000] "GET / HTTP/1.1" 300 295
[Thu Jul 16 00:36:31.423143 2026] [wsgi:error] [pid 11:tid 140124383614656] [remote 10.0.0.141:52204] 2026-07-16 00:36:31.422 11 WARNING keystone.common.password_hashing [None req-e6128881-7080-487f-aea7-1386e8209af6 - - - - - -] Truncating password to algorithm specific maximum length 72 characters.
[Thu Jul 16 00:36:31.698520 2026] [wsgi:error] [pid 11:tid 140124383614656] [remote 10.0.0.141:52204] 2026-07-16 00:36:31.698 11 WARNING keystone.common.fernet_utils [None req-e6128881-7080-487f-aea7-1386e8209af6 - - - - - -] key_repository is world readable: /etc/keystone/fernet-keys/ 10.0.0.141 - - [16/Jul/2026:00:36:31 +0000] "POST /v3/auth/tokens HTTP/1.1" 201 1360 10.0.0.141 - - [16/Jul/2026:00:36:31 +0000] "GET /v3/services HTTP/1.1" 200 355 10.0.0.141 - - [16/Jul/2026:00:36:35 +0000] "GET / HTTP/1.1" 300 295
[Thu Jul 16 00:36:35.358321 2026] [wsgi:error] [pid 10:tid 140124383614656] [remote 10.0.0.141:39178] 2026-07-16 00:36:35.358 10 WARNING keystone.common.password_hashing [None req-977b6d40-92f8-47c5-81bc-4f80c2cbce7b - - - - - -] Truncating password to algorithm specific maximum length 72 characters.
[Thu Jul 16 00:36:35.628488 2026] [wsgi:error] [pid 10:tid 140124383614656] [remote 10.0.0.141:39178] 2026-07-16 00:36:35.628 10 WARNING keystone.common.fernet_utils [None req-977b6d40-92f8-47c5-81bc-4f80c2cbce7b - - - - - -] key_repository is world readable: /etc/keystone/fernet-keys/ 10.0.0.141 - - [16/Jul/2026:00:36:35 +0000] "POST /v3/auth/tokens HTTP/1.1" 201 1360 10.0.0.141 - - [16/Jul/2026:00:36:35 +0000] "POST /v3/services HTTP/1.1" 201 296 10.0.0.116 - - [16/Jul/2026:00:36:46 +0000] "GET / HTTP/1.1" 300 295
[Thu Jul 16 00:36:46.798608 2026] [wsgi:error] [pid 12:tid 140124383614656] [remote 10.0.0.116:52656] 2026-07-16 00:36:46.798 12 WARNING keystone.common.password_hashing [None req-d8e95cbf-570e-4f6f-b1a8-a00707fc23bf - - - - - -] Truncating password to algorithm specific maximum length 72 characters. 10.0.0.116 - - [16/Jul/2026:00:36:46 +0000] "GET / HTTP/1.1" 300 295
[Thu Jul 16 00:36:46.938266 2026] [wsgi:error] [pid 11:tid 140124383614656] [remote 10.0.0.116:52662] 2026-07-16 00:36:46.938 11 WARNING keystone.common.password_hashing [None req-33cfc914-7779-4575-8b2a-27b071c8cec5 - - - - - -] Truncating password to algorithm specific maximum length 72 characters. 10.0.0.116 - - [16/Jul/2026:00:36:47 +0000] "GET / HTTP/1.1" 300 295
[Thu Jul 16 00:36:47.044773 2026] [wsgi:error] [pid 10:tid 140124383614656] [remote 10.0.0.116:52670] 2026-07-16 00:36:47.044 10 WARNING keystone.common.password_hashing [None req-8a389f85-e27e-4d00-afd1-cc8f84b5eef0 - - - - - -] Truncating password to algorithm specific maximum length 72 characters.
[Thu Jul 16 00:36:47.072740 2026] [wsgi:error] [pid 12:tid 140124383614656] [remote 10.0.0.116:52656] 2026-07-16 00:36:47.072 12 WARNING keystone.common.fernet_utils [None req-d8e95cbf-570e-4f6f-b1a8-a00707fc23bf - - - - - -] key_repository is world readable: /etc/keystone/fernet-keys/ 10.0.0.116 - - [16/Jul/2026:00:36:46 +0000] "POST /v3/auth/tokens HTTP/1.1" 201 1464 10.0.0.116 - - [16/Jul/2026:00:36:47 +0000] "GET /v3/services HTTP/1.1" 200 639
[Thu Jul 16 00:36:47.220427 2026] [wsgi:error] [pid 11:tid 140124383614656] [remote 10.0.0.116:52662] 2026-07-16 00:36:47.220 11 WARNING keystone.common.fernet_utils [None req-33cfc914-7779-4575-8b2a-27b071c8cec5 - - - - - -] key_repository is world readable: /etc/keystone/fernet-keys/ 10.0.0.116 - - [16/Jul/2026:00:36:46 +0000] "POST /v3/auth/tokens HTTP/1.1" 201 1464
[Thu Jul 16 00:36:47.316233 2026] [wsgi:error] [pid 10:tid 140124383614656] [remote 10.0.0.116:52670] 2026-07-16 00:36:47.316 10 WARNING keystone.common.fernet_utils [None req-8a389f85-e27e-4d00-afd1-cc8f84b5eef0 - - - - - -] key_repository is world readable: /etc/keystone/fernet-keys/ 10.0.0.116 - - [16/Jul/2026:00:36:47 +0000] "POST /v3/auth/tokens HTTP/1.1" 201 1464 10.0.0.116 - - [16/Jul/2026:00:36:47 +0000] "GET /v3/services HTTP/1.1" 200 639 10.0.0.116 - - [16/Jul/2026:00:36:47 +0000] "GET /v3/services HTTP/1.1" 200 639 10.0.0.116 - - [16/Jul/2026:00:36:48 +0000] "GET / HTTP/1.1" 300 295
[Thu Jul 16 00:36:48.786336 2026] [wsgi:error] [pid 10:tid 140124383614656] [remote 10.0.0.116:52680] 2026-07-16 00:36:48.786 10 WARNING keystone.common.password_hashing [None req-190d1195-8fae-474a-968f-9fab0e70f1f2 - - - - - -] Truncating password to algorithm specific maximum length 72 characters. 10.0.0.116 - - [16/Jul/2026:00:36:48 +0000] "GET / HTTP/1.1" 300 295
[Thu Jul 16 00:36:48.889954 2026] [wsgi:error] [pid 9:tid 140124383614656] [remote 10.0.0.116:52690] 2026-07-16 00:36:48.889 9 WARNING keystone.common.password_hashing [None req-259481c2-a7e5-46c4-9f84-9cf571b2c8e7 - - - - - -] Truncating password to algorithm specific maximum length 72 characters. 10.0.0.116 - - [16/Jul/2026:00:36:48 +0000] "GET / HTTP/1.1" 300 295
[Thu Jul 16 00:36:49.000331 2026] [wsgi:error] [pid 12:tid 140124383614656] [remote 10.0.0.116:52706] 2026-07-16 00:36:49.000 12 WARNING keystone.common.password_hashing [None req-80db931e-eefc-4f57-a580-a0328309511d - - - - - -] Truncating password to algorithm specific maximum length 72 characters.
[Thu Jul 16 00:36:49.061508 2026] [wsgi:error] [pid 10:tid 140124383614656] [remote 10.0.0.116:52680] 2026-07-16 00:36:49.061 10 WARNING keystone.common.fernet_utils [None req-190d1195-8fae-474a-968f-9fab0e70f1f2 - - - - - -] key_repository is world readable: /etc/keystone/fernet-keys/ 10.0.0.116 - - [16/Jul/2026:00:36:48 +0000] "POST /v3/auth/tokens HTTP/1.1" 201 1464
[Thu Jul 16 00:36:49.175595 2026] [wsgi:error] [pid 9:tid 140124383614656] [remote 10.0.0.116:52690] 2026-07-16 00:36:49.175 9 WARNING keystone.common.fernet_utils [None req-259481c2-a7e5-46c4-9f84-9cf571b2c8e7 - - - - - -] key_repository is world readable: /etc/keystone/fernet-keys/ 10.0.0.116 - - [16/Jul/2026:00:36:48 +0000] "POST /v3/auth/tokens HTTP/1.1" 201 1464 10.0.0.116 - - [16/Jul/2026:00:36:49 +0000] "GET /v3/endpoints HTTP/1.1" 200 1227 10.0.0.116 - - [16/Jul/2026:00:36:49 +0000] "GET /v3/services/c8532c0f765348df84acbf8aaf24f930 HTTP/1.1" 200 233 10.0.0.116 - - [16/Jul/2026:00:36:49 +0000] "GET /v3/services/c8532c0f765348df84acbf8aaf24f930 HTTP/1.1" 200 233 10.0.0.116 - - [16/Jul/2026:00:36:49 +0000] "GET /v3/services/c8532c0f765348df84acbf8aaf24f930 HTTP/1.1" 200 233
[Thu Jul 16 00:36:49.281081 2026] [wsgi:error] [pid 12:tid 140124383614656] [remote 10.0.0.116:52706] 2026-07-16 00:36:49.280 12 WARNING keystone.common.fernet_utils [None req-80db931e-eefc-4f57-a580-a0328309511d - - - - - -] key_repository is world readable: /etc/keystone/fernet-keys/ 10.0.0.116 - - [16/Jul/2026:00:36:48 +0000] "POST /v3/auth/tokens HTTP/1.1" 201 1464 10.0.0.116 - - [16/Jul/2026:00:36:49 +0000] "GET /v3/endpoints HTTP/1.1" 200 1227 10.0.0.116 - - [16/Jul/2026:00:36:49 +0000] "GET /v3/services/c8532c0f765348df84acbf8aaf24f930 HTTP/1.1" 200 233 10.0.0.116 - - [16/Jul/2026:00:36:49 +0000] "GET /v3/services/c8532c0f765348df84acbf8aaf24f930 HTTP/1.1" 200 233 10.0.0.116 - - [16/Jul/2026:00:36:49 +0000] "GET /v3/services/c8532c0f765348df84acbf8aaf24f930 HTTP/1.1" 200 233 10.0.0.116 - - [16/Jul/2026:00:36:49 +0000] "GET /v3/endpoints HTTP/1.1" 200 1227 10.0.0.116 - - [16/Jul/2026:00:36:49 +0000] "GET /v3/services/c8532c0f765348df84acbf8aaf24f930 HTTP/1.1" 200 233 10.0.0.116 - - [16/Jul/2026:00:36:49 +0000] "GET /v3/services/c8532c0f765348df84acbf8aaf24f930 HTTP/1.1" 200 233 10.0.0.116 - - [16/Jul/2026:00:36:49 +0000] "GET /v3/services/c8532c0f765348df84acbf8aaf24f930 HTTP/1.1" 200 233 10.0.0.116 - - [16/Jul/2026:00:36:50 +0000] "GET / HTTP/1.1" 300 295
[Thu Jul 16 00:36:50.713865 2026] [wsgi:error] [pid 9:tid 140124383614656] [remote 10.0.0.116:52718] 2026-07-16 00:36:50.713 9 WARNING keystone.common.password_hashing [None req-a9c36708-45b7-451b-9890-7b3b48a249b0 - - - - - -] Truncating password to algorithm specific maximum length 72 characters. 10.0.0.116 - - [16/Jul/2026:00:36:50 +0000] "GET / HTTP/1.1" 300 295
[Thu Jul 16 00:36:50.857940 2026] [wsgi:error] [pid 12:tid 140124383614656] [remote 10.0.0.116:52730] 2026-07-16 00:36:50.857 12 WARNING keystone.common.password_hashing [None req-9dcd730f-000e-4d70-a84f-3f1352278597 - - - - - -] Truncating password to algorithm specific maximum length 72 characters. 10.0.0.116 - - [16/Jul/2026:00:36:50 +0000] "GET / HTTP/1.1" 300 295
[Thu Jul 16 00:36:50.935439 2026] [wsgi:error] [pid 11:tid 140124383614656] [remote 10.0.0.116:52744] 2026-07-16 00:36:50.935 11 WARNING keystone.common.password_hashing [None req-dddbdae0-da57-4d8b-a90e-9fb925f8c69f - - - - - -] Truncating password to algorithm specific maximum length 72 characters.
[Thu Jul 16 00:36:51.001425 2026] [wsgi:error] [pid 9:tid 140124383614656] [remote 10.0.0.116:52718] 2026-07-16 00:36:51.001 9 WARNING keystone.common.fernet_utils [None req-a9c36708-45b7-451b-9890-7b3b48a249b0 - - - - - -] key_repository is world readable: /etc/keystone/fernet-keys/ 10.0.0.116 - - [16/Jul/2026:00:36:50 +0000] "POST /v3/auth/tokens HTTP/1.1" 201 1464 10.0.0.116 - - [16/Jul/2026:00:36:51 +0000] "GET /v3/services/1df138d9b6804829b2d9a0accf72c0fa HTTP/1.1" 200 296
[Thu Jul 16 00:36:51.133801 2026] [wsgi:error] [pid 12:tid 140124383614656] [remote 10.0.0.116:52730] 2026-07-16 00:36:51.133 12 WARNING keystone.common.fernet_utils [None req-9dcd730f-000e-4d70-a84f-3f1352278597 - - - - - -] key_repository is world readable: /etc/keystone/fernet-keys/ 10.0.0.116 - - [16/Jul/2026:00:36:50 +0000] "POST /v3/auth/tokens HTTP/1.1" 201 1464 10.0.0.116 - - [16/Jul/2026:00:36:51 +0000] "GET /v3/regions/RegionOne HTTP/1.1" 200 173
[Thu Jul 16 00:36:51.214979 2026] [wsgi:error] [pid 11:tid 140124383614656] [remote 10.0.0.116:52744] 2026-07-16 00:36:51.214 11 WARNING keystone.common.fernet_utils [None req-dddbdae0-da57-4d8b-a90e-9fb925f8c69f - - - - - -] key_repository is world readable: /etc/keystone/fernet-keys/ 10.0.0.116 - - [16/Jul/2026:00:36:50 +0000] "POST /v3/auth/tokens HTTP/1.1" 201 1464 10.0.0.116 - - [16/Jul/2026:00:36:51 +0000] "GET /v3/services/1df138d9b6804829b2d9a0accf72c0fa HTTP/1.1" 200 296 10.0.0.116 - - [16/Jul/2026:00:36:51 +0000] "GET /v3/regions/RegionOne HTTP/1.1" 200 173 10.0.0.116 - - [16/Jul/2026:00:36:51 +0000] "POST /v3/endpoints HTTP/1.1" 201 383 10.0.0.116 - - [16/Jul/2026:00:36:51 +0000] "POST /v3/endpoints HTTP/1.1" 201 380 10.0.0.116 - - [16/Jul/2026:00:36:51 +0000] "GET /v3/services/1df138d9b6804829b2d9a0accf72c0fa HTTP/1.1" 200 296 10.0.0.116 - - [16/Jul/2026:00:36:51 +0000] "GET /v3/regions/RegionOne HTTP/1.1" 200 173 10.0.0.116 - - [16/Jul/2026:00:36:51 +0000] "POST /v3/endpoints HTTP/1.1" 201 370 10.0.0.116 - - [16/Jul/2026:00:36:52 +0000] "GET / HTTP/1.1" 300 295 10.0.0.116 - - [16/Jul/2026:00:36:52 +0000] "GET / HTTP/1.1" 300 295
[Thu Jul 16 00:36:52.756825 2026] [wsgi:error] [pid 12:tid 140124383614656] [remote 10.0.0.116:53154] 2026-07-16 00:36:52.756 12 WARNING keystone.common.password_hashing [None req-18df9d4d-3473-4e20-90d8-e8bdd7a3c91b - - - - - -] Truncating password to algorithm specific maximum length 72 characters.
[Thu Jul 16 00:36:52.768555 2026] [wsgi:error] [pid 11:tid 140124383614656] [remote 10.0.0.116:53170] 2026-07-16 00:36:52.768 11 WARNING keystone.common.password_hashing [None req-1deadab1-1323-44bb-9070-6665fa929abf - - - - - -] Truncating password to algorithm specific maximum length 72 characters. 10.0.0.116 - - [16/Jul/2026:00:36:52 +0000] "GET / HTTP/1.1" 300 295
[Thu Jul 16 00:36:52.878031 2026] [wsgi:error] [pid 9:tid 140124383614656] [remote 10.0.0.116:53176] 2026-07-16 00:36:52.877 9 WARNING keystone.common.password_hashing [None req-34cda830-657e-4ae8-95ed-36e81ad7bb5d - - - - - -] Truncating password to algorithm specific maximum length 72 characters.
[Thu Jul 16 00:36:53.045012 2026] [wsgi:error] [pid 12:tid 140124383614656] [remote 10.0.0.116:53154] 2026-07-16 00:36:53.044 12 WARNING keystone.common.fernet_utils [None req-18df9d4d-3473-4e20-90d8-e8bdd7a3c91b - - - - - -] key_repository is world readable: /etc/keystone/fernet-keys/ 10.0.0.116 - - [16/Jul/2026:00:36:52 +0000] "POST /v3/auth/tokens HTTP/1.1" 201 1992
[Thu Jul 16 00:36:53.060926 2026] [wsgi:error] [pid 11:tid 140124383614656] [remote 10.0.0.116:53170] 2026-07-16 00:36:53.060 11 WARNING keystone.common.fernet_utils [None req-1deadab1-1323-44bb-9070-6665fa929abf - - - - - -] key_repository is world readable: /etc/keystone/fernet-keys/ 10.0.0.116 - - [16/Jul/2026:00:36:52 +0000] "POST /v3/auth/tokens HTTP/1.1" 201 1992
[Thu Jul 16 00:36:53.149208 2026] [wsgi:error] [pid 9:tid 140124383614656] [remote 10.0.0.116:53176] 2026-07-16 00:36:53.149 9 WARNING keystone.common.fernet_utils [None req-34cda830-657e-4ae8-95ed-36e81ad7bb5d - - - - - -] key_repository is world readable: /etc/keystone/fernet-keys/ 10.0.0.116 - - [16/Jul/2026:00:36:52 +0000] "POST /v3/auth/tokens HTTP/1.1" 201 1992 10.0.0.116 - - [16/Jul/2026:00:36:53 +0000] "GET /v3/endpoints/bdc03f234ced4c3685363995ad1e0dbb HTTP/1.1" 200 383 10.0.0.116 - - [16/Jul/2026:00:36:53 +0000] "GET /v3/endpoints/b8c6cb06849d42279363a71c84306195 HTTP/1.1" 200 380 10.0.0.116 - - [16/Jul/2026:00:36:53 +0000] "GET /v3/services/1df138d9b6804829b2d9a0accf72c0fa HTTP/1.1" 200 296 10.0.0.116 - - [16/Jul/2026:00:36:53 +0000] "GET /v3/services/1df138d9b6804829b2d9a0accf72c0fa HTTP/1.1" 200 296 10.0.0.116 - - [16/Jul/2026:00:36:53 +0000] "GET /v3/endpoints/048d6c3df48f4c6a9d1c2a0efc4fe7de HTTP/1.1" 200 370 10.0.0.116 - - [16/Jul/2026:00:36:53 +0000] "GET /v3/services/1df138d9b6804829b2d9a0accf72c0fa HTTP/1.1" 200 296 10.0.0.88 - - [16/Jul/2026:00:37:04 +0000] "GET / HTTP/1.1" 300 295
[Thu Jul 16 00:37:04.047526 2026] [wsgi:error] [pid 9:tid 140124383614656] [remote 10.0.0.88:59786] 2026-07-16 00:37:04.047 9 WARNING keystone.common.password_hashing [None req-596dbf5b-c35a-468d-b9b2-8392000d23c5 - - - - - -] Truncating password to algorithm specific maximum length 72 characters.
[Thu Jul 16 00:37:04.315168 2026] [wsgi:error] [pid 9:tid 140124383614656] [remote 10.0.0.88:59786] 2026-07-16 00:37:04.315 9 WARNING keystone.common.fernet_utils [None req-596dbf5b-c35a-468d-b9b2-8392000d23c5 - - - - - -] key_repository is world readable: /etc/keystone/fernet-keys/ 10.0.0.88 - - [16/Jul/2026:00:37:04 +0000] "POST /v3/auth/tokens HTTP/1.1" 201 1992 10.0.0.88 - - [16/Jul/2026:00:37:04 +0000] "POST /v3/domains HTTP/1.1" 201 284 10.0.0.88 - - [16/Jul/2026:00:37:05 +0000] "GET / HTTP/1.1" 300 295
[Thu Jul 16 00:37:05.969234 2026] [wsgi:error] [pid 11:tid 140124383614656] [remote 10.0.0.88:59788] 2026-07-16 00:37:05.969 11 WARNING keystone.common.password_hashing [None req-b3108334-4967-4043-879c-794bad6d7c71 - - - - - -] Truncating password to algorithm specific maximum length 72 characters.
[Thu Jul 16 00:37:06.243184 2026] [wsgi:error] [pid 11:tid 140124383614656] [remote 10.0.0.88:59788] 2026-07-16 00:37:06.243 11 WARNING keystone.common.fernet_utils [None req-b3108334-4967-4043-879c-794bad6d7c71 - - - - - -] key_repository is world readable: /etc/keystone/fernet-keys/ 10.0.0.88 - - [16/Jul/2026:00:37:05 +0000] "POST /v3/auth/tokens HTTP/1.1" 201 1992
[Thu Jul 16 00:37:06.435315 2026] [wsgi:error] [pid 9:tid 140124383614656] [remote 10.0.0.88:59788] 2026-07-16 00:37:06.422 9 ERROR keystone.server.flask.application [None req-c465347c-27c6-4736-89b5-ebcfdcd7936b eec870b44f8a4a03b1d78ad6da90f54d 0e48f6c5ad954614b878132edcf8b09b - - default default] Conflict occurred attempting to store project - it is not permitted to have two projects acting as domains with the same name: service.: keystone.exception.Conflict: Conflict occurred attempting to store project - it is not permitted to have two projects acting as domains with the same name: service.
[Thu Jul 16 00:37:06.435337 2026] [wsgi:error] [pid 9:tid 140124383614656] [remote 10.0.0.88:59788] 2026-07-16 00:37:06.422 9 ERROR keystone.server.flask.application
Traceback (most recent call last):
[Thu Jul 16 00:37:06.435340 2026] [wsgi:error] [pid 9:tid 140124383614656] [remote 10.0.0.88:59788] 2026-07-16 00:37:06.422 9 ERROR keystone.server.flask.application
File "/var/lib/openstack/lib/python3.12/site-packages/sqlalchemy/engine/base.py", line 1969, in _exec_single_context
[Thu Jul 16 00:37:06.435341 2026] [wsgi:error] [pid 9:tid 140124383614656] [remote 10.0.0.88:59788] 2026-07-16 00:37:06.422 9 ERROR keystone.server.flask.application self.dialect.do_execute(
[Thu Jul 16 00:37:06.435343 2026] [wsgi:error] [pid 9:tid 140124383614656] [remote 10.0.0.88:59788] 2026-07-16 00:37:06.422 9 ERROR keystone.server.flask.application
File "/var/lib/openstack/lib/python3.12/site-packages/sqlalchemy/engine/default.py", line 952, in do_execute
[Thu Jul 16 00:37:06.435345 2026] [wsgi:error] [pid 9:tid 140124383614656] [remote 10.0.0.88:59788] 2026-07-16 00:37:06.422 9 ERROR keystone.server.flask.application cursor.execute(statement, parameters)
[Thu Jul 16 00:37:06.435346 2026] [wsgi:error] [pid 9:tid 140124383614656] [remote 10.0.0.88:59788] 2026-07-16 00:37:06.422 9 ERROR keystone.server.flask.application
File "/var/lib/openstack/lib/python3.12/site-packages/pymysql/cursors.py", line 159, in execute
[Thu Jul 16 00:37:06.435347 2026] [wsgi:error] [pid 9:tid 140124383614656] [remote 10.0.0.88:59788] 2026-07-16 00:37:06.422 9 ERROR keystone.server.flask.application result = self._query(query)
[Thu Jul 16 00:37:06.435349 2026] [wsgi:error] [pid 9:tid 140124383614656] [remote 10.0.0.88:59788] 2026-07-16 00:37:06.422 9 ERROR keystone.server.flask.application ^^^^^^^^^^^^^^^^^^
[Thu Jul 16 00:37:06.435350 2026] [wsgi:error] [pid 9:tid 140124383614656] [remote 10.0.0.88:59788] 2026-07-16 00:37:06.422 9 ERROR keystone.server.flask.application
File "/var/lib/openstack/lib/python3.12/site-packages/pymysql/cursors.py", line 330, in _query
[Thu Jul 16 00:37:06.435352 2026] [wsgi:error] [pid 9:tid 140124383614656] [remote 10.0.0.88:59788] 2026-07-16 00:37:06.422 9 ERROR keystone.server.flask.application conn.query(q)
[Thu Jul 16 00:37:06.435353 2026] [wsgi:error] [pid 9:tid 140124383614656] [remote 10.0.0.88:59788] 2026-07-16 00:37:06.422 9 ERROR keystone.server.flask.application
File "/var/lib/openstack/lib/python3.12/site-packages/pymysql/connections.py", line 582, in query
[Thu Jul 16 00:37:06.435355 2026] [wsgi:error] [pid 9:tid 140124383614656] [remote 10.0.0.88:59788] 2026-07-16 00:37:06.422 9 ERROR keystone.server.flask.application self._affected_rows = self._read_query_result(unbuffered=unbuffered)
[Thu Jul 16 00:37:06.435356 2026] [wsgi:error] [pid 9:tid 140124383614656] [remote 10.0.0.88:59788] 2026-07-16 00:37:06.422 9 ERROR keystone.server.flask.application ^^^^^^^^^^^^^^^^^^^^^^^^^^^^^^^^^^^^^^^^^^^^^^
[Thu Jul 16 00:37:06.435357 2026] [wsgi:error] [pid 9:tid 140124383614656] [remote 10.0.0.88:59788] 2026-07-16 00:37:06.422 9 ERROR keystone.server.flask.application
File "/var/lib/openstack/lib/python3.12/site-packages/pymysql/connections.py", line 847, in _read_query_result
[Thu Jul 16 00:37:06.435359 2026] [wsgi:error] [pid 9:tid 140124383614656] [remote 10.0.0.88:59788] 2026-07-16 00:37:06.422 9 ERROR keystone.server.flask.application result.read()
[Thu Jul 16 00:37:06.435361 2026] [wsgi:error] [pid 9:tid 140124383614656] [remote 10.0.0.88:59788] 2026-07-16 00:37:06.422 9 ERROR keystone.server.flask.application
File "/var/lib/openstack/lib/python3.12/site-packages/pymysql/connections.py", line 1245, in read
[Thu Jul 16 00:37:06.435364 2026] [wsgi:error] [pid 9:tid 140124383614656] [remote 10.0.0.88:59788] 2026-07-16 00:37:06.422 9 ERROR keystone.server.flask.application first_packet = self.connection._read_packet()
[Thu Jul 16 00:37:06.435365 2026] [wsgi:error] [pid 9:tid 140124383614656] [remote 10.0.0.88:59788] 2026-07-16 00:37:06.422 9 ERROR keystone.server.flask.application ^^^^^^^^^^^^^^^^^^^^^^^^^^^^^^
[Thu Jul 16 00:37:06.435366 2026] [wsgi:error] [pid 9:tid 140124383614656] [remote 10.0.0.88:59788] 2026-07-16 00:37:06.422 9 ERROR keystone.server.flask.application
File "/var/lib/openstack/lib/python3.12/site-packages/pymysql/connections.py", line 803, in _read_packet
[Thu Jul 16 00:37:06.435368 2026] [wsgi:error] [pid 9:tid 140124383614656] [remote 10.0.0.88:59788] 2026-07-16 00:37:06.422 9 ERROR keystone.server.flask.application packet.raise_for_error()
[Thu Jul 16 00:37:06.435369 2026] [wsgi:error] [pid 9:tid 140124383614656] [remote 10.0.0.88:59788] 2026-07-16 00:37:06.422 9 ERROR keystone.server.flask.application
File "/var/lib/openstack/lib/python3.12/site-packages/pymysql/protocol.py", line 219, in raise_for_error
[Thu Jul 16 00:37:06.435371 2026] [wsgi:error] [pid 9:tid 140124383614656] [remote 10.0.0.88:59788] 2026-07-16 00:37:06.422 9 ERROR keystone.server.flask.application err.raise_mysql_exception(self._data)
[Thu Jul 16 00:37:06.435372 2026] [wsgi:error] [pid 9:tid 140124383614656] [remote 10.0.0.88:59788] 2026-07-16 00:37:06.422 9 ERROR keystone.server.flask.application
File "/var/lib/openstack/lib/python3.12/site-packages/pymysql/err.py", line 154, in raise_mysql_exception
[Thu Jul 16 00:37:06.435373 2026] [wsgi:error] [pid 9:tid 140124383614656] [remote 10.0.0.88:59788] 2026-07-16 00:37:06.422 9 ERROR keystone.server.flask.application raise errorclass(errno, errval, sqlstate=sqlstate)
[Thu Jul 16 00:37:06.435375 2026] [wsgi:error] [pid 9:tid 140124383614656] [remote 10.0.0.88:59788] 2026-07-16 00:37:06.422 9 ERROR keystone.server.flask.application pymysql.err.IntegrityError: (1062, "Duplicate entry '<>-service' for key 'project.ixu_project_name_domain_id'")
[Thu Jul 16 00:37:06.435376 2026] [wsgi:error] [pid 9:tid 140124383614656] [remote 10.0.0.88:59788] 2026-07-16 00:37:06.422 9 ERROR keystone.server.flask.application
[Thu Jul 16 00:37:06.435378 2026] [wsgi:error] [pid 9:tid 140124383614656] [remote 10.0.0.88:59788] 2026-07-16 00:37:06.422 9 ERROR keystone.server.flask.application The above exception was the direct cause of the following exception:
[Thu Jul 16 00:37:06.435379 2026] [wsgi:error] [pid 9:tid 140124383614656] [remote 10.0.0.88:59788] 2026-07-16 00:37:06.422 9 ERROR keystone.server.flask.application
[Thu Jul 16 00:37:06.435380 2026] [wsgi:error] [pid 9:tid 140124383614656] [remote 10.0.0.88:59788] 2026-07-16 00:37:06.422 9 ERROR keystone.server.flask.application
Traceback (most recent call last):
[Thu Jul 16 00:37:06.435382 2026] [wsgi:error] [pid 9:tid 140124383614656] [remote 10.0.0.88:59788] 2026-07-16 00:37:06.422 9 ERROR keystone.server.flask.application
File "/var/lib/openstack/lib/python3.12/site-packages/keystone/common/sql/core.py", line 575, in wrapper
[Thu Jul 16 00:37:06.435383 2026] [wsgi:error] [pid 9:tid 140124383614656] [remote 10.0.0.88:59788] 2026-07-16 00:37:06.422 9 ERROR keystone.server.flask.application return method(*args, **kwargs)
[Thu Jul 16 00:37:06.435384 2026] [wsgi:error] [pid 9:tid 140124383614656] [remote 10.0.0.88:59788] 2026-07-16 00:37:06.422 9 ERROR keystone.server.flask.application ^^^^^^^^^^^^^^^^^^^^^^^
[Thu Jul 16 00:37:06.435386 2026] [wsgi:error] [pid 9:tid 140124383614656] [remote 10.0.0.88:59788] 2026-07-16 00:37:06.422 9 ERROR keystone.server.flask.application
File "/var/lib/openstack/lib/python3.12/site-packages/keystone/resource/backends/sql.py", line 278, in create_project
[Thu Jul 16 00:37:06.435388 2026] [wsgi:error] [pid 9:tid 140124383614656] [remote 10.0.0.88:59788] 2026-07-16 00:37:06.422 9 ERROR keystone.server.flask.application with sql.session_for_write() as session:
[Thu Jul 16 00:37:06.435389 2026] [wsgi:error] [pid 9:tid 140124383614656] [remote 10.0.0.88:59788] 2026-07-16 00:37:06.422 9 ERROR keystone.server.flask.application
File "/usr/lib/python3.12/contextlib.py", line 144, in __exit__
[Thu Jul 16 00:37:06.435391 2026] [wsgi:error] [pid 9:tid 140124383614656] [remote 10.0.0.88:59788] 2026-07-16 00:37:06.422 9 ERROR keystone.server.flask.application next(self.gen)
[Thu Jul 16 00:37:06.435392 2026] [wsgi:error] [pid 9:tid 140124383614656] [remote 10.0.0.88:59788] 2026-07-16 00:37:06.422 9 ERROR keystone.server.flask.application
File "/var/lib/openstack/lib/python3.12/site-packages/oslo_db/sqlalchemy/enginefacade.py", line 1175, in _transaction_scope
[Thu Jul 16 00:37:06.435421 2026] [wsgi:error] [pid 9:tid 140124383614656] [remote 10.0.0.88:59788] 2026-07-16 00:37:06.422 9 ERROR keystone.server.flask.application with current._produce_block(
[Thu Jul 16 00:37:06.435423 2026] [wsgi:error] [pid 9:tid 140124383614656] [remote 10.0.0.88:59788] 2026-07-16 00:37:06.422 9 ERROR keystone.server.flask.application
File "/usr/lib/python3.12/contextlib.py", line 144, in __exit__
[Thu Jul 16 00:37:06.435424 2026] [wsgi:error] [pid 9:tid 140124383614656] [remote 10.0.0.88:59788] 2026-07-16 00:37:06.422 9 ERROR keystone.server.flask.application next(self.gen)
[Thu Jul 16 00:37:06.435426 2026] [wsgi:error] [pid 9:tid 140124383614656] [remote 10.0.0.88:59788] 2026-07-16 00:37:06.422 9 ERROR keystone.server.flask.application
File "/var/lib/openstack/lib/python3.12/site-packages/oslo_db/sqlalchemy/enginefacade.py", line 837, in _session
[Thu Jul 16 00:37:06.435427 2026] [wsgi:error] [pid 9:tid 140124383614656] [remote 10.0.0.88:59788] 2026-07-16 00:37:06.422 9 ERROR keystone.server.flask.application with excutils.save_and_reraise_exception():
[Thu Jul 16 00:37:06.435429 2026] [wsgi:error] [pid 9:tid 140124383614656] [remote 10.0.0.88:59788] 2026-07-16 00:37:06.422 9 ERROR keystone.server.flask.application
File "/var/lib/openstack/lib/python3.12/site-packages/oslo_utils/excutils.py", line 266, in __exit__
[Thu Jul 16 00:37:06.435430 2026] [wsgi:error] [pid 9:tid 140124383614656] [remote 10.0.0.88:59788] 2026-07-16 00:37:06.422 9 ERROR keystone.server.flask.application self.force_reraise()
[Thu Jul 16 00:37:06.435432 2026] [wsgi:error] [pid 9:tid 140124383614656] [remote 10.0.0.88:59788] 2026-07-16 00:37:06.422 9 ERROR keystone.server.flask.application
File "/var/lib/openstack/lib/python3.12/site-packages/oslo_utils/excutils.py", line 232, in force_reraise
[Thu Jul 16 00:37:06.435433 2026] [wsgi:error] [pid 9:tid 140124383614656] [remote 10.0.0.88:59788] 2026-07-16 00:37:06.422 9 ERROR keystone.server.flask.application raise self.value
[Thu Jul 16 00:37:06.435435 2026] [wsgi:error] [pid 9:tid 140124383614656] [remote 10.0.0.88:59788] 2026-07-16 00:37:06.422 9 ERROR keystone.server.flask.application
File "/var/lib/openstack/lib/python3.12/site-packages/oslo_db/sqlalchemy/enginefacade.py", line 835, in _session
[Thu Jul 16 00:37:06.435436 2026] [wsgi:error] [pid 9:tid 140124383614656] [remote 10.0.0.88:59788] 2026-07-16 00:37:06.422 9 ERROR keystone.server.flask.application self._end_session_transaction(self.session)
[Thu Jul 16 00:37:06.435438 2026] [wsgi:error] [pid 9:tid 140124383614656] [remote 10.0.0.88:59788] 2026-07-16 00:37:06.422 9 ERROR keystone.server.flask.application
File "/var/lib/openstack/lib/python3.12/site-packages/oslo_db/sqlalchemy/enginefacade.py", line 748, in _end_session_transaction
[Thu Jul 16 00:37:06.435440 2026] [wsgi:error] [pid 9:tid 140124383614656] [remote 10.0.0.88:59788] 2026-07-16 00:37:06.422 9 ERROR keystone.server.flask.application session.commit()
[Thu Jul 16 00:37:06.435441 2026] [wsgi:error] [pid 9:tid 140124383614656] [remote 10.0.0.88:59788] 2026-07-16 00:37:06.422 9 ERROR keystone.server.flask.application
File "/var/lib/openstack/lib/python3.12/site-packages/sqlalchemy/orm/session.py", line 2034, in commit
[Thu Jul 16 00:37:06.435443 2026] [wsgi:error] [pid 9:tid 140124383614656] [remote 10.0.0.88:59788] 2026-07-16 00:37:06.422 9 ERROR keystone.server.flask.application trans.commit(_to_root=True)
[Thu Jul 16 00:37:06.435444 2026] [wsgi:error] [pid 9:tid 140124383614656] [remote 10.0.0.88:59788] 2026-07-16 00:37:06.422 9 ERROR keystone.server.flask.application File "", line 2, in commit
[Thu Jul 16 00:37:06.435446 2026] [wsgi:error] [pid 9:tid 140124383614656] [remote 10.0.0.88:59788] 2026-07-16 00:37:06.422 9 ERROR keystone.server.flask.application
File "/var/lib/openstack/lib/python3.12/site-packages/sqlalchemy/orm/state_changes.py", line 137, in _go
[Thu Jul 16 00:37:06.435448 2026] [wsgi:error] [pid 9:tid 140124383614656] [remote 10.0.0.88:59788] 2026-07-16 00:37:06.422 9 ERROR keystone.server.flask.application ret_value = fn(self, *arg, **kw)
[Thu Jul 16 00:37:06.435452 2026] [wsgi:error] [pid 9:tid 140124383614656] [remote 10.0.0.88:59788] 2026-07-16 00:37:06.422 9 ERROR keystone.server.flask.application ^^^^^^^^^^^^^^^^^^^^
[Thu Jul 16 00:37:06.435453 2026] [wsgi:error] [pid 9:tid 140124383614656] [remote 10.0.0.88:59788] 2026-07-16 00:37:06.422 9 ERROR keystone.server.flask.application
File "/var/lib/openstack/lib/python3.12/site-packages/sqlalchemy/orm/session.py", line 1315, in commit
[Thu Jul 16 00:37:06.435455 2026] [wsgi:error] [pid 9:tid 140124383614656] [remote 10.0.0.88:59788] 2026-07-16 00:37:06.422 9 ERROR keystone.server.flask.application self._prepare_impl()
[Thu Jul 16 00:37:06.435456 2026] [wsgi:error] [pid 9:tid 140124383614656] [remote 10.0.0.88:59788] 2026-07-16 00:37:06.422 9 ERROR keystone.server.flask.application File "", line 2, in _prepare_impl
[Thu Jul 16 00:37:06.435458 2026] [wsgi:error] [pid 9:tid 140124383614656] [remote 10.0.0.88:59788] 2026-07-16 00:37:06.422 9 ERROR keystone.server.flask.application
File "/var/lib/openstack/lib/python3.12/site-packages/sqlalchemy/orm/state_changes.py", line 137, in _go
[Thu Jul 16 00:37:06.435461 2026] [wsgi:error] [pid 9:tid 140124383614656] [remote 10.0.0.88:59788] 2026-07-16 00:37:06.422 9 ERROR keystone.server.flask.application ret_value = fn(self, *arg, **kw)
[Thu Jul 16 00:37:06.435462 2026] [wsgi:error] [pid 9:tid 140124383614656] [remote 10.0.0.88:59788] 2026-07-16 00:37:06.422 9 ERROR keystone.server.flask.application ^^^^^^^^^^^^^^^^^^^^
[Thu Jul 16 00:37:06.435464 2026] [wsgi:error] [pid 9:tid 140124383614656] [remote 10.0.0.88:59788] 2026-07-16 00:37:06.422 9 ERROR keystone.server.flask.application
File "/var/lib/openstack/lib/python3.12/site-packages/sqlalchemy/orm/session.py", line 1290, in _prepare_impl
[Thu Jul 16 00:37:06.435467 2026] [wsgi:error] [pid 9:tid 140124383614656] [remote 10.0.0.88:59788] 2026-07-16 00:37:06.422 9 ERROR keystone.server.flask.application self.session.flush()
[Thu Jul 16 00:37:06.435468 2026] [wsgi:error] [pid 9:tid 140124383614656] [remote 10.0.0.88:59788] 2026-07-16 00:37:06.422 9 ERROR keystone.server.flask.application
File "/var/lib/openstack/lib/python3.12/site-packages/sqlalchemy/orm/session.py", line 4352, in flush
[Thu Jul 16 00:37:06.435471 2026] [wsgi:error] [pid 9:tid 140124383614656] [remote 10.0.0.88:59788] 2026-07-16 00:37:06.422 9 ERROR keystone.server.flask.application self._flush(objects)
[Thu Jul 16 00:37:06.435473 2026] [wsgi:error] [pid 9:tid 140124383614656] [remote 10.0.0.88:59788] 2026-07-16 00:37:06.422 9 ERROR keystone.server.flask.application
File "/var/lib/openstack/lib/python3.12/site-packages/sqlalchemy/orm/session.py", line 4487, in _flush
[Thu Jul 16 00:37:06.435474 2026] [wsgi:error] [pid 9:tid 140124383614656] [remote 10.0.0.88:59788] 2026-07-16 00:37:06.422 9 ERROR keystone.server.flask.application with util.safe_reraise():
[Thu Jul 16 00:37:06.435476 2026] [wsgi:error] [pid 9:tid 140124383614656] [remote 10.0.0.88:59788] 2026-07-16 00:37:06.422 9 ERROR keystone.server.flask.application
File "/var/lib/openstack/lib/python3.12/site-packages/sqlalchemy/util/langhelpers.py", line 122, in __exit__
[Thu Jul 16 00:37:06.435478 2026] [wsgi:error] [pid 9:tid 140124383614656] [remote 10.0.0.88:59788] 2026-07-16 00:37:06.422 9 ERROR keystone.server.flask.application raise exc_value.with_traceback(exc_tb)
[Thu Jul 16 00:37:06.435480 2026] [wsgi:error] [pid 9:tid 140124383614656] [remote 10.0.0.88:59788] 2026-07-16 00:37:06.422 9 ERROR keystone.server.flask.application
File "/var/lib/openstack/lib/python3.12/site-packages/sqlalchemy/orm/session.py", line 4448, in _flush
[Thu Jul 16 00:37:06.435482 2026] [wsgi:error] [pid 9:tid 140124383614656] [remote 10.0.0.88:59788] 2026-07-16 00:37:06.422 9 ERROR keystone.server.flask.application flush_context.execute()
[Thu Jul 16 00:37:06.435484 2026] [wsgi:error] [pid 9:tid 140124383614656] [remote 10.0.0.88:59788] 2026-07-16 00:37:06.422 9 ERROR keystone.server.flask.application
File "/var/lib/openstack/lib/python3.12/site-packages/sqlalchemy/orm/unitofwork.py", line 465, in execute
