Jul 24 02:17:13.777937 np0000186498 nova-conductor[109164]: DEBUG cotyledon.oslo_config_glue [-] vmware.datastore_regex = None {{(pid=109164) log_opt_values /opt/stack/data/venv/lib/python3.12/site-packages/oslo_config/cfg.py:3253}}
Jul 24 02:17:13.777979 np0000186498 nova-conductor[109164]: DEBUG cotyledon.oslo_config_glue [-] vmware.host_ip = None {{(pid=109164) log_opt_values /opt/stack/data/venv/lib/python3.12/site-packages/oslo_config/cfg.py:3253}}
Jul 24 02:17:13.778021 np0000186498 nova-conductor[109164]: DEBUG cotyledon.oslo_config_glue [-] vmware.host_password = **** {{(pid=109164) log_opt_values /opt/stack/data/venv/lib/python3.12/site-packages/oslo_config/cfg.py:3253}}
Jul 24 02:17:13.778064 np0000186498 nova-conductor[109164]: DEBUG cotyledon.oslo_config_glue [-] vmware.host_port = 443 {{(pid=109164) log_opt_values /opt/stack/data/venv/lib/python3.12/site-packages/oslo_config/cfg.py:3253}}
Jul 24 02:17:13.778106 np0000186498 nova-conductor[109164]: DEBUG cotyledon.oslo_config_glue [-] vmware.host_username = None {{(pid=109164) log_opt_values /opt/stack/data/venv/lib/python3.12/site-packages/oslo_config/cfg.py:3253}}
Jul 24 02:17:13.778149 np0000186498 nova-conductor[109164]: DEBUG cotyledon.oslo_config_glue [-] vmware.insecure = False {{(pid=109164) log_opt_values /opt/stack/data/venv/lib/python3.12/site-packages/oslo_config/cfg.py:3253}}
Jul 24 02:17:13.778193 np0000186498 nova-conductor[109164]: DEBUG cotyledon.oslo_config_glue [-] vmware.integration_bridge = None {{(pid=109164) log_opt_values /opt/stack/data/venv/lib/python3.12/site-packages/oslo_config/cfg.py:3253}}
Jul 24 02:17:13.778235 np0000186498 nova-conductor[109164]: DEBUG cotyledon.oslo_config_glue [-] vmware.maximum_objects = 100 {{(pid=109164) log_opt_values /opt/stack/data/venv/lib/python3.12/site-packages/oslo_config/cfg.py:3253}}
Jul 24 02:17:13.778278 np0000186498 nova-conductor[109164]: DEBUG cotyledon.oslo_config_glue [-] vmware.pbm_default_policy = None {{(pid=109164) log_opt_values /opt/stack/data/venv/lib/python3.12/site-packages/oslo_config/cfg.py:3253}}
Jul 24 02:17:13.778321 np0000186498 nova-conductor[109164]: DEBUG cotyledon.oslo_config_glue [-] vmware.pbm_enabled = False {{(pid=109164) log_opt_values /opt/stack/data/venv/lib/python3.12/site-packages/oslo_config/cfg.py:3253}}
Jul 24 02:17:13.778372 np0000186498 nova-conductor[109164]: DEBUG cotyledon.oslo_config_glue [-] vmware.pbm_wsdl_location = None {{(pid=109164) log_opt_values /opt/stack/data/venv/lib/python3.12/site-packages/oslo_config/cfg.py:3253}}
Jul 24 02:17:13.778407 np0000186498 nova-conductor[109164]: DEBUG cotyledon.oslo_config_glue [-] vmware.serial_log_dir = /opt/vmware/vspc {{(pid=109164) log_opt_values /opt/stack/data/venv/lib/python3.12/site-packages/oslo_config/cfg.py:3253}}
Jul 24 02:17:13.778453 np0000186498 nova-conductor[109164]: DEBUG cotyledon.oslo_config_glue [-] vmware.serial_port_proxy_uri = None {{(pid=109164) log_opt_values /opt/stack/data/venv/lib/python3.12/site-packages/oslo_config/cfg.py:3253}}
Jul 24 02:17:13.778496 np0000186498 nova-conductor[109164]: DEBUG cotyledon.oslo_config_glue [-] vmware.serial_port_service_uri = None {{(pid=109164) log_opt_values /opt/stack/data/venv/lib/python3.12/site-packages/oslo_config/cfg.py:3253}}
Jul 24 02:17:13.778542 np0000186498 nova-conductor[109164]: DEBUG cotyledon.oslo_config_glue [-] vmware.task_poll_interval = 0.5 {{(pid=109164) log_opt_values /opt/stack/data/venv/lib/python3.12/site-packages/oslo_config/cfg.py:3253}}
Jul 24 02:17:13.778586 np0000186498 nova-conductor[109164]: DEBUG cotyledon.oslo_config_glue [-] vmware.use_linked_clone = True {{(pid=109164) log_opt_values /opt/stack/data/venv/lib/python3.12/site-packages/oslo_config/cfg.py:3253}}
Jul 24 02:17:13.778655 np0000186498 nova-conductor[109164]: DEBUG cotyledon.oslo_config_glue [-] vmware.vnc_keymap = en-us {{(pid=109164) log_opt_values /opt/stack/data/venv/lib/python3.12/site-packages/oslo_config/cfg.py:3253}}
Jul 24 02:17:13.778700 np0000186498 nova-conductor[109164]: DEBUG cotyledon.oslo_config_glue [-] vmware.vnc_port = 5900 {{(pid=109164) log_opt_values /opt/stack/data/venv/lib/python3.12/site-packages/oslo_config/cfg.py:3253}}
Jul 24 02:17:13.778744 np0000186498 nova-conductor[109164]: DEBUG cotyledon.oslo_config_glue [-] vmware.vnc_port_total = 10000 {{(pid=109164) log_opt_values /opt/stack/data/venv/lib/python3.12/site-packages/oslo_config/cfg.py:3253}}
Jul 24 02:17:13.778793 np0000186498 nova-conductor[109164]: DEBUG cotyledon.oslo_config_glue [-] vnc.auth_schemes = ['none'] {{(pid=109164) log_opt_values /opt/stack/data/venv/lib/python3.12/site-packages/oslo_config/cfg.py:3253}}
Jul 24 02:17:13.778830 np0000186498 nova-conductor[109164]: DEBUG cotyledon.oslo_config_glue [-] vnc.enabled = True {{(pid=109164) log_opt_values /opt/stack/data/venv/lib/python3.12/site-packages/oslo_config/cfg.py:3253}}
Jul 24 02:17:13.778881 np0000186498 nova-conductor[109164]: DEBUG cotyledon.oslo_config_glue [-] vnc.novncproxy_base_url = http://127.0.0.1:6080/vnc_auto.html {{(pid=109164) log_opt_values /opt/stack/data/venv/lib/python3.12/site-packages/oslo_config/cfg.py:3253}}
Jul 24 02:17:13.778924 np0000186498 nova-conductor[109164]: DEBUG cotyledon.oslo_config_glue [-] vnc.novncproxy_host = 0.0.0.0 {{(pid=109164) log_opt_values /opt/stack/data/venv/lib/python3.12/site-packages/oslo_config/cfg.py:3253}}
Jul 24 02:17:13.778975 np0000186498 nova-conductor[109164]: DEBUG cotyledon.oslo_config_glue [-] vnc.novncproxy_port = 6080 {{(pid=109164) log_opt_values /opt/stack/data/venv/lib/python3.12/site-packages/oslo_config/cfg.py:3253}}
Jul 24 02:17:13.779023 np0000186498 nova-conductor[109164]: DEBUG cotyledon.oslo_config_glue [-] vnc.server_listen = 127.0.0.1 {{(pid=109164) log_opt_values /opt/stack/data/venv/lib/python3.12/site-packages/oslo_config/cfg.py:3253}}
Jul 24 02:17:13.779066 np0000186498 nova-conductor[109164]: DEBUG cotyledon.oslo_config_glue [-] vnc.server_proxyclient_address = 127.0.0.1 {{(pid=109164) log_opt_values /opt/stack/data/venv/lib/python3.12/site-packages/oslo_config/cfg.py:3253}}
Jul 24 02:17:13.779117 np0000186498 nova-conductor[109164]: DEBUG cotyledon.oslo_config_glue [-] vnc.vencrypt_ca_certs = None {{(pid=109164) log_opt_values /opt/stack/data/venv/lib/python3.12/site-packages/oslo_config/cfg.py:3253}}
Jul 24 02:17:13.779160 np0000186498 nova-conductor[109164]: DEBUG cotyledon.oslo_config_glue [-] vnc.vencrypt_client_cert = None {{(pid=109164) log_opt_values /opt/stack/data/venv/lib/python3.12/site-packages/oslo_config/cfg.py:3253}}
Jul 24 02:17:13.779202 np0000186498 nova-conductor[109164]: DEBUG cotyledon.oslo_config_glue [-] vnc.vencrypt_client_key = None {{(pid=109164) log_opt_values /opt/stack/data/venv/lib/python3.12/site-packages/oslo_config/cfg.py:3253}}
Jul 24 02:17:13.779252 np0000186498 nova-conductor[109164]: DEBUG cotyledon.oslo_config_glue [-] workarounds.disable_compute_service_check_for_ffu = False {{(pid=109164) log_opt_values /opt/stack/data/venv/lib/python3.12/site-packages/oslo_config/cfg.py:3253}}
Jul 24 02:17:13.779296 np0000186498 nova-conductor[109164]: DEBUG cotyledon.oslo_config_glue [-] workarounds.disable_deep_image_inspection = False {{(pid=109164) log_opt_values /opt/stack/data/venv/lib/python3.12/site-packages/oslo_config/cfg.py:3253}}
Jul 24 02:17:13.779346 np0000186498 nova-conductor[109164]: DEBUG cotyledon.oslo_config_glue [-] workarounds.disable_fallback_pcpu_query = False {{(pid=109164) log_opt_values /opt/stack/data/venv/lib/python3.12/site-packages/oslo_config/cfg.py:3253}}
Jul 24 02:17:13.779389 np0000186498 nova-conductor[109164]: DEBUG cotyledon.oslo_config_glue [-] workarounds.disable_group_policy_check_upcall = False {{(pid=109164) log_opt_values /opt/stack/data/venv/lib/python3.12/site-packages/oslo_config/cfg.py:3253}}
Jul 24 02:17:13.779432 np0000186498 nova-conductor[109164]: DEBUG cotyledon.oslo_config_glue [-] workarounds.disable_libvirt_livesnapshot = False {{(pid=109164) log_opt_values /opt/stack/data/venv/lib/python3.12/site-packages/oslo_config/cfg.py:3253}}
Jul 24 02:17:13.779474 np0000186498 nova-conductor[109164]: DEBUG cotyledon.oslo_config_glue [-] workarounds.disable_rootwrap = False {{(pid=109164) log_opt_values /opt/stack/data/venv/lib/python3.12/site-packages/oslo_config/cfg.py:3253}}
Jul 24 02:17:13.779516 np0000186498 nova-conductor[109164]: DEBUG cotyledon.oslo_config_glue [-] workarounds.enable_numa_live_migration = False {{(pid=109164) log_opt_values /opt/stack/data/venv/lib/python3.12/site-packages/oslo_config/cfg.py:3253}}
Jul 24 02:17:13.779558 np0000186498 nova-conductor[109164]: DEBUG cotyledon.oslo_config_glue [-] workarounds.enable_qemu_monitor_announce_self = False {{(pid=109164) log_opt_values /opt/stack/data/venv/lib/python3.12/site-packages/oslo_config/cfg.py:3253}}
Jul 24 02:17:13.779612 np0000186498 nova-conductor[109164]: DEBUG cotyledon.oslo_config_glue [-] workarounds.ensure_libvirt_rbd_instance_dir_cleanup = False {{(pid=109164) log_opt_values /opt/stack/data/venv/lib/python3.12/site-packages/oslo_config/cfg.py:3253}}
Jul 24 02:17:13.779649 np0000186498 nova-conductor[109164]: DEBUG cotyledon.oslo_config_glue [-] workarounds.handle_virt_lifecycle_events = True {{(pid=109164) log_opt_values /opt/stack/data/venv/lib/python3.12/site-packages/oslo_config/cfg.py:3253}}
Jul 24 02:17:13.779696 np0000186498 nova-conductor[109164]: DEBUG cotyledon.oslo_config_glue [-] workarounds.libvirt_disable_apic = False {{(pid=109164) log_opt_values /opt/stack/data/venv/lib/python3.12/site-packages/oslo_config/cfg.py:3253}}
Jul 24 02:17:13.779776 np0000186498 nova-conductor[109164]: DEBUG cotyledon.oslo_config_glue [-] workarounds.never_download_image_if_on_rbd = False {{(pid=109164) log_opt_values /opt/stack/data/venv/lib/python3.12/site-packages/oslo_config/cfg.py:3253}}
Jul 24 02:17:13.779822 np0000186498 nova-conductor[109164]: DEBUG cotyledon.oslo_config_glue [-] workarounds.qemu_monitor_announce_self_count = 3 {{(pid=109164) log_opt_values /opt/stack/data/venv/lib/python3.12/site-packages/oslo_config/cfg.py:3253}}
Jul 24 02:17:13.779866 np0000186498 nova-conductor[109164]: DEBUG cotyledon.oslo_config_glue [-] workarounds.qemu_monitor_announce_self_interval = 1 {{(pid=109164) log_opt_values /opt/stack/data/venv/lib/python3.12/site-packages/oslo_config/cfg.py:3253}}
Jul 24 02:17:13.779909 np0000186498 nova-conductor[109164]: DEBUG cotyledon.oslo_config_glue [-] workarounds.reserve_disk_resource_for_image_cache = False {{(pid=109164) log_opt_values /opt/stack/data/venv/lib/python3.12/site-packages/oslo_config/cfg.py:3253}}
Jul 24 02:17:13.779951 np0000186498 nova-conductor[109164]: DEBUG cotyledon.oslo_config_glue [-] workarounds.skip_cpu_compare_at_startup = False {{(pid=109164) log_opt_values /opt/stack/data/venv/lib/python3.12/site-packages/oslo_config/cfg.py:3253}}
Jul 24 02:17:13.779993 np0000186498 nova-conductor[109164]: DEBUG cotyledon.oslo_config_glue [-] workarounds.skip_cpu_compare_on_dest = False {{(pid=109164) log_opt_values /opt/stack/data/venv/lib/python3.12/site-packages/oslo_config/cfg.py:3253}}
Jul 24 02:17:13.780035 np0000186498 nova-conductor[109164]: DEBUG cotyledon.oslo_config_glue [-] workarounds.skip_hypervisor_version_check_on_lm = False {{(pid=109164) log_opt_values /opt/stack/data/venv/lib/python3.12/site-packages/oslo_config/cfg.py:3253}}
Jul 24 02:17:13.783140 np0000186498 nova-conductor[109164]: DEBUG cotyledon.oslo_config_glue [-] workarounds.skip_reserve_in_use_ironic_nodes = False {{(pid=109164) log_opt_values /opt/stack/data/venv/lib/python3.12/site-packages/oslo_config/cfg.py:3253}}
Jul 24 02:17:13.783140 np0000186498 nova-conductor[109164]: DEBUG cotyledon.oslo_config_glue [-] workarounds.unified_limits_count_pcpu_as_vcpu = False {{(pid=109164) log_opt_values /opt/stack/data/venv/lib/python3.12/site-packages/oslo_config/cfg.py:3253}}
Jul 24 02:17:13.783140 np0000186498 nova-conductor[109164]: DEBUG cotyledon.oslo_config_glue [-] workarounds.wait_for_vif_plugged_event_during_hard_reboot = [] {{(pid=109164) log_opt_values /opt/stack/data/venv/lib/python3.12/site-packages/oslo_config/cfg.py:3253}}
Jul 24 02:17:13.783140 np0000186498 nova-conductor[109164]: DEBUG cotyledon.oslo_config_glue [-] wsgi.api_paste_config = /etc/nova/api-paste.ini {{(pid=109164) log_opt_values /opt/stack/data/venv/lib/python3.12/site-packages/oslo_config/cfg.py:3253}}
Jul 24 02:17:13.783140 np0000186498 nova-conductor[109164]: DEBUG cotyledon.oslo_config_glue [-] wsgi.secure_proxy_ssl_header = None {{(pid=109164) log_opt_values /opt/stack/data/venv/lib/python3.12/site-packages/oslo_config/cfg.py:3253}}
Jul 24 02:17:13.783140 np0000186498 nova-conductor[109164]: DEBUG cotyledon.oslo_config_glue [-] zvm.ca_file = None {{(pid=109164) log_opt_values /opt/stack/data/venv/lib/python3.12/site-packages/oslo_config/cfg.py:3253}}
Jul 24 02:17:13.783140 np0000186498 nova-conductor[109164]: DEBUG cotyledon.oslo_config_glue [-] zvm.cloud_connector_url = None {{(pid=109164) log_opt_values /opt/stack/data/venv/lib/python3.12/site-packages/oslo_config/cfg.py:3253}}
Jul 24 02:17:13.783140 np0000186498 nova-conductor[109164]: DEBUG cotyledon.oslo_config_glue [-] zvm.image_tmp_path = /opt/stack/data/nova/images {{(pid=109164) log_opt_values /opt/stack/data/venv/lib/python3.12/site-packages/oslo_config/cfg.py:3253}}
Jul 24 02:17:13.783140 np0000186498 nova-conductor[109164]: DEBUG cotyledon.oslo_config_glue [-] zvm.reachable_timeout = 300 {{(pid=109164) log_opt_values /opt/stack/data/venv/lib/python3.12/site-packages/oslo_config/cfg.py:3253}}
Jul 24 02:17:13.783343 np0000186498 nova-conductor[109164]: DEBUG cotyledon.oslo_config_glue [-] oslo_versionedobjects.fatal_exception_format_errors = False {{(pid=109164) log_opt_values /opt/stack/data/venv/lib/python3.12/site-packages/oslo_config/cfg.py:3253}}
Jul 24 02:17:13.783343 np0000186498 nova-conductor[109164]: DEBUG cotyledon.oslo_config_glue [-] oslo_middleware.http_basic_auth_user_file = /etc/htpasswd {{(pid=109164) log_opt_values /opt/stack/data/venv/lib/python3.12/site-packages/oslo_config/cfg.py:3253}}
Jul 24 02:17:13.783343 np0000186498 nova-conductor[109164]: DEBUG cotyledon.oslo_config_glue [-] profiler.connection_string = messaging:// {{(pid=109164) log_opt_values /opt/stack/data/venv/lib/python3.12/site-packages/oslo_config/cfg.py:3253}}
Jul 24 02:17:13.783343 np0000186498 nova-conductor[109164]: DEBUG cotyledon.oslo_config_glue [-] profiler.enabled = False {{(pid=109164) log_opt_values /opt/stack/data/venv/lib/python3.12/site-packages/oslo_config/cfg.py:3253}}
Jul 24 02:17:13.783343 np0000186498 nova-conductor[109164]: DEBUG cotyledon.oslo_config_glue [-] profiler.es_doc_type = notification {{(pid=109164) log_opt_values /opt/stack/data/venv/lib/python3.12/site-packages/oslo_config/cfg.py:3253}}
Jul 24 02:17:13.783343 np0000186498 nova-conductor[109164]: DEBUG cotyledon.oslo_config_glue [-] profiler.es_scroll_size = 10000 {{(pid=109164) log_opt_values /opt/stack/data/venv/lib/python3.12/site-packages/oslo_config/cfg.py:3253}}
Jul 24 02:17:13.783343 np0000186498 nova-conductor[109164]: DEBUG cotyledon.oslo_config_glue [-] profiler.es_scroll_time = 2m {{(pid=109164) log_opt_values /opt/stack/data/venv/lib/python3.12/site-packages/oslo_config/cfg.py:3253}}
Jul 24 02:17:13.783343 np0000186498 nova-conductor[109164]: DEBUG cotyledon.oslo_config_glue [-] profiler.filter_error_trace = False {{(pid=109164) log_opt_values /opt/stack/data/venv/lib/python3.12/site-packages/oslo_config/cfg.py:3253}}
Jul 24 02:17:13.783343 np0000186498 nova-conductor[109164]: DEBUG cotyledon.oslo_config_glue [-] profiler.hmac_keys = **** {{(pid=109164) log_opt_values /opt/stack/data/venv/lib/python3.12/site-packages/oslo_config/cfg.py:3253}}
Jul 24 02:17:13.783534 np0000186498 nova-conductor[109164]: DEBUG cotyledon.oslo_config_glue [-] profiler.sentinel_service_name = mymaster {{(pid=109164) log_opt_values /opt/stack/data/venv/lib/python3.12/site-packages/oslo_config/cfg.py:3253}}
Jul 24 02:17:13.783534 np0000186498 nova-conductor[109164]: DEBUG cotyledon.oslo_config_glue [-] profiler.socket_timeout = 0.1 {{(pid=109164) log_opt_values /opt/stack/data/venv/lib/python3.12/site-packages/oslo_config/cfg.py:3253}}
Jul 24 02:17:13.783534 np0000186498 nova-conductor[109164]: DEBUG cotyledon.oslo_config_glue [-] profiler.trace_requests = False {{(pid=109164) log_opt_values /opt/stack/data/venv/lib/python3.12/site-packages/oslo_config/cfg.py:3253}}
Jul 24 02:17:13.783534 np0000186498 nova-conductor[109164]: DEBUG cotyledon.oslo_config_glue [-] profiler.trace_sqlalchemy = False {{(pid=109164) log_opt_values /opt/stack/data/venv/lib/python3.12/site-packages/oslo_config/cfg.py:3253}}
Jul 24 02:17:13.783534 np0000186498 nova-conductor[109164]: DEBUG cotyledon.oslo_config_glue [-] profiler_jaeger.process_tags = {} {{(pid=109164) log_opt_values /opt/stack/data/venv/lib/python3.12/site-packages/oslo_config/cfg.py:3253}}
Jul 24 02:17:13.783534 np0000186498 nova-conductor[109164]: DEBUG cotyledon.oslo_config_glue [-] profiler_jaeger.service_name_prefix = None {{(pid=109164) log_opt_values /opt/stack/data/venv/lib/python3.12/site-packages/oslo_config/cfg.py:3253}}
Jul 24 02:17:13.783534 np0000186498 nova-conductor[109164]: DEBUG cotyledon.oslo_config_glue [-] profiler_otlp.service_name_prefix = None {{(pid=109164) log_opt_values /opt/stack/data/venv/lib/python3.12/site-packages/oslo_config/cfg.py:3253}}
Jul 24 02:17:13.783534 np0000186498 nova-conductor[109164]: DEBUG cotyledon.oslo_config_glue [-] oslo_messaging_rabbit.amqp_auto_delete = False {{(pid=109164) log_opt_values /opt/stack/data/venv/lib/python3.12/site-packages/oslo_config/cfg.py:3253}}
Jul 24 02:17:13.783534 np0000186498 nova-conductor[109164]: DEBUG cotyledon.oslo_config_glue [-] oslo_messaging_rabbit.amqp_durable_queues = False {{(pid=109164) log_opt_values /opt/stack/data/venv/lib/python3.12/site-packages/oslo_config/cfg.py:3253}}
Jul 24 02:17:13.783796 np0000186498 nova-conductor[109164]: DEBUG cotyledon.oslo_config_glue [-] oslo_messaging_rabbit.conn_pool_min_size = 2 {{(pid=109164) log_opt_values /opt/stack/data/venv/lib/python3.12/site-packages/oslo_config/cfg.py:3253}}
Jul 24 02:17:13.783796 np0000186498 nova-conductor[109164]: DEBUG cotyledon.oslo_config_glue [-] oslo_messaging_rabbit.conn_pool_ttl = 1200 {{(pid=109164) log_opt_values /opt/stack/data/venv/lib/python3.12/site-packages/oslo_config/cfg.py:3253}}
Jul 24 02:17:13.783796 np0000186498 nova-conductor[109164]: DEBUG cotyledon.oslo_config_glue [-] oslo_messaging_rabbit.direct_mandatory_flag = True {{(pid=109164) log_opt_values /opt/stack/data/venv/lib/python3.12/site-packages/oslo_config/cfg.py:3253}}
Jul 24 02:17:13.783796 np0000186498 nova-conductor[109164]: DEBUG cotyledon.oslo_config_glue [-] oslo_messaging_rabbit.enable_cancel_on_failover = False {{(pid=109164) log_opt_values /opt/stack/data/venv/lib/python3.12/site-packages/oslo_config/cfg.py:3253}}
Jul 24 02:17:13.783796 np0000186498 nova-conductor[109164]: DEBUG cotyledon.oslo_config_glue [-] oslo_messaging_rabbit.heartbeat_rate = 3 {{(pid=109164) log_opt_values /opt/stack/data/venv/lib/python3.12/site-packages/oslo_config/cfg.py:3253}}
Jul 24 02:17:13.783796 np0000186498 nova-conductor[109164]: DEBUG cotyledon.oslo_config_glue [-] oslo_messaging_rabbit.heartbeat_timeout_threshold = 60 {{(pid=109164) log_opt_values /opt/stack/data/venv/lib/python3.12/site-packages/oslo_config/cfg.py:3253}}
Jul 24 02:17:13.783796 np0000186498 nova-conductor[109164]: DEBUG cotyledon.oslo_config_glue [-] oslo_messaging_rabbit.hostname = np0000186498 {{(pid=109164) log_opt_values /opt/stack/data/venv/lib/python3.12/site-packages/oslo_config/cfg.py:3253}}
Jul 24 02:17:13.783796 np0000186498 nova-conductor[109164]: DEBUG cotyledon.oslo_config_glue [-] oslo_messaging_rabbit.kombu_compression = None {{(pid=109164) log_opt_values /opt/stack/data/venv/lib/python3.12/site-packages/oslo_config/cfg.py:3253}}
Jul 24 02:17:13.783796 np0000186498 nova-conductor[109164]: DEBUG cotyledon.oslo_config_glue [-] oslo_messaging_rabbit.kombu_failover_strategy = round-robin {{(pid=109164) log_opt_values /opt/stack/data/venv/lib/python3.12/site-packages/oslo_config/cfg.py:3253}}
Jul 24 02:17:13.783991 np0000186498 nova-conductor[109164]: DEBUG cotyledon.oslo_config_glue [-] oslo_messaging_rabbit.kombu_missing_consumer_retry_timeout = 60 {{(pid=109164) log_opt_values /opt/stack/data/venv/lib/python3.12/site-packages/oslo_config/cfg.py:3253}}
Jul 24 02:17:13.783991 np0000186498 nova-conductor[109164]: DEBUG cotyledon.oslo_config_glue [-] oslo_messaging_rabbit.kombu_reconnect_delay = 1.0 {{(pid=109164) log_opt_values /opt/stack/data/venv/lib/python3.12/site-packages/oslo_config/cfg.py:3253}}
Jul 24 02:17:13.783991 np0000186498 nova-conductor[109164]: DEBUG cotyledon.oslo_config_glue [-] oslo_messaging_rabbit.kombu_reconnect_splay = 0.0 {{(pid=109164) log_opt_values /opt/stack/data/venv/lib/python3.12/site-packages/oslo_config/cfg.py:3253}}
Jul 24 02:17:13.783991 np0000186498 nova-conductor[109164]: DEBUG cotyledon.oslo_config_glue [-] oslo_messaging_rabbit.processname = nova-conductor {{(pid=109164) log_opt_values /opt/stack/data/venv/lib/python3.12/site-packages/oslo_config/cfg.py:3253}}
Jul 24 02:17:13.783991 np0000186498 nova-conductor[109164]: DEBUG cotyledon.oslo_config_glue [-] oslo_messaging_rabbit.rabbit_ha_queues = False {{(pid=109164) log_opt_values /opt/stack/data/venv/lib/python3.12/site-packages/oslo_config/cfg.py:3253}}
Jul 24 02:17:13.783991 np0000186498 nova-conductor[109164]: DEBUG cotyledon.oslo_config_glue [-] oslo_messaging_rabbit.rabbit_interval_max = 30 {{(pid=109164) log_opt_values /opt/stack/data/venv/lib/python3.12/site-packages/oslo_config/cfg.py:3253}}
Jul 24 02:17:13.783991 np0000186498 nova-conductor[109164]: DEBUG cotyledon.oslo_config_glue [-] oslo_messaging_rabbit.rabbit_login_method = AMQPLAIN {{(pid=109164) log_opt_values /opt/stack/data/venv/lib/python3.12/site-packages/oslo_config/cfg.py:3253}}
Jul 24 02:17:13.783991 np0000186498 nova-conductor[109164]: DEBUG cotyledon.oslo_config_glue [-] oslo_messaging_rabbit.rabbit_qos_prefetch_count = 0 {{(pid=109164) log_opt_values /opt/stack/data/venv/lib/python3.12/site-packages/oslo_config/cfg.py:3253}}
Jul 24 02:17:13.784148 np0000186498 nova-conductor[109164]: DEBUG cotyledon.oslo_config_glue [-] oslo_messaging_rabbit.rabbit_quorum_delivery_limit = 0 {{(pid=109164) log_opt_values /opt/stack/data/venv/lib/python3.12/site-packages/oslo_config/cfg.py:3253}}
Jul 24 02:17:13.784148 np0000186498 nova-conductor[109164]: DEBUG cotyledon.oslo_config_glue [-] oslo_messaging_rabbit.rabbit_quorum_max_memory_bytes = 0 {{(pid=109164) log_opt_values /opt/stack/data/venv/lib/python3.12/site-packages/oslo_config/cfg.py:3253}}
Jul 24 02:17:13.784148 np0000186498 nova-conductor[109164]: DEBUG cotyledon.oslo_config_glue [-] oslo_messaging_rabbit.rabbit_quorum_max_memory_length = 0 {{(pid=109164) log_opt_values /opt/stack/data/venv/lib/python3.12/site-packages/oslo_config/cfg.py:3253}}
Jul 24 02:17:13.784148 np0000186498 nova-conductor[109164]: DEBUG cotyledon.oslo_config_glue [-] oslo_messaging_rabbit.rabbit_quorum_queue = False {{(pid=109164) log_opt_values /opt/stack/data/venv/lib/python3.12/site-packages/oslo_config/cfg.py:3253}}
Jul 24 02:17:13.784148 np0000186498 nova-conductor[109164]: DEBUG cotyledon.oslo_config_glue [-] oslo_messaging_rabbit.rabbit_retry_backoff = 2 {{(pid=109164) log_opt_values /opt/stack/data/venv/lib/python3.12/site-packages/oslo_config/cfg.py:3253}}
Jul 24 02:17:13.784148 np0000186498 nova-conductor[109164]: DEBUG cotyledon.oslo_config_glue [-] oslo_messaging_rabbit.rabbit_retry_interval = 1 {{(pid=109164) log_opt_values /opt/stack/data/venv/lib/python3.12/site-packages/oslo_config/cfg.py:3253}}
Jul 24 02:17:13.784148 np0000186498 nova-conductor[109164]: DEBUG cotyledon.oslo_config_glue [-] oslo_messaging_rabbit.rabbit_stream_fanout = False {{(pid=109164) log_opt_values /opt/stack/data/venv/lib/python3.12/site-packages/oslo_config/cfg.py:3253}}
Jul 24 02:17:13.784148 np0000186498 nova-conductor[109164]: DEBUG cotyledon.oslo_config_glue [-] oslo_messaging_rabbit.rabbit_transient_queues_ttl = 1800 {{(pid=109164) log_opt_values /opt/stack/data/venv/lib/python3.12/site-packages/oslo_config/cfg.py:3253}}
Jul 24 02:17:13.784317 np0000186498 nova-conductor[109164]: DEBUG cotyledon.oslo_config_glue [-] oslo_messaging_rabbit.rabbit_transient_quorum_queue = False {{(pid=109164) log_opt_values /opt/stack/data/venv/lib/python3.12/site-packages/oslo_config/cfg.py:3253}}
Jul 24 02:17:13.784317 np0000186498 nova-conductor[109164]: DEBUG cotyledon.oslo_config_glue [-] oslo_messaging_rabbit.rpc_conn_pool_size = 30 {{(pid=109164) log_opt_values /opt/stack/data/venv/lib/python3.12/site-packages/oslo_config/cfg.py:3253}}
Jul 24 02:17:13.784317 np0000186498 nova-conductor[109164]: DEBUG cotyledon.oslo_config_glue [-] oslo_messaging_rabbit.ssl = False {{(pid=109164) log_opt_values /opt/stack/data/venv/lib/python3.12/site-packages/oslo_config/cfg.py:3253}}
Jul 24 02:17:13.784317 np0000186498 nova-conductor[109164]: DEBUG cotyledon.oslo_config_glue [-] oslo_messaging_rabbit.ssl_ca_file = {{(pid=109164) log_opt_values /opt/stack/data/venv/lib/python3.12/site-packages/oslo_config/cfg.py:3253}}
Jul 24 02:17:13.784317 np0000186498 nova-conductor[109164]: DEBUG cotyledon.oslo_config_glue [-] oslo_messaging_rabbit.ssl_cert_file = {{(pid=109164) log_opt_values /opt/stack/data/venv/lib/python3.12/site-packages/oslo_config/cfg.py:3253}}
Jul 24 02:17:13.784317 np0000186498 nova-conductor[109164]: DEBUG cotyledon.oslo_config_glue [-] oslo_messaging_rabbit.ssl_enforce_fips_mode = False {{(pid=109164) log_opt_values /opt/stack/data/venv/lib/python3.12/site-packages/oslo_config/cfg.py:3253}}
Jul 24 02:17:13.784317 np0000186498 nova-conductor[109164]: DEBUG cotyledon.oslo_config_glue [-] oslo_messaging_rabbit.ssl_enforce_hostname_verification = True {{(pid=109164) log_opt_values /opt/stack/data/venv/lib/python3.12/site-packages/oslo_config/cfg.py:3253}}
Jul 24 02:17:13.784317 np0000186498 nova-conductor[109164]: DEBUG cotyledon.oslo_config_glue [-] oslo_messaging_rabbit.ssl_key_file = {{(pid=109164) log_opt_values /opt/stack/data/venv/lib/python3.12/site-packages/oslo_config/cfg.py:3253}}
Jul 24 02:17:13.784317 np0000186498 nova-conductor[109164]: DEBUG cotyledon.oslo_config_glue [-] oslo_messaging_rabbit.ssl_version = {{(pid=109164) log_opt_values /opt/stack/data/venv/lib/python3.12/site-packages/oslo_config/cfg.py:3253}}
Jul 24 02:17:13.784501 np0000186498 nova-conductor[109164]: DEBUG cotyledon.oslo_config_glue [-] oslo_messaging_rabbit.use_queue_manager = False {{(pid=109164) log_opt_values /opt/stack/data/venv/lib/python3.12/site-packages/oslo_config/cfg.py:3253}}
Jul 24 02:17:13.784501 np0000186498 nova-conductor[109164]: DEBUG cotyledon.oslo_config_glue [-] oslo_messaging_notifications.driver = ['messagingv2'] {{(pid=109164) log_opt_values /opt/stack/data/venv/lib/python3.12/site-packages/oslo_config/cfg.py:3253}}
Jul 24 02:17:13.784501 np0000186498 nova-conductor[109164]: DEBUG cotyledon.oslo_config_glue [-] oslo_messaging_notifications.retry = -1 {{(pid=109164) log_opt_values /opt/stack/data/venv/lib/python3.12/site-packages/oslo_config/cfg.py:3253}}
Jul 24 02:17:13.784501 np0000186498 nova-conductor[109164]: DEBUG cotyledon.oslo_config_glue [-] oslo_messaging_notifications.topics = ['notifications'] {{(pid=109164) log_opt_values /opt/stack/data/venv/lib/python3.12/site-packages/oslo_config/cfg.py:3253}}
Jul 24 02:17:13.784501 np0000186498 nova-conductor[109164]: DEBUG cotyledon.oslo_config_glue [-] oslo_messaging_notifications.transport_url = **** {{(pid=109164) log_opt_values /opt/stack/data/venv/lib/python3.12/site-packages/oslo_config/cfg.py:3253}}
Jul 24 02:17:13.784501 np0000186498 nova-conductor[109164]: DEBUG cotyledon.oslo_config_glue [-] oslo_limit.auth_section = None {{(pid=109164) log_opt_values /opt/stack/data/venv/lib/python3.12/site-packages/oslo_config/cfg.py:3253}}
Jul 24 02:17:13.784501 np0000186498 nova-conductor[109164]: DEBUG cotyledon.oslo_config_glue [-] oslo_limit.auth_type = None {{(pid=109164) log_opt_values /opt/stack/data/venv/lib/python3.12/site-packages/oslo_config/cfg.py:3253}}
Jul 24 02:17:13.784501 np0000186498 nova-conductor[109164]: DEBUG cotyledon.oslo_config_glue [-] oslo_limit.cafile = None {{(pid=109164) log_opt_values /opt/stack/data/venv/lib/python3.12/site-packages/oslo_config/cfg.py:3253}}
Jul 24 02:17:13.784501 np0000186498 nova-conductor[109164]: DEBUG cotyledon.oslo_config_glue [-] oslo_limit.certfile = None {{(pid=109164) log_opt_values /opt/stack/data/venv/lib/python3.12/site-packages/oslo_config/cfg.py:3253}}
Jul 24 02:17:13.784706 np0000186498 nova-conductor[109164]: DEBUG cotyledon.oslo_config_glue [-] oslo_limit.collect_timing = False {{(pid=109164) log_opt_values /opt/stack/data/venv/lib/python3.12/site-packages/oslo_config/cfg.py:3253}}
Jul 24 02:17:13.784706 np0000186498 nova-conductor[109164]: DEBUG cotyledon.oslo_config_glue [-] oslo_limit.connect_retries = None {{(pid=109164) log_opt_values /opt/stack/data/venv/lib/python3.12/site-packages/oslo_config/cfg.py:3253}}
Jul 24 02:17:13.784706 np0000186498 nova-conductor[109164]: DEBUG cotyledon.oslo_config_glue [-] oslo_limit.connect_retry_delay = None {{(pid=109164) log_opt_values /opt/stack/data/venv/lib/python3.12/site-packages/oslo_config/cfg.py:3253}}
Jul 24 02:17:13.784706 np0000186498 nova-conductor[109164]: DEBUG cotyledon.oslo_config_glue [-] oslo_limit.endpoint_id = None {{(pid=109164) log_opt_values /opt/stack/data/venv/lib/python3.12/site-packages/oslo_config/cfg.py:3253}}
Jul 24 02:17:13.784706 np0000186498 nova-conductor[109164]: DEBUG cotyledon.oslo_config_glue [-] oslo_limit.endpoint_interface = public {{(pid=109164) log_opt_values /opt/stack/data/venv/lib/python3.12/site-packages/oslo_config/cfg.py:3253}}
Jul 24 02:17:13.784706 np0000186498 nova-conductor[109164]: DEBUG cotyledon.oslo_config_glue [-] oslo_limit.endpoint_override = None {{(pid=109164) log_opt_values /opt/stack/data/venv/lib/python3.12/site-packages/oslo_config/cfg.py:3253}}
Jul 24 02:17:13.784706 np0000186498 nova-conductor[109164]: DEBUG cotyledon.oslo_config_glue [-] oslo_limit.endpoint_region_name = None {{(pid=109164) log_opt_values /opt/stack/data/venv/lib/python3.12/site-packages/oslo_config/cfg.py:3253}}
Jul 24 02:17:13.784706 np0000186498 nova-conductor[109164]: DEBUG cotyledon.oslo_config_glue [-] oslo_limit.endpoint_service_name = None {{(pid=109164) log_opt_values /opt/stack/data/venv/lib/python3.12/site-packages/oslo_config/cfg.py:3253}}
Jul 24 02:17:13.784706 np0000186498 nova-conductor[109164]: DEBUG cotyledon.oslo_config_glue [-] oslo_limit.endpoint_service_type = None {{(pid=109164) log_opt_values /opt/stack/data/venv/lib/python3.12/site-packages/oslo_config/cfg.py:3253}}
Jul 24 02:17:13.784892 np0000186498 nova-conductor[109164]: DEBUG cotyledon.oslo_config_glue [-] oslo_limit.insecure = False {{(pid=109164) log_opt_values /opt/stack/data/venv/lib/python3.12/site-packages/oslo_config/cfg.py:3253}}
Jul 24 02:17:13.784892 np0000186498 nova-conductor[109164]: DEBUG cotyledon.oslo_config_glue [-] oslo_limit.keyfile = None {{(pid=109164) log_opt_values /opt/stack/data/venv/lib/python3.12/site-packages/oslo_config/cfg.py:3253}}
Jul 24 02:17:13.784892 np0000186498 nova-conductor[109164]: DEBUG cotyledon.oslo_config_glue [-] oslo_limit.max_version = None {{(pid=109164) log_opt_values /opt/stack/data/venv/lib/python3.12/site-packages/oslo_config/cfg.py:3253}}
Jul 24 02:17:13.784892 np0000186498 nova-conductor[109164]: DEBUG cotyledon.oslo_config_glue [-] oslo_limit.min_version = None {{(pid=109164) log_opt_values /opt/stack/data/venv/lib/python3.12/site-packages/oslo_config/cfg.py:3253}}
Jul 24 02:17:13.784892 np0000186498 nova-conductor[109164]: DEBUG cotyledon.oslo_config_glue [-] oslo_limit.region_name = None {{(pid=109164) log_opt_values /opt/stack/data/venv/lib/python3.12/site-packages/oslo_config/cfg.py:3253}}
Jul 24 02:17:13.784892 np0000186498 nova-conductor[109164]: DEBUG cotyledon.oslo_config_glue [-] oslo_limit.retriable_status_codes = None {{(pid=109164) log_opt_values /opt/stack/data/venv/lib/python3.12/site-packages/oslo_config/cfg.py:3253}}
Jul 24 02:17:13.784892 np0000186498 nova-conductor[109164]: DEBUG cotyledon.oslo_config_glue [-] oslo_limit.service_name = None {{(pid=109164) log_opt_values /opt/stack/data/venv/lib/python3.12/site-packages/oslo_config/cfg.py:3253}}
Jul 24 02:17:13.784892 np0000186498 nova-conductor[109164]: DEBUG cotyledon.oslo_config_glue [-] oslo_limit.service_type = None {{(pid=109164) log_opt_values /opt/stack/data/venv/lib/python3.12/site-packages/oslo_config/cfg.py:3253}}
Jul 24 02:17:13.784892 np0000186498 nova-conductor[109164]: DEBUG cotyledon.oslo_config_glue [-] oslo_limit.split_loggers = False {{(pid=109164) log_opt_values /opt/stack/data/venv/lib/python3.12/site-packages/oslo_config/cfg.py:3253}}
Jul 24 02:17:13.785072 np0000186498 nova-conductor[109164]: DEBUG cotyledon.oslo_config_glue [-] oslo_limit.status_code_retries = None {{(pid=109164) log_opt_values /opt/stack/data/venv/lib/python3.12/site-packages/oslo_config/cfg.py:3253}}
Jul 24 02:17:13.785072 np0000186498 nova-conductor[109164]: DEBUG cotyledon.oslo_config_glue [-] oslo_limit.status_code_retry_delay = None {{(pid=109164) log_opt_values /opt/stack/data/venv/lib/python3.12/site-packages/oslo_config/cfg.py:3253}}
Jul 24 02:17:13.785072 np0000186498 nova-conductor[109164]: DEBUG cotyledon.oslo_config_glue [-] oslo_limit.timeout = None {{(pid=109164) log_opt_values /opt/stack/data/venv/lib/python3.12/site-packages/oslo_config/cfg.py:3253}}
Jul 24 02:17:13.785072 np0000186498 nova-conductor[109164]: DEBUG cotyledon.oslo_config_glue [-] oslo_limit.valid_interfaces = None {{(pid=109164) log_opt_values /opt/stack/data/venv/lib/python3.12/site-packages/oslo_config/cfg.py:3253}}
Jul 24 02:17:13.785072 np0000186498 nova-conductor[109164]: DEBUG cotyledon.oslo_config_glue [-] oslo_limit.version = None {{(pid=109164) log_opt_values /opt/stack/data/venv/lib/python3.12/site-packages/oslo_config/cfg.py:3253}}
Jul 24 02:17:13.785072 np0000186498 nova-conductor[109164]: DEBUG cotyledon.oslo_config_glue [-] oslo_reports.file_event_handler = None {{(pid=109164) log_opt_values /opt/stack/data/venv/lib/python3.12/site-packages/oslo_config/cfg.py:3253}}
Jul 24 02:17:13.785072 np0000186498 nova-conductor[109164]: DEBUG cotyledon.oslo_config_glue [-] oslo_reports.file_event_handler_interval = 1 {{(pid=109164) log_opt_values /opt/stack/data/venv/lib/python3.12/site-packages/oslo_config/cfg.py:3253}}
Jul 24 02:17:13.785072 np0000186498 nova-conductor[109164]: DEBUG cotyledon.oslo_config_glue [-] oslo_reports.log_dir = None {{(pid=109164) log_opt_values /opt/stack/data/venv/lib/python3.12/site-packages/oslo_config/cfg.py:3253}}
Jul 24 02:17:13.785072 np0000186498 nova-conductor[109164]: DEBUG cotyledon.oslo_config_glue [-] ******************************************************************************** {{(pid=109164) log_opt_values /opt/stack/data/venv/lib/python3.12/site-packages/oslo_config/cfg.py:3260}}
Jul 24 02:17:13.785262 np0000186498 nova-conductor[109164]: DEBUG cotyledon._service_worker [-] Run service ServiceWrapper(2) [109164] {{(pid=109164) wait_forever /opt/stack/data/venv/lib/python3.12/site-packages/cotyledon/_service_worker.py:218}}
Jul 24 02:17:13.786399 np0000186498 nova-conductor[109164]: INFO nova.service [-] Starting conductor node (version 33.1.0)
Jul 24 02:17:13.793199 np0000186498 nova-conductor[109150]: DEBUG oslo_db.sqlalchemy.engines [None req-23f8a42a-cbc7-437a-a558-af435081c5b5 None None] MySQL server mode set to STRICT_TRANS_TABLES,STRICT_ALL_TABLES,NO_ZERO_IN_DATE,NO_ZERO_DATE,ERROR_FOR_DIVISION_BY_ZERO,TRADITIONAL,NO_ENGINE_SUBSTITUTION {{(pid=109150) _check_effective_sql_mode /opt/stack/data/venv/lib/python3.12/site-packages/oslo_db/sqlalchemy/engines.py:325}}
Jul 24 02:17:13.794216 np0000186498 nova-conductor[109172]: INFO nova.service [-] Starting conductor node (version 33.1.0)
Jul 24 02:17:13.806186 np0000186498 nova-conductor[109172]: INFO dbcounter [None req-f9eee0cc-8471-4e07-afda-92ff00b05452 None None] Registered counter for database nova_cell0
Jul 24 02:17:13.808546 np0000186498 nova-conductor[109150]: DEBUG dbcounter [-] [109150] Writer thread running {{(pid=109150) stat_writer /opt/stack/data/venv/lib/python3.12/site-packages/dbcounter.py:102}}
Jul 24 02:17:13.809864 np0000186498 nova-conductor[109164]: INFO dbcounter [None req-424ef65e-22f2-471b-96e9-20467829276f None None] Registered counter for database nova_cell0
Jul 24 02:17:13.813920 np0000186498 nova-conductor[109157]: DEBUG oslo_db.sqlalchemy.engines [None req-58763fe9-0584-4675-9b04-aaada3a505fb None None] MySQL server mode set to STRICT_TRANS_TABLES,STRICT_ALL_TABLES,NO_ZERO_IN_DATE,NO_ZERO_DATE,ERROR_FOR_DIVISION_BY_ZERO,TRADITIONAL,NO_ENGINE_SUBSTITUTION {{(pid=109157) _check_effective_sql_mode /opt/stack/data/venv/lib/python3.12/site-packages/oslo_db/sqlalchemy/engines.py:325}}
Jul 24 02:17:13.833853 np0000186498 nova-conductor[109150]: DEBUG nova.service [None req-23f8a42a-cbc7-437a-a558-af435081c5b5 None None] Creating RPC server for service: nova-conductor on topic: conductor {{(pid=109150) start /opt/stack/nova/nova/service.py:196}}
Jul 24 02:17:13.839014 np0000186498 nova-conductor[109157]: DEBUG dbcounter [-] [109157] Writer thread running {{(pid=109157) stat_writer /opt/stack/data/venv/lib/python3.12/site-packages/dbcounter.py:102}}
Jul 24 02:17:13.847949 np0000186498 nova-conductor[109157]: DEBUG nova.service [None req-58763fe9-0584-4675-9b04-aaada3a505fb None None] Creating RPC server for service: nova-conductor on topic: conductor {{(pid=109157) start /opt/stack/nova/nova/service.py:196}}
Jul 24 02:17:13.873564 np0000186498 nova-conductor[109150]: DEBUG nova.service [None req-23f8a42a-cbc7-437a-a558-af435081c5b5 None None] Join ServiceGroup membership for this service conductor {{(pid=109150) start /opt/stack/nova/nova/service.py:222}}
Jul 24 02:17:13.873944 np0000186498 nova-conductor[109150]: DEBUG nova.servicegroup.drivers.db [None req-23f8a42a-cbc7-437a-a558-af435081c5b5 None None] DB_Driver: join new ServiceGroup member np0000186498 to the conductor group, service = {{(pid=109150) join /opt/stack/nova/nova/servicegroup/drivers/db.py:44}}
Jul 24 02:17:13.874072 np0000186498 nova-conductor[109172]: DEBUG oslo_db.sqlalchemy.engines [None req-f9eee0cc-8471-4e07-afda-92ff00b05452 None None] MySQL server mode set to STRICT_TRANS_TABLES,STRICT_ALL_TABLES,NO_ZERO_IN_DATE,NO_ZERO_DATE,ERROR_FOR_DIVISION_BY_ZERO,TRADITIONAL,NO_ENGINE_SUBSTITUTION {{(pid=109172) _check_effective_sql_mode /opt/stack/data/venv/lib/python3.12/site-packages/oslo_db/sqlalchemy/engines.py:325}}
Jul 24 02:17:13.877542 np0000186498 nova-conductor[109157]: DEBUG nova.service [None req-58763fe9-0584-4675-9b04-aaada3a505fb None None] Join ServiceGroup membership for this service conductor {{(pid=109157) start /opt/stack/nova/nova/service.py:222}}
Jul 24 02:17:13.877916 np0000186498 nova-conductor[109157]: DEBUG nova.servicegroup.drivers.db [None req-58763fe9-0584-4675-9b04-aaada3a505fb None None] DB_Driver: join new ServiceGroup member np0000186498 to the conductor group, service = {{(pid=109157) join /opt/stack/nova/nova/servicegroup/drivers/db.py:44}}
Jul 24 02:17:13.892386 np0000186498 nova-conductor[109172]: DEBUG dbcounter [-] [109172] Writer thread running {{(pid=109172) stat_writer /opt/stack/data/venv/lib/python3.12/site-packages/dbcounter.py:102}}
Jul 24 02:17:13.895846 np0000186498 nova-conductor[109172]: DEBUG nova.service [None req-f9eee0cc-8471-4e07-afda-92ff00b05452 None None] Creating RPC server for service: nova-conductor on topic: conductor {{(pid=109172) start /opt/stack/nova/nova/service.py:196}}
Jul 24 02:17:13.899268 np0000186498 nova-conductor[109164]: DEBUG oslo_db.sqlalchemy.engines [None req-424ef65e-22f2-471b-96e9-20467829276f None None] MySQL server mode set to STRICT_TRANS_TABLES,STRICT_ALL_TABLES,NO_ZERO_IN_DATE,NO_ZERO_DATE,ERROR_FOR_DIVISION_BY_ZERO,TRADITIONAL,NO_ENGINE_SUBSTITUTION {{(pid=109164) _check_effective_sql_mode /opt/stack/data/venv/lib/python3.12/site-packages/oslo_db/sqlalchemy/engines.py:325}}
Jul 24 02:17:13.913844 np0000186498 nova-conductor[109164]: DEBUG dbcounter [-] [109164] Writer thread running {{(pid=109164) stat_writer /opt/stack/data/venv/lib/python3.12/site-packages/dbcounter.py:102}}
Jul 24 02:17:13.921767 np0000186498 nova-conductor[109164]: DEBUG nova.service [None req-424ef65e-22f2-471b-96e9-20467829276f None None] Creating RPC server for service: nova-conductor on topic: conductor {{(pid=109164) start /opt/stack/nova/nova/service.py:196}}
Jul 24 02:17:13.931093 np0000186498 nova-conductor[109172]: DEBUG nova.service [None req-f9eee0cc-8471-4e07-afda-92ff00b05452 None None] Join ServiceGroup membership for this service conductor {{(pid=109172) start /opt/stack/nova/nova/service.py:222}}
Jul 24 02:17:13.931389 np0000186498 nova-conductor[109172]: DEBUG nova.servicegroup.drivers.db [None req-f9eee0cc-8471-4e07-afda-92ff00b05452 None None] DB_Driver: join new ServiceGroup member np0000186498 to the conductor group, service = {{(pid=109172) join /opt/stack/nova/nova/servicegroup/drivers/db.py:44}}
Jul 24 02:17:13.948223 np0000186498 nova-conductor[109164]: DEBUG nova.service [None req-424ef65e-22f2-471b-96e9-20467829276f None None] Join ServiceGroup membership for this service conductor {{(pid=109164) start /opt/stack/nova/nova/service.py:222}}
Jul 24 02:17:13.948447 np0000186498 nova-conductor[109164]: DEBUG nova.servicegroup.drivers.db [None req-424ef65e-22f2-471b-96e9-20467829276f None None] DB_Driver: join new ServiceGroup member np0000186498 to the conductor group, service = {{(pid=109164) join /opt/stack/nova/nova/servicegroup/drivers/db.py:44}}
Jul 24 02:17:18.897304 np0000186498 nova-conductor[109150]: DEBUG oslo.service.backend._threading.loopingcall [-] Fixed interval looping call 'nova.servicegroup.drivers.db.DbDriver._report_state' sleeping for 119.98 seconds {{(pid=109150) _run_loop /opt/stack/data/venv/lib/python3.12/site-packages/oslo_service/backend/_threading/loopingcall.py:125}}
Jul 24 02:17:18.920220 np0000186498 nova-conductor[109157]: DEBUG oslo.service.backend._threading.loopingcall [-] Fixed interval looping call 'nova.servicegroup.drivers.db.DbDriver._report_state' sleeping for 119.96 seconds {{(pid=109157) _run_loop /opt/stack/data/venv/lib/python3.12/site-packages/oslo_service/backend/_threading/loopingcall.py:125}}
Jul 24 02:17:18.961995 np0000186498 nova-conductor[109172]: DEBUG oslo.service.backend._threading.loopingcall [-] Fixed interval looping call 'nova.servicegroup.drivers.db.DbDriver._report_state' sleeping for 119.97 seconds {{(pid=109172) _run_loop /opt/stack/data/venv/lib/python3.12/site-packages/oslo_service/backend/_threading/loopingcall.py:125}}
Jul 24 02:17:18.963845 np0000186498 nova-conductor[109164]: DEBUG oslo.service.backend._threading.loopingcall [-] Fixed interval looping call 'nova.servicegroup.drivers.db.DbDriver._report_state' sleeping for 119.99 seconds {{(pid=109164) _run_loop /opt/stack/data/venv/lib/python3.12/site-packages/oslo_service/backend/_threading/loopingcall.py:125}}
Jul 24 02:17:22.284207 np0000186498 nova-conductor[108392]: DEBUG dbcounter [-] [108392] Writing DB stats nova_api:SELECT=1 {{(pid=108392) stat_writer /opt/stack/data/venv/lib/python3.12/site-packages/dbcounter.py:115}}
Jul 24 02:17:22.455823 np0000186498 nova-conductor[108392]: DEBUG dbcounter [-] [108392] Writing DB stats nova_cell0:SELECT=1 {{(pid=108392) stat_writer /opt/stack/data/venv/lib/python3.12/site-packages/dbcounter.py:115}}
Jul 24 02:17:22.462975 np0000186498 nova-conductor[108392]: DEBUG dbcounter [-] [108392] Writing DB stats nova_cell1:SELECT=1 {{(pid=108392) stat_writer /opt/stack/data/venv/lib/python3.12/site-packages/dbcounter.py:115}}
Jul 24 02:17:22.951948 np0000186498 nova-conductor[109164]: DEBUG oslo.service.backend._threading.loopingcall [None req-2bee5eb5-62aa-4290-8afd-799465eb94cf None None] Dynamic interval looping call 'nova.service.Service.periodic_tasks' sleeping for 60.00 seconds {{(pid=109164) _run_loop /opt/stack/data/venv/lib/python3.12/site-packages/oslo_service/backend/_threading/loopingcall.py:125}}
Jul 24 02:17:28.893650 np0000186498 nova-conductor[109150]: DEBUG dbcounter [-] [109150] Writing DB stats nova_cell0:SELECT=4,nova_cell0:INSERT=1,nova_cell0:UPDATE=1 {{(pid=109150) stat_writer /opt/stack/data/venv/lib/python3.12/site-packages/dbcounter.py:115}}
Jul 24 02:17:28.918281 np0000186498 nova-conductor[109157]: DEBUG dbcounter [-] [109157] Writing DB stats nova_cell0:SELECT=3,nova_cell0:UPDATE=1 {{(pid=109157) stat_writer /opt/stack/data/venv/lib/python3.12/site-packages/dbcounter.py:115}}
Jul 24 02:17:28.945043 np0000186498 nova-conductor[109172]: DEBUG dbcounter [-] [109172] Writing DB stats nova_cell0:SELECT=3 {{(pid=109172) stat_writer /opt/stack/data/venv/lib/python3.12/site-packages/dbcounter.py:115}}
Jul 24 02:17:28.960898 np0000186498 nova-conductor[109164]: DEBUG dbcounter [-] [109164] Writing DB stats nova_cell0:SELECT=3 {{(pid=109164) stat_writer /opt/stack/data/venv/lib/python3.12/site-packages/dbcounter.py:115}}
Jul 24 02:17:49.881814 np0000186498 nova-conductor[109157]: DEBUG oslo.service.backend._threading.loopingcall [None req-ef51346d-6c47-4ff7-9751-8ccdad0ce05a None None] Dynamic interval looping call 'nova.service.Service.periodic_tasks' sleeping for 60.00 seconds {{(pid=109157) _run_loop /opt/stack/data/venv/lib/python3.12/site-packages/oslo_service/backend/_threading/loopingcall.py:125}}
Jul 24 02:17:58.935224 np0000186498 nova-conductor[109172]: DEBUG oslo.service.backend._threading.loopingcall [None req-07d4d93a-e5d6-42e7-90e5-9791c5bab016 None None] Dynamic interval looping call 'nova.service.Service.periodic_tasks' sleeping for 60.00 seconds {{(pid=109172) _run_loop /opt/stack/data/venv/lib/python3.12/site-packages/oslo_service/backend/_threading/loopingcall.py:125}}
Jul 24 02:18:09.877635 np0000186498 nova-conductor[109150]: DEBUG oslo.service.backend._threading.loopingcall [None req-7f6efae2-19f0-461a-9058-358d9ac08105 None None] Dynamic interval looping call 'nova.service.Service.periodic_tasks' sleeping for 60.00 seconds {{(pid=109150) _run_loop /opt/stack/data/venv/lib/python3.12/site-packages/oslo_service/backend/_threading/loopingcall.py:125}}
Jul 24 02:18:22.953058 np0000186498 nova-conductor[109164]: DEBUG oslo.service.backend._threading.loopingcall [None req-2bee5eb5-62aa-4290-8afd-799465eb94cf None None] Dynamic interval looping call 'nova.service.Service.periodic_tasks' sleeping for 60.00 seconds {{(pid=109164) _run_loop /opt/stack/data/venv/lib/python3.12/site-packages/oslo_service/backend/_threading/loopingcall.py:125}}
Jul 24 02:18:49.882509 np0000186498 nova-conductor[109157]: DEBUG oslo.service.backend._threading.loopingcall [None req-ef51346d-6c47-4ff7-9751-8ccdad0ce05a None None] Dynamic interval looping call 'nova.service.Service.periodic_tasks' sleeping for 60.00 seconds {{(pid=109157) _run_loop /opt/stack/data/venv/lib/python3.12/site-packages/oslo_service/backend/_threading/loopingcall.py:125}}
Jul 24 02:18:58.936696 np0000186498 nova-conductor[109172]: DEBUG oslo.service.backend._threading.loopingcall [None req-07d4d93a-e5d6-42e7-90e5-9791c5bab016 None None] Dynamic interval looping call 'nova.service.Service.periodic_tasks' sleeping for 60.00 seconds {{(pid=109172) _run_loop /opt/stack/data/venv/lib/python3.12/site-packages/oslo_service/backend/_threading/loopingcall.py:125}}
Jul 24 02:19:09.878270 np0000186498 nova-conductor[109150]: DEBUG oslo.service.backend._threading.loopingcall [None req-7f6efae2-19f0-461a-9058-358d9ac08105 None None] Dynamic interval looping call 'nova.service.Service.periodic_tasks' sleeping for 60.00 seconds {{(pid=109150) _run_loop /opt/stack/data/venv/lib/python3.12/site-packages/oslo_service/backend/_threading/loopingcall.py:125}}
Jul 24 02:19:18.890763 np0000186498 nova-conductor[109157]: DEBUG oslo.service.backend._threading.loopingcall [-] Fixed interval looping call 'nova.servicegroup.drivers.db.DbDriver._report_state' sleeping for 119.99 seconds {{(pid=109157) _run_loop /opt/stack/data/venv/lib/python3.12/site-packages/oslo_service/backend/_threading/loopingcall.py:125}}
Jul 24 02:19:18.891496 np0000186498 nova-conductor[109150]: DEBUG oslo.service.backend._threading.loopingcall [-] Fixed interval looping call 'nova.servicegroup.drivers.db.DbDriver._report_state' sleeping for 119.99 seconds {{(pid=109150) _run_loop /opt/stack/data/venv/lib/python3.12/site-packages/oslo_service/backend/_threading/loopingcall.py:125}}
Jul 24 02:19:18.940160 np0000186498 nova-conductor[109172]: DEBUG oslo.service.backend._threading.loopingcall [-] Fixed interval looping call 'nova.servicegroup.drivers.db.DbDriver._report_state' sleeping for 119.99 seconds {{(pid=109172) _run_loop /opt/stack/data/venv/lib/python3.12/site-packages/oslo_service/backend/_threading/loopingcall.py:125}}
Jul 24 02:19:18.960688 np0000186498 nova-conductor[109164]: DEBUG oslo.service.backend._threading.loopingcall [-] Fixed interval looping call 'nova.servicegroup.drivers.db.DbDriver._report_state' sleeping for 119.99 seconds {{(pid=109164) _run_loop /opt/stack/data/venv/lib/python3.12/site-packages/oslo_service/backend/_threading/loopingcall.py:125}}
Jul 24 02:19:22.954116 np0000186498 nova-conductor[109164]: DEBUG oslo.service.backend._threading.loopingcall [None req-2bee5eb5-62aa-4290-8afd-799465eb94cf None None] Dynamic interval looping call 'nova.service.Service.periodic_tasks' sleeping for 60.00 seconds {{(pid=109164) _run_loop /opt/stack/data/venv/lib/python3.12/site-packages/oslo_service/backend/_threading/loopingcall.py:125}}
