2026-07-24 01:03:50.488 8 INFO placement.requestlog [None req-f394a3fe-6881-4b9a-ab7c-4c2a5474a1ff ff8a839f900c4f0eaa96d4222ca76fb6 958ef7bbaeb646e7afa86b25a36755fd - - bfcdf39411394c26a023ea4d7a81cd26 bfcdf39411394c26a023ea4d7a81cd26] 10.0.0.117 "DELETE /resource_providers/6b642854-eb7d-4e81-b857-63a4c0207b28" status: 404 len: 246 microversion: 1.1 [pid: 8|app: 0|req: 390/784] 10.0.0.117 () {34 vars in 825 bytes} [Fri Jul 24 01:03:50 2026] DELETE /resource_providers/6b642854-eb7d-4e81-b857-63a4c0207b28 => generated 246 bytes in 11 msecs (HTTP/1.1 404) 6 headers in 231 bytes (1 switches on core 0)
2026-07-24 01:03:51.506 7 INFO placement.requestlog [req-fbd1c823-283f-450c-85a5-0379b7331364 req-541e54d9-a310-4539-9c72-64462a86418e 0b147cfe8b7b46f795fdacb60b57cb9c 958ef7bbaeb646e7afa86b25a36755fd - - bfcdf39411394c26a023ea4d7a81cd26 bfcdf39411394c26a023ea4d7a81cd26] 10.0.0.48 "GET /allocation_candidates?limit=1000&resources=DISK_GB%3A1%2CMEMORY_MB%3A512%2CVCPU%3A1&root_required=%21COMPUTE_STATUS_DISABLED" status: 200 len: 2220 microversion: 1.36 [pid: 7|app: 0|req: 395/785] 10.0.0.48 () {34 vars in 1011 bytes} [Fri Jul 24 01:03:51 2026] GET /allocation_candidates?limit=1000&resources=DISK_GB%3A1%2CMEMORY_MB%3A512%2CVCPU%3A1&root_required=%21COMPUTE_STATUS_DISABLED => generated 2220 bytes in 53 msecs (HTTP/1.1 200) 8 headers in 297 bytes (1 switches on core 0)
2026-07-24 01:03:51.542 8 INFO placement.requestlog [req-fbd1c823-283f-450c-85a5-0379b7331364 req-c45b2605-ee29-43be-92d0-b9320ce17eba 0b147cfe8b7b46f795fdacb60b57cb9c 958ef7bbaeb646e7afa86b25a36755fd - - bfcdf39411394c26a023ea4d7a81cd26 bfcdf39411394c26a023ea4d7a81cd26] 10.0.0.48 "GET /allocations/d6c850eb-6b49-43be-a189-d8522503f56e" status: 200 len: 19 microversion: 1.28 [pid: 8|app: 0|req: 391/786] 10.0.0.48 () {34 vars in 860 bytes} [Fri Jul 24 01:03:51 2026] GET /allocations/d6c850eb-6b49-43be-a189-d8522503f56e => generated 19 bytes in 11 msecs (HTTP/1.1 200) 8 headers in 295 bytes (1 switches on core 0)
2026-07-24 01:03:51.623 7 INFO placement.requestlog [req-fbd1c823-283f-450c-85a5-0379b7331364 req-c384b058-9a28-41fb-9d93-6ad097d53f35 0b147cfe8b7b46f795fdacb60b57cb9c 958ef7bbaeb646e7afa86b25a36755fd - - bfcdf39411394c26a023ea4d7a81cd26 bfcdf39411394c26a023ea4d7a81cd26] 10.0.0.48 "PUT /allocations/d6c850eb-6b49-43be-a189-d8522503f56e" status: 204 len: 0 microversion: 1.36 [pid: 7|app: 0|req: 396/787] 10.0.0.48 () {38 vars in 913 bytes} [Fri Jul 24 01:03:51 2026] PUT /allocations/d6c850eb-6b49-43be-a189-d8522503f56e => generated 0 bytes in 73 msecs (HTTP/1.1 204) 5 headers in 199 bytes (1 switches on core 0)
2026-07-24 01:03:51.919 8 INFO placement.requestlog [req-fbd1c823-283f-450c-85a5-0379b7331364 req-88a2d41c-4155-4045-a406-aa5850d74a3f 0b147cfe8b7b46f795fdacb60b57cb9c 958ef7bbaeb646e7afa86b25a36755fd - - bfcdf39411394c26a023ea4d7a81cd26 bfcdf39411394c26a023ea4d7a81cd26] 199.204.45.95 "GET /allocations/d6c850eb-6b49-43be-a189-d8522503f56e" status: 200 len: 257 microversion: 1.28 [pid: 8|app: 0|req: 392/788] 199.204.45.95 () {34 vars in 862 bytes} [Fri Jul 24 01:03:51 2026] GET /allocations/d6c850eb-6b49-43be-a189-d8522503f56e => generated 257 bytes in 17 msecs (HTTP/1.1 200) 8 headers in 296 bytes (1 switches on core 0)
2026-07-24 01:03:52.030 7 INFO placement.requestlog [req-fbd1c823-283f-450c-85a5-0379b7331364 req-06c05e20-b7a7-4cf1-b582-e13b4d02ac75 0b147cfe8b7b46f795fdacb60b57cb9c 958ef7bbaeb646e7afa86b25a36755fd - - bfcdf39411394c26a023ea4d7a81cd26 bfcdf39411394c26a023ea4d7a81cd26] 199.204.45.95 "GET /resource_providers/07f5fc83-c677-4d39-933e-c4df85b79e14/allocations" status: 200 len: 352 microversion: 1.0 [pid: 7|app: 0|req: 397/789] 199.204.45.95 () {32 vars in 856 bytes} [Fri Jul 24 01:03:52 2026] GET /resource_providers/07f5fc83-c677-4d39-933e-c4df85b79e14/allocations => generated 352 bytes in 21 msecs (HTTP/1.1 200) 6 headers in 224 bytes (1 switches on core 0)
2026-07-24 01:03:52.057 8 INFO placement.requestlog [req-fbd1c823-283f-450c-85a5-0379b7331364 req-0de6befa-79f0-4a84-b9c1-a915b4002f75 0b147cfe8b7b46f795fdacb60b57cb9c 958ef7bbaeb646e7afa86b25a36755fd - - bfcdf39411394c26a023ea4d7a81cd26 bfcdf39411394c26a023ea4d7a81cd26] 199.204.45.95 "GET /allocations/d1d05171-8a6e-4f9a-b6d9-4a850f953f5d" status: 200 len: 257 microversion: 1.28 [pid: 8|app: 0|req: 393/790] 199.204.45.95 () {34 vars in 862 bytes} [Fri Jul 24 01:03:52 2026] GET /allocations/d1d05171-8a6e-4f9a-b6d9-4a850f953f5d => generated 257 bytes in 19 msecs (HTTP/1.1 200) 8 headers in 296 bytes (1 switches on core 0)
2026-07-24 01:03:52.085 7 INFO placement.requestlog [req-fbd1c823-283f-450c-85a5-0379b7331364 req-2d3ba806-0848-4ca2-bc54-b9f16855ecc7 0b147cfe8b7b46f795fdacb60b57cb9c 958ef7bbaeb646e7afa86b25a36755fd - - bfcdf39411394c26a023ea4d7a81cd26 bfcdf39411394c26a023ea4d7a81cd26] 199.204.45.95 "GET /allocations/d6c850eb-6b49-43be-a189-d8522503f56e" status: 200 len: 257 microversion: 1.28 [pid: 7|app: 0|req: 398/791] 199.204.45.95 () {34 vars in 862 bytes} [Fri Jul 24 01:03:52 2026] GET /allocations/d6c850eb-6b49-43be-a189-d8522503f56e => generated 257 bytes in 23 msecs (HTTP/1.1 200) 8 headers in 296 bytes (1 switches on core 0)
2026-07-24 01:03:52.109 8 INFO placement.requestlog [req-fbd1c823-283f-450c-85a5-0379b7331364 req-8c05b613-4b2b-431a-9a4d-16610722f1e7 0b147cfe8b7b46f795fdacb60b57cb9c 958ef7bbaeb646e7afa86b25a36755fd - - bfcdf39411394c26a023ea4d7a81cd26 bfcdf39411394c26a023ea4d7a81cd26] 199.204.45.95 "GET /allocations/37547ae1-4595-4ac9-8f26-b456fc17983e" status: 200 len: 257 microversion: 1.28 [pid: 8|app: 0|req: 394/792] 199.204.45.95 () {34 vars in 862 bytes} [Fri Jul 24 01:03:52 2026] GET /allocations/37547ae1-4595-4ac9-8f26-b456fc17983e => generated 257 bytes in 16 msecs (HTTP/1.1 200) 8 headers in 296 bytes (1 switches on core 0)
2026-07-24 01:03:53.433 7 INFO placement.requestlog [None req-42efcae3-a3be-4fb5-8a3f-e0c5584af5c1 - - - - - -] 10.0.0.129 "GET /" status: 200 len: 136 microversion: 1.0
2026-07-24 01:03:53.434 8 INFO placement.requestlog [None req-82559520-bbed-4bb0-93f6-87f62cc765a6 - - - - - -] 10.0.0.129 "GET /" status: 200 len: 136 microversion: 1.0
2026-07-24 01:03:57.410 7 INFO placement.requestlog [None req-15964f01-bc28-4e0c-9d72-1dc8d561c1b8 ff8a839f900c4f0eaa96d4222ca76fb6 958ef7bbaeb646e7afa86b25a36755fd - - bfcdf39411394c26a023ea4d7a81cd26 bfcdf39411394c26a023ea4d7a81cd26] 10.0.0.117 "GET /resource_providers/b84a9782-ea6a-4b44-922f-9289a6405481/aggregates" status: 404 len: 235 microversion: 1.1 [pid: 7|app: 0|req: 400/795] 10.0.0.117 () {32 vars in 825 bytes} [Fri Jul 24 01:03:57 2026] GET /resource_providers/b84a9782-ea6a-4b44-922f-9289a6405481/aggregates => generated 235 bytes in 15 msecs (HTTP/1.1 404) 5 headers in 202 bytes (1 switches on core 0)
2026-07-24 01:03:57.411 8 INFO placement.requestlog [None req-97ab1895-7ae3-4d87-b079-5c4566982969 ff8a839f900c4f0eaa96d4222ca76fb6 958ef7bbaeb646e7afa86b25a36755fd - - bfcdf39411394c26a023ea4d7a81cd26 bfcdf39411394c26a023ea4d7a81cd26] 10.0.0.117 "GET /resource_providers/b84a9782-ea6a-4b44-922f-9289a6405481/aggregates" status: 404 len: 235 microversion: 1.1 [pid: 8|app: 0|req: 396/796] 10.0.0.117 () {32 vars in 825 bytes} [Fri Jul 24 01:03:57 2026] GET /resource_providers/b84a9782-ea6a-4b44-922f-9289a6405481/aggregates => generated 235 bytes in 13 msecs (HTTP/1.1 404) 5 headers in 202 bytes (1 switches on core 0)
2026-07-24 01:03:57.443 7 INFO placement.requestlog [None req-c1c79f27-c00c-47d6-ae3c-97d765290259 ff8a839f900c4f0eaa96d4222ca76fb6 958ef7bbaeb646e7afa86b25a36755fd - - bfcdf39411394c26a023ea4d7a81cd26 bfcdf39411394c26a023ea4d7a81cd26] 10.0.0.117 "DELETE /resource_providers/b84a9782-ea6a-4b44-922f-9289a6405481" status: 404 len: 246 microversion: 1.1 [pid: 7|app: 0|req: 401/797] 10.0.0.117 () {34 vars in 825 bytes} [Fri Jul 24 01:03:57 2026] DELETE /resource_providers/b84a9782-ea6a-4b44-922f-9289a6405481 => generated 246 bytes in 16 msecs (HTTP/1.1 404) 6 headers in 231 bytes (1 switches on core 0)
2026-07-24 01:03:57.446 8 INFO placement.requestlog [None req-c8a56920-b939-4f59-b8e3-879aecbdf45e ff8a839f900c4f0eaa96d4222ca76fb6 958ef7bbaeb646e7afa86b25a36755fd - - bfcdf39411394c26a023ea4d7a81cd26 bfcdf39411394c26a023ea4d7a81cd26] 10.0.0.117 "DELETE /resource_providers/b84a9782-ea6a-4b44-922f-9289a6405481" status: 404 len: 246 microversion: 1.1 [pid: 8|app: 0|req: 397/798] 10.0.0.117 () {34 vars in 825 bytes} [Fri Jul 24 01:03:57 2026] DELETE /resource_providers/b84a9782-ea6a-4b44-922f-9289a6405481 => generated 246 bytes in 18 msecs (HTTP/1.1 404) 6 headers in 231 bytes (1 switches on core 0)
2026-07-24 01:03:57.495 7 INFO placement.requestlog [req-2e4b2a67-b436-494e-afac-019dc18c304c req-053a1631-db8d-4927-9419-f3668b3533e2 0b147cfe8b7b46f795fdacb60b57cb9c 958ef7bbaeb646e7afa86b25a36755fd - - bfcdf39411394c26a023ea4d7a81cd26 bfcdf39411394c26a023ea4d7a81cd26] 199.204.45.95 "GET /resource_providers/07f5fc83-c677-4d39-933e-c4df85b79e14/allocations" status: 200 len: 352 microversion: 1.0 [pid: 7|app: 0|req: 402/799] 199.204.45.95 () {32 vars in 856 bytes} [Fri Jul 24 01:03:57 2026] GET /resource_providers/07f5fc83-c677-4d39-933e-c4df85b79e14/allocations => generated 352 bytes in 39 msecs (HTTP/1.1 200) 6 headers in 224 bytes (1 switches on core 0)
2026-07-24 01:03:57.519 8 INFO placement.requestlog [req-2e4b2a67-b436-494e-afac-019dc18c304c req-6a1fcadf-7a77-4616-b701-3cc48120eaea 0b147cfe8b7b46f795fdacb60b57cb9c 958ef7bbaeb646e7afa86b25a36755fd - - bfcdf39411394c26a023ea4d7a81cd26 bfcdf39411394c26a023ea4d7a81cd26] 199.204.45.95 "GET /allocations/d1d05171-8a6e-4f9a-b6d9-4a850f953f5d" status: 200 len: 257 microversion: 1.28 [pid: 8|app: 0|req: 398/800] 199.204.45.95 () {34 vars in 862 bytes} [Fri Jul 24 01:03:57 2026] GET /allocations/d1d05171-8a6e-4f9a-b6d9-4a850f953f5d => generated 257 bytes in 16 msecs (HTTP/1.1 200) 8 headers in 296 bytes (1 switches on core 0)
2026-07-24 01:03:57.544 7 INFO placement.requestlog [req-2e4b2a67-b436-494e-afac-019dc18c304c req-8aec07aa-7b84-421e-b8f4-765aab21e300 0b147cfe8b7b46f795fdacb60b57cb9c 958ef7bbaeb646e7afa86b25a36755fd - - bfcdf39411394c26a023ea4d7a81cd26 bfcdf39411394c26a023ea4d7a81cd26] 199.204.45.95 "GET /allocations/d6c850eb-6b49-43be-a189-d8522503f56e" status: 200 len: 257 microversion: 1.28 [pid: 7|app: 0|req: 403/801] 199.204.45.95 () {34 vars in 862 bytes} [Fri Jul 24 01:03:57 2026] GET /allocations/d6c850eb-6b49-43be-a189-d8522503f56e => generated 257 bytes in 20 msecs (HTTP/1.1 200) 8 headers in 296 bytes (1 switches on core 0)
2026-07-24 01:03:57.580 8 INFO placement.requestlog [req-2e4b2a67-b436-494e-afac-019dc18c304c req-ce5f6edc-0990-4f40-aeee-05f00b7809b5 0b147cfe8b7b46f795fdacb60b57cb9c 958ef7bbaeb646e7afa86b25a36755fd - - bfcdf39411394c26a023ea4d7a81cd26 bfcdf39411394c26a023ea4d7a81cd26] 199.204.45.95 "GET /allocations/37547ae1-4595-4ac9-8f26-b456fc17983e" status: 200 len: 257 microversion: 1.28 [pid: 8|app: 0|req: 399/802] 199.204.45.95 () {34 vars in 862 bytes} [Fri Jul 24 01:03:57 2026] GET /allocations/37547ae1-4595-4ac9-8f26-b456fc17983e => generated 257 bytes in 27 msecs (HTTP/1.1 200) 8 headers in 296 bytes (1 switches on core 0)
2026-07-24 01:03:57.675 7 INFO placement.requestlog [req-2e4b2a67-b436-494e-afac-019dc18c304c req-efc8b796-e5f4-456f-8225-4cf2b42c78cc 0b147cfe8b7b46f795fdacb60b57cb9c 958ef7bbaeb646e7afa86b25a36755fd - - bfcdf39411394c26a023ea4d7a81cd26 bfcdf39411394c26a023ea4d7a81cd26] 199.204.45.95 "DELETE /allocations/d1d05171-8a6e-4f9a-b6d9-4a850f953f5d" status: 204 len: 0 microversion: 1.0 [pid: 7|app: 0|req: 404/803] 199.204.45.95 () {34 vars in 840 bytes} [Fri Jul 24 01:03:57 2026] DELETE /allocations/d1d05171-8a6e-4f9a-b6d9-4a850f953f5d => generated 0 bytes in 31 msecs (HTTP/1.1 204) 5 headers in 198 bytes (1 switches on core 0)
2026-07-24 01:03:57.988 8 INFO placement.requestlog [req-bb1ae2e9-d877-4e21-a1d0-5eea8c8ddc32 req-85dff421-f8e9-40de-ba44-a6b94d5ec30e 0b147cfe8b7b46f795fdacb60b57cb9c 958ef7bbaeb646e7afa86b25a36755fd - - bfcdf39411394c26a023ea4d7a81cd26 bfcdf39411394c26a023ea4d7a81cd26] 199.204.45.95 "GET /resource_providers/07f5fc83-c677-4d39-933e-c4df85b79e14/allocations" status: 200 len: 252 microversion: 1.0 [pid: 8|app: 0|req: 400/804] 199.204.45.95 () {32 vars in 856 bytes} [Fri Jul 24 01:03:57 2026] GET /resource_providers/07f5fc83-c677-4d39-933e-c4df85b79e14/allocations => generated 252 bytes in 16 msecs (HTTP/1.1 200) 6 headers in 224 bytes (1 switches on core 0)
2026-07-24 01:03:58.012 7 INFO placement.requestlog [req-bb1ae2e9-d877-4e21-a1d0-5eea8c8ddc32 req-7bd83bf5-1323-42eb-aa0f-5817db50d495 0b147cfe8b7b46f795fdacb60b57cb9c 958ef7bbaeb646e7afa86b25a36755fd - - bfcdf39411394c26a023ea4d7a81cd26 bfcdf39411394c26a023ea4d7a81cd26] 199.204.45.95 "GET /allocations/d6c850eb-6b49-43be-a189-d8522503f56e" status: 200 len: 257 microversion: 1.28 [pid: 7|app: 0|req: 405/805] 199.204.45.95 () {34 vars in 862 bytes} [Fri Jul 24 01:03:57 2026] GET /allocations/d6c850eb-6b49-43be-a189-d8522503f56e => generated 257 bytes in 15 msecs (HTTP/1.1 200) 8 headers in 296 bytes (1 switches on core 0)
2026-07-24 01:03:58.034 8 INFO placement.requestlog [req-bb1ae2e9-d877-4e21-a1d0-5eea8c8ddc32 req-d4348f12-269a-4985-9a6d-36e7e19187e3 0b147cfe8b7b46f795fdacb60b57cb9c 958ef7bbaeb646e7afa86b25a36755fd - - bfcdf39411394c26a023ea4d7a81cd26 bfcdf39411394c26a023ea4d7a81cd26] 199.204.45.95 "GET /allocations/37547ae1-4595-4ac9-8f26-b456fc17983e" status: 200 len: 257 microversion: 1.28 [pid: 8|app: 0|req: 401/806] 199.204.45.95 () {34 vars in 862 bytes} [Fri Jul 24 01:03:58 2026] GET /allocations/37547ae1-4595-4ac9-8f26-b456fc17983e => generated 257 bytes in 17 msecs (HTTP/1.1 200) 8 headers in 296 bytes (1 switches on core 0)
2026-07-24 01:03:58.134 7 INFO placement.requestlog [req-bb1ae2e9-d877-4e21-a1d0-5eea8c8ddc32 req-baf73089-ee9c-4d52-8e3c-467739cd5ad8 0b147cfe8b7b46f795fdacb60b57cb9c 958ef7bbaeb646e7afa86b25a36755fd - - bfcdf39411394c26a023ea4d7a81cd26 bfcdf39411394c26a023ea4d7a81cd26] 199.204.45.95 "DELETE /allocations/d6c850eb-6b49-43be-a189-d8522503f56e" status: 204 len: 0 microversion: 1.0 [pid: 7|app: 0|req: 406/807] 199.204.45.95 () {34 vars in 840 bytes} [Fri Jul 24 01:03:58 2026] DELETE /allocations/d6c850eb-6b49-43be-a189-d8522503f56e => generated 0 bytes in 37 msecs (HTTP/1.1 204) 5 headers in 198 bytes (1 switches on core 0)
2026-07-24 01:04:00.397 8 INFO placement.requestlog [req-74bbd818-0197-41f2-a1a9-8fca83855022 req-673c659f-ebb1-4569-b823-0ca34f438120 0b147cfe8b7b46f795fdacb60b57cb9c 958ef7bbaeb646e7afa86b25a36755fd - - bfcdf39411394c26a023ea4d7a81cd26 bfcdf39411394c26a023ea4d7a81cd26] 199.204.45.95 "GET /resource_providers/07f5fc83-c677-4d39-933e-c4df85b79e14/allocations" status: 200 len: 152 microversion: 1.0 [pid: 8|app: 0|req: 402/808] 199.204.45.95 () {32 vars in 856 bytes} [Fri Jul 24 01:04:00 2026] GET /resource_providers/07f5fc83-c677-4d39-933e-c4df85b79e14/allocations => generated 152 bytes in 18 msecs (HTTP/1.1 200) 6 headers in 224 bytes (1 switches on core 0)
2026-07-24 01:04:00.420 7 INFO placement.requestlog [req-74bbd818-0197-41f2-a1a9-8fca83855022 req-8a0809fc-783e-4fe7-8f8f-e2173279597a 0b147cfe8b7b46f795fdacb60b57cb9c 958ef7bbaeb646e7afa86b25a36755fd - - bfcdf39411394c26a023ea4d7a81cd26 bfcdf39411394c26a023ea4d7a81cd26] 199.204.45.95 "GET /allocations/37547ae1-4595-4ac9-8f26-b456fc17983e" status: 200 len: 257 microversion: 1.28 [pid: 7|app: 0|req: 407/809] 199.204.45.95 () {34 vars in 862 bytes} [Fri Jul 24 01:04:00 2026] GET /allocations/37547ae1-4595-4ac9-8f26-b456fc17983e => generated 257 bytes in 17 msecs (HTTP/1.1 200) 8 headers in 296 bytes (1 switches on core 0)
2026-07-24 01:04:00.520 8 INFO placement.requestlog [req-74bbd818-0197-41f2-a1a9-8fca83855022 req-165ef1a7-c9a3-4ed5-873d-66036a6890fc 0b147cfe8b7b46f795fdacb60b57cb9c 958ef7bbaeb646e7afa86b25a36755fd - - bfcdf39411394c26a023ea4d7a81cd26 bfcdf39411394c26a023ea4d7a81cd26] 199.204.45.95 "DELETE /allocations/37547ae1-4595-4ac9-8f26-b456fc17983e" status: 204 len: 0 microversion: 1.0 [pid: 8|app: 0|req: 403/810] 199.204.45.95 () {34 vars in 840 bytes} [Fri Jul 24 01:04:00 2026] DELETE /allocations/37547ae1-4595-4ac9-8f26-b456fc17983e => generated 0 bytes in 38 msecs (HTTP/1.1 204) 5 headers in 198 bytes (1 switches on core 0)
2026-07-24 01:04:03.427 8 INFO placement.requestlog [None req-c0c38d6e-bce4-4c88-92ca-b13d7435fd76 - - - - - -] 10.0.0.129 "GET /" status: 200 len: 136 microversion: 1.0
2026-07-24 01:04:03.428 7 INFO placement.requestlog [None req-1e072531-febe-4fae-8870-b61c8acb2d99 - - - - - -] 10.0.0.129 "GET /" status: 200 len: 136 microversion: 1.0
2026-07-24 01:04:04.051 8 INFO placement.requestlog [None req-6719df5c-a8fd-43b9-8c10-220af7337d5d ff8a839f900c4f0eaa96d4222ca76fb6 958ef7bbaeb646e7afa86b25a36755fd - - bfcdf39411394c26a023ea4d7a81cd26 bfcdf39411394c26a023ea4d7a81cd26] 10.0.0.117 "GET /resource_providers/333f653c-d439-414b-9b85-459db387ccac/aggregates" status: 404 len: 235 microversion: 1.1
2026-07-24 01:04:04.051 7 INFO placement.requestlog [None req-e770e2a4-e4af-4f18-850a-d9f44941327c ff8a839f900c4f0eaa96d4222ca76fb6 958ef7bbaeb646e7afa86b25a36755fd - - bfcdf39411394c26a023ea4d7a81cd26 bfcdf39411394c26a023ea4d7a81cd26] 10.0.0.117 "GET /resource_providers/333f653c-d439-414b-9b85-459db387ccac/aggregates" status: 404 len: 235 microversion: 1.1 [pid: 8|app: 0|req: 405/814] 10.0.0.117 () {32 vars in 825 bytes} [Fri Jul 24 01:04:04 2026] GET /resource_providers/333f653c-d439-414b-9b85-459db387ccac/aggregates => generated 235 bytes in 15 msecs (HTTP/1.1 404) 5 headers in 202 bytes (1 switches on core 0) [pid: 7|app: 0|req: 409/814] 10.0.0.117 () {32 vars in 825 bytes} [Fri Jul 24 01:04:04 2026] GET /resource_providers/333f653c-d439-414b-9b85-459db387ccac/aggregates => generated 235 bytes in 14 msecs (HTTP/1.1 404) 5 headers in 202 bytes (1 switches on core 0)
2026-07-24 01:04:04.079 8 INFO placement.requestlog [None req-5a751a24-5b65-4699-9bba-4d0fec337814 ff8a839f900c4f0eaa96d4222ca76fb6 958ef7bbaeb646e7afa86b25a36755fd - - bfcdf39411394c26a023ea4d7a81cd26 bfcdf39411394c26a023ea4d7a81cd26] 10.0.0.117 "DELETE /resource_providers/333f653c-d439-414b-9b85-459db387ccac" status: 404 len: 246 microversion: 1.1 [pid: 8|app: 0|req: 406/815] 10.0.0.117 () {34 vars in 825 bytes} [Fri Jul 24 01:04:04 2026] DELETE /resource_providers/333f653c-d439-414b-9b85-459db387ccac => generated 246 bytes in 15 msecs (HTTP/1.1 404) 6 headers in 231 bytes (1 switches on core 0)
2026-07-24 01:04:04.082 7 INFO placement.requestlog [None req-e33bd396-02f2-478a-9e00-7d98184ff302 ff8a839f900c4f0eaa96d4222ca76fb6 958ef7bbaeb646e7afa86b25a36755fd - - bfcdf39411394c26a023ea4d7a81cd26 bfcdf39411394c26a023ea4d7a81cd26] 10.0.0.117 "DELETE /resource_providers/333f653c-d439-414b-9b85-459db387ccac" status: 404 len: 246 microversion: 1.1 [pid: 7|app: 0|req: 410/816] 10.0.0.117 () {34 vars in 825 bytes} [Fri Jul 24 01:04:04 2026] DELETE /resource_providers/333f653c-d439-414b-9b85-459db387ccac => generated 246 bytes in 17 msecs (HTTP/1.1 404) 6 headers in 231 bytes (1 switches on core 0)
2026-07-24 01:04:06.106 8 INFO placement.requestlog [None req-9305fb09-ac3c-4935-bfdd-e6b1b5c92c85 ff8a839f900c4f0eaa96d4222ca76fb6 958ef7bbaeb646e7afa86b25a36755fd - - bfcdf39411394c26a023ea4d7a81cd26 bfcdf39411394c26a023ea4d7a81cd26] 10.0.0.117 "GET /resource_providers/f0111f13-0d70-40f1-bee8-dea91bfdcb11/aggregates" status: 404 len: 235 microversion: 1.1 [pid: 8|app: 0|req: 407/817] 10.0.0.117 () {32 vars in 825 bytes} [Fri Jul 24 01:04:06 2026] GET /resource_providers/f0111f13-0d70-40f1-bee8-dea91bfdcb11/aggregates => generated 235 bytes in 19 msecs (HTTP/1.1 404) 5 headers in 202 bytes (1 switches on core 0)
2026-07-24 01:04:06.110 7 INFO placement.requestlog [None req-3036631e-2d9e-496d-a3a1-746d10f682b3 ff8a839f900c4f0eaa96d4222ca76fb6 958ef7bbaeb646e7afa86b25a36755fd - - bfcdf39411394c26a023ea4d7a81cd26 bfcdf39411394c26a023ea4d7a81cd26] 10.0.0.117 "GET /resource_providers/f0111f13-0d70-40f1-bee8-dea91bfdcb11/aggregates" status: 404 len: 235 microversion: 1.1 [pid: 7|app: 0|req: 411/818] 10.0.0.117 () {32 vars in 825 bytes} [Fri Jul 24 01:04:06 2026] GET /resource_providers/f0111f13-0d70-40f1-bee8-dea91bfdcb11/aggregates => generated 235 bytes in 17 msecs (HTTP/1.1 404) 5 headers in 202 bytes (1 switches on core 0)
2026-07-24 01:04:06.118 8 INFO placement.requestlog [None req-702c8b12-9bca-4207-b592-810b53e3c17d ff8a839f900c4f0eaa96d4222ca76fb6 958ef7bbaeb646e7afa86b25a36755fd - - bfcdf39411394c26a023ea4d7a81cd26 bfcdf39411394c26a023ea4d7a81cd26] 10.0.0.117 "DELETE /resource_providers/f0111f13-0d70-40f1-bee8-dea91bfdcb11" status: 404 len: 246 microversion: 1.1 [pid: 8|app: 0|req: 408/819] 10.0.0.117 () {34 vars in 825 bytes} [Fri Jul 24 01:04:06 2026] DELETE /resource_providers/f0111f13-0d70-40f1-bee8-dea91bfdcb11 => generated 246 bytes in 8 msecs (HTTP/1.1 404) 6 headers in 231 bytes (1 switches on core 0)
2026-07-24 01:04:06.125 7 INFO placement.requestlog [None req-a85970e5-f86b-4cc7-b7e8-27bfcca3df98 ff8a839f900c4f0eaa96d4222ca76fb6 958ef7bbaeb646e7afa86b25a36755fd - - bfcdf39411394c26a023ea4d7a81cd26 bfcdf39411394c26a023ea4d7a81cd26] 10.0.0.117 "DELETE /resource_providers/f0111f13-0d70-40f1-bee8-dea91bfdcb11" status: 404 len: 246 microversion: 1.1 [pid: 7|app: 0|req: 412/820] 10.0.0.117 () {34 vars in 825 bytes} [Fri Jul 24 01:04:06 2026] DELETE /resource_providers/f0111f13-0d70-40f1-bee8-dea91bfdcb11 => generated 246 bytes in 10 msecs (HTTP/1.1 404) 6 headers in 231 bytes (1 switches on core 0)
2026-07-24 01:04:06.132 8 INFO placement.requestlog [None req-cd5311c8-2186-4c75-bb1f-5d7e8302d500 ff8a839f900c4f0eaa96d4222ca76fb6 958ef7bbaeb646e7afa86b25a36755fd - - bfcdf39411394c26a023ea4d7a81cd26 bfcdf39411394c26a023ea4d7a81cd26] 10.0.0.117 "GET /resource_providers/713ac53e-7c21-4cb4-acaf-3bde368bb087/aggregates" status: 404 len: 235 microversion: 1.1 [pid: 8|app: 0|req: 409/821] 10.0.0.117 () {32 vars in 825 bytes} [Fri Jul 24 01:04:06 2026] GET /resource_providers/713ac53e-7c21-4cb4-acaf-3bde368bb087/aggregates => generated 235 bytes in 10 msecs (HTTP/1.1 404) 5 headers in 202 bytes (1 switches on core 0)
2026-07-24 01:04:06.140 7 INFO placement.requestlog [None req-987e2d01-b288-4cff-bccf-85568e1a5e3b ff8a839f900c4f0eaa96d4222ca76fb6 958ef7bbaeb646e7afa86b25a36755fd - - bfcdf39411394c26a023ea4d7a81cd26 bfcdf39411394c26a023ea4d7a81cd26] 10.0.0.117 "GET /resource_providers/713ac53e-7c21-4cb4-acaf-3bde368bb087/aggregates" status: 404 len: 235 microversion: 1.1 [pid: 7|app: 0|req: 413/822] 10.0.0.117 () {32 vars in 825 bytes} [Fri Jul 24 01:04:06 2026] GET /resource_providers/713ac53e-7c21-4cb4-acaf-3bde368bb087/aggregates => generated 235 bytes in 10 msecs (HTTP/1.1 404) 5 headers in 202 bytes (1 switches on core 0)
2026-07-24 01:04:06.145 8 INFO placement.requestlog [None req-c1a9bce0-fc41-446a-84b6-74c87aeba362 ff8a839f900c4f0eaa96d4222ca76fb6 958ef7bbaeb646e7afa86b25a36755fd - - bfcdf39411394c26a023ea4d7a81cd26 bfcdf39411394c26a023ea4d7a81cd26] 10.0.0.117 "DELETE /resource_providers/713ac53e-7c21-4cb4-acaf-3bde368bb087" status: 404 len: 246 microversion: 1.1 [pid: 8|app: 0|req: 410/823] 10.0.0.117 () {34 vars in 825 bytes} [Fri Jul 24 01:04:06 2026] DELETE /resource_providers/713ac53e-7c21-4cb4-acaf-3bde368bb087 => generated 246 bytes in 8 msecs (HTTP/1.1 404) 6 headers in 231 bytes (1 switches on core 0)
2026-07-24 01:04:06.156 7 INFO placement.requestlog [None req-a75aaeb0-82c7-400c-91f5-b0436d80532b ff8a839f900c4f0eaa96d4222ca76fb6 958ef7bbaeb646e7afa86b25a36755fd - - bfcdf39411394c26a023ea4d7a81cd26 bfcdf39411394c26a023ea4d7a81cd26] 10.0.0.117 "DELETE /resource_providers/713ac53e-7c21-4cb4-acaf-3bde368bb087" status: 404 len: 246 microversion: 1.1 [pid: 7|app: 0|req: 414/824] 10.0.0.117 () {34 vars in 825 bytes} [Fri Jul 24 01:04:06 2026] DELETE /resource_providers/713ac53e-7c21-4cb4-acaf-3bde368bb087 => generated 246 bytes in 11 msecs (HTTP/1.1 404) 6 headers in 231 bytes (1 switches on core 0)
2026-07-24 01:04:13.428 7 INFO placement.requestlog [None req-55ce2c90-e2b3-482b-b836-baba7b462696 - - - - - -] 10.0.0.129 "GET /" status: 200 len: 136 microversion: 1.0
2026-07-24 01:04:13.428 8 INFO placement.requestlog [None req-558d4f57-2204-47bd-b679-c71092ae0908 - - - - - -] 10.0.0.129 "GET /" status: 200 len: 136 microversion: 1.0
2026-07-24 01:04:23.428 7 INFO placement.requestlog [None req-65009b53-bea9-4153-9348-9cc40c70be73 - - - - - -] 10.0.0.129 "GET /" status: 200 len: 136 microversion: 1.0
2026-07-24 01:04:23.429 8 INFO placement.requestlog [None req-9cf380c5-e46e-4a81-9087-dbf83c992e81 - - - - - -] 10.0.0.129 "GET /" status: 200 len: 136 microversion: 1.0
2026-07-24 01:04:24.558 7 INFO placement.requestlog [None req-d347ece7-a8e3-4128-be75-87912d12f5c7 ff8a839f900c4f0eaa96d4222ca76fb6 958ef7bbaeb646e7afa86b25a36755fd - - bfcdf39411394c26a023ea4d7a81cd26 bfcdf39411394c26a023ea4d7a81cd26] 10.0.0.117 "GET /resource_providers/c30f2dd5-0f56-4f78-9efb-fad08ae86bd1/aggregates" status: 404 len: 235 microversion: 1.1 [pid: 7|app: 0|req: 417/829] 10.0.0.117 () {32 vars in 825 bytes} [Fri Jul 24 01:04:24 2026] GET /resource_providers/c30f2dd5-0f56-4f78-9efb-fad08ae86bd1/aggregates => generated 235 bytes in 12 msecs (HTTP/1.1 404) 5 headers in 202 bytes (1 switches on core 0)
2026-07-24 01:04:24.561 8 INFO placement.requestlog [None req-7ac5fb55-422b-460a-811f-4c2c11b10b3f ff8a839f900c4f0eaa96d4222ca76fb6 958ef7bbaeb646e7afa86b25a36755fd - - bfcdf39411394c26a023ea4d7a81cd26 bfcdf39411394c26a023ea4d7a81cd26] 10.0.0.117 "GET /resource_providers/c30f2dd5-0f56-4f78-9efb-fad08ae86bd1/aggregates" status: 404 len: 235 microversion: 1.1 [pid: 8|app: 0|req: 413/830] 10.0.0.117 () {32 vars in 825 bytes} [Fri Jul 24 01:04:24 2026] GET /resource_providers/c30f2dd5-0f56-4f78-9efb-fad08ae86bd1/aggregates => generated 235 bytes in 13 msecs (HTTP/1.1 404) 5 headers in 202 bytes (1 switches on core 0)
2026-07-24 01:04:24.585 7 INFO placement.requestlog [None req-3ec4783b-2a33-45b8-bc30-e9504fac26e2 ff8a839f900c4f0eaa96d4222ca76fb6 958ef7bbaeb646e7afa86b25a36755fd - - bfcdf39411394c26a023ea4d7a81cd26 bfcdf39411394c26a023ea4d7a81cd26] 10.0.0.117 "DELETE /resource_providers/c30f2dd5-0f56-4f78-9efb-fad08ae86bd1" status: 404 len: 246 microversion: 1.1 [pid: 7|app: 0|req: 418/831] 10.0.0.117 () {34 vars in 825 bytes} [Fri Jul 24 01:04:24 2026] DELETE /resource_providers/c30f2dd5-0f56-4f78-9efb-fad08ae86bd1 => generated 246 bytes in 20 msecs (HTTP/1.1 404) 6 headers in 231 bytes (1 switches on core 0)
2026-07-24 01:04:24.592 8 INFO placement.requestlog [None req-6b95ab38-50b5-4fd2-bc16-ffb03e4c965c ff8a839f900c4f0eaa96d4222ca76fb6 958ef7bbaeb646e7afa86b25a36755fd - - bfcdf39411394c26a023ea4d7a81cd26 bfcdf39411394c26a023ea4d7a81cd26] 10.0.0.117 "DELETE /resource_providers/c30f2dd5-0f56-4f78-9efb-fad08ae86bd1" status: 404 len: 246 microversion: 1.1 [pid: 8|app: 0|req: 414/832] 10.0.0.117 () {34 vars in 825 bytes} [Fri Jul 24 01:04:24 2026] DELETE /resource_providers/c30f2dd5-0f56-4f78-9efb-fad08ae86bd1 => generated 246 bytes in 18 msecs (HTTP/1.1 404) 6 headers in 231 bytes (1 switches on core 0)
2026-07-24 01:04:27.592 7 INFO placement.requestlog [None req-1fa2171c-f8b3-41d8-89e0-7c6f62b77f30 ff8a839f900c4f0eaa96d4222ca76fb6 958ef7bbaeb646e7afa86b25a36755fd - - bfcdf39411394c26a023ea4d7a81cd26 bfcdf39411394c26a023ea4d7a81cd26] 10.0.0.117 "GET /resource_providers/164380aa-e7de-45c0-90e1-49413d69b491/aggregates" status: 404 len: 235 microversion: 1.1 [pid: 7|app: 0|req: 419/833] 10.0.0.117 () {32 vars in 825 bytes} [Fri Jul 24 01:04:27 2026] GET /resource_providers/164380aa-e7de-45c0-90e1-49413d69b491/aggregates => generated 235 bytes in 13 msecs (HTTP/1.1 404) 5 headers in 202 bytes (1 switches on core 0)
2026-07-24 01:04:27.594 8 INFO placement.requestlog [None req-c00d2908-9061-4a5b-afd7-813544187445 ff8a839f900c4f0eaa96d4222ca76fb6 958ef7bbaeb646e7afa86b25a36755fd - - bfcdf39411394c26a023ea4d7a81cd26 bfcdf39411394c26a023ea4d7a81cd26] 10.0.0.117 "GET /resource_providers/164380aa-e7de-45c0-90e1-49413d69b491/aggregates" status: 404 len: 235 microversion: 1.1 [pid: 8|app: 0|req: 415/834] 10.0.0.117 () {32 vars in 825 bytes} [Fri Jul 24 01:04:27 2026] GET /resource_providers/164380aa-e7de-45c0-90e1-49413d69b491/aggregates => generated 235 bytes in 13 msecs (HTTP/1.1 404) 5 headers in 202 bytes (1 switches on core 0)
2026-07-24 01:04:27.620 7 INFO placement.requestlog [None req-124b3041-e27c-49cd-9256-fa82dae8bf6e ff8a839f900c4f0eaa96d4222ca76fb6 958ef7bbaeb646e7afa86b25a36755fd - - bfcdf39411394c26a023ea4d7a81cd26 bfcdf39411394c26a023ea4d7a81cd26] 10.0.0.117 "DELETE /resource_providers/164380aa-e7de-45c0-90e1-49413d69b491" status: 404 len: 246 microversion: 1.1 [pid: 7|app: 0|req: 420/835] 10.0.0.117 () {34 vars in 825 bytes} [Fri Jul 24 01:04:27 2026] DELETE /resource_providers/164380aa-e7de-45c0-90e1-49413d69b491 => generated 246 bytes in 12 msecs (HTTP/1.1 404) 6 headers in 231 bytes (1 switches on core 0)
2026-07-24 01:04:27.621 8 INFO placement.requestlog [None req-fd9c1fbc-719e-4df5-a050-970be213eccc ff8a839f900c4f0eaa96d4222ca76fb6 958ef7bbaeb646e7afa86b25a36755fd - - bfcdf39411394c26a023ea4d7a81cd26 bfcdf39411394c26a023ea4d7a81cd26] 10.0.0.117 "DELETE /resource_providers/164380aa-e7de-45c0-90e1-49413d69b491" status: 404 len: 246 microversion: 1.1 [pid: 8|app: 0|req: 416/836] 10.0.0.117 () {34 vars in 825 bytes} [Fri Jul 24 01:04:27 2026] DELETE /resource_providers/164380aa-e7de-45c0-90e1-49413d69b491 => generated 246 bytes in 12 msecs (HTTP/1.1 404) 6 headers in 231 bytes (1 switches on core 0)
2026-07-24 01:04:30.394 8 INFO placement.requestlog [None req-007311b4-d8dd-4a19-8353-8e30d68b1f8d ff8a839f900c4f0eaa96d4222ca76fb6 958ef7bbaeb646e7afa86b25a36755fd - - bfcdf39411394c26a023ea4d7a81cd26 bfcdf39411394c26a023ea4d7a81cd26] 10.0.0.117 "GET /resource_providers/b289b158-c7a8-4276-a14d-319c753fdc81/aggregates" status: 404 len: 235 microversion: 1.1 [pid: 8|app: 0|req: 417/837] 10.0.0.117 () {32 vars in 825 bytes} [Fri Jul 24 01:04:30 2026] GET /resource_providers/b289b158-c7a8-4276-a14d-319c753fdc81/aggregates => generated 235 bytes in 12 msecs (HTTP/1.1 404) 5 headers in 202 bytes (1 switches on core 0)
2026-07-24 01:04:30.396 7 INFO placement.requestlog [None req-5d83cd8e-19eb-41a6-8c08-de165fd56958 ff8a839f900c4f0eaa96d4222ca76fb6 958ef7bbaeb646e7afa86b25a36755fd - - bfcdf39411394c26a023ea4d7a81cd26 bfcdf39411394c26a023ea4d7a81cd26] 10.0.0.117 "GET /resource_providers/b289b158-c7a8-4276-a14d-319c753fdc81/aggregates" status: 404 len: 235 microversion: 1.1 [pid: 7|app: 0|req: 421/838] 10.0.0.117 () {32 vars in 825 bytes} [Fri Jul 24 01:04:30 2026] GET /resource_providers/b289b158-c7a8-4276-a14d-319c753fdc81/aggregates => generated 235 bytes in 14 msecs (HTTP/1.1 404) 5 headers in 202 bytes (1 switches on core 0)
2026-07-24 01:04:30.426 8 INFO placement.requestlog [None req-46e0d103-0f8b-4ad7-b7c2-be9a853502ac ff8a839f900c4f0eaa96d4222ca76fb6 958ef7bbaeb646e7afa86b25a36755fd - - bfcdf39411394c26a023ea4d7a81cd26 bfcdf39411394c26a023ea4d7a81cd26] 10.0.0.117 "DELETE /resource_providers/b289b158-c7a8-4276-a14d-319c753fdc81" status: 404 len: 246 microversion: 1.1 [pid: 8|app: 0|req: 418/839] 10.0.0.117 () {34 vars in 825 bytes} [Fri Jul 24 01:04:30 2026] DELETE /resource_providers/b289b158-c7a8-4276-a14d-319c753fdc81 => generated 246 bytes in 14 msecs (HTTP/1.1 404) 6 headers in 231 bytes (1 switches on core 0)
2026-07-24 01:04:30.428 7 INFO placement.requestlog [None req-a8109b43-3c93-4adb-882f-0d9d379ca8c0 ff8a839f900c4f0eaa96d4222ca76fb6 958ef7bbaeb646e7afa86b25a36755fd - - bfcdf39411394c26a023ea4d7a81cd26 bfcdf39411394c26a023ea4d7a81cd26] 10.0.0.117 "DELETE /resource_providers/b289b158-c7a8-4276-a14d-319c753fdc81" status: 404 len: 246 microversion: 1.1 [pid: 7|app: 0|req: 422/840] 10.0.0.117 () {34 vars in 825 bytes} [Fri Jul 24 01:04:30 2026] DELETE /resource_providers/b289b158-c7a8-4276-a14d-319c753fdc81 => generated 246 bytes in 15 msecs (HTTP/1.1 404) 6 headers in 231 bytes (1 switches on core 0)
2026-07-24 01:04:33.427 8 INFO placement.requestlog [None req-7e1cb839-bb93-4b2e-b4ea-35f36bda4481 - - - - - -] 10.0.0.129 "GET /" status: 200 len: 136 microversion: 1.0
2026-07-24 01:04:33.427 7 INFO placement.requestlog [None req-b0b49299-8ddc-4d65-b374-b06426580b91 - - - - - -] 10.0.0.129 "GET /" status: 200 len: 136 microversion: 1.0
2026-07-24 01:04:38.540 8 INFO placement.requestlog [req-82044b1f-6731-46b1-b26d-a6780f7e575d req-c8fb9467-261f-464b-8c5a-bff606788953 0b147cfe8b7b46f795fdacb60b57cb9c 958ef7bbaeb646e7afa86b25a36755fd - - bfcdf39411394c26a023ea4d7a81cd26 bfcdf39411394c26a023ea4d7a81cd26] 199.204.45.95 "GET /resource_providers/07f5fc83-c677-4d39-933e-c4df85b79e14/allocations" status: 200 len: 54 microversion: 1.0 [pid: 8|app: 0|req: 420/843] 199.204.45.95 () {32 vars in 856 bytes} [Fri Jul 24 01:04:38 2026] GET /resource_providers/07f5fc83-c677-4d39-933e-c4df85b79e14/allocations => generated 54 bytes in 30 msecs (HTTP/1.1 200) 6 headers in 223 bytes (1 switches on core 0)
2026-07-24 01:04:38.565 7 INFO placement.requestlog [req-82044b1f-6731-46b1-b26d-a6780f7e575d req-deef7df6-19d8-46e2-98a0-81cead87f9b2 0b147cfe8b7b46f795fdacb60b57cb9c 958ef7bbaeb646e7afa86b25a36755fd - - bfcdf39411394c26a023ea4d7a81cd26 bfcdf39411394c26a023ea4d7a81cd26] 199.204.45.95 "GET /resource_providers/07f5fc83-c677-4d39-933e-c4df85b79e14/allocations" status: 200 len: 54 microversion: 1.0 [pid: 7|app: 0|req: 424/844] 199.204.45.95 () {32 vars in 856 bytes} [Fri Jul 24 01:04:38 2026] GET /resource_providers/07f5fc83-c677-4d39-933e-c4df85b79e14/allocations => generated 54 bytes in 16 msecs (HTTP/1.1 200) 6 headers in 223 bytes (1 switches on core 0)
2026-07-24 01:04:43.427 7 INFO placement.requestlog [None req-12beb8c5-ee84-4cbc-9037-078cbe622c34 - - - - - -] 10.0.0.129 "GET /" status: 200 len: 136 microversion: 1.0
2026-07-24 01:04:43.428 8 INFO placement.requestlog [None req-28eb92f1-42ae-4fed-8bfc-3c6d21fbee12 - - - - - -] 10.0.0.129 "GET /" status: 200 len: 136 microversion: 1.0
2026-07-24 01:04:48.906 8 INFO placement.requestlog [None req-d3174757-063a-4ef7-94ee-8ac569a02401 ff8a839f900c4f0eaa96d4222ca76fb6 958ef7bbaeb646e7afa86b25a36755fd - - bfcdf39411394c26a023ea4d7a81cd26 bfcdf39411394c26a023ea4d7a81cd26] 10.0.0.117 "GET /resource_providers/1548991d-0f73-48b9-9a8d-4e1e68113d4c/aggregates" status: 404 len: 235 microversion: 1.1 [pid: 8|app: 0|req: 422/847] 10.0.0.117 () {32 vars in 825 bytes} [Fri Jul 24 01:04:48 2026] GET /resource_providers/1548991d-0f73-48b9-9a8d-4e1e68113d4c/aggregates => generated 235 bytes in 15 msecs (HTTP/1.1 404) 5 headers in 202 bytes (1 switches on core 0)
2026-07-24 01:04:48.911 7 INFO placement.requestlog [None req-a4ebec2c-96ee-4568-836a-d601cacdebeb ff8a839f900c4f0eaa96d4222ca76fb6 958ef7bbaeb646e7afa86b25a36755fd - - bfcdf39411394c26a023ea4d7a81cd26 bfcdf39411394c26a023ea4d7a81cd26] 10.0.0.117 "GET /resource_providers/1548991d-0f73-48b9-9a8d-4e1e68113d4c/aggregates" status: 404 len: 235 microversion: 1.1 [pid: 7|app: 0|req: 426/848] 10.0.0.117 () {32 vars in 825 bytes} [Fri Jul 24 01:04:48 2026] GET /resource_providers/1548991d-0f73-48b9-9a8d-4e1e68113d4c/aggregates => generated 235 bytes in 20 msecs (HTTP/1.1 404) 5 headers in 202 bytes (1 switches on core 0)
2026-07-24 01:04:48.942 8 INFO placement.requestlog [None req-25359de5-c319-4aa8-82e9-3556f0fd0f6c ff8a839f900c4f0eaa96d4222ca76fb6 958ef7bbaeb646e7afa86b25a36755fd - - bfcdf39411394c26a023ea4d7a81cd26 bfcdf39411394c26a023ea4d7a81cd26] 10.0.0.117 "DELETE /resource_providers/1548991d-0f73-48b9-9a8d-4e1e68113d4c" status: 404 len: 246 microversion: 1.1 [pid: 8|app: 0|req: 423/849] 10.0.0.117 () {34 vars in 825 bytes} [Fri Jul 24 01:04:48 2026] DELETE /resource_providers/1548991d-0f73-48b9-9a8d-4e1e68113d4c => generated 246 bytes in 14 msecs (HTTP/1.1 404) 6 headers in 231 bytes (1 switches on core 0)
2026-07-24 01:04:48.949 7 INFO placement.requestlog [None req-502fadb0-edd9-4541-9cd9-fdf257b396a5 ff8a839f900c4f0eaa96d4222ca76fb6 958ef7bbaeb646e7afa86b25a36755fd - - bfcdf39411394c26a023ea4d7a81cd26 bfcdf39411394c26a023ea4d7a81cd26] 10.0.0.117 "DELETE /resource_providers/1548991d-0f73-48b9-9a8d-4e1e68113d4c" status: 404 len: 246 microversion: 1.1 [pid: 7|app: 0|req: 427/850] 10.0.0.117 () {34 vars in 825 bytes} [Fri Jul 24 01:04:48 2026] DELETE /resource_providers/1548991d-0f73-48b9-9a8d-4e1e68113d4c => generated 246 bytes in 20 msecs (HTTP/1.1 404) 6 headers in 231 bytes (1 switches on core 0)
2026-07-24 01:04:49.502 7 INFO placement.requestlog [None req-3644938f-9087-4366-bb04-cbedff690267 ff8a839f900c4f0eaa96d4222ca76fb6 958ef7bbaeb646e7afa86b25a36755fd - - bfcdf39411394c26a023ea4d7a81cd26 bfcdf39411394c26a023ea4d7a81cd26] 10.0.0.117 "GET /resource_providers/4ca51571-5718-4a03-8358-7ab830a7a23d/aggregates" status: 404 len: 235 microversion: 1.1 [pid: 7|app: 0|req: 428/851] 10.0.0.117 () {32 vars in 825 bytes} [Fri Jul 24 01:04:49 2026] GET /resource_providers/4ca51571-5718-4a03-8358-7ab830a7a23d/aggregates => generated 235 bytes in 14 msecs (HTTP/1.1 404) 5 headers in 202 bytes (1 switches on core 0)
2026-07-24 01:04:49.503 8 INFO placement.requestlog [None req-42301357-8b8b-4b02-a3c9-49a043a1c171 ff8a839f900c4f0eaa96d4222ca76fb6 958ef7bbaeb646e7afa86b25a36755fd - - bfcdf39411394c26a023ea4d7a81cd26 bfcdf39411394c26a023ea4d7a81cd26] 10.0.0.117 "GET /resource_providers/4ca51571-5718-4a03-8358-7ab830a7a23d/aggregates" status: 404 len: 235 microversion: 1.1 [pid: 8|app: 0|req: 424/852] 10.0.0.117 () {32 vars in 825 bytes} [Fri Jul 24 01:04:49 2026] GET /resource_providers/4ca51571-5718-4a03-8358-7ab830a7a23d/aggregates => generated 235 bytes in 21 msecs (HTTP/1.1 404) 5 headers in 202 bytes (1 switches on core 0)
2026-07-24 01:04:49.540 7 INFO placement.requestlog [None req-e3fdfe95-b636-4c72-a89e-be69841181d6 ff8a839f900c4f0eaa96d4222ca76fb6 958ef7bbaeb646e7afa86b25a36755fd - - bfcdf39411394c26a023ea4d7a81cd26 bfcdf39411394c26a023ea4d7a81cd26] 10.0.0.117 "DELETE /resource_providers/4ca51571-5718-4a03-8358-7ab830a7a23d" status: 404 len: 246 microversion: 1.1 [pid: 7|app: 0|req: 429/853] 10.0.0.117 () {34 vars in 825 bytes} [Fri Jul 24 01:04:49 2026] DELETE /resource_providers/4ca51571-5718-4a03-8358-7ab830a7a23d => generated 246 bytes in 22 msecs (HTTP/1.1 404) 6 headers in 231 bytes (1 switches on core 0)
2026-07-24 01:04:49.553 8 INFO placement.requestlog [None req-ee7395f3-77dc-47a5-b680-373eeab70d74 ff8a839f900c4f0eaa96d4222ca76fb6 958ef7bbaeb646e7afa86b25a36755fd - - bfcdf39411394c26a023ea4d7a81cd26 bfcdf39411394c26a023ea4d7a81cd26] 10.0.0.117 "DELETE /resource_providers/4ca51571-5718-4a03-8358-7ab830a7a23d" status: 404 len: 246 microversion: 1.1 [pid: 8|app: 0|req: 425/854] 10.0.0.117 () {34 vars in 825 bytes} [Fri Jul 24 01:04:49 2026] DELETE /resource_providers/4ca51571-5718-4a03-8358-7ab830a7a23d => generated 246 bytes in 34 msecs (HTTP/1.1 404) 6 headers in 231 bytes (1 switches on core 0)
2026-07-24 01:04:51.582 7 INFO placement.requestlog [None req-450a3e2d-525c-43c3-9317-320e4c45058d ff8a839f900c4f0eaa96d4222ca76fb6 958ef7bbaeb646e7afa86b25a36755fd - - bfcdf39411394c26a023ea4d7a81cd26 bfcdf39411394c26a023ea4d7a81cd26] 10.0.0.117 "GET /resource_providers/662ccf67-f744-48f2-88f3-80852d7d0a78/aggregates" status: 404 len: 235 microversion: 1.1 [pid: 7|app: 0|req: 430/855] 10.0.0.117 () {32 vars in 825 bytes} [Fri Jul 24 01:04:51 2026] GET /resource_providers/662ccf67-f744-48f2-88f3-80852d7d0a78/aggregates => generated 235 bytes in 22 msecs (HTTP/1.1 404) 5 headers in 202 bytes (1 switches on core 0)
2026-07-24 01:04:51.584 8 INFO placement.requestlog [None req-7093bbaf-e9b9-49ed-b317-2809d2b73b3d ff8a839f900c4f0eaa96d4222ca76fb6 958ef7bbaeb646e7afa86b25a36755fd - - bfcdf39411394c26a023ea4d7a81cd26 bfcdf39411394c26a023ea4d7a81cd26] 10.0.0.117 "GET /resource_providers/662ccf67-f744-48f2-88f3-80852d7d0a78/aggregates" status: 404 len: 235 microversion: 1.1 [pid: 8|app: 0|req: 426/856] 10.0.0.117 () {32 vars in 825 bytes} [Fri Jul 24 01:04:51 2026] GET /resource_providers/662ccf67-f744-48f2-88f3-80852d7d0a78/aggregates => generated 235 bytes in 16 msecs (HTTP/1.1 404) 5 headers in 202 bytes (1 switches on core 0)
2026-07-24 01:04:51.615 8 INFO placement.requestlog [None req-1022b6e9-f7fa-408e-87be-d36e34476860 ff8a839f900c4f0eaa96d4222ca76fb6 958ef7bbaeb646e7afa86b25a36755fd - - bfcdf39411394c26a023ea4d7a81cd26 bfcdf39411394c26a023ea4d7a81cd26] 10.0.0.117 "DELETE /resource_providers/662ccf67-f744-48f2-88f3-80852d7d0a78" status: 404 len: 246 microversion: 1.1 [pid: 8|app: 0|req: 427/857] 10.0.0.117 () {34 vars in 825 bytes} [Fri Jul 24 01:04:51 2026] DELETE /resource_providers/662ccf67-f744-48f2-88f3-80852d7d0a78 => generated 246 bytes in 12 msecs (HTTP/1.1 404) 6 headers in 231 bytes (1 switches on core 0)
2026-07-24 01:04:51.615 7 INFO placement.requestlog [None req-ae1e3c98-a90f-4f5c-abcb-8c22909122ad ff8a839f900c4f0eaa96d4222ca76fb6 958ef7bbaeb646e7afa86b25a36755fd - - bfcdf39411394c26a023ea4d7a81cd26 bfcdf39411394c26a023ea4d7a81cd26] 10.0.0.117 "DELETE /resource_providers/662ccf67-f744-48f2-88f3-80852d7d0a78" status: 404 len: 246 microversion: 1.1 [pid: 7|app: 0|req: 431/858] 10.0.0.117 () {34 vars in 825 bytes} [Fri Jul 24 01:04:51 2026] DELETE /resource_providers/662ccf67-f744-48f2-88f3-80852d7d0a78 => generated 246 bytes in 13 msecs (HTTP/1.1 404) 6 headers in 231 bytes (1 switches on core 0)
2026-07-24 01:04:52.975 8 INFO placement.requestlog [None req-f01bc677-f83c-462a-b5fb-64a075e5521e ff8a839f900c4f0eaa96d4222ca76fb6 958ef7bbaeb646e7afa86b25a36755fd - - bfcdf39411394c26a023ea4d7a81cd26 bfcdf39411394c26a023ea4d7a81cd26] 10.0.0.117 "GET /resource_providers/aadf9c4b-2c78-401c-b305-f0040ebccc91/aggregates" status: 404 len: 235 microversion: 1.1
2026-07-24 01:04:52.975 7 INFO placement.requestlog [None req-b95c0b7e-bdd5-4db2-8807-88bd66810743 ff8a839f900c4f0eaa96d4222ca76fb6 958ef7bbaeb646e7afa86b25a36755fd - - bfcdf39411394c26a023ea4d7a81cd26 bfcdf39411394c26a023ea4d7a81cd26] 10.0.0.117 "GET /resource_providers/aadf9c4b-2c78-401c-b305-f0040ebccc91/aggregates" status: 404 len: 235 microversion: 1.1 [pid: 8|app: 0|req: 428/859] 10.0.0.117 () {32 vars in 825 bytes} [Fri Jul 24 01:04:52 2026] GET /resource_providers/aadf9c4b-2c78-401c-b305-f0040ebccc91/aggregates => generated 235 bytes in 16 msecs (HTTP/1.1 404) 5 headers in 202 bytes (1 switches on core 0) [pid: 7|app: 0|req: 432/860] 10.0.0.117 () {32 vars in 825 bytes} [Fri Jul 24 01:04:52 2026] GET /resource_providers/aadf9c4b-2c78-401c-b305-f0040ebccc91/aggregates => generated 235 bytes in 16 msecs (HTTP/1.1 404) 5 headers in 202 bytes (1 switches on core 0)
2026-07-24 01:04:53.001 8 INFO placement.requestlog [None req-3bdc49c0-080a-414e-98c0-6ff9e4180571 ff8a839f900c4f0eaa96d4222ca76fb6 958ef7bbaeb646e7afa86b25a36755fd - - bfcdf39411394c26a023ea4d7a81cd26 bfcdf39411394c26a023ea4d7a81cd26] 10.0.0.117 "DELETE /resource_providers/aadf9c4b-2c78-401c-b305-f0040ebccc91" status: 404 len: 246 microversion: 1.1 [pid: 8|app: 0|req: 429/861] 10.0.0.117 () {34 vars in 825 bytes} [Fri Jul 24 01:04:52 2026] DELETE /resource_providers/aadf9c4b-2c78-401c-b305-f0040ebccc91 => generated 246 bytes in 16 msecs (HTTP/1.1 404) 6 headers in 231 bytes (1 switches on core 0)
2026-07-24 01:04:53.004 7 INFO placement.requestlog [None req-f612bdce-f904-4000-9d8d-832bbf6b2f40 ff8a839f900c4f0eaa96d4222ca76fb6 958ef7bbaeb646e7afa86b25a36755fd - - bfcdf39411394c26a023ea4d7a81cd26 bfcdf39411394c26a023ea4d7a81cd26] 10.0.0.117 "DELETE /resource_providers/aadf9c4b-2c78-401c-b305-f0040ebccc91" status: 404 len: 246 microversion: 1.1 [pid: 7|app: 0|req: 433/862] 10.0.0.117 () {34 vars in 825 bytes} [Fri Jul 24 01:04:52 2026] DELETE /resource_providers/aadf9c4b-2c78-401c-b305-f0040ebccc91 => generated 246 bytes in 18 msecs (HTTP/1.1 404) 6 headers in 231 bytes (1 switches on core 0)
2026-07-24 01:04:53.428 7 INFO placement.requestlog [None req-7fe6ff12-296e-434a-a06c-d7a942944873 - - - - - -] 10.0.0.129 "GET /" status: 200 len: 136 microversion: 1.0
2026-07-24 01:04:53.428 8 INFO placement.requestlog [None req-19ca372c-6049-404a-a8bd-1a42547e84a6 - - - - - -] 10.0.0.129 "GET /" status: 200 len: 136 microversion: 1.0
2026-07-24 01:04:55.043 8 INFO placement.requestlog [None req-60506395-9ac3-4d97-a5e5-7ef077a75c81 ff8a839f900c4f0eaa96d4222ca76fb6 958ef7bbaeb646e7afa86b25a36755fd - - bfcdf39411394c26a023ea4d7a81cd26 bfcdf39411394c26a023ea4d7a81cd26] 10.0.0.117 "GET /resource_providers/5216c037-f076-4ffb-b4e7-30dbd06c2db3/aggregates" status: 404 len: 235 microversion: 1.1 [pid: 8|app: 0|req: 431/865] 10.0.0.117 () {32 vars in 825 bytes} [Fri Jul 24 01:04:55 2026] GET /resource_providers/5216c037-f076-4ffb-b4e7-30dbd06c2db3/aggregates => generated 235 bytes in 13 msecs (HTTP/1.1 404) 5 headers in 202 bytes (1 switches on core 0)
2026-07-24 01:04:55.044 7 INFO placement.requestlog [None req-53ed5126-5211-404f-aa38-bf5cb0a93782 ff8a839f900c4f0eaa96d4222ca76fb6 958ef7bbaeb646e7afa86b25a36755fd - - bfcdf39411394c26a023ea4d7a81cd26 bfcdf39411394c26a023ea4d7a81cd26] 10.0.0.117 "GET /resource_providers/5216c037-f076-4ffb-b4e7-30dbd06c2db3/aggregates" status: 404 len: 235 microversion: 1.1 [pid: 7|app: 0|req: 435/866] 10.0.0.117 () {32 vars in 825 bytes} [Fri Jul 24 01:04:55 2026] GET /resource_providers/5216c037-f076-4ffb-b4e7-30dbd06c2db3/aggregates => generated 235 bytes in 16 msecs (HTTP/1.1 404) 5 headers in 202 bytes (1 switches on core 0)
2026-07-24 01:04:55.069 7 INFO placement.requestlog [None req-7f9e07ea-b7eb-4cae-8973-8ad7be852237 ff8a839f900c4f0eaa96d4222ca76fb6 958ef7bbaeb646e7afa86b25a36755fd - - bfcdf39411394c26a023ea4d7a81cd26 bfcdf39411394c26a023ea4d7a81cd26] 10.0.0.117 "DELETE /resource_providers/5216c037-f076-4ffb-b4e7-30dbd06c2db3" status: 404 len: 246 microversion: 1.1 [pid: 7|app: 0|req: 436/867] 10.0.0.117 () {34 vars in 825 bytes} [Fri Jul 24 01:04:55 2026] DELETE /resource_providers/5216c037-f076-4ffb-b4e7-30dbd06c2db3 => generated 246 bytes in 11 msecs (HTTP/1.1 404) 6 headers in 231 bytes (1 switches on core 0)
2026-07-24 01:04:55.069 8 INFO placement.requestlog [None req-b56a50bb-a5f5-4eba-b2c0-b9bf7212160c ff8a839f900c4f0eaa96d4222ca76fb6 958ef7bbaeb646e7afa86b25a36755fd - - bfcdf39411394c26a023ea4d7a81cd26 bfcdf39411394c26a023ea4d7a81cd26] 10.0.0.117 "DELETE /resource_providers/5216c037-f076-4ffb-b4e7-30dbd06c2db3" status: 404 len: 246 microversion: 1.1 [pid: 8|app: 0|req: 432/868] 10.0.0.117 () {34 vars in 825 bytes} [Fri Jul 24 01:04:55 2026] DELETE /resource_providers/5216c037-f076-4ffb-b4e7-30dbd06c2db3 => generated 246 bytes in 12 msecs (HTTP/1.1 404) 6 headers in 231 bytes (1 switches on core 0)
2026-07-24 01:04:58.931 8 INFO placement.requestlog [None req-16680b98-5bc3-49e1-a4af-4ef8ac7946ca ff8a839f900c4f0eaa96d4222ca76fb6 958ef7bbaeb646e7afa86b25a36755fd - - bfcdf39411394c26a023ea4d7a81cd26 bfcdf39411394c26a023ea4d7a81cd26] 10.0.0.117 "GET /resource_providers/02664477-facf-427e-8378-052e79fae8e9/aggregates" status: 404 len: 235 microversion: 1.1 [pid: 8|app: 0|req: 433/869] 10.0.0.117 () {32 vars in 825 bytes} [Fri Jul 24 01:04:58 2026] GET /resource_providers/02664477-facf-427e-8378-052e79fae8e9/aggregates => generated 235 bytes in 10 msecs (HTTP/1.1 404) 5 headers in 202 bytes (1 switches on core 0)
2026-07-24 01:04:58.934 7 INFO placement.requestlog [None req-caa24741-d3cd-4ac9-8505-d93a90e0dc74 ff8a839f900c4f0eaa96d4222ca76fb6 958ef7bbaeb646e7afa86b25a36755fd - - bfcdf39411394c26a023ea4d7a81cd26 bfcdf39411394c26a023ea4d7a81cd26] 10.0.0.117 "GET /resource_providers/02664477-facf-427e-8378-052e79fae8e9/aggregates" status: 404 len: 235 microversion: 1.1 [pid: 7|app: 0|req: 437/870] 10.0.0.117 () {32 vars in 825 bytes} [Fri Jul 24 01:04:58 2026] GET /resource_providers/02664477-facf-427e-8378-052e79fae8e9/aggregates => generated 235 bytes in 13 msecs (HTTP/1.1 404) 5 headers in 202 bytes (1 switches on core 0)
2026-07-24 01:04:58.954 8 INFO placement.requestlog [None req-2245f240-a5b6-4153-9f15-49a3e0754fa7 ff8a839f900c4f0eaa96d4222ca76fb6 958ef7bbaeb646e7afa86b25a36755fd - - bfcdf39411394c26a023ea4d7a81cd26 bfcdf39411394c26a023ea4d7a81cd26] 10.0.0.117 "DELETE /resource_providers/02664477-facf-427e-8378-052e79fae8e9" status: 404 len: 246 microversion: 1.1 [pid: 8|app: 0|req: 434/871] 10.0.0.117 () {34 vars in 825 bytes} [Fri Jul 24 01:04:58 2026] DELETE /resource_providers/02664477-facf-427e-8378-052e79fae8e9 => generated 246 bytes in 11 msecs (HTTP/1.1 404) 6 headers in 231 bytes (1 switches on core 0)
2026-07-24 01:04:58.956 7 INFO placement.requestlog [None req-a3b5b329-e639-416b-aaad-640d93241eb8 ff8a839f900c4f0eaa96d4222ca76fb6 958ef7bbaeb646e7afa86b25a36755fd - - bfcdf39411394c26a023ea4d7a81cd26 bfcdf39411394c26a023ea4d7a81cd26] 10.0.0.117 "DELETE /resource_providers/02664477-facf-427e-8378-052e79fae8e9" status: 404 len: 246 microversion: 1.1 [pid: 7|app: 0|req: 438/872] 10.0.0.117 () {34 vars in 825 bytes} [Fri Jul 24 01:04:58 2026] DELETE /resource_providers/02664477-facf-427e-8378-052e79fae8e9 => generated 246 bytes in 13 msecs (HTTP/1.1 404) 6 headers in 231 bytes (1 switches on core 0)
2026-07-24 01:05:03.427 8 INFO placement.requestlog [None req-8e0fabc4-ebd9-42b4-b04a-a7f5e3948c2f - - - - - -] 10.0.0.129 "GET /" status: 200 len: 136 microversion: 1.0
2026-07-24 01:05:03.427 7 INFO placement.requestlog [None req-75995a14-a912-4ef6-99c6-6f7358f31a62 - - - - - -] 10.0.0.129 "GET /" status: 200 len: 136 microversion: 1.0
2026-07-24 01:05:06.005 8 INFO placement.requestlog [None req-48f3c5b3-26ec-4c02-91e8-dbb08b8627af ff8a839f900c4f0eaa96d4222ca76fb6 958ef7bbaeb646e7afa86b25a36755fd - - bfcdf39411394c26a023ea4d7a81cd26 bfcdf39411394c26a023ea4d7a81cd26] 10.0.0.117 "GET /resource_providers/22084a51-50ff-4b26-b705-cffe1e6db0fb/aggregates" status: 404 len: 235 microversion: 1.1 [pid: 8|app: 0|req: 436/875] 10.0.0.117 () {32 vars in 825 bytes} [Fri Jul 24 01:05:05 2026] GET /resource_providers/22084a51-50ff-4b26-b705-cffe1e6db0fb/aggregates => generated 235 bytes in 12 msecs (HTTP/1.1 404) 5 headers in 202 bytes (1 switches on core 0)
