2026-07-21 07:55:16.348 8 INFO placement.requestlog [None req-7a89561d-82ad-4d71-a0a5-656168e3afdd 1a2935e24bca44b880974ee5965f2593 d5f9fec4d24f4fd4b3efef9a78288c17 - - 37ea54171e5d4c46a914380e8abeb801 37ea54171e5d4c46a914380e8abeb801] 10.0.0.206 "DELETE /resource_providers/7f65e133-133c-4cb1-844b-458723d6e4b6" status: 404 len: 246 microversion: 1.1 [pid: 8|app: 0|req: 551/1116] 10.0.0.206 () {34 vars in 815 bytes} [Tue Jul 21 07:55:16 2026] DELETE /resource_providers/7f65e133-133c-4cb1-844b-458723d6e4b6 => generated 246 bytes in 12 msecs (HTTP/1.1 404) 6 headers in 231 bytes (1 switches on core 0)
2026-07-21 07:55:24.114 8 INFO placement.requestlog [None req-2a984e29-005c-47eb-ac29-f0322ffb4bb0 - - - - - -] 10.0.0.162 "GET /" status: 200 len: 136 microversion: 1.0
2026-07-21 07:55:24.114 7 INFO placement.requestlog [None req-a151f570-b95e-42ec-b80b-8d923e8231f3 - - - - - -] 10.0.0.162 "GET /" status: 200 len: 136 microversion: 1.0
2026-07-21 07:55:33.549 8 INFO placement.requestlog [req-9500f743-d1da-4cf7-8f87-d0b4cc0eead3 req-1bd5c3ac-f054-4d3c-807b-51a16bccd24f 1bb1b3a56e9a4c5d91344da2201966ac d5f9fec4d24f4fd4b3efef9a78288c17 - - 37ea54171e5d4c46a914380e8abeb801 37ea54171e5d4c46a914380e8abeb801] 10.0.0.8 "GET /allocation_candidates?limit=1000&resources=DISK_GB%3A1%2CMEMORY_MB%3A512%2CVCPU%3A1&root_required=%21COMPUTE_STATUS_DISABLED" status: 200 len: 2147 microversion: 1.36 [pid: 8|app: 0|req: 553/1119] 10.0.0.8 () {34 vars in 1009 bytes} [Tue Jul 21 07:55:33 2026] GET /allocation_candidates?limit=1000&resources=DISK_GB%3A1%2CMEMORY_MB%3A512%2CVCPU%3A1&root_required=%21COMPUTE_STATUS_DISABLED => generated 2147 bytes in 45 msecs (HTTP/1.1 200) 8 headers in 297 bytes (1 switches on core 0)
2026-07-21 07:55:33.583 7 INFO placement.requestlog [req-9500f743-d1da-4cf7-8f87-d0b4cc0eead3 req-408169bd-793e-4620-b0d7-e6964094d274 1bb1b3a56e9a4c5d91344da2201966ac d5f9fec4d24f4fd4b3efef9a78288c17 - - 37ea54171e5d4c46a914380e8abeb801 37ea54171e5d4c46a914380e8abeb801] 10.0.0.8 "GET /allocations/b5ada835-aa2c-48e4-860b-00f28904d487" status: 200 len: 19 microversion: 1.28 [pid: 7|app: 0|req: 567/1120] 10.0.0.8 () {34 vars in 858 bytes} [Tue Jul 21 07:55:33 2026] GET /allocations/b5ada835-aa2c-48e4-860b-00f28904d487 => generated 19 bytes in 12 msecs (HTTP/1.1 200) 8 headers in 295 bytes (1 switches on core 0)
2026-07-21 07:55:33.689 8 INFO placement.requestlog [req-9500f743-d1da-4cf7-8f87-d0b4cc0eead3 req-778ad3f8-f3c1-4a92-a0ec-e3b3eda4366e 1bb1b3a56e9a4c5d91344da2201966ac d5f9fec4d24f4fd4b3efef9a78288c17 - - 37ea54171e5d4c46a914380e8abeb801 37ea54171e5d4c46a914380e8abeb801] 10.0.0.8 "PUT /allocations/b5ada835-aa2c-48e4-860b-00f28904d487" status: 204 len: 0 microversion: 1.36 [pid: 8|app: 0|req: 554/1121] 10.0.0.8 () {38 vars in 911 bytes} [Tue Jul 21 07:55:33 2026] PUT /allocations/b5ada835-aa2c-48e4-860b-00f28904d487 => generated 0 bytes in 96 msecs (HTTP/1.1 204) 5 headers in 199 bytes (1 switches on core 0)
2026-07-21 07:55:34.032 7 INFO placement.requestlog [req-9500f743-d1da-4cf7-8f87-d0b4cc0eead3 req-a54b0a85-fdae-46c2-ad6e-10060a7495dc 1bb1b3a56e9a4c5d91344da2201966ac d5f9fec4d24f4fd4b3efef9a78288c17 - - 37ea54171e5d4c46a914380e8abeb801 37ea54171e5d4c46a914380e8abeb801] 199.19.213.219 "GET /allocations/b5ada835-aa2c-48e4-860b-00f28904d487" status: 200 len: 258 microversion: 1.28 [pid: 7|app: 0|req: 568/1122] 199.19.213.219 () {34 vars in 862 bytes} [Tue Jul 21 07:55:34 2026] GET /allocations/b5ada835-aa2c-48e4-860b-00f28904d487 => generated 258 bytes in 20 msecs (HTTP/1.1 200) 8 headers in 296 bytes (1 switches on core 0)
2026-07-21 07:55:34.113 8 INFO placement.requestlog [None req-39529bac-8c7b-42af-b8b5-0111845370f3 - - - - - -] 10.0.0.162 "GET /" status: 200 len: 136 microversion: 1.0
2026-07-21 07:55:34.114 7 INFO placement.requestlog [None req-9b1b2955-4e04-48ac-b9a2-9f4e6a8af224 - - - - - -] 10.0.0.162 "GET /" status: 200 len: 136 microversion: 1.0
2026-07-21 07:55:34.182 8 INFO placement.requestlog [req-9500f743-d1da-4cf7-8f87-d0b4cc0eead3 req-3963e72e-18cc-4ad5-8c8b-409d1e492786 1bb1b3a56e9a4c5d91344da2201966ac d5f9fec4d24f4fd4b3efef9a78288c17 - - 37ea54171e5d4c46a914380e8abeb801 37ea54171e5d4c46a914380e8abeb801] 199.19.213.219 "GET /resource_providers/9e80323b-f1d8-4170-846b-29ee64b36c5f/allocations" status: 200 len: 153 microversion: 1.0 [pid: 8|app: 0|req: 556/1125] 199.19.213.219 () {32 vars in 856 bytes} [Tue Jul 21 07:55:34 2026] GET /resource_providers/9e80323b-f1d8-4170-846b-29ee64b36c5f/allocations => generated 153 bytes in 30 msecs (HTTP/1.1 200) 6 headers in 224 bytes (1 switches on core 0)
2026-07-21 07:55:34.212 7 INFO placement.requestlog [req-9500f743-d1da-4cf7-8f87-d0b4cc0eead3 req-bf8a1631-f4be-485e-bfce-ded50af872cc 1bb1b3a56e9a4c5d91344da2201966ac d5f9fec4d24f4fd4b3efef9a78288c17 - - 37ea54171e5d4c46a914380e8abeb801 37ea54171e5d4c46a914380e8abeb801] 199.19.213.219 "GET /allocations/b5ada835-aa2c-48e4-860b-00f28904d487" status: 200 len: 258 microversion: 1.28 [pid: 7|app: 0|req: 570/1126] 199.19.213.219 () {34 vars in 862 bytes} [Tue Jul 21 07:55:34 2026] GET /allocations/b5ada835-aa2c-48e4-860b-00f28904d487 => generated 258 bytes in 22 msecs (HTTP/1.1 200) 8 headers in 296 bytes (1 switches on core 0)
2026-07-21 07:55:38.246 8 INFO placement.requestlog [req-02cc8650-a7f4-423e-943d-6a1edf2d6867 req-a2fe383d-87de-4cef-b170-70c3bc642bdf 1bb1b3a56e9a4c5d91344da2201966ac d5f9fec4d24f4fd4b3efef9a78288c17 - - 37ea54171e5d4c46a914380e8abeb801 37ea54171e5d4c46a914380e8abeb801] 10.0.0.8 "GET /allocation_candidates?limit=1000&resources=DISK_GB%3A1%2CMEMORY_MB%3A512%2CVCPU%3A1&root_required=%21COMPUTE_STATUS_DISABLED" status: 200 len: 2149 microversion: 1.36 [pid: 8|app: 0|req: 557/1127] 10.0.0.8 () {34 vars in 1009 bytes} [Tue Jul 21 07:55:38 2026] GET /allocation_candidates?limit=1000&resources=DISK_GB%3A1%2CMEMORY_MB%3A512%2CVCPU%3A1&root_required=%21COMPUTE_STATUS_DISABLED => generated 2149 bytes in 58 msecs (HTTP/1.1 200) 8 headers in 297 bytes (1 switches on core 0)
2026-07-21 07:55:38.284 7 INFO placement.requestlog [req-02cc8650-a7f4-423e-943d-6a1edf2d6867 req-65ff0d75-8925-46b5-bb6b-1a4ebd92d4cd 1bb1b3a56e9a4c5d91344da2201966ac d5f9fec4d24f4fd4b3efef9a78288c17 - - 37ea54171e5d4c46a914380e8abeb801 37ea54171e5d4c46a914380e8abeb801] 10.0.0.8 "GET /allocations/83d9ae92-05fb-4d68-abfe-334f186b2be1" status: 200 len: 19 microversion: 1.28 [pid: 7|app: 0|req: 571/1128] 10.0.0.8 () {34 vars in 858 bytes} [Tue Jul 21 07:55:38 2026] GET /allocations/83d9ae92-05fb-4d68-abfe-334f186b2be1 => generated 19 bytes in 16 msecs (HTTP/1.1 200) 8 headers in 295 bytes (1 switches on core 0)
2026-07-21 07:55:38.358 8 INFO placement.requestlog [req-02cc8650-a7f4-423e-943d-6a1edf2d6867 req-ae179fec-8a5e-4184-b4a5-de394887de0b 1bb1b3a56e9a4c5d91344da2201966ac d5f9fec4d24f4fd4b3efef9a78288c17 - - 37ea54171e5d4c46a914380e8abeb801 37ea54171e5d4c46a914380e8abeb801] 10.0.0.8 "PUT /allocations/83d9ae92-05fb-4d68-abfe-334f186b2be1" status: 204 len: 0 microversion: 1.36 [pid: 8|app: 0|req: 558/1129] 10.0.0.8 () {38 vars in 911 bytes} [Tue Jul 21 07:55:38 2026] PUT /allocations/83d9ae92-05fb-4d68-abfe-334f186b2be1 => generated 0 bytes in 65 msecs (HTTP/1.1 204) 5 headers in 199 bytes (1 switches on core 0)
2026-07-21 07:55:38.590 7 INFO placement.requestlog [req-02cc8650-a7f4-423e-943d-6a1edf2d6867 req-43e87466-c9b0-4c66-a229-49d34b3be6ac 1bb1b3a56e9a4c5d91344da2201966ac d5f9fec4d24f4fd4b3efef9a78288c17 - - 37ea54171e5d4c46a914380e8abeb801 37ea54171e5d4c46a914380e8abeb801] 199.19.213.219 "GET /allocations/83d9ae92-05fb-4d68-abfe-334f186b2be1" status: 200 len: 258 microversion: 1.28 [pid: 7|app: 0|req: 572/1130] 199.19.213.219 () {34 vars in 862 bytes} [Tue Jul 21 07:55:38 2026] GET /allocations/83d9ae92-05fb-4d68-abfe-334f186b2be1 => generated 258 bytes in 12 msecs (HTTP/1.1 200) 8 headers in 296 bytes (1 switches on core 0)
2026-07-21 07:55:38.738 8 INFO placement.requestlog [req-02cc8650-a7f4-423e-943d-6a1edf2d6867 req-849b063e-ac8f-4072-b645-0249d8da492d 1bb1b3a56e9a4c5d91344da2201966ac d5f9fec4d24f4fd4b3efef9a78288c17 - - 37ea54171e5d4c46a914380e8abeb801 37ea54171e5d4c46a914380e8abeb801] 199.19.213.219 "GET /resource_providers/9e80323b-f1d8-4170-846b-29ee64b36c5f/allocations" status: 200 len: 253 microversion: 1.0 [pid: 8|app: 0|req: 559/1131] 199.19.213.219 () {32 vars in 856 bytes} [Tue Jul 21 07:55:38 2026] GET /resource_providers/9e80323b-f1d8-4170-846b-29ee64b36c5f/allocations => generated 253 bytes in 21 msecs (HTTP/1.1 200) 6 headers in 224 bytes (1 switches on core 0)
2026-07-21 07:55:38.768 7 INFO placement.requestlog [req-02cc8650-a7f4-423e-943d-6a1edf2d6867 req-fba5223d-359d-4470-9a8b-19c70a0f8e20 1bb1b3a56e9a4c5d91344da2201966ac d5f9fec4d24f4fd4b3efef9a78288c17 - - 37ea54171e5d4c46a914380e8abeb801 37ea54171e5d4c46a914380e8abeb801] 199.19.213.219 "GET /allocations/b5ada835-aa2c-48e4-860b-00f28904d487" status: 200 len: 258 microversion: 1.28 [pid: 7|app: 0|req: 573/1132] 199.19.213.219 () {34 vars in 862 bytes} [Tue Jul 21 07:55:38 2026] GET /allocations/b5ada835-aa2c-48e4-860b-00f28904d487 => generated 258 bytes in 20 msecs (HTTP/1.1 200) 8 headers in 296 bytes (1 switches on core 0)
2026-07-21 07:55:38.788 8 INFO placement.requestlog [req-02cc8650-a7f4-423e-943d-6a1edf2d6867 req-8e8b04cd-76e6-4473-88e0-689387d7d2b3 1bb1b3a56e9a4c5d91344da2201966ac d5f9fec4d24f4fd4b3efef9a78288c17 - - 37ea54171e5d4c46a914380e8abeb801 37ea54171e5d4c46a914380e8abeb801] 199.19.213.219 "GET /allocations/83d9ae92-05fb-4d68-abfe-334f186b2be1" status: 200 len: 258 microversion: 1.28 [pid: 8|app: 0|req: 560/1133] 199.19.213.219 () {34 vars in 862 bytes} [Tue Jul 21 07:55:38 2026] GET /allocations/83d9ae92-05fb-4d68-abfe-334f186b2be1 => generated 258 bytes in 14 msecs (HTTP/1.1 200) 8 headers in 296 bytes (1 switches on core 0)
2026-07-21 07:55:44.114 8 INFO placement.requestlog [None req-eb235a5b-8913-4ab9-97eb-8aef3226168d - - - - - -] 10.0.0.162 "GET /" status: 200 len: 136 microversion: 1.0
2026-07-21 07:55:44.114 7 INFO placement.requestlog [None req-4fe29b40-f709-457a-9c0c-9ccf8fe89fff - - - - - -] 10.0.0.162 "GET /" status: 200 len: 136 microversion: 1.0
2026-07-21 07:55:46.129 8 INFO placement.requestlog [req-8cbac8c0-018b-43e4-bafc-23e149a15660 req-26e9faec-0ba1-4dcf-ab37-5b81dba570c8 1bb1b3a56e9a4c5d91344da2201966ac d5f9fec4d24f4fd4b3efef9a78288c17 - - 37ea54171e5d4c46a914380e8abeb801 37ea54171e5d4c46a914380e8abeb801] 10.0.0.8 "GET /allocation_candidates?limit=1000&resources=DISK_GB%3A1%2CMEMORY_MB%3A512%2CVCPU%3A1&root_required=%21COMPUTE_STATUS_DISABLED" status: 200 len: 2150 microversion: 1.36 [pid: 8|app: 0|req: 562/1136] 10.0.0.8 () {34 vars in 1009 bytes} [Tue Jul 21 07:55:46 2026] GET /allocation_candidates?limit=1000&resources=DISK_GB%3A1%2CMEMORY_MB%3A512%2CVCPU%3A1&root_required=%21COMPUTE_STATUS_DISABLED => generated 2150 bytes in 48 msecs (HTTP/1.1 200) 8 headers in 297 bytes (1 switches on core 0)
2026-07-21 07:55:46.172 7 INFO placement.requestlog [req-8cbac8c0-018b-43e4-bafc-23e149a15660 req-bb1a661e-7957-432c-b3f9-df7c17a1b2b2 1bb1b3a56e9a4c5d91344da2201966ac d5f9fec4d24f4fd4b3efef9a78288c17 - - 37ea54171e5d4c46a914380e8abeb801 37ea54171e5d4c46a914380e8abeb801] 10.0.0.8 "GET /allocations/433d3f22-676c-4a8f-aeac-24dc2bcc7385" status: 200 len: 19 microversion: 1.28 [pid: 7|app: 0|req: 575/1137] 10.0.0.8 () {34 vars in 858 bytes} [Tue Jul 21 07:55:46 2026] GET /allocations/433d3f22-676c-4a8f-aeac-24dc2bcc7385 => generated 19 bytes in 17 msecs (HTTP/1.1 200) 8 headers in 295 bytes (1 switches on core 0)
2026-07-21 07:55:46.235 8 INFO placement.requestlog [req-8cbac8c0-018b-43e4-bafc-23e149a15660 req-e44e99a2-6ec8-48f5-9855-f884903f7f6e 1bb1b3a56e9a4c5d91344da2201966ac d5f9fec4d24f4fd4b3efef9a78288c17 - - 37ea54171e5d4c46a914380e8abeb801 37ea54171e5d4c46a914380e8abeb801] 10.0.0.8 "PUT /allocations/433d3f22-676c-4a8f-aeac-24dc2bcc7385" status: 204 len: 0 microversion: 1.36 [pid: 8|app: 0|req: 563/1138] 10.0.0.8 () {38 vars in 911 bytes} [Tue Jul 21 07:55:46 2026] PUT /allocations/433d3f22-676c-4a8f-aeac-24dc2bcc7385 => generated 0 bytes in 58 msecs (HTTP/1.1 204) 5 headers in 199 bytes (1 switches on core 0)
2026-07-21 07:55:46.489 7 INFO placement.requestlog [req-8cbac8c0-018b-43e4-bafc-23e149a15660 req-c0391d87-94d0-42f4-b66c-d0feffe450d0 1bb1b3a56e9a4c5d91344da2201966ac d5f9fec4d24f4fd4b3efef9a78288c17 - - 37ea54171e5d4c46a914380e8abeb801 37ea54171e5d4c46a914380e8abeb801] 199.19.213.219 "GET /allocations/433d3f22-676c-4a8f-aeac-24dc2bcc7385" status: 200 len: 258 microversion: 1.28 [pid: 7|app: 0|req: 576/1139] 199.19.213.219 () {34 vars in 862 bytes} [Tue Jul 21 07:55:46 2026] GET /allocations/433d3f22-676c-4a8f-aeac-24dc2bcc7385 => generated 258 bytes in 13 msecs (HTTP/1.1 200) 8 headers in 296 bytes (1 switches on core 0)
2026-07-21 07:55:46.623 8 INFO placement.requestlog [req-8cbac8c0-018b-43e4-bafc-23e149a15660 req-d71cc5a2-4d7f-4eee-b040-8326c77b0657 1bb1b3a56e9a4c5d91344da2201966ac d5f9fec4d24f4fd4b3efef9a78288c17 - - 37ea54171e5d4c46a914380e8abeb801 37ea54171e5d4c46a914380e8abeb801] 199.19.213.219 "GET /resource_providers/9e80323b-f1d8-4170-846b-29ee64b36c5f/allocations" status: 200 len: 353 microversion: 1.0 [pid: 8|app: 0|req: 564/1140] 199.19.213.219 () {32 vars in 856 bytes} [Tue Jul 21 07:55:46 2026] GET /resource_providers/9e80323b-f1d8-4170-846b-29ee64b36c5f/allocations => generated 353 bytes in 17 msecs (HTTP/1.1 200) 6 headers in 224 bytes (1 switches on core 0)
2026-07-21 07:55:46.652 7 INFO placement.requestlog [req-8cbac8c0-018b-43e4-bafc-23e149a15660 req-95b95db4-3480-4a59-942a-1f41d0ff87e0 1bb1b3a56e9a4c5d91344da2201966ac d5f9fec4d24f4fd4b3efef9a78288c17 - - 37ea54171e5d4c46a914380e8abeb801 37ea54171e5d4c46a914380e8abeb801] 199.19.213.219 "GET /allocations/b5ada835-aa2c-48e4-860b-00f28904d487" status: 200 len: 258 microversion: 1.28 [pid: 7|app: 0|req: 577/1141] 199.19.213.219 () {34 vars in 862 bytes} [Tue Jul 21 07:55:46 2026] GET /allocations/b5ada835-aa2c-48e4-860b-00f28904d487 => generated 258 bytes in 22 msecs (HTTP/1.1 200) 8 headers in 296 bytes (1 switches on core 0)
2026-07-21 07:55:46.671 8 INFO placement.requestlog [req-8cbac8c0-018b-43e4-bafc-23e149a15660 req-71247220-a133-476c-b9c2-1a60f72e3c43 1bb1b3a56e9a4c5d91344da2201966ac d5f9fec4d24f4fd4b3efef9a78288c17 - - 37ea54171e5d4c46a914380e8abeb801 37ea54171e5d4c46a914380e8abeb801] 199.19.213.219 "GET /allocations/433d3f22-676c-4a8f-aeac-24dc2bcc7385" status: 200 len: 258 microversion: 1.28 [pid: 8|app: 0|req: 565/1142] 199.19.213.219 () {34 vars in 862 bytes} [Tue Jul 21 07:55:46 2026] GET /allocations/433d3f22-676c-4a8f-aeac-24dc2bcc7385 => generated 258 bytes in 12 msecs (HTTP/1.1 200) 8 headers in 296 bytes (1 switches on core 0)
2026-07-21 07:55:46.693 7 INFO placement.requestlog [req-8cbac8c0-018b-43e4-bafc-23e149a15660 req-07a08d24-16f7-4766-a22a-d92a8a72fe04 1bb1b3a56e9a4c5d91344da2201966ac d5f9fec4d24f4fd4b3efef9a78288c17 - - 37ea54171e5d4c46a914380e8abeb801 37ea54171e5d4c46a914380e8abeb801] 199.19.213.219 "GET /allocations/83d9ae92-05fb-4d68-abfe-334f186b2be1" status: 200 len: 258 microversion: 1.28 [pid: 7|app: 0|req: 578/1143] 199.19.213.219 () {34 vars in 862 bytes} [Tue Jul 21 07:55:46 2026] GET /allocations/83d9ae92-05fb-4d68-abfe-334f186b2be1 => generated 258 bytes in 15 msecs (HTTP/1.1 200) 8 headers in 296 bytes (1 switches on core 0)
2026-07-21 07:55:52.421 8 INFO placement.requestlog [req-45a86b36-04f3-44f1-8877-3b2775f66cdd req-8883552c-e646-4ed7-a798-eb45760fad0d 1bb1b3a56e9a4c5d91344da2201966ac d5f9fec4d24f4fd4b3efef9a78288c17 - - 37ea54171e5d4c46a914380e8abeb801 37ea54171e5d4c46a914380e8abeb801] 199.19.213.219 "GET /resource_providers/9e80323b-f1d8-4170-846b-29ee64b36c5f/allocations" status: 200 len: 353 microversion: 1.0 [pid: 8|app: 0|req: 566/1144] 199.19.213.219 () {32 vars in 856 bytes} [Tue Jul 21 07:55:52 2026] GET /resource_providers/9e80323b-f1d8-4170-846b-29ee64b36c5f/allocations => generated 353 bytes in 26 msecs (HTTP/1.1 200) 6 headers in 224 bytes (1 switches on core 0)
2026-07-21 07:55:52.464 7 INFO placement.requestlog [req-45a86b36-04f3-44f1-8877-3b2775f66cdd req-dc81f2b6-032e-4aa3-9dbf-d4c0b73fbead 1bb1b3a56e9a4c5d91344da2201966ac d5f9fec4d24f4fd4b3efef9a78288c17 - - 37ea54171e5d4c46a914380e8abeb801 37ea54171e5d4c46a914380e8abeb801] 199.19.213.219 "GET /allocations/b5ada835-aa2c-48e4-860b-00f28904d487" status: 200 len: 258 microversion: 1.28 [pid: 7|app: 0|req: 579/1145] 199.19.213.219 () {34 vars in 862 bytes} [Tue Jul 21 07:55:52 2026] GET /allocations/b5ada835-aa2c-48e4-860b-00f28904d487 => generated 258 bytes in 37 msecs (HTTP/1.1 200) 8 headers in 296 bytes (1 switches on core 0)
2026-07-21 07:55:52.496 8 INFO placement.requestlog [req-45a86b36-04f3-44f1-8877-3b2775f66cdd req-b4bdef43-8483-48b7-bdde-236bfd0c572d 1bb1b3a56e9a4c5d91344da2201966ac d5f9fec4d24f4fd4b3efef9a78288c17 - - 37ea54171e5d4c46a914380e8abeb801 37ea54171e5d4c46a914380e8abeb801] 199.19.213.219 "GET /allocations/433d3f22-676c-4a8f-aeac-24dc2bcc7385" status: 200 len: 258 microversion: 1.28 [pid: 8|app: 0|req: 567/1146] 199.19.213.219 () {34 vars in 862 bytes} [Tue Jul 21 07:55:52 2026] GET /allocations/433d3f22-676c-4a8f-aeac-24dc2bcc7385 => generated 258 bytes in 20 msecs (HTTP/1.1 200) 8 headers in 296 bytes (1 switches on core 0)
2026-07-21 07:55:52.517 7 INFO placement.requestlog [req-45a86b36-04f3-44f1-8877-3b2775f66cdd req-1e98c455-ce35-4da1-8945-988923eb4964 1bb1b3a56e9a4c5d91344da2201966ac d5f9fec4d24f4fd4b3efef9a78288c17 - - 37ea54171e5d4c46a914380e8abeb801 37ea54171e5d4c46a914380e8abeb801] 199.19.213.219 "GET /allocations/83d9ae92-05fb-4d68-abfe-334f186b2be1" status: 200 len: 258 microversion: 1.28 [pid: 7|app: 0|req: 580/1147] 199.19.213.219 () {34 vars in 862 bytes} [Tue Jul 21 07:55:52 2026] GET /allocations/83d9ae92-05fb-4d68-abfe-334f186b2be1 => generated 258 bytes in 16 msecs (HTTP/1.1 200) 8 headers in 296 bytes (1 switches on core 0)
2026-07-21 07:55:52.570 8 INFO placement.requestlog [req-45a86b36-04f3-44f1-8877-3b2775f66cdd req-01b82b09-dc54-41db-8c4f-986fa6c80ea7 1bb1b3a56e9a4c5d91344da2201966ac d5f9fec4d24f4fd4b3efef9a78288c17 - - 37ea54171e5d4c46a914380e8abeb801 37ea54171e5d4c46a914380e8abeb801] 199.19.213.219 "DELETE /allocations/b5ada835-aa2c-48e4-860b-00f28904d487" status: 204 len: 0 microversion: 1.0 [pid: 8|app: 0|req: 568/1148] 199.19.213.219 () {34 vars in 840 bytes} [Tue Jul 21 07:55:52 2026] DELETE /allocations/b5ada835-aa2c-48e4-860b-00f28904d487 => generated 0 bytes in 24 msecs (HTTP/1.1 204) 5 headers in 198 bytes (1 switches on core 0)
2026-07-21 07:55:54.115 7 INFO placement.requestlog [None req-7a8789c6-5cbf-4641-8174-8172b37cf613 - - - - - -] 10.0.0.162 "GET /" status: 200 len: 136 microversion: 1.0
2026-07-21 07:55:54.115 8 INFO placement.requestlog [None req-ae77c1a5-9ead-4e1d-9491-f54fe8cea82d - - - - - -] 10.0.0.162 "GET /" status: 200 len: 136 microversion: 1.0
2026-07-21 07:55:56.501 8 INFO placement.requestlog [None req-11db02d8-6c80-4c45-8621-931574946178 1a2935e24bca44b880974ee5965f2593 d5f9fec4d24f4fd4b3efef9a78288c17 - - 37ea54171e5d4c46a914380e8abeb801 37ea54171e5d4c46a914380e8abeb801] 10.0.0.206 "GET /resource_providers/a03438dc-a171-44df-98e2-f20a827ccef2/aggregates" status: 404 len: 235 microversion: 1.1 [pid: 8|app: 0|req: 570/1151] 10.0.0.206 () {32 vars in 815 bytes} [Tue Jul 21 07:55:56 2026] GET /resource_providers/a03438dc-a171-44df-98e2-f20a827ccef2/aggregates => generated 235 bytes in 10 msecs (HTTP/1.1 404) 5 headers in 202 bytes (1 switches on core 0)
2026-07-21 07:55:56.501 7 INFO placement.requestlog [None req-66f87d10-1f11-428b-b160-9342dd0a9f27 1a2935e24bca44b880974ee5965f2593 d5f9fec4d24f4fd4b3efef9a78288c17 - - 37ea54171e5d4c46a914380e8abeb801 37ea54171e5d4c46a914380e8abeb801] 10.0.0.206 "GET /resource_providers/a03438dc-a171-44df-98e2-f20a827ccef2/aggregates" status: 404 len: 235 microversion: 1.1 [pid: 7|app: 0|req: 582/1152] 10.0.0.206 () {32 vars in 815 bytes} [Tue Jul 21 07:55:56 2026] GET /resource_providers/a03438dc-a171-44df-98e2-f20a827ccef2/aggregates => generated 235 bytes in 10 msecs (HTTP/1.1 404) 5 headers in 202 bytes (1 switches on core 0)
2026-07-21 07:55:56.524 7 INFO placement.requestlog [None req-a173f5dc-4bdb-47b9-b28e-3892ba4b9cd5 1a2935e24bca44b880974ee5965f2593 d5f9fec4d24f4fd4b3efef9a78288c17 - - 37ea54171e5d4c46a914380e8abeb801 37ea54171e5d4c46a914380e8abeb801] 10.0.0.206 "DELETE /resource_providers/a03438dc-a171-44df-98e2-f20a827ccef2" status: 404 len: 246 microversion: 1.1
2026-07-21 07:55:56.524 8 INFO placement.requestlog [None req-2129d671-f695-4a55-af8b-9a08b4fca2f4 1a2935e24bca44b880974ee5965f2593 d5f9fec4d24f4fd4b3efef9a78288c17 - - 37ea54171e5d4c46a914380e8abeb801 37ea54171e5d4c46a914380e8abeb801] 10.0.0.206 "DELETE /resource_providers/a03438dc-a171-44df-98e2-f20a827ccef2" status: 404 len: 246 microversion: 1.1 [pid: 7|app: 0|req: 583/1153] 10.0.0.206 () {34 vars in 815 bytes} [Tue Jul 21 07:55:56 2026] DELETE /resource_providers/a03438dc-a171-44df-98e2-f20a827ccef2 => generated 246 bytes in 10 msecs (HTTP/1.1 404) 6 headers in 231 bytes (1 switches on core 0) [pid: 8|app: 0|req: 571/1154] 10.0.0.206 () {34 vars in 815 bytes} [Tue Jul 21 07:55:56 2026] DELETE /resource_providers/a03438dc-a171-44df-98e2-f20a827ccef2 => generated 246 bytes in 10 msecs (HTTP/1.1 404) 6 headers in 231 bytes (1 switches on core 0)
2026-07-21 07:55:58.909 7 INFO placement.requestlog [None req-01c088f0-6477-4c28-83f2-ae65894963b9 1a2935e24bca44b880974ee5965f2593 d5f9fec4d24f4fd4b3efef9a78288c17 - - 37ea54171e5d4c46a914380e8abeb801 37ea54171e5d4c46a914380e8abeb801] 10.0.0.206 "GET /resource_providers/65b892a0-67db-4f3b-b2a1-d86e9fd4d58d/aggregates" status: 404 len: 235 microversion: 1.1 [pid: 7|app: 0|req: 584/1155] 10.0.0.206 () {32 vars in 815 bytes} [Tue Jul 21 07:55:58 2026] GET /resource_providers/65b892a0-67db-4f3b-b2a1-d86e9fd4d58d/aggregates => generated 235 bytes in 11 msecs (HTTP/1.1 404) 5 headers in 202 bytes (1 switches on core 0)
2026-07-21 07:55:58.921 8 INFO placement.requestlog [None req-09db11f5-ac0e-4f05-a425-05d6e30c6d8c 1a2935e24bca44b880974ee5965f2593 d5f9fec4d24f4fd4b3efef9a78288c17 - - 37ea54171e5d4c46a914380e8abeb801 37ea54171e5d4c46a914380e8abeb801] 10.0.0.206 "GET /resource_providers/65b892a0-67db-4f3b-b2a1-d86e9fd4d58d/aggregates" status: 404 len: 235 microversion: 1.1 [pid: 8|app: 0|req: 572/1156] 10.0.0.206 () {32 vars in 815 bytes} [Tue Jul 21 07:55:58 2026] GET /resource_providers/65b892a0-67db-4f3b-b2a1-d86e9fd4d58d/aggregates => generated 235 bytes in 13 msecs (HTTP/1.1 404) 5 headers in 202 bytes (1 switches on core 0)
2026-07-21 07:55:58.961 8 INFO placement.requestlog [None req-f70bf86c-5eef-49cd-bc87-adff30ce4b94 1a2935e24bca44b880974ee5965f2593 d5f9fec4d24f4fd4b3efef9a78288c17 - - 37ea54171e5d4c46a914380e8abeb801 37ea54171e5d4c46a914380e8abeb801] 10.0.0.206 "DELETE /resource_providers/65b892a0-67db-4f3b-b2a1-d86e9fd4d58d" status: 404 len: 246 microversion: 1.1 [pid: 8|app: 0|req: 573/1157] 10.0.0.206 () {34 vars in 815 bytes} [Tue Jul 21 07:55:58 2026] DELETE /resource_providers/65b892a0-67db-4f3b-b2a1-d86e9fd4d58d => generated 246 bytes in 9 msecs (HTTP/1.1 404) 6 headers in 231 bytes (1 switches on core 0)
2026-07-21 07:55:58.967 7 INFO placement.requestlog [None req-2b1bdd79-59fc-465d-aed5-910c0972eee4 1a2935e24bca44b880974ee5965f2593 d5f9fec4d24f4fd4b3efef9a78288c17 - - 37ea54171e5d4c46a914380e8abeb801 37ea54171e5d4c46a914380e8abeb801] 10.0.0.206 "DELETE /resource_providers/65b892a0-67db-4f3b-b2a1-d86e9fd4d58d" status: 404 len: 246 microversion: 1.1 [pid: 7|app: 0|req: 585/1158] 10.0.0.206 () {34 vars in 815 bytes} [Tue Jul 21 07:55:58 2026] DELETE /resource_providers/65b892a0-67db-4f3b-b2a1-d86e9fd4d58d => generated 246 bytes in 15 msecs (HTTP/1.1 404) 6 headers in 231 bytes (1 switches on core 0)
2026-07-21 07:56:01.179 8 INFO placement.requestlog [None req-9e95dfc4-aeb7-4a67-88d5-dfbda17d5d21 1a2935e24bca44b880974ee5965f2593 d5f9fec4d24f4fd4b3efef9a78288c17 - - 37ea54171e5d4c46a914380e8abeb801 37ea54171e5d4c46a914380e8abeb801] 10.0.0.206 "GET /resource_providers/8515f3e3-80f1-4ae7-a05e-0a0d74bb17a5/aggregates" status: 404 len: 235 microversion: 1.1 [pid: 8|app: 0|req: 574/1159] 10.0.0.206 () {32 vars in 815 bytes} [Tue Jul 21 07:56:01 2026] GET /resource_providers/8515f3e3-80f1-4ae7-a05e-0a0d74bb17a5/aggregates => generated 235 bytes in 10 msecs (HTTP/1.1 404) 5 headers in 202 bytes (1 switches on core 0)
2026-07-21 07:56:01.183 7 INFO placement.requestlog [None req-98405b6d-a4b2-46e1-a4cb-f5ac6d7899eb 1a2935e24bca44b880974ee5965f2593 d5f9fec4d24f4fd4b3efef9a78288c17 - - 37ea54171e5d4c46a914380e8abeb801 37ea54171e5d4c46a914380e8abeb801] 10.0.0.206 "GET /resource_providers/8515f3e3-80f1-4ae7-a05e-0a0d74bb17a5/aggregates" status: 404 len: 235 microversion: 1.1 [pid: 7|app: 0|req: 586/1160] 10.0.0.206 () {32 vars in 815 bytes} [Tue Jul 21 07:56:01 2026] GET /resource_providers/8515f3e3-80f1-4ae7-a05e-0a0d74bb17a5/aggregates => generated 235 bytes in 13 msecs (HTTP/1.1 404) 5 headers in 202 bytes (1 switches on core 0)
2026-07-21 07:56:01.198 7 INFO placement.requestlog [None req-b804eea8-8da2-4976-b5d9-1f1c287403ca 1a2935e24bca44b880974ee5965f2593 d5f9fec4d24f4fd4b3efef9a78288c17 - - 37ea54171e5d4c46a914380e8abeb801 37ea54171e5d4c46a914380e8abeb801] 10.0.0.206 "DELETE /resource_providers/8515f3e3-80f1-4ae7-a05e-0a0d74bb17a5" status: 404 len: 246 microversion: 1.1 [pid: 7|app: 0|req: 587/1161] 10.0.0.206 () {34 vars in 815 bytes} [Tue Jul 21 07:56:01 2026] DELETE /resource_providers/8515f3e3-80f1-4ae7-a05e-0a0d74bb17a5 => generated 246 bytes in 7 msecs (HTTP/1.1 404) 6 headers in 231 bytes (1 switches on core 0)
2026-07-21 07:56:01.200 8 INFO placement.requestlog [None req-a952873b-cfdd-4d6e-b59a-249451f44707 1a2935e24bca44b880974ee5965f2593 d5f9fec4d24f4fd4b3efef9a78288c17 - - 37ea54171e5d4c46a914380e8abeb801 37ea54171e5d4c46a914380e8abeb801] 10.0.0.206 "DELETE /resource_providers/8515f3e3-80f1-4ae7-a05e-0a0d74bb17a5" status: 404 len: 246 microversion: 1.1 [pid: 8|app: 0|req: 575/1162] 10.0.0.206 () {34 vars in 815 bytes} [Tue Jul 21 07:56:01 2026] DELETE /resource_providers/8515f3e3-80f1-4ae7-a05e-0a0d74bb17a5 => generated 246 bytes in 9 msecs (HTTP/1.1 404) 6 headers in 231 bytes (1 switches on core 0)
2026-07-21 07:56:01.212 7 INFO placement.requestlog [None req-96480377-1fcf-496d-824e-6fcf21a81d19 1a2935e24bca44b880974ee5965f2593 d5f9fec4d24f4fd4b3efef9a78288c17 - - 37ea54171e5d4c46a914380e8abeb801 37ea54171e5d4c46a914380e8abeb801] 10.0.0.206 "GET /resource_providers/8d447f14-f2ea-434a-bb30-1be994e83d0c/aggregates" status: 404 len: 235 microversion: 1.1 [pid: 7|app: 0|req: 588/1163] 10.0.0.206 () {32 vars in 815 bytes} [Tue Jul 21 07:56:01 2026] GET /resource_providers/8d447f14-f2ea-434a-bb30-1be994e83d0c/aggregates => generated 235 bytes in 8 msecs (HTTP/1.1 404) 5 headers in 202 bytes (1 switches on core 0)
2026-07-21 07:56:01.216 8 INFO placement.requestlog [None req-7233e03a-7496-4818-bc83-45d86d5339aa 1a2935e24bca44b880974ee5965f2593 d5f9fec4d24f4fd4b3efef9a78288c17 - - 37ea54171e5d4c46a914380e8abeb801 37ea54171e5d4c46a914380e8abeb801] 10.0.0.206 "GET /resource_providers/8d447f14-f2ea-434a-bb30-1be994e83d0c/aggregates" status: 404 len: 235 microversion: 1.1 [pid: 8|app: 0|req: 576/1164] 10.0.0.206 () {32 vars in 815 bytes} [Tue Jul 21 07:56:01 2026] GET /resource_providers/8d447f14-f2ea-434a-bb30-1be994e83d0c/aggregates => generated 235 bytes in 7 msecs (HTTP/1.1 404) 5 headers in 202 bytes (1 switches on core 0)
2026-07-21 07:56:01.233 7 INFO placement.requestlog [None req-6b6a2c9b-5f8b-4e62-8166-819e39c8c313 1a2935e24bca44b880974ee5965f2593 d5f9fec4d24f4fd4b3efef9a78288c17 - - 37ea54171e5d4c46a914380e8abeb801 37ea54171e5d4c46a914380e8abeb801] 10.0.0.206 "DELETE /resource_providers/8d447f14-f2ea-434a-bb30-1be994e83d0c" status: 404 len: 246 microversion: 1.1 [pid: 7|app: 0|req: 589/1165] 10.0.0.206 () {34 vars in 815 bytes} [Tue Jul 21 07:56:01 2026] DELETE /resource_providers/8d447f14-f2ea-434a-bb30-1be994e83d0c => generated 246 bytes in 10 msecs (HTTP/1.1 404) 6 headers in 231 bytes (1 switches on core 0)
2026-07-21 07:56:01.235 8 INFO placement.requestlog [None req-b1d4ace2-f9b6-4112-9959-505e55a1571f 1a2935e24bca44b880974ee5965f2593 d5f9fec4d24f4fd4b3efef9a78288c17 - - 37ea54171e5d4c46a914380e8abeb801 37ea54171e5d4c46a914380e8abeb801] 10.0.0.206 "DELETE /resource_providers/8d447f14-f2ea-434a-bb30-1be994e83d0c" status: 404 len: 246 microversion: 1.1 [pid: 8|app: 0|req: 577/1166] 10.0.0.206 () {34 vars in 815 bytes} [Tue Jul 21 07:56:01 2026] DELETE /resource_providers/8d447f14-f2ea-434a-bb30-1be994e83d0c => generated 246 bytes in 9 msecs (HTTP/1.1 404) 6 headers in 231 bytes (1 switches on core 0)
2026-07-21 07:56:04.114 8 INFO placement.requestlog [None req-2a7bc885-06ad-4db4-a02c-fb69edea3ee9 - - - - - -] 10.0.0.162 "GET /" status: 200 len: 136 microversion: 1.0
2026-07-21 07:56:04.114 7 INFO placement.requestlog [None req-9afda614-f52c-4d4d-8b6b-2920116ca560 - - - - - -] 10.0.0.162 "GET /" status: 200 len: 136 microversion: 1.0
2026-07-21 07:56:13.639 8 INFO placement.requestlog [req-74b53af3-0644-43cc-9849-957fc1db8c25 req-e44e25cd-a06e-4015-a254-de94ae49eef9 1bb1b3a56e9a4c5d91344da2201966ac d5f9fec4d24f4fd4b3efef9a78288c17 - - 37ea54171e5d4c46a914380e8abeb801 37ea54171e5d4c46a914380e8abeb801] 199.19.213.219 "GET /resource_providers/9e80323b-f1d8-4170-846b-29ee64b36c5f/allocations" status: 200 len: 253 microversion: 1.0 [pid: 8|app: 0|req: 579/1169] 199.19.213.219 () {32 vars in 856 bytes} [Tue Jul 21 07:56:13 2026] GET /resource_providers/9e80323b-f1d8-4170-846b-29ee64b36c5f/allocations => generated 253 bytes in 17 msecs (HTTP/1.1 200) 6 headers in 224 bytes (1 switches on core 0)
2026-07-21 07:56:13.689 7 INFO placement.requestlog [req-74b53af3-0644-43cc-9849-957fc1db8c25 req-0c02fb7b-a661-4794-8dad-e91cad7df0c9 1bb1b3a56e9a4c5d91344da2201966ac d5f9fec4d24f4fd4b3efef9a78288c17 - - 37ea54171e5d4c46a914380e8abeb801 37ea54171e5d4c46a914380e8abeb801] 199.19.213.219 "GET /resource_providers/9e80323b-f1d8-4170-846b-29ee64b36c5f/allocations" status: 200 len: 253 microversion: 1.0 [pid: 7|app: 0|req: 591/1170] 199.19.213.219 () {32 vars in 856 bytes} [Tue Jul 21 07:56:13 2026] GET /resource_providers/9e80323b-f1d8-4170-846b-29ee64b36c5f/allocations => generated 253 bytes in 19 msecs (HTTP/1.1 200) 6 headers in 224 bytes (1 switches on core 0)
2026-07-21 07:56:13.712 8 INFO placement.requestlog [req-74b53af3-0644-43cc-9849-957fc1db8c25 req-e74b6e7f-3c64-4e57-8c76-7daa7e233f31 1bb1b3a56e9a4c5d91344da2201966ac d5f9fec4d24f4fd4b3efef9a78288c17 - - 37ea54171e5d4c46a914380e8abeb801 37ea54171e5d4c46a914380e8abeb801] 199.19.213.219 "GET /allocations/433d3f22-676c-4a8f-aeac-24dc2bcc7385" status: 200 len: 258 microversion: 1.28 [pid: 8|app: 0|req: 580/1171] 199.19.213.219 () {34 vars in 862 bytes} [Tue Jul 21 07:56:13 2026] GET /allocations/433d3f22-676c-4a8f-aeac-24dc2bcc7385 => generated 258 bytes in 16 msecs (HTTP/1.1 200) 8 headers in 296 bytes (1 switches on core 0)
2026-07-21 07:56:13.734 7 INFO placement.requestlog [req-74b53af3-0644-43cc-9849-957fc1db8c25 req-862870de-cfd1-4136-a911-5c729de208ec 1bb1b3a56e9a4c5d91344da2201966ac d5f9fec4d24f4fd4b3efef9a78288c17 - - 37ea54171e5d4c46a914380e8abeb801 37ea54171e5d4c46a914380e8abeb801] 199.19.213.219 "GET /allocations/83d9ae92-05fb-4d68-abfe-334f186b2be1" status: 200 len: 258 microversion: 1.28 [pid: 7|app: 0|req: 592/1172] 199.19.213.219 () {34 vars in 862 bytes} [Tue Jul 21 07:56:13 2026] GET /allocations/83d9ae92-05fb-4d68-abfe-334f186b2be1 => generated 258 bytes in 14 msecs (HTTP/1.1 200) 8 headers in 296 bytes (1 switches on core 0)
2026-07-21 07:56:14.114 8 INFO placement.requestlog [None req-fd84f3d0-a611-4317-a90f-177e9b0ed37b - - - - - -] 10.0.0.162 "GET /" status: 200 len: 136 microversion: 1.0
2026-07-21 07:56:14.114 7 INFO placement.requestlog [None req-ee913fcb-6f6d-4d34-b743-c1b7b11f0140 - - - - - -] 10.0.0.162 "GET /" status: 200 len: 136 microversion: 1.0
2026-07-21 07:56:18.643 8 INFO placement.requestlog [req-c553966c-d04f-490c-90eb-43a1653b0d5d req-86fb3e92-c54a-4dc8-ae4b-2739f1f5df4c 1bb1b3a56e9a4c5d91344da2201966ac d5f9fec4d24f4fd4b3efef9a78288c17 - - 37ea54171e5d4c46a914380e8abeb801 37ea54171e5d4c46a914380e8abeb801] 10.0.0.8 "GET /allocation_candidates?limit=1000&resources=MEMORY_MB%3A2048%2CVCPU%3A2&root_required=%21COMPUTE_STATUS_DISABLED" status: 200 len: 2137 microversion: 1.36 [pid: 8|app: 0|req: 582/1175] 10.0.0.8 () {34 vars in 983 bytes} [Tue Jul 21 07:56:18 2026] GET /allocation_candidates?limit=1000&resources=MEMORY_MB%3A2048%2CVCPU%3A2&root_required=%21COMPUTE_STATUS_DISABLED => generated 2137 bytes in 37 msecs (HTTP/1.1 200) 8 headers in 297 bytes (1 switches on core 0)
2026-07-21 07:56:18.675 7 INFO placement.requestlog [req-c553966c-d04f-490c-90eb-43a1653b0d5d req-8449062d-4c51-4b89-95df-4d53adb561f2 1bb1b3a56e9a4c5d91344da2201966ac d5f9fec4d24f4fd4b3efef9a78288c17 - - 37ea54171e5d4c46a914380e8abeb801 37ea54171e5d4c46a914380e8abeb801] 10.0.0.8 "GET /allocations/7be9f4e4-e4e9-4582-b82c-405496ed934e" status: 200 len: 19 microversion: 1.28 [pid: 7|app: 0|req: 594/1176] 10.0.0.8 () {34 vars in 858 bytes} [Tue Jul 21 07:56:18 2026] GET /allocations/7be9f4e4-e4e9-4582-b82c-405496ed934e => generated 19 bytes in 13 msecs (HTTP/1.1 200) 8 headers in 295 bytes (1 switches on core 0)
2026-07-21 07:56:18.737 8 INFO placement.requestlog [req-c553966c-d04f-490c-90eb-43a1653b0d5d req-e2f578a9-1a01-4b31-99f1-cc968e82af1b 1bb1b3a56e9a4c5d91344da2201966ac d5f9fec4d24f4fd4b3efef9a78288c17 - - 37ea54171e5d4c46a914380e8abeb801 37ea54171e5d4c46a914380e8abeb801] 10.0.0.8 "PUT /allocations/7be9f4e4-e4e9-4582-b82c-405496ed934e" status: 204 len: 0 microversion: 1.36 [pid: 8|app: 0|req: 583/1177] 10.0.0.8 () {38 vars in 911 bytes} [Tue Jul 21 07:56:18 2026] PUT /allocations/7be9f4e4-e4e9-4582-b82c-405496ed934e => generated 0 bytes in 55 msecs (HTTP/1.1 204) 5 headers in 199 bytes (1 switches on core 0)
2026-07-21 07:56:19.041 7 INFO placement.requestlog [req-c553966c-d04f-490c-90eb-43a1653b0d5d req-11c288d0-9b8b-4737-bfec-8067ba17ae2d 1bb1b3a56e9a4c5d91344da2201966ac d5f9fec4d24f4fd4b3efef9a78288c17 - - 37ea54171e5d4c46a914380e8abeb801 37ea54171e5d4c46a914380e8abeb801] 199.19.213.219 "GET /allocations/7be9f4e4-e4e9-4582-b82c-405496ed934e" status: 200 len: 245 microversion: 1.28 [pid: 7|app: 0|req: 595/1178] 199.19.213.219 () {34 vars in 862 bytes} [Tue Jul 21 07:56:19 2026] GET /allocations/7be9f4e4-e4e9-4582-b82c-405496ed934e => generated 245 bytes in 12 msecs (HTTP/1.1 200) 8 headers in 296 bytes (1 switches on core 0)
2026-07-21 07:56:19.213 8 INFO placement.requestlog [req-c553966c-d04f-490c-90eb-43a1653b0d5d req-fea42625-b326-4036-b3e9-0cb233610647 1bb1b3a56e9a4c5d91344da2201966ac d5f9fec4d24f4fd4b3efef9a78288c17 - - 37ea54171e5d4c46a914380e8abeb801 37ea54171e5d4c46a914380e8abeb801] 199.19.213.219 "GET /resource_providers/9e80323b-f1d8-4170-846b-29ee64b36c5f/allocations" status: 200 len: 340 microversion: 1.0 [pid: 8|app: 0|req: 584/1179] 199.19.213.219 () {32 vars in 856 bytes} [Tue Jul 21 07:56:19 2026] GET /resource_providers/9e80323b-f1d8-4170-846b-29ee64b36c5f/allocations => generated 340 bytes in 13 msecs (HTTP/1.1 200) 6 headers in 224 bytes (1 switches on core 0)
2026-07-21 07:56:19.237 7 INFO placement.requestlog [req-c553966c-d04f-490c-90eb-43a1653b0d5d req-c2d7632e-e6b9-461b-9450-e36457229768 1bb1b3a56e9a4c5d91344da2201966ac d5f9fec4d24f4fd4b3efef9a78288c17 - - 37ea54171e5d4c46a914380e8abeb801 37ea54171e5d4c46a914380e8abeb801] 199.19.213.219 "GET /allocations/7be9f4e4-e4e9-4582-b82c-405496ed934e" status: 200 len: 245 microversion: 1.28 [pid: 7|app: 0|req: 596/1180] 199.19.213.219 () {34 vars in 862 bytes} [Tue Jul 21 07:56:19 2026] GET /allocations/7be9f4e4-e4e9-4582-b82c-405496ed934e => generated 245 bytes in 14 msecs (HTTP/1.1 200) 8 headers in 296 bytes (1 switches on core 0)
2026-07-21 07:56:19.257 8 INFO placement.requestlog [req-c553966c-d04f-490c-90eb-43a1653b0d5d req-33913ffb-f9b3-4d9d-bd75-99bc28dd035f 1bb1b3a56e9a4c5d91344da2201966ac d5f9fec4d24f4fd4b3efef9a78288c17 - - 37ea54171e5d4c46a914380e8abeb801 37ea54171e5d4c46a914380e8abeb801] 199.19.213.219 "GET /allocations/433d3f22-676c-4a8f-aeac-24dc2bcc7385" status: 200 len: 258 microversion: 1.28 [pid: 8|app: 0|req: 585/1181] 199.19.213.219 () {34 vars in 862 bytes} [Tue Jul 21 07:56:19 2026] GET /allocations/433d3f22-676c-4a8f-aeac-24dc2bcc7385 => generated 258 bytes in 9 msecs (HTTP/1.1 200) 8 headers in 296 bytes (1 switches on core 0)
2026-07-21 07:56:19.278 7 INFO placement.requestlog [req-c553966c-d04f-490c-90eb-43a1653b0d5d req-f8bc66e0-e0ab-451d-af61-4c7103c25a21 1bb1b3a56e9a4c5d91344da2201966ac d5f9fec4d24f4fd4b3efef9a78288c17 - - 37ea54171e5d4c46a914380e8abeb801 37ea54171e5d4c46a914380e8abeb801] 199.19.213.219 "GET /allocations/83d9ae92-05fb-4d68-abfe-334f186b2be1" status: 200 len: 258 microversion: 1.28 [pid: 7|app: 0|req: 597/1182] 199.19.213.219 () {34 vars in 862 bytes} [Tue Jul 21 07:56:19 2026] GET /allocations/83d9ae92-05fb-4d68-abfe-334f186b2be1 => generated 258 bytes in 13 msecs (HTTP/1.1 200) 8 headers in 296 bytes (1 switches on core 0)
2026-07-21 07:56:23.131 7 INFO placement.requestlog [None req-441159fd-ada9-49e0-bdb7-9c3a7a499530 1a2935e24bca44b880974ee5965f2593 d5f9fec4d24f4fd4b3efef9a78288c17 - - 37ea54171e5d4c46a914380e8abeb801 37ea54171e5d4c46a914380e8abeb801] 10.0.0.206 "GET /resource_providers/d74b2e0f-f3b6-4abd-9438-d20b48718823/aggregates" status: 404 len: 235 microversion: 1.1 [pid: 7|app: 0|req: 598/1183] 10.0.0.206 () {32 vars in 815 bytes} [Tue Jul 21 07:56:23 2026] GET /resource_providers/d74b2e0f-f3b6-4abd-9438-d20b48718823/aggregates => generated 235 bytes in 11 msecs (HTTP/1.1 404) 5 headers in 202 bytes (1 switches on core 0)
2026-07-21 07:56:23.132 8 INFO placement.requestlog [None req-8d5015ac-610f-411e-abdf-6391650c7732 1a2935e24bca44b880974ee5965f2593 d5f9fec4d24f4fd4b3efef9a78288c17 - - 37ea54171e5d4c46a914380e8abeb801 37ea54171e5d4c46a914380e8abeb801] 10.0.0.206 "GET /resource_providers/d74b2e0f-f3b6-4abd-9438-d20b48718823/aggregates" status: 404 len: 235 microversion: 1.1 [pid: 8|app: 0|req: 586/1184] 10.0.0.206 () {32 vars in 815 bytes} [Tue Jul 21 07:56:23 2026] GET /resource_providers/d74b2e0f-f3b6-4abd-9438-d20b48718823/aggregates => generated 235 bytes in 12 msecs (HTTP/1.1 404) 5 headers in 202 bytes (1 switches on core 0)
2026-07-21 07:56:23.161 7 INFO placement.requestlog [None req-952b72e5-1df5-4c34-8674-9ef4a9960147 1a2935e24bca44b880974ee5965f2593 d5f9fec4d24f4fd4b3efef9a78288c17 - - 37ea54171e5d4c46a914380e8abeb801 37ea54171e5d4c46a914380e8abeb801] 10.0.0.206 "DELETE /resource_providers/d74b2e0f-f3b6-4abd-9438-d20b48718823" status: 404 len: 246 microversion: 1.1 [pid: 7|app: 0|req: 599/1185] 10.0.0.206 () {34 vars in 815 bytes} [Tue Jul 21 07:56:23 2026] DELETE /resource_providers/d74b2e0f-f3b6-4abd-9438-d20b48718823 => generated 246 bytes in 10 msecs (HTTP/1.1 404) 6 headers in 231 bytes (1 switches on core 0)
2026-07-21 07:56:23.163 8 INFO placement.requestlog [None req-c993959a-c007-4858-911b-bc5dd98ce601 1a2935e24bca44b880974ee5965f2593 d5f9fec4d24f4fd4b3efef9a78288c17 - - 37ea54171e5d4c46a914380e8abeb801 37ea54171e5d4c46a914380e8abeb801] 10.0.0.206 "DELETE /resource_providers/d74b2e0f-f3b6-4abd-9438-d20b48718823" status: 404 len: 246 microversion: 1.1 [pid: 8|app: 0|req: 587/1186] 10.0.0.206 () {34 vars in 815 bytes} [Tue Jul 21 07:56:23 2026] DELETE /resource_providers/d74b2e0f-f3b6-4abd-9438-d20b48718823 => generated 246 bytes in 12 msecs (HTTP/1.1 404) 6 headers in 231 bytes (1 switches on core 0)
2026-07-21 07:56:23.358 7 INFO placement.requestlog [None req-c387cbd2-e7e0-4a4d-ad57-72494e392ccc 1a2935e24bca44b880974ee5965f2593 d5f9fec4d24f4fd4b3efef9a78288c17 - - 37ea54171e5d4c46a914380e8abeb801 37ea54171e5d4c46a914380e8abeb801] 10.0.0.206 "GET /resource_providers/aade1134-4316-487d-85ad-dc6a6f761fe7/aggregates" status: 404 len: 235 microversion: 1.1 [pid: 7|app: 0|req: 600/1187] 10.0.0.206 () {32 vars in 815 bytes} [Tue Jul 21 07:56:23 2026] GET /resource_providers/aade1134-4316-487d-85ad-dc6a6f761fe7/aggregates => generated 235 bytes in 12 msecs (HTTP/1.1 404) 5 headers in 202 bytes (1 switches on core 0)
2026-07-21 07:56:23.363 8 INFO placement.requestlog [None req-db28809e-0b82-462b-adc0-b41279fc61d5 1a2935e24bca44b880974ee5965f2593 d5f9fec4d24f4fd4b3efef9a78288c17 - - 37ea54171e5d4c46a914380e8abeb801 37ea54171e5d4c46a914380e8abeb801] 10.0.0.206 "GET /resource_providers/aade1134-4316-487d-85ad-dc6a6f761fe7/aggregates" status: 404 len: 235 microversion: 1.1 [pid: 8|app: 0|req: 588/1188] 10.0.0.206 () {32 vars in 815 bytes} [Tue Jul 21 07:56:23 2026] GET /resource_providers/aade1134-4316-487d-85ad-dc6a6f761fe7/aggregates => generated 235 bytes in 12 msecs (HTTP/1.1 404) 5 headers in 202 bytes (1 switches on core 0)
2026-07-21 07:56:23.390 7 INFO placement.requestlog [None req-358bf6f0-d2d5-4672-a044-ca8f7762a3bb 1a2935e24bca44b880974ee5965f2593 d5f9fec4d24f4fd4b3efef9a78288c17 - - 37ea54171e5d4c46a914380e8abeb801 37ea54171e5d4c46a914380e8abeb801] 10.0.0.206 "DELETE /resource_providers/aade1134-4316-487d-85ad-dc6a6f761fe7" status: 404 len: 246 microversion: 1.1 [pid: 7|app: 0|req: 601/1189] 10.0.0.206 () {34 vars in 815 bytes} [Tue Jul 21 07:56:23 2026] DELETE /resource_providers/aade1134-4316-487d-85ad-dc6a6f761fe7 => generated 246 bytes in 17 msecs (HTTP/1.1 404) 6 headers in 231 bytes (1 switches on core 0)
2026-07-21 07:56:23.394 8 INFO placement.requestlog [None req-9e4d07a6-ed3a-4a73-8ee4-21f2bcab0c6b 1a2935e24bca44b880974ee5965f2593 d5f9fec4d24f4fd4b3efef9a78288c17 - - 37ea54171e5d4c46a914380e8abeb801 37ea54171e5d4c46a914380e8abeb801] 10.0.0.206 "DELETE /resource_providers/aade1134-4316-487d-85ad-dc6a6f761fe7" status: 404 len: 246 microversion: 1.1 [pid: 8|app: 0|req: 589/1190] 10.0.0.206 () {34 vars in 815 bytes} [Tue Jul 21 07:56:23 2026] DELETE /resource_providers/aade1134-4316-487d-85ad-dc6a6f761fe7 => generated 246 bytes in 11 msecs (HTTP/1.1 404) 6 headers in 231 bytes (1 switches on core 0)
2026-07-21 07:56:24.113 8 INFO placement.requestlog [None req-5698234d-db8f-45bf-bf65-de7ceafcb5a3 - - - - - -] 10.0.0.162 "GET /" status: 200 len: 136 microversion: 1.0
2026-07-21 07:56:24.113 7 INFO placement.requestlog [None req-6e0336a7-5d79-4b38-92a9-5157b93f207b - - - - - -] 10.0.0.162 "GET /" status: 200 len: 136 microversion: 1.0
2026-07-21 07:56:25.186 7 INFO placement.requestlog [None req-4f554057-7e03-4371-bf03-92572e4f9db3 1a2935e24bca44b880974ee5965f2593 d5f9fec4d24f4fd4b3efef9a78288c17 - - 37ea54171e5d4c46a914380e8abeb801 37ea54171e5d4c46a914380e8abeb801] 10.0.0.206 "GET /resource_providers/8bae9a63-1fa1-4f7b-b078-2e1864fc3b4c/aggregates" status: 404 len: 235 microversion: 1.1 [pid: 7|app: 0|req: 603/1193] 10.0.0.206 () {32 vars in 815 bytes} [Tue Jul 21 07:56:25 2026] GET /resource_providers/8bae9a63-1fa1-4f7b-b078-2e1864fc3b4c/aggregates => generated 235 bytes in 12 msecs (HTTP/1.1 404) 5 headers in 202 bytes (1 switches on core 0)
2026-07-21 07:56:25.189 8 INFO placement.requestlog [None req-2e565d08-2aea-49f6-8b87-2e1bf2f5981d 1a2935e24bca44b880974ee5965f2593 d5f9fec4d24f4fd4b3efef9a78288c17 - - 37ea54171e5d4c46a914380e8abeb801 37ea54171e5d4c46a914380e8abeb801] 10.0.0.206 "GET /resource_providers/8bae9a63-1fa1-4f7b-b078-2e1864fc3b4c/aggregates" status: 404 len: 235 microversion: 1.1 [pid: 8|app: 0|req: 591/1194] 10.0.0.206 () {32 vars in 815 bytes} [Tue Jul 21 07:56:25 2026] GET /resource_providers/8bae9a63-1fa1-4f7b-b078-2e1864fc3b4c/aggregates => generated 235 bytes in 15 msecs (HTTP/1.1 404) 5 headers in 202 bytes (1 switches on core 0)
2026-07-21 07:56:25.209 7 INFO placement.requestlog [None req-f49ee717-9f24-4b5f-a6cb-cbf0eb7a5a9b 1a2935e24bca44b880974ee5965f2593 d5f9fec4d24f4fd4b3efef9a78288c17 - - 37ea54171e5d4c46a914380e8abeb801 37ea54171e5d4c46a914380e8abeb801] 10.0.0.206 "DELETE /resource_providers/8bae9a63-1fa1-4f7b-b078-2e1864fc3b4c" status: 404 len: 246 microversion: 1.1 [pid: 7|app: 0|req: 604/1195] 10.0.0.206 () {34 vars in 815 bytes} [Tue Jul 21 07:56:25 2026] DELETE /resource_providers/8bae9a63-1fa1-4f7b-b078-2e1864fc3b4c => generated 246 bytes in 11 msecs (HTTP/1.1 404) 6 headers in 231 bytes (1 switches on core 0)
2026-07-21 07:56:25.214 8 INFO placement.requestlog [None req-c02d2796-eb3f-4b29-ae5c-c67861bed022 1a2935e24bca44b880974ee5965f2593 d5f9fec4d24f4fd4b3efef9a78288c17 - - 37ea54171e5d4c46a914380e8abeb801 37ea54171e5d4c46a914380e8abeb801] 10.0.0.206 "DELETE /resource_providers/8bae9a63-1fa1-4f7b-b078-2e1864fc3b4c" status: 404 len: 246 microversion: 1.1 [pid: 8|app: 0|req: 592/1196] 10.0.0.206 () {34 vars in 815 bytes} [Tue Jul 21 07:56:25 2026] DELETE /resource_providers/8bae9a63-1fa1-4f7b-b078-2e1864fc3b4c => generated 246 bytes in 15 msecs (HTTP/1.1 404) 6 headers in 231 bytes (1 switches on core 0)
2026-07-21 07:56:25.364 7 INFO placement.requestlog [None req-baabacd6-93da-460f-8fcb-d362f783f4c4 1a2935e24bca44b880974ee5965f2593 d5f9fec4d24f4fd4b3efef9a78288c17 - - 37ea54171e5d4c46a914380e8abeb801 37ea54171e5d4c46a914380e8abeb801] 10.0.0.206 "GET /resource_providers/f3bb44bb-acfa-4943-90e9-bbbbb5255094/aggregates" status: 404 len: 235 microversion: 1.1 [pid: 7|app: 0|req: 605/1197] 10.0.0.206 () {32 vars in 815 bytes} [Tue Jul 21 07:56:25 2026] GET /resource_providers/f3bb44bb-acfa-4943-90e9-bbbbb5255094/aggregates => generated 235 bytes in 11 msecs (HTTP/1.1 404) 5 headers in 202 bytes (1 switches on core 0)
2026-07-21 07:56:25.369 8 INFO placement.requestlog [None req-4ca1acd3-eca4-4c41-b5b4-089a4f144825 1a2935e24bca44b880974ee5965f2593 d5f9fec4d24f4fd4b3efef9a78288c17 - - 37ea54171e5d4c46a914380e8abeb801 37ea54171e5d4c46a914380e8abeb801] 10.0.0.206 "GET /resource_providers/f3bb44bb-acfa-4943-90e9-bbbbb5255094/aggregates" status: 404 len: 235 microversion: 1.1 [pid: 8|app: 0|req: 593/1198] 10.0.0.206 () {32 vars in 815 bytes} [Tue Jul 21 07:56:25 2026] GET /resource_providers/f3bb44bb-acfa-4943-90e9-bbbbb5255094/aggregates => generated 235 bytes in 15 msecs (HTTP/1.1 404) 5 headers in 202 bytes (1 switches on core 0)
2026-07-21 07:56:25.388 7 INFO placement.requestlog [None req-980ba5cc-60f4-479c-971c-fa03d3735c89 1a2935e24bca44b880974ee5965f2593 d5f9fec4d24f4fd4b3efef9a78288c17 - - 37ea54171e5d4c46a914380e8abeb801 37ea54171e5d4c46a914380e8abeb801] 10.0.0.206 "DELETE /resource_providers/f3bb44bb-acfa-4943-90e9-bbbbb5255094" status: 404 len: 246 microversion: 1.1 [pid: 7|app: 0|req: 606/1199] 10.0.0.206 () {34 vars in 815 bytes} [Tue Jul 21 07:56:25 2026] DELETE /resource_providers/f3bb44bb-acfa-4943-90e9-bbbbb5255094 => generated 246 bytes in 8 msecs (HTTP/1.1 404) 6 headers in 231 bytes (1 switches on core 0)
2026-07-21 07:56:25.389 8 INFO placement.requestlog [None req-851661a0-4925-4e10-84e7-b829daf41ae2 1a2935e24bca44b880974ee5965f2593 d5f9fec4d24f4fd4b3efef9a78288c17 - - 37ea54171e5d4c46a914380e8abeb801 37ea54171e5d4c46a914380e8abeb801] 10.0.0.206 "DELETE /resource_providers/f3bb44bb-acfa-4943-90e9-bbbbb5255094" status: 404 len: 246 microversion: 1.1 [pid: 8|app: 0|req: 594/1200] 10.0.0.206 () {34 vars in 815 bytes} [Tue Jul 21 07:56:25 2026] DELETE /resource_providers/f3bb44bb-acfa-4943-90e9-bbbbb5255094 => generated 246 bytes in 9 msecs (HTTP/1.1 404) 6 headers in 231 bytes (1 switches on core 0)
2026-07-21 07:56:25.641 7 INFO placement.requestlog [None req-d072adad-6520-4f97-bd16-1f5f2e31cc83 1a2935e24bca44b880974ee5965f2593 d5f9fec4d24f4fd4b3efef9a78288c17 - - 37ea54171e5d4c46a914380e8abeb801 37ea54171e5d4c46a914380e8abeb801] 10.0.0.206 "GET /resource_providers/c56355b0-2c70-4157-993f-22bf3c0d155d/aggregates" status: 404 len: 235 microversion: 1.1 [pid: 7|app: 0|req: 607/1201] 10.0.0.206 () {32 vars in 815 bytes} [Tue Jul 21 07:56:25 2026] GET /resource_providers/c56355b0-2c70-4157-993f-22bf3c0d155d/aggregates => generated 235 bytes in 9 msecs (HTTP/1.1 404) 5 headers in 202 bytes (1 switches on core 0)
2026-07-21 07:56:25.651 8 INFO placement.requestlog [None req-ea20c34e-efe9-4946-a67d-c94110f8e7c5 1a2935e24bca44b880974ee5965f2593 d5f9fec4d24f4fd4b3efef9a78288c17 - - 37ea54171e5d4c46a914380e8abeb801 37ea54171e5d4c46a914380e8abeb801] 10.0.0.206 "GET /resource_providers/c56355b0-2c70-4157-993f-22bf3c0d155d/aggregates" status: 404 len: 235 microversion: 1.1 [pid: 8|app: 0|req: 595/1202] 10.0.0.206 () {32 vars in 815 bytes} [Tue Jul 21 07:56:25 2026] GET /resource_providers/c56355b0-2c70-4157-993f-22bf3c0d155d/aggregates => generated 235 bytes in 19 msecs (HTTP/1.1 404) 5 headers in 202 bytes (1 switches on core 0)
2026-07-21 07:56:25.657 7 INFO placement.requestlog [None req-6af43d42-3eec-4fd4-98c0-32bc467b1c37 1a2935e24bca44b880974ee5965f2593 d5f9fec4d24f4fd4b3efef9a78288c17 - - 37ea54171e5d4c46a914380e8abeb801 37ea54171e5d4c46a914380e8abeb801] 10.0.0.206 "DELETE /resource_providers/c56355b0-2c70-4157-993f-22bf3c0d155d" status: 404 len: 246 microversion: 1.1 [pid: 7|app: 0|req: 608/1203] 10.0.0.206 () {34 vars in 815 bytes} [Tue Jul 21 07:56:25 2026] DELETE /resource_providers/c56355b0-2c70-4157-993f-22bf3c0d155d => generated 246 bytes in 9 msecs (HTTP/1.1 404) 6 headers in 231 bytes (1 switches on core 0)
2026-07-21 07:56:25.666 8 INFO placement.requestlog [None req-d83fdfad-f37b-4f12-8683-15397d396fa5 1a2935e24bca44b880974ee5965f2593 d5f9fec4d24f4fd4b3efef9a78288c17 - - 37ea54171e5d4c46a914380e8abeb801 37ea54171e5d4c46a914380e8abeb801] 10.0.0.206 "DELETE /resource_providers/c56355b0-2c70-4157-993f-22bf3c0d155d" status: 404 len: 246 microversion: 1.1 [pid: 8|app: 0|req: 596/1204] 10.0.0.206 () {34 vars in 815 bytes} [Tue Jul 21 07:56:25 2026] DELETE /resource_providers/c56355b0-2c70-4157-993f-22bf3c0d155d => generated 246 bytes in 10 msecs (HTTP/1.1 404) 6 headers in 231 bytes (1 switches on core 0)
