2026-07-15 16:24:26.789 7 INFO placement.requestlog [req-66385073-f96e-4d03-89a4-0780cbdcd3a5 req-681313c1-4d00-41d4-817f-8089a922a365 6580ea7d99df4b5698d9155d625913ed 649f837f23ce4713aabfc8cb3ecd5b2a - - acfe5d2acd9446539fc83c9f15c8fadf acfe5d2acd9446539fc83c9f15c8fadf] 199.204.45.3 "GET /resource_providers/85fcb4a3-6221-45bb-b4ac-2edfed4b21ce/allocations" status: 200 len: 340 microversion: 1.0 [pid: 7|app: 0|req: 738/1473] 199.204.45.3 () {32 vars in 854 bytes} [Wed Jul 15 16:24:26 2026] GET /resource_providers/85fcb4a3-6221-45bb-b4ac-2edfed4b21ce/allocations => generated 340 bytes in 19 msecs (HTTP/1.1 200) 6 headers in 224 bytes (1 switches on core 0)
2026-07-15 16:24:26.805 8 INFO placement.requestlog [req-66385073-f96e-4d03-89a4-0780cbdcd3a5 req-542cd48a-c1a0-429a-962c-8fa728aeb4e6 6580ea7d99df4b5698d9155d625913ed 649f837f23ce4713aabfc8cb3ecd5b2a - - acfe5d2acd9446539fc83c9f15c8fadf acfe5d2acd9446539fc83c9f15c8fadf] 199.204.45.3 "GET /allocations/93a4bb0d-4581-46de-a1cc-95577b588e5a" status: 200 len: 258 microversion: 1.28 [pid: 8|app: 0|req: 736/1474] 199.204.45.3 () {34 vars in 860 bytes} [Wed Jul 15 16:24:26 2026] GET /allocations/93a4bb0d-4581-46de-a1cc-95577b588e5a => generated 258 bytes in 9 msecs (HTTP/1.1 200) 8 headers in 296 bytes (1 switches on core 0)
2026-07-15 16:24:26.829 7 INFO placement.requestlog [req-66385073-f96e-4d03-89a4-0780cbdcd3a5 req-529d1051-aab0-4be5-8b12-de37b46b53bf 6580ea7d99df4b5698d9155d625913ed 649f837f23ce4713aabfc8cb3ecd5b2a - - acfe5d2acd9446539fc83c9f15c8fadf acfe5d2acd9446539fc83c9f15c8fadf] 199.204.45.3 "GET /allocations/4fbb8c4a-2ef9-4c99-b338-834d0c1ccf52" status: 200 len: 245 microversion: 1.28 [pid: 7|app: 0|req: 739/1475] 199.204.45.3 () {34 vars in 860 bytes} [Wed Jul 15 16:24:26 2026] GET /allocations/4fbb8c4a-2ef9-4c99-b338-834d0c1ccf52 => generated 245 bytes in 20 msecs (HTTP/1.1 200) 8 headers in 296 bytes (1 switches on core 0)
2026-07-15 16:24:26.851 8 INFO placement.requestlog [req-66385073-f96e-4d03-89a4-0780cbdcd3a5 req-57b6a39d-ceda-46f4-ab8f-63d61ae1f41f 6580ea7d99df4b5698d9155d625913ed 649f837f23ce4713aabfc8cb3ecd5b2a - - acfe5d2acd9446539fc83c9f15c8fadf acfe5d2acd9446539fc83c9f15c8fadf] 199.204.45.3 "GET /allocations/934918c9-03de-485a-9858-0fa8df7187f3" status: 200 len: 258 microversion: 1.28 [pid: 8|app: 0|req: 737/1476] 199.204.45.3 () {34 vars in 860 bytes} [Wed Jul 15 16:24:26 2026] GET /allocations/934918c9-03de-485a-9858-0fa8df7187f3 => generated 258 bytes in 14 msecs (HTTP/1.1 200) 8 headers in 296 bytes (1 switches on core 0)
2026-07-15 16:24:29.796 8 INFO placement.requestlog [None req-29b6c0b6-55e1-4ac9-a2ab-46cbbaf62fdd - - - - - -] 10.0.0.77 "GET /" status: 200 len: 136 microversion: 1.0
2026-07-15 16:24:29.796 7 INFO placement.requestlog [None req-fa508e78-17a1-4233-8f3c-73d1627c5617 - - - - - -] 10.0.0.77 "GET /" status: 200 len: 136 microversion: 1.0
2026-07-15 16:24:35.281 8 INFO placement.requestlog [req-ce199443-7f85-4937-9858-479bf052fd30 req-d229a70d-b05d-496c-bf62-e46bcfa4f658 6580ea7d99df4b5698d9155d625913ed 649f837f23ce4713aabfc8cb3ecd5b2a - - acfe5d2acd9446539fc83c9f15c8fadf acfe5d2acd9446539fc83c9f15c8fadf] 199.204.45.3 "GET /resource_providers/85fcb4a3-6221-45bb-b4ac-2edfed4b21ce/allocations" status: 200 len: 340 microversion: 1.0 [pid: 8|app: 0|req: 739/1479] 199.204.45.3 () {32 vars in 854 bytes} [Wed Jul 15 16:24:35 2026] GET /resource_providers/85fcb4a3-6221-45bb-b4ac-2edfed4b21ce/allocations => generated 340 bytes in 47 msecs (HTTP/1.1 200) 6 headers in 224 bytes (1 switches on core 0)
2026-07-15 16:24:35.302 7 INFO placement.requestlog [req-ce199443-7f85-4937-9858-479bf052fd30 req-02f077b7-5578-4850-ac02-95e0ae8a0a92 6580ea7d99df4b5698d9155d625913ed 649f837f23ce4713aabfc8cb3ecd5b2a - - acfe5d2acd9446539fc83c9f15c8fadf acfe5d2acd9446539fc83c9f15c8fadf] 199.204.45.3 "GET /allocations/93a4bb0d-4581-46de-a1cc-95577b588e5a" status: 200 len: 258 microversion: 1.28 [pid: 7|app: 0|req: 741/1480] 199.204.45.3 () {34 vars in 860 bytes} [Wed Jul 15 16:24:35 2026] GET /allocations/93a4bb0d-4581-46de-a1cc-95577b588e5a => generated 258 bytes in 16 msecs (HTTP/1.1 200) 8 headers in 296 bytes (1 switches on core 0)
2026-07-15 16:24:35.346 8 INFO placement.requestlog [req-ce199443-7f85-4937-9858-479bf052fd30 req-1fa387b3-b7dc-499e-88b3-0196a16f6fa1 6580ea7d99df4b5698d9155d625913ed 649f837f23ce4713aabfc8cb3ecd5b2a - - acfe5d2acd9446539fc83c9f15c8fadf acfe5d2acd9446539fc83c9f15c8fadf] 199.204.45.3 "GET /allocations/4fbb8c4a-2ef9-4c99-b338-834d0c1ccf52" status: 200 len: 245 microversion: 1.28 [pid: 8|app: 0|req: 740/1481] 199.204.45.3 () {34 vars in 860 bytes} [Wed Jul 15 16:24:35 2026] GET /allocations/4fbb8c4a-2ef9-4c99-b338-834d0c1ccf52 => generated 245 bytes in 27 msecs (HTTP/1.1 200) 8 headers in 296 bytes (1 switches on core 0)
2026-07-15 16:24:35.377 7 INFO placement.requestlog [req-ce199443-7f85-4937-9858-479bf052fd30 req-e8866c39-ac9f-4b60-b84d-bf499f76e9b5 6580ea7d99df4b5698d9155d625913ed 649f837f23ce4713aabfc8cb3ecd5b2a - - acfe5d2acd9446539fc83c9f15c8fadf acfe5d2acd9446539fc83c9f15c8fadf] 199.204.45.3 "GET /allocations/934918c9-03de-485a-9858-0fa8df7187f3" status: 200 len: 258 microversion: 1.28 [pid: 7|app: 0|req: 742/1482] 199.204.45.3 () {34 vars in 860 bytes} [Wed Jul 15 16:24:35 2026] GET /allocations/934918c9-03de-485a-9858-0fa8df7187f3 => generated 258 bytes in 26 msecs (HTTP/1.1 200) 8 headers in 296 bytes (1 switches on core 0)
2026-07-15 16:24:36.442 8 INFO placement.requestlog [req-ce199443-7f85-4937-9858-479bf052fd30 req-54dc43ca-de8b-4e07-9020-e9e054c9e625 6580ea7d99df4b5698d9155d625913ed 649f837f23ce4713aabfc8cb3ecd5b2a - - acfe5d2acd9446539fc83c9f15c8fadf acfe5d2acd9446539fc83c9f15c8fadf] 199.204.45.3 "DELETE /allocations/4fbb8c4a-2ef9-4c99-b338-834d0c1ccf52" status: 204 len: 0 microversion: 1.0 [pid: 8|app: 0|req: 741/1483] 199.204.45.3 () {34 vars in 838 bytes} [Wed Jul 15 16:24:36 2026] DELETE /allocations/4fbb8c4a-2ef9-4c99-b338-834d0c1ccf52 => generated 0 bytes in 32 msecs (HTTP/1.1 204) 5 headers in 198 bytes (1 switches on core 0)
2026-07-15 16:24:38.390 7 INFO placement.requestlog [req-d7e96510-4180-4353-ba2a-9ac4b5998e73 req-4553d57b-8afa-4b2f-a138-be4479e326aa 6580ea7d99df4b5698d9155d625913ed 649f837f23ce4713aabfc8cb3ecd5b2a - - acfe5d2acd9446539fc83c9f15c8fadf acfe5d2acd9446539fc83c9f15c8fadf] 199.204.45.3 "GET /resource_providers/85fcb4a3-6221-45bb-b4ac-2edfed4b21ce/allocations" status: 200 len: 253 microversion: 1.0 [pid: 7|app: 0|req: 743/1484] 199.204.45.3 () {32 vars in 854 bytes} [Wed Jul 15 16:24:38 2026] GET /resource_providers/85fcb4a3-6221-45bb-b4ac-2edfed4b21ce/allocations => generated 253 bytes in 23 msecs (HTTP/1.1 200) 6 headers in 224 bytes (1 switches on core 0)
2026-07-15 16:24:38.409 8 INFO placement.requestlog [req-d7e96510-4180-4353-ba2a-9ac4b5998e73 req-28930c04-65d1-4ece-aad0-a6f2d00268ca 6580ea7d99df4b5698d9155d625913ed 649f837f23ce4713aabfc8cb3ecd5b2a - - acfe5d2acd9446539fc83c9f15c8fadf acfe5d2acd9446539fc83c9f15c8fadf] 199.204.45.3 "GET /allocations/93a4bb0d-4581-46de-a1cc-95577b588e5a" status: 200 len: 258 microversion: 1.28 [pid: 8|app: 0|req: 742/1485] 199.204.45.3 () {34 vars in 860 bytes} [Wed Jul 15 16:24:38 2026] GET /allocations/93a4bb0d-4581-46de-a1cc-95577b588e5a => generated 258 bytes in 13 msecs (HTTP/1.1 200) 8 headers in 296 bytes (1 switches on core 0)
2026-07-15 16:24:38.427 7 INFO placement.requestlog [req-d7e96510-4180-4353-ba2a-9ac4b5998e73 req-f4c37314-b36b-4e2c-bdfd-717347c4e177 6580ea7d99df4b5698d9155d625913ed 649f837f23ce4713aabfc8cb3ecd5b2a - - acfe5d2acd9446539fc83c9f15c8fadf acfe5d2acd9446539fc83c9f15c8fadf] 199.204.45.3 "GET /allocations/934918c9-03de-485a-9858-0fa8df7187f3" status: 200 len: 258 microversion: 1.28 [pid: 7|app: 0|req: 744/1486] 199.204.45.3 () {34 vars in 860 bytes} [Wed Jul 15 16:24:38 2026] GET /allocations/934918c9-03de-485a-9858-0fa8df7187f3 => generated 258 bytes in 12 msecs (HTTP/1.1 200) 8 headers in 296 bytes (1 switches on core 0)
2026-07-15 16:24:39.490 8 INFO placement.requestlog [req-d7e96510-4180-4353-ba2a-9ac4b5998e73 req-05492d62-22d3-4ff8-ad21-1567a322b8c0 6580ea7d99df4b5698d9155d625913ed 649f837f23ce4713aabfc8cb3ecd5b2a - - acfe5d2acd9446539fc83c9f15c8fadf acfe5d2acd9446539fc83c9f15c8fadf] 199.204.45.3 "DELETE /allocations/93a4bb0d-4581-46de-a1cc-95577b588e5a" status: 204 len: 0 microversion: 1.0 [pid: 8|app: 0|req: 743/1487] 199.204.45.3 () {34 vars in 838 bytes} [Wed Jul 15 16:24:39 2026] DELETE /allocations/93a4bb0d-4581-46de-a1cc-95577b588e5a => generated 0 bytes in 34 msecs (HTTP/1.1 204) 5 headers in 198 bytes (1 switches on core 0)
2026-07-15 16:24:39.795 8 INFO placement.requestlog [None req-2f920cab-a09c-46ff-b646-d9d37e9b00e5 - - - - - -] 10.0.0.77 "GET /" status: 200 len: 136 microversion: 1.0
2026-07-15 16:24:39.795 7 INFO placement.requestlog [None req-2cf4949f-5fb8-4ffc-860e-06f746db7519 - - - - - -] 10.0.0.77 "GET /" status: 200 len: 136 microversion: 1.0
2026-07-15 16:24:49.757 8 INFO placement.requestlog [req-16868932-8b66-4764-be68-6659f6ebd8d4 req-ec781a7e-8991-4d8c-bf96-8c7972ecefb5 6580ea7d99df4b5698d9155d625913ed 649f837f23ce4713aabfc8cb3ecd5b2a - - acfe5d2acd9446539fc83c9f15c8fadf acfe5d2acd9446539fc83c9f15c8fadf] 199.204.45.3 "GET /resource_providers/85fcb4a3-6221-45bb-b4ac-2edfed4b21ce/allocations" status: 200 len: 153 microversion: 1.0 [pid: 8|app: 0|req: 745/1490] 199.204.45.3 () {32 vars in 854 bytes} [Wed Jul 15 16:24:49 2026] GET /resource_providers/85fcb4a3-6221-45bb-b4ac-2edfed4b21ce/allocations => generated 153 bytes in 22 msecs (HTTP/1.1 200) 6 headers in 224 bytes (1 switches on core 0)
2026-07-15 16:24:49.775 7 INFO placement.requestlog [req-16868932-8b66-4764-be68-6659f6ebd8d4 req-daa9882e-2174-4544-b634-85764dfa5e84 6580ea7d99df4b5698d9155d625913ed 649f837f23ce4713aabfc8cb3ecd5b2a - - acfe5d2acd9446539fc83c9f15c8fadf acfe5d2acd9446539fc83c9f15c8fadf] 199.204.45.3 "GET /allocations/934918c9-03de-485a-9858-0fa8df7187f3" status: 200 len: 258 microversion: 1.28 [pid: 7|app: 0|req: 746/1491] 199.204.45.3 () {34 vars in 860 bytes} [Wed Jul 15 16:24:49 2026] GET /allocations/934918c9-03de-485a-9858-0fa8df7187f3 => generated 258 bytes in 11 msecs (HTTP/1.1 200) 8 headers in 296 bytes (1 switches on core 0)
2026-07-15 16:24:49.796 8 INFO placement.requestlog [None req-f8398b4b-676d-4fc4-8f71-13cb1e85a3ae - - - - - -] 10.0.0.77 "GET /" status: 200 len: 136 microversion: 1.0
2026-07-15 16:24:49.796 7 INFO placement.requestlog [None req-7454a00a-c1bd-45b1-a82d-a578a8c6ebf3 - - - - - -] 10.0.0.77 "GET /" status: 200 len: 136 microversion: 1.0
2026-07-15 16:24:50.826 8 INFO placement.requestlog [req-16868932-8b66-4764-be68-6659f6ebd8d4 req-16d3a00d-9744-49bc-8c96-3565b8c6c723 6580ea7d99df4b5698d9155d625913ed 649f837f23ce4713aabfc8cb3ecd5b2a - - acfe5d2acd9446539fc83c9f15c8fadf acfe5d2acd9446539fc83c9f15c8fadf] 199.204.45.3 "DELETE /allocations/934918c9-03de-485a-9858-0fa8df7187f3" status: 204 len: 0 microversion: 1.0 [pid: 8|app: 0|req: 747/1494] 199.204.45.3 () {34 vars in 838 bytes} [Wed Jul 15 16:24:50 2026] DELETE /allocations/934918c9-03de-485a-9858-0fa8df7187f3 => generated 0 bytes in 26 msecs (HTTP/1.1 204) 5 headers in 198 bytes (1 switches on core 0)
2026-07-15 16:24:59.795 8 INFO placement.requestlog [None req-89730807-59b6-4ebb-a172-63327ea1cf81 - - - - - -] 10.0.0.77 "GET /" status: 200 len: 136 microversion: 1.0
2026-07-15 16:24:59.795 7 INFO placement.requestlog [None req-e607cbc2-a761-40b7-864d-e5eded67ee00 - - - - - -] 10.0.0.77 "GET /" status: 200 len: 136 microversion: 1.0
2026-07-15 16:25:03.040 7 INFO placement.requestlog [None req-99bae2cc-5abd-461c-adce-26ac04ad4a73 11aa8045b7684190a6c9136271d84c60 649f837f23ce4713aabfc8cb3ecd5b2a - - acfe5d2acd9446539fc83c9f15c8fadf acfe5d2acd9446539fc83c9f15c8fadf] 10.0.0.61 "GET /resource_providers/9b51ac14-7881-47cc-831f-d94b928d2ef4/aggregates" status: 404 len: 235 microversion: 1.1 [pid: 7|app: 0|req: 749/1497] 10.0.0.61 () {32 vars in 814 bytes} [Wed Jul 15 16:25:02 2026] GET /resource_providers/9b51ac14-7881-47cc-831f-d94b928d2ef4/aggregates => generated 235 bytes in 68 msecs (HTTP/1.1 404) 5 headers in 202 bytes (1 switches on core 0)
2026-07-15 16:25:03.061 8 INFO placement.requestlog [None req-7647f42d-9f26-4a22-983e-c2f27f65d02c 11aa8045b7684190a6c9136271d84c60 649f837f23ce4713aabfc8cb3ecd5b2a - - acfe5d2acd9446539fc83c9f15c8fadf acfe5d2acd9446539fc83c9f15c8fadf] 10.0.0.61 "GET /resource_providers/9b51ac14-7881-47cc-831f-d94b928d2ef4/aggregates" status: 404 len: 235 microversion: 1.1
2026-07-15 16:25:03.061 7 INFO placement.requestlog [None req-c0fbb0fe-3ddb-4a25-8e94-50c7a89e6bb0 11aa8045b7684190a6c9136271d84c60 649f837f23ce4713aabfc8cb3ecd5b2a - - acfe5d2acd9446539fc83c9f15c8fadf acfe5d2acd9446539fc83c9f15c8fadf] 10.0.0.61 "DELETE /resource_providers/9b51ac14-7881-47cc-831f-d94b928d2ef4" status: 404 len: 246 microversion: 1.1 [pid: 8|app: 0|req: 749/1498] 10.0.0.61 () {32 vars in 814 bytes} [Wed Jul 15 16:25:02 2026] GET /resource_providers/9b51ac14-7881-47cc-831f-d94b928d2ef4/aggregates => generated 235 bytes in 89 msecs (HTTP/1.1 404) 5 headers in 202 bytes (1 switches on core 0) [pid: 7|app: 0|req: 750/1499] 10.0.0.61 () {34 vars in 814 bytes} [Wed Jul 15 16:25:03 2026] DELETE /resource_providers/9b51ac14-7881-47cc-831f-d94b928d2ef4 => generated 246 bytes in 11 msecs (HTTP/1.1 404) 6 headers in 231 bytes (1 switches on core 0)
2026-07-15 16:25:03.080 8 INFO placement.requestlog [None req-d7e7da8b-40d8-4da3-9e14-1e19ed6f5251 11aa8045b7684190a6c9136271d84c60 649f837f23ce4713aabfc8cb3ecd5b2a - - acfe5d2acd9446539fc83c9f15c8fadf acfe5d2acd9446539fc83c9f15c8fadf] 10.0.0.61 "DELETE /resource_providers/9b51ac14-7881-47cc-831f-d94b928d2ef4" status: 404 len: 246 microversion: 1.1 [pid: 8|app: 0|req: 750/1500] 10.0.0.61 () {34 vars in 814 bytes} [Wed Jul 15 16:25:03 2026] DELETE /resource_providers/9b51ac14-7881-47cc-831f-d94b928d2ef4 => generated 246 bytes in 12 msecs (HTTP/1.1 404) 6 headers in 231 bytes (1 switches on core 0)
2026-07-15 16:25:05.085 7 INFO placement.requestlog [None req-b6e35bbc-7aaa-47c1-a763-e6dc42a788a5 11aa8045b7684190a6c9136271d84c60 649f837f23ce4713aabfc8cb3ecd5b2a - - acfe5d2acd9446539fc83c9f15c8fadf acfe5d2acd9446539fc83c9f15c8fadf] 10.0.0.61 "GET /resource_providers/1b96723b-d6ee-4985-9a07-f15edadd33db/aggregates" status: 404 len: 235 microversion: 1.1 [pid: 7|app: 0|req: 751/1501] 10.0.0.61 () {32 vars in 814 bytes} [Wed Jul 15 16:25:05 2026] GET /resource_providers/1b96723b-d6ee-4985-9a07-f15edadd33db/aggregates => generated 235 bytes in 11 msecs (HTTP/1.1 404) 5 headers in 202 bytes (1 switches on core 0)
2026-07-15 16:25:05.099 8 INFO placement.requestlog [None req-0e5a6b93-f53f-4bd9-8b17-ec94805a3a39 11aa8045b7684190a6c9136271d84c60 649f837f23ce4713aabfc8cb3ecd5b2a - - acfe5d2acd9446539fc83c9f15c8fadf acfe5d2acd9446539fc83c9f15c8fadf] 10.0.0.61 "GET /resource_providers/1b96723b-d6ee-4985-9a07-f15edadd33db/aggregates" status: 404 len: 235 microversion: 1.1 [pid: 8|app: 0|req: 751/1502] 10.0.0.61 () {32 vars in 814 bytes} [Wed Jul 15 16:25:05 2026] GET /resource_providers/1b96723b-d6ee-4985-9a07-f15edadd33db/aggregates => generated 235 bytes in 8 msecs (HTTP/1.1 404) 5 headers in 202 bytes (1 switches on core 0)
2026-07-15 16:25:05.109 7 INFO placement.requestlog [None req-aa0d9946-89d1-4ddf-8be7-a22698b8bd2c 11aa8045b7684190a6c9136271d84c60 649f837f23ce4713aabfc8cb3ecd5b2a - - acfe5d2acd9446539fc83c9f15c8fadf acfe5d2acd9446539fc83c9f15c8fadf] 10.0.0.61 "DELETE /resource_providers/1b96723b-d6ee-4985-9a07-f15edadd33db" status: 404 len: 246 microversion: 1.1 [pid: 7|app: 0|req: 752/1503] 10.0.0.61 () {34 vars in 814 bytes} [Wed Jul 15 16:25:05 2026] DELETE /resource_providers/1b96723b-d6ee-4985-9a07-f15edadd33db => generated 246 bytes in 13 msecs (HTTP/1.1 404) 6 headers in 231 bytes (1 switches on core 0)
2026-07-15 16:25:05.114 8 INFO placement.requestlog [None req-be041a7c-a8c9-4812-abcc-be25e19aa18a 11aa8045b7684190a6c9136271d84c60 649f837f23ce4713aabfc8cb3ecd5b2a - - acfe5d2acd9446539fc83c9f15c8fadf acfe5d2acd9446539fc83c9f15c8fadf] 10.0.0.61 "DELETE /resource_providers/1b96723b-d6ee-4985-9a07-f15edadd33db" status: 404 len: 246 microversion: 1.1 [pid: 8|app: 0|req: 752/1504] 10.0.0.61 () {34 vars in 814 bytes} [Wed Jul 15 16:25:05 2026] DELETE /resource_providers/1b96723b-d6ee-4985-9a07-f15edadd33db => generated 246 bytes in 9 msecs (HTTP/1.1 404) 6 headers in 231 bytes (1 switches on core 0)
2026-07-15 16:25:05.128 8 INFO placement.requestlog [None req-81611098-65d0-4a55-9f5e-afcad9b2789b 11aa8045b7684190a6c9136271d84c60 649f837f23ce4713aabfc8cb3ecd5b2a - - acfe5d2acd9446539fc83c9f15c8fadf acfe5d2acd9446539fc83c9f15c8fadf] 10.0.0.61 "GET /resource_providers/d8bc7f30-dac3-4b0c-a139-37ad2f49c4ff/aggregates" status: 404 len: 235 microversion: 1.1 [pid: 8|app: 0|req: 753/1505] 10.0.0.61 () {32 vars in 814 bytes} [Wed Jul 15 16:25:05 2026] GET /resource_providers/d8bc7f30-dac3-4b0c-a139-37ad2f49c4ff/aggregates => generated 235 bytes in 7 msecs (HTTP/1.1 404) 5 headers in 202 bytes (1 switches on core 0)
2026-07-15 16:25:05.134 7 INFO placement.requestlog [None req-a5c3112a-3e31-4740-be46-cc009aacdf7e 11aa8045b7684190a6c9136271d84c60 649f837f23ce4713aabfc8cb3ecd5b2a - - acfe5d2acd9446539fc83c9f15c8fadf acfe5d2acd9446539fc83c9f15c8fadf] 10.0.0.61 "GET /resource_providers/d8bc7f30-dac3-4b0c-a139-37ad2f49c4ff/aggregates" status: 404 len: 235 microversion: 1.1 [pid: 7|app: 0|req: 753/1506] 10.0.0.61 () {32 vars in 814 bytes} [Wed Jul 15 16:25:05 2026] GET /resource_providers/d8bc7f30-dac3-4b0c-a139-37ad2f49c4ff/aggregates => generated 235 bytes in 17 msecs (HTTP/1.1 404) 5 headers in 202 bytes (1 switches on core 0)
2026-07-15 16:25:05.148 8 INFO placement.requestlog [None req-1d6ebc1e-fe26-47d4-8476-f8cf81f9f276 11aa8045b7684190a6c9136271d84c60 649f837f23ce4713aabfc8cb3ecd5b2a - - acfe5d2acd9446539fc83c9f15c8fadf acfe5d2acd9446539fc83c9f15c8fadf] 10.0.0.61 "DELETE /resource_providers/d8bc7f30-dac3-4b0c-a139-37ad2f49c4ff" status: 404 len: 246 microversion: 1.1 [pid: 8|app: 0|req: 754/1507] 10.0.0.61 () {34 vars in 814 bytes} [Wed Jul 15 16:25:05 2026] DELETE /resource_providers/d8bc7f30-dac3-4b0c-a139-37ad2f49c4ff => generated 246 bytes in 14 msecs (HTTP/1.1 404) 6 headers in 231 bytes (1 switches on core 0)
2026-07-15 16:25:05.164 7 INFO placement.requestlog [None req-0c7c5ef2-99e6-45e3-889f-85561c450146 11aa8045b7684190a6c9136271d84c60 649f837f23ce4713aabfc8cb3ecd5b2a - - acfe5d2acd9446539fc83c9f15c8fadf acfe5d2acd9446539fc83c9f15c8fadf] 10.0.0.61 "DELETE /resource_providers/d8bc7f30-dac3-4b0c-a139-37ad2f49c4ff" status: 404 len: 246 microversion: 1.1 [pid: 7|app: 0|req: 754/1508] 10.0.0.61 () {34 vars in 814 bytes} [Wed Jul 15 16:25:05 2026] DELETE /resource_providers/d8bc7f30-dac3-4b0c-a139-37ad2f49c4ff => generated 246 bytes in 23 msecs (HTTP/1.1 404) 6 headers in 231 bytes (1 switches on core 0)
2026-07-15 16:25:09.796 7 INFO placement.requestlog [None req-ff828c6d-501b-4ffb-8968-5d52f4e2a63a - - - - - -] 10.0.0.77 "GET /" status: 200 len: 136 microversion: 1.0
2026-07-15 16:25:09.796 8 INFO placement.requestlog [None req-fbc5c317-2ba7-42d5-ab49-005f54c732dc - - - - - -] 10.0.0.77 "GET /" status: 200 len: 136 microversion: 1.0
2026-07-15 16:25:19.796 7 INFO placement.requestlog [None req-406e21dc-b2d7-4261-9238-138a9eaf4df2 - - - - - -] 10.0.0.77 "GET /" status: 200 len: 136 microversion: 1.0
2026-07-15 16:25:19.797 8 INFO placement.requestlog [None req-4976666c-2155-4bd2-8e26-c4180e40d224 - - - - - -] 10.0.0.77 "GET /" status: 200 len: 136 microversion: 1.0
2026-07-15 16:25:26.054 7 INFO placement.requestlog [req-f2738ab1-068c-411d-9b56-c9fd706deee6 req-1a0fa4d1-f6be-4572-9579-1ee5aed3e2ea 6580ea7d99df4b5698d9155d625913ed 649f837f23ce4713aabfc8cb3ecd5b2a - - acfe5d2acd9446539fc83c9f15c8fadf acfe5d2acd9446539fc83c9f15c8fadf] 199.204.45.3 "GET /resource_providers/85fcb4a3-6221-45bb-b4ac-2edfed4b21ce/allocations" status: 200 len: 55 microversion: 1.0 [pid: 7|app: 0|req: 757/1513] 199.204.45.3 () {32 vars in 854 bytes} [Wed Jul 15 16:25:26 2026] GET /resource_providers/85fcb4a3-6221-45bb-b4ac-2edfed4b21ce/allocations => generated 55 bytes in 21 msecs (HTTP/1.1 200) 6 headers in 223 bytes (1 switches on core 0)
2026-07-15 16:25:26.081 8 INFO placement.requestlog [req-f2738ab1-068c-411d-9b56-c9fd706deee6 req-2922e4f8-c97f-4cbf-b895-bb4dc9fa31b9 6580ea7d99df4b5698d9155d625913ed 649f837f23ce4713aabfc8cb3ecd5b2a - - acfe5d2acd9446539fc83c9f15c8fadf acfe5d2acd9446539fc83c9f15c8fadf] 199.204.45.3 "GET /resource_providers/85fcb4a3-6221-45bb-b4ac-2edfed4b21ce/allocations" status: 200 len: 55 microversion: 1.0 [pid: 8|app: 0|req: 757/1514] 199.204.45.3 () {32 vars in 854 bytes} [Wed Jul 15 16:25:26 2026] GET /resource_providers/85fcb4a3-6221-45bb-b4ac-2edfed4b21ce/allocations => generated 55 bytes in 21 msecs (HTTP/1.1 200) 6 headers in 223 bytes (1 switches on core 0)
2026-07-15 16:25:29.796 7 INFO placement.requestlog [None req-506c3d8d-762d-4403-8ab4-f17f02ff7c66 - - - - - -] 10.0.0.77 "GET /" status: 200 len: 136 microversion: 1.0
2026-07-15 16:25:29.797 8 INFO placement.requestlog [None req-c659d667-2990-4641-b3a5-fa7cc064aa5a - - - - - -] 10.0.0.77 "GET /" status: 200 len: 136 microversion: 1.0
2026-07-15 16:25:39.796 8 INFO placement.requestlog [None req-b7753f50-386f-4a8c-b7df-81cbb2f845ae - - - - - -] 10.0.0.77 "GET /" status: 200 len: 136 microversion: 1.0
2026-07-15 16:25:39.796 7 INFO placement.requestlog [None req-683db516-f885-4024-bb51-847c4ad7b2d7 - - - - - -] 10.0.0.77 "GET /" status: 200 len: 136 microversion: 1.0
2026-07-15 16:25:49.795 8 INFO placement.requestlog [None req-40951cd8-f436-4722-ba2b-3b9339d5ca36 - - - - - -] 10.0.0.77 "GET /" status: 200 len: 136 microversion: 1.0
2026-07-15 16:25:49.796 7 INFO placement.requestlog [None req-ff73ce01-a9bc-4722-9fa9-0eabcde5b8a4 - - - - - -] 10.0.0.77 "GET /" status: 200 len: 136 microversion: 1.0
2026-07-15 16:25:59.796 7 INFO placement.requestlog [None req-7a15338a-bd59-4ba5-bf45-383c787483ae - - - - - -] 10.0.0.77 "GET /" status: 200 len: 136 microversion: 1.0
2026-07-15 16:25:59.796 8 INFO placement.requestlog [None req-a09a0889-b230-4623-b435-30c7002d5022 - - - - - -] 10.0.0.77 "GET /" status: 200 len: 136 microversion: 1.0
2026-07-15 16:26:09.796 7 INFO placement.requestlog [None req-9ba3d21f-659b-4836-a62d-67a51a306a52 - - - - - -] 10.0.0.77 "GET /" status: 200 len: 136 microversion: 1.0
2026-07-15 16:26:09.796 8 INFO placement.requestlog [None req-72b06314-d2a9-4b06-b58c-6bdafc5b5bab - - - - - -] 10.0.0.77 "GET /" status: 200 len: 136 microversion: 1.0
2026-07-15 16:26:19.796 7 INFO placement.requestlog [None req-c1581d42-9fcc-4eab-8207-d4a5238ae8a5 - - - - - -] 10.0.0.77 "GET /" status: 200 len: 136 microversion: 1.0
2026-07-15 16:26:19.797 8 INFO placement.requestlog [None req-5a73a64d-95b0-4595-a2e0-9b8e34e7b17f - - - - - -] 10.0.0.77 "GET /" status: 200 len: 136 microversion: 1.0
2026-07-15 16:26:28.369 7 INFO placement.requestlog [req-827f0865-6719-48c0-8aed-1d5242b18f54 req-2c0fadeb-ea19-4237-b6d1-94f0142cabc5 6580ea7d99df4b5698d9155d625913ed 649f837f23ce4713aabfc8cb3ecd5b2a - - acfe5d2acd9446539fc83c9f15c8fadf acfe5d2acd9446539fc83c9f15c8fadf] 199.204.45.3 "GET /resource_providers/85fcb4a3-6221-45bb-b4ac-2edfed4b21ce/allocations" status: 200 len: 55 microversion: 1.0 [pid: 7|app: 0|req: 764/1527] 199.204.45.3 () {32 vars in 854 bytes} [Wed Jul 15 16:26:28 2026] GET /resource_providers/85fcb4a3-6221-45bb-b4ac-2edfed4b21ce/allocations => generated 55 bytes in 16 msecs (HTTP/1.1 200) 6 headers in 223 bytes (1 switches on core 0)
2026-07-15 16:26:28.392 8 INFO placement.requestlog [req-827f0865-6719-48c0-8aed-1d5242b18f54 req-9712a980-7de9-434e-8e6b-a089327b6d47 6580ea7d99df4b5698d9155d625913ed 649f837f23ce4713aabfc8cb3ecd5b2a - - acfe5d2acd9446539fc83c9f15c8fadf acfe5d2acd9446539fc83c9f15c8fadf] 199.204.45.3 "GET /resource_providers/85fcb4a3-6221-45bb-b4ac-2edfed4b21ce/allocations" status: 200 len: 55 microversion: 1.0 [pid: 8|app: 0|req: 764/1528] 199.204.45.3 () {32 vars in 854 bytes} [Wed Jul 15 16:26:28 2026] GET /resource_providers/85fcb4a3-6221-45bb-b4ac-2edfed4b21ce/allocations => generated 55 bytes in 16 msecs (HTTP/1.1 200) 6 headers in 223 bytes (1 switches on core 0)
2026-07-15 16:26:29.796 7 INFO placement.requestlog [None req-184d9805-a0fb-4977-bf94-d91010e6443a - - - - - -] 10.0.0.77 "GET /" status: 200 len: 136 microversion: 1.0
2026-07-15 16:26:29.796 8 INFO placement.requestlog [None req-3d69ae16-7889-48af-a3dd-9b49965bf62f - - - - - -] 10.0.0.77 "GET /" status: 200 len: 136 microversion: 1.0
2026-07-15 16:26:39.795 7 INFO placement.requestlog [None req-531699aa-c97b-411f-afbe-443be1b93287 - - - - - -] 10.0.0.77 "GET /" status: 200 len: 136 microversion: 1.0
2026-07-15 16:26:39.795 8 INFO placement.requestlog [None req-3996e3c0-f6da-4abe-915f-21f8dd0ca3e1 - - - - - -] 10.0.0.77 "GET /" status: 200 len: 136 microversion: 1.0
2026-07-15 16:26:49.795 7 INFO placement.requestlog [None req-2d7d8f34-79c8-4a28-9f12-3f38eb6cfaca - - - - - -] 10.0.0.77 "GET /" status: 200 len: 136 microversion: 1.0
2026-07-15 16:26:49.798 8 INFO placement.requestlog [None req-146db42f-4dfd-4e01-846f-f4808c10f923 - - - - - -] 10.0.0.77 "GET /" status: 200 len: 136 microversion: 1.0
2026-07-15 16:26:59.799 7 INFO placement.requestlog [None req-200fac9a-eb2a-43b3-ab99-07348967d133 - - - - - -] 10.0.0.77 "GET /" status: 200 len: 136 microversion: 1.0
2026-07-15 16:26:59.799 8 INFO placement.requestlog [None req-4d3d9c40-04ea-43a9-ba15-1dec39e6f96f - - - - - -] 10.0.0.77 "GET /" status: 200 len: 136 microversion: 1.0
2026-07-15 16:27:09.796 8 INFO placement.requestlog [None req-c153c95b-59d4-4929-890b-53a8ee5d9dc1 - - - - - -] 10.0.0.77 "GET /" status: 200 len: 136 microversion: 1.0
2026-07-15 16:27:09.796 7 INFO placement.requestlog [None req-6f699471-b20a-4245-8f61-2f8fa5d9ce50 - - - - - -] 10.0.0.77 "GET /" status: 200 len: 136 microversion: 1.0
2026-07-15 16:27:19.796 8 INFO placement.requestlog [None req-bc95f115-eacc-4f2c-8aa8-7904e1f24ab6 - - - - - -] 10.0.0.77 "GET /" status: 200 len: 136 microversion: 1.0
2026-07-15 16:27:19.796 7 INFO placement.requestlog [None req-a6608cfa-b1e8-4d48-8420-992241ef8349 - - - - - -] 10.0.0.77 "GET /" status: 200 len: 136 microversion: 1.0
2026-07-15 16:27:28.291 7 INFO placement.requestlog [req-30f06d12-c520-46f5-9472-d68c3d46cb0f req-b33287d1-fff2-4812-a057-6a7d81ca04b6 6580ea7d99df4b5698d9155d625913ed 649f837f23ce4713aabfc8cb3ecd5b2a - - acfe5d2acd9446539fc83c9f15c8fadf acfe5d2acd9446539fc83c9f15c8fadf] 199.204.45.3 "GET /resource_providers/85fcb4a3-6221-45bb-b4ac-2edfed4b21ce/allocations" status: 200 len: 55 microversion: 1.0 [pid: 7|app: 0|req: 771/1541] 199.204.45.3 () {32 vars in 854 bytes} [Wed Jul 15 16:27:28 2026] GET /resource_providers/85fcb4a3-6221-45bb-b4ac-2edfed4b21ce/allocations => generated 55 bytes in 17 msecs (HTTP/1.1 200) 6 headers in 223 bytes (1 switches on core 0)
2026-07-15 16:27:28.315 8 INFO placement.requestlog [req-30f06d12-c520-46f5-9472-d68c3d46cb0f req-35de7403-d14a-48ad-8647-136620b892a4 6580ea7d99df4b5698d9155d625913ed 649f837f23ce4713aabfc8cb3ecd5b2a - - acfe5d2acd9446539fc83c9f15c8fadf acfe5d2acd9446539fc83c9f15c8fadf] 199.204.45.3 "GET /resource_providers/85fcb4a3-6221-45bb-b4ac-2edfed4b21ce/allocations" status: 200 len: 55 microversion: 1.0 [pid: 8|app: 0|req: 771/1542] 199.204.45.3 () {32 vars in 854 bytes} [Wed Jul 15 16:27:28 2026] GET /resource_providers/85fcb4a3-6221-45bb-b4ac-2edfed4b21ce/allocations => generated 55 bytes in 17 msecs (HTTP/1.1 200) 6 headers in 223 bytes (1 switches on core 0)
2026-07-15 16:27:29.796 7 INFO placement.requestlog [None req-97831098-bc1e-4a21-b884-fdbc24e5c42e - - - - - -] 10.0.0.77 "GET /" status: 200 len: 136 microversion: 1.0
2026-07-15 16:27:29.797 8 INFO placement.requestlog [None req-370e093e-2d2e-4160-851f-d6dd03c9f995 - - - - - -] 10.0.0.77 "GET /" status: 200 len: 136 microversion: 1.0
2026-07-15 16:27:39.796 7 INFO placement.requestlog [None req-732ab2ef-e329-43d1-b50b-5551a0547eea - - - - - -] 10.0.0.77 "GET /" status: 200 len: 136 microversion: 1.0
2026-07-15 16:27:39.796 8 INFO placement.requestlog [None req-65297897-c449-4df5-acd0-ea6c99976f1e - - - - - -] 10.0.0.77 "GET /" status: 200 len: 136 microversion: 1.0
2026-07-15 16:27:49.796 8 INFO placement.requestlog [None req-f475ed4b-d8bf-4e1f-98d2-d89912a8b626 - - - - - -] 10.0.0.77 "GET /" status: 200 len: 136 microversion: 1.0
2026-07-15 16:27:49.796 7 INFO placement.requestlog [None req-37c67bd7-abd5-4dcf-a2e4-623a3d59adf1 - - - - - -] 10.0.0.77 "GET /" status: 200 len: 136 microversion: 1.0
2026-07-15 16:27:59.796 8 INFO placement.requestlog [None req-fd62ce54-19d5-49e2-ad9d-67a53fcab726 - - - - - -] 10.0.0.77 "GET /" status: 200 len: 136 microversion: 1.0
2026-07-15 16:27:59.796 7 INFO placement.requestlog [None req-b383e82f-eacf-489b-91b4-5a41279638df - - - - - -] 10.0.0.77 "GET /" status: 200 len: 136 microversion: 1.0
2026-07-15 16:28:09.796 7 INFO placement.requestlog [None req-df1bd8cf-8b7a-4fea-9677-0ef2157bc4e2 - - - - - -] 10.0.0.77 "GET /" status: 200 len: 136 microversion: 1.0
2026-07-15 16:28:09.797 8 INFO placement.requestlog [None req-53b36278-1bbf-43a1-9144-35f6338d219a - - - - - -] 10.0.0.77 "GET /" status: 200 len: 136 microversion: 1.0
2026-07-15 16:28:19.795 7 INFO placement.requestlog [None req-64254c07-a6f0-4807-a42b-4f2025dd28a6 - - - - - -] 10.0.0.77 "GET /" status: 200 len: 136 microversion: 1.0
2026-07-15 16:28:19.795 8 INFO placement.requestlog [None req-5e9e0303-cdf8-44d3-9857-0def1d3b2dd2 - - - - - -] 10.0.0.77 "GET /" status: 200 len: 136 microversion: 1.0
2026-07-15 16:28:29.127 8 INFO placement.requestlog [req-1ce6a4ac-0a03-4b21-9408-b49271fae15d req-5c4745da-b081-4377-8433-b9118cbd83f6 6580ea7d99df4b5698d9155d625913ed 649f837f23ce4713aabfc8cb3ecd5b2a - - acfe5d2acd9446539fc83c9f15c8fadf acfe5d2acd9446539fc83c9f15c8fadf] 199.204.45.3 "GET /resource_providers/85fcb4a3-6221-45bb-b4ac-2edfed4b21ce/allocations" status: 200 len: 55 microversion: 1.0 [pid: 8|app: 0|req: 778/1555] 199.204.45.3 () {32 vars in 854 bytes} [Wed Jul 15 16:28:28 2026] GET /resource_providers/85fcb4a3-6221-45bb-b4ac-2edfed4b21ce/allocations => generated 55 bytes in 168 msecs (HTTP/1.1 200) 6 headers in 223 bytes (1 switches on core 0)
2026-07-15 16:28:29.159 7 INFO placement.requestlog [req-1ce6a4ac-0a03-4b21-9408-b49271fae15d req-f952bd94-0b3f-4b44-8108-dcacca3bd020 6580ea7d99df4b5698d9155d625913ed 649f837f23ce4713aabfc8cb3ecd5b2a - - acfe5d2acd9446539fc83c9f15c8fadf acfe5d2acd9446539fc83c9f15c8fadf] 199.204.45.3 "GET /resource_providers?in_tree=85fcb4a3-6221-45bb-b4ac-2edfed4b21ce" status: 200 len: 798 microversion: 1.14 [pid: 7|app: 0|req: 778/1556] 199.204.45.3 () {34 vars in 889 bytes} [Wed Jul 15 16:28:29 2026] GET /resource_providers?in_tree=85fcb4a3-6221-45bb-b4ac-2edfed4b21ce => generated 798 bytes in 26 msecs (HTTP/1.1 200) 6 headers in 225 bytes (1 switches on core 0)
2026-07-15 16:28:29.184 8 INFO placement.requestlog [req-1ce6a4ac-0a03-4b21-9408-b49271fae15d req-c637e68b-e051-46ba-988f-48dfffbc9389 6580ea7d99df4b5698d9155d625913ed 649f837f23ce4713aabfc8cb3ecd5b2a - - acfe5d2acd9446539fc83c9f15c8fadf acfe5d2acd9446539fc83c9f15c8fadf] 199.204.45.3 "GET /resource_providers/85fcb4a3-6221-45bb-b4ac-2edfed4b21ce/inventories" status: 200 len: 401 microversion: 1.0 [pid: 8|app: 0|req: 779/1557] 199.204.45.3 () {32 vars in 854 bytes} [Wed Jul 15 16:28:29 2026] GET /resource_providers/85fcb4a3-6221-45bb-b4ac-2edfed4b21ce/inventories => generated 401 bytes in 18 msecs (HTTP/1.1 200) 6 headers in 224 bytes (1 switches on core 0)
2026-07-15 16:28:29.202 7 INFO placement.requestlog [req-1ce6a4ac-0a03-4b21-9408-b49271fae15d req-e7f91b4b-95ad-4cc2-ac3c-eb98a1695849 6580ea7d99df4b5698d9155d625913ed 649f837f23ce4713aabfc8cb3ecd5b2a - - acfe5d2acd9446539fc83c9f15c8fadf acfe5d2acd9446539fc83c9f15c8fadf] 199.204.45.3 "GET /resource_providers/85fcb4a3-6221-45bb-b4ac-2edfed4b21ce/aggregates" status: 200 len: 54 microversion: 1.19 [pid: 7|app: 0|req: 779/1558] 199.204.45.3 () {34 vars in 896 bytes} [Wed Jul 15 16:28:29 2026] GET /resource_providers/85fcb4a3-6221-45bb-b4ac-2edfed4b21ce/aggregates => generated 54 bytes in 11 msecs (HTTP/1.1 200) 8 headers in 295 bytes (1 switches on core 0)
2026-07-15 16:28:29.237 8 INFO placement.requestlog [req-1ce6a4ac-0a03-4b21-9408-b49271fae15d req-0c987443-faf2-4934-a2e8-2180cbd1f886 6580ea7d99df4b5698d9155d625913ed 649f837f23ce4713aabfc8cb3ecd5b2a - - acfe5d2acd9446539fc83c9f15c8fadf acfe5d2acd9446539fc83c9f15c8fadf] 199.204.45.3 "GET /resource_providers/85fcb4a3-6221-45bb-b4ac-2edfed4b21ce/traits" status: 200 len: 2317 microversion: 1.6 [pid: 8|app: 0|req: 780/1559] 199.204.45.3 () {34 vars in 887 bytes} [Wed Jul 15 16:28:29 2026] GET /resource_providers/85fcb4a3-6221-45bb-b4ac-2edfed4b21ce/traits => generated 2317 bytes in 28 msecs (HTTP/1.1 200) 6 headers in 225 bytes (1 switches on core 0)
2026-07-15 16:28:29.263 7 INFO placement.requestlog [req-1ce6a4ac-0a03-4b21-9408-b49271fae15d req-cad34c76-6d0f-4142-bbba-432afaf40fc9 6580ea7d99df4b5698d9155d625913ed 649f837f23ce4713aabfc8cb3ecd5b2a - - acfe5d2acd9446539fc83c9f15c8fadf acfe5d2acd9446539fc83c9f15c8fadf] 199.204.45.3 "GET /resource_providers/85fcb4a3-6221-45bb-b4ac-2edfed4b21ce/allocations" status: 200 len: 55 microversion: 1.0 [pid: 7|app: 0|req: 780/1560] 199.204.45.3 () {32 vars in 854 bytes} [Wed Jul 15 16:28:29 2026] GET /resource_providers/85fcb4a3-6221-45bb-b4ac-2edfed4b21ce/allocations => generated 55 bytes in 16 msecs (HTTP/1.1 200) 6 headers in 223 bytes (1 switches on core 0)
2026-07-15 16:28:29.797 8 INFO placement.requestlog [None req-b66d59bc-6dd0-4ae6-a34f-3067b3de0d3e - - - - - -] 10.0.0.77 "GET /" status: 200 len: 136 microversion: 1.0
2026-07-15 16:28:29.797 7 INFO placement.requestlog [None req-7564e723-e5c3-4c88-adde-9005330b1f49 - - - - - -] 10.0.0.77 "GET /" status: 200 len: 136 microversion: 1.0
2026-07-15 16:28:39.796 8 INFO placement.requestlog [None req-871b769c-f752-4d2e-948b-53a42c862fc7 - - - - - -] 10.0.0.77 "GET /" status: 200 len: 136 microversion: 1.0
2026-07-15 16:28:39.796 7 INFO placement.requestlog [None req-e28f9ec1-b27a-49fa-876b-70366e6ba663 - - - - - -] 10.0.0.77 "GET /" status: 200 len: 136 microversion: 1.0
2026-07-15 16:28:49.795 8 INFO placement.requestlog [None req-bd1a0e2c-6e6a-4c43-83ff-2321adbd6681 - - - - - -] 10.0.0.77 "GET /" status: 200 len: 136 microversion: 1.0
2026-07-15 16:28:49.796 7 INFO placement.requestlog [None req-84736b1b-df42-49ff-92dd-9dc7dcef5142 - - - - - -] 10.0.0.77 "GET /" status: 200 len: 136 microversion: 1.0