+ COMMAND=start + start + for KEYSTONE_WSGI_SCRIPT in keystone-wsgi-public ++ type -p keystone-wsgi-public + cp -a /var/lib/openstack/bin/keystone-wsgi-public /var/www/cgi-bin/keystone/ + '[' -f /etc/apache2/envvars ']' + source /etc/apache2/envvars ++ unset HOME ++ '[' '' '!=' '' ']' ++ SUFFIX= ++ export APACHE_RUN_USER=www-data ++ APACHE_RUN_USER=www-data ++ export APACHE_RUN_GROUP=www-data ++ APACHE_RUN_GROUP=www-data ++ export APACHE_PID_FILE=/var/run/apache2/apache2.pid ++ APACHE_PID_FILE=/var/run/apache2/apache2.pid ++ export APACHE_RUN_DIR=/var/run/apache2 ++ APACHE_RUN_DIR=/var/run/apache2 ++ export APACHE_LOCK_DIR=/var/lock/apache2 ++ APACHE_LOCK_DIR=/var/lock/apache2 ++ export APACHE_LOG_DIR=/var/log/apache2 ++ APACHE_LOG_DIR=/var/log/apache2 ++ export LANG=C ++ LANG=C ++ export LANG + '[' -f /var/run/apache2/apache2.pid ']' + exec apache2 -DFOREGROUND AH00558: apache2: Could not reliably determine the server's fully qualified domain name, using 10.0.0.29. Set the 'ServerName' directive globally to suppress this message AH00558: apache2: Could not reliably determine the server's fully qualified domain name, using 10.0.0.29. Set the 'ServerName' directive globally to suppress this message
[Fri Jul 17 21:57:17.085315 2026] [mpm_event:notice] [pid 1:tid 140323562186624] AH00489: Apache/2.4.58 (Ubuntu) mod_wsgi/5.0.0 Python/3.12 configured -- resuming normal operations
[Fri Jul 17 21:57:17.085523 2026] [core:notice] [pid 1:tid 140323562186624] AH00094: Command line: 'apache2 -D FOREGROUND'
[Fri Jul 17 21:58:15.577314 2026] [wsgi:error] [pid 12:tid 140322924365504] /var/lib/openstack/lib/python3.12/site-packages/oslo_utils/importutils.py:77: EventletDeprecationWarning:
[Fri Jul 17 21:58:15.577372 2026] [wsgi:error] [pid 12:tid 140322924365504] Eventlet is deprecated. It is currently being maintained in bugfix mode, and
[Fri Jul 17 21:58:15.577374 2026] [wsgi:error] [pid 12:tid 140322924365504] we strongly recommend against using it for new projects.
[Fri Jul 17 21:58:15.577375 2026] [wsgi:error] [pid 12:tid 140322924365504]
[Fri Jul 17 21:58:15.577376 2026] [wsgi:error] [pid 12:tid 140322924365504] If you are already using Eventlet, we recommend migrating to a different
[Fri Jul 17 21:58:15.577377 2026] [wsgi:error] [pid 12:tid 140322924365504] framework. For more detail see
[Fri Jul 17 21:58:15.577379 2026] [wsgi:error] [pid 12:tid 140322924365504] https://eventlet.readthedocs.io/en/latest/asyncio/migration.html
[Fri Jul 17 21:58:15.577380 2026] [wsgi:error] [pid 12:tid 140322924365504]
[Fri Jul 17 21:58:15.577381 2026] [wsgi:error] [pid 12:tid 140322924365504] __import__(import_str)
[Fri Jul 17 21:58:15.593642 2026] [wsgi:error] [pid 9:tid 140322924365504] /var/lib/openstack/lib/python3.12/site-packages/oslo_utils/importutils.py:77: EventletDeprecationWarning:
[Fri Jul 17 21:58:15.593708 2026] [wsgi:error] [pid 9:tid 140322924365504] Eventlet is deprecated. It is currently being maintained in bugfix mode, and
[Fri Jul 17 21:58:15.593710 2026] [wsgi:error] [pid 9:tid 140322924365504] we strongly recommend against using it for new projects.
[Fri Jul 17 21:58:15.593711 2026] [wsgi:error] [pid 9:tid 140322924365504]
[Fri Jul 17 21:58:15.593713 2026] [wsgi:error] [pid 9:tid 140322924365504] If you are already using Eventlet, we recommend migrating to a different
[Fri Jul 17 21:58:15.593714 2026] [wsgi:error] [pid 9:tid 140322924365504] framework. For more detail see
[Fri Jul 17 21:58:15.593715 2026] [wsgi:error] [pid 9:tid 140322924365504] https://eventlet.readthedocs.io/en/latest/asyncio/migration.html
[Fri Jul 17 21:58:15.593716 2026] [wsgi:error] [pid 9:tid 140322924365504]
[Fri Jul 17 21:58:15.593717 2026] [wsgi:error] [pid 9:tid 140322924365504] __import__(import_str) 10.0.0.174 - - [17/Jul/2026:21:58:14 +0000] "GET /v3/ HTTP/1.1" 200 249 10.0.0.174 - - [17/Jul/2026:21:58:14 +0000] "GET /v3/ HTTP/1.1" 200 249
[Fri Jul 17 21:58:29.350587 2026] [wsgi:error] [pid 11:tid 140322924365504] /var/lib/openstack/lib/python3.12/site-packages/oslo_utils/importutils.py:77: EventletDeprecationWarning:
[Fri Jul 17 21:58:29.350664 2026] [wsgi:error] [pid 11:tid 140322924365504] Eventlet is deprecated. It is currently being maintained in bugfix mode, and
[Fri Jul 17 21:58:29.350666 2026] [wsgi:error] [pid 11:tid 140322924365504] we strongly recommend against using it for new projects.
[Fri Jul 17 21:58:29.350668 2026] [wsgi:error] [pid 11:tid 140322924365504]
[Fri Jul 17 21:58:29.350669 2026] [wsgi:error] [pid 11:tid 140322924365504] If you are already using Eventlet, we recommend migrating to a different
[Fri Jul 17 21:58:29.350670 2026] [wsgi:error] [pid 11:tid 140322924365504] framework. For more detail see
[Fri Jul 17 21:58:29.350671 2026] [wsgi:error] [pid 11:tid 140322924365504] https://eventlet.readthedocs.io/en/latest/asyncio/migration.html
[Fri Jul 17 21:58:29.350672 2026] [wsgi:error] [pid 11:tid 140322924365504]
[Fri Jul 17 21:58:29.350673 2026] [wsgi:error] [pid 11:tid 140322924365504] __import__(import_str) 10.0.0.113 - - [17/Jul/2026:21:58:28 +0000] "GET / HTTP/1.1" 300 295
[Fri Jul 17 21:58:35.004207 2026] [wsgi:error] [pid 10:tid 140322924365504] /var/lib/openstack/lib/python3.12/site-packages/oslo_utils/importutils.py:77: EventletDeprecationWarning:
[Fri Jul 17 21:58:35.004254 2026] [wsgi:error] [pid 10:tid 140322924365504] Eventlet is deprecated. It is currently being maintained in bugfix mode, and
[Fri Jul 17 21:58:35.004257 2026] [wsgi:error] [pid 10:tid 140322924365504] we strongly recommend against using it for new projects.
[Fri Jul 17 21:58:35.004258 2026] [wsgi:error] [pid 10:tid 140322924365504]
[Fri Jul 17 21:58:35.004259 2026] [wsgi:error] [pid 10:tid 140322924365504] If you are already using Eventlet, we recommend migrating to a different
[Fri Jul 17 21:58:35.004260 2026] [wsgi:error] [pid 10:tid 140322924365504] framework. For more detail see
[Fri Jul 17 21:58:35.004262 2026] [wsgi:error] [pid 10:tid 140322924365504] https://eventlet.readthedocs.io/en/latest/asyncio/migration.html
[Fri Jul 17 21:58:35.004263 2026] [wsgi:error] [pid 10:tid 140322924365504]
[Fri Jul 17 21:58:35.004264 2026] [wsgi:error] [pid 10:tid 140322924365504] __import__(import_str)
[Fri Jul 17 21:58:40.030316 2026] [wsgi:error] [pid 10:tid 140322924365504] [remote 10.0.0.113:39148] 2026-07-17 21:58:40.026 10 WARNING keystone.identity.core [None req-8b6e90c2-65c5-4cd8-ab93-17bb96bd10a2 - - - - - -] Invalid domain name (atmosphere) found in config file name: keystone.exception.DomainNotFound: Could not find domain: atmosphere.
[Fri Jul 17 21:58:40.091243 2026] [wsgi:error] [pid 10:tid 140322924365504] [remote 10.0.0.113:39148] 2026-07-17 21:58:40.090 10 WARNING keystone.common.password_hashing [None req-8b6e90c2-65c5-4cd8-ab93-17bb96bd10a2 - - - - - -] Truncating password to algorithm specific maximum length 72 characters.
[Fri Jul 17 21:58:40.382480 2026] [wsgi:error] [pid 10:tid 140322924365504] [remote 10.0.0.113:39148] 2026-07-17 21:58:40.382 10 WARNING keystone.common.fernet_utils [None req-8b6e90c2-65c5-4cd8-ab93-17bb96bd10a2 - - - - - -] key_repository is world readable: /etc/keystone/fernet-keys/ 10.0.0.113 - - [17/Jul/2026:21:58:34 +0000] "POST /v3/auth/tokens HTTP/1.1" 201 1359
[Fri Jul 17 21:58:40.803734 2026] [wsgi:error] [pid 12:tid 140322924365504] [remote 10.0.0.113:39148] 2026-07-17 21:58:40.800 12 WARNING keystone.identity.core [None req-4bec5248-cdef-40f0-ad3f-a75d47d58cf5 - - - - - -] Invalid domain name (atmosphere) found in config file name: keystone.exception.DomainNotFound: Could not find domain: atmosphere. 10.0.0.113 - - [17/Jul/2026:21:58:40 +0000] "POST /v3/domains HTTP/1.1" 201 261 10.0.0.196 - - [17/Jul/2026:21:59:00 +0000] "GET / HTTP/1.1" 300 295
[Fri Jul 17 21:59:00.450856 2026] [wsgi:error] [pid 11:tid 140322924365504] [remote 10.0.0.196:60364] 2026-07-17 21:59:00.450 11 WARNING keystone.common.password_hashing [None req-c123dadc-93f2-4a8f-9fad-39243774af6e - - - - - -] Truncating password to algorithm specific maximum length 72 characters.
[Fri Jul 17 21:59:00.753675 2026] [wsgi:error] [pid 11:tid 140322924365504] [remote 10.0.0.196:60364] 2026-07-17 21:59:00.753 11 WARNING keystone.common.fernet_utils [None req-c123dadc-93f2-4a8f-9fad-39243774af6e - - - - - -] key_repository is world readable: /etc/keystone/fernet-keys/ 10.0.0.196 - - [17/Jul/2026:21:59:00 +0000] "POST /v3/auth/tokens HTTP/1.1" 201 1359 10.0.0.196 - - [17/Jul/2026:21:59:00 +0000] "GET /v3/roles/admin HTTP/1.1" 404 83
[Fri Jul 17 21:59:01.032867 2026] [wsgi:error] [pid 12:tid 140322924365504] [remote 10.0.0.196:60364] 2026-07-17 21:59:01.032 12 WARNING keystone.common.rbac_enforcer.enforcer [None req-cae9a886-20b0-43f6-9054-a158be08860c e3aec03e84e9416f8deed9e2a1fdbb0e 174e8628d7544aa68a2dff3405391451 - - default default] Deprecated policy rules found. Use oslopolicy-policy-generator and oslopolicy-policy-upgrade to detect and resolve deprecated policies in your configuration. 10.0.0.196 - - [17/Jul/2026:21:59:01 +0000] "GET /v3/roles?name=admin HTTP/1.1" 200 389
[Fri Jul 17 21:59:01.583341 2026] [wsgi:error] [pid 9:tid 140322924365504] [remote 10.0.0.196:60364] 2026-07-17 21:59:01.583 9 WARNING keystone.common.rbac_enforcer.enforcer [None req-38de2877-11de-4cb4-987f-17b3d1c28045 e3aec03e84e9416f8deed9e2a1fdbb0e 174e8628d7544aa68a2dff3405391451 - - default default] Deprecated policy rules found. Use oslopolicy-policy-generator and oslopolicy-policy-upgrade to detect and resolve deprecated policies in your configuration. 10.0.0.196 - - [17/Jul/2026:21:59:01 +0000] "GET /v3/users/admin-RegionOne HTTP/1.1" 404 93
[Fri Jul 17 21:59:01.757758 2026] [wsgi:error] [pid 11:tid 140322924365504] [remote 10.0.0.196:60364] 2026-07-17 21:59:01.757 11 WARNING keystone.common.rbac_enforcer.enforcer [None req-0e9656e1-5be1-4346-a5d5-36988d1e8012 e3aec03e84e9416f8deed9e2a1fdbb0e 174e8628d7544aa68a2dff3405391451 - - default default] Deprecated policy rules found. Use oslopolicy-policy-generator and oslopolicy-policy-upgrade to detect and resolve deprecated policies in your configuration. 10.0.0.196 - - [17/Jul/2026:21:59:01 +0000] "GET /v3/users?name=admin-RegionOne HTTP/1.1" 200 422
[Fri Jul 17 21:59:01.959818 2026] [wsgi:error] [pid 10:tid 140322924365504] [remote 10.0.0.196:60364] 2026-07-17 21:59:01.959 10 WARNING keystone.common.rbac_enforcer.enforcer [None req-dd673714-7140-4b9b-85d6-9b924a7556ae e3aec03e84e9416f8deed9e2a1fdbb0e 174e8628d7544aa68a2dff3405391451 - - default default] Deprecated policy rules found. Use oslopolicy-policy-generator and oslopolicy-policy-upgrade to detect and resolve deprecated policies in your configuration. 10.0.0.196 - - [17/Jul/2026:21:59:01 +0000] "GET /v3/domains/default HTTP/1.1" 200 224 10.0.0.196 - - [17/Jul/2026:21:59:01 +0000] "PUT /v3/domains/default/users/e3aec03e84e9416f8deed9e2a1fdbb0e/roles/c2c0d399a9874eb5bc67e4cd01a781e3 HTTP/1.1" 204 - 10.0.0.174 - - [17/Jul/2026:21:59:11 +0000] "GET / HTTP/1.1" 300 280 10.0.0.174 - - [17/Jul/2026:21:59:13 +0000] "GET /v3 HTTP/1.1" 200 265
[Fri Jul 17 21:59:13.515045 2026] [wsgi:error] [pid 10:tid 140322924365504] [remote 10.0.0.174:60650] 2026-07-17 21:59:13.514 10 WARNING keystone.common.password_hashing [None req-329aaf22-2c13-4258-a3ba-62cb8aa31bbf - - - - - -] Truncating password to algorithm specific maximum length 72 characters.
[Fri Jul 17 21:59:13.796695 2026] [wsgi:error] [pid 10:tid 140322924365504] [remote 10.0.0.174:60650] 2026-07-17 21:59:13.796 10 WARNING keystone.common.fernet_utils [None req-329aaf22-2c13-4258-a3ba-62cb8aa31bbf - - - - - -] key_repository is world readable: /etc/keystone/fernet-keys/ 10.0.0.174 - - [17/Jul/2026:21:59:13 +0000] "POST /v3/auth/tokens HTTP/1.1" 201 1359 10.0.0.174 - - [17/Jul/2026:21:59:13 +0000] "GET / HTTP/1.1" 300 280 10.0.0.174 - - [17/Jul/2026:21:59:13 +0000] "GET /v3/domains/atmosphere HTTP/1.1" 404 90 10.0.0.174 - - [17/Jul/2026:21:59:14 +0000] "GET /v3/domains?name=atmosphere HTTP/1.1" 200 368 10.0.0.174 - - [17/Jul/2026:21:59:14 +0000] "GET /v3/domains/3cee0fd6b0fa4e82b80fa12235a9d9e8 HTTP/1.1" 200 246 10.0.0.174 - - [17/Jul/2026:21:59:14 +0000] "GET /v3/ HTTP/1.1" 200 249 10.0.0.174 - - [17/Jul/2026:21:59:14 +0000] "GET /v3/ HTTP/1.1" 200 249 10.0.0.174 - - [17/Jul/2026:21:59:14 +0000] "GET /v3 HTTP/1.1" 200 265
[Fri Jul 17 21:59:14.978055 2026] [wsgi:error] [pid 10:tid 140322924365504] [remote 10.0.0.174:60666] 2026-07-17 21:59:14.977 10 WARNING keystone.common.password_hashing [None req-213ea13a-e334-44c0-8ca4-0d0ae877afb3 - - - - - -] Truncating password to algorithm specific maximum length 72 characters.
[Fri Jul 17 21:59:15.266130 2026] [wsgi:error] [pid 10:tid 140322924365504] [remote 10.0.0.174:60666] 2026-07-17 21:59:15.265 10 WARNING keystone.common.fernet_utils [None req-213ea13a-e334-44c0-8ca4-0d0ae877afb3 - - - - - -] key_repository is world readable: /etc/keystone/fernet-keys/ 10.0.0.174 - - [17/Jul/2026:21:59:14 +0000] "POST /v3/auth/tokens HTTP/1.1" 201 1359 10.0.0.174 - - [17/Jul/2026:21:59:15 +0000] "GET / HTTP/1.1" 300 280 10.0.0.174 - - [17/Jul/2026:21:59:15 +0000] "GET /v3/OS-FEDERATION/identity_providers/atmosphere HTTP/1.1" 404 101 10.0.0.174 - - [17/Jul/2026:21:59:15 +0000] "GET /v3/OS-FEDERATION/identity_providers HTTP/1.1" 200 155 10.0.0.174 - - [17/Jul/2026:21:59:15 +0000] "PUT /v3/OS-FEDERATION/identity_providers/atmosphere HTTP/1.1" 201 340 10.0.0.174 - - [17/Jul/2026:21:59:16 +0000] "GET /v3 HTTP/1.1" 200 265
[Fri Jul 17 21:59:16.198036 2026] [wsgi:error] [pid 9:tid 140322924365504] [remote 10.0.0.174:60666] 2026-07-17 21:59:16.197 9 WARNING keystone.common.password_hashing [None req-ab24d698-35ed-4243-8698-77f2f2643d7b - - - - - -] Truncating password to algorithm specific maximum length 72 characters.
[Fri Jul 17 21:59:16.477728 2026] [wsgi:error] [pid 9:tid 140322924365504] [remote 10.0.0.174:60666] 2026-07-17 21:59:16.477 9 WARNING keystone.common.fernet_utils [None req-ab24d698-35ed-4243-8698-77f2f2643d7b - - - - - -] key_repository is world readable: /etc/keystone/fernet-keys/ 10.0.0.174 - - [17/Jul/2026:21:59:16 +0000] "POST /v3/auth/tokens HTTP/1.1" 201 1359 10.0.0.174 - - [17/Jul/2026:21:59:16 +0000] "GET / HTTP/1.1" 300 280 10.0.0.174 - - [17/Jul/2026:21:59:16 +0000] "GET /v3/OS-FEDERATION/mappings/atmosphere-openid HTTP/1.1" 404 98 10.0.0.174 - - [17/Jul/2026:21:59:16 +0000] "GET /v3/OS-FEDERATION/mappings HTTP/1.1" 200 135 10.0.0.174 - - [17/Jul/2026:21:59:16 +0000] "PUT /v3/OS-FEDERATION/mappings/atmosphere-openid HTTP/1.1" 201 356 10.0.0.174 - - [17/Jul/2026:21:59:17 +0000] "GET /v3 HTTP/1.1" 200 265
[Fri Jul 17 21:59:17.361469 2026] [wsgi:error] [pid 10:tid 140322924365504] [remote 10.0.0.174:60650] 2026-07-17 21:59:17.361 10 WARNING keystone.common.password_hashing [None req-e8aea038-8939-4f61-841b-047e21d1a9c6 - - - - - -] Truncating password to algorithm specific maximum length 72 characters.
[Fri Jul 17 21:59:17.641442 2026] [wsgi:error] [pid 10:tid 140322924365504] [remote 10.0.0.174:60650] 2026-07-17 21:59:17.641 10 WARNING keystone.common.fernet_utils [None req-e8aea038-8939-4f61-841b-047e21d1a9c6 - - - - - -] key_repository is world readable: /etc/keystone/fernet-keys/ 10.0.0.174 - - [17/Jul/2026:21:59:17 +0000] "POST /v3/auth/tokens HTTP/1.1" 201 1359 10.0.0.174 - - [17/Jul/2026:21:59:17 +0000] "GET / HTTP/1.1" 300 280 10.0.0.174 - - [17/Jul/2026:21:59:17 +0000] "GET /v3/OS-FEDERATION/identity_providers/atmosphere/protocols/openid?idp_id=atmosphere HTTP/1.1" 404 131 10.0.0.174 - - [17/Jul/2026:21:59:17 +0000] "GET /v3/OS-FEDERATION/identity_providers/atmosphere/protocols HTTP/1.1" 200 167 10.0.0.174 - - [17/Jul/2026:21:59:17 +0000] "PUT /v3/OS-FEDERATION/identity_providers/atmosphere/protocols/openid HTTP/1.1" 201 222 10.0.0.174 - - [17/Jul/2026:22:00:14 +0000] "GET /v3/ HTTP/1.1" 200 249 10.0.0.174 - - [17/Jul/2026:22:00:14 +0000] "GET /v3/ HTTP/1.1" 200 249 10.0.0.199 - - [17/Jul/2026:22:00:48 +0000] "GET / HTTP/1.1" 300 295
[Fri Jul 17 22:00:48.967051 2026] [wsgi:error] [pid 10:tid 140322924365504] [remote 10.0.0.199:46118] 2026-07-17 22:00:48.966 10 WARNING keystone.common.password_hashing [None req-95ed96cd-a02f-45fd-b22a-c58951153bfa - - - - - -] Truncating password to algorithm specific maximum length 72 characters.
[Fri Jul 17 22:00:49.251418 2026] [wsgi:error] [pid 10:tid 140322924365504] [remote 10.0.0.199:46118] 2026-07-17 22:00:49.251 10 WARNING keystone.common.fernet_utils [None req-95ed96cd-a02f-45fd-b22a-c58951153bfa - - - - - -] key_repository is world readable: /etc/keystone/fernet-keys/ 10.0.0.199 - - [17/Jul/2026:22:00:48 +0000] "POST /v3/auth/tokens HTTP/1.1" 201 1359 10.0.0.199 - - [17/Jul/2026:22:00:49 +0000] "GET /v3/services HTTP/1.1" 200 355 10.0.0.199 - - [17/Jul/2026:22:00:52 +0000] "GET / HTTP/1.1" 300 295
[Fri Jul 17 22:00:53.006769 2026] [wsgi:error] [pid 11:tid 140322924365504] [remote 10.0.0.199:46122] 2026-07-17 22:00:53.006 11 WARNING keystone.common.password_hashing [None req-3bd931aa-5298-485f-a64d-8146fad6650a - - - - - -] Truncating password to algorithm specific maximum length 72 characters.
[Fri Jul 17 22:00:53.292754 2026] [wsgi:error] [pid 11:tid 140322924365504] [remote 10.0.0.199:46122] 2026-07-17 22:00:53.292 11 WARNING keystone.common.fernet_utils [None req-3bd931aa-5298-485f-a64d-8146fad6650a - - - - - -] key_repository is world readable: /etc/keystone/fernet-keys/ 10.0.0.199 - - [17/Jul/2026:22:00:52 +0000] "POST /v3/auth/tokens HTTP/1.1" 201 1359 10.0.0.199 - - [17/Jul/2026:22:00:53 +0000] "GET /v3/services HTTP/1.1" 200 355 10.0.0.199 - - [17/Jul/2026:22:00:56 +0000] "GET / HTTP/1.1" 300 295
[Fri Jul 17 22:00:56.999926 2026] [wsgi:error] [pid 9:tid 140322924365504] [remote 10.0.0.199:51304] 2026-07-17 22:00:56.999 9 WARNING keystone.common.password_hashing [None req-b0b8bba3-8d92-4bab-bc24-820ee374f4bf - - - - - -] Truncating password to algorithm specific maximum length 72 characters.
[Fri Jul 17 22:00:57.276108 2026] [wsgi:error] [pid 9:tid 140322924365504] [remote 10.0.0.199:51304] 2026-07-17 22:00:57.275 9 WARNING keystone.common.fernet_utils [None req-b0b8bba3-8d92-4bab-bc24-820ee374f4bf - - - - - -] key_repository is world readable: /etc/keystone/fernet-keys/ 10.0.0.199 - - [17/Jul/2026:22:00:56 +0000] "POST /v3/auth/tokens HTTP/1.1" 201 1359 10.0.0.199 - - [17/Jul/2026:22:00:57 +0000] "GET /v3/services HTTP/1.1" 200 355 10.0.0.199 - - [17/Jul/2026:22:01:01 +0000] "GET / HTTP/1.1" 300 295
[Fri Jul 17 22:01:01.076713 2026] [wsgi:error] [pid 12:tid 140322924365504] [remote 10.0.0.199:51318] 2026-07-17 22:01:01.076 12 WARNING keystone.common.password_hashing [None req-e439b47c-a052-4339-b3ca-0ef44400a82b - - - - - -] Truncating password to algorithm specific maximum length 72 characters.
[Fri Jul 17 22:01:01.351284 2026] [wsgi:error] [pid 12:tid 140322924365504] [remote 10.0.0.199:51318] 2026-07-17 22:01:01.351 12 WARNING keystone.common.fernet_utils [None req-e439b47c-a052-4339-b3ca-0ef44400a82b - - - - - -] key_repository is world readable: /etc/keystone/fernet-keys/ 10.0.0.199 - - [17/Jul/2026:22:01:01 +0000] "POST /v3/auth/tokens HTTP/1.1" 201 1359 10.0.0.199 - - [17/Jul/2026:22:01:01 +0000] "POST /v3/services HTTP/1.1" 201 296 10.0.0.242 - - [17/Jul/2026:22:01:14 +0000] "GET / HTTP/1.1" 300 295
[Fri Jul 17 22:01:14.199897 2026] [wsgi:error] [pid 10:tid 140322924365504] [remote 10.0.0.242:44098] 2026-07-17 22:01:14.199 10 WARNING keystone.common.password_hashing [None req-e11e82e3-fd29-42d7-b63f-aee8535aad15 - - - - - -] Truncating password to algorithm specific maximum length 72 characters. 10.0.0.242 - - [17/Jul/2026:22:01:14 +0000] "GET / HTTP/1.1" 300 295
[Fri Jul 17 22:01:14.410043 2026] [wsgi:error] [pid 9:tid 140322924365504] [remote 10.0.0.242:44108] 2026-07-17 22:01:14.409 9 WARNING keystone.common.password_hashing [None req-89388a26-d13a-4e8b-95c0-c389128eb24a - - - - - -] Truncating password to algorithm specific maximum length 72 characters.
[Fri Jul 17 22:01:14.485546 2026] [wsgi:error] [pid 10:tid 140322924365504] [remote 10.0.0.242:44098] 2026-07-17 22:01:14.485 10 WARNING keystone.common.fernet_utils [None req-e11e82e3-fd29-42d7-b63f-aee8535aad15 - - - - - -] key_repository is world readable: /etc/keystone/fernet-keys/ 10.0.0.242 - - [17/Jul/2026:22:01:14 +0000] "POST /v3/auth/tokens HTTP/1.1" 201 1463 10.0.0.242 - - [17/Jul/2026:22:01:14 +0000] "GET / HTTP/1.1" 300 295
[Fri Jul 17 22:01:14.540138 2026] [wsgi:error] [pid 11:tid 140322924365504] [remote 10.0.0.242:44116] 2026-07-17 22:01:14.539 11 WARNING keystone.common.password_hashing [None req-f197b012-f376-4acf-b741-3ac4431ef4cd - - - - - -] Truncating password to algorithm specific maximum length 72 characters. 10.0.0.242 - - [17/Jul/2026:22:01:14 +0000] "GET /v3/services HTTP/1.1" 200 639 10.0.0.174 - - [17/Jul/2026:22:01:14 +0000] "GET /v3/ HTTP/1.1" 200 249 10.0.0.174 - - [17/Jul/2026:22:01:14 +0000] "GET /v3/ HTTP/1.1" 200 249
[Fri Jul 17 22:01:14.686147 2026] [wsgi:error] [pid 9:tid 140322924365504] [remote 10.0.0.242:44108] 2026-07-17 22:01:14.685 9 WARNING keystone.common.fernet_utils [None req-89388a26-d13a-4e8b-95c0-c389128eb24a - - - - - -] key_repository is world readable: /etc/keystone/fernet-keys/ 10.0.0.242 - - [17/Jul/2026:22:01:14 +0000] "POST /v3/auth/tokens HTTP/1.1" 201 1463 10.0.0.242 - - [17/Jul/2026:22:01:14 +0000] "GET /v3/services HTTP/1.1" 200 639
[Fri Jul 17 22:01:14.845231 2026] [wsgi:error] [pid 11:tid 140322924365504] [remote 10.0.0.242:44116] 2026-07-17 22:01:14.845 11 WARNING keystone.common.fernet_utils [None req-f197b012-f376-4acf-b741-3ac4431ef4cd - - - - - -] key_repository is world readable: /etc/keystone/fernet-keys/ 10.0.0.242 - - [17/Jul/2026:22:01:14 +0000] "POST /v3/auth/tokens HTTP/1.1" 201 1463 10.0.0.242 - - [17/Jul/2026:22:01:14 +0000] "GET /v3/services HTTP/1.1" 200 639 10.0.0.242 - - [17/Jul/2026:22:01:16 +0000] "GET / HTTP/1.1" 300 295
[Fri Jul 17 22:01:16.316053 2026] [wsgi:error] [pid 12:tid 140322924365504] [remote 10.0.0.242:37598] 2026-07-17 22:01:16.315 12 WARNING keystone.common.password_hashing [None req-b90f9dd5-5b7c-49e3-9a01-7f44f0c2668a - - - - - -] Truncating password to algorithm specific maximum length 72 characters. 10.0.0.242 - - [17/Jul/2026:22:01:16 +0000] "GET / HTTP/1.1" 300 295
[Fri Jul 17 22:01:16.493444 2026] [wsgi:error] [pid 10:tid 140322924365504] [remote 10.0.0.242:37614] 2026-07-17 22:01:16.493 10 WARNING keystone.common.password_hashing [None req-c5bc5f1b-31ef-436f-9905-c75087ccef0a - - - - - -] Truncating password to algorithm specific maximum length 72 characters.
[Fri Jul 17 22:01:16.599847 2026] [wsgi:error] [pid 12:tid 140322924365504] [remote 10.0.0.242:37598] 2026-07-17 22:01:16.599 12 WARNING keystone.common.fernet_utils [None req-b90f9dd5-5b7c-49e3-9a01-7f44f0c2668a - - - - - -] key_repository is world readable: /etc/keystone/fernet-keys/ 10.0.0.242 - - [17/Jul/2026:22:01:16 +0000] "POST /v3/auth/tokens HTTP/1.1" 201 1463 10.0.0.242 - - [17/Jul/2026:22:01:16 +0000] "GET / HTTP/1.1" 300 295
[Fri Jul 17 22:01:16.739424 2026] [wsgi:error] [pid 11:tid 140322924365504] [remote 10.0.0.242:37630] 2026-07-17 22:01:16.738 11 WARNING keystone.common.password_hashing [None req-ad048095-e086-40c9-87a0-19000d34be06 - - - - - -] Truncating password to algorithm specific maximum length 72 characters. 10.0.0.242 - - [17/Jul/2026:22:01:16 +0000] "GET /v3/endpoints HTTP/1.1" 200 1226 10.0.0.242 - - [17/Jul/2026:22:01:16 +0000] "GET /v3/services/7a6789552c8348c1b2502f5627f72389 HTTP/1.1" 200 233
[Fri Jul 17 22:01:16.791791 2026] [wsgi:error] [pid 10:tid 140322924365504] [remote 10.0.0.242:37614] 2026-07-17 22:01:16.791 10 WARNING keystone.common.fernet_utils [None req-c5bc5f1b-31ef-436f-9905-c75087ccef0a - - - - - -] key_repository is world readable: /etc/keystone/fernet-keys/ 10.0.0.242 - - [17/Jul/2026:22:01:16 +0000] "GET /v3/services/7a6789552c8348c1b2502f5627f72389 HTTP/1.1" 200 233 10.0.0.242 - - [17/Jul/2026:22:01:16 +0000] "POST /v3/auth/tokens HTTP/1.1" 201 1463 10.0.0.242 - - [17/Jul/2026:22:01:16 +0000] "GET /v3/services/7a6789552c8348c1b2502f5627f72389 HTTP/1.1" 200 233 10.0.0.242 - - [17/Jul/2026:22:01:16 +0000] "GET /v3/endpoints HTTP/1.1" 200 1226 10.0.0.242 - - [17/Jul/2026:22:01:16 +0000] "GET /v3/services/7a6789552c8348c1b2502f5627f72389 HTTP/1.1" 200 233 10.0.0.242 - - [17/Jul/2026:22:01:16 +0000] "GET /v3/services/7a6789552c8348c1b2502f5627f72389 HTTP/1.1" 200 233 10.0.0.242 - - [17/Jul/2026:22:01:16 +0000] "GET /v3/services/7a6789552c8348c1b2502f5627f72389 HTTP/1.1" 200 233
[Fri Jul 17 22:01:17.021755 2026] [wsgi:error] [pid 11:tid 140322924365504] [remote 10.0.0.242:37630] 2026-07-17 22:01:17.021 11 WARNING keystone.common.fernet_utils [None req-ad048095-e086-40c9-87a0-19000d34be06 - - - - - -] key_repository is world readable: /etc/keystone/fernet-keys/ 10.0.0.242 - - [17/Jul/2026:22:01:16 +0000] "POST /v3/auth/tokens HTTP/1.1" 201 1463 10.0.0.242 - - [17/Jul/2026:22:01:17 +0000] "GET /v3/endpoints HTTP/1.1" 200 1226 10.0.0.242 - - [17/Jul/2026:22:01:17 +0000] "GET /v3/services/7a6789552c8348c1b2502f5627f72389 HTTP/1.1" 200 233 10.0.0.242 - - [17/Jul/2026:22:01:17 +0000] "GET /v3/services/7a6789552c8348c1b2502f5627f72389 HTTP/1.1" 200 233 10.0.0.242 - - [17/Jul/2026:22:01:17 +0000] "GET /v3/services/7a6789552c8348c1b2502f5627f72389 HTTP/1.1" 200 233 10.0.0.242 - - [17/Jul/2026:22:01:18 +0000] "GET / HTTP/1.1" 300 295
[Fri Jul 17 22:01:18.452019 2026] [wsgi:error] [pid 9:tid 140322924365504] [remote 10.0.0.242:37638] 2026-07-17 22:01:18.451 9 WARNING keystone.common.password_hashing [None req-8817546d-daf3-4cd6-abce-4e2f0065908c - - - - - -] Truncating password to algorithm specific maximum length 72 characters.
[Fri Jul 17 22:01:18.726554 2026] [wsgi:error] [pid 9:tid 140322924365504] [remote 10.0.0.242:37638] 2026-07-17 22:01:18.726 9 WARNING keystone.common.fernet_utils [None req-8817546d-daf3-4cd6-abce-4e2f0065908c - - - - - -] key_repository is world readable: /etc/keystone/fernet-keys/ 10.0.0.242 - - [17/Jul/2026:22:01:18 +0000] "GET / HTTP/1.1" 300 295 10.0.0.242 - - [17/Jul/2026:22:01:18 +0000] "POST /v3/auth/tokens HTTP/1.1" 201 1463
[Fri Jul 17 22:01:18.762440 2026] [wsgi:error] [pid 11:tid 140322924365504] [remote 10.0.0.242:37640] 2026-07-17 22:01:18.762 11 WARNING keystone.common.password_hashing [None req-fdf82466-3a67-4ed9-bc6f-a0a7a368c437 - - - - - -] Truncating password to algorithm specific maximum length 72 characters. 10.0.0.242 - - [17/Jul/2026:22:01:18 +0000] "GET /v3/services/dac660c6b2ed4be9b9061d23a406b343 HTTP/1.1" 200 296 10.0.0.242 - - [17/Jul/2026:22:01:18 +0000] "GET /v3/regions/RegionOne HTTP/1.1" 200 173 10.0.0.242 - - [17/Jul/2026:22:01:18 +0000] "POST /v3/endpoints HTTP/1.1" 201 380 10.0.0.242 - - [17/Jul/2026:22:01:18 +0000] "GET / HTTP/1.1" 300 295
[Fri Jul 17 22:01:19.015996 2026] [wsgi:error] [pid 12:tid 140322924365504] [remote 10.0.0.242:37646] 2026-07-17 22:01:19.015 12 WARNING keystone.common.password_hashing [None req-06f67be7-8972-4c9c-ac60-e5e85a2dab3b - - - - - -] Truncating password to algorithm specific maximum length 72 characters.
[Fri Jul 17 22:01:19.044947 2026] [wsgi:error] [pid 11:tid 140322924365504] [remote 10.0.0.242:37640] 2026-07-17 22:01:19.044 11 WARNING keystone.common.fernet_utils [None req-fdf82466-3a67-4ed9-bc6f-a0a7a368c437 - - - - - -] key_repository is world readable: /etc/keystone/fernet-keys/ 10.0.0.242 - - [17/Jul/2026:22:01:18 +0000] "POST /v3/auth/tokens HTTP/1.1" 201 1640 10.0.0.242 - - [17/Jul/2026:22:01:19 +0000] "GET /v3/services/dac660c6b2ed4be9b9061d23a406b343 HTTP/1.1" 200 296 10.0.0.242 - - [17/Jul/2026:22:01:19 +0000] "GET /v3/regions/RegionOne HTTP/1.1" 200 173
[Fri Jul 17 22:01:19.287509 2026] [wsgi:error] [pid 12:tid 140322924365504] [remote 10.0.0.242:37646] 2026-07-17 22:01:19.287 12 WARNING keystone.common.fernet_utils [None req-06f67be7-8972-4c9c-ac60-e5e85a2dab3b - - - - - -] key_repository is world readable: /etc/keystone/fernet-keys/ 10.0.0.242 - - [17/Jul/2026:22:01:19 +0000] "POST /v3/auth/tokens HTTP/1.1" 201 1640 10.0.0.242 - - [17/Jul/2026:22:01:19 +0000] "POST /v3/endpoints HTTP/1.1" 201 383 10.0.0.242 - - [17/Jul/2026:22:01:19 +0000] "GET /v3/services/dac660c6b2ed4be9b9061d23a406b343 HTTP/1.1" 200 296 10.0.0.242 - - [17/Jul/2026:22:01:19 +0000] "GET /v3/regions/RegionOne HTTP/1.1" 200 173 10.0.0.242 - - [17/Jul/2026:22:01:19 +0000] "POST /v3/endpoints HTTP/1.1" 201 369 10.0.0.242 - - [17/Jul/2026:22:01:20 +0000] "GET / HTTP/1.1" 300 295
[Fri Jul 17 22:01:20.680391 2026] [wsgi:error] [pid 9:tid 140322924365504] [remote 10.0.0.242:37652] 2026-07-17 22:01:20.679 9 WARNING keystone.common.password_hashing [None req-bb487448-234c-4045-85fd-37a1ffa27260 - - - - - -] Truncating password to algorithm specific maximum length 72 characters.
[Fri Jul 17 22:01:20.970764 2026] [wsgi:error] [pid 9:tid 140322924365504] [remote 10.0.0.242:37652] 2026-07-17 22:01:20.970 9 WARNING keystone.common.fernet_utils [None req-bb487448-234c-4045-85fd-37a1ffa27260 - - - - - -] key_repository is world readable: /etc/keystone/fernet-keys/ 10.0.0.242 - - [17/Jul/2026:22:01:20 +0000] "POST /v3/auth/tokens HTTP/1.1" 201 1990 10.0.0.242 - - [17/Jul/2026:22:01:21 +0000] "GET / HTTP/1.1" 300 295
[Fri Jul 17 22:01:21.076603 2026] [wsgi:error] [pid 12:tid 140322924365504] [remote 10.0.0.242:37668] 2026-07-17 22:01:21.076 12 WARNING keystone.common.password_hashing [None req-78789fd3-12ef-417d-a415-39dde435fd52 - - - - - -] Truncating password to algorithm specific maximum length 72 characters. 10.0.0.242 - - [17/Jul/2026:22:01:21 +0000] "GET /v3/endpoints/4b57d9f2f0ca49f7b32fd0f0d11f875f HTTP/1.1" 200 380 10.0.0.242 - - [17/Jul/2026:22:01:21 +0000] "GET /v3/services/dac660c6b2ed4be9b9061d23a406b343 HTTP/1.1" 200 296 10.0.0.242 - - [17/Jul/2026:22:01:21 +0000] "GET / HTTP/1.1" 300 295
[Fri Jul 17 22:01:21.148867 2026] [wsgi:error] [pid 11:tid 140322924365504] [remote 10.0.0.242:37676] 2026-07-17 22:01:21.148 11 WARNING keystone.common.password_hashing [None req-88c5e0b6-8850-45c4-9fc3-023ed3bfb1c9 - - - - - -] Truncating password to algorithm specific maximum length 72 characters.
[Fri Jul 17 22:01:21.355805 2026] [wsgi:error] [pid 12:tid 140322924365504] [remote 10.0.0.242:37668] 2026-07-17 22:01:21.355 12 WARNING keystone.common.fernet_utils [None req-78789fd3-12ef-417d-a415-39dde435fd52 - - - - - -] key_repository is world readable: /etc/keystone/fernet-keys/ 10.0.0.242 - - [17/Jul/2026:22:01:21 +0000] "POST /v3/auth/tokens HTTP/1.1" 201 1990
[Fri Jul 17 22:01:21.429286 2026] [wsgi:error] [pid 11:tid 140322924365504] [remote 10.0.0.242:37676] 2026-07-17 22:01:21.429 11 WARNING keystone.common.fernet_utils [None req-88c5e0b6-8850-45c4-9fc3-023ed3bfb1c9 - - - - - -] key_repository is world readable: /etc/keystone/fernet-keys/ 10.0.0.242 - - [17/Jul/2026:22:01:21 +0000] "POST /v3/auth/tokens HTTP/1.1" 201 1990 10.0.0.242 - - [17/Jul/2026:22:01:21 +0000] "GET /v3/endpoints/e49c5eaf521c413da649dfb963e4e746 HTTP/1.1" 200 383 10.0.0.242 - - [17/Jul/2026:22:01:21 +0000] "GET /v3/services/dac660c6b2ed4be9b9061d23a406b343 HTTP/1.1" 200 296 10.0.0.242 - - [17/Jul/2026:22:01:21 +0000] "GET /v3/endpoints/2166bbf055d647c090acb7371cc5ba4d HTTP/1.1" 200 369 10.0.0.242 - - [17/Jul/2026:22:01:21 +0000] "GET /v3/services/dac660c6b2ed4be9b9061d23a406b343 HTTP/1.1" 200 296 10.0.0.187 - - [17/Jul/2026:22:01:34 +0000] "GET / HTTP/1.1" 300 295
[Fri Jul 17 22:01:34.507921 2026] [wsgi:error] [pid 10:tid 140322924365504] [remote 10.0.0.187:53558] 2026-07-17 22:01:34.507 10 WARNING keystone.common.password_hashing [None req-d8858cfc-e2f8-4a02-90a3-cf3b4d61af77 - - - - - -] Truncating password to algorithm specific maximum length 72 characters.
[Fri Jul 17 22:01:34.782956 2026] [wsgi:error] [pid 10:tid 140322924365504] [remote 10.0.0.187:53558] 2026-07-17 22:01:34.782 10 WARNING keystone.common.fernet_utils [None req-d8858cfc-e2f8-4a02-90a3-cf3b4d61af77 - - - - - -] key_repository is world readable: /etc/keystone/fernet-keys/ 10.0.0.187 - - [17/Jul/2026:22:01:34 +0000] "POST /v3/auth/tokens HTTP/1.1" 201 1990 10.0.0.187 - - [17/Jul/2026:22:01:34 +0000] "POST /v3/domains HTTP/1.1" 201 284 10.0.0.187 - - [17/Jul/2026:22:01:36 +0000] "GET / HTTP/1.1" 300 295
[Fri Jul 17 22:01:36.637021 2026] [wsgi:error] [pid 9:tid 140322924365504] [remote 10.0.0.187:41892] 2026-07-17 22:01:36.636 9 WARNING keystone.common.password_hashing [None req-ab38577c-f52d-4e9f-bb19-50b729d04e84 - - - - - -] Truncating password to algorithm specific maximum length 72 characters.
[Fri Jul 17 22:01:36.931453 2026] [wsgi:error] [pid 9:tid 140322924365504] [remote 10.0.0.187:41892] 2026-07-17 22:01:36.931 9 WARNING keystone.common.fernet_utils [None req-ab38577c-f52d-4e9f-bb19-50b729d04e84 - - - - - -] key_repository is world readable: /etc/keystone/fernet-keys/ 10.0.0.187 - - [17/Jul/2026:22:01:36 +0000] "POST /v3/auth/tokens HTTP/1.1" 201 1990
[Fri Jul 17 22:01:37.151585 2026] [wsgi:error] [pid 10:tid 140322924365504] [remote 10.0.0.187:41892] 2026-07-17 22:01:37.131 10 ERROR keystone.server.flask.application [None req-b07d25a3-2e2c-46bf-b6ab-5d7d8dd04883 e3aec03e84e9416f8deed9e2a1fdbb0e 174e8628d7544aa68a2dff3405391451 - - default default] Conflict occurred attempting to store project - it is not permitted to have two projects acting as domains with the same name: service.: keystone.exception.Conflict: Conflict occurred attempting to store project - it is not permitted to have two projects acting as domains with the same name: service.
[Fri Jul 17 22:01:37.151614 2026] [wsgi:error] [pid 10:tid 140322924365504] [remote 10.0.0.187:41892] 2026-07-17 22:01:37.131 10 ERROR keystone.server.flask.application
Traceback (most recent call last):
[Fri Jul 17 22:01:37.151617 2026] [wsgi:error] [pid 10:tid 140322924365504] [remote 10.0.0.187:41892] 2026-07-17 22:01:37.131 10 ERROR keystone.server.flask.application
File "/var/lib/openstack/lib/python3.12/site-packages/sqlalchemy/engine/base.py", line 1969, in _exec_single_context
[Fri Jul 17 22:01:37.151619 2026] [wsgi:error] [pid 10:tid 140322924365504] [remote 10.0.0.187:41892] 2026-07-17 22:01:37.131 10 ERROR keystone.server.flask.application self.dialect.do_execute(
[Fri Jul 17 22:01:37.151622 2026] [wsgi:error] [pid 10:tid 140322924365504] [remote 10.0.0.187:41892] 2026-07-17 22:01:37.131 10 ERROR keystone.server.flask.application
File "/var/lib/openstack/lib/python3.12/site-packages/sqlalchemy/engine/default.py", line 952, in do_execute
[Fri Jul 17 22:01:37.151624 2026] [wsgi:error] [pid 10:tid 140322924365504] [remote 10.0.0.187:41892] 2026-07-17 22:01:37.131 10 ERROR keystone.server.flask.application cursor.execute(statement, parameters)
[Fri Jul 17 22:01:37.151626 2026] [wsgi:error] [pid 10:tid 140322924365504] [remote 10.0.0.187:41892] 2026-07-17 22:01:37.131 10 ERROR keystone.server.flask.application
File "/var/lib/openstack/lib/python3.12/site-packages/pymysql/cursors.py", line 159, in execute
[Fri Jul 17 22:01:37.151629 2026] [wsgi:error] [pid 10:tid 140322924365504] [remote 10.0.0.187:41892] 2026-07-17 22:01:37.131 10 ERROR keystone.server.flask.application result = self._query(query)
[Fri Jul 17 22:01:37.151631 2026] [wsgi:error] [pid 10:tid 140322924365504] [remote 10.0.0.187:41892] 2026-07-17 22:01:37.131 10 ERROR keystone.server.flask.application ^^^^^^^^^^^^^^^^^^
[Fri Jul 17 22:01:37.151633 2026] [wsgi:error] [pid 10:tid 140322924365504] [remote 10.0.0.187:41892] 2026-07-17 22:01:37.131 10 ERROR keystone.server.flask.application
File "/var/lib/openstack/lib/python3.12/site-packages/pymysql/cursors.py", line 330, in _query
[Fri Jul 17 22:01:37.151635 2026] [wsgi:error] [pid 10:tid 140322924365504] [remote 10.0.0.187:41892] 2026-07-17 22:01:37.131 10 ERROR keystone.server.flask.application conn.query(q)
[Fri Jul 17 22:01:37.151637 2026] [wsgi:error] [pid 10:tid 140322924365504] [remote 10.0.0.187:41892] 2026-07-17 22:01:37.131 10 ERROR keystone.server.flask.application
File "/var/lib/openstack/lib/python3.12/site-packages/pymysql/connections.py", line 582, in query
[Fri Jul 17 22:01:37.151639 2026] [wsgi:error] [pid 10:tid 140322924365504] [remote 10.0.0.187:41892] 2026-07-17 22:01:37.131 10 ERROR keystone.server.flask.application self._affected_rows = self._read_query_result(unbuffered=unbuffered)
[Fri Jul 17 22:01:37.151642 2026] [wsgi:error] [pid 10:tid 140322924365504] [remote 10.0.0.187:41892] 2026-07-17 22:01:37.131 10 ERROR keystone.server.flask.application ^^^^^^^^^^^^^^^^^^^^^^^^^^^^^^^^^^^^^^^^^^^^^^
[Fri Jul 17 22:01:37.151644 2026] [wsgi:error] [pid 10:tid 140322924365504] [remote 10.0.0.187:41892] 2026-07-17 22:01:37.131 10 ERROR keystone.server.flask.application
File "/var/lib/openstack/lib/python3.12/site-packages/pymysql/connections.py", line 847, in _read_query_result
[Fri Jul 17 22:01:37.151646 2026] [wsgi:error] [pid 10:tid 140322924365504] [remote 10.0.0.187:41892] 2026-07-17 22:01:37.131 10 ERROR keystone.server.flask.application result.read()
[Fri Jul 17 22:01:37.151649 2026] [wsgi:error] [pid 10:tid 140322924365504] [remote 10.0.0.187:41892] 2026-07-17 22:01:37.131 10 ERROR keystone.server.flask.application
File "/var/lib/openstack/lib/python3.12/site-packages/pymysql/connections.py", line 1245, in read
[Fri Jul 17 22:01:37.151652 2026] [wsgi:error] [pid 10:tid 140322924365504] [remote 10.0.0.187:41892] 2026-07-17 22:01:37.131 10 ERROR keystone.server.flask.application first_packet = self.connection._read_packet()
[Fri Jul 17 22:01:37.151654 2026] [wsgi:error] [pid 10:tid 140322924365504] [remote 10.0.0.187:41892] 2026-07-17 22:01:37.131 10 ERROR keystone.server.flask.application ^^^^^^^^^^^^^^^^^^^^^^^^^^^^^^
[Fri Jul 17 22:01:37.151656 2026] [wsgi:error] [pid 10:tid 140322924365504] [remote 10.0.0.187:41892] 2026-07-17 22:01:37.131 10 ERROR keystone.server.flask.application
File "/var/lib/openstack/lib/python3.12/site-packages/pymysql/connections.py", line 803, in _read_packet
[Fri Jul 17 22:01:37.151658 2026] [wsgi:error] [pid 10:tid 140322924365504] [remote 10.0.0.187:41892] 2026-07-17 22:01:37.131 10 ERROR keystone.server.flask.application packet.raise_for_error()
[Fri Jul 17 22:01:37.151660 2026] [wsgi:error] [pid 10:tid 140322924365504] [remote 10.0.0.187:41892] 2026-07-17 22:01:37.131 10 ERROR keystone.server.flask.application
File "/var/lib/openstack/lib/python3.12/site-packages/pymysql/protocol.py", line 219, in raise_for_error
[Fri Jul 17 22:01:37.151662 2026] [wsgi:error] [pid 10:tid 140322924365504] [remote 10.0.0.187:41892] 2026-07-17 22:01:37.131 10 ERROR keystone.server.flask.application err.raise_mysql_exception(self._data)
[Fri Jul 17 22:01:37.151664 2026] [wsgi:error] [pid 10:tid 140322924365504] [remote 10.0.0.187:41892] 2026-07-17 22:01:37.131 10 ERROR keystone.server.flask.application
File "/var/lib/openstack/lib/python3.12/site-packages/pymysql/err.py", line 154, in raise_mysql_exception
[Fri Jul 17 22:01:37.151666 2026] [wsgi:error] [pid 10:tid 140322924365504] [remote 10.0.0.187:41892] 2026-07-17 22:01:37.131 10 ERROR keystone.server.flask.application raise errorclass(errno, errval, sqlstate=sqlstate)
[Fri Jul 17 22:01:37.151668 2026] [wsgi:error] [pid 10:tid 140322924365504] [remote 10.0.0.187:41892] 2026-07-17 22:01:37.131 10 ERROR keystone.server.flask.application pymysql.err.IntegrityError: (1062, "Duplicate entry '<>-service' for key 'project.ixu_project_name_domain_id'")
[Fri Jul 17 22:01:37.151671 2026] [wsgi:error] [pid 10:tid 140322924365504] [remote 10.0.0.187:41892] 2026-07-17 22:01:37.131 10 ERROR keystone.server.flask.application
[Fri Jul 17 22:01:37.151673 2026] [wsgi:error] [pid 10:tid 140322924365504] [remote 10.0.0.187:41892] 2026-07-17 22:01:37.131 10 ERROR keystone.server.flask.application The above exception was the direct cause of the following exception:
[Fri Jul 17 22:01:37.151675 2026] [wsgi:error] [pid 10:tid 140322924365504] [remote 10.0.0.187:41892] 2026-07-17 22:01:37.131 10 ERROR keystone.server.flask.application
[Fri Jul 17 22:01:37.151677 2026] [wsgi:error] [pid 10:tid 140322924365504] [remote 10.0.0.187:41892] 2026-07-17 22:01:37.131 10 ERROR keystone.server.flask.application
Traceback (most recent call last):
[Fri Jul 17 22:01:37.151679 2026] [wsgi:error] [pid 10:tid 140322924365504] [remote 10.0.0.187:41892] 2026-07-17 22:01:37.131 10 ERROR keystone.server.flask.application
File "/var/lib/openstack/lib/python3.12/site-packages/keystone/common/sql/core.py", line 575, in wrapper
[Fri Jul 17 22:01:37.151681 2026] [wsgi:error] [pid 10:tid 140322924365504] [remote 10.0.0.187:41892] 2026-07-17 22:01:37.131 10 ERROR keystone.server.flask.application return method(*args, **kwargs)
[Fri Jul 17 22:01:37.151684 2026] [wsgi:error] [pid 10:tid 140322924365504] [remote 10.0.0.187:41892] 2026-07-17 22:01:37.131 10 ERROR keystone.server.flask.application ^^^^^^^^^^^^^^^^^^^^^^^
[Fri Jul 17 22:01:37.151692 2026] [wsgi:error] [pid 10:tid 140322924365504] [remote 10.0.0.187:41892] 2026-07-17 22:01:37.131 10 ERROR keystone.server.flask.application
File "/var/lib/openstack/lib/python3.12/site-packages/keystone/resource/backends/sql.py", line 278, in create_project
[Fri Jul 17 22:01:37.151695 2026] [wsgi:error] [pid 10:tid 140322924365504] [remote 10.0.0.187:41892] 2026-07-17 22:01:37.131 10 ERROR keystone.server.flask.application with sql.session_for_write() as session:
[Fri Jul 17 22:01:37.151697 2026] [wsgi:error] [pid 10:tid 140322924365504] [remote 10.0.0.187:41892] 2026-07-17 22:01:37.131 10 ERROR keystone.server.flask.application
File "/usr/lib/python3.12/contextlib.py", line 144, in __exit__
[Fri Jul 17 22:01:37.151699 2026] [wsgi:error] [pid 10:tid 140322924365504] [remote 10.0.0.187:41892] 2026-07-17 22:01:37.131 10 ERROR keystone.server.flask.application next(self.gen)
[Fri Jul 17 22:01:37.151701 2026] [wsgi:error] [pid 10:tid 140322924365504] [remote 10.0.0.187:41892] 2026-07-17 22:01:37.131 10 ERROR keystone.server.flask.application
File "/var/lib/openstack/lib/python3.12/site-packages/oslo_db/sqlalchemy/enginefacade.py", line 1175, in _transaction_scope
[Fri Jul 17 22:01:37.151703 2026] [wsgi:error] [pid 10:tid 140322924365504] [remote 10.0.0.187:41892] 2026-07-17 22:01:37.131 10 ERROR keystone.server.flask.application with current._produce_block(
[Fri Jul 17 22:01:37.151705 2026] [wsgi:error] [pid 10:tid 140322924365504] [remote 10.0.0.187:41892] 2026-07-17 22:01:37.131 10 ERROR keystone.server.flask.application
File "/usr/lib/python3.12/contextlib.py", line 144, in __exit__
[Fri Jul 17 22:01:37.151707 2026] [wsgi:error] [pid 10:tid 140322924365504] [remote 10.0.0.187:41892] 2026-07-17 22:01:37.131 10 ERROR keystone.server.flask.application next(self.gen)
[Fri Jul 17 22:01:37.151709 2026] [wsgi:error] [pid 10:tid 140322924365504] [remote 10.0.0.187:41892] 2026-07-17 22:01:37.131 10 ERROR keystone.server.flask.application
File "/var/lib/openstack/lib/python3.12/site-packages/oslo_db/sqlalchemy/enginefacade.py", line 837, in _session
[Fri Jul 17 22:01:37.151711 2026] [wsgi:error] [pid 10:tid 140322924365504] [remote 10.0.0.187:41892] 2026-07-17 22:01:37.131 10 ERROR keystone.server.flask.application with excutils.save_and_reraise_exception():
[Fri Jul 17 22:01:37.151713 2026] [wsgi:error] [pid 10:tid 140322924365504] [remote 10.0.0.187:41892] 2026-07-17 22:01:37.131 10 ERROR keystone.server.flask.application
File "/var/lib/openstack/lib/python3.12/site-packages/oslo_utils/excutils.py", line 266, in __exit__
[Fri Jul 17 22:01:37.151716 2026] [wsgi:error] [pid 10:tid 140322924365504] [remote 10.0.0.187:41892] 2026-07-17 22:01:37.131 10 ERROR keystone.server.flask.application self.force_reraise()
[Fri Jul 17 22:01:37.151718 2026] [wsgi:error] [pid 10:tid 140322924365504] [remote 10.0.0.187:41892] 2026-07-17 22:01:37.131 10 ERROR keystone.server.flask.application
File "/var/lib/openstack/lib/python3.12/site-packages/oslo_utils/excutils.py", line 232, in force_reraise
[Fri Jul 17 22:01:37.151720 2026] [wsgi:error] [pid 10:tid 140322924365504] [remote 10.0.0.187:41892] 2026-07-17 22:01:37.131 10 ERROR keystone.server.flask.application raise self.value
[Fri Jul 17 22:01:37.151722 2026] [wsgi:error] [pid 10:tid 140322924365504] [remote 10.0.0.187:41892] 2026-07-17 22:01:37.131 10 ERROR keystone.server.flask.application
File "/var/lib/openstack/lib/python3.12/site-packages/oslo_db/sqlalchemy/enginefacade.py", line 835, in _session
[Fri Jul 17 22:01:37.151724 2026] [wsgi:error] [pid 10:tid 140322924365504] [remote 10.0.0.187:41892] 2026-07-17 22:01:37.131 10 ERROR keystone.server.flask.application self._end_session_transaction(self.session)
[Fri Jul 17 22:01:37.151726 2026] [wsgi:error] [pid 10:tid 140322924365504] [remote 10.0.0.187:41892] 2026-07-17 22:01:37.131 10 ERROR keystone.server.flask.application
File "/var/lib/openstack/lib/python3.12/site-packages/oslo_db/sqlalchemy/enginefacade.py", line 748, in _end_session_transaction
[Fri Jul 17 22:01:37.151729 2026] [wsgi:error] [pid 10:tid 140322924365504] [remote 10.0.0.187:41892] 2026-07-17 22:01:37.131 10 ERROR keystone.server.flask.application session.commit()
[Fri Jul 17 22:01:37.151731 2026] [wsgi:error] [pid 10:tid 140322924365504] [remote 10.0.0.187:41892] 2026-07-17 22:01:37.131 10 ERROR keystone.server.flask.application
File "/var/lib/openstack/lib/python3.12/site-packages/sqlalchemy/orm/session.py", line 2034, in commit
[Fri Jul 17 22:01:37.151733 2026] [wsgi:error] [pid 10:tid 140322924365504] [remote 10.0.0.187:41892] 2026-07-17 22:01:37.131 10 ERROR keystone.server.flask.application trans.commit(_to_root=True)
[Fri Jul 17 22:01:37.151736 2026] [wsgi:error] [pid 10:tid 140322924365504] [remote 10.0.0.187:41892] 2026-07-17 22:01:37.131 10 ERROR keystone.server.flask.application File "", line 2, in commit
[Fri Jul 17 22:01:37.151738 2026] [wsgi:error] [pid 10:tid 140322924365504] [remote 10.0.0.187:41892] 2026-07-17 22:01:37.131 10 ERROR keystone.server.flask.application
File "/var/lib/openstack/lib/python3.12/site-packages/sqlalchemy/orm/state_changes.py", line 137, in _go
[Fri Jul 17 22:01:37.151740 2026] [wsgi:error] [pid 10:tid 140322924365504] [remote 10.0.0.187:41892] 2026-07-17 22:01:37.131 10 ERROR keystone.server.flask.application ret_value = fn(self, *arg, **kw)
[Fri Jul 17 22:01:37.151742 2026] [wsgi:error] [pid 10:tid 140322924365504] [remote 10.0.0.187:41892] 2026-07-17 22:01:37.131 10 ERROR keystone.server.flask.application ^^^^^^^^^^^^^^^^^^^^
[Fri Jul 17 22:01:37.151744 2026] [wsgi:error] [pid 10:tid 140322924365504] [remote 10.0.0.187:41892] 2026-07-17 22:01:37.131 10 ERROR keystone.server.flask.application
File "/var/lib/openstack/lib/python3.12/site-packages/sqlalchemy/orm/session.py", line 1315, in commit
[Fri Jul 17 22:01:37.151746 2026] [wsgi:error] [pid 10:tid 140322924365504] [remote 10.0.0.187:41892] 2026-07-17 22:01:37.131 10 ERROR keystone.server.flask.application self._prepare_impl()
[Fri Jul 17 22:01:37.151748 2026] [wsgi:error] [pid 10:tid 140322924365504] [remote 10.0.0.187:41892] 2026-07-17 22:01:37.131 10 ERROR keystone.server.flask.application File "", line 2, in _prepare_impl
[Fri Jul 17 22:01:37.151750 2026] [wsgi:error] [pid 10:tid 140322924365504] [remote 10.0.0.187:41892] 2026-07-17 22:01:37.131 10 ERROR keystone.server.flask.application
File "/var/lib/openstack/lib/python3.12/site-packages/sqlalchemy/orm/state_changes.py", line 137, in _go
[Fri Jul 17 22:01:37.151753 2026] [wsgi:error] [pid 10:tid 140322924365504] [remote 10.0.0.187:41892] 2026-07-17 22:01:37.131 10 ERROR keystone.server.flask.application ret_value = fn(self, *arg, **kw)
[Fri Jul 17 22:01:37.151755 2026] [wsgi:error] [pid 10:tid 140322924365504] [remote 10.0.0.187:41892] 2026-07-17 22:01:37.131 10 ERROR keystone.server.flask.application ^^^^^^^^^^^^^^^^^^^^
[Fri Jul 17 22:01:37.151757 2026] [wsgi:error] [pid 10:tid 140322924365504] [remote 10.0.0.187:41892] 2026-07-17 22:01:37.131 10 ERROR keystone.server.flask.application
File "/var/lib/openstack/lib/python3.12/site-packages/sqlalchemy/orm/session.py", line 1290, in _prepare_impl
[Fri Jul 17 22:01:37.151759 2026] [wsgi:error] [pid 10:tid 140322924365504] [remote 10.0.0.187:41892] 2026-07-17 22:01:37.131 10 ERROR keystone.server.flask.application self.session.flush()
[Fri Jul 17 22:01:37.151761 2026] [wsgi:error] [pid 10:tid 140322924365504] [remote 10.0.0.187:41892] 2026-07-17 22:01:37.131 10 ERROR keystone.server.flask.application
File "/var/lib/openstack/lib/python3.12/site-packages/sqlalchemy/orm/session.py", line 4352, in flush
[Fri Jul 17 22:01:37.151764 2026] [wsgi:error] [pid 10:tid 140322924365504] [remote 10.0.0.187:41892] 2026-07-17 22:01:37.131 10 ERROR keystone.server.flask.application self._flush(objects)
[Fri Jul 17 22:01:37.151766 2026] [wsgi:error] [pid 10:tid 140322924365504] [remote 10.0.0.187:41892] 2026-07-17 22:01:37.131 10 ERROR keystone.server.flask.application
File "/var/lib/openstack/lib/python3.12/site-packages/sqlalchemy/orm/session.py", line 4487, in _flush
[Fri Jul 17 22:01:37.151768 2026] [wsgi:error] [pid 10:tid 140322924365504] [remote 10.0.0.187:41892] 2026-07-17 22:01:37.131 10 ERROR keystone.server.flask.application with util.safe_reraise():
[Fri Jul 17 22:01:37.151770 2026] [wsgi:error] [pid 10:tid 140322924365504] [remote 10.0.0.187:41892] 2026-07-17 22:01:37.131 10 ERROR keystone.server.flask.application
File "/var/lib/openstack/lib/python3.12/site-packages/sqlalchemy/util/langhelpers.py", line 122, in __exit__
[Fri Jul 17 22:01:37.151773 2026] [wsgi:error] [pid 10:tid 140322924365504] [remote 10.0.0.187:41892] 2026-07-17 22:01:37.131 10 ERROR keystone.server.flask.application raise exc_value.with_traceback(exc_tb)
[Fri Jul 17 22:01:37.151775 2026] [wsgi:error] [pid 10:tid 140322924365504] [remote 10.0.0.187:41892] 2026-07-17 22:01:37.131 10 ERROR keystone.server.flask.application
File "/var/lib/openstack/lib/python3.12/site-packages/sqlalchemy/orm/session.py", line 4448, in _flush
[Fri Jul 17 22:01:37.151777 2026] [wsgi:error] [pid 10:tid 140322924365504] [remote 10.0.0.187:41892] 2026-07-17 22:01:37.131 10 ERROR keystone.server.flask.application flush_context.execute()
