2026-07-17 23:02:11.249 7 INFO placement.requestlog [None req-3ab85536-5dc3-48d4-b872-ea88db5372d8 4cd024fc967941b196a866b0b055a758 4c06ddd828db42189d48a701e83e3322 - - 5227f6a1fe384c558dd3d4d9c920aaf4 5227f6a1fe384c558dd3d4d9c920aaf4] 10.0.0.99 "GET /resource_providers/b8574215-7e7b-4bf3-bc72-a1855f7524f7/aggregates" status: 404 len: 235 microversion: 1.1 [pid: 7|app: 0|req: 392/783] 10.0.0.99 () {32 vars in 814 bytes} [Fri Jul 17 23:02:11 2026] GET /resource_providers/b8574215-7e7b-4bf3-bc72-a1855f7524f7/aggregates => generated 235 bytes in 20 msecs (HTTP/1.1 404) 5 headers in 202 bytes (1 switches on core 0)
2026-07-17 23:02:11.250 8 INFO placement.requestlog [None req-7292af05-bba9-4690-b9d2-c84b75439a00 4cd024fc967941b196a866b0b055a758 4c06ddd828db42189d48a701e83e3322 - - 5227f6a1fe384c558dd3d4d9c920aaf4 5227f6a1fe384c558dd3d4d9c920aaf4] 10.0.0.99 "GET /resource_providers/b8574215-7e7b-4bf3-bc72-a1855f7524f7/aggregates" status: 404 len: 235 microversion: 1.1 [pid: 8|app: 0|req: 392/784] 10.0.0.99 () {32 vars in 814 bytes} [Fri Jul 17 23:02:11 2026] GET /resource_providers/b8574215-7e7b-4bf3-bc72-a1855f7524f7/aggregates => generated 235 bytes in 11 msecs (HTTP/1.1 404) 5 headers in 202 bytes (1 switches on core 0)
2026-07-17 23:02:11.280 7 INFO placement.requestlog [None req-3c2f780c-90fe-4cf5-8848-e3305ef0d16e 4cd024fc967941b196a866b0b055a758 4c06ddd828db42189d48a701e83e3322 - - 5227f6a1fe384c558dd3d4d9c920aaf4 5227f6a1fe384c558dd3d4d9c920aaf4] 10.0.0.99 "DELETE /resource_providers/b8574215-7e7b-4bf3-bc72-a1855f7524f7" status: 404 len: 246 microversion: 1.1
2026-07-17 23:02:11.280 8 INFO placement.requestlog [None req-f752a50b-6860-42c7-84c6-a570203010d2 4cd024fc967941b196a866b0b055a758 4c06ddd828db42189d48a701e83e3322 - - 5227f6a1fe384c558dd3d4d9c920aaf4 5227f6a1fe384c558dd3d4d9c920aaf4] 10.0.0.99 "DELETE /resource_providers/b8574215-7e7b-4bf3-bc72-a1855f7524f7" status: 404 len: 246 microversion: 1.1 [pid: 7|app: 0|req: 393/785] 10.0.0.99 () {34 vars in 814 bytes} [Fri Jul 17 23:02:11 2026] DELETE /resource_providers/b8574215-7e7b-4bf3-bc72-a1855f7524f7 => generated 246 bytes in 13 msecs (HTTP/1.1 404) 6 headers in 231 bytes (1 switches on core 0) [pid: 8|app: 0|req: 393/786] 10.0.0.99 () {34 vars in 814 bytes} [Fri Jul 17 23:02:11 2026] DELETE /resource_providers/b8574215-7e7b-4bf3-bc72-a1855f7524f7 => generated 246 bytes in 10 msecs (HTTP/1.1 404) 6 headers in 231 bytes (1 switches on core 0)
2026-07-17 23:02:11.299 7 INFO placement.requestlog [None req-30560556-aca2-4941-8777-049359f9fc4c 4cd024fc967941b196a866b0b055a758 4c06ddd828db42189d48a701e83e3322 - - 5227f6a1fe384c558dd3d4d9c920aaf4 5227f6a1fe384c558dd3d4d9c920aaf4] 10.0.0.99 "GET /resource_providers/245ac81c-e222-4d34-8aa6-3704dde836c0/aggregates" status: 404 len: 235 microversion: 1.1 [pid: 7|app: 0|req: 394/787] 10.0.0.99 () {32 vars in 814 bytes} [Fri Jul 17 23:02:11 2026] GET /resource_providers/245ac81c-e222-4d34-8aa6-3704dde836c0/aggregates => generated 235 bytes in 8 msecs (HTTP/1.1 404) 5 headers in 202 bytes (1 switches on core 0)
2026-07-17 23:02:11.305 8 INFO placement.requestlog [None req-f721112e-cbcb-4395-a70a-0d0280fdf59a 4cd024fc967941b196a866b0b055a758 4c06ddd828db42189d48a701e83e3322 - - 5227f6a1fe384c558dd3d4d9c920aaf4 5227f6a1fe384c558dd3d4d9c920aaf4] 10.0.0.99 "GET /resource_providers/245ac81c-e222-4d34-8aa6-3704dde836c0/aggregates" status: 404 len: 235 microversion: 1.1 [pid: 8|app: 0|req: 394/788] 10.0.0.99 () {32 vars in 814 bytes} [Fri Jul 17 23:02:11 2026] GET /resource_providers/245ac81c-e222-4d34-8aa6-3704dde836c0/aggregates => generated 235 bytes in 10 msecs (HTTP/1.1 404) 5 headers in 202 bytes (1 switches on core 0)
2026-07-17 23:02:11.321 7 INFO placement.requestlog [None req-7361612a-edec-4c0d-9d23-8699ff2e9f35 4cd024fc967941b196a866b0b055a758 4c06ddd828db42189d48a701e83e3322 - - 5227f6a1fe384c558dd3d4d9c920aaf4 5227f6a1fe384c558dd3d4d9c920aaf4] 10.0.0.99 "DELETE /resource_providers/245ac81c-e222-4d34-8aa6-3704dde836c0" status: 404 len: 246 microversion: 1.1 [pid: 7|app: 0|req: 395/789] 10.0.0.99 () {34 vars in 814 bytes} [Fri Jul 17 23:02:11 2026] DELETE /resource_providers/245ac81c-e222-4d34-8aa6-3704dde836c0 => generated 246 bytes in 14 msecs (HTTP/1.1 404) 6 headers in 231 bytes (1 switches on core 0)
2026-07-17 23:02:11.340 8 INFO placement.requestlog [None req-6883cdf2-af8b-42bd-ae24-43829d7985fb 4cd024fc967941b196a866b0b055a758 4c06ddd828db42189d48a701e83e3322 - - 5227f6a1fe384c558dd3d4d9c920aaf4 5227f6a1fe384c558dd3d4d9c920aaf4] 10.0.0.99 "DELETE /resource_providers/245ac81c-e222-4d34-8aa6-3704dde836c0" status: 404 len: 246 microversion: 1.1 [pid: 8|app: 0|req: 395/790] 10.0.0.99 () {34 vars in 814 bytes} [Fri Jul 17 23:02:11 2026] DELETE /resource_providers/245ac81c-e222-4d34-8aa6-3704dde836c0 => generated 246 bytes in 13 msecs (HTTP/1.1 404) 6 headers in 231 bytes (1 switches on core 0)
2026-07-17 23:02:18.843 7 INFO placement.requestlog [None req-1f3c9829-e696-4a68-a7a6-9a8015e45b31 4cd024fc967941b196a866b0b055a758 4c06ddd828db42189d48a701e83e3322 - - 5227f6a1fe384c558dd3d4d9c920aaf4 5227f6a1fe384c558dd3d4d9c920aaf4] 10.0.0.99 "GET /resource_providers/cba3d5c1-e329-4ee5-9997-21ba359b4034/aggregates" status: 404 len: 235 microversion: 1.1 [pid: 7|app: 0|req: 396/791] 10.0.0.99 () {32 vars in 814 bytes} [Fri Jul 17 23:02:18 2026] GET /resource_providers/cba3d5c1-e329-4ee5-9997-21ba359b4034/aggregates => generated 235 bytes in 9 msecs (HTTP/1.1 404) 5 headers in 202 bytes (1 switches on core 0)
2026-07-17 23:02:18.845 8 INFO placement.requestlog [None req-f2d7109d-f768-42e8-becd-c948604fa37f 4cd024fc967941b196a866b0b055a758 4c06ddd828db42189d48a701e83e3322 - - 5227f6a1fe384c558dd3d4d9c920aaf4 5227f6a1fe384c558dd3d4d9c920aaf4] 10.0.0.99 "GET /resource_providers/cba3d5c1-e329-4ee5-9997-21ba359b4034/aggregates" status: 404 len: 235 microversion: 1.1 [pid: 8|app: 0|req: 396/792] 10.0.0.99 () {32 vars in 814 bytes} [Fri Jul 17 23:02:18 2026] GET /resource_providers/cba3d5c1-e329-4ee5-9997-21ba359b4034/aggregates => generated 235 bytes in 8 msecs (HTTP/1.1 404) 5 headers in 202 bytes (1 switches on core 0)
2026-07-17 23:02:18.863 8 INFO placement.requestlog [None req-6d23b4d9-1209-4194-85dc-e8c46caabe48 4cd024fc967941b196a866b0b055a758 4c06ddd828db42189d48a701e83e3322 - - 5227f6a1fe384c558dd3d4d9c920aaf4 5227f6a1fe384c558dd3d4d9c920aaf4] 10.0.0.99 "DELETE /resource_providers/cba3d5c1-e329-4ee5-9997-21ba359b4034" status: 404 len: 246 microversion: 1.1 [pid: 8|app: 0|req: 397/793] 10.0.0.99 () {34 vars in 814 bytes} [Fri Jul 17 23:02:18 2026] DELETE /resource_providers/cba3d5c1-e329-4ee5-9997-21ba359b4034 => generated 246 bytes in 7 msecs (HTTP/1.1 404) 6 headers in 231 bytes (1 switches on core 0)
2026-07-17 23:02:18.867 7 INFO placement.requestlog [None req-4be7c4af-d036-4821-b257-ce432f63fe1d 4cd024fc967941b196a866b0b055a758 4c06ddd828db42189d48a701e83e3322 - - 5227f6a1fe384c558dd3d4d9c920aaf4 5227f6a1fe384c558dd3d4d9c920aaf4] 10.0.0.99 "DELETE /resource_providers/cba3d5c1-e329-4ee5-9997-21ba359b4034" status: 404 len: 246 microversion: 1.1 [pid: 7|app: 0|req: 397/794] 10.0.0.99 () {34 vars in 814 bytes} [Fri Jul 17 23:02:18 2026] DELETE /resource_providers/cba3d5c1-e329-4ee5-9997-21ba359b4034 => generated 246 bytes in 12 msecs (HTTP/1.1 404) 6 headers in 231 bytes (1 switches on core 0)
2026-07-17 23:02:19.797 8 INFO placement.requestlog [None req-940eec2a-9968-416a-9f8a-bf4f59b4126a 4cd024fc967941b196a866b0b055a758 4c06ddd828db42189d48a701e83e3322 - - 5227f6a1fe384c558dd3d4d9c920aaf4 5227f6a1fe384c558dd3d4d9c920aaf4] 10.0.0.99 "GET /resource_providers/ed414ce4-fd7a-44b1-94e4-da21cca7aa7f/aggregates" status: 404 len: 235 microversion: 1.1 [pid: 8|app: 0|req: 398/795] 10.0.0.99 () {32 vars in 814 bytes} [Fri Jul 17 23:02:19 2026] GET /resource_providers/ed414ce4-fd7a-44b1-94e4-da21cca7aa7f/aggregates => generated 235 bytes in 12 msecs (HTTP/1.1 404) 5 headers in 202 bytes (1 switches on core 0)
2026-07-17 23:02:19.799 7 INFO placement.requestlog [None req-1cc2a30b-dd68-4b85-be1a-6b32644566c9 4cd024fc967941b196a866b0b055a758 4c06ddd828db42189d48a701e83e3322 - - 5227f6a1fe384c558dd3d4d9c920aaf4 5227f6a1fe384c558dd3d4d9c920aaf4] 10.0.0.99 "GET /resource_providers/ed414ce4-fd7a-44b1-94e4-da21cca7aa7f/aggregates" status: 404 len: 235 microversion: 1.1 [pid: 7|app: 0|req: 398/796] 10.0.0.99 () {32 vars in 814 bytes} [Fri Jul 17 23:02:19 2026] GET /resource_providers/ed414ce4-fd7a-44b1-94e4-da21cca7aa7f/aggregates => generated 235 bytes in 10 msecs (HTTP/1.1 404) 5 headers in 202 bytes (1 switches on core 0)
2026-07-17 23:02:19.823 8 INFO placement.requestlog [None req-72d61bbc-2171-4652-9255-c3ebb5917902 4cd024fc967941b196a866b0b055a758 4c06ddd828db42189d48a701e83e3322 - - 5227f6a1fe384c558dd3d4d9c920aaf4 5227f6a1fe384c558dd3d4d9c920aaf4] 10.0.0.99 "DELETE /resource_providers/ed414ce4-fd7a-44b1-94e4-da21cca7aa7f" status: 404 len: 246 microversion: 1.1 [pid: 8|app: 0|req: 399/797] 10.0.0.99 () {34 vars in 814 bytes} [Fri Jul 17 23:02:19 2026] DELETE /resource_providers/ed414ce4-fd7a-44b1-94e4-da21cca7aa7f => generated 246 bytes in 9 msecs (HTTP/1.1 404) 6 headers in 231 bytes (1 switches on core 0)
2026-07-17 23:02:19.831 7 INFO placement.requestlog [None req-60184bdb-89d5-48cc-bf9a-dbf7522df785 4cd024fc967941b196a866b0b055a758 4c06ddd828db42189d48a701e83e3322 - - 5227f6a1fe384c558dd3d4d9c920aaf4 5227f6a1fe384c558dd3d4d9c920aaf4] 10.0.0.99 "DELETE /resource_providers/ed414ce4-fd7a-44b1-94e4-da21cca7aa7f" status: 404 len: 246 microversion: 1.1 [pid: 7|app: 0|req: 399/798] 10.0.0.99 () {34 vars in 814 bytes} [Fri Jul 17 23:02:19 2026] DELETE /resource_providers/ed414ce4-fd7a-44b1-94e4-da21cca7aa7f => generated 246 bytes in 11 msecs (HTTP/1.1 404) 6 headers in 231 bytes (1 switches on core 0)
2026-07-17 23:02:20.714 8 INFO placement.requestlog [req-966a0073-77ae-45fb-81c5-c2bb2eb303ad req-1417fa3d-0e57-422e-a665-6ce6b5b59640 0c72570875a041d4a86d50914aa8065c 4c06ddd828db42189d48a701e83e3322 - - 5227f6a1fe384c558dd3d4d9c920aaf4 5227f6a1fe384c558dd3d4d9c920aaf4] 10.0.0.88 "GET /allocation_candidates?limit=1000&resources=DISK_GB%3A1%2CMEMORY_MB%3A512%2CVCPU%3A1&root_required=%21COMPUTE_STATUS_DISABLED" status: 200 len: 2783 microversion: 1.36 [pid: 8|app: 0|req: 400/799] 10.0.0.88 () {34 vars in 1010 bytes} [Fri Jul 17 23:02:20 2026] GET /allocation_candidates?limit=1000&resources=DISK_GB%3A1%2CMEMORY_MB%3A512%2CVCPU%3A1&root_required=%21COMPUTE_STATUS_DISABLED => generated 2783 bytes in 46 msecs (HTTP/1.1 200) 8 headers in 297 bytes (1 switches on core 0)
2026-07-17 23:02:20.759 7 INFO placement.requestlog [req-966a0073-77ae-45fb-81c5-c2bb2eb303ad req-bbc1ac55-06f8-46ca-a11e-4637b97a1b98 0c72570875a041d4a86d50914aa8065c 4c06ddd828db42189d48a701e83e3322 - - 5227f6a1fe384c558dd3d4d9c920aaf4 5227f6a1fe384c558dd3d4d9c920aaf4] 10.0.0.88 "GET /allocations/095e71af-50a3-4413-b3de-213ac25501d7" status: 200 len: 19 microversion: 1.28 [pid: 7|app: 0|req: 400/800] 10.0.0.88 () {34 vars in 859 bytes} [Fri Jul 17 23:02:20 2026] GET /allocations/095e71af-50a3-4413-b3de-213ac25501d7 => generated 19 bytes in 11 msecs (HTTP/1.1 200) 8 headers in 295 bytes (1 switches on core 0)
2026-07-17 23:02:20.784 7 INFO placement.requestlog [None req-0ed47910-cba4-4569-8590-c392e7cd235d - - - - - -] 10.0.0.174 "GET /" status: 200 len: 136 microversion: 1.0
2026-07-17 23:02:20.785 7 INFO placement.requestlog [None req-2e6a23de-effb-46b0-a230-3ea54302e1b1 - - - - - -] 10.0.0.174 "GET /" status: 200 len: 136 microversion: 1.0
2026-07-17 23:02:20.876 8 INFO placement.requestlog [req-966a0073-77ae-45fb-81c5-c2bb2eb303ad req-42172fe3-f327-49ce-98f8-664b3eb07047 0c72570875a041d4a86d50914aa8065c 4c06ddd828db42189d48a701e83e3322 - - 5227f6a1fe384c558dd3d4d9c920aaf4 5227f6a1fe384c558dd3d4d9c920aaf4] 10.0.0.88 "PUT /allocations/095e71af-50a3-4413-b3de-213ac25501d7" status: 204 len: 0 microversion: 1.36 [pid: 8|app: 0|req: 401/803] 10.0.0.88 () {38 vars in 912 bytes} [Fri Jul 17 23:02:20 2026] PUT /allocations/095e71af-50a3-4413-b3de-213ac25501d7 => generated 0 bytes in 110 msecs (HTTP/1.1 204) 5 headers in 199 bytes (1 switches on core 0)
2026-07-17 23:02:20.884 7 INFO placement.requestlog [None req-28e09905-4a18-4e2b-a21e-039dd8357c25 4cd024fc967941b196a866b0b055a758 4c06ddd828db42189d48a701e83e3322 - - 5227f6a1fe384c558dd3d4d9c920aaf4 5227f6a1fe384c558dd3d4d9c920aaf4] 10.0.0.99 "GET /resource_providers/1d3db98f-4a77-4f0f-a793-5daa647254e3/aggregates" status: 404 len: 235 microversion: 1.1 [pid: 7|app: 0|req: 403/804] 10.0.0.99 () {32 vars in 814 bytes} [Fri Jul 17 23:02:20 2026] GET /resource_providers/1d3db98f-4a77-4f0f-a793-5daa647254e3/aggregates => generated 235 bytes in 9 msecs (HTTP/1.1 404) 5 headers in 202 bytes (1 switches on core 0)
2026-07-17 23:02:20.886 8 INFO placement.requestlog [None req-3eca81d2-d3ac-40de-85e3-fe36d7e4c6d7 4cd024fc967941b196a866b0b055a758 4c06ddd828db42189d48a701e83e3322 - - 5227f6a1fe384c558dd3d4d9c920aaf4 5227f6a1fe384c558dd3d4d9c920aaf4] 10.0.0.99 "GET /resource_providers/1d3db98f-4a77-4f0f-a793-5daa647254e3/aggregates" status: 404 len: 235 microversion: 1.1 [pid: 8|app: 0|req: 402/805] 10.0.0.99 () {32 vars in 814 bytes} [Fri Jul 17 23:02:20 2026] GET /resource_providers/1d3db98f-4a77-4f0f-a793-5daa647254e3/aggregates => generated 235 bytes in 9 msecs (HTTP/1.1 404) 5 headers in 202 bytes (1 switches on core 0)
2026-07-17 23:02:20.900 7 INFO placement.requestlog [None req-f6db1d91-10ea-4c71-bd10-fb8be8691cee 4cd024fc967941b196a866b0b055a758 4c06ddd828db42189d48a701e83e3322 - - 5227f6a1fe384c558dd3d4d9c920aaf4 5227f6a1fe384c558dd3d4d9c920aaf4] 10.0.0.99 "DELETE /resource_providers/1d3db98f-4a77-4f0f-a793-5daa647254e3" status: 404 len: 246 microversion: 1.1 [pid: 7|app: 0|req: 404/806] 10.0.0.99 () {34 vars in 814 bytes} [Fri Jul 17 23:02:20 2026] DELETE /resource_providers/1d3db98f-4a77-4f0f-a793-5daa647254e3 => generated 246 bytes in 6 msecs (HTTP/1.1 404) 6 headers in 231 bytes (1 switches on core 0)
2026-07-17 23:02:20.906 8 INFO placement.requestlog [None req-e9c2ece8-30f6-4fad-a8f8-0d93281043b8 4cd024fc967941b196a866b0b055a758 4c06ddd828db42189d48a701e83e3322 - - 5227f6a1fe384c558dd3d4d9c920aaf4 5227f6a1fe384c558dd3d4d9c920aaf4] 10.0.0.99 "DELETE /resource_providers/1d3db98f-4a77-4f0f-a793-5daa647254e3" status: 404 len: 246 microversion: 1.1 [pid: 8|app: 0|req: 403/807] 10.0.0.99 () {34 vars in 814 bytes} [Fri Jul 17 23:02:20 2026] DELETE /resource_providers/1d3db98f-4a77-4f0f-a793-5daa647254e3 => generated 246 bytes in 11 msecs (HTTP/1.1 404) 6 headers in 231 bytes (1 switches on core 0)
2026-07-17 23:02:20.921 7 INFO placement.requestlog [None req-8ed76f3d-c642-412a-b6e5-3ae848f7fa43 4cd024fc967941b196a866b0b055a758 4c06ddd828db42189d48a701e83e3322 - - 5227f6a1fe384c558dd3d4d9c920aaf4 5227f6a1fe384c558dd3d4d9c920aaf4] 10.0.0.99 "GET /resource_providers/0121d6e8-068a-41cd-b8f9-62a7d7d77027/aggregates" status: 404 len: 235 microversion: 1.1 [pid: 7|app: 0|req: 405/808] 10.0.0.99 () {32 vars in 814 bytes} [Fri Jul 17 23:02:20 2026] GET /resource_providers/0121d6e8-068a-41cd-b8f9-62a7d7d77027/aggregates => generated 235 bytes in 8 msecs (HTTP/1.1 404) 5 headers in 202 bytes (1 switches on core 0)
2026-07-17 23:02:20.928 8 INFO placement.requestlog [None req-d629eec0-bc1a-4a98-a098-fdce85c62f9f 4cd024fc967941b196a866b0b055a758 4c06ddd828db42189d48a701e83e3322 - - 5227f6a1fe384c558dd3d4d9c920aaf4 5227f6a1fe384c558dd3d4d9c920aaf4] 10.0.0.99 "GET /resource_providers/0121d6e8-068a-41cd-b8f9-62a7d7d77027/aggregates" status: 404 len: 235 microversion: 1.1 [pid: 8|app: 0|req: 404/809] 10.0.0.99 () {32 vars in 814 bytes} [Fri Jul 17 23:02:20 2026] GET /resource_providers/0121d6e8-068a-41cd-b8f9-62a7d7d77027/aggregates => generated 235 bytes in 13 msecs (HTTP/1.1 404) 5 headers in 202 bytes (1 switches on core 0)
2026-07-17 23:02:20.947 7 INFO placement.requestlog [None req-13eb7880-09b3-4fc7-af57-765215d5cb3f 4cd024fc967941b196a866b0b055a758 4c06ddd828db42189d48a701e83e3322 - - 5227f6a1fe384c558dd3d4d9c920aaf4 5227f6a1fe384c558dd3d4d9c920aaf4] 10.0.0.99 "DELETE /resource_providers/0121d6e8-068a-41cd-b8f9-62a7d7d77027" status: 404 len: 246 microversion: 1.1 [pid: 7|app: 0|req: 406/810] 10.0.0.99 () {34 vars in 814 bytes} [Fri Jul 17 23:02:20 2026] DELETE /resource_providers/0121d6e8-068a-41cd-b8f9-62a7d7d77027 => generated 246 bytes in 17 msecs (HTTP/1.1 404) 6 headers in 231 bytes (1 switches on core 0)
2026-07-17 23:02:20.949 8 INFO placement.requestlog [None req-a6c9c948-bf38-45b3-8531-1bfcc2f829c2 4cd024fc967941b196a866b0b055a758 4c06ddd828db42189d48a701e83e3322 - - 5227f6a1fe384c558dd3d4d9c920aaf4 5227f6a1fe384c558dd3d4d9c920aaf4] 10.0.0.99 "DELETE /resource_providers/0121d6e8-068a-41cd-b8f9-62a7d7d77027" status: 404 len: 246 microversion: 1.1 [pid: 8|app: 0|req: 405/811] 10.0.0.99 () {34 vars in 814 bytes} [Fri Jul 17 23:02:20 2026] DELETE /resource_providers/0121d6e8-068a-41cd-b8f9-62a7d7d77027 => generated 246 bytes in 11 msecs (HTTP/1.1 404) 6 headers in 231 bytes (1 switches on core 0)
2026-07-17 23:02:21.853 7 INFO placement.requestlog [None req-40b52952-2a1f-4e05-85e4-abe02778feeb 4cd024fc967941b196a866b0b055a758 4c06ddd828db42189d48a701e83e3322 - - 5227f6a1fe384c558dd3d4d9c920aaf4 5227f6a1fe384c558dd3d4d9c920aaf4] 10.0.0.99 "GET /resource_providers/85170d57-9c4c-46c5-a4a7-cab552d4671a/aggregates" status: 404 len: 235 microversion: 1.1 [pid: 7|app: 0|req: 407/812] 10.0.0.99 () {32 vars in 814 bytes} [Fri Jul 17 23:02:21 2026] GET /resource_providers/85170d57-9c4c-46c5-a4a7-cab552d4671a/aggregates => generated 235 bytes in 22 msecs (HTTP/1.1 404) 5 headers in 202 bytes (1 switches on core 0)
2026-07-17 23:02:21.855 8 INFO placement.requestlog [None req-ef326885-9751-458e-a95f-4b96454e6668 4cd024fc967941b196a866b0b055a758 4c06ddd828db42189d48a701e83e3322 - - 5227f6a1fe384c558dd3d4d9c920aaf4 5227f6a1fe384c558dd3d4d9c920aaf4] 10.0.0.99 "GET /resource_providers/85170d57-9c4c-46c5-a4a7-cab552d4671a/aggregates" status: 404 len: 235 microversion: 1.1 [pid: 8|app: 0|req: 406/813] 10.0.0.99 () {32 vars in 814 bytes} [Fri Jul 17 23:02:21 2026] GET /resource_providers/85170d57-9c4c-46c5-a4a7-cab552d4671a/aggregates => generated 235 bytes in 15 msecs (HTTP/1.1 404) 5 headers in 202 bytes (1 switches on core 0)
2026-07-17 23:02:21.876 7 INFO placement.requestlog [None req-c58197d1-a729-4cd2-9968-c1e48303e3a7 4cd024fc967941b196a866b0b055a758 4c06ddd828db42189d48a701e83e3322 - - 5227f6a1fe384c558dd3d4d9c920aaf4 5227f6a1fe384c558dd3d4d9c920aaf4] 10.0.0.99 "DELETE /resource_providers/85170d57-9c4c-46c5-a4a7-cab552d4671a" status: 404 len: 246 microversion: 1.1 [pid: 7|app: 0|req: 408/814] 10.0.0.99 () {34 vars in 814 bytes} [Fri Jul 17 23:02:21 2026] DELETE /resource_providers/85170d57-9c4c-46c5-a4a7-cab552d4671a => generated 246 bytes in 7 msecs (HTTP/1.1 404) 6 headers in 231 bytes (1 switches on core 0)
2026-07-17 23:02:21.883 8 INFO placement.requestlog [None req-147b9434-6145-4fd7-85b1-32f55b5f6d53 4cd024fc967941b196a866b0b055a758 4c06ddd828db42189d48a701e83e3322 - - 5227f6a1fe384c558dd3d4d9c920aaf4 5227f6a1fe384c558dd3d4d9c920aaf4] 10.0.0.99 "DELETE /resource_providers/85170d57-9c4c-46c5-a4a7-cab552d4671a" status: 404 len: 246 microversion: 1.1 [pid: 8|app: 0|req: 407/815] 10.0.0.99 () {34 vars in 814 bytes} [Fri Jul 17 23:02:21 2026] DELETE /resource_providers/85170d57-9c4c-46c5-a4a7-cab552d4671a => generated 246 bytes in 11 msecs (HTTP/1.1 404) 6 headers in 231 bytes (1 switches on core 0)
2026-07-17 23:02:22.352 7 INFO placement.requestlog [req-156ecb2b-e201-44f2-8cc5-fe25ce34ff17 req-805ac6c7-480b-472a-972b-7d51bf35f892 0c72570875a041d4a86d50914aa8065c 4c06ddd828db42189d48a701e83e3322 - - 5227f6a1fe384c558dd3d4d9c920aaf4 5227f6a1fe384c558dd3d4d9c920aaf4] 199.204.45.74 "GET /resource_providers?in_tree=f43ac5d1-971d-496c-a9a8-8a7ea5312e24" status: 200 len: 797 microversion: 1.14 [pid: 7|app: 0|req: 409/816] 199.204.45.74 () {34 vars in 890 bytes} [Fri Jul 17 23:02:22 2026] GET /resource_providers?in_tree=f43ac5d1-971d-496c-a9a8-8a7ea5312e24 => generated 797 bytes in 182 msecs (HTTP/1.1 200) 6 headers in 225 bytes (1 switches on core 0)
2026-07-17 23:02:22.363 8 INFO placement.requestlog [req-966a0073-77ae-45fb-81c5-c2bb2eb303ad req-66cce81a-d0ac-47af-9cef-12aaae5a1405 0c72570875a041d4a86d50914aa8065c 4c06ddd828db42189d48a701e83e3322 - - 5227f6a1fe384c558dd3d4d9c920aaf4 5227f6a1fe384c558dd3d4d9c920aaf4] 199.204.45.74 "GET /allocations/095e71af-50a3-4413-b3de-213ac25501d7" status: 200 len: 257 microversion: 1.28 [pid: 8|app: 0|req: 408/817] 199.204.45.74 () {34 vars in 861 bytes} [Fri Jul 17 23:02:22 2026] GET /allocations/095e71af-50a3-4413-b3de-213ac25501d7 => generated 257 bytes in 50 msecs (HTTP/1.1 200) 8 headers in 296 bytes (1 switches on core 0)
2026-07-17 23:02:22.376 7 INFO placement.requestlog [req-156ecb2b-e201-44f2-8cc5-fe25ce34ff17 req-63a02191-cf38-469a-ad5e-d911876e4ecc 0c72570875a041d4a86d50914aa8065c 4c06ddd828db42189d48a701e83e3322 - - 5227f6a1fe384c558dd3d4d9c920aaf4 5227f6a1fe384c558dd3d4d9c920aaf4] 199.204.45.74 "GET /resource_providers/f43ac5d1-971d-496c-a9a8-8a7ea5312e24/inventories" status: 200 len: 400 microversion: 1.0 [pid: 7|app: 0|req: 410/818] 199.204.45.74 () {32 vars in 855 bytes} [Fri Jul 17 23:02:22 2026] GET /resource_providers/f43ac5d1-971d-496c-a9a8-8a7ea5312e24/inventories => generated 400 bytes in 13 msecs (HTTP/1.1 200) 6 headers in 224 bytes (1 switches on core 0)
2026-07-17 23:02:22.397 8 INFO placement.requestlog [req-156ecb2b-e201-44f2-8cc5-fe25ce34ff17 req-1d8f128d-103a-4a92-92a5-b2b70152019b 0c72570875a041d4a86d50914aa8065c 4c06ddd828db42189d48a701e83e3322 - - 5227f6a1fe384c558dd3d4d9c920aaf4 5227f6a1fe384c558dd3d4d9c920aaf4] 199.204.45.74 "GET /resource_providers/f43ac5d1-971d-496c-a9a8-8a7ea5312e24/aggregates" status: 200 len: 53 microversion: 1.19 [pid: 8|app: 0|req: 409/819] 199.204.45.74 () {34 vars in 897 bytes} [Fri Jul 17 23:02:22 2026] GET /resource_providers/f43ac5d1-971d-496c-a9a8-8a7ea5312e24/aggregates => generated 53 bytes in 14 msecs (HTTP/1.1 200) 8 headers in 295 bytes (1 switches on core 0)
2026-07-17 23:02:22.424 7 INFO placement.requestlog [req-156ecb2b-e201-44f2-8cc5-fe25ce34ff17 req-5ad08cf7-19c9-4a50-92bb-2ebc94da8c25 0c72570875a041d4a86d50914aa8065c 4c06ddd828db42189d48a701e83e3322 - - 5227f6a1fe384c558dd3d4d9c920aaf4 5227f6a1fe384c558dd3d4d9c920aaf4] 199.204.45.74 "GET /resource_providers/f43ac5d1-971d-496c-a9a8-8a7ea5312e24/traits" status: 200 len: 2316 microversion: 1.6 [pid: 7|app: 0|req: 411/820] 199.204.45.74 () {34 vars in 888 bytes} [Fri Jul 17 23:02:22 2026] GET /resource_providers/f43ac5d1-971d-496c-a9a8-8a7ea5312e24/traits => generated 2316 bytes in 20 msecs (HTTP/1.1 200) 6 headers in 225 bytes (1 switches on core 0)
2026-07-17 23:02:22.451 8 INFO placement.requestlog [req-156ecb2b-e201-44f2-8cc5-fe25ce34ff17 req-960c4cbe-0904-49d4-b407-7a455fe7ed80 0c72570875a041d4a86d50914aa8065c 4c06ddd828db42189d48a701e83e3322 - - 5227f6a1fe384c558dd3d4d9c920aaf4 5227f6a1fe384c558dd3d4d9c920aaf4] 199.204.45.74 "GET /resource_providers/f43ac5d1-971d-496c-a9a8-8a7ea5312e24/allocations" status: 200 len: 252 microversion: 1.0 [pid: 8|app: 0|req: 410/821] 199.204.45.74 () {32 vars in 855 bytes} [Fri Jul 17 23:02:22 2026] GET /resource_providers/f43ac5d1-971d-496c-a9a8-8a7ea5312e24/allocations => generated 252 bytes in 21 msecs (HTTP/1.1 200) 6 headers in 224 bytes (1 switches on core 0)
2026-07-17 23:02:22.468 7 INFO placement.requestlog [req-156ecb2b-e201-44f2-8cc5-fe25ce34ff17 req-2120935f-2994-4f44-9335-36b9e391df28 0c72570875a041d4a86d50914aa8065c 4c06ddd828db42189d48a701e83e3322 - - 5227f6a1fe384c558dd3d4d9c920aaf4 5227f6a1fe384c558dd3d4d9c920aaf4] 199.204.45.74 "GET /allocations/095e71af-50a3-4413-b3de-213ac25501d7" status: 200 len: 257 microversion: 1.28 [pid: 7|app: 0|req: 412/822] 199.204.45.74 () {34 vars in 861 bytes} [Fri Jul 17 23:02:22 2026] GET /allocations/095e71af-50a3-4413-b3de-213ac25501d7 => generated 257 bytes in 13 msecs (HTTP/1.1 200) 8 headers in 296 bytes (1 switches on core 0)
2026-07-17 23:02:22.493 8 INFO placement.requestlog [req-156ecb2b-e201-44f2-8cc5-fe25ce34ff17 req-5604fa74-b5f4-434a-a89b-6022805e6bd3 0c72570875a041d4a86d50914aa8065c 4c06ddd828db42189d48a701e83e3322 - - 5227f6a1fe384c558dd3d4d9c920aaf4 5227f6a1fe384c558dd3d4d9c920aaf4] 199.204.45.74 "GET /allocations/5c086001-e0de-4f79-9439-e684b3e06636" status: 200 len: 257 microversion: 1.28 [pid: 8|app: 0|req: 411/823] 199.204.45.74 () {34 vars in 861 bytes} [Fri Jul 17 23:02:22 2026] GET /allocations/5c086001-e0de-4f79-9439-e684b3e06636 => generated 257 bytes in 19 msecs (HTTP/1.1 200) 8 headers in 296 bytes (1 switches on core 0)
2026-07-17 23:02:22.976 8 INFO placement.requestlog [None req-b8ca6da7-f8ec-42e8-8388-c211d44a0a60 4cd024fc967941b196a866b0b055a758 4c06ddd828db42189d48a701e83e3322 - - 5227f6a1fe384c558dd3d4d9c920aaf4 5227f6a1fe384c558dd3d4d9c920aaf4] 10.0.0.99 "GET /resource_providers/e5f1afda-43a3-4e95-9ea5-897b482b70ee/aggregates" status: 404 len: 235 microversion: 1.1 [pid: 8|app: 0|req: 412/824] 10.0.0.99 () {32 vars in 814 bytes} [Fri Jul 17 23:02:22 2026] GET /resource_providers/e5f1afda-43a3-4e95-9ea5-897b482b70ee/aggregates => generated 235 bytes in 9 msecs (HTTP/1.1 404) 5 headers in 202 bytes (1 switches on core 0)
2026-07-17 23:02:22.983 7 INFO placement.requestlog [None req-479dfe38-91bf-4d7a-b36c-05d2b378b564 4cd024fc967941b196a866b0b055a758 4c06ddd828db42189d48a701e83e3322 - - 5227f6a1fe384c558dd3d4d9c920aaf4 5227f6a1fe384c558dd3d4d9c920aaf4] 10.0.0.99 "GET /resource_providers/e5f1afda-43a3-4e95-9ea5-897b482b70ee/aggregates" status: 404 len: 235 microversion: 1.1 [pid: 7|app: 0|req: 413/825] 10.0.0.99 () {32 vars in 814 bytes} [Fri Jul 17 23:02:22 2026] GET /resource_providers/e5f1afda-43a3-4e95-9ea5-897b482b70ee/aggregates => generated 235 bytes in 16 msecs (HTTP/1.1 404) 5 headers in 202 bytes (1 switches on core 0)
2026-07-17 23:02:23.002 8 INFO placement.requestlog [None req-55dd5bd4-c757-4660-a471-4d6c8f7d2b5a 4cd024fc967941b196a866b0b055a758 4c06ddd828db42189d48a701e83e3322 - - 5227f6a1fe384c558dd3d4d9c920aaf4 5227f6a1fe384c558dd3d4d9c920aaf4] 10.0.0.99 "DELETE /resource_providers/e5f1afda-43a3-4e95-9ea5-897b482b70ee" status: 404 len: 246 microversion: 1.1 [pid: 8|app: 0|req: 413/826] 10.0.0.99 () {34 vars in 814 bytes} [Fri Jul 17 23:02:22 2026] DELETE /resource_providers/e5f1afda-43a3-4e95-9ea5-897b482b70ee => generated 246 bytes in 11 msecs (HTTP/1.1 404) 6 headers in 231 bytes (1 switches on core 0)
2026-07-17 23:02:23.017 7 INFO placement.requestlog [None req-96e25e8c-d774-4366-b8c9-076b6ce72733 4cd024fc967941b196a866b0b055a758 4c06ddd828db42189d48a701e83e3322 - - 5227f6a1fe384c558dd3d4d9c920aaf4 5227f6a1fe384c558dd3d4d9c920aaf4] 10.0.0.99 "DELETE /resource_providers/e5f1afda-43a3-4e95-9ea5-897b482b70ee" status: 404 len: 246 microversion: 1.1 [pid: 7|app: 0|req: 414/827] 10.0.0.99 () {34 vars in 814 bytes} [Fri Jul 17 23:02:22 2026] DELETE /resource_providers/e5f1afda-43a3-4e95-9ea5-897b482b70ee => generated 246 bytes in 24 msecs (HTTP/1.1 404) 6 headers in 231 bytes (1 switches on core 0)
2026-07-17 23:02:24.559 8 INFO placement.requestlog [req-966a0073-77ae-45fb-81c5-c2bb2eb303ad req-0e7c135c-990e-4785-8811-a0c6bd8d547a 0c72570875a041d4a86d50914aa8065c 4c06ddd828db42189d48a701e83e3322 - - 5227f6a1fe384c558dd3d4d9c920aaf4 5227f6a1fe384c558dd3d4d9c920aaf4] 199.204.45.74 "GET /resource_providers/f43ac5d1-971d-496c-a9a8-8a7ea5312e24/allocations" status: 200 len: 252 microversion: 1.0 [pid: 8|app: 0|req: 414/828] 199.204.45.74 () {32 vars in 855 bytes} [Fri Jul 17 23:02:24 2026] GET /resource_providers/f43ac5d1-971d-496c-a9a8-8a7ea5312e24/allocations => generated 252 bytes in 22 msecs (HTTP/1.1 200) 6 headers in 224 bytes (1 switches on core 0)
2026-07-17 23:02:24.580 7 INFO placement.requestlog [req-966a0073-77ae-45fb-81c5-c2bb2eb303ad req-a350cde6-4c23-4648-97ad-772187af34b3 0c72570875a041d4a86d50914aa8065c 4c06ddd828db42189d48a701e83e3322 - - 5227f6a1fe384c558dd3d4d9c920aaf4 5227f6a1fe384c558dd3d4d9c920aaf4] 199.204.45.74 "GET /allocations/095e71af-50a3-4413-b3de-213ac25501d7" status: 200 len: 257 microversion: 1.28 [pid: 7|app: 0|req: 415/829] 199.204.45.74 () {34 vars in 861 bytes} [Fri Jul 17 23:02:24 2026] GET /allocations/095e71af-50a3-4413-b3de-213ac25501d7 => generated 257 bytes in 12 msecs (HTTP/1.1 200) 8 headers in 296 bytes (1 switches on core 0)
2026-07-17 23:02:24.602 8 INFO placement.requestlog [req-966a0073-77ae-45fb-81c5-c2bb2eb303ad req-d089ef95-e656-4774-952f-bea42bcbe13c 0c72570875a041d4a86d50914aa8065c 4c06ddd828db42189d48a701e83e3322 - - 5227f6a1fe384c558dd3d4d9c920aaf4 5227f6a1fe384c558dd3d4d9c920aaf4] 199.204.45.74 "GET /allocations/5c086001-e0de-4f79-9439-e684b3e06636" status: 200 len: 257 microversion: 1.28 [pid: 8|app: 0|req: 415/830] 199.204.45.74 () {34 vars in 861 bytes} [Fri Jul 17 23:02:24 2026] GET /allocations/5c086001-e0de-4f79-9439-e684b3e06636 => generated 257 bytes in 15 msecs (HTTP/1.1 200) 8 headers in 296 bytes (1 switches on core 0)
2026-07-17 23:02:26.110 7 INFO placement.requestlog [req-156ecb2b-e201-44f2-8cc5-fe25ce34ff17 req-1d2a01f2-8f77-46bf-8b80-495227588369 0c72570875a041d4a86d50914aa8065c 4c06ddd828db42189d48a701e83e3322 - - 5227f6a1fe384c558dd3d4d9c920aaf4 5227f6a1fe384c558dd3d4d9c920aaf4] 199.204.45.74 "DELETE /allocations/5c086001-e0de-4f79-9439-e684b3e06636" status: 204 len: 0 microversion: 1.0 [pid: 7|app: 0|req: 416/831] 199.204.45.74 () {34 vars in 839 bytes} [Fri Jul 17 23:02:26 2026] DELETE /allocations/5c086001-e0de-4f79-9439-e684b3e06636 => generated 0 bytes in 24 msecs (HTTP/1.1 204) 5 headers in 198 bytes (1 switches on core 0)
2026-07-17 23:02:26.700 8 INFO placement.requestlog [req-9acb7bee-7eb4-47ef-a497-345ff176692c req-718c39c7-384c-4a1d-be45-0e552d0a28df 0c72570875a041d4a86d50914aa8065c 4c06ddd828db42189d48a701e83e3322 - - 5227f6a1fe384c558dd3d4d9c920aaf4 5227f6a1fe384c558dd3d4d9c920aaf4] 199.204.45.74 "GET /resource_providers/f43ac5d1-971d-496c-a9a8-8a7ea5312e24/allocations" status: 200 len: 152 microversion: 1.0 [pid: 8|app: 0|req: 416/832] 199.204.45.74 () {32 vars in 855 bytes} [Fri Jul 17 23:02:26 2026] GET /resource_providers/f43ac5d1-971d-496c-a9a8-8a7ea5312e24/allocations => generated 152 bytes in 21 msecs (HTTP/1.1 200) 6 headers in 224 bytes (1 switches on core 0)
2026-07-17 23:02:26.724 7 INFO placement.requestlog [req-9acb7bee-7eb4-47ef-a497-345ff176692c req-8100aeec-1d90-44b5-9d4e-f781d5e2ad9a 0c72570875a041d4a86d50914aa8065c 4c06ddd828db42189d48a701e83e3322 - - 5227f6a1fe384c558dd3d4d9c920aaf4 5227f6a1fe384c558dd3d4d9c920aaf4] 199.204.45.74 "GET /resource_providers/f43ac5d1-971d-496c-a9a8-8a7ea5312e24/allocations" status: 200 len: 152 microversion: 1.0 [pid: 7|app: 0|req: 417/833] 199.204.45.74 () {32 vars in 855 bytes} [Fri Jul 17 23:02:26 2026] GET /resource_providers/f43ac5d1-971d-496c-a9a8-8a7ea5312e24/allocations => generated 152 bytes in 17 msecs (HTTP/1.1 200) 6 headers in 224 bytes (1 switches on core 0)
2026-07-17 23:02:26.746 8 INFO placement.requestlog [req-9acb7bee-7eb4-47ef-a497-345ff176692c req-4bf1ebf6-63ec-4a11-ab3e-4e83f1e49e44 0c72570875a041d4a86d50914aa8065c 4c06ddd828db42189d48a701e83e3322 - - 5227f6a1fe384c558dd3d4d9c920aaf4 5227f6a1fe384c558dd3d4d9c920aaf4] 199.204.45.74 "GET /allocations/095e71af-50a3-4413-b3de-213ac25501d7" status: 200 len: 257 microversion: 1.28 [pid: 8|app: 0|req: 417/834] 199.204.45.74 () {34 vars in 861 bytes} [Fri Jul 17 23:02:26 2026] GET /allocations/095e71af-50a3-4413-b3de-213ac25501d7 => generated 257 bytes in 15 msecs (HTTP/1.1 200) 8 headers in 296 bytes (1 switches on core 0)
2026-07-17 23:02:27.857 7 INFO placement.requestlog [req-2a69f4b1-52e3-4171-93a9-726e8e6284d0 req-57b1d527-a766-4cbb-96ec-373bdfc1c3c9 0c72570875a041d4a86d50914aa8065c 4c06ddd828db42189d48a701e83e3322 - - 5227f6a1fe384c558dd3d4d9c920aaf4 5227f6a1fe384c558dd3d4d9c920aaf4] 10.0.0.76 "DELETE /allocations/5c086001-e0de-4f79-9439-e684b3e06636" status: 404 len: 228 microversion: 1.0 [pid: 7|app: 0|req: 418/835] 10.0.0.76 () {34 vars in 828 bytes} [Fri Jul 17 23:02:27 2026] DELETE /allocations/5c086001-e0de-4f79-9439-e684b3e06636 => generated 228 bytes in 11 msecs (HTTP/1.1 404) 6 headers in 231 bytes (1 switches on core 0)
2026-07-17 23:02:30.784 8 INFO placement.requestlog [None req-c4b86cd4-ce93-43dc-98bf-62202f52f962 - - - - - -] 10.0.0.174 "GET /" status: 200 len: 136 microversion: 1.0
2026-07-17 23:02:30.785 7 INFO placement.requestlog [None req-a50941ae-5ec0-4f10-81dc-80d348cd4c0d - - - - - -] 10.0.0.174 "GET /" status: 200 len: 136 microversion: 1.0
2026-07-17 23:02:30.888 8 INFO placement.requestlog [None req-58f9720e-bf2b-4cc1-b0a4-41481d3ec797 4cd024fc967941b196a866b0b055a758 4c06ddd828db42189d48a701e83e3322 - - 5227f6a1fe384c558dd3d4d9c920aaf4 5227f6a1fe384c558dd3d4d9c920aaf4] 10.0.0.99 "GET /resource_providers/cd99f171-f82f-496e-877d-5070988c86e1/aggregates" status: 404 len: 235 microversion: 1.1 [pid: 8|app: 0|req: 419/838] 10.0.0.99 () {32 vars in 814 bytes} [Fri Jul 17 23:02:30 2026] GET /resource_providers/cd99f171-f82f-496e-877d-5070988c86e1/aggregates => generated 235 bytes in 9 msecs (HTTP/1.1 404) 5 headers in 202 bytes (1 switches on core 0)
2026-07-17 23:02:30.891 7 INFO placement.requestlog [None req-40c3be75-5624-4ddb-8881-2f84c0d072c3 4cd024fc967941b196a866b0b055a758 4c06ddd828db42189d48a701e83e3322 - - 5227f6a1fe384c558dd3d4d9c920aaf4 5227f6a1fe384c558dd3d4d9c920aaf4] 10.0.0.99 "GET /resource_providers/cd99f171-f82f-496e-877d-5070988c86e1/aggregates" status: 404 len: 235 microversion: 1.1 [pid: 7|app: 0|req: 420/839] 10.0.0.99 () {32 vars in 814 bytes} [Fri Jul 17 23:02:30 2026] GET /resource_providers/cd99f171-f82f-496e-877d-5070988c86e1/aggregates => generated 235 bytes in 12 msecs (HTTP/1.1 404) 5 headers in 202 bytes (1 switches on core 0)
2026-07-17 23:02:30.912 8 INFO placement.requestlog [None req-7ec0c926-7ba5-4135-9c06-21e1c16b302e 4cd024fc967941b196a866b0b055a758 4c06ddd828db42189d48a701e83e3322 - - 5227f6a1fe384c558dd3d4d9c920aaf4 5227f6a1fe384c558dd3d4d9c920aaf4] 10.0.0.99 "DELETE /resource_providers/cd99f171-f82f-496e-877d-5070988c86e1" status: 404 len: 246 microversion: 1.1 [pid: 8|app: 0|req: 420/840] 10.0.0.99 () {34 vars in 814 bytes} [Fri Jul 17 23:02:30 2026] DELETE /resource_providers/cd99f171-f82f-496e-877d-5070988c86e1 => generated 246 bytes in 9 msecs (HTTP/1.1 404) 6 headers in 231 bytes (1 switches on core 0)
2026-07-17 23:02:30.918 7 INFO placement.requestlog [None req-ddb4b04c-bbef-40c9-8820-39a1f4859836 4cd024fc967941b196a866b0b055a758 4c06ddd828db42189d48a701e83e3322 - - 5227f6a1fe384c558dd3d4d9c920aaf4 5227f6a1fe384c558dd3d4d9c920aaf4] 10.0.0.99 "DELETE /resource_providers/cd99f171-f82f-496e-877d-5070988c86e1" status: 404 len: 246 microversion: 1.1 [pid: 7|app: 0|req: 421/841] 10.0.0.99 () {34 vars in 814 bytes} [Fri Jul 17 23:02:30 2026] DELETE /resource_providers/cd99f171-f82f-496e-877d-5070988c86e1 => generated 246 bytes in 11 msecs (HTTP/1.1 404) 6 headers in 231 bytes (1 switches on core 0)
2026-07-17 23:02:32.350 8 INFO placement.requestlog [None req-0f22c6e5-9bb3-4925-909c-eaaa680ff253 4cd024fc967941b196a866b0b055a758 4c06ddd828db42189d48a701e83e3322 - - 5227f6a1fe384c558dd3d4d9c920aaf4 5227f6a1fe384c558dd3d4d9c920aaf4] 10.0.0.99 "GET /resource_providers/c2a4c58f-b3c5-45a4-8a82-2f3be470b2cc/aggregates" status: 404 len: 235 microversion: 1.1 [pid: 8|app: 0|req: 421/842] 10.0.0.99 () {32 vars in 814 bytes} [Fri Jul 17 23:02:32 2026] GET /resource_providers/c2a4c58f-b3c5-45a4-8a82-2f3be470b2cc/aggregates => generated 235 bytes in 11 msecs (HTTP/1.1 404) 5 headers in 202 bytes (1 switches on core 0)
2026-07-17 23:02:32.360 7 INFO placement.requestlog [None req-4d8c7c31-983a-49a5-8119-21a51d5ee5c4 4cd024fc967941b196a866b0b055a758 4c06ddd828db42189d48a701e83e3322 - - 5227f6a1fe384c558dd3d4d9c920aaf4 5227f6a1fe384c558dd3d4d9c920aaf4] 10.0.0.99 "GET /resource_providers/c2a4c58f-b3c5-45a4-8a82-2f3be470b2cc/aggregates" status: 404 len: 235 microversion: 1.1 [pid: 7|app: 0|req: 422/843] 10.0.0.99 () {32 vars in 814 bytes} [Fri Jul 17 23:02:32 2026] GET /resource_providers/c2a4c58f-b3c5-45a4-8a82-2f3be470b2cc/aggregates => generated 235 bytes in 15 msecs (HTTP/1.1 404) 5 headers in 202 bytes (1 switches on core 0)
2026-07-17 23:02:32.373 8 INFO placement.requestlog [None req-2f2f0a4a-0acd-474c-ab93-1b84a21e0dac 4cd024fc967941b196a866b0b055a758 4c06ddd828db42189d48a701e83e3322 - - 5227f6a1fe384c558dd3d4d9c920aaf4 5227f6a1fe384c558dd3d4d9c920aaf4] 10.0.0.99 "DELETE /resource_providers/c2a4c58f-b3c5-45a4-8a82-2f3be470b2cc" status: 404 len: 246 microversion: 1.1 [pid: 8|app: 0|req: 422/844] 10.0.0.99 () {34 vars in 814 bytes} [Fri Jul 17 23:02:32 2026] DELETE /resource_providers/c2a4c58f-b3c5-45a4-8a82-2f3be470b2cc => generated 246 bytes in 7 msecs (HTTP/1.1 404) 6 headers in 231 bytes (1 switches on core 0)
2026-07-17 23:02:32.375 7 INFO placement.requestlog [None req-fee1e941-e407-42b1-8e34-52ac82184bcf 4cd024fc967941b196a866b0b055a758 4c06ddd828db42189d48a701e83e3322 - - 5227f6a1fe384c558dd3d4d9c920aaf4 5227f6a1fe384c558dd3d4d9c920aaf4] 10.0.0.99 "DELETE /resource_providers/c2a4c58f-b3c5-45a4-8a82-2f3be470b2cc" status: 404 len: 246 microversion: 1.1 [pid: 7|app: 0|req: 423/845] 10.0.0.99 () {34 vars in 814 bytes} [Fri Jul 17 23:02:32 2026] DELETE /resource_providers/c2a4c58f-b3c5-45a4-8a82-2f3be470b2cc => generated 246 bytes in 8 msecs (HTTP/1.1 404) 6 headers in 231 bytes (1 switches on core 0)
2026-07-17 23:02:32.933 8 INFO placement.requestlog [None req-e8cda44f-a83d-49f0-a6c0-167758182d95 4cd024fc967941b196a866b0b055a758 4c06ddd828db42189d48a701e83e3322 - - 5227f6a1fe384c558dd3d4d9c920aaf4 5227f6a1fe384c558dd3d4d9c920aaf4] 10.0.0.99 "GET /resource_providers/0334e2cc-8e71-4236-a2c7-b2527e938894/aggregates" status: 404 len: 235 microversion: 1.1 [pid: 8|app: 0|req: 423/846] 10.0.0.99 () {32 vars in 814 bytes} [Fri Jul 17 23:02:32 2026] GET /resource_providers/0334e2cc-8e71-4236-a2c7-b2527e938894/aggregates => generated 235 bytes in 11 msecs (HTTP/1.1 404) 5 headers in 202 bytes (1 switches on core 0)
2026-07-17 23:02:32.942 7 INFO placement.requestlog [None req-f1aac4ff-35de-4684-8220-ac9bfe3369f5 4cd024fc967941b196a866b0b055a758 4c06ddd828db42189d48a701e83e3322 - - 5227f6a1fe384c558dd3d4d9c920aaf4 5227f6a1fe384c558dd3d4d9c920aaf4] 10.0.0.99 "GET /resource_providers/0334e2cc-8e71-4236-a2c7-b2527e938894/aggregates" status: 404 len: 235 microversion: 1.1 [pid: 7|app: 0|req: 424/847] 10.0.0.99 () {32 vars in 814 bytes} [Fri Jul 17 23:02:32 2026] GET /resource_providers/0334e2cc-8e71-4236-a2c7-b2527e938894/aggregates => generated 235 bytes in 12 msecs (HTTP/1.1 404) 5 headers in 202 bytes (1 switches on core 0)
2026-07-17 23:02:32.952 8 INFO placement.requestlog [None req-16ce60bd-b897-4ad5-bddb-4f8f5fa713db 4cd024fc967941b196a866b0b055a758 4c06ddd828db42189d48a701e83e3322 - - 5227f6a1fe384c558dd3d4d9c920aaf4 5227f6a1fe384c558dd3d4d9c920aaf4] 10.0.0.99 "DELETE /resource_providers/0334e2cc-8e71-4236-a2c7-b2527e938894" status: 404 len: 246 microversion: 1.1 [pid: 8|app: 0|req: 424/848] 10.0.0.99 () {34 vars in 814 bytes} [Fri Jul 17 23:02:32 2026] DELETE /resource_providers/0334e2cc-8e71-4236-a2c7-b2527e938894 => generated 246 bytes in 11 msecs (HTTP/1.1 404) 6 headers in 231 bytes (1 switches on core 0)
2026-07-17 23:02:32.957 7 INFO placement.requestlog [None req-b400cdcd-6196-497c-b58a-0c46927e9a5f 4cd024fc967941b196a866b0b055a758 4c06ddd828db42189d48a701e83e3322 - - 5227f6a1fe384c558dd3d4d9c920aaf4 5227f6a1fe384c558dd3d4d9c920aaf4] 10.0.0.99 "DELETE /resource_providers/0334e2cc-8e71-4236-a2c7-b2527e938894" status: 404 len: 246 microversion: 1.1 [pid: 7|app: 0|req: 425/849] 10.0.0.99 () {34 vars in 814 bytes} [Fri Jul 17 23:02:32 2026] DELETE /resource_providers/0334e2cc-8e71-4236-a2c7-b2527e938894 => generated 246 bytes in 9 msecs (HTTP/1.1 404) 6 headers in 231 bytes (1 switches on core 0)
2026-07-17 23:02:34.492 8 INFO placement.requestlog [req-966a0073-77ae-45fb-81c5-c2bb2eb303ad req-c9a74ea7-b630-4d59-8a25-b8bcb862415a 0c72570875a041d4a86d50914aa8065c 4c06ddd828db42189d48a701e83e3322 - - 5227f6a1fe384c558dd3d4d9c920aaf4 5227f6a1fe384c558dd3d4d9c920aaf4] 199.204.45.74 "GET /resource_providers/f43ac5d1-971d-496c-a9a8-8a7ea5312e24/allocations" status: 200 len: 152 microversion: 1.0 [pid: 8|app: 0|req: 425/850] 199.204.45.74 () {32 vars in 855 bytes} [Fri Jul 17 23:02:34 2026] GET /resource_providers/f43ac5d1-971d-496c-a9a8-8a7ea5312e24/allocations => generated 152 bytes in 27 msecs (HTTP/1.1 200) 6 headers in 224 bytes (1 switches on core 0)
2026-07-17 23:02:34.511 7 INFO placement.requestlog [req-966a0073-77ae-45fb-81c5-c2bb2eb303ad req-1fd8fa06-e0b2-43e0-925f-d1f024c75075 0c72570875a041d4a86d50914aa8065c 4c06ddd828db42189d48a701e83e3322 - - 5227f6a1fe384c558dd3d4d9c920aaf4 5227f6a1fe384c558dd3d4d9c920aaf4] 199.204.45.74 "GET /allocations/095e71af-50a3-4413-b3de-213ac25501d7" status: 200 len: 257 microversion: 1.28 [pid: 7|app: 0|req: 426/851] 199.204.45.74 () {34 vars in 861 bytes} [Fri Jul 17 23:02:34 2026] GET /allocations/095e71af-50a3-4413-b3de-213ac25501d7 => generated 257 bytes in 13 msecs (HTTP/1.1 200) 8 headers in 296 bytes (1 switches on core 0)
2026-07-17 23:02:37.337 8 INFO placement.requestlog [None req-8245f73b-bfdd-4bc3-89ee-d22dd4d86530 4cd024fc967941b196a866b0b055a758 4c06ddd828db42189d48a701e83e3322 - - 5227f6a1fe384c558dd3d4d9c920aaf4 5227f6a1fe384c558dd3d4d9c920aaf4] 10.0.0.99 "GET /resource_providers/f141b79f-fc52-4196-9801-5f200691f7e4/aggregates" status: 404 len: 235 microversion: 1.1 [pid: 8|app: 0|req: 426/852] 10.0.0.99 () {32 vars in 814 bytes} [Fri Jul 17 23:02:37 2026] GET /resource_providers/f141b79f-fc52-4196-9801-5f200691f7e4/aggregates => generated 235 bytes in 11 msecs (HTTP/1.1 404) 5 headers in 202 bytes (1 switches on core 0)
2026-07-17 23:02:37.341 7 INFO placement.requestlog [None req-9663081b-ddec-4ab9-b1b3-8fdde4db474a 4cd024fc967941b196a866b0b055a758 4c06ddd828db42189d48a701e83e3322 - - 5227f6a1fe384c558dd3d4d9c920aaf4 5227f6a1fe384c558dd3d4d9c920aaf4] 10.0.0.99 "GET /resource_providers/f141b79f-fc52-4196-9801-5f200691f7e4/aggregates" status: 404 len: 235 microversion: 1.1 [pid: 7|app: 0|req: 427/853] 10.0.0.99 () {32 vars in 814 bytes} [Fri Jul 17 23:02:37 2026] GET /resource_providers/f141b79f-fc52-4196-9801-5f200691f7e4/aggregates => generated 235 bytes in 11 msecs (HTTP/1.1 404) 5 headers in 202 bytes (1 switches on core 0)
2026-07-17 23:02:37.358 8 INFO placement.requestlog [None req-45b36590-a9bf-4e7b-8c1b-e2380d6d2d2b 4cd024fc967941b196a866b0b055a758 4c06ddd828db42189d48a701e83e3322 - - 5227f6a1fe384c558dd3d4d9c920aaf4 5227f6a1fe384c558dd3d4d9c920aaf4] 10.0.0.99 "DELETE /resource_providers/f141b79f-fc52-4196-9801-5f200691f7e4" status: 404 len: 246 microversion: 1.1 [pid: 8|app: 0|req: 427/854] 10.0.0.99 () {34 vars in 814 bytes} [Fri Jul 17 23:02:37 2026] DELETE /resource_providers/f141b79f-fc52-4196-9801-5f200691f7e4 => generated 246 bytes in 12 msecs (HTTP/1.1 404) 6 headers in 231 bytes (1 switches on core 0)
2026-07-17 23:02:37.360 7 INFO placement.requestlog [None req-69580cd6-8a15-4244-81f4-4f4623b8e702 4cd024fc967941b196a866b0b055a758 4c06ddd828db42189d48a701e83e3322 - - 5227f6a1fe384c558dd3d4d9c920aaf4 5227f6a1fe384c558dd3d4d9c920aaf4] 10.0.0.99 "DELETE /resource_providers/f141b79f-fc52-4196-9801-5f200691f7e4" status: 404 len: 246 microversion: 1.1 [pid: 7|app: 0|req: 428/855] 10.0.0.99 () {34 vars in 814 bytes} [Fri Jul 17 23:02:37 2026] DELETE /resource_providers/f141b79f-fc52-4196-9801-5f200691f7e4 => generated 246 bytes in 11 msecs (HTTP/1.1 404) 6 headers in 231 bytes (1 switches on core 0)
2026-07-17 23:02:38.032 8 INFO placement.requestlog [req-966a0073-77ae-45fb-81c5-c2bb2eb303ad req-3ce08132-807e-4662-9c1b-5ca367b3604c 0c72570875a041d4a86d50914aa8065c 4c06ddd828db42189d48a701e83e3322 - - 5227f6a1fe384c558dd3d4d9c920aaf4 5227f6a1fe384c558dd3d4d9c920aaf4] 199.204.45.74 "DELETE /allocations/095e71af-50a3-4413-b3de-213ac25501d7" status: 204 len: 0 microversion: 1.0 [pid: 8|app: 0|req: 428/856] 199.204.45.74 () {34 vars in 839 bytes} [Fri Jul 17 23:02:38 2026] DELETE /allocations/095e71af-50a3-4413-b3de-213ac25501d7 => generated 0 bytes in 22 msecs (HTTP/1.1 204) 5 headers in 198 bytes (1 switches on core 0)
2026-07-17 23:02:39.467 7 INFO placement.requestlog [req-0ad22b6a-cbd0-4951-b998-919f9139ea4f req-afdc74f4-978e-489c-8a9b-318bdf6ecbd9 0c72570875a041d4a86d50914aa8065c 4c06ddd828db42189d48a701e83e3322 - - 5227f6a1fe384c558dd3d4d9c920aaf4 5227f6a1fe384c558dd3d4d9c920aaf4] 10.0.0.76 "DELETE /allocations/095e71af-50a3-4413-b3de-213ac25501d7" status: 404 len: 228 microversion: 1.0 [pid: 7|app: 0|req: 429/857] 10.0.0.76 () {34 vars in 828 bytes} [Fri Jul 17 23:02:39 2026] DELETE /allocations/095e71af-50a3-4413-b3de-213ac25501d7 => generated 228 bytes in 8 msecs (HTTP/1.1 404) 6 headers in 231 bytes (1 switches on core 0)
2026-07-17 23:02:40.784 8 INFO placement.requestlog [None req-9a3229d6-18d2-4129-bf6f-62e8b78a53d4 - - - - - -] 10.0.0.174 "GET /" status: 200 len: 136 microversion: 1.0
2026-07-17 23:02:40.784 7 INFO placement.requestlog [None req-8d28d6a3-8aea-48ca-85b7-5793b4b8bcfd - - - - - -] 10.0.0.174 "GET /" status: 200 len: 136 microversion: 1.0
2026-07-17 23:02:43.156 8 INFO placement.requestlog [None req-de3dc5bc-d8f4-4f07-8a90-fd4e497f92d4 4cd024fc967941b196a866b0b055a758 4c06ddd828db42189d48a701e83e3322 - - 5227f6a1fe384c558dd3d4d9c920aaf4 5227f6a1fe384c558dd3d4d9c920aaf4] 10.0.0.99 "GET /resource_providers/a97c1f81-26de-4999-a4db-6f54a4d1e35f/aggregates" status: 404 len: 235 microversion: 1.1 [pid: 8|app: 0|req: 430/860] 10.0.0.99 () {32 vars in 814 bytes} [Fri Jul 17 23:02:43 2026] GET /resource_providers/a97c1f81-26de-4999-a4db-6f54a4d1e35f/aggregates => generated 235 bytes in 8 msecs (HTTP/1.1 404) 5 headers in 202 bytes (1 switches on core 0)
2026-07-17 23:02:43.159 7 INFO placement.requestlog [None req-b8c88ddd-8aa5-4f55-a27f-325a092db689 4cd024fc967941b196a866b0b055a758 4c06ddd828db42189d48a701e83e3322 - - 5227f6a1fe384c558dd3d4d9c920aaf4 5227f6a1fe384c558dd3d4d9c920aaf4] 10.0.0.99 "GET /resource_providers/a97c1f81-26de-4999-a4db-6f54a4d1e35f/aggregates" status: 404 len: 235 microversion: 1.1 [pid: 7|app: 0|req: 431/861] 10.0.0.99 () {32 vars in 814 bytes} [Fri Jul 17 23:02:43 2026] GET /resource_providers/a97c1f81-26de-4999-a4db-6f54a4d1e35f/aggregates => generated 235 bytes in 11 msecs (HTTP/1.1 404) 5 headers in 202 bytes (1 switches on core 0)
2026-07-17 23:02:43.181 8 INFO placement.requestlog [None req-227319c0-c586-4800-a9a2-4dbd8eb89712 4cd024fc967941b196a866b0b055a758 4c06ddd828db42189d48a701e83e3322 - - 5227f6a1fe384c558dd3d4d9c920aaf4 5227f6a1fe384c558dd3d4d9c920aaf4] 10.0.0.99 "DELETE /resource_providers/a97c1f81-26de-4999-a4db-6f54a4d1e35f" status: 404 len: 246 microversion: 1.1 [pid: 8|app: 0|req: 431/862] 10.0.0.99 () {34 vars in 814 bytes} [Fri Jul 17 23:02:43 2026] DELETE /resource_providers/a97c1f81-26de-4999-a4db-6f54a4d1e35f => generated 246 bytes in 9 msecs (HTTP/1.1 404) 6 headers in 231 bytes (1 switches on core 0)
2026-07-17 23:02:43.183 7 INFO placement.requestlog [None req-03bb5d33-750f-49ce-bdf6-868b7cc6a428 4cd024fc967941b196a866b0b055a758 4c06ddd828db42189d48a701e83e3322 - - 5227f6a1fe384c558dd3d4d9c920aaf4 5227f6a1fe384c558dd3d4d9c920aaf4] 10.0.0.99 "DELETE /resource_providers/a97c1f81-26de-4999-a4db-6f54a4d1e35f" status: 404 len: 246 microversion: 1.1 [pid: 7|app: 0|req: 432/863] 10.0.0.99 () {34 vars in 814 bytes} [Fri Jul 17 23:02:43 2026] DELETE /resource_providers/a97c1f81-26de-4999-a4db-6f54a4d1e35f => generated 246 bytes in 10 msecs (HTTP/1.1 404) 6 headers in 231 bytes (1 switches on core 0)
2026-07-17 23:02:43.528 8 INFO placement.requestlog [None req-814d95de-ee43-41c5-814d-25dec305b1b2 4cd024fc967941b196a866b0b055a758 4c06ddd828db42189d48a701e83e3322 - - 5227f6a1fe384c558dd3d4d9c920aaf4 5227f6a1fe384c558dd3d4d9c920aaf4] 10.0.0.99 "GET /resource_providers/5bcc3dab-24b5-4b27-b0bd-74171e7247b9/aggregates" status: 404 len: 235 microversion: 1.1 [pid: 8|app: 0|req: 432/864] 10.0.0.99 () {32 vars in 814 bytes} [Fri Jul 17 23:02:43 2026] GET /resource_providers/5bcc3dab-24b5-4b27-b0bd-74171e7247b9/aggregates => generated 235 bytes in 11 msecs (HTTP/1.1 404) 5 headers in 202 bytes (1 switches on core 0)
2026-07-17 23:02:43.528 7 INFO placement.requestlog [None req-510a8286-a00b-4bb5-b903-e303d627973a 4cd024fc967941b196a866b0b055a758 4c06ddd828db42189d48a701e83e3322 - - 5227f6a1fe384c558dd3d4d9c920aaf4 5227f6a1fe384c558dd3d4d9c920aaf4] 10.0.0.99 "GET /resource_providers/5bcc3dab-24b5-4b27-b0bd-74171e7247b9/aggregates" status: 404 len: 235 microversion: 1.1 [pid: 7|app: 0|req: 433/865] 10.0.0.99 () {32 vars in 814 bytes} [Fri Jul 17 23:02:43 2026] GET /resource_providers/5bcc3dab-24b5-4b27-b0bd-74171e7247b9/aggregates => generated 235 bytes in 8 msecs (HTTP/1.1 404) 5 headers in 202 bytes (1 switches on core 0)
2026-07-17 23:02:43.551 7 INFO placement.requestlog [None req-523bcf90-0f8f-4761-8282-cedce9e6831c 4cd024fc967941b196a866b0b055a758 4c06ddd828db42189d48a701e83e3322 - - 5227f6a1fe384c558dd3d4d9c920aaf4 5227f6a1fe384c558dd3d4d9c920aaf4] 10.0.0.99 "DELETE /resource_providers/5bcc3dab-24b5-4b27-b0bd-74171e7247b9" status: 404 len: 246 microversion: 1.1
