2026-07-17 12:05:11.838 8 INFO cinder.api.openstack.wsgi [None req-07c650f4-527f-46f7-b284-74aab439da77 a19ecea9207645fe834cb16d9cad184f 59bea03819ae4d78a5e9eab4db49a026 - - default default] GET http://cinder-api.openstack.svc.cluster.local:8776/v3/59bea03819ae4d78a5e9eab4db49a026/os-quota-sets/59bea03819ae4d78a5e9eab4db49a026?usage=true
2026-07-17 12:05:11.881 8 INFO cinder.api.openstack.wsgi [None req-07c650f4-527f-46f7-b284-74aab439da77 a19ecea9207645fe834cb16d9cad184f 59bea03819ae4d78a5e9eab4db49a026 - - default default] http://cinder-api.openstack.svc.cluster.local:8776/v3/59bea03819ae4d78a5e9eab4db49a026/os-quota-sets/59bea03819ae4d78a5e9eab4db49a026?usage=true returned with HTTP 200 [pid: 8|app: 0|req: 370/741] 10.0.0.254 () {28 vars in 736 bytes} [Fri Jul 17 12:05:11 2026] GET /v3/59bea03819ae4d78a5e9eab4db49a026/os-quota-sets/59bea03819ae4d78a5e9eab4db49a026?usage=true => generated 845 bytes in 53 msecs (HTTP/1.1 200) 7 headers in 285 bytes (1 switches on core 0)
2026-07-17 12:05:11.896 7 INFO cinder.api.openstack.wsgi [None req-831c173e-e8fc-4132-9da9-cbbbba4257c8 a19ecea9207645fe834cb16d9cad184f 59bea03819ae4d78a5e9eab4db49a026 - - default default] GET http://cinder-api.openstack.svc.cluster.local:8776/v3/59bea03819ae4d78a5e9eab4db49a026/os-quota-sets/6af7bd7721404c8698bf4736a7410399?usage=true
2026-07-17 12:05:11.927 7 INFO cinder.api.openstack.wsgi [None req-831c173e-e8fc-4132-9da9-cbbbba4257c8 a19ecea9207645fe834cb16d9cad184f 59bea03819ae4d78a5e9eab4db49a026 - - default default] http://cinder-api.openstack.svc.cluster.local:8776/v3/59bea03819ae4d78a5e9eab4db49a026/os-quota-sets/6af7bd7721404c8698bf4736a7410399?usage=true returned with HTTP 200 [pid: 7|app: 0|req: 372/742] 10.0.0.254 () {28 vars in 736 bytes} [Fri Jul 17 12:05:11 2026] GET /v3/59bea03819ae4d78a5e9eab4db49a026/os-quota-sets/6af7bd7721404c8698bf4736a7410399?usage=true => generated 847 bytes in 41 msecs (HTTP/1.1 200) 7 headers in 285 bytes (1 switches on core 0)
2026-07-17 12:05:11.942 8 INFO cinder.api.openstack.wsgi [None req-d8b9bf5b-44dc-4d79-be50-d47cb597f7c5 a19ecea9207645fe834cb16d9cad184f 59bea03819ae4d78a5e9eab4db49a026 - - default default] GET http://cinder-api.openstack.svc.cluster.local:8776/v3/59bea03819ae4d78a5e9eab4db49a026/os-quota-sets/70b20a47d5f44a909cea1b0c68216278?usage=true
2026-07-17 12:05:11.960 8 INFO cinder.api.openstack.wsgi [None req-d8b9bf5b-44dc-4d79-be50-d47cb597f7c5 a19ecea9207645fe834cb16d9cad184f 59bea03819ae4d78a5e9eab4db49a026 - - default default] http://cinder-api.openstack.svc.cluster.local:8776/v3/59bea03819ae4d78a5e9eab4db49a026/os-quota-sets/70b20a47d5f44a909cea1b0c68216278?usage=true returned with HTTP 200 [pid: 8|app: 0|req: 371/743] 10.0.0.254 () {28 vars in 736 bytes} [Fri Jul 17 12:05:11 2026] GET /v3/59bea03819ae4d78a5e9eab4db49a026/os-quota-sets/70b20a47d5f44a909cea1b0c68216278?usage=true => generated 847 bytes in 25 msecs (HTTP/1.1 200) 7 headers in 285 bytes (1 switches on core 0)
2026-07-17 12:05:11.973 7 INFO cinder.api.openstack.wsgi [None req-6738ef43-f518-475d-9b2f-0f9265227540 a19ecea9207645fe834cb16d9cad184f 59bea03819ae4d78a5e9eab4db49a026 - - default default] GET http://cinder-api.openstack.svc.cluster.local:8776/v3/59bea03819ae4d78a5e9eab4db49a026/os-quota-sets/7bf5b03501c84b7ab8ef0d1a77c31327?usage=true
2026-07-17 12:05:12.008 7 INFO cinder.api.openstack.wsgi [None req-6738ef43-f518-475d-9b2f-0f9265227540 a19ecea9207645fe834cb16d9cad184f 59bea03819ae4d78a5e9eab4db49a026 - - default default] http://cinder-api.openstack.svc.cluster.local:8776/v3/59bea03819ae4d78a5e9eab4db49a026/os-quota-sets/7bf5b03501c84b7ab8ef0d1a77c31327?usage=true returned with HTTP 200 [pid: 7|app: 0|req: 373/744] 10.0.0.254 () {28 vars in 736 bytes} [Fri Jul 17 12:05:11 2026] GET /v3/59bea03819ae4d78a5e9eab4db49a026/os-quota-sets/7bf5b03501c84b7ab8ef0d1a77c31327?usage=true => generated 847 bytes in 43 msecs (HTTP/1.1 200) 7 headers in 285 bytes (1 switches on core 0)
2026-07-17 12:05:12.019 8 INFO cinder.api.openstack.wsgi [None req-7c72e5ef-30c8-4d47-a06d-0de5c2100b92 a19ecea9207645fe834cb16d9cad184f 59bea03819ae4d78a5e9eab4db49a026 - - default default] GET http://cinder-api.openstack.svc.cluster.local:8776/v3/59bea03819ae4d78a5e9eab4db49a026/os-quota-sets/c5b101f2238546f0b45879ee4d6eefcb?usage=true
2026-07-17 12:05:12.040 8 INFO cinder.api.openstack.wsgi [None req-7c72e5ef-30c8-4d47-a06d-0de5c2100b92 a19ecea9207645fe834cb16d9cad184f 59bea03819ae4d78a5e9eab4db49a026 - - default default] http://cinder-api.openstack.svc.cluster.local:8776/v3/59bea03819ae4d78a5e9eab4db49a026/os-quota-sets/c5b101f2238546f0b45879ee4d6eefcb?usage=true returned with HTTP 200 [pid: 8|app: 0|req: 372/745] 10.0.0.254 () {28 vars in 736 bytes} [Fri Jul 17 12:05:12 2026] GET /v3/59bea03819ae4d78a5e9eab4db49a026/os-quota-sets/c5b101f2238546f0b45879ee4d6eefcb?usage=true => generated 847 bytes in 28 msecs (HTTP/1.1 200) 7 headers in 285 bytes (1 switches on core 0)
2026-07-17 12:05:12.052 7 INFO cinder.api.openstack.wsgi [None req-13145395-6cee-48c0-998d-16e3961e8512 a19ecea9207645fe834cb16d9cad184f 59bea03819ae4d78a5e9eab4db49a026 - - default default] GET http://cinder-api.openstack.svc.cluster.local:8776/v3/59bea03819ae4d78a5e9eab4db49a026/os-quota-sets/d7f42563ca7545699307803e76f6c8f2?usage=true
2026-07-17 12:05:12.086 7 INFO cinder.api.openstack.wsgi [None req-13145395-6cee-48c0-998d-16e3961e8512 a19ecea9207645fe834cb16d9cad184f 59bea03819ae4d78a5e9eab4db49a026 - - default default] http://cinder-api.openstack.svc.cluster.local:8776/v3/59bea03819ae4d78a5e9eab4db49a026/os-quota-sets/d7f42563ca7545699307803e76f6c8f2?usage=true returned with HTTP 200 [pid: 7|app: 0|req: 374/746] 10.0.0.254 () {28 vars in 736 bytes} [Fri Jul 17 12:05:12 2026] GET /v3/59bea03819ae4d78a5e9eab4db49a026/os-quota-sets/d7f42563ca7545699307803e76f6c8f2?usage=true => generated 845 bytes in 44 msecs (HTTP/1.1 200) 7 headers in 285 bytes (1 switches on core 0)
2026-07-17 12:05:12.107 8 INFO cinder.api.openstack.wsgi [None req-d4ec9363-08ef-4f1e-9d79-1af74dc362c4 a19ecea9207645fe834cb16d9cad184f 59bea03819ae4d78a5e9eab4db49a026 - - default default] GET http://cinder-api.openstack.svc.cluster.local:8776/v3/59bea03819ae4d78a5e9eab4db49a026/volumes/detail?all_tenants=true
2026-07-17 12:05:12.126 8 INFO cinder.volume.api [None req-d4ec9363-08ef-4f1e-9d79-1af74dc362c4 a19ecea9207645fe834cb16d9cad184f 59bea03819ae4d78a5e9eab4db49a026 - - default default] Get all volumes completed successfully. /var/lib/openstack/lib/python3.12/site-packages/oslo_context/context.py:101: DeprecationWarning: Policy enforcement is depending on the value of is_admin. This key is deprecated. Please update your policy file to use the standard policy values. warnings.warn(
2026-07-17 12:05:12.133 8 INFO cinder.api.openstack.wsgi [None req-d4ec9363-08ef-4f1e-9d79-1af74dc362c4 a19ecea9207645fe834cb16d9cad184f 59bea03819ae4d78a5e9eab4db49a026 - - default default] http://cinder-api.openstack.svc.cluster.local:8776/v3/59bea03819ae4d78a5e9eab4db49a026/volumes/detail?all_tenants=true returned with HTTP 200 [pid: 8|app: 0|req: 373/747] 10.0.0.254 () {28 vars in 684 bytes} [Fri Jul 17 12:05:12 2026] GET /v3/59bea03819ae4d78a5e9eab4db49a026/volumes/detail?all_tenants=true => generated 1949 bytes in 31 msecs (HTTP/1.1 200) 7 headers in 286 bytes (1 switches on core 0)
2026-07-17 12:05:16.336 7 INFO cinder.api.openstack.wsgi [None req-13145395-6cee-48c0-998d-16e3961e8512 a19ecea9207645fe834cb16d9cad184f 59bea03819ae4d78a5e9eab4db49a026 - - default default] GET http://10.0.0.170:8776/
2026-07-17 12:05:16.336 8 INFO cinder.api.openstack.wsgi [None req-d4ec9363-08ef-4f1e-9d79-1af74dc362c4 a19ecea9207645fe834cb16d9cad184f 59bea03819ae4d78a5e9eab4db49a026 - - default default] GET http://10.0.0.170:8776/
2026-07-17 12:05:16.337 7 INFO cinder.api.openstack.wsgi [None req-13145395-6cee-48c0-998d-16e3961e8512 a19ecea9207645fe834cb16d9cad184f 59bea03819ae4d78a5e9eab4db49a026 - - default default] http://10.0.0.170:8776/ returned with HTTP 300
2026-07-17 12:05:16.337 8 INFO cinder.api.openstack.wsgi [None req-d4ec9363-08ef-4f1e-9d79-1af74dc362c4 a19ecea9207645fe834cb16d9cad184f 59bea03819ae4d78a5e9eab4db49a026 - - default default] http://10.0.0.170:8776/ returned with HTTP 300
2026-07-17 12:05:26.336 7 INFO cinder.api.openstack.wsgi [None req-13145395-6cee-48c0-998d-16e3961e8512 a19ecea9207645fe834cb16d9cad184f 59bea03819ae4d78a5e9eab4db49a026 - - default default] GET http://10.0.0.170:8776/
2026-07-17 12:05:26.336 8 INFO cinder.api.openstack.wsgi [None req-d4ec9363-08ef-4f1e-9d79-1af74dc362c4 a19ecea9207645fe834cb16d9cad184f 59bea03819ae4d78a5e9eab4db49a026 - - default default] GET http://10.0.0.170:8776/
2026-07-17 12:05:26.337 7 INFO cinder.api.openstack.wsgi [None req-13145395-6cee-48c0-998d-16e3961e8512 a19ecea9207645fe834cb16d9cad184f 59bea03819ae4d78a5e9eab4db49a026 - - default default] http://10.0.0.170:8776/ returned with HTTP 300
2026-07-17 12:05:26.337 8 INFO cinder.api.openstack.wsgi [None req-d4ec9363-08ef-4f1e-9d79-1af74dc362c4 a19ecea9207645fe834cb16d9cad184f 59bea03819ae4d78a5e9eab4db49a026 - - default default] http://10.0.0.170:8776/ returned with HTTP 300
2026-07-17 12:05:30.145 7 INFO cinder.api.openstack.wsgi [req-6d2e78d1-51f6-4604-b2a1-c26d7e322a32 req-3b2dd80d-6e9c-47b4-9623-48f41918bb90 5632229c657d4a33bb1b461c352db30b 1e54c60ced9943598073b012f6a26555 - - default default] DELETE http://cinder-api.openstack.svc.cluster.local:8776/v3/1e54c60ced9943598073b012f6a26555/attachments/d9502775-19d1-44ca-b93f-3980f34181a4 /var/lib/openstack/lib/python3.12/site-packages/oslo_context/context.py:101: DeprecationWarning: Policy enforcement is depending on the value of is_admin. This key is deprecated. Please update your policy file to use the standard policy values. warnings.warn(
2026-07-17 12:05:30.709 7 INFO cinder.api.openstack.wsgi [req-6d2e78d1-51f6-4604-b2a1-c26d7e322a32 req-3b2dd80d-6e9c-47b4-9623-48f41918bb90 5632229c657d4a33bb1b461c352db30b 1e54c60ced9943598073b012f6a26555 - - default default] http://cinder-api.openstack.svc.cluster.local:8776/v3/1e54c60ced9943598073b012f6a26555/attachments/d9502775-19d1-44ca-b93f-3980f34181a4 returned with HTTP 200 [pid: 7|app: 0|req: 377/752] 199.204.45.109 () {38 vars in 1103 bytes} [Fri Jul 17 12:05:30 2026] DELETE /v3/1e54c60ced9943598073b012f6a26555/attachments/d9502775-19d1-44ca-b93f-3980f34181a4 => generated 19 bytes in 572 msecs (HTTP/1.1 200) 7 headers in 285 bytes (1 switches on core 0) /var/lib/openstack/lib/python3.12/site-packages/pycadf/identifier.py:70: UserWarning: Invalid uuid: cinderv3. To ensure interoperability, identifiers should be a valid uuid. warnings.warn(('Invalid uuid: %s. To ensure interoperability, '
2026-07-17 12:05:30.723 8 INFO cinder.api.openstack.wsgi [req-6d2e78d1-51f6-4604-b2a1-c26d7e322a32 req-72f9867c-75a2-47c9-9840-e5a27aee5cb0 5632229c657d4a33bb1b461c352db30b 1e54c60ced9943598073b012f6a26555 - - default default] DELETE http://cinder-api.openstack.svc.cluster.local:8776/v3/1e54c60ced9943598073b012f6a26555/volumes/f3ffaca6-ad44-4f7a-9402-990c912e58c2
2026-07-17 12:05:30.724 8 INFO cinder.api.v3.volumes [req-6d2e78d1-51f6-4604-b2a1-c26d7e322a32 req-72f9867c-75a2-47c9-9840-e5a27aee5cb0 5632229c657d4a33bb1b461c352db30b 1e54c60ced9943598073b012f6a26555 - - default default] Delete volume with id: f3ffaca6-ad44-4f7a-9402-990c912e58c2 /var/lib/openstack/lib/python3.12/site-packages/oslo_context/context.py:101: DeprecationWarning: Policy enforcement is depending on the value of is_admin. This key is deprecated. Please update your policy file to use the standard policy values. warnings.warn(
2026-07-17 12:05:30.738 8 INFO cinder.volume.api [req-6d2e78d1-51f6-4604-b2a1-c26d7e322a32 req-72f9867c-75a2-47c9-9840-e5a27aee5cb0 5632229c657d4a33bb1b461c352db30b 1e54c60ced9943598073b012f6a26555 - - default default] Volume info retrieved successfully.
2026-07-17 12:05:30.777 8 INFO cinder.volume.api [req-6d2e78d1-51f6-4604-b2a1-c26d7e322a32 req-72f9867c-75a2-47c9-9840-e5a27aee5cb0 5632229c657d4a33bb1b461c352db30b 1e54c60ced9943598073b012f6a26555 - - default default] Delete volume request issued successfully.
2026-07-17 12:05:30.778 8 INFO cinder.api.openstack.wsgi [req-6d2e78d1-51f6-4604-b2a1-c26d7e322a32 req-72f9867c-75a2-47c9-9840-e5a27aee5cb0 5632229c657d4a33bb1b461c352db30b 1e54c60ced9943598073b012f6a26555 - - default default] http://cinder-api.openstack.svc.cluster.local:8776/v3/1e54c60ced9943598073b012f6a26555/volumes/f3ffaca6-ad44-4f7a-9402-990c912e58c2 returned with HTTP 202 [pid: 8|app: 0|req: 376/753] 199.204.45.109 () {36 vars in 1054 bytes} [Fri Jul 17 12:05:30 2026] DELETE /v3/1e54c60ced9943598073b012f6a26555/volumes/f3ffaca6-ad44-4f7a-9402-990c912e58c2 => generated 0 bytes in 62 msecs (HTTP/1.1 202) 6 headers in 233 bytes (1 switches on core 0)
2026-07-17 12:05:36.336 8 INFO cinder.api.openstack.wsgi [req-6d2e78d1-51f6-4604-b2a1-c26d7e322a32 req-72f9867c-75a2-47c9-9840-e5a27aee5cb0 5632229c657d4a33bb1b461c352db30b 1e54c60ced9943598073b012f6a26555 - - default default] GET http://10.0.0.170:8776/
2026-07-17 12:05:36.336 7 INFO cinder.api.openstack.wsgi [req-6d2e78d1-51f6-4604-b2a1-c26d7e322a32 req-3b2dd80d-6e9c-47b4-9623-48f41918bb90 5632229c657d4a33bb1b461c352db30b 1e54c60ced9943598073b012f6a26555 - - default default] GET http://10.0.0.170:8776/
2026-07-17 12:05:36.337 8 INFO cinder.api.openstack.wsgi [req-6d2e78d1-51f6-4604-b2a1-c26d7e322a32 req-72f9867c-75a2-47c9-9840-e5a27aee5cb0 5632229c657d4a33bb1b461c352db30b 1e54c60ced9943598073b012f6a26555 - - default default] http://10.0.0.170:8776/ returned with HTTP 300
2026-07-17 12:05:36.338 7 INFO cinder.api.openstack.wsgi [req-6d2e78d1-51f6-4604-b2a1-c26d7e322a32 req-3b2dd80d-6e9c-47b4-9623-48f41918bb90 5632229c657d4a33bb1b461c352db30b 1e54c60ced9943598073b012f6a26555 - - default default] http://10.0.0.170:8776/ returned with HTTP 300
2026-07-17 12:05:46.336 8 INFO cinder.api.openstack.wsgi [req-6d2e78d1-51f6-4604-b2a1-c26d7e322a32 req-72f9867c-75a2-47c9-9840-e5a27aee5cb0 5632229c657d4a33bb1b461c352db30b 1e54c60ced9943598073b012f6a26555 - - default default] GET http://10.0.0.170:8776/
2026-07-17 12:05:46.336 7 INFO cinder.api.openstack.wsgi [req-6d2e78d1-51f6-4604-b2a1-c26d7e322a32 req-3b2dd80d-6e9c-47b4-9623-48f41918bb90 5632229c657d4a33bb1b461c352db30b 1e54c60ced9943598073b012f6a26555 - - default default] GET http://10.0.0.170:8776/
2026-07-17 12:05:46.337 8 INFO cinder.api.openstack.wsgi [req-6d2e78d1-51f6-4604-b2a1-c26d7e322a32 req-72f9867c-75a2-47c9-9840-e5a27aee5cb0 5632229c657d4a33bb1b461c352db30b 1e54c60ced9943598073b012f6a26555 - - default default] http://10.0.0.170:8776/ returned with HTTP 300
2026-07-17 12:05:46.337 7 INFO cinder.api.openstack.wsgi [req-6d2e78d1-51f6-4604-b2a1-c26d7e322a32 req-3b2dd80d-6e9c-47b4-9623-48f41918bb90 5632229c657d4a33bb1b461c352db30b 1e54c60ced9943598073b012f6a26555 - - default default] http://10.0.0.170:8776/ returned with HTTP 300
2026-07-17 12:05:56.335 8 INFO cinder.api.openstack.wsgi [req-6d2e78d1-51f6-4604-b2a1-c26d7e322a32 req-72f9867c-75a2-47c9-9840-e5a27aee5cb0 5632229c657d4a33bb1b461c352db30b 1e54c60ced9943598073b012f6a26555 - - default default] GET http://10.0.0.170:8776/
2026-07-17 12:05:56.335 7 INFO cinder.api.openstack.wsgi [req-6d2e78d1-51f6-4604-b2a1-c26d7e322a32 req-3b2dd80d-6e9c-47b4-9623-48f41918bb90 5632229c657d4a33bb1b461c352db30b 1e54c60ced9943598073b012f6a26555 - - default default] GET http://10.0.0.170:8776/
2026-07-17 12:05:56.336 7 INFO cinder.api.openstack.wsgi [req-6d2e78d1-51f6-4604-b2a1-c26d7e322a32 req-3b2dd80d-6e9c-47b4-9623-48f41918bb90 5632229c657d4a33bb1b461c352db30b 1e54c60ced9943598073b012f6a26555 - - default default] http://10.0.0.170:8776/ returned with HTTP 300
2026-07-17 12:05:56.336 8 INFO cinder.api.openstack.wsgi [req-6d2e78d1-51f6-4604-b2a1-c26d7e322a32 req-72f9867c-75a2-47c9-9840-e5a27aee5cb0 5632229c657d4a33bb1b461c352db30b 1e54c60ced9943598073b012f6a26555 - - default default] http://10.0.0.170:8776/ returned with HTTP 300
2026-07-17 12:06:06.336 7 INFO cinder.api.openstack.wsgi [req-6d2e78d1-51f6-4604-b2a1-c26d7e322a32 req-3b2dd80d-6e9c-47b4-9623-48f41918bb90 5632229c657d4a33bb1b461c352db30b 1e54c60ced9943598073b012f6a26555 - - default default] GET http://10.0.0.170:8776/
2026-07-17 12:06:06.336 8 INFO cinder.api.openstack.wsgi [req-6d2e78d1-51f6-4604-b2a1-c26d7e322a32 req-72f9867c-75a2-47c9-9840-e5a27aee5cb0 5632229c657d4a33bb1b461c352db30b 1e54c60ced9943598073b012f6a26555 - - default default] GET http://10.0.0.170:8776/
2026-07-17 12:06:06.337 7 INFO cinder.api.openstack.wsgi [req-6d2e78d1-51f6-4604-b2a1-c26d7e322a32 req-3b2dd80d-6e9c-47b4-9623-48f41918bb90 5632229c657d4a33bb1b461c352db30b 1e54c60ced9943598073b012f6a26555 - - default default] http://10.0.0.170:8776/ returned with HTTP 300
2026-07-17 12:06:06.338 8 INFO cinder.api.openstack.wsgi [req-6d2e78d1-51f6-4604-b2a1-c26d7e322a32 req-72f9867c-75a2-47c9-9840-e5a27aee5cb0 5632229c657d4a33bb1b461c352db30b 1e54c60ced9943598073b012f6a26555 - - default default] http://10.0.0.170:8776/ returned with HTTP 300 /var/lib/openstack/lib/python3.12/site-packages/pycadf/identifier.py:70: UserWarning: Invalid uuid: cinderv3. To ensure interoperability, identifiers should be a valid uuid. warnings.warn(('Invalid uuid: %s. To ensure interoperability, '
2026-07-17 12:06:11.294 8 INFO cinder.api.openstack.wsgi [None req-6726ba58-1650-4cf1-87cd-90f18cc360c0 a19ecea9207645fe834cb16d9cad184f 59bea03819ae4d78a5e9eab4db49a026 - - default default] GET http://cinder-api.openstack.svc.cluster.local:8776/v3/59bea03819ae4d78a5e9eab4db49a026/volumes/detail?all_tenants=true
2026-07-17 12:06:11.304 8 INFO cinder.volume.api [None req-6726ba58-1650-4cf1-87cd-90f18cc360c0 a19ecea9207645fe834cb16d9cad184f 59bea03819ae4d78a5e9eab4db49a026 - - default default] Get all volumes completed successfully.
2026-07-17 12:06:11.306 8 INFO cinder.api.openstack.wsgi [None req-6726ba58-1650-4cf1-87cd-90f18cc360c0 a19ecea9207645fe834cb16d9cad184f 59bea03819ae4d78a5e9eab4db49a026 - - default default] http://cinder-api.openstack.svc.cluster.local:8776/v3/59bea03819ae4d78a5e9eab4db49a026/volumes/detail?all_tenants=true returned with HTTP 200 [pid: 8|app: 0|req: 381/762] 10.0.0.254 () {28 vars in 684 bytes} [Fri Jul 17 12:06:11 2026] GET /v3/59bea03819ae4d78a5e9eab4db49a026/volumes/detail?all_tenants=true => generated 15 bytes in 187 msecs (HTTP/1.1 200) 7 headers in 284 bytes (1 switches on core 0) /var/lib/openstack/lib/python3.12/site-packages/pycadf/identifier.py:70: UserWarning: Invalid uuid: cinderv3. To ensure interoperability, identifiers should be a valid uuid. warnings.warn(('Invalid uuid: %s. To ensure interoperability, '
2026-07-17 12:06:11.322 7 INFO cinder.api.openstack.wsgi [None req-989f84e6-271e-4d0f-83e3-da1e45cb015d a19ecea9207645fe834cb16d9cad184f 59bea03819ae4d78a5e9eab4db49a026 - - default default] GET http://cinder-api.openstack.svc.cluster.local:8776/v3/59bea03819ae4d78a5e9eab4db49a026/os-services /var/lib/openstack/lib/python3.12/site-packages/oslo_context/context.py:101: DeprecationWarning: Policy enforcement is depending on the value of is_admin. This key is deprecated. Please update your policy file to use the standard policy values. warnings.warn(
2026-07-17 12:06:11.331 7 INFO cinder.api.openstack.wsgi [None req-989f84e6-271e-4d0f-83e3-da1e45cb015d a19ecea9207645fe834cb16d9cad184f 59bea03819ae4d78a5e9eab4db49a026 - - default default] http://cinder-api.openstack.svc.cluster.local:8776/v3/59bea03819ae4d78a5e9eab4db49a026/os-services returned with HTTP 200 [pid: 7|app: 0|req: 382/763] 10.0.0.254 () {28 vars in 645 bytes} [Fri Jul 17 12:06:11 2026] GET /v3/59bea03819ae4d78a5e9eab4db49a026/os-services => generated 646 bytes in 17 msecs (HTTP/1.1 200) 7 headers in 285 bytes (1 switches on core 0)
2026-07-17 12:06:11.341 8 INFO cinder.api.openstack.wsgi [None req-4c43b3bd-d5e0-4da0-83f9-4c7dc8cb8f11 a19ecea9207645fe834cb16d9cad184f 59bea03819ae4d78a5e9eab4db49a026 - - default default] GET http://cinder-api.openstack.svc.cluster.local:8776/v3/59bea03819ae4d78a5e9eab4db49a026/snapshots?all_tenants=true
2026-07-17 12:06:11.346 8 INFO cinder.volume.api [None req-4c43b3bd-d5e0-4da0-83f9-4c7dc8cb8f11 a19ecea9207645fe834cb16d9cad184f 59bea03819ae4d78a5e9eab4db49a026 - - default default] Get all snapshots completed successfully.
2026-07-17 12:06:11.347 8 INFO cinder.api.openstack.wsgi [None req-4c43b3bd-d5e0-4da0-83f9-4c7dc8cb8f11 a19ecea9207645fe834cb16d9cad184f 59bea03819ae4d78a5e9eab4db49a026 - - default default] http://cinder-api.openstack.svc.cluster.local:8776/v3/59bea03819ae4d78a5e9eab4db49a026/snapshots?all_tenants=true returned with HTTP 200 [pid: 8|app: 0|req: 382/764] 10.0.0.254 () {28 vars in 674 bytes} [Fri Jul 17 12:06:11 2026] GET /v3/59bea03819ae4d78a5e9eab4db49a026/snapshots?all_tenants=true => generated 17 bytes in 11 msecs (HTTP/1.1 200) 7 headers in 284 bytes (1 switches on core 0)
2026-07-17 12:06:11.358 7 INFO cinder.api.openstack.wsgi [None req-f5baccb6-f549-41ce-924c-62d977854a07 a19ecea9207645fe834cb16d9cad184f 59bea03819ae4d78a5e9eab4db49a026 - - default default] GET http://cinder-api.openstack.svc.cluster.local:8776/v3/59bea03819ae4d78a5e9eab4db49a026/scheduler-stats/get_pools?detail=true
2026-07-17 12:06:11.863 7 INFO cinder.api.openstack.wsgi [None req-f5baccb6-f549-41ce-924c-62d977854a07 a19ecea9207645fe834cb16d9cad184f 59bea03819ae4d78a5e9eab4db49a026 - - default default] http://cinder-api.openstack.svc.cluster.local:8776/v3/59bea03819ae4d78a5e9eab4db49a026/scheduler-stats/get_pools?detail=true returned with HTTP 200 [pid: 7|app: 0|req: 383/765] 10.0.0.254 () {28 vars in 696 bytes} [Fri Jul 17 12:06:11 2026] GET /v3/59bea03819ae4d78a5e9eab4db49a026/scheduler-stats/get_pools?detail=true => generated 670 bytes in 514 msecs (HTTP/1.1 200) 7 headers in 285 bytes (1 switches on core 0)
2026-07-17 12:06:11.875 8 INFO cinder.api.openstack.wsgi [None req-2fbba460-22e7-403c-8fbc-94da9927fb1c a19ecea9207645fe834cb16d9cad184f 59bea03819ae4d78a5e9eab4db49a026 - - default default] GET http://cinder-api.openstack.svc.cluster.local:8776/v3/59bea03819ae4d78a5e9eab4db49a026/volumes/detail?all_tenants=true
2026-07-17 12:06:11.886 8 INFO cinder.volume.api [None req-2fbba460-22e7-403c-8fbc-94da9927fb1c a19ecea9207645fe834cb16d9cad184f 59bea03819ae4d78a5e9eab4db49a026 - - default default] Get all volumes completed successfully.
2026-07-17 12:06:11.888 8 INFO cinder.api.openstack.wsgi [None req-2fbba460-22e7-403c-8fbc-94da9927fb1c a19ecea9207645fe834cb16d9cad184f 59bea03819ae4d78a5e9eab4db49a026 - - default default] http://cinder-api.openstack.svc.cluster.local:8776/v3/59bea03819ae4d78a5e9eab4db49a026/volumes/detail?all_tenants=true returned with HTTP 200 [pid: 8|app: 0|req: 383/766] 10.0.0.254 () {28 vars in 684 bytes} [Fri Jul 17 12:06:11 2026] GET /v3/59bea03819ae4d78a5e9eab4db49a026/volumes/detail?all_tenants=true => generated 15 bytes in 20 msecs (HTTP/1.1 200) 7 headers in 284 bytes (1 switches on core 0)
2026-07-17 12:06:12.004 7 INFO cinder.api.openstack.wsgi [None req-e8e576b1-b027-46b8-b9b8-5e293df8a4da a19ecea9207645fe834cb16d9cad184f 59bea03819ae4d78a5e9eab4db49a026 - - default default] GET http://cinder-api.openstack.svc.cluster.local:8776/v3/59bea03819ae4d78a5e9eab4db49a026/os-quota-sets/3a7925509457426b86330ad40c870377?usage=true
2026-07-17 12:06:12.029 7 INFO cinder.api.openstack.wsgi [None req-e8e576b1-b027-46b8-b9b8-5e293df8a4da a19ecea9207645fe834cb16d9cad184f 59bea03819ae4d78a5e9eab4db49a026 - - default default] http://cinder-api.openstack.svc.cluster.local:8776/v3/59bea03819ae4d78a5e9eab4db49a026/os-quota-sets/3a7925509457426b86330ad40c870377?usage=true returned with HTTP 200 [pid: 7|app: 0|req: 384/767] 10.0.0.254 () {28 vars in 736 bytes} [Fri Jul 17 12:06:11 2026] GET /v3/59bea03819ae4d78a5e9eab4db49a026/os-quota-sets/3a7925509457426b86330ad40c870377?usage=true => generated 847 bytes in 37 msecs (HTTP/1.1 200) 7 headers in 285 bytes (1 switches on core 0)
2026-07-17 12:06:12.044 8 INFO cinder.api.openstack.wsgi [None req-382989aa-5ff1-458b-8c95-480283f3a845 a19ecea9207645fe834cb16d9cad184f 59bea03819ae4d78a5e9eab4db49a026 - - default default] GET http://cinder-api.openstack.svc.cluster.local:8776/v3/59bea03819ae4d78a5e9eab4db49a026/os-quota-sets/59bea03819ae4d78a5e9eab4db49a026?usage=true
2026-07-17 12:06:12.170 8 INFO cinder.api.openstack.wsgi [None req-382989aa-5ff1-458b-8c95-480283f3a845 a19ecea9207645fe834cb16d9cad184f 59bea03819ae4d78a5e9eab4db49a026 - - default default] http://cinder-api.openstack.svc.cluster.local:8776/v3/59bea03819ae4d78a5e9eab4db49a026/os-quota-sets/59bea03819ae4d78a5e9eab4db49a026?usage=true returned with HTTP 200 [pid: 8|app: 0|req: 384/768] 10.0.0.254 () {28 vars in 736 bytes} [Fri Jul 17 12:06:12 2026] GET /v3/59bea03819ae4d78a5e9eab4db49a026/os-quota-sets/59bea03819ae4d78a5e9eab4db49a026?usage=true => generated 845 bytes in 138 msecs (HTTP/1.1 200) 7 headers in 285 bytes (1 switches on core 0)
2026-07-17 12:06:12.186 7 INFO cinder.api.openstack.wsgi [None req-c1b6259f-3c76-436d-ab53-1781665e6a08 a19ecea9207645fe834cb16d9cad184f 59bea03819ae4d78a5e9eab4db49a026 - - default default] GET http://cinder-api.openstack.svc.cluster.local:8776/v3/59bea03819ae4d78a5e9eab4db49a026/os-quota-sets/70b20a47d5f44a909cea1b0c68216278?usage=true
2026-07-17 12:06:12.210 7 INFO cinder.api.openstack.wsgi [None req-c1b6259f-3c76-436d-ab53-1781665e6a08 a19ecea9207645fe834cb16d9cad184f 59bea03819ae4d78a5e9eab4db49a026 - - default default] http://cinder-api.openstack.svc.cluster.local:8776/v3/59bea03819ae4d78a5e9eab4db49a026/os-quota-sets/70b20a47d5f44a909cea1b0c68216278?usage=true returned with HTTP 200 [pid: 7|app: 0|req: 385/769] 10.0.0.254 () {28 vars in 736 bytes} [Fri Jul 17 12:06:12 2026] GET /v3/59bea03819ae4d78a5e9eab4db49a026/os-quota-sets/70b20a47d5f44a909cea1b0c68216278?usage=true => generated 847 bytes in 36 msecs (HTTP/1.1 200) 7 headers in 285 bytes (1 switches on core 0)
2026-07-17 12:06:12.222 8 INFO cinder.api.openstack.wsgi [None req-5f2ca2d3-417f-4043-92d0-3811c01efd20 a19ecea9207645fe834cb16d9cad184f 59bea03819ae4d78a5e9eab4db49a026 - - default default] GET http://cinder-api.openstack.svc.cluster.local:8776/v3/59bea03819ae4d78a5e9eab4db49a026/os-quota-sets/7dc01af300044d43935f7f2e330438da?usage=true
2026-07-17 12:06:12.243 8 INFO cinder.api.openstack.wsgi [None req-5f2ca2d3-417f-4043-92d0-3811c01efd20 a19ecea9207645fe834cb16d9cad184f 59bea03819ae4d78a5e9eab4db49a026 - - default default] http://cinder-api.openstack.svc.cluster.local:8776/v3/59bea03819ae4d78a5e9eab4db49a026/os-quota-sets/7dc01af300044d43935f7f2e330438da?usage=true returned with HTTP 200 [pid: 8|app: 0|req: 385/770] 10.0.0.254 () {28 vars in 736 bytes} [Fri Jul 17 12:06:12 2026] GET /v3/59bea03819ae4d78a5e9eab4db49a026/os-quota-sets/7dc01af300044d43935f7f2e330438da?usage=true => generated 847 bytes in 28 msecs (HTTP/1.1 200) 7 headers in 285 bytes (1 switches on core 0)
2026-07-17 12:06:12.257 7 INFO cinder.api.openstack.wsgi [None req-d6e75019-7d47-4cf4-9e56-1fbd4e19e2cf a19ecea9207645fe834cb16d9cad184f 59bea03819ae4d78a5e9eab4db49a026 - - default default] GET http://cinder-api.openstack.svc.cluster.local:8776/v3/59bea03819ae4d78a5e9eab4db49a026/os-quota-sets/89bb6fe4e071406487487c532e0dd9f1?usage=true
2026-07-17 12:06:12.292 7 INFO cinder.api.openstack.wsgi [None req-d6e75019-7d47-4cf4-9e56-1fbd4e19e2cf a19ecea9207645fe834cb16d9cad184f 59bea03819ae4d78a5e9eab4db49a026 - - default default] http://cinder-api.openstack.svc.cluster.local:8776/v3/59bea03819ae4d78a5e9eab4db49a026/os-quota-sets/89bb6fe4e071406487487c532e0dd9f1?usage=true returned with HTTP 200 [pid: 7|app: 0|req: 386/771] 10.0.0.254 () {28 vars in 736 bytes} [Fri Jul 17 12:06:12 2026] GET /v3/59bea03819ae4d78a5e9eab4db49a026/os-quota-sets/89bb6fe4e071406487487c532e0dd9f1?usage=true => generated 847 bytes in 45 msecs (HTTP/1.1 200) 7 headers in 285 bytes (1 switches on core 0)
2026-07-17 12:06:12.304 8 INFO cinder.api.openstack.wsgi [None req-cf857729-8a71-4271-a702-232275960160 a19ecea9207645fe834cb16d9cad184f 59bea03819ae4d78a5e9eab4db49a026 - - default default] GET http://cinder-api.openstack.svc.cluster.local:8776/v3/59bea03819ae4d78a5e9eab4db49a026/os-quota-sets/d7f42563ca7545699307803e76f6c8f2?usage=true
2026-07-17 12:06:12.329 8 INFO cinder.api.openstack.wsgi [None req-cf857729-8a71-4271-a702-232275960160 a19ecea9207645fe834cb16d9cad184f 59bea03819ae4d78a5e9eab4db49a026 - - default default] http://cinder-api.openstack.svc.cluster.local:8776/v3/59bea03819ae4d78a5e9eab4db49a026/os-quota-sets/d7f42563ca7545699307803e76f6c8f2?usage=true returned with HTTP 200 [pid: 8|app: 0|req: 386/772] 10.0.0.254 () {28 vars in 736 bytes} [Fri Jul 17 12:06:12 2026] GET /v3/59bea03819ae4d78a5e9eab4db49a026/os-quota-sets/d7f42563ca7545699307803e76f6c8f2?usage=true => generated 845 bytes in 34 msecs (HTTP/1.1 200) 7 headers in 285 bytes (1 switches on core 0)
2026-07-17 12:06:12.341 7 INFO cinder.api.openstack.wsgi [None req-30849821-d5be-4a98-8ce0-5a77b02367e5 a19ecea9207645fe834cb16d9cad184f 59bea03819ae4d78a5e9eab4db49a026 - - default default] GET http://cinder-api.openstack.svc.cluster.local:8776/v3/59bea03819ae4d78a5e9eab4db49a026/os-quota-sets/f6b255e1533e43f6ab4c24141ee6ea70?usage=true
2026-07-17 12:06:12.362 7 INFO cinder.api.openstack.wsgi [None req-30849821-d5be-4a98-8ce0-5a77b02367e5 a19ecea9207645fe834cb16d9cad184f 59bea03819ae4d78a5e9eab4db49a026 - - default default] http://cinder-api.openstack.svc.cluster.local:8776/v3/59bea03819ae4d78a5e9eab4db49a026/os-quota-sets/f6b255e1533e43f6ab4c24141ee6ea70?usage=true returned with HTTP 200 [pid: 7|app: 0|req: 387/773] 10.0.0.254 () {28 vars in 736 bytes} [Fri Jul 17 12:06:12 2026] GET /v3/59bea03819ae4d78a5e9eab4db49a026/os-quota-sets/f6b255e1533e43f6ab4c24141ee6ea70?usage=true => generated 847 bytes in 31 msecs (HTTP/1.1 200) 7 headers in 285 bytes (1 switches on core 0)
2026-07-17 12:06:16.336 8 INFO cinder.api.openstack.wsgi [None req-cf857729-8a71-4271-a702-232275960160 a19ecea9207645fe834cb16d9cad184f 59bea03819ae4d78a5e9eab4db49a026 - - default default] GET http://10.0.0.170:8776/
2026-07-17 12:06:16.336 7 INFO cinder.api.openstack.wsgi [None req-30849821-d5be-4a98-8ce0-5a77b02367e5 a19ecea9207645fe834cb16d9cad184f 59bea03819ae4d78a5e9eab4db49a026 - - default default] GET http://10.0.0.170:8776/
2026-07-17 12:06:16.337 7 INFO cinder.api.openstack.wsgi [None req-30849821-d5be-4a98-8ce0-5a77b02367e5 a19ecea9207645fe834cb16d9cad184f 59bea03819ae4d78a5e9eab4db49a026 - - default default] http://10.0.0.170:8776/ returned with HTTP 300
2026-07-17 12:06:16.337 8 INFO cinder.api.openstack.wsgi [None req-cf857729-8a71-4271-a702-232275960160 a19ecea9207645fe834cb16d9cad184f 59bea03819ae4d78a5e9eab4db49a026 - - default default] http://10.0.0.170:8776/ returned with HTTP 300
2026-07-17 12:06:26.336 8 INFO cinder.api.openstack.wsgi [None req-cf857729-8a71-4271-a702-232275960160 a19ecea9207645fe834cb16d9cad184f 59bea03819ae4d78a5e9eab4db49a026 - - default default] GET http://10.0.0.170:8776/
2026-07-17 12:06:26.336 7 INFO cinder.api.openstack.wsgi [None req-30849821-d5be-4a98-8ce0-5a77b02367e5 a19ecea9207645fe834cb16d9cad184f 59bea03819ae4d78a5e9eab4db49a026 - - default default] GET http://10.0.0.170:8776/
2026-07-17 12:06:26.337 8 INFO cinder.api.openstack.wsgi [None req-cf857729-8a71-4271-a702-232275960160 a19ecea9207645fe834cb16d9cad184f 59bea03819ae4d78a5e9eab4db49a026 - - default default] http://10.0.0.170:8776/ returned with HTTP 300
2026-07-17 12:06:26.337 7 INFO cinder.api.openstack.wsgi [None req-30849821-d5be-4a98-8ce0-5a77b02367e5 a19ecea9207645fe834cb16d9cad184f 59bea03819ae4d78a5e9eab4db49a026 - - default default] http://10.0.0.170:8776/ returned with HTTP 300
2026-07-17 12:06:26.574 8 INFO cinder.api.openstack.wsgi [req-976515c1-5884-4f3d-b694-446388f790ae req-e35f3219-1d6f-4aac-8763-898e23d1833f c2fe22194a9d4aee867c5b14b5725537 3a7925509457426b86330ad40c870377 - - default default] GET http://cinder-api.openstack.svc.cluster.local:8776/v3/3a7925509457426b86330ad40c870377/attachments?instance_id=748c4491-5cea-4edf-9a98-cec27bfb3f77
2026-07-17 12:06:26.589 8 INFO cinder.api.openstack.wsgi [req-976515c1-5884-4f3d-b694-446388f790ae req-e35f3219-1d6f-4aac-8763-898e23d1833f c2fe22194a9d4aee867c5b14b5725537 3a7925509457426b86330ad40c870377 - - default default] http://cinder-api.openstack.svc.cluster.local:8776/v3/3a7925509457426b86330ad40c870377/attachments?instance_id=748c4491-5cea-4edf-9a98-cec27bfb3f77 returned with HTTP 200 [pid: 8|app: 0|req: 389/778] 199.204.45.109 () {36 vars in 1104 bytes} [Fri Jul 17 12:06:26 2026] GET /v3/3a7925509457426b86330ad40c870377/attachments?instance_id=748c4491-5cea-4edf-9a98-cec27bfb3f77 => generated 19 bytes in 22 msecs (HTTP/1.1 200) 7 headers in 285 bytes (1 switches on core 0)
2026-07-17 12:06:28.911 7 INFO cinder.api.openstack.wsgi [None req-03c15c81-6a6b-4083-92d6-63e928e2f0b3 063a2e262c38476290216792e5551350 f300d305cf904980a96b8de2ad322cae - - default default] GET http://cinder-api.openstack.svc.cluster.local:8776/v3/f300d305cf904980a96b8de2ad322cae/volumes
2026-07-17 12:06:28.946 7 INFO cinder.volume.api [None req-03c15c81-6a6b-4083-92d6-63e928e2f0b3 063a2e262c38476290216792e5551350 f300d305cf904980a96b8de2ad322cae - - default default] Get all volumes completed successfully.
2026-07-17 12:06:28.946 7 INFO cinder.api.openstack.wsgi [None req-03c15c81-6a6b-4083-92d6-63e928e2f0b3 063a2e262c38476290216792e5551350 f300d305cf904980a96b8de2ad322cae - - default default] http://cinder-api.openstack.svc.cluster.local:8776/v3/f300d305cf904980a96b8de2ad322cae/volumes returned with HTTP 200 [pid: 7|app: 0|req: 390/779] 10.0.0.187 () {32 vars in 701 bytes} [Fri Jul 17 12:06:28 2026] GET /v3/f300d305cf904980a96b8de2ad322cae/volumes => generated 15 bytes in 263 msecs (HTTP/1.1 200) 7 headers in 284 bytes (1 switches on core 0)
2026-07-17 12:06:28.961 8 INFO cinder.api.openstack.wsgi [None req-545004d2-6a4f-4751-ae4f-68e572fcb064 063a2e262c38476290216792e5551350 f300d305cf904980a96b8de2ad322cae - - default default] POST http://cinder-api.openstack.svc.cluster.local:8776/v3/f300d305cf904980a96b8de2ad322cae/volumes
2026-07-17 12:06:28.965 8 INFO cinder.api.v3.volumes [None req-545004d2-6a4f-4751-ae4f-68e572fcb064 063a2e262c38476290216792e5551350 f300d305cf904980a96b8de2ad322cae - - default default] Create volume of 1 GB
2026-07-17 12:06:28.975 8 INFO cinder.volume.api [None req-545004d2-6a4f-4751-ae4f-68e572fcb064 063a2e262c38476290216792e5551350 f300d305cf904980a96b8de2ad322cae - - default default] Availability Zones retrieved successfully.
2026-07-17 12:06:29.236 8 INFO cinder.volume.api [None req-545004d2-6a4f-4751-ae4f-68e572fcb064 063a2e262c38476290216792e5551350 f300d305cf904980a96b8de2ad322cae - - default default] Create volume request issued successfully.
2026-07-17 12:06:29.236 8 INFO cinder.api.openstack.wsgi [None req-545004d2-6a4f-4751-ae4f-68e572fcb064 063a2e262c38476290216792e5551350 f300d305cf904980a96b8de2ad322cae - - default default] http://cinder-api.openstack.svc.cluster.local:8776/v3/f300d305cf904980a96b8de2ad322cae/volumes returned with HTTP 202 [pid: 8|app: 0|req: 390/780] 10.0.0.187 () {34 vars in 723 bytes} [Fri Jul 17 12:06:28 2026] POST /v3/f300d305cf904980a96b8de2ad322cae/volumes => generated 876 bytes in 282 msecs (HTTP/1.1 202) 7 headers in 291 bytes (1 switches on core 0)
2026-07-17 12:06:29.255 7 INFO cinder.api.openstack.wsgi [None req-794f1e95-b354-4826-8941-e8f652047cdc 063a2e262c38476290216792e5551350 f300d305cf904980a96b8de2ad322cae - - default default] GET http://cinder-api.openstack.svc.cluster.local:8776/v3/f300d305cf904980a96b8de2ad322cae/volumes/a1798096-ac7d-4c75-8e13-10621ebd48e8 /var/lib/openstack/lib/python3.12/site-packages/oslo_context/context.py:101: DeprecationWarning: Policy enforcement is depending on the value of is_admin. This key is deprecated. Please update your policy file to use the standard policy values. warnings.warn(
2026-07-17 12:06:29.284 7 INFO cinder.volume.api [None req-794f1e95-b354-4826-8941-e8f652047cdc 063a2e262c38476290216792e5551350 f300d305cf904980a96b8de2ad322cae - - default default] Volume info retrieved successfully.
2026-07-17 12:06:29.292 7 INFO cinder.api.openstack.wsgi [None req-794f1e95-b354-4826-8941-e8f652047cdc 063a2e262c38476290216792e5551350 f300d305cf904980a96b8de2ad322cae - - default default] http://cinder-api.openstack.svc.cluster.local:8776/v3/f300d305cf904980a96b8de2ad322cae/volumes/a1798096-ac7d-4c75-8e13-10621ebd48e8 returned with HTTP 200 [pid: 7|app: 0|req: 391/781] 10.0.0.187 () {32 vars in 775 bytes} [Fri Jul 17 12:06:29 2026] GET /v3/f300d305cf904980a96b8de2ad322cae/volumes/a1798096-ac7d-4c75-8e13-10621ebd48e8 => generated 944 bytes in 46 msecs (HTTP/1.1 200) 7 headers in 285 bytes (1 switches on core 0) /var/lib/openstack/lib/python3.12/site-packages/pycadf/identifier.py:70: UserWarning: Invalid uuid: cinderv3. To ensure interoperability, identifiers should be a valid uuid. warnings.warn(('Invalid uuid: %s. To ensure interoperability, '
2026-07-17 12:06:30.319 8 INFO cinder.api.openstack.wsgi [None req-8ad3e3a1-1538-419b-8206-3f8a8bab17c0 063a2e262c38476290216792e5551350 f300d305cf904980a96b8de2ad322cae - - default default] GET http://cinder-api.openstack.svc.cluster.local:8776/v3/f300d305cf904980a96b8de2ad322cae/volumes/a1798096-ac7d-4c75-8e13-10621ebd48e8 /var/lib/openstack/lib/python3.12/site-packages/oslo_context/context.py:101: DeprecationWarning: Policy enforcement is depending on the value of is_admin. This key is deprecated. Please update your policy file to use the standard policy values. warnings.warn(
2026-07-17 12:06:30.347 8 INFO cinder.volume.api [None req-8ad3e3a1-1538-419b-8206-3f8a8bab17c0 063a2e262c38476290216792e5551350 f300d305cf904980a96b8de2ad322cae - - default default] Volume info retrieved successfully.
2026-07-17 12:06:30.353 8 INFO cinder.api.openstack.wsgi [None req-8ad3e3a1-1538-419b-8206-3f8a8bab17c0 063a2e262c38476290216792e5551350 f300d305cf904980a96b8de2ad322cae - - default default] http://cinder-api.openstack.svc.cluster.local:8776/v3/f300d305cf904980a96b8de2ad322cae/volumes/a1798096-ac7d-4c75-8e13-10621ebd48e8 returned with HTTP 200 [pid: 8|app: 0|req: 391/782] 10.0.0.187 () {32 vars in 775 bytes} [Fri Jul 17 12:06:30 2026] GET /v3/f300d305cf904980a96b8de2ad322cae/volumes/a1798096-ac7d-4c75-8e13-10621ebd48e8 => generated 969 bytes in 42 msecs (HTTP/1.1 200) 7 headers in 285 bytes (1 switches on core 0) /var/lib/openstack/lib/python3.12/site-packages/pycadf/identifier.py:70: UserWarning: Invalid uuid: cinderv3. To ensure interoperability, identifiers should be a valid uuid. warnings.warn(('Invalid uuid: %s. To ensure interoperability, '
2026-07-17 12:06:30.372 7 INFO cinder.api.openstack.wsgi [None req-916765e3-0043-450c-9801-1b3a8e7dedaf 063a2e262c38476290216792e5551350 f300d305cf904980a96b8de2ad322cae - - default default] GET http://cinder-api.openstack.svc.cluster.local:8776/v3/f300d305cf904980a96b8de2ad322cae/volumes/a1798096-ac7d-4c75-8e13-10621ebd48e8 /var/lib/openstack/lib/python3.12/site-packages/oslo_context/context.py:101: DeprecationWarning: Policy enforcement is depending on the value of is_admin. This key is deprecated. Please update your policy file to use the standard policy values. warnings.warn(
2026-07-17 12:06:30.386 7 INFO cinder.volume.api [None req-916765e3-0043-450c-9801-1b3a8e7dedaf 063a2e262c38476290216792e5551350 f300d305cf904980a96b8de2ad322cae - - default default] Volume info retrieved successfully.
2026-07-17 12:06:30.390 7 INFO cinder.api.openstack.wsgi [None req-916765e3-0043-450c-9801-1b3a8e7dedaf 063a2e262c38476290216792e5551350 f300d305cf904980a96b8de2ad322cae - - default default] http://cinder-api.openstack.svc.cluster.local:8776/v3/f300d305cf904980a96b8de2ad322cae/volumes/a1798096-ac7d-4c75-8e13-10621ebd48e8 returned with HTTP 200 [pid: 7|app: 0|req: 392/783] 10.0.0.187 () {32 vars in 775 bytes} [Fri Jul 17 12:06:30 2026] GET /v3/f300d305cf904980a96b8de2ad322cae/volumes/a1798096-ac7d-4c75-8e13-10621ebd48e8 => generated 969 bytes in 27 msecs (HTTP/1.1 200) 7 headers in 285 bytes (1 switches on core 0) /var/lib/openstack/lib/python3.12/site-packages/pycadf/identifier.py:70: UserWarning: Invalid uuid: cinderv3. To ensure interoperability, identifiers should be a valid uuid. warnings.warn(('Invalid uuid: %s. To ensure interoperability, '
2026-07-17 12:06:30.412 8 INFO cinder.api.openstack.wsgi [None req-2dbf368f-4810-49c0-85e7-236aca2a9968 063a2e262c38476290216792e5551350 f300d305cf904980a96b8de2ad322cae - - default default] POST http://cinder-api.openstack.svc.cluster.local:8776/v3/f300d305cf904980a96b8de2ad322cae/volumes
2026-07-17 12:06:30.414 8 INFO cinder.api.v3.volumes [None req-2dbf368f-4810-49c0-85e7-236aca2a9968 063a2e262c38476290216792e5551350 f300d305cf904980a96b8de2ad322cae - - default default] Create volume of 1 GB
2026-07-17 12:06:30.418 8 INFO cinder.volume.api [None req-2dbf368f-4810-49c0-85e7-236aca2a9968 063a2e262c38476290216792e5551350 f300d305cf904980a96b8de2ad322cae - - default default] Availability Zones retrieved successfully.
2026-07-17 12:06:30.535 8 INFO cinder.volume.api [None req-2dbf368f-4810-49c0-85e7-236aca2a9968 063a2e262c38476290216792e5551350 f300d305cf904980a96b8de2ad322cae - - default default] Create volume request issued successfully.
2026-07-17 12:06:30.536 8 INFO cinder.api.openstack.wsgi [None req-2dbf368f-4810-49c0-85e7-236aca2a9968 063a2e262c38476290216792e5551350 f300d305cf904980a96b8de2ad322cae - - default default] http://cinder-api.openstack.svc.cluster.local:8776/v3/f300d305cf904980a96b8de2ad322cae/volumes returned with HTTP 202 [pid: 8|app: 0|req: 392/784] 10.0.0.187 () {34 vars in 723 bytes} [Fri Jul 17 12:06:30 2026] POST /v3/f300d305cf904980a96b8de2ad322cae/volumes => generated 875 bytes in 131 msecs (HTTP/1.1 202) 7 headers in 291 bytes (1 switches on core 0) /var/lib/openstack/lib/python3.12/site-packages/pycadf/identifier.py:70: UserWarning: Invalid uuid: cinderv3. To ensure interoperability, identifiers should be a valid uuid. warnings.warn(('Invalid uuid: %s. To ensure interoperability, '
2026-07-17 12:06:30.556 7 INFO cinder.api.openstack.wsgi [None req-9a0077f2-412e-461d-907b-48536f8e0be4 063a2e262c38476290216792e5551350 f300d305cf904980a96b8de2ad322cae - - default default] GET http://cinder-api.openstack.svc.cluster.local:8776/v3/f300d305cf904980a96b8de2ad322cae/volumes/b863bf64-9aa7-4a14-880e-487e618a4cb3 /var/lib/openstack/lib/python3.12/site-packages/oslo_context/context.py:101: DeprecationWarning: Policy enforcement is depending on the value of is_admin. This key is deprecated. Please update your policy file to use the standard policy values. warnings.warn(
2026-07-17 12:06:30.571 7 INFO cinder.volume.api [None req-9a0077f2-412e-461d-907b-48536f8e0be4 063a2e262c38476290216792e5551350 f300d305cf904980a96b8de2ad322cae - - default default] Volume info retrieved successfully.
2026-07-17 12:06:30.574 7 INFO cinder.api.openstack.wsgi [None req-9a0077f2-412e-461d-907b-48536f8e0be4 063a2e262c38476290216792e5551350 f300d305cf904980a96b8de2ad322cae - - default default] http://cinder-api.openstack.svc.cluster.local:8776/v3/f300d305cf904980a96b8de2ad322cae/volumes/b863bf64-9aa7-4a14-880e-487e618a4cb3 returned with HTTP 200 [pid: 7|app: 0|req: 393/785] 10.0.0.187 () {32 vars in 775 bytes} [Fri Jul 17 12:06:30 2026] GET /v3/f300d305cf904980a96b8de2ad322cae/volumes/b863bf64-9aa7-4a14-880e-487e618a4cb3 => generated 943 bytes in 25 msecs (HTTP/1.1 200) 7 headers in 285 bytes (1 switches on core 0) /var/lib/openstack/lib/python3.12/site-packages/pycadf/identifier.py:70: UserWarning: Invalid uuid: cinderv3. To ensure interoperability, identifiers should be a valid uuid. warnings.warn(('Invalid uuid: %s. To ensure interoperability, '
2026-07-17 12:06:31.595 8 INFO cinder.api.openstack.wsgi [None req-7fa40c8c-adbc-4aa7-b89c-1377e06bbc74 063a2e262c38476290216792e5551350 f300d305cf904980a96b8de2ad322cae - - default default] GET http://cinder-api.openstack.svc.cluster.local:8776/v3/f300d305cf904980a96b8de2ad322cae/volumes/b863bf64-9aa7-4a14-880e-487e618a4cb3 /var/lib/openstack/lib/python3.12/site-packages/oslo_context/context.py:101: DeprecationWarning: Policy enforcement is depending on the value of is_admin. This key is deprecated. Please update your policy file to use the standard policy values. warnings.warn(
2026-07-17 12:06:31.615 8 INFO cinder.volume.api [None req-7fa40c8c-adbc-4aa7-b89c-1377e06bbc74 063a2e262c38476290216792e5551350 f300d305cf904980a96b8de2ad322cae - - default default] Volume info retrieved successfully.
2026-07-17 12:06:31.620 8 INFO cinder.api.openstack.wsgi [None req-7fa40c8c-adbc-4aa7-b89c-1377e06bbc74 063a2e262c38476290216792e5551350 f300d305cf904980a96b8de2ad322cae - - default default] http://cinder-api.openstack.svc.cluster.local:8776/v3/f300d305cf904980a96b8de2ad322cae/volumes/b863bf64-9aa7-4a14-880e-487e618a4cb3 returned with HTTP 200 [pid: 8|app: 0|req: 393/786] 10.0.0.187 () {32 vars in 775 bytes} [Fri Jul 17 12:06:31 2026] GET /v3/f300d305cf904980a96b8de2ad322cae/volumes/b863bf64-9aa7-4a14-880e-487e618a4cb3 => generated 968 bytes in 32 msecs (HTTP/1.1 200) 7 headers in 285 bytes (1 switches on core 0) /var/lib/openstack/lib/python3.12/site-packages/pycadf/identifier.py:70: UserWarning: Invalid uuid: cinderv3. To ensure interoperability, identifiers should be a valid uuid. warnings.warn(('Invalid uuid: %s. To ensure interoperability, '
2026-07-17 12:06:31.639 7 INFO cinder.api.openstack.wsgi [None req-f170c411-c575-40a3-a4b9-9e2226f13e76 063a2e262c38476290216792e5551350 f300d305cf904980a96b8de2ad322cae - - default default] GET http://cinder-api.openstack.svc.cluster.local:8776/v3/f300d305cf904980a96b8de2ad322cae/volumes/b863bf64-9aa7-4a14-880e-487e618a4cb3 /var/lib/openstack/lib/python3.12/site-packages/oslo_context/context.py:101: DeprecationWarning: Policy enforcement is depending on the value of is_admin. This key is deprecated. Please update your policy file to use the standard policy values. warnings.warn(
2026-07-17 12:06:31.658 7 INFO cinder.volume.api [None req-f170c411-c575-40a3-a4b9-9e2226f13e76 063a2e262c38476290216792e5551350 f300d305cf904980a96b8de2ad322cae - - default default] Volume info retrieved successfully.
2026-07-17 12:06:31.666 7 INFO cinder.api.openstack.wsgi [None req-f170c411-c575-40a3-a4b9-9e2226f13e76 063a2e262c38476290216792e5551350 f300d305cf904980a96b8de2ad322cae - - default default] http://cinder-api.openstack.svc.cluster.local:8776/v3/f300d305cf904980a96b8de2ad322cae/volumes/b863bf64-9aa7-4a14-880e-487e618a4cb3 returned with HTTP 200 [pid: 7|app: 0|req: 394/787] 10.0.0.187 () {32 vars in 775 bytes} [Fri Jul 17 12:06:31 2026] GET /v3/f300d305cf904980a96b8de2ad322cae/volumes/b863bf64-9aa7-4a14-880e-487e618a4cb3 => generated 968 bytes in 34 msecs (HTTP/1.1 200) 7 headers in 285 bytes (1 switches on core 0) /var/lib/openstack/lib/python3.12/site-packages/pycadf/identifier.py:70: UserWarning: Invalid uuid: cinderv3. To ensure interoperability, identifiers should be a valid uuid. warnings.warn(('Invalid uuid: %s. To ensure interoperability, '
2026-07-17 12:06:31.687 8 INFO cinder.api.openstack.wsgi [None req-589ce4a5-bfaa-4122-a225-2c844c9b2070 063a2e262c38476290216792e5551350 f300d305cf904980a96b8de2ad322cae - - default default] POST http://cinder-api.openstack.svc.cluster.local:8776/v3/f300d305cf904980a96b8de2ad322cae/volumes
2026-07-17 12:06:31.689 8 INFO cinder.api.v3.volumes [None req-589ce4a5-bfaa-4122-a225-2c844c9b2070 063a2e262c38476290216792e5551350 f300d305cf904980a96b8de2ad322cae - - default default] Create volume of 1 GB
2026-07-17 12:06:31.695 8 INFO cinder.volume.api [None req-589ce4a5-bfaa-4122-a225-2c844c9b2070 063a2e262c38476290216792e5551350 f300d305cf904980a96b8de2ad322cae - - default default] Availability Zones retrieved successfully.
2026-07-17 12:06:31.817 8 INFO cinder.volume.api [None req-589ce4a5-bfaa-4122-a225-2c844c9b2070 063a2e262c38476290216792e5551350 f300d305cf904980a96b8de2ad322cae - - default default] Create volume request issued successfully.
2026-07-17 12:06:31.818 8 INFO cinder.api.openstack.wsgi [None req-589ce4a5-bfaa-4122-a225-2c844c9b2070 063a2e262c38476290216792e5551350 f300d305cf904980a96b8de2ad322cae - - default default] http://cinder-api.openstack.svc.cluster.local:8776/v3/f300d305cf904980a96b8de2ad322cae/volumes returned with HTTP 202 [pid: 8|app: 0|req: 394/788] 10.0.0.187 () {34 vars in 723 bytes} [Fri Jul 17 12:06:31 2026] POST /v3/f300d305cf904980a96b8de2ad322cae/volumes => generated 875 bytes in 136 msecs (HTTP/1.1 202) 7 headers in 291 bytes (1 switches on core 0) /var/lib/openstack/lib/python3.12/site-packages/pycadf/identifier.py:70: UserWarning: Invalid uuid: cinderv3. To ensure interoperability, identifiers should be a valid uuid. warnings.warn(('Invalid uuid: %s. To ensure interoperability, '
2026-07-17 12:06:31.834 7 INFO cinder.api.openstack.wsgi [None req-f2957f4b-b8c0-4b56-a7c0-47b2f338c5c3 063a2e262c38476290216792e5551350 f300d305cf904980a96b8de2ad322cae - - default default] GET http://cinder-api.openstack.svc.cluster.local:8776/v3/f300d305cf904980a96b8de2ad322cae/volumes/71ae23a9-472d-48e8-a2ff-b40acbc13530 /var/lib/openstack/lib/python3.12/site-packages/oslo_context/context.py:101: DeprecationWarning: Policy enforcement is depending on the value of is_admin. This key is deprecated. Please update your policy file to use the standard policy values. warnings.warn(
2026-07-17 12:06:31.848 7 INFO cinder.volume.api [None req-f2957f4b-b8c0-4b56-a7c0-47b2f338c5c3 063a2e262c38476290216792e5551350 f300d305cf904980a96b8de2ad322cae - - default default] Volume info retrieved successfully.
