2026-07-17 12:08:52.211 7 INFO neutron.db.ovn_revision_numbers_db [None req-49a61e63-267c-44fb-a316-f9b6274ccc79 - - - - - -] Successfully bumped revision number for resource 19e35625-ed0a-4b72-ba78-5063a482e2e9 (type: networks) to 1 [pid: 8|app: 0|req: 1226/2359] 10.0.0.187 () {32 vars in 740 bytes} [Fri Jul 17 12:08:51 2026] DELETE /v2.0/security-groups/0f0e2e6b-110e-460f-9b58-a152c09c64a0 => generated 0 bytes in 340 msecs (HTTP/1.1 204) 2 headers in 112 bytes (1 switches on core 0) [pid: 8|app: 0|req: 1227/2360] 10.0.0.121 () {34 vars in 990 bytes} [Fri Jul 17 12:08:52 2026] GET /v2.0/ports?device_id=0b8cbbb0-1266-4b93-8b62-5be1003c5d7b => generated 12 bytes in 21 msecs (HTTP/1.1 200) 4 headers in 156 bytes (1 switches on core 0)
2026-07-17 12:08:52.364 7 WARNING neutron.scheduler.dhcp_agent_scheduler [None req-49a61e63-267c-44fb-a316-f9b6274ccc79 - - - - - -] No more DHCP agents
2026-07-17 12:08:52.365 7 WARNING neutron.api.rpc.agentnotifiers.dhcp_rpc_agent_api [None req-49a61e63-267c-44fb-a316-f9b6274ccc79 - - - - - -] Unable to schedule network 19e35625-ed0a-4b72-ba78-5063a482e2e9: no agents available; will retry on subsequent port and subnet creation events.
2026-07-17 12:08:52.477 7 INFO neutron.db.ovn_revision_numbers_db [None req-49a61e63-267c-44fb-a316-f9b6274ccc79 - - - - - -] Successfully bumped revision number for resource d021ca40-b930-40ca-816e-c26fe3f655ed (type: ports) to 1
2026-07-17 12:08:52.654 8 INFO neutron.db.ovn_revision_numbers_db [None req-21a05478-5a7a-4187-8403-1dadb78583e2 a19ecea9207645fe834cb16d9cad184f 59bea03819ae4d78a5e9eab4db49a026 - - default default] Successfully bumped revision number for resource ba9ed063-4289-4095-b57d-4e83b2a2de2e (type: security_groups) to 1
2026-07-17 12:08:52.694 8 INFO neutron.db.ovn_revision_numbers_db [None req-21a05478-5a7a-4187-8403-1dadb78583e2 a19ecea9207645fe834cb16d9cad184f 59bea03819ae4d78a5e9eab4db49a026 - - default default] Successfully bumped revision number for resource 401de639-ebd7-4e91-b9ca-316d50dbf994 (type: security_group_rules) to 0
2026-07-17 12:08:52.706 8 INFO neutron.db.ovn_revision_numbers_db [None req-21a05478-5a7a-4187-8403-1dadb78583e2 a19ecea9207645fe834cb16d9cad184f 59bea03819ae4d78a5e9eab4db49a026 - - default default] Successfully bumped revision number for resource 4c6a7c55-b3af-4e43-9ec7-577815b8824b (type: security_group_rules) to 0
2026-07-17 12:08:52.721 7 WARNING neutron.scheduler.dhcp_agent_scheduler [None req-49a61e63-267c-44fb-a316-f9b6274ccc79 - - - - - -] No more DHCP agents
2026-07-17 12:08:52.723 7 WARNING neutron.api.rpc.agentnotifiers.dhcp_rpc_agent_api [None req-49a61e63-267c-44fb-a316-f9b6274ccc79 - - - - - -] Unable to schedule network 19e35625-ed0a-4b72-ba78-5063a482e2e9: no agents available; will retry on subsequent port and subnet creation events.
2026-07-17 12:08:52.724 8 INFO neutron.db.ovn_revision_numbers_db [None req-21a05478-5a7a-4187-8403-1dadb78583e2 a19ecea9207645fe834cb16d9cad184f 59bea03819ae4d78a5e9eab4db49a026 - - default default] Successfully bumped revision number for resource 624496f0-758c-47c7-b940-9f4aa98c6194 (type: security_group_rules) to 0
2026-07-17 12:08:52.739 8 INFO neutron.db.ovn_revision_numbers_db [None req-21a05478-5a7a-4187-8403-1dadb78583e2 a19ecea9207645fe834cb16d9cad184f 59bea03819ae4d78a5e9eab4db49a026 - - default default] Successfully bumped revision number for resource f9cdf347-d01d-4cb9-9aa4-069d2278725f (type: security_group_rules) to 0
2026-07-17 12:08:52.745 7 INFO neutron.db.ovn_revision_numbers_db [None req-49a61e63-267c-44fb-a316-f9b6274ccc79 - - - - - -] Successfully bumped revision number for resource 6145c681-8253-47f0-a31d-6784e0daf55b (type: subnets) to 0 [pid: 8|app: 0|req: 1228/2361] 10.0.0.187 () {32 vars in 774 bytes} [Fri Jul 17 12:08:52 2026] GET /v2.0/security-groups?tenant_id=4da2bd9c29f14d37851a0f252faf14ec&name=default => generated 2925 bytes in 326 msecs (HTTP/1.1 200) 4 headers in 158 bytes (1 switches on core 0) [pid: 8|app: 0|req: 1229/2362] 10.0.0.187 () {32 vars in 740 bytes} [Fri Jul 17 12:08:52 2026] DELETE /v2.0/security-groups/ba9ed063-4289-4095-b57d-4e83b2a2de2e => generated 0 bytes in 304 msecs (HTTP/1.1 204) 2 headers in 112 bytes (1 switches on core 0)
2026-07-17 12:08:53.184 7 WARNING neutron.scheduler.dhcp_agent_scheduler [None req-49a61e63-267c-44fb-a316-f9b6274ccc79 - - - - - -] No more DHCP agents
2026-07-17 12:08:53.186 7 WARNING neutron.api.rpc.agentnotifiers.dhcp_rpc_agent_api [None req-49a61e63-267c-44fb-a316-f9b6274ccc79 - - - - - -] Unable to schedule network 19e35625-ed0a-4b72-ba78-5063a482e2e9: no agents available; will retry on subsequent port and subnet creation events.
2026-07-17 12:08:53.353 7 INFO neutron.db.ovn_revision_numbers_db [None req-49a61e63-267c-44fb-a316-f9b6274ccc79 - - - - - -] Successfully bumped revision number for resource 11cf6ebc-0512-4a10-bd65-b87a65bd6103 (type: ports) to 1 [pid: 8|app: 0|req: 1230/2363] 10.0.0.187 () {32 vars in 740 bytes} [Fri Jul 17 12:08:53 2026] DELETE /v2.0/security-groups/76b60472-70b4-4dda-8946-d46eae793d31 => generated 0 bytes in 284 msecs (HTTP/1.1 204) 2 headers in 112 bytes (1 switches on core 0)
2026-07-17 12:08:53.784 7 WARNING neutron.plugins.ml2.drivers.ovn.mech_driver.ovsdb.ovn_client [None req-60e50f03-3ccd-4cae-9826-976fe1d7bc56 - - - - - -] No hosting information found for port 5768cdc8-9b8d-4e09-8411-2dad1b47f73d: RuntimeError: No hosting information found for port 5768cdc8-9b8d-4e09-8411-2dad1b47f73d
2026-07-17 12:08:53.784 7 INFO neutron.plugins.ml2.drivers.ovn.mech_driver.mech_driver [None req-60e50f03-3ccd-4cae-9826-976fe1d7bc56 - - - - - -] OVN reports status down for port: 101fa0eb-1e87-42c0-9148-27f315b0e68b
2026-07-17 12:08:53.819 8 INFO neutron_taas.services.taas.taas_plugin [None req-2ff844cc-0faa-4afb-9347-b9c3fe62a01e b9bd13ac62944211a10a3e501cd2eec8 360140b4d90545a19a1575c50fa9dd16 - - default default] TaaS: Handle Delete Port: 10d4e281-d120-43e0-b8b5-792fa8df382c
2026-07-17 12:08:53.824 8 INFO neutron_taas.services.taas.tap_mirror_plugin [None req-2ff844cc-0faa-4afb-9347-b9c3fe62a01e b9bd13ac62944211a10a3e501cd2eec8 360140b4d90545a19a1575c50fa9dd16 - - default default] Tap Mirror: Handle Delete Port: 10d4e281-d120-43e0-b8b5-792fa8df382c
2026-07-17 12:08:53.898 7 WARNING neutron.plugins.ml2.drivers.ovn.mech_driver.ovsdb.ovn_client [None req-60e50f03-3ccd-4cae-9826-976fe1d7bc56 - - - - - -] Logical_Switch_Port %s host information not removed, the port state is up
2026-07-17 12:08:53.940 7 INFO neutron.plugins.ml2.drivers.ovn.mech_driver.mech_driver [None req-60e50f03-3ccd-4cae-9826-976fe1d7bc56 - - - - - -] OVN reports status up for port: 101fa0eb-1e87-42c0-9148-27f315b0e68b
2026-07-17 12:08:53.966 7 INFO neutron.plugins.ml2.plugin [None req-60e50f03-3ccd-4cae-9826-976fe1d7bc56 - - - - - -] Attempt 1 to provision port 101fa0eb-1e87-42c0-9148-27f315b0e68b [pid: 8|app: 0|req: 1231/2364] 10.0.0.187 () {32 vars in 732 bytes} [Fri Jul 17 12:08:53 2026] DELETE /v2.0/floatingips/399afba9-4f51-4bb7-8ff3-714f8e2bfc61 => generated 0 bytes in 287 msecs (HTTP/1.1 204) 2 headers in 112 bytes (1 switches on core 0)
2026-07-17 12:08:54.281 8 INFO neutron.db.ovn_revision_numbers_db [None req-b4e2b909-615d-4483-bfb0-665372ed1996 a19ecea9207645fe834cb16d9cad184f 59bea03819ae4d78a5e9eab4db49a026 - - default default] Successfully bumped revision number for resource efad249c-21dd-4fed-8353-d185d1ded981 (type: security_groups) to 1
2026-07-17 12:08:54.292 8 INFO neutron.db.ovn_revision_numbers_db [None req-b4e2b909-615d-4483-bfb0-665372ed1996 a19ecea9207645fe834cb16d9cad184f 59bea03819ae4d78a5e9eab4db49a026 - - default default] Successfully bumped revision number for resource 0cb9624a-84f5-437e-9531-016f96daf56a (type: security_group_rules) to 0
2026-07-17 12:08:54.301 8 INFO neutron.db.ovn_revision_numbers_db [None req-b4e2b909-615d-4483-bfb0-665372ed1996 a19ecea9207645fe834cb16d9cad184f 59bea03819ae4d78a5e9eab4db49a026 - - default default] Successfully bumped revision number for resource 4b09b875-681f-4dc6-a137-ec2d1975a748 (type: security_group_rules) to 0
2026-07-17 12:08:54.313 8 INFO neutron.db.ovn_revision_numbers_db [None req-b4e2b909-615d-4483-bfb0-665372ed1996 a19ecea9207645fe834cb16d9cad184f 59bea03819ae4d78a5e9eab4db49a026 - - default default] Successfully bumped revision number for resource eca0255d-f946-4de5-a562-766580dc218b (type: security_group_rules) to 0
2026-07-17 12:08:54.329 8 INFO neutron.db.ovn_revision_numbers_db [None req-b4e2b909-615d-4483-bfb0-665372ed1996 a19ecea9207645fe834cb16d9cad184f 59bea03819ae4d78a5e9eab4db49a026 - - default default] Successfully bumped revision number for resource fda65e7b-ffa8-4cf3-bcdd-bbddfac2380b (type: security_group_rules) to 0
2026-07-17 12:08:54.469 8 INFO neutron.db.segments_db [None req-b4e2b909-615d-4483-bfb0-665372ed1996 a19ecea9207645fe834cb16d9cad184f 59bea03819ae4d78a5e9eab4db49a026 - - default default] Added segment 13ba5bb8-cfcf-4ae1-9e94-7a8786223206 of type geneve for network a9114992-e9bb-46d0-b406-06f2b11239ef
2026-07-17 12:08:54.611 7 WARNING neutron.scheduler.dhcp_agent_scheduler [None req-49a61e63-267c-44fb-a316-f9b6274ccc79 - - - - - -] No more DHCP agents
2026-07-17 12:08:54.621 7 WARNING neutron.api.rpc.agentnotifiers.dhcp_rpc_agent_api [None req-49a61e63-267c-44fb-a316-f9b6274ccc79 - - - - - -] Unable to schedule network 19e35625-ed0a-4b72-ba78-5063a482e2e9: no agents available; will retry on subsequent port and subnet creation events.
2026-07-17 12:08:54.630 8 INFO neutron.db.ovn_revision_numbers_db [None req-b4e2b909-615d-4483-bfb0-665372ed1996 a19ecea9207645fe834cb16d9cad184f 59bea03819ae4d78a5e9eab4db49a026 - - default default] Successfully bumped revision number for resource a9114992-e9bb-46d0-b406-06f2b11239ef (type: networks) to 1
2026-07-17 12:08:54.841 8 WARNING neutron.scheduler.dhcp_agent_scheduler [None req-b4e2b909-615d-4483-bfb0-665372ed1996 a19ecea9207645fe834cb16d9cad184f 59bea03819ae4d78a5e9eab4db49a026 - - default default] No more DHCP agents
2026-07-17 12:08:54.843 8 WARNING neutron.api.rpc.agentnotifiers.dhcp_rpc_agent_api [None req-b4e2b909-615d-4483-bfb0-665372ed1996 a19ecea9207645fe834cb16d9cad184f 59bea03819ae4d78a5e9eab4db49a026 - - default default] Unable to schedule network a9114992-e9bb-46d0-b406-06f2b11239ef: no agents available; will retry on subsequent port and subnet creation events.
2026-07-17 12:08:54.939 7 INFO neutron.db.ovn_revision_numbers_db [None req-60e50f03-3ccd-4cae-9826-976fe1d7bc56 - - - - - -] Successfully bumped revision number for resource 101fa0eb-1e87-42c0-9148-27f315b0e68b (type: ports) to 2
2026-07-17 12:08:54.949 8 INFO neutron.db.ovn_revision_numbers_db [None req-b4e2b909-615d-4483-bfb0-665372ed1996 a19ecea9207645fe834cb16d9cad184f 59bea03819ae4d78a5e9eab4db49a026 - - default default] Successfully bumped revision number for resource de2591c9-865e-4483-9351-d3a896b7fced (type: ports) to 1 [pid: 8|app: 0|req: 1232/2365] 10.0.0.187 () {34 vars in 671 bytes} [Fri Jul 17 12:08:53 2026] POST /v2.0/networks => generated 762 bytes in 988 msecs (HTTP/1.1 201) 4 headers in 162 bytes (1 switches on core 0) [pid: 8|app: 0|req: 1233/2366] 10.0.0.121 () {34 vars in 990 bytes} [Fri Jul 17 12:08:54 2026] GET /v2.0/ports?device_id=cfd698c7-4b8f-4907-b132-8f59df8c5689 => generated 971 bytes in 71 msecs (HTTP/1.1 200) 4 headers in 157 bytes (1 switches on core 0)
2026-07-17 12:08:55.228 8 WARNING neutron.scheduler.dhcp_agent_scheduler [None req-c61d9742-bc0a-40b3-a303-f0aebfa24b98 a19ecea9207645fe834cb16d9cad184f 59bea03819ae4d78a5e9eab4db49a026 - - default default] No more DHCP agents
2026-07-17 12:08:55.231 8 WARNING neutron.api.rpc.agentnotifiers.dhcp_rpc_agent_api [None req-c61d9742-bc0a-40b3-a303-f0aebfa24b98 a19ecea9207645fe834cb16d9cad184f 59bea03819ae4d78a5e9eab4db49a026 - - default default] Unable to schedule network a9114992-e9bb-46d0-b406-06f2b11239ef: no agents available; will retry on subsequent port and subnet creation events.
2026-07-17 12:08:55.568 7 INFO neutron.db.ovn_revision_numbers_db [None req-49a61e63-267c-44fb-a316-f9b6274ccc79 - - - - - -] Successfully bumped revision number for resource 11cf6ebc-0512-4a10-bd65-b87a65bd6103 (type: router_ports) to 1
2026-07-17 12:08:55.845 7 WARNING neutron.scheduler.dhcp_agent_scheduler [None req-49a61e63-267c-44fb-a316-f9b6274ccc79 - - - - - -] No more DHCP agents
2026-07-17 12:08:55.847 7 WARNING neutron.api.rpc.agentnotifiers.dhcp_rpc_agent_api [None req-49a61e63-267c-44fb-a316-f9b6274ccc79 - - - - - -] Unable to schedule network 19e35625-ed0a-4b72-ba78-5063a482e2e9: no agents available; will retry on subsequent port and subnet creation events.
2026-07-17 12:08:55.867 8 INFO neutron.db.ovn_revision_numbers_db [None req-8a0eef0c-b0b5-41f9-b3d3-8d175a69be91 - - - - - -] Successfully bumped revision number for resource de2591c9-865e-4483-9351-d3a896b7fced (type: ports) to 2
2026-07-17 12:08:55.892 8 INFO neutron.db.ovn_revision_numbers_db [None req-8a0eef0c-b0b5-41f9-b3d3-8d175a69be91 - - - - - -] Successfully bumped revision number for resource 8e470b31-40ea-46b0-b7a4-58b751ce7530 (type: subnets) to 0 [pid: 8|app: 0|req: 1234/2367] 10.0.0.187 () {34 vars in 669 bytes} [Fri Jul 17 12:08:55 2026] POST /v2.0/subnets => generated 687 bytes in 863 msecs (HTTP/1.1 201) 4 headers in 162 bytes (1 switches on core 0) [pid: 8|app: 0|req: 1235/2368] 10.0.0.121 () {34 vars in 1040 bytes} [Fri Jul 17 12:08:55 2026] GET /v2.0/security-groups?id=6d1e0542-62f6-4256-853f-e82fbea2f3d4&fields=id&fields=name => generated 112 bytes in 30 msecs (HTTP/1.1 200) 4 headers in 157 bytes (1 switches on core 0)
2026-07-17 12:08:56.016 7 INFO neutron.db.ovn_revision_numbers_db [None req-49a61e63-267c-44fb-a316-f9b6274ccc79 - - - - - -] Successfully bumped revision number for resource d1c53956-9b91-4c8b-84ec-9dd5ab3ffb33 (type: ports) to 1
2026-07-17 12:08:56.273 7 INFO neutron.db.ovn_revision_numbers_db [None req-49a61e63-267c-44fb-a316-f9b6274ccc79 - - - - - -] Successfully bumped revision number for resource d1c53956-9b91-4c8b-84ec-9dd5ab3ffb33 (type: ports) to 3
2026-07-17 12:08:56.429 8 WARNING neutron.scheduler.dhcp_agent_scheduler [None req-affe950f-66d4-4b8e-b3ac-e73fa9d74bc9 a19ecea9207645fe834cb16d9cad184f 59bea03819ae4d78a5e9eab4db49a026 - - default default] No more DHCP agents
2026-07-17 12:08:56.430 8 WARNING neutron.api.rpc.agentnotifiers.dhcp_rpc_agent_api [None req-affe950f-66d4-4b8e-b3ac-e73fa9d74bc9 a19ecea9207645fe834cb16d9cad184f 59bea03819ae4d78a5e9eab4db49a026 - - default default] Unable to schedule network 00c31fca-1780-42f5-b8a4-13ed0531af55: no agents available; will retry on subsequent port and subnet creation events. [pid: 7|app: 0|req: 1134/2371] 10.0.0.187 () {34 vars in 685 bytes} [Fri Jul 17 12:08:50 2026] POST /v2.0/vpn/vpnservices => generated 458 bytes in 6051 msecs (HTTP/1.1 201) 4 headers in 162 bytes (1 switches on core 0) /var/lib/openstack/lib/python3.12/site-packages/pycadf/identifier.py:70: UserWarning: Invalid uuid: neutron. To ensure interoperability, identifiers should be a valid uuid. warnings.warn(('Invalid uuid: %s. To ensure interoperability, '
2026-07-17 12:08:56.587 8 INFO neutron.db.ovn_revision_numbers_db [None req-affe950f-66d4-4b8e-b3ac-e73fa9d74bc9 a19ecea9207645fe834cb16d9cad184f 59bea03819ae4d78a5e9eab4db49a026 - - default default] Successfully bumped revision number for resource 518e2e61-2788-474c-9221-71e12baec490 (type: ports) to 1 [pid: 7|app: 0|req: 1135/2372] 199.204.45.109 () {34 vars in 994 bytes} [Fri Jul 17 12:08:56 2026] GET /v2.0/ports?device_id=cfd698c7-4b8f-4907-b132-8f59df8c5689 => generated 971 bytes in 146 msecs (HTTP/1.1 200) 4 headers in 157 bytes (1 switches on core 0)
2026-07-17 12:08:57.233 8 INFO neutron.plugins.ml2.drivers.ovn.mech_driver.ovsdb.commands [-] Schedule LRP lrp-518e2e61-2788-474c-9221-71e12baec490 on gateway 0c2bd6f5-3c18-4c86-979c-15a6315d7e5c with priority 1
2026-07-17 12:08:57.354 7 INFO neutron.plugins.ml2.drivers.ovn.mech_driver.ovsdb.ovsdb_monitor [None req-12e804a3-eb62-404d-b44a-6a45820081c4 - - - - - -] Router 5c790e95-d9d8-4f1d-a98a-ae14516810a8 is bound to host instance
2026-07-17 12:08:57.394 8 INFO neutron.db.ovn_revision_numbers_db [None req-affe950f-66d4-4b8e-b3ac-e73fa9d74bc9 a19ecea9207645fe834cb16d9cad184f 59bea03819ae4d78a5e9eab4db49a026 - - default default] Successfully bumped revision number for resource 518e2e61-2788-474c-9221-71e12baec490 (type: router_ports) to 1
2026-07-17 12:08:57.482 8 INFO neutron.db.ovn_revision_numbers_db [None req-affe950f-66d4-4b8e-b3ac-e73fa9d74bc9 a19ecea9207645fe834cb16d9cad184f 59bea03819ae4d78a5e9eab4db49a026 - - default default] Successfully bumped revision number for resource 5c790e95-d9d8-4f1d-a98a-ae14516810a8 (type: routers) to 2 [pid: 8|app: 0|req: 1238/2373] 10.0.0.187 () {34 vars in 669 bytes} [Fri Jul 17 12:08:55 2026] POST /v2.0/routers => generated 965 bytes in 1546 msecs (HTTP/1.1 201) 4 headers in 162 bytes (1 switches on core 0)
2026-07-17 12:08:57.633 8 INFO neutron_taas.services.taas.taas_plugin [req-bccbda14-6c32-48e3-aef5-e694c36c2f14 req-c443552e-563b-4594-87c8-ae720c5be090 b9bd13ac62944211a10a3e501cd2eec8 360140b4d90545a19a1575c50fa9dd16 - - default default] TaaS: Handle Delete Port: 2cc6cf9e-4f79-4fc7-9c7f-b99056e0511f
2026-07-17 12:08:57.636 8 INFO neutron_taas.services.taas.tap_mirror_plugin [req-bccbda14-6c32-48e3-aef5-e694c36c2f14 req-c443552e-563b-4594-87c8-ae720c5be090 b9bd13ac62944211a10a3e501cd2eec8 360140b4d90545a19a1575c50fa9dd16 - - default default] Tap Mirror: Handle Delete Port: 2cc6cf9e-4f79-4fc7-9c7f-b99056e0511f [pid: 8|app: 0|req: 1239/2374] 199.204.45.109 () {36 vars in 997 bytes} [Fri Jul 17 12:08:57 2026] DELETE /v2.0/ports/2cc6cf9e-4f79-4fc7-9c7f-b99056e0511f => generated 0 bytes in 354 msecs (HTTP/1.1 204) 3 headers in 131 bytes (1 switches on core 0) [pid: 8|app: 0|req: 1240/2375] 10.0.0.121 () {34 vars in 990 bytes} [Fri Jul 17 12:08:57 2026] GET /v2.0/ports?device_id=cfd698c7-4b8f-4907-b132-8f59df8c5689 => generated 12 bytes in 16 msecs (HTTP/1.1 200) 4 headers in 156 bytes (1 switches on core 0)
2026-07-17 12:08:57.890 8 INFO neutron.notifiers.nova [-] Nova event matching ['req-a68fe217-1985-475e-b082-a1e8e5e28eb3'] response: {'server_uuid': 'cfd698c7-4b8f-4907-b132-8f59df8c5689', 'name': 'network-vif-deleted', 'tag': '2cc6cf9e-4f79-4fc7-9c7f-b99056e0511f', 'status': 'completed', 'code': 200} [pid: 7|app: 0|req: 1136/2376] 10.0.0.187 () {34 vars in 685 bytes} [Fri Jul 17 12:08:56 2026] POST /v2.0/vpn/vpnservices => generated 424 bytes in 1421 msecs (HTTP/1.1 201) 4 headers in 162 bytes (1 switches on core 0) [pid: 7|app: 0|req: 1137/2377] 10.0.0.187 () {34 vars in 684 bytes} [Fri Jul 17 12:08:58 2026] POST /v2.0/vpn/ikepolicies => generated 404 bytes in 63 msecs (HTTP/1.1 201) 4 headers in 162 bytes (1 switches on core 0) [pid: 7|app: 0|req: 1138/2378] 10.0.0.187 () {34 vars in 688 bytes} [Fri Jul 17 12:08:58 2026] POST /v2.0/vpn/ipsecpolicies => generated 412 bytes in 87 msecs (HTTP/1.1 201) 4 headers in 162 bytes (1 switches on core 0)
2026-07-17 12:08:58.341 8 WARNING neutron.scheduler.dhcp_agent_scheduler [None req-4af6773d-1b29-42f0-9711-ecdb9d7b9aa0 a19ecea9207645fe834cb16d9cad184f 59bea03819ae4d78a5e9eab4db49a026 - - default default] No more DHCP agents
2026-07-17 12:08:58.342 8 WARNING neutron.api.rpc.agentnotifiers.dhcp_rpc_agent_api [None req-4af6773d-1b29-42f0-9711-ecdb9d7b9aa0 a19ecea9207645fe834cb16d9cad184f 59bea03819ae4d78a5e9eab4db49a026 - - default default] Unable to schedule network a9114992-e9bb-46d0-b406-06f2b11239ef: no agents available; will retry on subsequent port and subnet creation events. [pid: 7|app: 0|req: 1139/2379] 10.0.0.187 () {34 vars in 693 bytes} [Fri Jul 17 12:08:58 2026] POST /v2.0/vpn/endpoint-groups => generated 329 bytes in 106 msecs (HTTP/1.1 201) 4 headers in 162 bytes (1 switches on core 0) [pid: 7|app: 0|req: 1140/2380] 10.0.0.187 () {34 vars in 693 bytes} [Fri Jul 17 12:08:58 2026] POST /v2.0/vpn/endpoint-groups => generated 319 bytes in 103 msecs (HTTP/1.1 201) 4 headers in 162 bytes (1 switches on core 0)
2026-07-17 12:08:58.506 8 INFO neutron.db.ovn_revision_numbers_db [None req-4af6773d-1b29-42f0-9711-ecdb9d7b9aa0 a19ecea9207645fe834cb16d9cad184f 59bea03819ae4d78a5e9eab4db49a026 - - default default] Successfully bumped revision number for resource 2f15b6cf-5b09-47d4-97b0-5f7938618e4f (type: ports) to 1
2026-07-17 12:08:59.247 7 INFO neutron.db.ovn_revision_numbers_db [None req-4eaf620b-843d-4363-9088-562557b18aee - - - - - -] Successfully bumped revision number for resource 518e2e61-2788-474c-9221-71e12baec490 (type: ports) to 4
2026-07-17 12:08:59.247 8 WARNING neutron.scheduler.dhcp_agent_scheduler [None req-4af6773d-1b29-42f0-9711-ecdb9d7b9aa0 a19ecea9207645fe834cb16d9cad184f 59bea03819ae4d78a5e9eab4db49a026 - - default default] No more DHCP agents
2026-07-17 12:08:59.248 8 WARNING neutron.api.rpc.agentnotifiers.dhcp_rpc_agent_api [None req-4af6773d-1b29-42f0-9711-ecdb9d7b9aa0 a19ecea9207645fe834cb16d9cad184f 59bea03819ae4d78a5e9eab4db49a026 - - default default] Unable to schedule network a9114992-e9bb-46d0-b406-06f2b11239ef: no agents available; will retry on subsequent port and subnet creation events.
2026-07-17 12:08:59.794 8 INFO neutron.db.ovn_revision_numbers_db [None req-4af6773d-1b29-42f0-9711-ecdb9d7b9aa0 a19ecea9207645fe834cb16d9cad184f 59bea03819ae4d78a5e9eab4db49a026 - - default default] Successfully bumped revision number for resource 2f15b6cf-5b09-47d4-97b0-5f7938618e4f (type: router_ports) to 1 [pid: 8|app: 0|req: 1241/2381] 10.0.0.187 () {34 vars in 783 bytes} [Fri Jul 17 12:08:57 2026] PUT /v2.0/routers/5c790e95-d9d8-4f1d-a98a-ae14516810a8/add_router_interface => generated 309 bytes in 1931 msecs (HTTP/1.1 200) 4 headers in 157 bytes (1 switches on core 0) [pid: 8|app: 0|req: 1242/2382] 10.0.0.121 () {34 vars in 990 bytes} [Fri Jul 17 12:08:59 2026] GET /v2.0/ports?device_id=cfd698c7-4b8f-4907-b132-8f59df8c5689 => generated 12 bytes in 17 msecs (HTTP/1.1 200) 4 headers in 156 bytes (1 switches on core 0)
2026-07-17 12:09:00.005 7 INFO neutron.db.ovn_revision_numbers_db [None req-2f6ac0bf-bff0-409c-98a4-1c8860e057dd 0bb407ff44a242e58421dd74bda8f26b b11fdbf739d34bd8892e6f1ddaf62892 - - default default] Successfully bumped revision number for resource fd047de0-c046-4543-abe5-40605e99c065 (type: routers) to 5
2026-07-17 12:09:00.054 7 WARNING neutron.plugins.ml2.drivers.ovn.mech_driver.ovsdb.ovn_client [None req-5014dcb4-2984-4d65-809e-254e6fbe4c8a - - - - - -] No hosting information found for port 101fa0eb-1e87-42c0-9148-27f315b0e68b: RuntimeError: No hosting information found for port 101fa0eb-1e87-42c0-9148-27f315b0e68b [pid: 7|app: 0|req: 1141/2383] 10.0.0.187 () {34 vars in 707 bytes} [Fri Jul 17 12:08:58 2026] POST /v2.0/vpn/ipsec-site-connections => generated 803 bytes in 1701 msecs (HTTP/1.1 201) 4 headers in 162 bytes (1 switches on core 0)
2026-07-17 12:09:00.201 7 INFO neutron.db.ovn_revision_numbers_db [None req-4eaf620b-843d-4363-9088-562557b18aee - - - - - -] Successfully bumped revision number for resource 518e2e61-2788-474c-9221-71e12baec490 (type: ports) to 5 [pid: 8|app: 0|req: 1243/2384] 10.0.0.187 () {34 vars in 693 bytes} [Fri Jul 17 12:09:00 2026] POST /v2.0/vpn/endpoint-groups => generated 290 bytes in 52 msecs (HTTP/1.1 201) 4 headers in 162 bytes (1 switches on core 0)
2026-07-17 12:09:00.279 7 INFO neutron.db.ovn_revision_numbers_db [None req-5014dcb4-2984-4d65-809e-254e6fbe4c8a - - - - - -] Successfully bumped revision number for resource 101fa0eb-1e87-42c0-9148-27f315b0e68b (type: router_ports) to 2
2026-07-17 12:09:00.280 7 INFO neutron.plugins.ml2.drivers.ovn.mech_driver.mech_driver [None req-5014dcb4-2984-4d65-809e-254e6fbe4c8a - - - - - -] OVN reports status down for port: 0b6150b8-1903-4b17-8ceb-c6ec77e856df [pid: 7|app: 0|req: 1142/2385] 10.0.0.187 () {32 vars in 748 bytes} [Fri Jul 17 12:09:00 2026] DELETE /v2.0/vpn/endpoint-groups/2b1cba80-7ec2-4ae0-a2ce-9c156c1a6d59 => generated 0 bytes in 102 msecs (HTTP/1.1 204) 2 headers in 112 bytes (1 switches on core 0) [pid: 8|app: 0|req: 1244/2386] 10.0.0.187 () {32 vars in 671 bytes} [Fri Jul 17 12:09:00 2026] GET /v2.0/vpn/endpoint-groups => generated 633 bytes in 20 msecs (HTTP/1.1 200) 4 headers in 157 bytes (1 switches on core 0) [pid: 7|app: 0|req: 1143/2387] 10.0.0.187 () {32 vars in 671 bytes} [Fri Jul 17 12:09:00 2026] GET /v2.0/vpn/endpoint-groups => generated 633 bytes in 39 msecs (HTTP/1.1 200) 4 headers in 157 bytes (1 switches on core 0)
2026-07-17 12:09:00.453 7 INFO neutron.plugins.ml2.drivers.ovn.mech_driver.mech_driver [None req-5014dcb4-2984-4d65-809e-254e6fbe4c8a - - - - - -] OVN reports status down for port: d021ca40-b930-40ca-816e-c26fe3f655ed
2026-07-17 12:09:00.517 7 INFO neutron.plugins.ml2.drivers.ovn.mech_driver.mech_driver [None req-5014dcb4-2984-4d65-809e-254e6fbe4c8a - - - - - -] OVN reports status down for port: 11cf6ebc-0512-4a10-bd65-b87a65bd6103
2026-07-17 12:09:00.590 7 WARNING neutron.plugins.ml2.drivers.ovn.mech_driver.ovsdb.ovn_client [None req-5014dcb4-2984-4d65-809e-254e6fbe4c8a - - - - - -] Logical_Switch_Port %s host information not removed, the port state is up
2026-07-17 12:09:00.591 7 INFO neutron.plugins.ml2.drivers.ovn.mech_driver.mech_driver [None req-5014dcb4-2984-4d65-809e-254e6fbe4c8a - - - - - -] OVN reports status up for port: 11cf6ebc-0512-4a10-bd65-b87a65bd6103
2026-07-17 12:09:00.601 7 INFO neutron.plugins.ml2.plugin [None req-5014dcb4-2984-4d65-809e-254e6fbe4c8a - - - - - -] Attempt 1 to provision port 11cf6ebc-0512-4a10-bd65-b87a65bd6103 [pid: 8|app: 0|req: 1245/2388] 10.0.0.187 () {34 vars in 685 bytes} [Fri Jul 17 12:09:00 2026] POST /v2.0/vpn/ikepolicies => generated 403 bytes in 83 msecs (HTTP/1.1 201) 4 headers in 162 bytes (1 switches on core 0) [pid: 8|app: 0|req: 1246/2389] 10.0.0.121 () {34 vars in 990 bytes} [Fri Jul 17 12:09:00 2026] GET /v2.0/ports?device_id=cfd698c7-4b8f-4907-b132-8f59df8c5689 => generated 12 bytes in 21 msecs (HTTP/1.1 200) 4 headers in 156 bytes (1 switches on core 0) [pid: 7|app: 0|req: 1144/2390] 10.0.0.187 () {32 vars in 663 bytes} [Fri Jul 17 12:09:00 2026] GET /v2.0/vpn/ikepolicies => generated 798 bytes in 31 msecs (HTTP/1.1 200) 4 headers in 157 bytes (1 switches on core 0) [pid: 8|app: 0|req: 1247/2391] 10.0.0.187 () {32 vars in 740 bytes} [Fri Jul 17 12:09:00 2026] DELETE /v2.0/vpn/ikepolicies/b796670b-d3ac-485e-9b21-d6ba67d9ad1d => generated 0 bytes in 57 msecs (HTTP/1.1 204) 2 headers in 112 bytes (1 switches on core 0) [pid: 7|app: 0|req: 1145/2392] 10.0.0.187 () {34 vars in 689 bytes} [Fri Jul 17 12:09:01 2026] POST /v2.0/vpn/ipsecpolicies => generated 412 bytes in 60 msecs (HTTP/1.1 201) 4 headers in 162 bytes (1 switches on core 0) [pid: 8|app: 0|req: 1248/2393] 10.0.0.187 () {32 vars in 667 bytes} [Fri Jul 17 12:09:01 2026] GET /v2.0/vpn/ipsecpolicies => generated 813 bytes in 11 msecs (HTTP/1.1 200) 4 headers in 157 bytes (1 switches on core 0)
2026-07-17 12:09:01.128 7 INFO neutron.db.ovn_revision_numbers_db [None req-5014dcb4-2984-4d65-809e-254e6fbe4c8a - - - - - -] Successfully bumped revision number for resource 11cf6ebc-0512-4a10-bd65-b87a65bd6103 (type: ports) to 2 [pid: 7|app: 0|req: 1146/2394] 10.0.0.187 () {32 vars in 744 bytes} [Fri Jul 17 12:09:01 2026] DELETE /v2.0/vpn/ipsecpolicies/e0816447-667c-41ac-9da2-4fab79a8803b => generated 0 bytes in 56 msecs (HTTP/1.1 204) 2 headers in 112 bytes (1 switches on core 0)
2026-07-17 12:09:01.239 8 INFO neutron.db.segments_db [None req-002d26b9-8dbb-445a-8f48-101eae3955b9 0bb407ff44a242e58421dd74bda8f26b b11fdbf739d34bd8892e6f1ddaf62892 - - default default] Added segment 6893a440-60f1-44c2-9428-b4c51122da1e of type geneve for network 0d147fdd-ab20-44fb-87b1-215e3fb6b1d5
2026-07-17 12:09:01.378 8 INFO neutron.db.ovn_revision_numbers_db [None req-002d26b9-8dbb-445a-8f48-101eae3955b9 0bb407ff44a242e58421dd74bda8f26b b11fdbf739d34bd8892e6f1ddaf62892 - - default default] Successfully bumped revision number for resource 0d147fdd-ab20-44fb-87b1-215e3fb6b1d5 (type: networks) to 1
2026-07-17 12:09:01.543 8 WARNING neutron.scheduler.dhcp_agent_scheduler [None req-002d26b9-8dbb-445a-8f48-101eae3955b9 0bb407ff44a242e58421dd74bda8f26b b11fdbf739d34bd8892e6f1ddaf62892 - - default default] No more DHCP agents
2026-07-17 12:09:01.546 8 WARNING neutron.api.rpc.agentnotifiers.dhcp_rpc_agent_api [None req-002d26b9-8dbb-445a-8f48-101eae3955b9 0bb407ff44a242e58421dd74bda8f26b b11fdbf739d34bd8892e6f1ddaf62892 - - default default] Unable to schedule network 0d147fdd-ab20-44fb-87b1-215e3fb6b1d5: no agents available; will retry on subsequent port and subnet creation events.
2026-07-17 12:09:01.687 8 INFO neutron.db.ovn_revision_numbers_db [None req-002d26b9-8dbb-445a-8f48-101eae3955b9 0bb407ff44a242e58421dd74bda8f26b b11fdbf739d34bd8892e6f1ddaf62892 - - default default] Successfully bumped revision number for resource 90c7b295-7b80-4d82-903b-3ccbbda4afe2 (type: ports) to 1 [pid: 8|app: 0|req: 1249/2395] 10.0.0.187 () {34 vars in 670 bytes} [Fri Jul 17 12:09:01 2026] POST /v2.0/networks => generated 651 bytes in 566 msecs (HTTP/1.1 201) 4 headers in 162 bytes (1 switches on core 0)
2026-07-17 12:09:01.912 7 WARNING neutron.scheduler.dhcp_agent_scheduler [None req-e8b7e05b-8ef0-482b-8072-6a4f72d51967 0bb407ff44a242e58421dd74bda8f26b b11fdbf739d34bd8892e6f1ddaf62892 - - default default] No more DHCP agents
2026-07-17 12:09:01.913 7 WARNING neutron.api.rpc.agentnotifiers.dhcp_rpc_agent_api [None req-e8b7e05b-8ef0-482b-8072-6a4f72d51967 0bb407ff44a242e58421dd74bda8f26b b11fdbf739d34bd8892e6f1ddaf62892 - - default default] Unable to schedule network 0d147fdd-ab20-44fb-87b1-215e3fb6b1d5: no agents available; will retry on subsequent port and subnet creation events. [pid: 8|app: 0|req: 1250/2396] 10.0.0.187 () {32 vars in 740 bytes} [Fri Jul 17 12:09:01 2026] DELETE /v2.0/security-groups/6d1e0542-62f6-4256-853f-e82fbea2f3d4 => generated 0 bytes in 244 msecs (HTTP/1.1 204) 2 headers in 112 bytes (1 switches on core 0) [pid: 8|app: 0|req: 1251/2397] 10.0.0.121 () {34 vars in 982 bytes} [Fri Jul 17 12:09:02 2026] GET /v2.0/networks?id=a9114992-e9bb-46d0-b406-06f2b11239ef => generated 710 bytes in 51 msecs (HTTP/1.1 200) 4 headers in 157 bytes (1 switches on core 0)
2026-07-17 12:09:02.418 7 INFO neutron.db.ovn_revision_numbers_db [None req-0fbf8ab0-46aa-405e-a6f0-34409956ecce - - - - - -] Successfully bumped revision number for resource 90c7b295-7b80-4d82-903b-3ccbbda4afe2 (type: ports) to 2
2026-07-17 12:09:02.449 7 INFO neutron.db.ovn_revision_numbers_db [None req-0fbf8ab0-46aa-405e-a6f0-34409956ecce - - - - - -] Successfully bumped revision number for resource bc0001ee-f636-48da-a5a6-346172c65ff6 (type: subnets) to 0 [pid: 7|app: 0|req: 1147/2398] 10.0.0.187 () {34 vars in 669 bytes} [Fri Jul 17 12:09:01 2026] POST /v2.0/subnets => generated 629 bytes in 748 msecs (HTTP/1.1 201) 4 headers in 162 bytes (1 switches on core 0) [pid: 7|app: 0|req: 1148/2399] 10.0.0.121 () {34 vars in 965 bytes} [Fri Jul 17 12:09:02 2026] GET /v2.0/quotas/cca79d434e7345f9b901af89a8838d71 => generated 292 bytes in 18 msecs (HTTP/1.1 200) 4 headers in 157 bytes (1 switches on core 0)
2026-07-17 12:09:02.676 8 INFO neutron_taas.services.taas.taas_plugin [None req-da3d0de3-6b5f-46a9-89b4-805f0efe0940 b9bd13ac62944211a10a3e501cd2eec8 360140b4d90545a19a1575c50fa9dd16 - - default default] TaaS: Handle Delete Port: 3f5c7c9e-8788-475b-bf21-648079562586
2026-07-17 12:09:02.679 8 INFO neutron_taas.services.taas.tap_mirror_plugin [None req-da3d0de3-6b5f-46a9-89b4-805f0efe0940 b9bd13ac62944211a10a3e501cd2eec8 360140b4d90545a19a1575c50fa9dd16 - - default default] Tap Mirror: Handle Delete Port: 3f5c7c9e-8788-475b-bf21-648079562586
2026-07-17 12:09:02.919 7 WARNING neutron.scheduler.dhcp_agent_scheduler [None req-a642118d-b277-4b35-b36f-5896b23a4628 0bb407ff44a242e58421dd74bda8f26b b11fdbf739d34bd8892e6f1ddaf62892 - - default default] No more DHCP agents
2026-07-17 12:09:02.922 7 WARNING neutron.api.rpc.agentnotifiers.dhcp_rpc_agent_api [None req-a642118d-b277-4b35-b36f-5896b23a4628 0bb407ff44a242e58421dd74bda8f26b b11fdbf739d34bd8892e6f1ddaf62892 - - default default] Unable to schedule network 00c31fca-1780-42f5-b8a4-13ed0531af55: no agents available; will retry on subsequent port and subnet creation events.
2026-07-17 12:09:03.142 7 INFO neutron.db.ovn_revision_numbers_db [None req-a642118d-b277-4b35-b36f-5896b23a4628 0bb407ff44a242e58421dd74bda8f26b b11fdbf739d34bd8892e6f1ddaf62892 - - default default] Successfully bumped revision number for resource b355899e-2446-4b58-b24b-7e7f35497bed (type: ports) to 1 [pid: 8|app: 0|req: 1252/2400] 10.0.0.187 () {34 vars in 789 bytes} [Fri Jul 17 12:09:02 2026] PUT /v2.0/routers/4e958e66-cb5c-4baf-a433-334b50f190a1/remove_router_interface => generated 309 bytes in 1148 msecs (HTTP/1.1 200) 4 headers in 157 bytes (1 switches on core 0) /var/lib/openstack/lib/python3.12/site-packages/pycadf/identifier.py:70: UserWarning: Invalid uuid: neutron. To ensure interoperability, identifiers should be a valid uuid. warnings.warn(('Invalid uuid: %s. To ensure interoperability, ' [pid: 8|app: 0|req: 1253/2401] 10.0.0.121 () {34 vars in 1002 bytes} [Fri Jul 17 12:09:03 2026] GET /v2.0/ports?tenant_id=cca79d434e7345f9b901af89a8838d71&fields=id => generated 103 bytes in 81 msecs (HTTP/1.1 200) 4 headers in 157 bytes (1 switches on core 0) [pid: 8|app: 0|req: 1254/2402] 10.0.0.187 () {32 vars in 724 bytes} [Fri Jul 17 12:09:03 2026] DELETE /v2.0/subnets/ea26c830-bebf-4916-99c8-b9e019302fb6 => generated 0 bytes in 192 msecs (HTTP/1.1 204) 3 headers in 131 bytes (1 switches on core 0) [pid: 8|app: 0|req: 1255/2403] 10.0.0.121 () {34 vars in 1008 bytes} [Fri Jul 17 12:09:03 2026] GET /v2.0/networks/a9114992-e9bb-46d0-b406-06f2b11239ef?fields=segments => generated 14 bytes in 39 msecs (HTTP/1.1 200) 4 headers in 156 bytes (1 switches on core 0)
2026-07-17 12:09:03.776 7 INFO neutron.plugins.ml2.drivers.ovn.mech_driver.ovsdb.commands [None req-736b87b0-0c85-4e46-89e9-fe12007a36b0 - - - - - -] Schedule LRP lrp-b355899e-2446-4b58-b24b-7e7f35497bed on gateway 0c2bd6f5-3c18-4c86-979c-15a6315d7e5c with priority 1
2026-07-17 12:09:03.879 7 INFO neutron.db.ovn_revision_numbers_db [None req-a642118d-b277-4b35-b36f-5896b23a4628 0bb407ff44a242e58421dd74bda8f26b b11fdbf739d34bd8892e6f1ddaf62892 - - default default] Successfully bumped revision number for resource b355899e-2446-4b58-b24b-7e7f35497bed (type: router_ports) to 1
2026-07-17 12:09:03.940 7 INFO neutron.db.ovn_revision_numbers_db [None req-a642118d-b277-4b35-b36f-5896b23a4628 0bb407ff44a242e58421dd74bda8f26b b11fdbf739d34bd8892e6f1ddaf62892 - - default default] Successfully bumped revision number for resource 857e1dfa-3d18-4be5-ba39-ca10b4991c89 (type: routers) to 2 [pid: 7|app: 0|req: 1149/2404] 10.0.0.187 () {34 vars in 669 bytes} [Fri Jul 17 12:09:02 2026] POST /v2.0/routers => generated 936 bytes in 1482 msecs (HTTP/1.1 201) 4 headers in 162 bytes (1 switches on core 0) [pid: 7|app: 0|req: 1150/2405] 10.0.0.121 () {34 vars in 1108 bytes} [Fri Jul 17 12:09:03 2026] GET /v2.0/networks/a9114992-e9bb-46d0-b406-06f2b11239ef?fields=provider%3Aphysical_network&fields=provider%3Anetwork_type => generated 79 bytes in 45 msecs (HTTP/1.1 200) 4 headers in 156 bytes (1 switches on core 0)
2026-07-17 12:09:04.159 8 INFO neutron_taas.services.taas.taas_plugin [None req-e3fe721b-c893-4870-80c0-43660bcf34cd b9bd13ac62944211a10a3e501cd2eec8 360140b4d90545a19a1575c50fa9dd16 - - default default] TaaS: Handle Delete Port: 391ffebd-6870-4bf1-ac28-50f03755df23
2026-07-17 12:09:04.163 8 INFO neutron_taas.services.taas.tap_mirror_plugin [None req-e3fe721b-c893-4870-80c0-43660bcf34cd b9bd13ac62944211a10a3e501cd2eec8 360140b4d90545a19a1575c50fa9dd16 - - default default] Tap Mirror: Handle Delete Port: 391ffebd-6870-4bf1-ac28-50f03755df23
2026-07-17 12:09:04.542 7 WARNING neutron.scheduler.dhcp_agent_scheduler [None req-b5f9772c-b4ae-4706-bee0-9baea40586c1 0bb407ff44a242e58421dd74bda8f26b b11fdbf739d34bd8892e6f1ddaf62892 - - default default] No more DHCP agents
2026-07-17 12:09:04.544 7 WARNING neutron.api.rpc.agentnotifiers.dhcp_rpc_agent_api [None req-b5f9772c-b4ae-4706-bee0-9baea40586c1 0bb407ff44a242e58421dd74bda8f26b b11fdbf739d34bd8892e6f1ddaf62892 - - default default] Unable to schedule network 0d147fdd-ab20-44fb-87b1-215e3fb6b1d5: no agents available; will retry on subsequent port and subnet creation events. [pid: 8|app: 0|req: 1256/2406] 10.0.0.187 () {32 vars in 724 bytes} [Fri Jul 17 12:09:03 2026] DELETE /v2.0/routers/4e958e66-cb5c-4baf-a433-334b50f190a1 => generated 0 bytes in 919 msecs (HTTP/1.1 204) 2 headers in 112 bytes (1 switches on core 0) [pid: 8|app: 0|req: 1257/2407] 10.0.0.121 () {34 vars in 990 bytes} [Fri Jul 17 12:09:04 2026] GET /v2.0/ports?device_id=1ffa49c3-eda6-4c97-80c6-57be1315a9e0 => generated 12 bytes in 28 msecs (HTTP/1.1 200) 4 headers in 156 bytes (1 switches on core 0)
2026-07-17 12:09:04.838 7 INFO neutron.db.ovn_revision_numbers_db [None req-b5f9772c-b4ae-4706-bee0-9baea40586c1 0bb407ff44a242e58421dd74bda8f26b b11fdbf739d34bd8892e6f1ddaf62892 - - default default] Successfully bumped revision number for resource 6a1756d9-ab4d-4c65-94c9-14780105305b (type: ports) to 1
2026-07-17 12:09:04.865 8 INFO neutron_taas.services.taas.taas_plugin [None req-30ef408e-2f49-4eaa-b2f9-6e82c86e3303 b9bd13ac62944211a10a3e501cd2eec8 360140b4d90545a19a1575c50fa9dd16 - - default default] TaaS: Handle Delete Port: 79819df1-2d2e-4e15-a6d2-8fe2ed10de31
2026-07-17 12:09:04.868 8 INFO neutron_taas.services.taas.tap_mirror_plugin [None req-30ef408e-2f49-4eaa-b2f9-6e82c86e3303 b9bd13ac62944211a10a3e501cd2eec8 360140b4d90545a19a1575c50fa9dd16 - - default default] Tap Mirror: Handle Delete Port: 79819df1-2d2e-4e15-a6d2-8fe2ed10de31
2026-07-17 12:09:05.071 8 INFO neutron.services.segments.plugin [-] Segment 1f21fa63-5127-4b84-9533-0f18ec701e4e resource provider aggregate not found
2026-07-17 12:09:05.075 8 INFO neutron.services.segments.plugin [-] Segment 1f21fa63-5127-4b84-9533-0f18ec701e4e resource provider aggregate not found
2026-07-17 12:09:05.093 8 INFO neutron.services.segments.plugin [-] Segment 1f21fa63-5127-4b84-9533-0f18ec701e4e resource provider not found; error: Placement Client Error (4xx): {"errors": [{"status": 404, "title": "Not Found", "detail": "The resource could not be found.\n\n No resource provider with uuid 1f21fa63-5127-4b84-9533-0f18ec701e4e found for delete ", "request_id": "req-d6d1f645-d89d-43d9-9674-cb1bd0267c1a"}]}
2026-07-17 12:09:05.095 8 INFO neutron.services.segments.plugin [-] Segment 1f21fa63-5127-4b84-9533-0f18ec701e4e resource provider not found; error: Placement Client Error (4xx): {"errors": [{"status": 404, "title": "Not Found", "detail": "The resource could not be found.\n\n No resource provider with uuid 1f21fa63-5127-4b84-9533-0f18ec701e4e found for delete ", "request_id": "req-8656fd56-d07a-4113-82f5-7aee39e81891"}]} [pid: 8|app: 0|req: 1258/2408] 10.0.0.187 () {32 vars in 726 bytes} [Fri Jul 17 12:09:04 2026] DELETE /v2.0/networks/747df45b-2f9a-44bd-ad45-8e6f578a7b29 => generated 0 bytes in 531 msecs (HTTP/1.1 204) 3 headers in 131 bytes (1 switches on core 0)
2026-07-17 12:09:05.750 7 WARNING neutron.scheduler.dhcp_agent_scheduler [None req-b5f9772c-b4ae-4706-bee0-9baea40586c1 0bb407ff44a242e58421dd74bda8f26b b11fdbf739d34bd8892e6f1ddaf62892 - - default default] No more DHCP agents
2026-07-17 12:09:05.753 7 WARNING neutron.api.rpc.agentnotifiers.dhcp_rpc_agent_api [None req-b5f9772c-b4ae-4706-bee0-9baea40586c1 0bb407ff44a242e58421dd74bda8f26b b11fdbf739d34bd8892e6f1ddaf62892 - - default default] Unable to schedule network 0d147fdd-ab20-44fb-87b1-215e3fb6b1d5: no agents available; will retry on subsequent port and subnet creation events. [pid: 8|app: 0|req: 1259/2409] 10.0.0.121 () {34 vars in 990 bytes} [Fri Jul 17 12:09:05 2026] GET /v2.0/ports?device_id=1ffa49c3-eda6-4c97-80c6-57be1315a9e0 => generated 12 bytes in 20 msecs (HTTP/1.1 200) 4 headers in 156 bytes (1 switches on core 0)
2026-07-17 12:09:06.102 8 INFO neutron.db.ovn_revision_numbers_db [None req-181e8ed9-2ce1-4b75-9f8e-fa0be5d4e8dc a19ecea9207645fe834cb16d9cad184f 59bea03819ae4d78a5e9eab4db49a026 - - default default] Successfully bumped revision number for resource a4042097-d338-4df7-a9bb-5e5fbdc8cbf2 (type: security_groups) to 1
2026-07-17 12:09:06.132 8 INFO neutron.db.ovn_revision_numbers_db [None req-181e8ed9-2ce1-4b75-9f8e-fa0be5d4e8dc a19ecea9207645fe834cb16d9cad184f 59bea03819ae4d78a5e9eab4db49a026 - - default default] Successfully bumped revision number for resource 087f561a-f316-4e49-9ffc-69cd0c3bbdc1 (type: security_group_rules) to 0
2026-07-17 12:09:06.154 8 INFO neutron.db.ovn_revision_numbers_db [None req-181e8ed9-2ce1-4b75-9f8e-fa0be5d4e8dc a19ecea9207645fe834cb16d9cad184f 59bea03819ae4d78a5e9eab4db49a026 - - default default] Successfully bumped revision number for resource 37ab6770-fdb2-4d40-b624-62a70a0427fc (type: security_group_rules) to 0
2026-07-17 12:09:06.168 8 INFO neutron.db.ovn_revision_numbers_db [None req-181e8ed9-2ce1-4b75-9f8e-fa0be5d4e8dc a19ecea9207645fe834cb16d9cad184f 59bea03819ae4d78a5e9eab4db49a026 - - default default] Successfully bumped revision number for resource e0747afc-eda6-4f41-9db3-4e3d5f097495 (type: security_group_rules) to 0
2026-07-17 12:09:06.184 8 INFO neutron.db.ovn_revision_numbers_db [None req-181e8ed9-2ce1-4b75-9f8e-fa0be5d4e8dc a19ecea9207645fe834cb16d9cad184f 59bea03819ae4d78a5e9eab4db49a026 - - default default] Successfully bumped revision number for resource f2e74415-1885-4766-bc76-6cea2e03b176 (type: security_group_rules) to 0
2026-07-17 12:09:06.206 7 WARNING neutron.plugins.ml2.drivers.ovn.mech_driver.ovsdb.ovn_client [None req-2357f292-8a83-4f73-95b2-cad469e41ca3 - - - - - -] No hosting information found for port 11cf6ebc-0512-4a10-bd65-b87a65bd6103: RuntimeError: No hosting information found for port 11cf6ebc-0512-4a10-bd65-b87a65bd6103 [pid: 8|app: 0|req: 1260/2410] 10.0.0.187 () {32 vars in 774 bytes} [Fri Jul 17 12:09:05 2026] GET /v2.0/security-groups?tenant_id=77c8c263759249c389356846dc120d83&name=default => generated 2925 bytes in 423 msecs (HTTP/1.1 200) 4 headers in 158 bytes (1 switches on core 0)
2026-07-17 12:09:06.294 7 INFO neutron.plugins.ml2.drivers.ovn.mech_driver.mech_driver [None req-2357f292-8a83-4f73-95b2-cad469e41ca3 - - - - - -] OVN reports status down for port: de2591c9-865e-4483-9351-d3a896b7fced
2026-07-17 12:09:06.301 7 INFO neutron.db.ovn_revision_numbers_db [None req-b5f9772c-b4ae-4706-bee0-9baea40586c1 0bb407ff44a242e58421dd74bda8f26b b11fdbf739d34bd8892e6f1ddaf62892 - - default default] Successfully bumped revision number for resource 6a1756d9-ab4d-4c65-94c9-14780105305b (type: router_ports) to 1 [pid: 7|app: 0|req: 1151/2411] 10.0.0.187 () {34 vars in 783 bytes} [Fri Jul 17 12:09:04 2026] PUT /v2.0/routers/857e1dfa-3d18-4be5-ba39-ca10b4991c89/add_router_interface => generated 309 bytes in 2303 msecs (HTTP/1.1 200) 4 headers in 157 bytes (1 switches on core 0)
2026-07-17 12:09:06.524 7 INFO neutron.plugins.ml2.drivers.ovn.mech_driver.mech_driver [None req-2357f292-8a83-4f73-95b2-cad469e41ca3 - - - - - -] OVN reports status down for port: 2cc6cf9e-4f79-4fc7-9c7f-b99056e0511f [pid: 8|app: 0|req: 1261/2412] 10.0.0.187 () {32 vars in 740 bytes} [Fri Jul 17 12:09:06 2026] DELETE /v2.0/security-groups/a4042097-d338-4df7-a9bb-5e5fbdc8cbf2 => generated 0 bytes in 310 msecs (HTTP/1.1 204) 2 headers in 112 bytes (1 switches on core 0) [pid: 8|app: 0|req: 1262/2413] 10.0.0.187 () {32 vars in 774 bytes} [Fri Jul 17 12:09:06 2026] GET /v2.0/security-groups?tenant_id=360140b4d90545a19a1575c50fa9dd16&name=default => generated 2925 bytes in 76 msecs (HTTP/1.1 200) 4 headers in 158 bytes (1 switches on core 0)
2026-07-17 12:09:06.769 7 INFO neutron.db.ovn_revision_numbers_db [None req-2357f292-8a83-4f73-95b2-cad469e41ca3 - - - - - -] Successfully bumped revision number for resource 11cf6ebc-0512-4a10-bd65-b87a65bd6103 (type: router_ports) to 2
2026-07-17 12:09:06.775 7 INFO neutron.plugins.ml2.drivers.ovn.mech_driver.mech_driver [None req-2357f292-8a83-4f73-95b2-cad469e41ca3 - - - - - -] OVN reports status down for port: d1c53956-9b91-4c8b-84ec-9dd5ab3ffb33
2026-07-17 12:09:06.941 7 WARNING neutron.plugins.ml2.drivers.ovn.mech_driver.ovsdb.ovn_client [None req-2357f292-8a83-4f73-95b2-cad469e41ca3 - - - - - -] Logical_Switch_Port %s host information not removed, the port state is up
2026-07-17 12:09:06.942 7 INFO neutron.plugins.ml2.drivers.ovn.mech_driver.mech_driver [None req-2357f292-8a83-4f73-95b2-cad469e41ca3 - - - - - -] OVN reports status down for port: 518e2e61-2788-474c-9221-71e12baec490 [pid: 8|app: 0|req: 1263/2414] 10.0.0.187 () {32 vars in 740 bytes} [Fri Jul 17 12:09:06 2026] DELETE /v2.0/security-groups/45deb38c-3812-407e-8c5e-a51325585c9e => generated 0 bytes in 388 msecs (HTTP/1.1 204) 2 headers in 112 bytes (1 switches on core 0) [pid: 8|app: 0|req: 1264/2415] 10.0.0.121 () {34 vars in 990 bytes} [Fri Jul 17 12:09:07 2026] GET /v2.0/ports?device_id=1ffa49c3-eda6-4c97-80c6-57be1315a9e0 => generated 12 bytes in 21 msecs (HTTP/1.1 200) 4 headers in 156 bytes (1 switches on core 0)
2026-07-17 12:09:07.442 7 WARNING neutron.scheduler.dhcp_agent_scheduler [None req-96c4b6c7-a174-4185-b402-4f22974831e3 - - - - - -] No more DHCP agents
2026-07-17 12:09:07.444 7 WARNING neutron.api.rpc.agentnotifiers.dhcp_rpc_agent_api [None req-96c4b6c7-a174-4185-b402-4f22974831e3 - - - - - -] Unable to schedule network 00c31fca-1780-42f5-b8a4-13ed0531af55: no agents available; will retry on subsequent port and subnet creation events.
2026-07-17 12:09:07.631 7 INFO neutron.db.ovn_revision_numbers_db [None req-2357f292-8a83-4f73-95b2-cad469e41ca3 - - - - - -] Successfully bumped revision number for resource 518e2e61-2788-474c-9221-71e12baec490 (type: ports) to 6
2026-07-17 12:09:07.812 7 INFO neutron.db.ovn_revision_numbers_db [None req-96c4b6c7-a174-4185-b402-4f22974831e3 - - - - - -] Successfully bumped revision number for resource e42e10e1-124c-434d-a6d8-ec322dc8ed2b (type: ports) to 1
2026-07-17 12:09:07.821 7 WARNING neutron.plugins.ml2.drivers.ovn.mech_driver.ovsdb.ovn_client [None req-bdcc2b69-13e7-4498-adfe-eb2e63c6eaf3 - - - - - -] Logical_Switch_Port %s host information not removed, the port state is up
2026-07-17 12:09:07.822 7 INFO neutron.plugins.ml2.drivers.ovn.mech_driver.mech_driver [None req-bdcc2b69-13e7-4498-adfe-eb2e63c6eaf3 - - - - - -] OVN reports status up for port: 518e2e61-2788-474c-9221-71e12baec490
2026-07-17 12:09:07.843 7 INFO neutron.plugins.ml2.plugin [None req-bdcc2b69-13e7-4498-adfe-eb2e63c6eaf3 - - - - - -] Attempt 1 to provision port 518e2e61-2788-474c-9221-71e12baec490 [pid: 8|app: 0|req: 1265/2416] 10.0.0.121 () {34 vars in 990 bytes} [Fri Jul 17 12:09:08 2026] GET /v2.0/ports?device_id=1ffa49c3-eda6-4c97-80c6-57be1315a9e0 => generated 12 bytes in 22 msecs (HTTP/1.1 200) 4 headers in 156 bytes (1 switches on core 0)
2026-07-17 12:09:08.244 7 INFO neutron.db.ovn_revision_numbers_db [None req-96c4b6c7-a174-4185-b402-4f22974831e3 - - - - - -] Successfully bumped revision number for resource e42e10e1-124c-434d-a6d8-ec322dc8ed2b (type: ports) to 3
2026-07-17 12:09:08.350 7 INFO neutron.db.segments_db [None req-96c4b6c7-a174-4185-b402-4f22974831e3 - - - - - -] Added segment 4431e19d-e848-4c87-9a14-5e4f0855b6bd of type geneve for network c80f2697-b431-4b33-b7c3-1ff5ffeff6e3
2026-07-17 12:09:08.472 7 INFO neutron.db.ovn_revision_numbers_db [None req-bdcc2b69-13e7-4498-adfe-eb2e63c6eaf3 - - - - - -] Successfully bumped revision number for resource 518e2e61-2788-474c-9221-71e12baec490 (type: ports) to 7 [pid: 8|app: 0|req: 1266/2417] 199.204.45.109 () {34 vars in 986 bytes} [Fri Jul 17 12:09:08 2026] GET /v2.0/networks?id=a9114992-e9bb-46d0-b406-06f2b11239ef => generated 710 bytes in 50 msecs (HTTP/1.1 200) 4 headers in 157 bytes (1 switches on core 0)
2026-07-17 12:09:08.737 7 INFO neutron.db.ovn_revision_numbers_db [None req-4e9de3e2-df21-410a-a4d1-a330ffae300f - - - - - -] Successfully bumped revision number for resource c80f2697-b431-4b33-b7c3-1ff5ffeff6e3 (type: networks) to 1
2026-07-17 12:09:08.755 7 INFO neutron.plugins.ml2.drivers.ovn.mech_driver.mech_driver [None req-2cc3ed5b-d818-4045-aef0-d7b6b1ab5eac - - - - - -] OVN reports status down for port: 2f15b6cf-5b09-47d4-97b0-5f7938618e4f
2026-07-17 12:09:08.895 7 WARNING neutron.plugins.ml2.drivers.ovn.mech_driver.ovsdb.ovn_client [None req-2cc3ed5b-d818-4045-aef0-d7b6b1ab5eac - - - - - -] Logical_Switch_Port %s host information not removed, the port state is up
2026-07-17 12:09:08.897 7 INFO neutron.plugins.ml2.drivers.ovn.mech_driver.mech_driver [None req-2cc3ed5b-d818-4045-aef0-d7b6b1ab5eac - - - - - -] OVN reports status up for port: 2f15b6cf-5b09-47d4-97b0-5f7938618e4f
2026-07-17 12:09:08.927 7 INFO neutron.plugins.ml2.plugin [None req-2cc3ed5b-d818-4045-aef0-d7b6b1ab5eac - - - - - -] Attempt 1 to provision port 2f15b6cf-5b09-47d4-97b0-5f7938618e4f
2026-07-17 12:09:08.938 8 WARNING neutron.scheduler.dhcp_agent_scheduler [req-9f174506-55aa-4577-ab06-5a2d17e3c6ec req-89dc7d15-89c9-4405-bd65-9b781c634a4a d6fb097726744cb1bff6458b551760f3 cca79d434e7345f9b901af89a8838d71 - - default default] No more DHCP agents
2026-07-17 12:09:08.939 8 WARNING neutron.api.rpc.agentnotifiers.dhcp_rpc_agent_api [req-9f174506-55aa-4577-ab06-5a2d17e3c6ec req-89dc7d15-89c9-4405-bd65-9b781c634a4a d6fb097726744cb1bff6458b551760f3 cca79d434e7345f9b901af89a8838d71 - - default default] Unable to schedule network a9114992-e9bb-46d0-b406-06f2b11239ef: no agents available; will retry on subsequent port and subnet creation events.
2026-07-17 12:09:08.980 7 WARNING neutron.scheduler.dhcp_agent_scheduler [None req-4e9de3e2-df21-410a-a4d1-a330ffae300f - - - - - -] No more DHCP agents
