2026-07-17 12:05:34.805 8 INFO neutron.services.segments.plugin [-] Segment 2ef09b76-3186-47ec-a468-35c0be6579d7 resource provider not found; error: Placement Client Error (4xx): {"errors": [{"status": 404, "title": "Not Found", "detail": "The resource could not be found.\n\n No resource provider with uuid 2ef09b76-3186-47ec-a468-35c0be6579d7 found for delete ", "request_id": "req-6a1c8455-70d5-46b6-b0e2-48f43e625c07"}]} [pid: 8|app: 0|req: 552/1051] 10.0.0.187 () {32 vars in 726 bytes} [Fri Jul 17 12:05:34 2026] DELETE /v2.0/networks/5cbe9e65-1a8b-48f2-8fa2-a7f8260dc32a => generated 0 bytes in 419 msecs (HTTP/1.1 204) 3 headers in 131 bytes (1 switches on core 0) [pid: 8|app: 0|req: 553/1052] 10.0.0.187 () {32 vars in 740 bytes} [Fri Jul 17 12:05:34 2026] DELETE /v2.0/security-groups/7e86009a-b04f-49c3-9e7f-3490b264b700 => generated 0 bytes in 196 msecs (HTTP/1.1 204) 2 headers in 112 bytes (1 switches on core 0) [pid: 8|app: 0|req: 554/1053] 10.0.0.187 () {32 vars in 774 bytes} [Fri Jul 17 12:05:35 2026] GET /v2.0/security-groups?tenant_id=c5b101f2238546f0b45879ee4d6eefcb&name=default => generated 2921 bytes in 52 msecs (HTTP/1.1 200) 4 headers in 158 bytes (1 switches on core 0)
2026-07-17 12:05:35.093 8 INFO neutron.api.v2.resource [None req-07190096-0309-4c5f-a919-49eee303dae0 3d8caae7a6954619b3ee48d4840d8ec7 7bf5b03501c84b7ab8ef0d1a77c31327 - - default default] show failed (client error): The resource could not be found. [pid: 8|app: 0|req: 555/1054] 10.0.0.187 () {32 vars in 737 bytes} [Fri Jul 17 12:05:35 2026] GET /v2.0/security-groups/7e86009a-b04f-49c3-9e7f-3490b264b700 => generated 146 bytes in 8 msecs (HTTP/1.1 404) 4 headers in 164 bytes (1 switches on core 0) [pid: 8|app: 0|req: 556/1055] 10.0.0.187 () {32 vars in 740 bytes} [Fri Jul 17 12:05:35 2026] DELETE /v2.0/security-groups/056d3b2b-8b8a-4b3e-91c5-09660c33b928 => generated 0 bytes in 267 msecs (HTTP/1.1 204) 2 headers in 112 bytes (1 switches on core 0)
2026-07-17 12:05:35.472 8 INFO neutron_taas.services.taas.taas_plugin [None req-9fb858dd-3a47-4088-8cd0-a6b32fce4ee1 3d8caae7a6954619b3ee48d4840d8ec7 7bf5b03501c84b7ab8ef0d1a77c31327 - - default default] TaaS: Handle Delete Port: 6c212e2d-f108-47f6-a768-7e0771ac080b
2026-07-17 12:05:35.474 8 INFO neutron_taas.services.taas.tap_mirror_plugin [None req-9fb858dd-3a47-4088-8cd0-a6b32fce4ee1 3d8caae7a6954619b3ee48d4840d8ec7 7bf5b03501c84b7ab8ef0d1a77c31327 - - default default] Tap Mirror: Handle Delete Port: 6c212e2d-f108-47f6-a768-7e0771ac080b [pid: 7|app: 0|req: 500/1056] 10.0.0.187 () {34 vars in 789 bytes} [Fri Jul 17 12:05:34 2026] PUT /v2.0/routers/324ef507-1030-4641-98ff-4ee0208fd500/remove_router_interface => generated 309 bytes in 1238 msecs (HTTP/1.1 200) 4 headers in 157 bytes (1 switches on core 0) /var/lib/openstack/lib/python3.12/site-packages/pycadf/identifier.py:70: UserWarning: Invalid uuid: neutron. To ensure interoperability, identifiers should be a valid uuid. warnings.warn(('Invalid uuid: %s. To ensure interoperability, ' [pid: 8|app: 0|req: 557/1057] 10.0.0.187 () {32 vars in 732 bytes} [Fri Jul 17 12:05:35 2026] DELETE /v2.0/floatingips/a410acbd-68e9-49b3-9b64-87b51f081ffe => generated 0 bytes in 324 msecs (HTTP/1.1 204) 2 headers in 112 bytes (1 switches on core 0)
2026-07-17 12:05:35.987 7 INFO neutron_taas.services.taas.taas_plugin [None req-6410d93f-d8c2-4624-9b30-3a1cfd759258 a19ecea9207645fe834cb16d9cad184f 59bea03819ae4d78a5e9eab4db49a026 - - default default] TaaS: Handle Delete Port: b0662469-227b-42df-a5b9-e161980a0f4c
2026-07-17 12:05:35.991 7 INFO neutron_taas.services.taas.tap_mirror_plugin [None req-6410d93f-d8c2-4624-9b30-3a1cfd759258 a19ecea9207645fe834cb16d9cad184f 59bea03819ae4d78a5e9eab4db49a026 - - default default] Tap Mirror: Handle Delete Port: b0662469-227b-42df-a5b9-e161980a0f4c
2026-07-17 12:05:36.004 8 INFO neutron_taas.services.taas.taas_plugin [None req-e7bb8c15-8fa0-41f3-91bb-3488dfe42879 a19ecea9207645fe834cb16d9cad184f 59bea03819ae4d78a5e9eab4db49a026 - - default default] TaaS: Handle Delete Port: 6cfcb663-8852-49c9-8480-67ce67b4dc90
2026-07-17 12:05:36.007 8 INFO neutron_taas.services.taas.tap_mirror_plugin [None req-e7bb8c15-8fa0-41f3-91bb-3488dfe42879 a19ecea9207645fe834cb16d9cad184f 59bea03819ae4d78a5e9eab4db49a026 - - default default] Tap Mirror: Handle Delete Port: 6cfcb663-8852-49c9-8480-67ce67b4dc90 [pid: 7|app: 0|req: 501/1058] 10.0.0.187 () {32 vars in 724 bytes} [Fri Jul 17 12:05:35 2026] DELETE /v2.0/routers/324ef507-1030-4641-98ff-4ee0208fd500 => generated 0 bytes in 884 msecs (HTTP/1.1 204) 2 headers in 112 bytes (1 switches on core 0) [pid: 7|app: 0|req: 502/1059] 10.0.0.187 () {32 vars in 724 bytes} [Fri Jul 17 12:05:36 2026] DELETE /v2.0/subnets/3246abb8-8cd9-4e77-8932-8fe0fbd9a7b8 => generated 0 bytes in 197 msecs (HTTP/1.1 204) 3 headers in 131 bytes (1 switches on core 0) [pid: 8|app: 0|req: 558/1060] 10.0.0.187 () {34 vars in 789 bytes} [Fri Jul 17 12:05:35 2026] PUT /v2.0/routers/c535dfee-df79-4afd-9a5c-9e68abd81b0f/remove_router_interface => generated 309 bytes in 1155 msecs (HTTP/1.1 200) 4 headers in 157 bytes (1 switches on core 0) /var/lib/openstack/lib/python3.12/site-packages/pycadf/identifier.py:70: UserWarning: Invalid uuid: neutron. To ensure interoperability, identifiers should be a valid uuid. warnings.warn(('Invalid uuid: %s. To ensure interoperability, '
2026-07-17 12:05:36.991 8 INFO neutron_taas.services.taas.taas_plugin [None req-f6a74310-3f29-4332-9dd1-c1fb1d588d58 a19ecea9207645fe834cb16d9cad184f 59bea03819ae4d78a5e9eab4db49a026 - - default default] TaaS: Handle Delete Port: 3338b651-f30c-4192-a5d7-ac76d58747c0
2026-07-17 12:05:36.995 8 INFO neutron_taas.services.taas.tap_mirror_plugin [None req-f6a74310-3f29-4332-9dd1-c1fb1d588d58 a19ecea9207645fe834cb16d9cad184f 59bea03819ae4d78a5e9eab4db49a026 - - default default] Tap Mirror: Handle Delete Port: 3338b651-f30c-4192-a5d7-ac76d58747c0 [pid: 7|app: 0|req: 503/1061] 10.0.0.107 () {34 vars in 990 bytes} [Fri Jul 17 12:05:36 2026] GET /v2.0/ports?device_id=45ca028f-e790-4c57-ab80-42d2e2875ffd => generated 1209 bytes in 296 msecs (HTTP/1.1 200) 4 headers in 158 bytes (1 switches on core 0)
2026-07-17 12:05:37.202 8 INFO neutron.services.segments.plugin [-] Segment 326510b3-ffab-4717-866f-861bd5a61bce resource provider aggregate not found
2026-07-17 12:05:37.211 8 INFO neutron.services.segments.plugin [-] Segment 326510b3-ffab-4717-866f-861bd5a61bce resource provider aggregate not found
2026-07-17 12:05:37.230 8 INFO neutron.services.segments.plugin [-] Segment 326510b3-ffab-4717-866f-861bd5a61bce resource provider not found; error: Placement Client Error (4xx): {"errors": [{"status": 404, "title": "Not Found", "detail": "The resource could not be found.\n\n No resource provider with uuid 326510b3-ffab-4717-866f-861bd5a61bce found for delete ", "request_id": "req-3277a287-0180-4ea9-886b-bf98ff438529"}]}
2026-07-17 12:05:37.235 8 INFO neutron.services.segments.plugin [-] Segment 326510b3-ffab-4717-866f-861bd5a61bce resource provider not found; error: Placement Client Error (4xx): {"errors": [{"status": 404, "title": "Not Found", "detail": "The resource could not be found.\n\n No resource provider with uuid 326510b3-ffab-4717-866f-861bd5a61bce found for delete ", "request_id": "req-7124ead2-0a57-46c8-a585-c6b530ba3f98"}]} [pid: 8|app: 0|req: 559/1062] 10.0.0.187 () {32 vars in 726 bytes} [Fri Jul 17 12:05:36 2026] DELETE /v2.0/networks/82478d53-0199-44b1-b785-8c4702269be2 => generated 0 bytes in 429 msecs (HTTP/1.1 204) 3 headers in 131 bytes (1 switches on core 0) [pid: 8|app: 0|req: 560/1063] 10.0.0.107 () {34 vars in 1040 bytes} [Fri Jul 17 12:05:37 2026] GET /v2.0/security-groups?id=7a607b6d-eee5-4870-bc83-b33c18ae59a1&fields=id&fields=name => generated 113 bytes in 39 msecs (HTTP/1.1 200) 4 headers in 157 bytes (1 switches on core 0)
2026-07-17 12:05:37.396 7 INFO neutron_taas.services.taas.taas_plugin [None req-bb1090fc-68cd-4474-b637-1fdf122ac8f2 a19ecea9207645fe834cb16d9cad184f 59bea03819ae4d78a5e9eab4db49a026 - - default default] TaaS: Handle Delete Port: 0e85d3da-6a43-466f-9773-b4f37fb1ae61
2026-07-17 12:05:37.399 7 INFO neutron_taas.services.taas.tap_mirror_plugin [None req-bb1090fc-68cd-4474-b637-1fdf122ac8f2 a19ecea9207645fe834cb16d9cad184f 59bea03819ae4d78a5e9eab4db49a026 - - default default] Tap Mirror: Handle Delete Port: 0e85d3da-6a43-466f-9773-b4f37fb1ae61
2026-07-17 12:05:37.785 8 INFO neutron.db.ovn_revision_numbers_db [None req-8fb54574-cb13-41ef-be83-da0b7d9e7b91 a19ecea9207645fe834cb16d9cad184f 59bea03819ae4d78a5e9eab4db49a026 - - default default] Successfully bumped revision number for resource cb0c4f5e-5b7d-4a1f-9962-27bd4d4e6412 (type: security_groups) to 1
2026-07-17 12:05:37.798 8 INFO neutron.db.ovn_revision_numbers_db [None req-8fb54574-cb13-41ef-be83-da0b7d9e7b91 a19ecea9207645fe834cb16d9cad184f 59bea03819ae4d78a5e9eab4db49a026 - - default default] Successfully bumped revision number for resource 3cd55987-24a8-40cf-80eb-214d731d888d (type: security_group_rules) to 0
2026-07-17 12:05:37.815 8 INFO neutron.db.ovn_revision_numbers_db [None req-8fb54574-cb13-41ef-be83-da0b7d9e7b91 a19ecea9207645fe834cb16d9cad184f 59bea03819ae4d78a5e9eab4db49a026 - - default default] Successfully bumped revision number for resource 52226480-9a98-4924-b8d4-3dc03e8abda5 (type: security_group_rules) to 0
2026-07-17 12:05:37.827 8 INFO neutron.db.ovn_revision_numbers_db [None req-8fb54574-cb13-41ef-be83-da0b7d9e7b91 a19ecea9207645fe834cb16d9cad184f 59bea03819ae4d78a5e9eab4db49a026 - - default default] Successfully bumped revision number for resource c2bd909a-ffda-4571-bbfd-f4a191cb2923 (type: security_group_rules) to 0
2026-07-17 12:05:37.839 8 INFO neutron.db.ovn_revision_numbers_db [None req-8fb54574-cb13-41ef-be83-da0b7d9e7b91 a19ecea9207645fe834cb16d9cad184f 59bea03819ae4d78a5e9eab4db49a026 - - default default] Successfully bumped revision number for resource f370a954-99a9-4efa-8600-5bb2899b9c61 (type: security_group_rules) to 0
2026-07-17 12:05:37.926 8 INFO neutron.db.segments_db [None req-8fb54574-cb13-41ef-be83-da0b7d9e7b91 a19ecea9207645fe834cb16d9cad184f 59bea03819ae4d78a5e9eab4db49a026 - - default default] Added segment 4ea7ad08-edcc-481c-bef5-fff35d7eac7f of type geneve for network 6eba6874-cd9b-45b3-aba5-1360c1b11ba0 [pid: 7|app: 0|req: 504/1064] 10.0.0.187 () {32 vars in 724 bytes} [Fri Jul 17 12:05:37 2026] DELETE /v2.0/routers/c535dfee-df79-4afd-9a5c-9e68abd81b0f => generated 0 bytes in 964 msecs (HTTP/1.1 204) 2 headers in 112 bytes (1 switches on core 0) [pid: 7|app: 0|req: 505/1065] 10.0.0.187 () {32 vars in 774 bytes} [Fri Jul 17 12:05:37 2026] GET /v2.0/security-groups?tenant_id=1e54c60ced9943598073b012f6a26555&name=default => generated 2921 bytes in 29 msecs (HTTP/1.1 200) 4 headers in 158 bytes (1 switches on core 0)
2026-07-17 12:05:38.102 8 INFO neutron.db.ovn_revision_numbers_db [None req-8fb54574-cb13-41ef-be83-da0b7d9e7b91 a19ecea9207645fe834cb16d9cad184f 59bea03819ae4d78a5e9eab4db49a026 - - default default] Successfully bumped revision number for resource 6eba6874-cd9b-45b3-aba5-1360c1b11ba0 (type: networks) to 1 [pid: 7|app: 0|req: 506/1066] 10.0.0.187 () {32 vars in 724 bytes} [Fri Jul 17 12:05:38 2026] DELETE /v2.0/subnets/65b7ac0e-1826-4a75-b822-6c9d8d885fd1 => generated 0 bytes in 206 msecs (HTTP/1.1 204) 3 headers in 131 bytes (1 switches on core 0)
2026-07-17 12:05:38.274 8 WARNING neutron.scheduler.dhcp_agent_scheduler [None req-8fb54574-cb13-41ef-be83-da0b7d9e7b91 a19ecea9207645fe834cb16d9cad184f 59bea03819ae4d78a5e9eab4db49a026 - - default default] No more DHCP agents
2026-07-17 12:05:38.276 8 WARNING neutron.api.rpc.agentnotifiers.dhcp_rpc_agent_api [None req-8fb54574-cb13-41ef-be83-da0b7d9e7b91 a19ecea9207645fe834cb16d9cad184f 59bea03819ae4d78a5e9eab4db49a026 - - default default] Unable to schedule network 6eba6874-cd9b-45b3-aba5-1360c1b11ba0: no agents available; will retry on subsequent port and subnet creation events.
2026-07-17 12:05:38.353 7 INFO neutron.plugins.ml2.drivers.ovn.mech_driver.mech_driver [None req-ac6501d8-7328-47a7-9fc1-37e046f23840 - - - - - -] OVN reports status down for port: 864b99a2-6179-4baa-b0dd-bb3f2ffa855f
2026-07-17 12:05:38.424 8 INFO neutron.db.ovn_revision_numbers_db [None req-8fb54574-cb13-41ef-be83-da0b7d9e7b91 a19ecea9207645fe834cb16d9cad184f 59bea03819ae4d78a5e9eab4db49a026 - - default default] Successfully bumped revision number for resource 864b99a2-6179-4baa-b0dd-bb3f2ffa855f (type: ports) to 1 [pid: 8|app: 0|req: 561/1067] 10.0.0.187 () {34 vars in 671 bytes} [Fri Jul 17 12:05:37 2026] POST /v2.0/networks => generated 764 bytes in 1137 msecs (HTTP/1.1 201) 4 headers in 162 bytes (1 switches on core 0) [pid: 7|app: 0|req: 507/1068] 10.0.0.187 () {32 vars in 740 bytes} [Fri Jul 17 12:05:38 2026] DELETE /v2.0/security-groups/01db16f8-5e22-496a-a43e-b06e150b3a65 => generated 0 bytes in 358 msecs (HTTP/1.1 204) 2 headers in 112 bytes (1 switches on core 0)
2026-07-17 12:05:38.624 8 INFO neutron_taas.services.taas.taas_plugin [None req-b7ef38af-a20e-44af-b2d0-ed57e311ae07 a19ecea9207645fe834cb16d9cad184f 59bea03819ae4d78a5e9eab4db49a026 - - default default] TaaS: Handle Delete Port: eff733c8-97e5-498b-a8a2-11e9e2d3eacd
2026-07-17 12:05:38.627 8 INFO neutron_taas.services.taas.tap_mirror_plugin [None req-b7ef38af-a20e-44af-b2d0-ed57e311ae07 a19ecea9207645fe834cb16d9cad184f 59bea03819ae4d78a5e9eab4db49a026 - - default default] Tap Mirror: Handle Delete Port: eff733c8-97e5-498b-a8a2-11e9e2d3eacd
2026-07-17 12:05:38.778 7 WARNING neutron.scheduler.dhcp_agent_scheduler [None req-781878b9-3ed1-4733-bdf6-08962d734f8a a19ecea9207645fe834cb16d9cad184f 59bea03819ae4d78a5e9eab4db49a026 - - default default] No more DHCP agents
2026-07-17 12:05:38.782 7 WARNING neutron.api.rpc.agentnotifiers.dhcp_rpc_agent_api [None req-781878b9-3ed1-4733-bdf6-08962d734f8a a19ecea9207645fe834cb16d9cad184f 59bea03819ae4d78a5e9eab4db49a026 - - default default] Unable to schedule network 6eba6874-cd9b-45b3-aba5-1360c1b11ba0: no agents available; will retry on subsequent port and subnet creation events. [pid: 8|app: 0|req: 562/1069] 10.0.0.187 () {32 vars in 726 bytes} [Fri Jul 17 12:05:38 2026] DELETE /v2.0/networks/4a4b5816-6a97-4614-90f1-7c207a7b1b4e => generated 0 bytes in 436 msecs (HTTP/1.1 204) 3 headers in 131 bytes (1 switches on core 0) [pid: 8|app: 0|req: 563/1070] 10.0.0.187 () {32 vars in 774 bytes} [Fri Jul 17 12:05:39 2026] GET /v2.0/security-groups?tenant_id=7bf5b03501c84b7ab8ef0d1a77c31327&name=default => generated 2925 bytes in 32 msecs (HTTP/1.1 200) 4 headers in 158 bytes (1 switches on core 0)
2026-07-17 12:05:39.268 8 INFO neutron.services.segments.plugin [-] Segment 1d11ebeb-1962-447b-a210-72eb31fe1c4e resource provider aggregate not found
2026-07-17 12:05:39.275 8 INFO neutron.services.segments.plugin [-] Segment 1d11ebeb-1962-447b-a210-72eb31fe1c4e resource provider aggregate not found
2026-07-17 12:05:39.293 8 INFO neutron.services.segments.plugin [-] Segment 1d11ebeb-1962-447b-a210-72eb31fe1c4e resource provider not found; error: Placement Client Error (4xx): {"errors": [{"status": 404, "title": "Not Found", "detail": "The resource could not be found.\n\n No resource provider with uuid 1d11ebeb-1962-447b-a210-72eb31fe1c4e found for delete ", "request_id": "req-bbbe80ed-51e8-4720-a72d-e0d3846a6352"}]}
2026-07-17 12:05:39.296 8 INFO neutron.services.segments.plugin [-] Segment 1d11ebeb-1962-447b-a210-72eb31fe1c4e resource provider not found; error: Placement Client Error (4xx): {"errors": [{"status": 404, "title": "Not Found", "detail": "The resource could not be found.\n\n No resource provider with uuid 1d11ebeb-1962-447b-a210-72eb31fe1c4e found for delete ", "request_id": "req-4454d16b-d8ba-4b63-a9e0-86aadf2bae9d"}]}
2026-07-17 12:05:39.305 7 INFO neutron.db.ovn_revision_numbers_db [None req-67602029-7a24-4592-857d-1d6bfdafb9cb - - - - - -] Successfully bumped revision number for resource 864b99a2-6179-4baa-b0dd-bb3f2ffa855f (type: ports) to 2
2026-07-17 12:05:39.350 7 INFO neutron.db.ovn_revision_numbers_db [None req-67602029-7a24-4592-857d-1d6bfdafb9cb - - - - - -] Successfully bumped revision number for resource d1fa0e1d-8b48-4770-bf74-4fb3f93b093f (type: subnets) to 0 [pid: 7|app: 0|req: 508/1071] 10.0.0.187 () {34 vars in 669 bytes} [Fri Jul 17 12:05:38 2026] POST /v2.0/subnets => generated 692 bytes in 791 msecs (HTTP/1.1 201) 4 headers in 162 bytes (1 switches on core 0) [pid: 8|app: 0|req: 564/1072] 10.0.0.187 () {32 vars in 740 bytes} [Fri Jul 17 12:05:39 2026] DELETE /v2.0/security-groups/a8c68708-a5ac-4ae6-8a39-0099741f13a1 => generated 0 bytes in 353 msecs (HTTP/1.1 204) 2 headers in 112 bytes (1 switches on core 0)
2026-07-17 12:05:39.826 7 WARNING neutron.scheduler.dhcp_agent_scheduler [None req-65d6a505-b79b-47b4-8cb3-604a01ab4ef3 a19ecea9207645fe834cb16d9cad184f 59bea03819ae4d78a5e9eab4db49a026 - - default default] No more DHCP agents
2026-07-17 12:05:39.827 7 WARNING neutron.api.rpc.agentnotifiers.dhcp_rpc_agent_api [None req-65d6a505-b79b-47b4-8cb3-604a01ab4ef3 a19ecea9207645fe834cb16d9cad184f 59bea03819ae4d78a5e9eab4db49a026 - - default default] Unable to schedule network 00c31fca-1780-42f5-b8a4-13ed0531af55: no agents available; will retry on subsequent port and subnet creation events.
2026-07-17 12:05:39.972 7 INFO neutron.plugins.ml2.drivers.ovn.mech_driver.mech_driver [None req-ac6501d8-7328-47a7-9fc1-37e046f23840 - - - - - -] OVN reports status down for port: 381787fc-3031-480d-970c-136a9fc251e1
2026-07-17 12:05:40.066 7 INFO neutron.db.ovn_revision_numbers_db [None req-65d6a505-b79b-47b4-8cb3-604a01ab4ef3 a19ecea9207645fe834cb16d9cad184f 59bea03819ae4d78a5e9eab4db49a026 - - default default] Successfully bumped revision number for resource 381787fc-3031-480d-970c-136a9fc251e1 (type: ports) to 1
2026-07-17 12:05:40.753 7 INFO neutron.plugins.ml2.drivers.ovn.mech_driver.ovsdb.commands [None req-736b87b0-0c85-4e46-89e9-fe12007a36b0 - - - - - -] Schedule LRP lrp-381787fc-3031-480d-970c-136a9fc251e1 on gateway 0c2bd6f5-3c18-4c86-979c-15a6315d7e5c with priority 1
2026-07-17 12:05:40.866 7 INFO neutron.plugins.ml2.drivers.ovn.mech_driver.ovsdb.ovsdb_monitor [None req-1bfe83eb-0816-4760-9c82-fbb8da54709b - - - - - -] Router e9a168af-4725-41ec-a71f-14ccbbc52bbc is bound to host instance
2026-07-17 12:05:40.890 7 INFO neutron.plugins.ml2.drivers.ovn.mech_driver.mech_driver [None req-ac6501d8-7328-47a7-9fc1-37e046f23840 - - - - - -] OVN reports status up for port: 381787fc-3031-480d-970c-136a9fc251e1
2026-07-17 12:05:40.935 8 INFO neutron.db.ovn_revision_numbers_db [None req-2b927b7d-f2a0-4089-936c-9fb7803f0575 a19ecea9207645fe834cb16d9cad184f 59bea03819ae4d78a5e9eab4db49a026 - - default default] Successfully bumped revision number for resource 412888ef-ed3d-42d5-917a-dd4230329438 (type: security_groups) to 1
2026-07-17 12:05:40.947 8 INFO neutron.db.ovn_revision_numbers_db [None req-2b927b7d-f2a0-4089-936c-9fb7803f0575 a19ecea9207645fe834cb16d9cad184f 59bea03819ae4d78a5e9eab4db49a026 - - default default] Successfully bumped revision number for resource 47e3942f-3965-47c7-aa69-e00eeff8cdbe (type: security_group_rules) to 0
2026-07-17 12:05:40.958 8 INFO neutron.db.ovn_revision_numbers_db [None req-2b927b7d-f2a0-4089-936c-9fb7803f0575 a19ecea9207645fe834cb16d9cad184f 59bea03819ae4d78a5e9eab4db49a026 - - default default] Successfully bumped revision number for resource b6631d9a-e9a4-4444-b055-bb150e3d8a16 (type: security_group_rules) to 0
2026-07-17 12:05:40.969 8 INFO neutron.db.ovn_revision_numbers_db [None req-2b927b7d-f2a0-4089-936c-9fb7803f0575 a19ecea9207645fe834cb16d9cad184f 59bea03819ae4d78a5e9eab4db49a026 - - default default] Successfully bumped revision number for resource ccb2a9a0-70da-489c-b2b2-2b915ac92d1b (type: security_group_rules) to 0
2026-07-17 12:05:40.983 8 INFO neutron.db.ovn_revision_numbers_db [None req-2b927b7d-f2a0-4089-936c-9fb7803f0575 a19ecea9207645fe834cb16d9cad184f 59bea03819ae4d78a5e9eab4db49a026 - - default default] Successfully bumped revision number for resource fd17e932-db0b-464c-9641-c542a852dbc7 (type: security_group_rules) to 0
2026-07-17 12:05:41.054 8 INFO neutron.db.segments_db [None req-2b927b7d-f2a0-4089-936c-9fb7803f0575 a19ecea9207645fe834cb16d9cad184f 59bea03819ae4d78a5e9eab4db49a026 - - default default] Added segment 20ada1d6-7372-4b5a-91c4-c9d1ca8447c1 of type geneve for network d73bce9b-1312-41fd-8571-be14491bdb42
2026-07-17 12:05:41.079 7 INFO neutron.plugins.ml2.plugin [None req-ac6501d8-7328-47a7-9fc1-37e046f23840 - - - - - -] Attempt 1 to provision port 381787fc-3031-480d-970c-136a9fc251e1
2026-07-17 12:05:41.116 7 INFO neutron.db.ovn_revision_numbers_db [None req-65d6a505-b79b-47b4-8cb3-604a01ab4ef3 a19ecea9207645fe834cb16d9cad184f 59bea03819ae4d78a5e9eab4db49a026 - - default default] Successfully bumped revision number for resource 381787fc-3031-480d-970c-136a9fc251e1 (type: router_ports) to 1
2026-07-17 12:05:41.181 8 INFO neutron.db.ovn_revision_numbers_db [None req-2b927b7d-f2a0-4089-936c-9fb7803f0575 a19ecea9207645fe834cb16d9cad184f 59bea03819ae4d78a5e9eab4db49a026 - - default default] Successfully bumped revision number for resource d73bce9b-1312-41fd-8571-be14491bdb42 (type: networks) to 1
2026-07-17 12:05:41.337 8 WARNING neutron.scheduler.dhcp_agent_scheduler [None req-2b927b7d-f2a0-4089-936c-9fb7803f0575 a19ecea9207645fe834cb16d9cad184f 59bea03819ae4d78a5e9eab4db49a026 - - default default] No more DHCP agents
2026-07-17 12:05:41.338 8 WARNING neutron.api.rpc.agentnotifiers.dhcp_rpc_agent_api [None req-2b927b7d-f2a0-4089-936c-9fb7803f0575 a19ecea9207645fe834cb16d9cad184f 59bea03819ae4d78a5e9eab4db49a026 - - default default] Unable to schedule network d73bce9b-1312-41fd-8571-be14491bdb42: no agents available; will retry on subsequent port and subnet creation events.
2026-07-17 12:05:41.388 7 INFO neutron.db.ovn_revision_numbers_db [None req-65d6a505-b79b-47b4-8cb3-604a01ab4ef3 a19ecea9207645fe834cb16d9cad184f 59bea03819ae4d78a5e9eab4db49a026 - - default default] Successfully bumped revision number for resource e9a168af-4725-41ec-a71f-14ccbbc52bbc (type: routers) to 2 [pid: 7|app: 0|req: 509/1073] 10.0.0.187 () {34 vars in 669 bytes} [Fri Jul 17 12:05:39 2026] POST /v2.0/routers => generated 970 bytes in 2071 msecs (HTTP/1.1 201) 4 headers in 162 bytes (1 switches on core 0)
2026-07-17 12:05:41.463 8 INFO neutron.db.ovn_revision_numbers_db [None req-2b927b7d-f2a0-4089-936c-9fb7803f0575 a19ecea9207645fe834cb16d9cad184f 59bea03819ae4d78a5e9eab4db49a026 - - default default] Successfully bumped revision number for resource 9577d28b-011c-42d7-a4a0-e58bd6b67922 (type: ports) to 1 [pid: 8|app: 0|req: 565/1076] 10.0.0.187 () {34 vars in 671 bytes} [Fri Jul 17 12:05:40 2026] POST /v2.0/networks => generated 765 bytes in 1046 msecs (HTTP/1.1 201) 4 headers in 162 bytes (1 switches on core 0)
2026-07-17 12:05:41.644 8 WARNING neutron.scheduler.dhcp_agent_scheduler [None req-fd9a93ac-2260-4ddd-a27c-0e030ef004ca a19ecea9207645fe834cb16d9cad184f 59bea03819ae4d78a5e9eab4db49a026 - - default default] No more DHCP agents
2026-07-17 12:05:41.645 8 WARNING neutron.api.rpc.agentnotifiers.dhcp_rpc_agent_api [None req-fd9a93ac-2260-4ddd-a27c-0e030ef004ca a19ecea9207645fe834cb16d9cad184f 59bea03819ae4d78a5e9eab4db49a026 - - default default] Unable to schedule network d73bce9b-1312-41fd-8571-be14491bdb42: no agents available; will retry on subsequent port and subnet creation events.
2026-07-17 12:05:42.160 8 INFO neutron.db.ovn_revision_numbers_db [None req-d3e2d4bc-d5d1-4477-8d34-bd9d0c629549 - - - - - -] Successfully bumped revision number for resource 9577d28b-011c-42d7-a4a0-e58bd6b67922 (type: ports) to 2
2026-07-17 12:05:42.188 8 INFO neutron.db.ovn_revision_numbers_db [None req-d3e2d4bc-d5d1-4477-8d34-bd9d0c629549 - - - - - -] Successfully bumped revision number for resource e247e794-b207-4226-a3ee-90e895b27d67 (type: subnets) to 0 [pid: 8|app: 0|req: 566/1077] 10.0.0.187 () {34 vars in 669 bytes} [Fri Jul 17 12:05:41 2026] POST /v2.0/subnets => generated 690 bytes in 703 msecs (HTTP/1.1 201) 4 headers in 162 bytes (1 switches on core 0)
2026-07-17 12:05:42.457 7 WARNING neutron.scheduler.dhcp_agent_scheduler [None req-b0a00432-acf7-447d-91fb-954ab2ceac3b a19ecea9207645fe834cb16d9cad184f 59bea03819ae4d78a5e9eab4db49a026 - - default default] No more DHCP agents
2026-07-17 12:05:42.458 7 WARNING neutron.api.rpc.agentnotifiers.dhcp_rpc_agent_api [None req-b0a00432-acf7-447d-91fb-954ab2ceac3b a19ecea9207645fe834cb16d9cad184f 59bea03819ae4d78a5e9eab4db49a026 - - default default] Unable to schedule network 6eba6874-cd9b-45b3-aba5-1360c1b11ba0: no agents available; will retry on subsequent port and subnet creation events.
2026-07-17 12:05:42.597 8 WARNING neutron.scheduler.dhcp_agent_scheduler [None req-c6f479cb-6217-49fd-b608-4d3f3242c2e3 a19ecea9207645fe834cb16d9cad184f 59bea03819ae4d78a5e9eab4db49a026 - - default default] No more DHCP agents
2026-07-17 12:05:42.598 8 WARNING neutron.api.rpc.agentnotifiers.dhcp_rpc_agent_api [None req-c6f479cb-6217-49fd-b608-4d3f3242c2e3 a19ecea9207645fe834cb16d9cad184f 59bea03819ae4d78a5e9eab4db49a026 - - default default] Unable to schedule network 00c31fca-1780-42f5-b8a4-13ed0531af55: no agents available; will retry on subsequent port and subnet creation events.
2026-07-17 12:05:42.720 7 INFO neutron.db.ovn_revision_numbers_db [None req-b0a00432-acf7-447d-91fb-954ab2ceac3b a19ecea9207645fe834cb16d9cad184f 59bea03819ae4d78a5e9eab4db49a026 - - default default] Successfully bumped revision number for resource 2a8b64db-cc59-42e7-b38e-d0d131e15ba9 (type: ports) to 1
2026-07-17 12:05:42.853 8 INFO neutron.db.ovn_revision_numbers_db [None req-c6f479cb-6217-49fd-b608-4d3f3242c2e3 a19ecea9207645fe834cb16d9cad184f 59bea03819ae4d78a5e9eab4db49a026 - - default default] Successfully bumped revision number for resource 8e688ee9-2c99-4f1f-a7a1-a41d76dceb23 (type: ports) to 1
2026-07-17 12:05:42.996 7 INFO neutron.db.ovn_revision_numbers_db [None req-db1c1c7f-b051-4565-a881-57290c54fe4b - - - - - -] Successfully bumped revision number for resource 381787fc-3031-480d-970c-136a9fc251e1 (type: ports) to 4
2026-07-17 12:05:43.674 7 INFO neutron.db.ovn_revision_numbers_db [None req-db1c1c7f-b051-4565-a881-57290c54fe4b - - - - - -] Successfully bumped revision number for resource 381787fc-3031-480d-970c-136a9fc251e1 (type: ports) to 5
2026-07-17 12:05:43.970 7 WARNING neutron.scheduler.dhcp_agent_scheduler [None req-b0a00432-acf7-447d-91fb-954ab2ceac3b a19ecea9207645fe834cb16d9cad184f 59bea03819ae4d78a5e9eab4db49a026 - - default default] No more DHCP agents
2026-07-17 12:05:43.971 7 WARNING neutron.api.rpc.agentnotifiers.dhcp_rpc_agent_api [None req-b0a00432-acf7-447d-91fb-954ab2ceac3b a19ecea9207645fe834cb16d9cad184f 59bea03819ae4d78a5e9eab4db49a026 - - default default] Unable to schedule network 6eba6874-cd9b-45b3-aba5-1360c1b11ba0: no agents available; will retry on subsequent port and subnet creation events.
2026-07-17 12:05:44.244 7 INFO neutron.plugins.ml2.drivers.ovn.mech_driver.mech_driver [None req-ac6501d8-7328-47a7-9fc1-37e046f23840 - - - - - -] OVN reports status down for port: 9577d28b-011c-42d7-a4a0-e58bd6b67922
2026-07-17 12:05:44.331 8 INFO neutron.plugins.ml2.drivers.ovn.mech_driver.ovsdb.commands [-] Schedule LRP lrp-8e688ee9-2c99-4f1f-a7a1-a41d76dceb23 on gateway 0c2bd6f5-3c18-4c86-979c-15a6315d7e5c with priority 1
2026-07-17 12:05:44.487 8 INFO neutron.db.ovn_revision_numbers_db [None req-c6f479cb-6217-49fd-b608-4d3f3242c2e3 a19ecea9207645fe834cb16d9cad184f 59bea03819ae4d78a5e9eab4db49a026 - - default default] Successfully bumped revision number for resource 8e688ee9-2c99-4f1f-a7a1-a41d76dceb23 (type: router_ports) to 1
2026-07-17 12:05:44.507 7 INFO neutron.plugins.ml2.drivers.ovn.mech_driver.ovsdb.ovsdb_monitor [None req-db1c1c7f-b051-4565-a881-57290c54fe4b - - - - - -] Router ffabddd8-6e81-45b8-8e43-3dff93eba6a8 is bound to host instance
2026-07-17 12:05:44.560 8 INFO neutron.db.ovn_revision_numbers_db [None req-c6f479cb-6217-49fd-b608-4d3f3242c2e3 a19ecea9207645fe834cb16d9cad184f 59bea03819ae4d78a5e9eab4db49a026 - - default default] Successfully bumped revision number for resource ffabddd8-6e81-45b8-8e43-3dff93eba6a8 (type: routers) to 2 [pid: 8|app: 0|req: 567/1078] 10.0.0.187 () {34 vars in 669 bytes} [Fri Jul 17 12:05:42 2026] POST /v2.0/routers => generated 968 bytes in 2364 msecs (HTTP/1.1 201) 4 headers in 162 bytes (1 switches on core 0)
2026-07-17 12:05:44.583 7 INFO neutron.plugins.ml2.drivers.ovn.mech_driver.mech_driver [None req-ac6501d8-7328-47a7-9fc1-37e046f23840 - - - - - -] OVN reports status down for port: 2a8b64db-cc59-42e7-b38e-d0d131e15ba9 [pid: 8|app: 0|req: 568/1079] 10.0.0.121 () {34 vars in 990 bytes} [Fri Jul 17 12:05:44 2026] GET /v2.0/ports?device_id=45ca028f-e790-4c57-ab80-42d2e2875ffd => generated 971 bytes in 88 msecs (HTTP/1.1 200) 4 headers in 157 bytes (1 switches on core 0)
2026-07-17 12:05:44.957 7 WARNING neutron.plugins.ml2.drivers.ovn.mech_driver.ovsdb.ovn_client [None req-ac6501d8-7328-47a7-9fc1-37e046f23840 - - - - - -] Logical_Switch_Port %s host information not removed, the port state is up
2026-07-17 12:05:44.965 7 INFO neutron.plugins.ml2.drivers.ovn.mech_driver.mech_driver [None req-ac6501d8-7328-47a7-9fc1-37e046f23840 - - - - - -] OVN reports status down for port: 8e688ee9-2c99-4f1f-a7a1-a41d76dceb23
2026-07-17 12:05:45.056 7 INFO neutron.db.ovn_revision_numbers_db [None req-b0a00432-acf7-447d-91fb-954ab2ceac3b a19ecea9207645fe834cb16d9cad184f 59bea03819ae4d78a5e9eab4db49a026 - - default default] Successfully bumped revision number for resource 2a8b64db-cc59-42e7-b38e-d0d131e15ba9 (type: router_ports) to 1 [pid: 7|app: 0|req: 512/1080] 10.0.0.187 () {34 vars in 783 bytes} [Fri Jul 17 12:05:41 2026] PUT /v2.0/routers/e9a168af-4725-41ec-a71f-14ccbbc52bbc/add_router_interface => generated 309 bytes in 3607 msecs (HTTP/1.1 200) 4 headers in 157 bytes (1 switches on core 0)
2026-07-17 12:05:45.210 7 WARNING neutron.plugins.ml2.drivers.ovn.mech_driver.ovsdb.ovn_client [None req-ac6501d8-7328-47a7-9fc1-37e046f23840 - - - - - -] Logical_Switch_Port %s host information not removed, the port state is up
2026-07-17 12:05:45.212 7 INFO neutron.plugins.ml2.drivers.ovn.mech_driver.mech_driver [None req-ac6501d8-7328-47a7-9fc1-37e046f23840 - - - - - -] OVN reports status up for port: 2a8b64db-cc59-42e7-b38e-d0d131e15ba9
2026-07-17 12:05:45.247 7 INFO neutron.plugins.ml2.plugin [None req-ac6501d8-7328-47a7-9fc1-37e046f23840 - - - - - -] Attempt 1 to provision port 2a8b64db-cc59-42e7-b38e-d0d131e15ba9
2026-07-17 12:05:45.252 8 WARNING neutron.scheduler.dhcp_agent_scheduler [None req-26be7f0b-c0a9-4af5-8c94-1d18a2b528c7 a19ecea9207645fe834cb16d9cad184f 59bea03819ae4d78a5e9eab4db49a026 - - default default] No more DHCP agents
2026-07-17 12:05:45.253 8 WARNING neutron.api.rpc.agentnotifiers.dhcp_rpc_agent_api [None req-26be7f0b-c0a9-4af5-8c94-1d18a2b528c7 a19ecea9207645fe834cb16d9cad184f 59bea03819ae4d78a5e9eab4db49a026 - - default default] Unable to schedule network d73bce9b-1312-41fd-8571-be14491bdb42: no agents available; will retry on subsequent port and subnet creation events. [pid: 7|app: 0|req: 513/1081] 10.0.0.121 () {34 vars in 971 bytes} [Fri Jul 17 12:05:45 2026] GET /v2.0/ports/86c89858-a19d-40f0-9af6-66edd07967e3 => generated 968 bytes in 228 msecs (HTTP/1.1 200) 4 headers in 157 bytes (1 switches on core 0)
2026-07-17 12:05:45.460 8 INFO neutron.db.ovn_revision_numbers_db [None req-26be7f0b-c0a9-4af5-8c94-1d18a2b528c7 a19ecea9207645fe834cb16d9cad184f 59bea03819ae4d78a5e9eab4db49a026 - - default default] Successfully bumped revision number for resource 3f95e77e-a733-4cc0-b19f-5d56554d36f7 (type: ports) to 1
2026-07-17 12:05:45.970 7 INFO neutron.db.ovn_revision_numbers_db [None req-773dd592-8c63-4fc6-b71c-d2b07d580732 a19ecea9207645fe834cb16d9cad184f 59bea03819ae4d78a5e9eab4db49a026 - - default default] Successfully bumped revision number for resource 0b5cceda-5102-4d5a-b666-f03092260581 (type: security_groups) to 1
2026-07-17 12:05:46.014 7 INFO neutron.db.ovn_revision_numbers_db [None req-773dd592-8c63-4fc6-b71c-d2b07d580732 a19ecea9207645fe834cb16d9cad184f 59bea03819ae4d78a5e9eab4db49a026 - - default default] Successfully bumped revision number for resource 0ad2b4c3-4253-44cd-ba08-ec3e2165682a (type: security_group_rules) to 0
2026-07-17 12:05:46.052 7 INFO neutron.db.ovn_revision_numbers_db [None req-773dd592-8c63-4fc6-b71c-d2b07d580732 a19ecea9207645fe834cb16d9cad184f 59bea03819ae4d78a5e9eab4db49a026 - - default default] Successfully bumped revision number for resource 25ad0d48-477b-4ba8-bacf-01c7c6d9c292 (type: security_group_rules) to 0
2026-07-17 12:05:46.093 7 INFO neutron.db.ovn_revision_numbers_db [None req-773dd592-8c63-4fc6-b71c-d2b07d580732 a19ecea9207645fe834cb16d9cad184f 59bea03819ae4d78a5e9eab4db49a026 - - default default] Successfully bumped revision number for resource 33fe1804-d1af-447e-970c-256d1cf27b20 (type: security_group_rules) to 0
2026-07-17 12:05:46.197 7 INFO neutron.db.ovn_revision_numbers_db [None req-773dd592-8c63-4fc6-b71c-d2b07d580732 a19ecea9207645fe834cb16d9cad184f 59bea03819ae4d78a5e9eab4db49a026 - - default default] Successfully bumped revision number for resource 6dc9a242-9f93-4f9d-959a-0ac8368581a7 (type: security_group_rules) to 0
2026-07-17 12:05:46.247 8 WARNING neutron.scheduler.dhcp_agent_scheduler [None req-26be7f0b-c0a9-4af5-8c94-1d18a2b528c7 a19ecea9207645fe834cb16d9cad184f 59bea03819ae4d78a5e9eab4db49a026 - - default default] No more DHCP agents
2026-07-17 12:05:46.248 8 WARNING neutron.api.rpc.agentnotifiers.dhcp_rpc_agent_api [None req-26be7f0b-c0a9-4af5-8c94-1d18a2b528c7 a19ecea9207645fe834cb16d9cad184f 59bea03819ae4d78a5e9eab4db49a026 - - default default] Unable to schedule network d73bce9b-1312-41fd-8571-be14491bdb42: no agents available; will retry on subsequent port and subnet creation events. [pid: 7|app: 0|req: 514/1082] 10.0.0.187 () {32 vars in 774 bytes} [Fri Jul 17 12:05:45 2026] GET /v2.0/security-groups?tenant_id=4e41ddf244dc42ceb816c72b97c422ef&name=default => generated 2925 bytes in 962 msecs (HTTP/1.1 200) 4 headers in 158 bytes (1 switches on core 0)
2026-07-17 12:05:46.423 7 INFO neutron.db.ovn_revision_numbers_db [None req-ac6501d8-7328-47a7-9fc1-37e046f23840 - - - - - -] Successfully bumped revision number for resource 2a8b64db-cc59-42e7-b38e-d0d131e15ba9 (type: ports) to 2 [pid: 7|app: 0|req: 515/1083] 199.204.45.109 () {34 vars in 1000 bytes} [Fri Jul 17 12:05:46 2026] GET /v2.0/subnets?network_id=02bbe4cb-0ad7-4c49-ad27-f0f21eef9bb4 => generated 684 bytes in 127 msecs (HTTP/1.1 200) 4 headers in 157 bytes (1 switches on core 0)
2026-07-17 12:05:46.713 8 INFO neutron.db.ovn_revision_numbers_db [None req-26be7f0b-c0a9-4af5-8c94-1d18a2b528c7 a19ecea9207645fe834cb16d9cad184f 59bea03819ae4d78a5e9eab4db49a026 - - default default] Successfully bumped revision number for resource 3f95e77e-a733-4cc0-b19f-5d56554d36f7 (type: router_ports) to 1 [pid: 8|app: 0|req: 569/1084] 10.0.0.187 () {34 vars in 783 bytes} [Fri Jul 17 12:05:44 2026] PUT /v2.0/routers/ffabddd8-6e81-45b8-8e43-3dff93eba6a8/add_router_interface => generated 309 bytes in 2053 msecs (HTTP/1.1 200) 4 headers in 157 bytes (1 switches on core 0) [pid: 7|app: 0|req: 516/1085] 10.0.0.121 () {34 vars in 982 bytes} [Fri Jul 17 12:05:46 2026] GET /v2.0/networks?id=6eba6874-cd9b-45b3-aba5-1360c1b11ba0 => generated 715 bytes in 391 msecs (HTTP/1.1 200) 4 headers in 157 bytes (1 switches on core 0) [pid: 7|app: 0|req: 517/1086] 199.204.45.109 () {34 vars in 1146 bytes} [Fri Jul 17 12:05:46 2026] GET /v2.0/ports?device_id=45ca028f-e790-4c57-ab80-42d2e2875ffd&device_owner=compute%3Anova&network_id=02bbe4cb-0ad7-4c49-ad27-f0f21eef9bb4 => generated 971 bytes in 121 msecs (HTTP/1.1 200) 4 headers in 157 bytes (1 switches on core 0) [pid: 7|app: 0|req: 518/1087] 10.0.0.121 () {34 vars in 965 bytes} [Fri Jul 17 12:05:46 2026] GET /v2.0/quotas/89bb6fe4e071406487487c532e0dd9f1 => generated 292 bytes in 19 msecs (HTTP/1.1 200) 4 headers in 157 bytes (1 switches on core 0) [pid: 8|app: 0|req: 570/1088] 10.0.0.187 () {32 vars in 740 bytes} [Fri Jul 17 12:05:46 2026] DELETE /v2.0/security-groups/0b5cceda-5102-4d5a-b666-f03092260581 => generated 0 bytes in 300 msecs (HTTP/1.1 204) 2 headers in 112 bytes (1 switches on core 0) [pid: 8|app: 0|req: 571/1089] 10.0.0.121 () {34 vars in 1002 bytes} [Fri Jul 17 12:05:47 2026] GET /v2.0/ports?tenant_id=89bb6fe4e071406487487c532e0dd9f1&fields=id => generated 103 bytes in 69 msecs (HTTP/1.1 200) 4 headers in 157 bytes (1 switches on core 0) [pid: 8|app: 0|req: 572/1090] 10.0.0.121 () {34 vars in 1008 bytes} [Fri Jul 17 12:05:47 2026] GET /v2.0/networks/6eba6874-cd9b-45b3-aba5-1360c1b11ba0?fields=segments => generated 14 bytes in 33 msecs (HTTP/1.1 200) 4 headers in 156 bytes (1 switches on core 0)
2026-07-17 12:05:47.306 8 INFO neutron.db.ovn_revision_numbers_db [None req-6b443b0c-4496-465b-919e-b308f5855ef4 a19ecea9207645fe834cb16d9cad184f 59bea03819ae4d78a5e9eab4db49a026 - - default default] Successfully bumped revision number for resource c4339041-5e03-48f4-864c-a5c6ded3aef2 (type: security_groups) to 1
2026-07-17 12:05:47.317 8 INFO neutron.db.ovn_revision_numbers_db [None req-6b443b0c-4496-465b-919e-b308f5855ef4 a19ecea9207645fe834cb16d9cad184f 59bea03819ae4d78a5e9eab4db49a026 - - default default] Successfully bumped revision number for resource 07438a72-cac9-4e2b-868b-d7338da9fa50 (type: security_group_rules) to 0
2026-07-17 12:05:47.335 8 INFO neutron.db.ovn_revision_numbers_db [None req-6b443b0c-4496-465b-919e-b308f5855ef4 a19ecea9207645fe834cb16d9cad184f 59bea03819ae4d78a5e9eab4db49a026 - - default default] Successfully bumped revision number for resource 245a2d31-3aa4-4985-8961-618fefaaa945 (type: security_group_rules) to 0
2026-07-17 12:05:47.348 8 INFO neutron.db.ovn_revision_numbers_db [None req-6b443b0c-4496-465b-919e-b308f5855ef4 a19ecea9207645fe834cb16d9cad184f 59bea03819ae4d78a5e9eab4db49a026 - - default default] Successfully bumped revision number for resource 60f47eb0-f967-4bf4-a3b4-ae119671f7dc (type: security_group_rules) to 0
2026-07-17 12:05:47.360 8 INFO neutron.db.ovn_revision_numbers_db [None req-6b443b0c-4496-465b-919e-b308f5855ef4 a19ecea9207645fe834cb16d9cad184f 59bea03819ae4d78a5e9eab4db49a026 - - default default] Successfully bumped revision number for resource c44cfc6e-84d4-4a44-90a3-6d95f9fcbef8 (type: security_group_rules) to 0 [pid: 8|app: 0|req: 573/1091] 10.0.0.187 () {32 vars in 774 bytes} [Fri Jul 17 12:05:47 2026] GET /v2.0/security-groups?tenant_id=9fd944dd16ce4950a422b9c091d30077&name=default => generated 2925 bytes in 262 msecs (HTTP/1.1 200) 4 headers in 158 bytes (1 switches on core 0) [pid: 8|app: 0|req: 574/1092] 10.0.0.121 () {34 vars in 1108 bytes} [Fri Jul 17 12:05:47 2026] GET /v2.0/networks/6eba6874-cd9b-45b3-aba5-1360c1b11ba0?fields=provider%3Aphysical_network&fields=provider%3Anetwork_type => generated 79 bytes in 46 msecs (HTTP/1.1 200) 4 headers in 156 bytes (1 switches on core 0)
2026-07-17 12:05:47.592 8 INFO neutron.db.ovn_revision_numbers_db [None req-3f4301b9-42cc-4d1d-a8fc-c3aceaeae616 c2fe22194a9d4aee867c5b14b5725537 3a7925509457426b86330ad40c870377 - - default default] Successfully bumped revision number for resource e5609a7f-91f6-4690-872a-c7ad500d6435 (type: security_groups) to 1
2026-07-17 12:05:47.607 8 INFO neutron.db.ovn_revision_numbers_db [None req-3f4301b9-42cc-4d1d-a8fc-c3aceaeae616 c2fe22194a9d4aee867c5b14b5725537 3a7925509457426b86330ad40c870377 - - default default] Successfully bumped revision number for resource 023e6100-429d-44da-abc2-ac16a83909e9 (type: security_group_rules) to 0
2026-07-17 12:05:47.622 8 INFO neutron.db.ovn_revision_numbers_db [None req-3f4301b9-42cc-4d1d-a8fc-c3aceaeae616 c2fe22194a9d4aee867c5b14b5725537 3a7925509457426b86330ad40c870377 - - default default] Successfully bumped revision number for resource f5d5e87e-9b4a-435e-a8c0-b8aa0f7b7710 (type: security_group_rules) to 0 [pid: 8|app: 0|req: 575/1093] 10.0.0.187 () {34 vars in 685 bytes} [Fri Jul 17 12:05:47 2026] POST /v2.0/security-groups => generated 1661 bytes in 228 msecs (HTTP/1.1 201) 4 headers in 163 bytes (1 switches on core 0) [pid: 8|app: 0|req: 576/1094] 10.0.0.187 () {32 vars in 740 bytes} [Fri Jul 17 12:05:47 2026] DELETE /v2.0/security-groups/c4339041-5e03-48f4-864c-a5c6ded3aef2 => generated 0 bytes in 313 msecs (HTTP/1.1 204) 2 headers in 112 bytes (1 switches on core 0) [pid: 8|app: 0|req: 577/1095] 10.0.0.121 () {34 vars in 990 bytes} [Fri Jul 17 12:05:47 2026] GET /v2.0/ports?device_id=24f68451-439d-44e2-ace5-e45fb7d7e3b2 => generated 12 bytes in 17 msecs (HTTP/1.1 200) 4 headers in 156 bytes (1 switches on core 0)
2026-07-17 12:05:48.123 7 INFO neutron.db.ovn_revision_numbers_db [None req-05194e33-72a2-4116-9b75-ba060c0566b0 - - - - - -] Successfully bumped revision number for resource 8e688ee9-2c99-4f1f-a7a1-a41d76dceb23 (type: ports) to 4
2026-07-17 12:05:48.171 7 INFO neutron.db.ovn_revision_numbers_db [req-7a8b1d9c-248c-440d-a96c-3878d0189429 req-e2eecf41-4a2a-4d8a-83dc-9142973890a9 480652b2619a482b9fb00de8073ead80 6af7bd7721404c8698bf4736a7410399 - - default default] Successfully bumped revision number for resource 86c89858-a19d-40f0-9af6-66edd07967e3 (type: ports) to 6
2026-07-17 12:05:48.211 8 INFO neutron.db.ovn_revision_numbers_db [None req-b59c65a8-3c2e-43e5-83d5-2751bd8264f0 c2fe22194a9d4aee867c5b14b5725537 3a7925509457426b86330ad40c870377 - - default default] Successfully bumped revision number for resource 7e00f37c-2dfb-4ab5-a1de-d1826c26ae26 (type: security_group_rules) to 0 [pid: 7|app: 0|req: 519/1096] 199.204.45.109 () {38 vars in 1028 bytes} [Fri Jul 17 12:05:46 2026] PUT /v2.0/ports/86c89858-a19d-40f0-9af6-66edd07967e3 => generated 1149 bytes in 1220 msecs (HTTP/1.1 200) 4 headers in 158 bytes (1 switches on core 0)
2026-07-17 12:05:48.252 7 INFO neutron.notifiers.nova [-] Nova event matching ['req-f8f04065-0ace-49a1-9868-dfaf5b8c2758'] response: {'name': 'network-changed', 'server_uuid': '45ca028f-e790-4c57-ab80-42d2e2875ffd', 'tag': '86c89858-a19d-40f0-9af6-66edd07967e3', 'status': 'completed', 'code': 200} [pid: 8|app: 0|req: 578/1097] 10.0.0.187 () {34 vars in 695 bytes} [Fri Jul 17 12:05:48 2026] POST /v2.0/security-group-rules => generated 597 bytes in 279 msecs (HTTP/1.1 201) 4 headers in 162 bytes (1 switches on core 0) /var/lib/openstack/lib/python3.12/site-packages/pycadf/identifier.py:70: UserWarning: Invalid uuid: neutron. To ensure interoperability, identifiers should be a valid uuid. warnings.warn(('Invalid uuid: %s. To ensure interoperability, '
2026-07-17 12:05:48.567 7 INFO neutron.db.ovn_revision_numbers_db [None req-be539c29-aa73-4436-920a-042d8b166ebf c2fe22194a9d4aee867c5b14b5725537 3a7925509457426b86330ad40c870377 - - default default] Successfully bumped revision number for resource 02aeef12-154f-41da-9571-3d8dfa0bf8cf (type: security_group_rules) to 0 [pid: 7|app: 0|req: 520/1098] 10.0.0.187 () {34 vars in 695 bytes} [Fri Jul 17 12:05:48 2026] POST /v2.0/security-group-rules => generated 602 bytes in 350 msecs (HTTP/1.1 201) 4 headers in 162 bytes (1 switches on core 0)
2026-07-17 12:05:48.730 7 INFO neutron.db.ovn_revision_numbers_db [None req-05194e33-72a2-4116-9b75-ba060c0566b0 - - - - - -] Successfully bumped revision number for resource 8e688ee9-2c99-4f1f-a7a1-a41d76dceb23 (type: ports) to 5 [pid: 7|app: 0|req: 521/1099] 199.204.45.109 () {34 vars in 1080 bytes} [Fri Jul 17 12:05:48 2026] GET /v2.0/ports?tenant_id=6af7bd7721404c8698bf4736a7410399&device_id=45ca028f-e790-4c57-ab80-42d2e2875ffd => generated 1390 bytes in 72 msecs (HTTP/1.1 200) 4 headers in 158 bytes (1 switches on core 0) [pid: 7|app: 0|req: 522/1100] 199.204.45.109 () {34 vars in 986 bytes} [Fri Jul 17 12:05:48 2026] GET /v2.0/networks?id=02bbe4cb-0ad7-4c49-ad27-f0f21eef9bb4 => generated 821 bytes in 108 msecs (HTTP/1.1 200) 4 headers in 157 bytes (1 switches on core 0)
2026-07-17 12:05:48.940 8 WARNING neutron.scheduler.dhcp_agent_scheduler [None req-8fa64096-91a0-4ead-bc97-a7ff4ac1c710 c2fe22194a9d4aee867c5b14b5725537 3a7925509457426b86330ad40c870377 - - default default] No more DHCP agents
