2026-07-17 12:07:17.086 7 INFO neutron_taas.services.taas.taas_plugin [None req-bc865295-c697-423c-b8b8-79596f9f6323 72707632caee4c0e9615984872b08fda bf997a5f8b9442efa98f854f4c26bf5b - - default default] TaaS: Handle Delete Port: 940e5a52-a397-4ca3-a2ba-8410b1144078
2026-07-17 12:07:17.089 7 INFO neutron_taas.services.taas.tap_mirror_plugin [None req-bc865295-c697-423c-b8b8-79596f9f6323 72707632caee4c0e9615984872b08fda bf997a5f8b9442efa98f854f4c26bf5b - - default default] Tap Mirror: Handle Delete Port: 940e5a52-a397-4ca3-a2ba-8410b1144078 [pid: 8|app: 0|req: 877/1674] 199.204.45.109 () {34 vars in 1080 bytes} [Fri Jul 17 12:07:17 2026] GET /v2.0/ports?tenant_id=f2ce0567c26044858e45b7b7bf12f3c7&device_id=9582de70-dd47-4a57-99f5-122cce11807a => generated 1246 bytes in 113 msecs (HTTP/1.1 200) 4 headers in 158 bytes (1 switches on core 0) [pid: 7|app: 0|req: 798/1675] 10.0.0.187 () {32 vars in 720 bytes} [Fri Jul 17 12:07:16 2026] DELETE /v2.0/ports/940e5a52-a397-4ca3-a2ba-8410b1144078 => generated 0 bytes in 1025 msecs (HTTP/1.1 204) 3 headers in 131 bytes (1 switches on core 0)
2026-07-17 12:07:17.310 7 INFO neutron.pecan_wsgi.hooks.translation [None req-f05b7903-76d7-4dff-ac55-998e93741234 72707632caee4c0e9615984872b08fda bf997a5f8b9442efa98f854f4c26bf5b - - default default] DELETE failed (client error): The resource could not be found. [pid: 7|app: 0|req: 799/1676] 10.0.0.187 () {32 vars in 720 bytes} [Fri Jul 17 12:07:17 2026] DELETE /v2.0/ports/940e5a52-a397-4ca3-a2ba-8410b1144078 => generated 132 bytes in 20 msecs (HTTP/1.1 404) 4 headers in 164 bytes (1 switches on core 0) [pid: 8|app: 0|req: 878/1677] 199.204.45.109 () {34 vars in 1018 bytes} [Fri Jul 17 12:07:17 2026] GET /v2.0/networks?tenant_id=f2ce0567c26044858e45b7b7bf12f3c7&shared=False => generated 810 bytes in 88 msecs (HTTP/1.1 200) 4 headers in 157 bytes (1 switches on core 0)
2026-07-17 12:07:17.333 7 INFO neutron.pecan_wsgi.hooks.translation [None req-28ee7141-e8b8-4c93-9d85-5ae253fe6225 72707632caee4c0e9615984872b08fda bf997a5f8b9442efa98f854f4c26bf5b - - default default] GET failed (client error): The resource could not be found. [pid: 7|app: 0|req: 800/1678] 10.0.0.187 () {32 vars in 717 bytes} [Fri Jul 17 12:07:17 2026] GET /v2.0/ports/940e5a52-a397-4ca3-a2ba-8410b1144078 => generated 132 bytes in 17 msecs (HTTP/1.1 404) 4 headers in 164 bytes (1 switches on core 0) [pid: 8|app: 0|req: 879/1679] 199.204.45.109 () {34 vars in 930 bytes} [Fri Jul 17 12:07:17 2026] GET /v2.0/networks?shared=True => generated 791 bytes in 44 msecs (HTTP/1.1 200) 4 headers in 157 bytes (1 switches on core 0) [pid: 7|app: 0|req: 801/1680] 10.0.0.187 () {32 vars in 724 bytes} [Fri Jul 17 12:07:17 2026] DELETE /v2.0/subnets/6245b9c0-a4ff-4244-9217-7f582e6285e5 => generated 0 bytes in 168 msecs (HTTP/1.1 204) 3 headers in 131 bytes (1 switches on core 0)
2026-07-17 12:07:17.634 8 INFO neutron_taas.services.taas.taas_plugin [None req-3babe91f-37df-4fad-9c16-87bee7e94995 72707632caee4c0e9615984872b08fda bf997a5f8b9442efa98f854f4c26bf5b - - default default] TaaS: Handle Delete Port: 398a0279-ec1e-441f-b4ed-2150d05fa917
2026-07-17 12:07:17.637 8 INFO neutron_taas.services.taas.tap_mirror_plugin [None req-3babe91f-37df-4fad-9c16-87bee7e94995 72707632caee4c0e9615984872b08fda bf997a5f8b9442efa98f854f4c26bf5b - - default default] Tap Mirror: Handle Delete Port: 398a0279-ec1e-441f-b4ed-2150d05fa917
2026-07-17 12:07:17.870 8 INFO neutron.services.segments.plugin [-] Segment e5537a5e-26c5-4b93-ad24-1b5e3f3753b1 resource provider aggregate not found
2026-07-17 12:07:17.871 8 INFO neutron.services.segments.plugin [-] Segment e5537a5e-26c5-4b93-ad24-1b5e3f3753b1 resource provider aggregate not found
2026-07-17 12:07:17.893 8 INFO neutron.services.segments.plugin [-] Segment e5537a5e-26c5-4b93-ad24-1b5e3f3753b1 resource provider not found; error: Placement Client Error (4xx): {"errors": [{"status": 404, "title": "Not Found", "detail": "The resource could not be found.\n\n No resource provider with uuid e5537a5e-26c5-4b93-ad24-1b5e3f3753b1 found for delete ", "request_id": "req-2460086a-cc47-42d1-8523-35e4fe1c2a71"}]}
2026-07-17 12:07:17.895 8 INFO neutron.services.segments.plugin [-] Segment e5537a5e-26c5-4b93-ad24-1b5e3f3753b1 resource provider not found; error: Placement Client Error (4xx): {"errors": [{"status": 404, "title": "Not Found", "detail": "The resource could not be found.\n\n No resource provider with uuid e5537a5e-26c5-4b93-ad24-1b5e3f3753b1 found for delete ", "request_id": "req-945aa1df-e1ac-47b9-954e-7ba638135f98"}]} [pid: 8|app: 0|req: 880/1681] 10.0.0.187 () {32 vars in 726 bytes} [Fri Jul 17 12:07:17 2026] DELETE /v2.0/networks/ba675ef8-9e0f-4993-9b76-ad2602569eab => generated 0 bytes in 411 msecs (HTTP/1.1 204) 3 headers in 131 bytes (1 switches on core 0) [pid: 8|app: 0|req: 881/1682] 10.0.0.121 () {34 vars in 990 bytes} [Fri Jul 17 12:07:17 2026] GET /v2.0/ports?device_id=9582de70-dd47-4a57-99f5-122cce11807a => generated 1008 bytes in 41 msecs (HTTP/1.1 200) 4 headers in 158 bytes (1 switches on core 0)
2026-07-17 12:07:18.037 7 INFO neutron.db.segments_db [None req-6b90a025-3b4a-43b0-8438-3529348799c1 72707632caee4c0e9615984872b08fda bf997a5f8b9442efa98f854f4c26bf5b - - default default] Added segment 6fbb8344-fc22-4b57-840c-9b7c6d4ce74a of type geneve for network ada70ed1-9f84-444e-9013-24af33d28f95 [pid: 8|app: 0|req: 882/1683] 10.0.0.121 () {34 vars in 1120 bytes} [Fri Jul 17 12:07:18 2026] GET /v2.0/security-groups?id=53b0dc0e-9f41-4610-ae76-6522314e10ca&id=81ff73d7-e9e7-4681-b5e1-a5b0447ac2d0&fields=id&fields=name => generated 207 bytes in 43 msecs (HTTP/1.1 200) 4 headers in 157 bytes (1 switches on core 0)
2026-07-17 12:07:18.180 7 INFO neutron.db.ovn_revision_numbers_db [None req-6b90a025-3b4a-43b0-8438-3529348799c1 72707632caee4c0e9615984872b08fda bf997a5f8b9442efa98f854f4c26bf5b - - default default] Successfully bumped revision number for resource ada70ed1-9f84-444e-9013-24af33d28f95 (type: networks) to 1
2026-07-17 12:07:18.350 7 WARNING neutron.scheduler.dhcp_agent_scheduler [None req-6b90a025-3b4a-43b0-8438-3529348799c1 72707632caee4c0e9615984872b08fda bf997a5f8b9442efa98f854f4c26bf5b - - default default] No more DHCP agents
2026-07-17 12:07:18.352 7 WARNING neutron.api.rpc.agentnotifiers.dhcp_rpc_agent_api [None req-6b90a025-3b4a-43b0-8438-3529348799c1 72707632caee4c0e9615984872b08fda bf997a5f8b9442efa98f854f4c26bf5b - - default default] Unable to schedule network ada70ed1-9f84-444e-9013-24af33d28f95: no agents available; will retry on subsequent port and subnet creation events.
2026-07-17 12:07:18.435 7 INFO neutron.plugins.ml2.drivers.ovn.mech_driver.mech_driver [None req-32f49ad2-792f-40f8-8877-62914fe02dc6 - - - - - -] OVN reports status down for port: 9c45c117-83f9-4f7a-9183-7cfa580d5972 [pid: 8|app: 0|req: 883/1684] 199.204.45.109 () {34 vars in 1080 bytes} [Fri Jul 17 12:07:18 2026] GET /v2.0/ports?tenant_id=f2ce0567c26044858e45b7b7bf12f3c7&device_id=9582de70-dd47-4a57-99f5-122cce11807a => generated 1246 bytes in 68 msecs (HTTP/1.1 200) 4 headers in 158 bytes (1 switches on core 0) [pid: 8|app: 0|req: 884/1685] 199.204.45.109 () {34 vars in 1058 bytes} [Fri Jul 17 12:07:18 2026] GET /v2.0/floatingips?fixed_ip_address=10.100.0.3&port_id=e5b3fecb-d93f-4466-a2c1-6f2348e6b05f => generated 19 bytes in 19 msecs (HTTP/1.1 200) 4 headers in 156 bytes (1 switches on core 0)
2026-07-17 12:07:18.497 7 INFO neutron.db.ovn_revision_numbers_db [None req-6b90a025-3b4a-43b0-8438-3529348799c1 72707632caee4c0e9615984872b08fda bf997a5f8b9442efa98f854f4c26bf5b - - default default] Successfully bumped revision number for resource 9c45c117-83f9-4f7a-9183-7cfa580d5972 (type: ports) to 1 [pid: 8|app: 0|req: 885/1686] 199.204.45.109 () {34 vars in 984 bytes} [Fri Jul 17 12:07:18 2026] GET /v2.0/subnets?id=3b86d4d2-895c-4a34-b138-25372d4fcad5 => generated 691 bytes in 25 msecs (HTTP/1.1 200) 4 headers in 157 bytes (1 switches on core 0) [pid: 7|app: 0|req: 802/1687] 10.0.0.187 () {34 vars in 670 bytes} [Fri Jul 17 12:07:17 2026] POST /v2.0/networks => generated 654 bytes in 608 msecs (HTTP/1.1 201) 4 headers in 162 bytes (1 switches on core 0) [pid: 8|app: 0|req: 886/1688] 199.204.45.109 () {34 vars in 1052 bytes} [Fri Jul 17 12:07:18 2026] GET /v2.0/ports?network_id=e460fa9b-bcdf-45fe-b0fb-98275b8be4a7&device_owner=network%3Adhcp => generated 12 bytes in 17 msecs (HTTP/1.1 200) 4 headers in 156 bytes (1 switches on core 0) [pid: 8|app: 0|req: 887/1689] 199.204.45.109 () {34 vars in 1012 bytes} [Fri Jul 17 12:07:18 2026] GET /v2.0/networks/e460fa9b-bcdf-45fe-b0fb-98275b8be4a7?fields=segments => generated 14 bytes in 41 msecs (HTTP/1.1 200) 4 headers in 156 bytes (1 switches on core 0) [pid: 8|app: 0|req: 888/1690] 199.204.45.109 () {34 vars in 1112 bytes} [Fri Jul 17 12:07:18 2026] GET /v2.0/networks/e460fa9b-bcdf-45fe-b0fb-98275b8be4a7?fields=provider%3Aphysical_network&fields=provider%3Anetwork_type => generated 79 bytes in 58 msecs (HTTP/1.1 200) 4 headers in 156 bytes (1 switches on core 0)
2026-07-17 12:07:18.740 7 WARNING neutron.scheduler.dhcp_agent_scheduler [None req-85b99ff8-f570-4fdf-9d0a-163f34b5de41 72707632caee4c0e9615984872b08fda bf997a5f8b9442efa98f854f4c26bf5b - - default default] No more DHCP agents
2026-07-17 12:07:18.741 7 WARNING neutron.api.rpc.agentnotifiers.dhcp_rpc_agent_api [None req-85b99ff8-f570-4fdf-9d0a-163f34b5de41 72707632caee4c0e9615984872b08fda bf997a5f8b9442efa98f854f4c26bf5b - - default default] Unable to schedule network ada70ed1-9f84-444e-9013-24af33d28f95: no agents available; will retry on subsequent port and subnet creation events.
2026-07-17 12:07:18.788 7 INFO neutron.db.ovn_revision_numbers_db [None req-85b99ff8-f570-4fdf-9d0a-163f34b5de41 72707632caee4c0e9615984872b08fda bf997a5f8b9442efa98f854f4c26bf5b - - default default] Successfully bumped revision number for resource 75185ae7-2685-43af-b4cb-006ce0c4927f (type: subnets) to 0 [pid: 7|app: 0|req: 803/1691] 10.0.0.187 () {34 vars in 669 bytes} [Fri Jul 17 12:07:18 2026] POST /v2.0/subnets => generated 646 bytes in 256 msecs (HTTP/1.1 201) 4 headers in 162 bytes (1 switches on core 0)
2026-07-17 12:07:19.055 8 WARNING neutron.scheduler.dhcp_agent_scheduler [None req-d896767c-ae81-4b91-b97f-3ddf0afd0aa6 72707632caee4c0e9615984872b08fda bf997a5f8b9442efa98f854f4c26bf5b - - default default] No more DHCP agents
2026-07-17 12:07:19.056 8 WARNING neutron.api.rpc.agentnotifiers.dhcp_rpc_agent_api [None req-d896767c-ae81-4b91-b97f-3ddf0afd0aa6 72707632caee4c0e9615984872b08fda bf997a5f8b9442efa98f854f4c26bf5b - - default default] Unable to schedule network ada70ed1-9f84-444e-9013-24af33d28f95: no agents available; will retry on subsequent port and subnet creation events.
2026-07-17 12:07:19.206 7 INFO neutron.plugins.ml2.drivers.ovn.mech_driver.mech_driver [None req-32f49ad2-792f-40f8-8877-62914fe02dc6 - - - - - -] OVN reports status down for port: ea27ecc1-4661-4eab-bcbe-1422873d6664
2026-07-17 12:07:19.225 8 INFO neutron.db.ovn_revision_numbers_db [None req-d896767c-ae81-4b91-b97f-3ddf0afd0aa6 72707632caee4c0e9615984872b08fda bf997a5f8b9442efa98f854f4c26bf5b - - default default] Successfully bumped revision number for resource ea27ecc1-4661-4eab-bcbe-1422873d6664 (type: ports) to 1 [pid: 8|app: 0|req: 889/1692] 10.0.0.187 () {34 vars in 665 bytes} [Fri Jul 17 12:07:18 2026] POST /v2.0/ports => generated 924 bytes in 522 msecs (HTTP/1.1 201) 4 headers in 162 bytes (1 switches on core 0)
2026-07-17 12:07:19.340 7 INFO neutron.db.ovn_revision_numbers_db [None req-75fb13ae-70e6-4bd2-becd-63c72f76a72c a19ecea9207645fe834cb16d9cad184f 59bea03819ae4d78a5e9eab4db49a026 - - default default] Successfully bumped revision number for resource 40620862-563b-4bc5-805e-2676dfeb2738 (type: security_groups) to 1
2026-07-17 12:07:19.353 7 INFO neutron.db.ovn_revision_numbers_db [None req-75fb13ae-70e6-4bd2-becd-63c72f76a72c a19ecea9207645fe834cb16d9cad184f 59bea03819ae4d78a5e9eab4db49a026 - - default default] Successfully bumped revision number for resource 4672c5f8-5ec0-4353-b3d0-8cc56acb0bae (type: security_group_rules) to 0
2026-07-17 12:07:19.363 7 INFO neutron.db.ovn_revision_numbers_db [None req-75fb13ae-70e6-4bd2-becd-63c72f76a72c a19ecea9207645fe834cb16d9cad184f 59bea03819ae4d78a5e9eab4db49a026 - - default default] Successfully bumped revision number for resource 5020636b-a719-49a4-9f99-53565d815074 (type: security_group_rules) to 0
2026-07-17 12:07:19.373 7 INFO neutron.db.ovn_revision_numbers_db [None req-75fb13ae-70e6-4bd2-becd-63c72f76a72c a19ecea9207645fe834cb16d9cad184f 59bea03819ae4d78a5e9eab4db49a026 - - default default] Successfully bumped revision number for resource 7c6c4f71-3c31-4494-89f4-eb39ff12309d (type: security_group_rules) to 0 [pid: 8|app: 0|req: 890/1693] 10.0.0.121 () {34 vars in 990 bytes} [Fri Jul 17 12:07:19 2026] GET /v2.0/ports?device_id=9582de70-dd47-4a57-99f5-122cce11807a => generated 1008 bytes in 44 msecs (HTTP/1.1 200) 4 headers in 158 bytes (1 switches on core 0)
2026-07-17 12:07:19.402 7 INFO neutron.db.ovn_revision_numbers_db [None req-75fb13ae-70e6-4bd2-becd-63c72f76a72c a19ecea9207645fe834cb16d9cad184f 59bea03819ae4d78a5e9eab4db49a026 - - default default] Successfully bumped revision number for resource ef237cf7-84b2-4d01-bbe5-aedf2f150b83 (type: security_group_rules) to 0 [pid: 7|app: 0|req: 804/1694] 10.0.0.187 () {32 vars in 774 bytes} [Fri Jul 17 12:07:18 2026] GET /v2.0/security-groups?tenant_id=0051093ecdd0466a85d922e6a48cadd3&name=default => generated 2925 bytes in 620 msecs (HTTP/1.1 200) 4 headers in 158 bytes (1 switches on core 0) [pid: 7|app: 0|req: 805/1695] 10.0.0.121 () {34 vars in 1120 bytes} [Fri Jul 17 12:07:19 2026] GET /v2.0/security-groups?id=53b0dc0e-9f41-4610-ae76-6522314e10ca&id=81ff73d7-e9e7-4681-b5e1-a5b0447ac2d0&fields=id&fields=name => generated 207 bytes in 35 msecs (HTTP/1.1 200) 4 headers in 157 bytes (1 switches on core 0)
2026-07-17 12:07:19.510 8 INFO neutron_taas.services.taas.taas_plugin [None req-e32887f8-6be2-41ea-a0d3-b2e8e5a8e4c0 72707632caee4c0e9615984872b08fda bf997a5f8b9442efa98f854f4c26bf5b - - default default] TaaS: Handle Delete Port: ea27ecc1-4661-4eab-bcbe-1422873d6664
2026-07-17 12:07:19.513 8 INFO neutron_taas.services.taas.tap_mirror_plugin [None req-e32887f8-6be2-41ea-a0d3-b2e8e5a8e4c0 72707632caee4c0e9615984872b08fda bf997a5f8b9442efa98f854f4c26bf5b - - default default] Tap Mirror: Handle Delete Port: ea27ecc1-4661-4eab-bcbe-1422873d6664 [pid: 8|app: 0|req: 891/1696] 10.0.0.187 () {32 vars in 720 bytes} [Fri Jul 17 12:07:19 2026] DELETE /v2.0/ports/ea27ecc1-4661-4eab-bcbe-1422873d6664 => generated 0 bytes in 335 msecs (HTTP/1.1 204) 3 headers in 131 bytes (1 switches on core 0)
2026-07-17 12:07:19.754 8 INFO neutron.pecan_wsgi.hooks.translation [None req-dbdb26d5-20f3-4e08-ae1c-b47ab21ebed2 72707632caee4c0e9615984872b08fda bf997a5f8b9442efa98f854f4c26bf5b - - default default] GET failed (client error): The resource could not be found. [pid: 8|app: 0|req: 892/1697] 10.0.0.187 () {32 vars in 717 bytes} [Fri Jul 17 12:07:19 2026] GET /v2.0/ports/ea27ecc1-4661-4eab-bcbe-1422873d6664 => generated 132 bytes in 26 msecs (HTTP/1.1 404) 4 headers in 164 bytes (1 switches on core 0) [pid: 7|app: 0|req: 806/1698] 10.0.0.187 () {32 vars in 740 bytes} [Fri Jul 17 12:07:19 2026] DELETE /v2.0/security-groups/40620862-563b-4bc5-805e-2676dfeb2738 => generated 0 bytes in 409 msecs (HTTP/1.1 204) 2 headers in 112 bytes (1 switches on core 0) [pid: 8|app: 0|req: 893/1699] 10.0.0.187 () {32 vars in 724 bytes} [Fri Jul 17 12:07:19 2026] DELETE /v2.0/subnets/75185ae7-2685-43af-b4cb-006ce0c4927f => generated 0 bytes in 185 msecs (HTTP/1.1 204) 3 headers in 131 bytes (1 switches on core 0)
2026-07-17 12:07:20.056 8 INFO neutron_taas.services.taas.taas_plugin [None req-7ae98a0e-069e-4a14-8b1c-6e54513f0acd 72707632caee4c0e9615984872b08fda bf997a5f8b9442efa98f854f4c26bf5b - - default default] TaaS: Handle Delete Port: 9c45c117-83f9-4f7a-9183-7cfa580d5972
2026-07-17 12:07:20.059 8 INFO neutron_taas.services.taas.tap_mirror_plugin [None req-7ae98a0e-069e-4a14-8b1c-6e54513f0acd 72707632caee4c0e9615984872b08fda bf997a5f8b9442efa98f854f4c26bf5b - - default default] Tap Mirror: Handle Delete Port: 9c45c117-83f9-4f7a-9183-7cfa580d5972
2026-07-17 12:07:20.302 8 INFO neutron.services.segments.plugin [-] Segment 6fbb8344-fc22-4b57-840c-9b7c6d4ce74a resource provider aggregate not found
2026-07-17 12:07:20.311 8 INFO neutron.services.segments.plugin [-] Segment 6fbb8344-fc22-4b57-840c-9b7c6d4ce74a resource provider aggregate not found
2026-07-17 12:07:20.326 8 INFO neutron.services.segments.plugin [-] Segment 6fbb8344-fc22-4b57-840c-9b7c6d4ce74a resource provider not found; error: Placement Client Error (4xx): {"errors": [{"status": 404, "title": "Not Found", "detail": "The resource could not be found.\n\n No resource provider with uuid 6fbb8344-fc22-4b57-840c-9b7c6d4ce74a found for delete ", "request_id": "req-111bf05c-3176-499f-a3f1-a9e28568ada1"}]}
2026-07-17 12:07:20.329 8 INFO neutron.services.segments.plugin [-] Segment 6fbb8344-fc22-4b57-840c-9b7c6d4ce74a resource provider not found; error: Placement Client Error (4xx): {"errors": [{"status": 404, "title": "Not Found", "detail": "The resource could not be found.\n\n No resource provider with uuid 6fbb8344-fc22-4b57-840c-9b7c6d4ce74a found for delete ", "request_id": "req-698a999c-2fde-45bb-af71-b42bae5681d4"}]} [pid: 8|app: 0|req: 894/1700] 10.0.0.187 () {32 vars in 726 bytes} [Fri Jul 17 12:07:19 2026] DELETE /v2.0/networks/ada70ed1-9f84-444e-9013-24af33d28f95 => generated 0 bytes in 413 msecs (HTTP/1.1 204) 3 headers in 131 bytes (1 switches on core 0)
2026-07-17 12:07:20.435 7 INFO neutron.db.ovn_revision_numbers_db [None req-c6d82270-ee11-4bbe-a7e2-64a0bc156c59 a19ecea9207645fe834cb16d9cad184f 59bea03819ae4d78a5e9eab4db49a026 - - default default] Successfully bumped revision number for resource 248db6a5-d775-49a1-9d3b-14ed1bde65e2 (type: security_groups) to 1
2026-07-17 12:07:20.447 7 INFO neutron.db.ovn_revision_numbers_db [None req-c6d82270-ee11-4bbe-a7e2-64a0bc156c59 a19ecea9207645fe834cb16d9cad184f 59bea03819ae4d78a5e9eab4db49a026 - - default default] Successfully bumped revision number for resource 57d15441-df84-4bd1-ab68-fc7d3b2b6c7e (type: security_group_rules) to 0
2026-07-17 12:07:20.458 7 INFO neutron.db.ovn_revision_numbers_db [None req-c6d82270-ee11-4bbe-a7e2-64a0bc156c59 a19ecea9207645fe834cb16d9cad184f 59bea03819ae4d78a5e9eab4db49a026 - - default default] Successfully bumped revision number for resource 5dd0444e-43b8-4f74-831b-cdfc2afe0afe (type: security_group_rules) to 0
2026-07-17 12:07:20.470 7 INFO neutron.db.ovn_revision_numbers_db [None req-c6d82270-ee11-4bbe-a7e2-64a0bc156c59 a19ecea9207645fe834cb16d9cad184f 59bea03819ae4d78a5e9eab4db49a026 - - default default] Successfully bumped revision number for resource cf03f9f2-f48c-4046-8f01-3f485c5880fa (type: security_group_rules) to 0
2026-07-17 12:07:20.494 7 INFO neutron.db.ovn_revision_numbers_db [None req-c6d82270-ee11-4bbe-a7e2-64a0bc156c59 a19ecea9207645fe834cb16d9cad184f 59bea03819ae4d78a5e9eab4db49a026 - - default default] Successfully bumped revision number for resource e1d0d61f-5a80-4bd0-a59c-dece1fb0df69 (type: security_group_rules) to 0 [pid: 7|app: 0|req: 807/1701] 10.0.0.187 () {32 vars in 774 bytes} [Fri Jul 17 12:07:19 2026] GET /v2.0/security-groups?tenant_id=165a79441d624c4cb07b9be5d5f53aa9&name=default => generated 2925 bytes in 590 msecs (HTTP/1.1 200) 4 headers in 158 bytes (1 switches on core 0)
2026-07-17 12:07:20.676 8 WARNING neutron.scheduler.dhcp_agent_scheduler [None req-823b928d-8cce-4d4f-b1c8-b51c29248fb9 72707632caee4c0e9615984872b08fda bf997a5f8b9442efa98f854f4c26bf5b - - default default] No more DHCP agents
2026-07-17 12:07:20.681 8 WARNING neutron.api.rpc.agentnotifiers.dhcp_rpc_agent_api [None req-823b928d-8cce-4d4f-b1c8-b51c29248fb9 72707632caee4c0e9615984872b08fda bf997a5f8b9442efa98f854f4c26bf5b - - default default] Unable to schedule network 063ccc9f-2b62-4b76-aa0a-59be16d0ebd6: no agents available; will retry on subsequent port and subnet creation events.
2026-07-17 12:07:20.813 7 INFO neutron.plugins.ml2.drivers.ovn.mech_driver.mech_driver [None req-32f49ad2-792f-40f8-8877-62914fe02dc6 - - - - - -] OVN reports status down for port: dab5166e-59ba-4569-8b52-b290b796bf51
2026-07-17 12:07:20.868 8 INFO neutron.db.ovn_revision_numbers_db [None req-823b928d-8cce-4d4f-b1c8-b51c29248fb9 72707632caee4c0e9615984872b08fda bf997a5f8b9442efa98f854f4c26bf5b - - default default] Successfully bumped revision number for resource dab5166e-59ba-4569-8b52-b290b796bf51 (type: ports) to 1 [pid: 8|app: 0|req: 895/1702] 10.0.0.187 () {34 vars in 665 bytes} [Fri Jul 17 12:07:20 2026] POST /v2.0/ports => generated 778 bytes in 553 msecs (HTTP/1.1 201) 4 headers in 162 bytes (1 switches on core 0) /var/lib/openstack/lib/python3.12/site-packages/pycadf/identifier.py:70: UserWarning: Invalid uuid: neutron. To ensure interoperability, identifiers should be a valid uuid. warnings.warn(('Invalid uuid: %s. To ensure interoperability, ' [pid: 7|app: 0|req: 808/1703] 10.0.0.187 () {32 vars in 740 bytes} [Fri Jul 17 12:07:20 2026] DELETE /v2.0/security-groups/248db6a5-d775-49a1-9d3b-14ed1bde65e2 => generated 0 bytes in 414 msecs (HTTP/1.1 204) 2 headers in 112 bytes (1 switches on core 0) [pid: 8|app: 0|req: 896/1704] 10.0.0.121 () {34 vars in 990 bytes} [Fri Jul 17 12:07:20 2026] GET /v2.0/ports?device_id=9582de70-dd47-4a57-99f5-122cce11807a => generated 1008 bytes in 71 msecs (HTTP/1.1 200) 4 headers in 158 bytes (1 switches on core 0) [pid: 8|app: 0|req: 897/1705] 10.0.0.121 () {34 vars in 1120 bytes} [Fri Jul 17 12:07:21 2026] GET /v2.0/security-groups?id=53b0dc0e-9f41-4610-ae76-6522314e10ca&id=81ff73d7-e9e7-4681-b5e1-a5b0447ac2d0&fields=id&fields=name => generated 207 bytes in 36 msecs (HTTP/1.1 200) 4 headers in 157 bytes (1 switches on core 0)
2026-07-17 12:07:21.220 8 INFO neutron.db.ovn_revision_numbers_db [None req-360ac8af-9a8e-423f-a749-17b181c012a1 a19ecea9207645fe834cb16d9cad184f 59bea03819ae4d78a5e9eab4db49a026 - - default default] Successfully bumped revision number for resource 1d478f3f-4a47-40db-9894-16fc97dfdd22 (type: security_groups) to 1
2026-07-17 12:07:21.240 8 INFO neutron.db.ovn_revision_numbers_db [None req-360ac8af-9a8e-423f-a749-17b181c012a1 a19ecea9207645fe834cb16d9cad184f 59bea03819ae4d78a5e9eab4db49a026 - - default default] Successfully bumped revision number for resource 5dee574a-3c47-4686-84ff-dc7d63608f2b (type: security_group_rules) to 0
2026-07-17 12:07:21.254 7 INFO neutron.plugins.ml2.drivers.ovn.mech_driver.mech_driver [None req-32f49ad2-792f-40f8-8877-62914fe02dc6 - - - - - -] OVN reports status down for port: dab5166e-59ba-4569-8b52-b290b796bf51
2026-07-17 12:07:21.266 8 INFO neutron.db.ovn_revision_numbers_db [None req-360ac8af-9a8e-423f-a749-17b181c012a1 a19ecea9207645fe834cb16d9cad184f 59bea03819ae4d78a5e9eab4db49a026 - - default default] Successfully bumped revision number for resource 61c6a816-f7c2-4b6e-93a6-a9d9e22d864f (type: security_group_rules) to 0
2026-07-17 12:07:21.281 8 INFO neutron.db.ovn_revision_numbers_db [None req-360ac8af-9a8e-423f-a749-17b181c012a1 a19ecea9207645fe834cb16d9cad184f 59bea03819ae4d78a5e9eab4db49a026 - - default default] Successfully bumped revision number for resource 66ca5deb-3e48-4f4e-b27c-78b38504d1ad (type: security_group_rules) to 0
2026-07-17 12:07:21.296 8 INFO neutron.db.ovn_revision_numbers_db [None req-360ac8af-9a8e-423f-a749-17b181c012a1 a19ecea9207645fe834cb16d9cad184f 59bea03819ae4d78a5e9eab4db49a026 - - default default] Successfully bumped revision number for resource af8f5288-a2ab-4e8c-8763-79c37093e157 (type: security_group_rules) to 0
2026-07-17 12:07:21.315 7 INFO neutron.db.ovn_revision_numbers_db [None req-f0f88808-9838-418e-aae9-28b401ecbd85 72707632caee4c0e9615984872b08fda bf997a5f8b9442efa98f854f4c26bf5b - - default default] Successfully bumped revision number for resource dab5166e-59ba-4569-8b52-b290b796bf51 (type: ports) to 2 [pid: 8|app: 0|req: 898/1706] 10.0.0.187 () {32 vars in 774 bytes} [Fri Jul 17 12:07:21 2026] GET /v2.0/security-groups?tenant_id=24dc1a5b773f44f4a920b817c5fcbc38&name=default => generated 2925 bytes in 292 msecs (HTTP/1.1 200) 4 headers in 158 bytes (1 switches on core 0) [pid: 7|app: 0|req: 809/1707] 10.0.0.187 () {34 vars in 737 bytes} [Fri Jul 17 12:07:20 2026] PUT /v2.0/ports/dab5166e-59ba-4569-8b52-b290b796bf51 => generated 752 bytes in 436 msecs (HTTP/1.1 200) 4 headers in 157 bytes (1 switches on core 0) /var/lib/openstack/lib/python3.12/site-packages/pycadf/identifier.py:70: UserWarning: Invalid uuid: neutron. To ensure interoperability, identifiers should be a valid uuid. warnings.warn(('Invalid uuid: %s. To ensure interoperability, '
2026-07-17 12:07:21.554 7 INFO neutron_taas.services.taas.taas_plugin [None req-e4e8e7d9-c929-4c03-ade8-0b1983faf603 72707632caee4c0e9615984872b08fda bf997a5f8b9442efa98f854f4c26bf5b - - default default] TaaS: Handle Delete Port: dab5166e-59ba-4569-8b52-b290b796bf51
2026-07-17 12:07:21.561 7 INFO neutron_taas.services.taas.tap_mirror_plugin [None req-e4e8e7d9-c929-4c03-ade8-0b1983faf603 72707632caee4c0e9615984872b08fda bf997a5f8b9442efa98f854f4c26bf5b - - default default] Tap Mirror: Handle Delete Port: dab5166e-59ba-4569-8b52-b290b796bf51 [pid: 8|app: 0|req: 899/1708] 10.0.0.187 () {32 vars in 740 bytes} [Fri Jul 17 12:07:21 2026] DELETE /v2.0/security-groups/1d478f3f-4a47-40db-9894-16fc97dfdd22 => generated 0 bytes in 282 msecs (HTTP/1.1 204) 2 headers in 112 bytes (1 switches on core 0) [pid: 7|app: 0|req: 810/1709] 10.0.0.187 () {32 vars in 720 bytes} [Fri Jul 17 12:07:21 2026] DELETE /v2.0/ports/dab5166e-59ba-4569-8b52-b290b796bf51 => generated 0 bytes in 389 msecs (HTTP/1.1 204) 3 headers in 131 bytes (1 switches on core 0) [pid: 8|app: 0|req: 900/1710] 199.204.45.109 () {34 vars in 994 bytes} [Fri Jul 17 12:07:21 2026] GET /v2.0/ports?device_id=9582de70-dd47-4a57-99f5-122cce11807a => generated 1246 bytes in 29 msecs (HTTP/1.1 200) 4 headers in 158 bytes (1 switches on core 0) [pid: 8|app: 0|req: 901/1711] 199.204.45.109 () {34 vars in 1124 bytes} [Fri Jul 17 12:07:21 2026] GET /v2.0/security-groups?id=81ff73d7-e9e7-4681-b5e1-a5b0447ac2d0&id=53b0dc0e-9f41-4610-ae76-6522314e10ca&fields=id&fields=name => generated 207 bytes in 25 msecs (HTTP/1.1 200) 4 headers in 157 bytes (1 switches on core 0) [pid: 7|app: 0|req: 811/1712] 10.0.0.187 () {32 vars in 643 bytes} [Fri Jul 17 12:07:21 2026] GET /v2.0/ports => generated 1538 bytes in 42 msecs (HTTP/1.1 200) 4 headers in 158 bytes (1 switches on core 0)
2026-07-17 12:07:21.852 8 INFO neutron.pecan_wsgi.hooks.translation [None req-bc164022-e7cf-4453-aead-19049e8e7b62 72707632caee4c0e9615984872b08fda bf997a5f8b9442efa98f854f4c26bf5b - - default default] GET failed (client error): The resource could not be found. [pid: 8|app: 0|req: 902/1713] 10.0.0.187 () {32 vars in 717 bytes} [Fri Jul 17 12:07:21 2026] GET /v2.0/ports/dab5166e-59ba-4569-8b52-b290b796bf51 => generated 132 bytes in 15 msecs (HTTP/1.1 404) 4 headers in 164 bytes (1 switches on core 0) [pid: 7|app: 0|req: 812/1714] 10.0.0.187 () {32 vars in 643 bytes} [Fri Jul 17 12:07:21 2026] GET /v2.0/ports => generated 1538 bytes in 38 msecs (HTTP/1.1 200) 4 headers in 158 bytes (1 switches on core 0)
2026-07-17 12:07:21.987 7 INFO neutron.plugins.ml2.drivers.ovn.mech_driver.mech_driver [None req-32f49ad2-792f-40f8-8877-62914fe02dc6 - - - - - -] OVN reports status up for port: e5b3fecb-d93f-4466-a2c1-6f2348e6b05f
2026-07-17 12:07:22.005 7 INFO neutron.plugins.ml2.plugin [None req-32f49ad2-792f-40f8-8877-62914fe02dc6 - - - - - -] Attempt 1 to provision port e5b3fecb-d93f-4466-a2c1-6f2348e6b05f [pid: 8|app: 0|req: 903/1715] 10.0.0.187 () {32 vars in 717 bytes} [Fri Jul 17 12:07:21 2026] GET /v2.0/ports/fa62c8bc-392f-4876-bdc8-c3e35de19680 => generated 779 bytes in 118 msecs (HTTP/1.1 200) 4 headers in 157 bytes (1 switches on core 0)
2026-07-17 12:07:22.053 7 INFO neutron.pecan_wsgi.hooks.translation [None req-e0251d6c-e534-46d9-9ea9-a0bd8e94b1ec 72707632caee4c0e9615984872b08fda bf997a5f8b9442efa98f854f4c26bf5b - - default default] DELETE failed (client error): The resource could not be found. [pid: 7|app: 0|req: 813/1716] 10.0.0.187 () {32 vars in 720 bytes} [Fri Jul 17 12:07:22 2026] DELETE /v2.0/ports/ea27ecc1-4661-4eab-bcbe-1422873d6664 => generated 132 bytes in 40 msecs (HTTP/1.1 404) 4 headers in 164 bytes (1 switches on core 0)
2026-07-17 12:07:22.082 8 INFO neutron.pecan_wsgi.hooks.translation [None req-db84436b-7930-4fa2-b00e-ccc42e130edd 72707632caee4c0e9615984872b08fda bf997a5f8b9442efa98f854f4c26bf5b - - default default] DELETE failed (client error): The resource could not be found. [pid: 8|app: 0|req: 904/1717] 10.0.0.187 () {32 vars in 724 bytes} [Fri Jul 17 12:07:22 2026] DELETE /v2.0/subnets/75185ae7-2685-43af-b4cb-006ce0c4927f => generated 136 bytes in 17 msecs (HTTP/1.1 404) 4 headers in 164 bytes (1 switches on core 0)
2026-07-17 12:07:22.114 7 INFO neutron.pecan_wsgi.hooks.translation [None req-2bef5d22-1dce-4eda-8b29-5a2a40c691d0 72707632caee4c0e9615984872b08fda bf997a5f8b9442efa98f854f4c26bf5b - - default default] DELETE failed (client error): The resource could not be found. [pid: 7|app: 0|req: 814/1718] 10.0.0.187 () {32 vars in 724 bytes} [Fri Jul 17 12:07:22 2026] DELETE /v2.0/subnets/6245b9c0-a4ff-4244-9217-7f582e6285e5 => generated 136 bytes in 33 msecs (HTTP/1.1 404) 4 headers in 164 bytes (1 switches on core 0)
2026-07-17 12:07:22.217 7 INFO neutron.notifiers.nova [-] Nova event matching ['req-aae071f5-d6af-4668-ad87-154714605f47'] response: {'server_uuid': '9582de70-dd47-4a57-99f5-122cce11807a', 'name': 'network-vif-plugged', 'status': 'completed', 'tag': 'e5b3fecb-d93f-4466-a2c1-6f2348e6b05f', 'code': 200}
2026-07-17 12:07:22.326 8 INFO neutron_taas.services.taas.taas_plugin [None req-48a94266-c6ee-4297-9060-6d4832221559 72707632caee4c0e9615984872b08fda bf997a5f8b9442efa98f854f4c26bf5b - - default default] TaaS: Handle Delete Port: fa62c8bc-392f-4876-bdc8-c3e35de19680
2026-07-17 12:07:22.329 8 INFO neutron_taas.services.taas.tap_mirror_plugin [None req-48a94266-c6ee-4297-9060-6d4832221559 72707632caee4c0e9615984872b08fda bf997a5f8b9442efa98f854f4c26bf5b - - default default] Tap Mirror: Handle Delete Port: fa62c8bc-392f-4876-bdc8-c3e35de19680 [pid: 7|app: 0|req: 815/1719] 10.0.0.121 () {34 vars in 990 bytes} [Fri Jul 17 12:07:22 2026] GET /v2.0/ports?device_id=9582de70-dd47-4a57-99f5-122cce11807a => generated 1010 bytes in 195 msecs (HTTP/1.1 200) 4 headers in 158 bytes (1 switches on core 0) [pid: 7|app: 0|req: 816/1720] 10.0.0.121 () {34 vars in 1120 bytes} [Fri Jul 17 12:07:22 2026] GET /v2.0/security-groups?id=53b0dc0e-9f41-4610-ae76-6522314e10ca&id=81ff73d7-e9e7-4681-b5e1-a5b0447ac2d0&fields=id&fields=name => generated 207 bytes in 87 msecs (HTTP/1.1 200) 4 headers in 157 bytes (1 switches on core 0) [pid: 8|app: 0|req: 905/1721] 10.0.0.187 () {32 vars in 720 bytes} [Fri Jul 17 12:07:22 2026] DELETE /v2.0/ports/fa62c8bc-392f-4876-bdc8-c3e35de19680 => generated 0 bytes in 386 msecs (HTTP/1.1 204) 3 headers in 131 bytes (1 switches on core 0)
2026-07-17 12:07:22.580 7 INFO neutron.db.ovn_revision_numbers_db [None req-32f49ad2-792f-40f8-8877-62914fe02dc6 - - - - - -] Successfully bumped revision number for resource e5b3fecb-d93f-4466-a2c1-6f2348e6b05f (type: ports) to 5
2026-07-17 12:07:22.788 7 INFO neutron_taas.services.taas.taas_plugin [None req-a15440bf-66b7-4390-a157-3d1eb3ca42bd 72707632caee4c0e9615984872b08fda bf997a5f8b9442efa98f854f4c26bf5b - - default default] TaaS: Handle Delete Port: 4fd3fca7-f9c5-43ff-ab59-f6e632bf749a
2026-07-17 12:07:22.791 7 INFO neutron_taas.services.taas.tap_mirror_plugin [None req-a15440bf-66b7-4390-a157-3d1eb3ca42bd 72707632caee4c0e9615984872b08fda bf997a5f8b9442efa98f854f4c26bf5b - - default default] Tap Mirror: Handle Delete Port: 4fd3fca7-f9c5-43ff-ab59-f6e632bf749a
2026-07-17 12:07:23.033 7 INFO neutron.services.segments.plugin [-] Segment 53fc9232-48c4-44ae-a2b2-5ab6b9938159 resource provider aggregate not found
2026-07-17 12:07:23.041 7 INFO neutron.services.segments.plugin [-] Segment 53fc9232-48c4-44ae-a2b2-5ab6b9938159 resource provider aggregate not found
2026-07-17 12:07:23.052 7 INFO neutron.services.segments.plugin [-] Segment 53fc9232-48c4-44ae-a2b2-5ab6b9938159 resource provider not found; error: Placement Client Error (4xx): {"errors": [{"status": 404, "title": "Not Found", "detail": "The resource could not be found.\n\n No resource provider with uuid 53fc9232-48c4-44ae-a2b2-5ab6b9938159 found for delete ", "request_id": "req-84f2eb0c-0f24-4b59-b1c5-3ec0f8c92914"}]}
2026-07-17 12:07:23.069 7 INFO neutron.services.segments.plugin [-] Segment 53fc9232-48c4-44ae-a2b2-5ab6b9938159 resource provider not found; error: Placement Client Error (4xx): {"errors": [{"status": 404, "title": "Not Found", "detail": "The resource could not be found.\n\n No resource provider with uuid 53fc9232-48c4-44ae-a2b2-5ab6b9938159 found for delete ", "request_id": "req-56acaa92-0e40-407e-ba71-5bb9a9465c8d"}]} [pid: 7|app: 0|req: 817/1722] 10.0.0.187 () {32 vars in 726 bytes} [Fri Jul 17 12:07:22 2026] DELETE /v2.0/networks/063ccc9f-2b62-4b76-aa0a-59be16d0ebd6 => generated 0 bytes in 592 msecs (HTTP/1.1 204) 3 headers in 131 bytes (1 switches on core 0)
2026-07-17 12:07:23.371 8 INFO neutron.db.ovn_revision_numbers_db [None req-d8d67ad3-8c8f-484d-95f3-17abc6d677b2 b9bd13ac62944211a10a3e501cd2eec8 360140b4d90545a19a1575c50fa9dd16 - - default default] Successfully bumped revision number for resource 45deb38c-3812-407e-8c5e-a51325585c9e (type: security_groups) to 1
2026-07-17 12:07:23.382 8 INFO neutron.db.ovn_revision_numbers_db [None req-d8d67ad3-8c8f-484d-95f3-17abc6d677b2 b9bd13ac62944211a10a3e501cd2eec8 360140b4d90545a19a1575c50fa9dd16 - - default default] Successfully bumped revision number for resource 082163a0-8bad-4ffc-a77a-0a0345e1681d (type: security_group_rules) to 0
2026-07-17 12:07:23.393 8 INFO neutron.db.ovn_revision_numbers_db [None req-d8d67ad3-8c8f-484d-95f3-17abc6d677b2 b9bd13ac62944211a10a3e501cd2eec8 360140b4d90545a19a1575c50fa9dd16 - - default default] Successfully bumped revision number for resource 3a838038-0f17-4c7b-811f-b9d7e0bf59a6 (type: security_group_rules) to 0
2026-07-17 12:07:23.406 8 INFO neutron.db.ovn_revision_numbers_db [None req-d8d67ad3-8c8f-484d-95f3-17abc6d677b2 b9bd13ac62944211a10a3e501cd2eec8 360140b4d90545a19a1575c50fa9dd16 - - default default] Successfully bumped revision number for resource 5ca809f6-e603-448c-ab54-eb4ddfc3fbc5 (type: security_group_rules) to 0
2026-07-17 12:07:23.417 8 INFO neutron.db.ovn_revision_numbers_db [None req-d8d67ad3-8c8f-484d-95f3-17abc6d677b2 b9bd13ac62944211a10a3e501cd2eec8 360140b4d90545a19a1575c50fa9dd16 - - default default] Successfully bumped revision number for resource 8f763237-14fe-4258-8839-ab899c46b9dc (type: security_group_rules) to 0
2026-07-17 12:07:23.491 8 INFO neutron.db.segments_db [None req-d8d67ad3-8c8f-484d-95f3-17abc6d677b2 b9bd13ac62944211a10a3e501cd2eec8 360140b4d90545a19a1575c50fa9dd16 - - default default] Added segment 1f21fa63-5127-4b84-9533-0f18ec701e4e of type geneve for network 747df45b-2f9a-44bd-ad45-8e6f578a7b29 /var/lib/openstack/lib/python3.12/site-packages/pycadf/identifier.py:70: UserWarning: Invalid uuid: neutron. To ensure interoperability, identifiers should be a valid uuid. warnings.warn(('Invalid uuid: %s. To ensure interoperability, ' [pid: 7|app: 0|req: 818/1723] 10.0.0.121 () {34 vars in 990 bytes} [Fri Jul 17 12:07:23 2026] GET /v2.0/ports?device_id=9582de70-dd47-4a57-99f5-122cce11807a => generated 1010 bytes in 52 msecs (HTTP/1.1 200) 4 headers in 158 bytes (1 switches on core 0)
2026-07-17 12:07:23.625 8 INFO neutron.db.ovn_revision_numbers_db [None req-d8d67ad3-8c8f-484d-95f3-17abc6d677b2 b9bd13ac62944211a10a3e501cd2eec8 360140b4d90545a19a1575c50fa9dd16 - - default default] Successfully bumped revision number for resource 747df45b-2f9a-44bd-ad45-8e6f578a7b29 (type: networks) to 1
2026-07-17 12:07:23.835 8 WARNING neutron.scheduler.dhcp_agent_scheduler [None req-d8d67ad3-8c8f-484d-95f3-17abc6d677b2 b9bd13ac62944211a10a3e501cd2eec8 360140b4d90545a19a1575c50fa9dd16 - - default default] No more DHCP agents
2026-07-17 12:07:23.837 8 WARNING neutron.api.rpc.agentnotifiers.dhcp_rpc_agent_api [None req-d8d67ad3-8c8f-484d-95f3-17abc6d677b2 b9bd13ac62944211a10a3e501cd2eec8 360140b4d90545a19a1575c50fa9dd16 - - default default] Unable to schedule network 747df45b-2f9a-44bd-ad45-8e6f578a7b29: no agents available; will retry on subsequent port and subnet creation events.
2026-07-17 12:07:23.890 7 INFO neutron.db.ovn_revision_numbers_db [None req-305eefe3-1eb3-4db9-9405-e151dbc780a9 1505203c0eee44d8b391d3b3f40c1c55 e4efaeb8f15442b69af494a921b37e0b - - default default] Successfully bumped revision number for resource d93c3b43-fadf-49b7-beda-0909bf064b03 (type: security_groups) to 1
2026-07-17 12:07:23.901 7 INFO neutron.db.ovn_revision_numbers_db [None req-305eefe3-1eb3-4db9-9405-e151dbc780a9 1505203c0eee44d8b391d3b3f40c1c55 e4efaeb8f15442b69af494a921b37e0b - - default default] Successfully bumped revision number for resource 173e9b21-10d6-40f2-9e62-be8338f9f1ea (type: security_group_rules) to 0
2026-07-17 12:07:23.931 7 INFO neutron.db.ovn_revision_numbers_db [None req-305eefe3-1eb3-4db9-9405-e151dbc780a9 1505203c0eee44d8b391d3b3f40c1c55 e4efaeb8f15442b69af494a921b37e0b - - default default] Successfully bumped revision number for resource 20bc6e85-4f77-4cf8-9aaf-b0c211941f49 (type: security_group_rules) to 0
2026-07-17 12:07:23.967 7 INFO neutron.db.ovn_revision_numbers_db [None req-305eefe3-1eb3-4db9-9405-e151dbc780a9 1505203c0eee44d8b391d3b3f40c1c55 e4efaeb8f15442b69af494a921b37e0b - - default default] Successfully bumped revision number for resource 4eab223f-0438-49b6-9162-6931099bc314 (type: security_group_rules) to 0
2026-07-17 12:07:23.981 7 INFO neutron.plugins.ml2.drivers.ovn.mech_driver.mech_driver [None req-a2d41f58-c132-470a-a753-4c1d9be335a0 - - - - - -] OVN reports status down for port: 79819df1-2d2e-4e15-a6d2-8fe2ed10de31
2026-07-17 12:07:23.996 7 INFO neutron.db.ovn_revision_numbers_db [None req-305eefe3-1eb3-4db9-9405-e151dbc780a9 1505203c0eee44d8b391d3b3f40c1c55 e4efaeb8f15442b69af494a921b37e0b - - default default] Successfully bumped revision number for resource e0797afd-8742-4222-b234-2e75b65256cd (type: security_group_rules) to 0
2026-07-17 12:07:23.998 8 INFO neutron.db.ovn_revision_numbers_db [None req-d8d67ad3-8c8f-484d-95f3-17abc6d677b2 b9bd13ac62944211a10a3e501cd2eec8 360140b4d90545a19a1575c50fa9dd16 - - default default] Successfully bumped revision number for resource 79819df1-2d2e-4e15-a6d2-8fe2ed10de31 (type: ports) to 1 [pid: 8|app: 0|req: 906/1724] 10.0.0.187 () {34 vars in 671 bytes} [Fri Jul 17 12:07:22 2026] POST /v2.0/networks => generated 651 bytes in 1111 msecs (HTTP/1.1 201) 4 headers in 162 bytes (1 switches on core 0) [pid: 8|app: 0|req: 907/1725] 10.0.0.121 () {34 vars in 1120 bytes} [Fri Jul 17 12:07:24 2026] GET /v2.0/security-groups?id=53b0dc0e-9f41-4610-ae76-6522314e10ca&id=81ff73d7-e9e7-4681-b5e1-a5b0447ac2d0&fields=id&fields=name => generated 207 bytes in 39 msecs (HTTP/1.1 200) 4 headers in 157 bytes (1 switches on core 0)
2026-07-17 12:07:24.112 7 INFO neutron.db.segments_db [None req-305eefe3-1eb3-4db9-9405-e151dbc780a9 1505203c0eee44d8b391d3b3f40c1c55 e4efaeb8f15442b69af494a921b37e0b - - default default] Added segment ed1aa2ef-210f-427f-8852-7d824201f6c3 of type geneve for network 2456e46f-8229-4b8b-9dae-2ad25b7f6db6 [pid: 8|app: 0|req: 908/1726] 10.0.0.187 () {32 vars in 774 bytes} [Fri Jul 17 12:07:24 2026] GET /v2.0/security-groups?tenant_id=bf997a5f8b9442efa98f854f4c26bf5b&name=default => generated 2925 bytes in 67 msecs (HTTP/1.1 200) 4 headers in 158 bytes (1 switches on core 0)
2026-07-17 12:07:24.199 7 INFO neutron.db.segments_db [None req-305eefe3-1eb3-4db9-9405-e151dbc780a9 1505203c0eee44d8b391d3b3f40c1c55 e4efaeb8f15442b69af494a921b37e0b - - default default] Added segment 45223d7a-93fb-4b29-8769-03c1d3588cc0 of type geneve for network f9f41958-1a56-412b-99c0-67a38d19ad9a
2026-07-17 12:07:24.265 7 INFO neutron.notifiers.nova [-] Nova event matching ['req-fb5b17f5-6a93-4533-9c01-54860f4b58df'] response: {'server_uuid': '9582de70-dd47-4a57-99f5-122cce11807a', 'name': 'network-vif-plugged', 'status': 'completed', 'tag': 'e5b3fecb-d93f-4466-a2c1-6f2348e6b05f', 'code': 200}
2026-07-17 12:07:24.332 7 INFO neutron.db.ovn_revision_numbers_db [None req-305eefe3-1eb3-4db9-9405-e151dbc780a9 1505203c0eee44d8b391d3b3f40c1c55 e4efaeb8f15442b69af494a921b37e0b - - default default] Successfully bumped revision number for resource 2456e46f-8229-4b8b-9dae-2ad25b7f6db6 (type: networks) to 1
2026-07-17 12:07:24.482 7 WARNING neutron.scheduler.dhcp_agent_scheduler [None req-305eefe3-1eb3-4db9-9405-e151dbc780a9 1505203c0eee44d8b391d3b3f40c1c55 e4efaeb8f15442b69af494a921b37e0b - - default default] No more DHCP agents
2026-07-17 12:07:24.484 7 WARNING neutron.api.rpc.agentnotifiers.dhcp_rpc_agent_api [None req-305eefe3-1eb3-4db9-9405-e151dbc780a9 1505203c0eee44d8b391d3b3f40c1c55 e4efaeb8f15442b69af494a921b37e0b - - default default] Unable to schedule network 2456e46f-8229-4b8b-9dae-2ad25b7f6db6: no agents available; will retry on subsequent port and subnet creation events.
2026-07-17 12:07:24.603 7 INFO neutron.plugins.ml2.drivers.ovn.mech_driver.mech_driver [None req-a2d41f58-c132-470a-a753-4c1d9be335a0 - - - - - -] OVN reports status down for port: b8c617c4-fc5a-41b2-8f7b-898e3f11bbec
2026-07-17 12:07:24.706 7 INFO neutron.db.ovn_revision_numbers_db [None req-305eefe3-1eb3-4db9-9405-e151dbc780a9 1505203c0eee44d8b391d3b3f40c1c55 e4efaeb8f15442b69af494a921b37e0b - - default default] Successfully bumped revision number for resource b8c617c4-fc5a-41b2-8f7b-898e3f11bbec (type: ports) to 1
2026-07-17 12:07:24.825 7 INFO neutron.db.ovn_revision_numbers_db [None req-305eefe3-1eb3-4db9-9405-e151dbc780a9 1505203c0eee44d8b391d3b3f40c1c55 e4efaeb8f15442b69af494a921b37e0b - - default default] Successfully bumped revision number for resource f9f41958-1a56-412b-99c0-67a38d19ad9a (type: networks) to 1
2026-07-17 12:07:24.974 7 WARNING neutron.scheduler.dhcp_agent_scheduler [None req-305eefe3-1eb3-4db9-9405-e151dbc780a9 1505203c0eee44d8b391d3b3f40c1c55 e4efaeb8f15442b69af494a921b37e0b - - default default] No more DHCP agents
2026-07-17 12:07:24.976 7 WARNING neutron.api.rpc.agentnotifiers.dhcp_rpc_agent_api [None req-305eefe3-1eb3-4db9-9405-e151dbc780a9 1505203c0eee44d8b391d3b3f40c1c55 e4efaeb8f15442b69af494a921b37e0b - - default default] Unable to schedule network f9f41958-1a56-412b-99c0-67a38d19ad9a: no agents available; will retry on subsequent port and subnet creation events.
2026-07-17 12:07:25.068 7 INFO neutron.plugins.ml2.drivers.ovn.mech_driver.mech_driver [None req-a2d41f58-c132-470a-a753-4c1d9be335a0 - - - - - -] OVN reports status down for port: 833684db-acc1-48f7-9b5f-0103aa34e8f2
2026-07-17 12:07:25.146 7 INFO neutron.db.ovn_revision_numbers_db [None req-305eefe3-1eb3-4db9-9405-e151dbc780a9 1505203c0eee44d8b391d3b3f40c1c55 e4efaeb8f15442b69af494a921b37e0b - - default default] Successfully bumped revision number for resource 833684db-acc1-48f7-9b5f-0103aa34e8f2 (type: ports) to 1 [pid: 7|app: 0|req: 819/1727] 10.0.0.187 () {34 vars in 670 bytes} [Fri Jul 17 12:07:23 2026] POST /v2.0/networks => generated 1284 bytes in 1652 msecs (HTTP/1.1 201) 4 headers in 163 bytes (1 switches on core 0)
2026-07-17 12:07:25.382 8 WARNING neutron.scheduler.dhcp_agent_scheduler [None req-a5722c5a-8832-4a7e-90a0-fb90a765c063 b9bd13ac62944211a10a3e501cd2eec8 360140b4d90545a19a1575c50fa9dd16 - - default default] No more DHCP agents
2026-07-17 12:07:25.385 8 WARNING neutron.api.rpc.agentnotifiers.dhcp_rpc_agent_api [None req-a5722c5a-8832-4a7e-90a0-fb90a765c063 b9bd13ac62944211a10a3e501cd2eec8 360140b4d90545a19a1575c50fa9dd16 - - default default] Unable to schedule network 00c31fca-1780-42f5-b8a4-13ed0531af55: no agents available; will retry on subsequent port and subnet creation events. [pid: 7|app: 0|req: 820/1728] 10.0.0.187 () {32 vars in 740 bytes} [Fri Jul 17 12:07:25 2026] DELETE /v2.0/security-groups/ae9159a8-a999-46ec-af22-cebbac41f83d => generated 0 bytes in 327 msecs (HTTP/1.1 204) 2 headers in 112 bytes (1 switches on core 0) [pid: 7|app: 0|req: 821/1729] 10.0.0.121 () {34 vars in 990 bytes} [Fri Jul 17 12:07:25 2026] GET /v2.0/ports?device_id=9582de70-dd47-4a57-99f5-122cce11807a => generated 1010 bytes in 76 msecs (HTTP/1.1 200) 4 headers in 158 bytes (1 switches on core 0)
2026-07-17 12:07:25.638 7 INFO neutron.plugins.ml2.drivers.ovn.mech_driver.mech_driver [None req-a2d41f58-c132-470a-a753-4c1d9be335a0 - - - - - -] OVN reports status down for port: 391ffebd-6870-4bf1-ac28-50f03755df23
2026-07-17 12:07:25.659 8 INFO neutron.db.ovn_revision_numbers_db [None req-a5722c5a-8832-4a7e-90a0-fb90a765c063 b9bd13ac62944211a10a3e501cd2eec8 360140b4d90545a19a1575c50fa9dd16 - - default default] Successfully bumped revision number for resource 391ffebd-6870-4bf1-ac28-50f03755df23 (type: ports) to 1 [pid: 7|app: 0|req: 822/1730] 10.0.0.187 () {32 vars in 649 bytes} [Fri Jul 17 12:07:25 2026] GET /v2.0/networks => generated 1971 bytes in 119 msecs (HTTP/1.1 200) 4 headers in 158 bytes (1 switches on core 0) [pid: 7|app: 0|req: 823/1731] 10.0.0.121 () {34 vars in 1120 bytes} [Fri Jul 17 12:07:25 2026] GET /v2.0/security-groups?id=53b0dc0e-9f41-4610-ae76-6522314e10ca&id=81ff73d7-e9e7-4681-b5e1-a5b0447ac2d0&fields=id&fields=name => generated 207 bytes in 71 msecs (HTTP/1.1 200) 4 headers in 157 bytes (1 switches on core 0)
2026-07-17 12:07:25.956 7 INFO neutron_taas.services.taas.taas_plugin [None req-000952b7-0cd3-4448-ac93-6c0848e43001 1505203c0eee44d8b391d3b3f40c1c55 e4efaeb8f15442b69af494a921b37e0b - - default default] TaaS: Handle Delete Port: b8c617c4-fc5a-41b2-8f7b-898e3f11bbec
2026-07-17 12:07:25.960 7 INFO neutron_taas.services.taas.tap_mirror_plugin [None req-000952b7-0cd3-4448-ac93-6c0848e43001 1505203c0eee44d8b391d3b3f40c1c55 e4efaeb8f15442b69af494a921b37e0b - - default default] Tap Mirror: Handle Delete Port: b8c617c4-fc5a-41b2-8f7b-898e3f11bbec
2026-07-17 12:07:26.180 7 INFO neutron.services.segments.plugin [-] Segment ed1aa2ef-210f-427f-8852-7d824201f6c3 resource provider aggregate not found
2026-07-17 12:07:26.186 7 INFO neutron.services.segments.plugin [-] Segment ed1aa2ef-210f-427f-8852-7d824201f6c3 resource provider aggregate not found
2026-07-17 12:07:26.207 7 INFO neutron.services.segments.plugin [-] Segment ed1aa2ef-210f-427f-8852-7d824201f6c3 resource provider not found; error: Placement Client Error (4xx): {"errors": [{"status": 404, "title": "Not Found", "detail": "The resource could not be found.\n\n No resource provider with uuid ed1aa2ef-210f-427f-8852-7d824201f6c3 found for delete ", "request_id": "req-421bef2b-043e-44d4-b20c-8d1ba822d8e1"}]}
2026-07-17 12:07:26.211 7 INFO neutron.services.segments.plugin [-] Segment ed1aa2ef-210f-427f-8852-7d824201f6c3 resource provider not found; error: Placement Client Error (4xx): {"errors": [{"status": 404, "title": "Not Found", "detail": "The resource could not be found.\n\n No resource provider with uuid ed1aa2ef-210f-427f-8852-7d824201f6c3 found for delete ", "request_id": "req-8bef1121-afef-4a2f-afb9-012f3b964402"}]} [pid: 7|app: 0|req: 826/1734] 10.0.0.187 () {32 vars in 726 bytes} [Fri Jul 17 12:07:25 2026] DELETE /v2.0/networks/2456e46f-8229-4b8b-9dae-2ad25b7f6db6 => generated 0 bytes in 434 msecs (HTTP/1.1 204) 3 headers in 131 bytes (1 switches on core 0) [pid: 7|app: 0|req: 827/1735] 10.0.0.121 () {34 vars in 990 bytes} [Fri Jul 17 12:07:26 2026] GET /v2.0/ports?device_id=9582de70-dd47-4a57-99f5-122cce11807a => generated 1010 bytes in 40 msecs (HTTP/1.1 200) 4 headers in 158 bytes (1 switches on core 0)
2026-07-17 12:07:26.365 8 INFO neutron.plugins.ml2.drivers.ovn.mech_driver.ovsdb.commands [-] Schedule LRP lrp-391ffebd-6870-4bf1-ac28-50f03755df23 on gateway 0c2bd6f5-3c18-4c86-979c-15a6315d7e5c with priority 1
2026-07-17 12:07:26.524 8 INFO neutron.db.ovn_revision_numbers_db [None req-a5722c5a-8832-4a7e-90a0-fb90a765c063 b9bd13ac62944211a10a3e501cd2eec8 360140b4d90545a19a1575c50fa9dd16 - - default default] Successfully bumped revision number for resource 391ffebd-6870-4bf1-ac28-50f03755df23 (type: router_ports) to 1
2026-07-17 12:07:26.525 7 INFO neutron.plugins.ml2.drivers.ovn.mech_driver.ovsdb.ovsdb_monitor [None req-d9eb202f-63a4-4e2e-9a53-6414e33c1716 - - - - - -] Router 4e958e66-cb5c-4baf-a433-334b50f190a1 is bound to host instance
2026-07-17 12:07:26.546 7 INFO neutron.plugins.ml2.drivers.ovn.mech_driver.mech_driver [None req-a2d41f58-c132-470a-a753-4c1d9be335a0 - - - - - -] OVN reports status up for port: 391ffebd-6870-4bf1-ac28-50f03755df23
2026-07-17 12:07:26.586 8 INFO neutron.db.ovn_revision_numbers_db [None req-a5722c5a-8832-4a7e-90a0-fb90a765c063 b9bd13ac62944211a10a3e501cd2eec8 360140b4d90545a19a1575c50fa9dd16 - - default default] Successfully bumped revision number for resource 4e958e66-cb5c-4baf-a433-334b50f190a1 (type: routers) to 2
2026-07-17 12:07:26.597 7 INFO neutron_taas.services.taas.taas_plugin [None req-19d0d34c-035c-4b34-bb42-8f932806df10 1505203c0eee44d8b391d3b3f40c1c55 e4efaeb8f15442b69af494a921b37e0b - - default default] TaaS: Handle Delete Port: 833684db-acc1-48f7-9b5f-0103aa34e8f2 [pid: 8|app: 0|req: 909/1736] 10.0.0.187 () {34 vars in 669 bytes} [Fri Jul 17 12:07:24 2026] POST /v2.0/routers => generated 954 bytes in 2473 msecs (HTTP/1.1 201) 4 headers in 162 bytes (1 switches on core 0)
2026-07-17 12:07:26.608 7 INFO neutron_taas.services.taas.tap_mirror_plugin [None req-19d0d34c-035c-4b34-bb42-8f932806df10 1505203c0eee44d8b391d3b3f40c1c55 e4efaeb8f15442b69af494a921b37e0b - - default default] Tap Mirror: Handle Delete Port: 833684db-acc1-48f7-9b5f-0103aa34e8f2
