2026-07-17 12:07:26.614 7 INFO neutron.plugins.ml2.plugin [None req-a2d41f58-c132-470a-a753-4c1d9be335a0 - - - - - -] Attempt 1 to provision port 391ffebd-6870-4bf1-ac28-50f03755df23
2026-07-17 12:07:27.184 8 INFO neutron.db.ovn_revision_numbers_db [None req-46b4984e-ba50-447c-9c60-fc692f72d276 fa6289368d8a4308b44300d6cb0230a9 f2ce0567c26044858e45b7b7bf12f3c7 - - default default] Successfully bumped revision number for resource 39668108-5e64-48b2-88dc-34f34c304b70 (type: floatingips) to 1 [pid: 7|app: 0|req: 828/1737] 10.0.0.187 () {32 vars in 726 bytes} [Fri Jul 17 12:07:26 2026] DELETE /v2.0/networks/f9f41958-1a56-412b-99c0-67a38d19ad9a => generated 0 bytes in 987 msecs (HTTP/1.1 204) 3 headers in 131 bytes (1 switches on core 0)
2026-07-17 12:07:27.343 8 INFO neutron.db.ovn_revision_numbers_db [None req-46b4984e-ba50-447c-9c60-fc692f72d276 fa6289368d8a4308b44300d6cb0230a9 f2ce0567c26044858e45b7b7bf12f3c7 - - default default] Successfully bumped revision number for resource 39668108-5e64-48b2-88dc-34f34c304b70 (type: floatingips) to 2
2026-07-17 12:07:27.343 8 INFO neutron.db.l3_db [None req-46b4984e-ba50-447c-9c60-fc692f72d276 fa6289368d8a4308b44300d6cb0230a9 f2ce0567c26044858e45b7b7bf12f3c7 - - default default] Floating IP 39668108-5e64-48b2-88dc-34f34c304b70 associated. External IP: 10.96.250.208, port: e5b3fecb-d93f-4466-a2c1-6f2348e6b05f. [pid: 8|app: 0|req: 910/1738] 10.0.0.187 () {34 vars in 749 bytes} [Fri Jul 17 12:07:26 2026] PUT /v2.0/floatingips/39668108-5e64-48b2-88dc-34f34c304b70 => generated 855 bytes in 772 msecs (HTTP/1.1 200) 4 headers in 157 bytes (1 switches on core 0)
2026-07-17 12:07:27.437 8 INFO neutron.notifiers.nova [-] Nova event matching ['req-b3671f83-c8a9-43a5-b3aa-57effb50ba7b'] response: {'name': 'network-changed', 'server_uuid': '9582de70-dd47-4a57-99f5-122cce11807a', 'tag': 'e5b3fecb-d93f-4466-a2c1-6f2348e6b05f', 'status': 'completed', 'code': 200} [pid: 8|app: 0|req: 911/1739] 10.0.0.187 () {32 vars in 649 bytes} [Fri Jul 17 12:07:27 2026] GET /v2.0/networks => generated 689 bytes in 74 msecs (HTTP/1.1 200) 4 headers in 157 bytes (1 switches on core 0) [pid: 7|app: 0|req: 829/1740] 10.0.0.187 () {32 vars in 776 bytes} [Fri Jul 17 12:07:27 2026] GET /v2.0/subnets?project_id=360140b4d90545a19a1575c50fa9dd16&cidr=10.100.0.0%2F28 => generated 14 bytes in 213 msecs (HTTP/1.1 200) 4 headers in 156 bytes (1 switches on core 0)
2026-07-17 12:07:27.657 7 INFO neutron.db.segments_db [None req-a5d135a0-68e8-4af4-a9b4-2543b530fb3f 1505203c0eee44d8b391d3b3f40c1c55 e4efaeb8f15442b69af494a921b37e0b - - default default] Added segment ca426f22-1409-4b85-a86f-035b154e9b7b of type geneve for network 9684d1e5-e1bd-47ef-a266-eff1297fe4cb
2026-07-17 12:07:27.719 8 INFO neutron.db.ovn_revision_numbers_db [None req-3be598c0-ee7d-44f6-b056-4a873f1efb77 df67dd6472fb44779a1308317cf16c65 7d70b4df365140aabe3eda01b5d55684 - - default default] Successfully bumped revision number for resource a6ec529d-5a38-40e0-9630-82f387180844 (type: security_groups) to 1
2026-07-17 12:07:27.732 8 INFO neutron.db.ovn_revision_numbers_db [None req-3be598c0-ee7d-44f6-b056-4a873f1efb77 df67dd6472fb44779a1308317cf16c65 7d70b4df365140aabe3eda01b5d55684 - - default default] Successfully bumped revision number for resource 307f3115-20ca-45ec-9123-c1f6f103fb70 (type: security_group_rules) to 0
2026-07-17 12:07:27.742 8 INFO neutron.db.ovn_revision_numbers_db [None req-3be598c0-ee7d-44f6-b056-4a873f1efb77 df67dd6472fb44779a1308317cf16c65 7d70b4df365140aabe3eda01b5d55684 - - default default] Successfully bumped revision number for resource 63cae80d-8ade-463b-9cff-f966b3494df4 (type: security_group_rules) to 0
2026-07-17 12:07:27.754 8 INFO neutron.db.ovn_revision_numbers_db [None req-3be598c0-ee7d-44f6-b056-4a873f1efb77 df67dd6472fb44779a1308317cf16c65 7d70b4df365140aabe3eda01b5d55684 - - default default] Successfully bumped revision number for resource 86ddf08e-adb6-44ce-9939-b45ff0abf3b3 (type: security_group_rules) to 0
2026-07-17 12:07:27.764 8 INFO neutron.db.ovn_revision_numbers_db [None req-3be598c0-ee7d-44f6-b056-4a873f1efb77 df67dd6472fb44779a1308317cf16c65 7d70b4df365140aabe3eda01b5d55684 - - default default] Successfully bumped revision number for resource c9d9e540-e168-4147-90ba-6d6565881880 (type: security_group_rules) to 0
2026-07-17 12:07:27.831 8 INFO neutron.db.segments_db [None req-3be598c0-ee7d-44f6-b056-4a873f1efb77 df67dd6472fb44779a1308317cf16c65 7d70b4df365140aabe3eda01b5d55684 - - default default] Added segment e8282ac1-ff66-4ea5-a65c-cb9e9197b9ee of type geneve for network 4c7a1863-20d4-4cff-a6b1-e8f92499560b
2026-07-17 12:07:27.987 8 INFO neutron.db.ovn_revision_numbers_db [None req-3be598c0-ee7d-44f6-b056-4a873f1efb77 df67dd6472fb44779a1308317cf16c65 7d70b4df365140aabe3eda01b5d55684 - - default default] Successfully bumped revision number for resource 4c7a1863-20d4-4cff-a6b1-e8f92499560b (type: networks) to 1
2026-07-17 12:07:28.000 7 INFO neutron.db.ovn_revision_numbers_db [None req-a5d135a0-68e8-4af4-a9b4-2543b530fb3f 1505203c0eee44d8b391d3b3f40c1c55 e4efaeb8f15442b69af494a921b37e0b - - default default] Successfully bumped revision number for resource 9684d1e5-e1bd-47ef-a266-eff1297fe4cb (type: networks) to 1
2026-07-17 12:07:28.175 7 INFO neutron.db.ovn_revision_numbers_db [None req-12e804a3-eb62-404d-b44a-6a45820081c4 - - - - - -] Successfully bumped revision number for resource 391ffebd-6870-4bf1-ac28-50f03755df23 (type: ports) to 4
2026-07-17 12:07:28.186 8 WARNING neutron.scheduler.dhcp_agent_scheduler [None req-3be598c0-ee7d-44f6-b056-4a873f1efb77 df67dd6472fb44779a1308317cf16c65 7d70b4df365140aabe3eda01b5d55684 - - default default] No more DHCP agents
2026-07-17 12:07:28.188 8 WARNING neutron.api.rpc.agentnotifiers.dhcp_rpc_agent_api [None req-3be598c0-ee7d-44f6-b056-4a873f1efb77 df67dd6472fb44779a1308317cf16c65 7d70b4df365140aabe3eda01b5d55684 - - default default] Unable to schedule network 4c7a1863-20d4-4cff-a6b1-e8f92499560b: no agents available; will retry on subsequent port and subnet creation events.
2026-07-17 12:07:28.233 7 INFO neutron.services.segments.plugin [-] Segment 45223d7a-93fb-4b29-8769-03c1d3588cc0 resource provider aggregate not found
2026-07-17 12:07:28.247 7 INFO neutron.services.segments.plugin [-] Segment 45223d7a-93fb-4b29-8769-03c1d3588cc0 resource provider aggregate not found
2026-07-17 12:07:28.263 7 INFO neutron.services.segments.plugin [-] Segment 45223d7a-93fb-4b29-8769-03c1d3588cc0 resource provider not found; error: Placement Client Error (4xx): {"errors": [{"status": 404, "title": "Not Found", "detail": "The resource could not be found.\n\n No resource provider with uuid 45223d7a-93fb-4b29-8769-03c1d3588cc0 found for delete ", "request_id": "req-c6b1153c-e309-407a-ad51-cf9885aa8e56"}]}
2026-07-17 12:07:28.290 7 INFO neutron.services.segments.plugin [-] Segment 45223d7a-93fb-4b29-8769-03c1d3588cc0 resource provider not found; error: Placement Client Error (4xx): {"errors": [{"status": 404, "title": "Not Found", "detail": "The resource could not be found.\n\n No resource provider with uuid 45223d7a-93fb-4b29-8769-03c1d3588cc0 found for delete ", "request_id": "req-e9aa1499-c8cd-415b-8eb3-d3968cdb846b"}]}
2026-07-17 12:07:28.331 8 INFO neutron.db.ovn_revision_numbers_db [None req-3be598c0-ee7d-44f6-b056-4a873f1efb77 df67dd6472fb44779a1308317cf16c65 7d70b4df365140aabe3eda01b5d55684 - - default default] Successfully bumped revision number for resource 070fa509-1ec9-4bae-aac6-58a03d2cb9d0 (type: ports) to 1
2026-07-17 12:07:28.354 7 WARNING neutron.scheduler.dhcp_agent_scheduler [None req-a5d135a0-68e8-4af4-a9b4-2543b530fb3f 1505203c0eee44d8b391d3b3f40c1c55 e4efaeb8f15442b69af494a921b37e0b - - default default] No more DHCP agents
2026-07-17 12:07:28.356 7 WARNING neutron.api.rpc.agentnotifiers.dhcp_rpc_agent_api [None req-a5d135a0-68e8-4af4-a9b4-2543b530fb3f 1505203c0eee44d8b391d3b3f40c1c55 e4efaeb8f15442b69af494a921b37e0b - - default default] Unable to schedule network 9684d1e5-e1bd-47ef-a266-eff1297fe4cb: no agents available; will retry on subsequent port and subnet creation events. [pid: 8|app: 0|req: 912/1741] 10.0.0.187 () {34 vars in 670 bytes} [Fri Jul 17 12:07:27 2026] POST /v2.0/networks => generated 652 bytes in 911 msecs (HTTP/1.1 201) 4 headers in 162 bytes (1 switches on core 0) [pid: 8|app: 0|req: 913/1742] 10.0.0.187 () {32 vars in 694 bytes} [Fri Jul 17 12:07:28 2026] GET /v2.0/networks?router%3Aexternal=True => generated 791 bytes in 77 msecs (HTTP/1.1 200) 4 headers in 157 bytes (1 switches on core 0) [pid: 8|app: 0|req: 914/1743] 199.204.45.109 () {34 vars in 1080 bytes} [Fri Jul 17 12:07:28 2026] GET /v2.0/ports?tenant_id=f2ce0567c26044858e45b7b7bf12f3c7&device_id=9582de70-dd47-4a57-99f5-122cce11807a => generated 1248 bytes in 69 msecs (HTTP/1.1 200) 4 headers in 158 bytes (1 switches on core 0)
2026-07-17 12:07:28.590 7 INFO neutron.db.ovn_revision_numbers_db [None req-a5d135a0-68e8-4af4-a9b4-2543b530fb3f 1505203c0eee44d8b391d3b3f40c1c55 e4efaeb8f15442b69af494a921b37e0b - - default default] Successfully bumped revision number for resource 06d71d26-90ab-47de-be41-ab7170dbd008 (type: ports) to 1
2026-07-17 12:07:28.595 8 INFO neutron.db.segments_db [None req-99911d19-2f2d-4b55-9b79-47b1d6c2e391 df67dd6472fb44779a1308317cf16c65 7d70b4df365140aabe3eda01b5d55684 - - default default] Added segment 80b8afb8-eb09-4702-b3ff-8f610502f1d6 of type geneve for network ce660b6b-451a-47d1-8016-640c4853d0f6 [pid: 7|app: 0|req: 830/1744] 10.0.0.187 () {34 vars in 670 bytes} [Fri Jul 17 12:07:27 2026] POST /v2.0/networks => generated 668 bytes in 1149 msecs (HTTP/1.1 201) 4 headers in 162 bytes (1 switches on core 0) [pid: 7|app: 0|req: 831/1745] 10.0.0.187 () {32 vars in 784 bytes} [Fri Jul 17 12:07:28 2026] GET /v2.0/subnets?network_id=00c31fca-1780-42f5-b8a4-13ed0531af55&cidr=10.100.0.0%2F28 => generated 14 bytes in 37 msecs (HTTP/1.1 200) 4 headers in 156 bytes (1 switches on core 0)
2026-07-17 12:07:28.763 8 INFO neutron.db.ovn_revision_numbers_db [None req-99911d19-2f2d-4b55-9b79-47b1d6c2e391 df67dd6472fb44779a1308317cf16c65 7d70b4df365140aabe3eda01b5d55684 - - default default] Successfully bumped revision number for resource ce660b6b-451a-47d1-8016-640c4853d0f6 (type: networks) to 1 [pid: 7|app: 0|req: 832/1746] 199.204.45.109 () {34 vars in 986 bytes} [Fri Jul 17 12:07:28 2026] GET /v2.0/networks?id=e460fa9b-bcdf-45fe-b0fb-98275b8be4a7 => generated 810 bytes in 121 msecs (HTTP/1.1 200) 4 headers in 157 bytes (1 switches on core 0)
2026-07-17 12:07:28.926 8 WARNING neutron.scheduler.dhcp_agent_scheduler [None req-99911d19-2f2d-4b55-9b79-47b1d6c2e391 df67dd6472fb44779a1308317cf16c65 7d70b4df365140aabe3eda01b5d55684 - - default default] No more DHCP agents
2026-07-17 12:07:28.928 8 WARNING neutron.api.rpc.agentnotifiers.dhcp_rpc_agent_api [None req-99911d19-2f2d-4b55-9b79-47b1d6c2e391 df67dd6472fb44779a1308317cf16c65 7d70b4df365140aabe3eda01b5d55684 - - default default] Unable to schedule network ce660b6b-451a-47d1-8016-640c4853d0f6: no agents available; will retry on subsequent port and subnet creation events.
2026-07-17 12:07:28.961 7 INFO neutron.db.segments_db [None req-0f04986a-b3bb-4d1a-be2c-a8a9f2dfd860 1505203c0eee44d8b391d3b3f40c1c55 e4efaeb8f15442b69af494a921b37e0b - - default default] Added segment 16a70bb0-0ab8-48b9-b34b-b297a7d58b4e of type geneve for network 08f1ccf5-82fe-482c-b031-f017df06ac74
2026-07-17 12:07:29.071 7 INFO neutron.db.ovn_revision_numbers_db [None req-12e804a3-eb62-404d-b44a-6a45820081c4 - - - - - -] Successfully bumped revision number for resource 391ffebd-6870-4bf1-ac28-50f03755df23 (type: ports) to 5
2026-07-17 12:07:29.083 8 INFO neutron.db.ovn_revision_numbers_db [None req-99911d19-2f2d-4b55-9b79-47b1d6c2e391 df67dd6472fb44779a1308317cf16c65 7d70b4df365140aabe3eda01b5d55684 - - default default] Successfully bumped revision number for resource 433b1b0a-4f72-4d78-8585-c4015aab23fb (type: ports) to 1 [pid: 8|app: 0|req: 915/1747] 10.0.0.187 () {34 vars in 670 bytes} [Fri Jul 17 12:07:28 2026] POST /v2.0/networks => generated 653 bytes in 602 msecs (HTTP/1.1 201) 4 headers in 162 bytes (1 switches on core 0)
2026-07-17 12:07:29.311 7 INFO neutron.db.ovn_revision_numbers_db [None req-0f04986a-b3bb-4d1a-be2c-a8a9f2dfd860 1505203c0eee44d8b391d3b3f40c1c55 e4efaeb8f15442b69af494a921b37e0b - - default default] Successfully bumped revision number for resource 08f1ccf5-82fe-482c-b031-f017df06ac74 (type: networks) to 1
2026-07-17 12:07:29.331 7 INFO neutron.plugins.ml2.drivers.ovn.mech_driver.mech_driver [None req-a2d41f58-c132-470a-a753-4c1d9be335a0 - - - - - -] OVN reports status down for port: 070fa509-1ec9-4bae-aac6-58a03d2cb9d0
2026-07-17 12:07:29.362 8 WARNING neutron.scheduler.dhcp_agent_scheduler [None req-2fb273dd-6448-4bf8-9d90-b090475fcaa6 b9bd13ac62944211a10a3e501cd2eec8 360140b4d90545a19a1575c50fa9dd16 - - default default] No more DHCP agents
2026-07-17 12:07:29.364 8 WARNING neutron.api.rpc.agentnotifiers.dhcp_rpc_agent_api [None req-2fb273dd-6448-4bf8-9d90-b090475fcaa6 b9bd13ac62944211a10a3e501cd2eec8 360140b4d90545a19a1575c50fa9dd16 - - default default] Unable to schedule network 747df45b-2f9a-44bd-ad45-8e6f578a7b29: no agents available; will retry on subsequent port and subnet creation events.
2026-07-17 12:07:29.462 7 INFO neutron.plugins.ml2.drivers.ovn.mech_driver.mech_driver [None req-a2d41f58-c132-470a-a753-4c1d9be335a0 - - - - - -] OVN reports status down for port: 06d71d26-90ab-47de-be41-ab7170dbd008
2026-07-17 12:07:29.620 7 INFO neutron.plugins.ml2.drivers.ovn.mech_driver.mech_driver [None req-a2d41f58-c132-470a-a753-4c1d9be335a0 - - - - - -] OVN reports status down for port: 433b1b0a-4f72-4d78-8585-c4015aab23fb
2026-07-17 12:07:29.623 7 WARNING neutron.scheduler.dhcp_agent_scheduler [None req-0f04986a-b3bb-4d1a-be2c-a8a9f2dfd860 1505203c0eee44d8b391d3b3f40c1c55 e4efaeb8f15442b69af494a921b37e0b - - default default] No more DHCP agents
2026-07-17 12:07:29.626 7 WARNING neutron.api.rpc.agentnotifiers.dhcp_rpc_agent_api [None req-0f04986a-b3bb-4d1a-be2c-a8a9f2dfd860 1505203c0eee44d8b391d3b3f40c1c55 e4efaeb8f15442b69af494a921b37e0b - - default default] Unable to schedule network 08f1ccf5-82fe-482c-b031-f017df06ac74: no agents available; will retry on subsequent port and subnet creation events.
2026-07-17 12:07:29.766 7 INFO neutron.plugins.ml2.drivers.ovn.mech_driver.mech_driver [None req-a2d41f58-c132-470a-a753-4c1d9be335a0 - - - - - -] OVN reports status down for port: 5bc1e29d-0d20-4e39-b61c-04c3a6a461ba
2026-07-17 12:07:29.828 7 INFO neutron.db.ovn_revision_numbers_db [None req-0f04986a-b3bb-4d1a-be2c-a8a9f2dfd860 1505203c0eee44d8b391d3b3f40c1c55 e4efaeb8f15442b69af494a921b37e0b - - default default] Successfully bumped revision number for resource 5bc1e29d-0d20-4e39-b61c-04c3a6a461ba (type: ports) to 1
2026-07-17 12:07:29.914 8 INFO neutron.db.ovn_revision_numbers_db [None req-82f0d8b1-4b0b-4483-ad68-ff404808cef5 - - - - - -] Successfully bumped revision number for resource 79819df1-2d2e-4e15-a6d2-8fe2ed10de31 (type: ports) to 2 [pid: 7|app: 0|req: 833/1748] 10.0.0.187 () {34 vars in 670 bytes} [Fri Jul 17 12:07:28 2026] POST /v2.0/networks => generated 669 bytes in 1133 msecs (HTTP/1.1 201) 4 headers in 162 bytes (1 switches on core 0) /var/lib/openstack/lib/python3.12/site-packages/pycadf/identifier.py:70: UserWarning: Invalid uuid: neutron. To ensure interoperability, identifiers should be a valid uuid. warnings.warn(('Invalid uuid: %s. To ensure interoperability, '
2026-07-17 12:07:29.958 8 INFO neutron.db.ovn_revision_numbers_db [None req-82f0d8b1-4b0b-4483-ad68-ff404808cef5 - - - - - -] Successfully bumped revision number for resource ea26c830-bebf-4916-99c8-b9e019302fb6 (type: subnets) to 0 [pid: 8|app: 0|req: 916/1749] 10.0.0.187 () {34 vars in 669 bytes} [Fri Jul 17 12:07:29 2026] POST /v2.0/subnets => generated 657 bytes in 868 msecs (HTTP/1.1 201) 4 headers in 162 bytes (1 switches on core 0) [pid: 7|app: 0|req: 834/1750] 199.204.45.109 () {34 vars in 1058 bytes} [Fri Jul 17 12:07:29 2026] GET /v2.0/floatingips?fixed_ip_address=10.100.0.3&port_id=e5b3fecb-d93f-4466-a2c1-6f2348e6b05f => generated 860 bytes in 66 msecs (HTTP/1.1 200) 4 headers in 157 bytes (1 switches on core 0)
2026-07-17 12:07:30.181 8 WARNING neutron.scheduler.dhcp_agent_scheduler [None req-cf8024c9-d411-4409-afa8-b4e814090657 df67dd6472fb44779a1308317cf16c65 7d70b4df365140aabe3eda01b5d55684 - - default default] No more DHCP agents
2026-07-17 12:07:30.183 8 WARNING neutron.api.rpc.agentnotifiers.dhcp_rpc_agent_api [None req-cf8024c9-d411-4409-afa8-b4e814090657 df67dd6472fb44779a1308317cf16c65 7d70b4df365140aabe3eda01b5d55684 - - default default] Unable to schedule network 4c7a1863-20d4-4cff-a6b1-e8f92499560b: no agents available; will retry on subsequent port and subnet creation events.
2026-07-17 12:07:30.224 8 INFO neutron.db.ovn_revision_numbers_db [None req-cf8024c9-d411-4409-afa8-b4e814090657 df67dd6472fb44779a1308317cf16c65 7d70b4df365140aabe3eda01b5d55684 - - default default] Successfully bumped revision number for resource 1686b859-4200-47f6-9dd0-5f7d386086f8 (type: subnets) to 0 [pid: 8|app: 0|req: 917/1751] 10.0.0.187 () {34 vars in 669 bytes} [Fri Jul 17 12:07:29 2026] POST /v2.0/subnets => generated 646 bytes in 266 msecs (HTTP/1.1 201) 4 headers in 162 bytes (1 switches on core 0)
2026-07-17 12:07:30.456 7 WARNING neutron.scheduler.dhcp_agent_scheduler [None req-409aa513-68b7-4b65-9b02-78abaa5e07fc 1505203c0eee44d8b391d3b3f40c1c55 e4efaeb8f15442b69af494a921b37e0b - - default default] No more DHCP agents
2026-07-17 12:07:30.458 7 WARNING neutron.api.rpc.agentnotifiers.dhcp_rpc_agent_api [None req-409aa513-68b7-4b65-9b02-78abaa5e07fc 1505203c0eee44d8b391d3b3f40c1c55 e4efaeb8f15442b69af494a921b37e0b - - default default] Unable to schedule network 9684d1e5-e1bd-47ef-a266-eff1297fe4cb: no agents available; will retry on subsequent port and subnet creation events.
2026-07-17 12:07:30.548 7 INFO neutron.plugins.ml2.drivers.ovn.mech_driver.mech_driver [None req-a2d41f58-c132-470a-a753-4c1d9be335a0 - - - - - -] OVN reports status down for port: e0e0cf49-fc48-4a81-b3ba-81fe93170196
2026-07-17 12:07:30.638 7 INFO neutron.db.ovn_revision_numbers_db [None req-409aa513-68b7-4b65-9b02-78abaa5e07fc 1505203c0eee44d8b391d3b3f40c1c55 e4efaeb8f15442b69af494a921b37e0b - - default default] Successfully bumped revision number for resource e0e0cf49-fc48-4a81-b3ba-81fe93170196 (type: ports) to 1
2026-07-17 12:07:30.723 7 WARNING neutron.scheduler.dhcp_agent_scheduler [None req-409aa513-68b7-4b65-9b02-78abaa5e07fc 1505203c0eee44d8b391d3b3f40c1c55 e4efaeb8f15442b69af494a921b37e0b - - default default] No more DHCP agents
2026-07-17 12:07:30.725 7 WARNING neutron.api.rpc.agentnotifiers.dhcp_rpc_agent_api [None req-409aa513-68b7-4b65-9b02-78abaa5e07fc 1505203c0eee44d8b391d3b3f40c1c55 e4efaeb8f15442b69af494a921b37e0b - - default default] Unable to schedule network 08f1ccf5-82fe-482c-b031-f017df06ac74: no agents available; will retry on subsequent port and subnet creation events.
2026-07-17 12:07:30.793 7 INFO neutron.plugins.ml2.drivers.ovn.mech_driver.mech_driver [None req-a2d41f58-c132-470a-a753-4c1d9be335a0 - - - - - -] OVN reports status down for port: 5e97095e-b8d3-4d68-a00d-10532938bacd
2026-07-17 12:07:30.882 7 INFO neutron.db.ovn_revision_numbers_db [None req-409aa513-68b7-4b65-9b02-78abaa5e07fc 1505203c0eee44d8b391d3b3f40c1c55 e4efaeb8f15442b69af494a921b37e0b - - default default] Successfully bumped revision number for resource 5e97095e-b8d3-4d68-a00d-10532938bacd (type: ports) to 1
2026-07-17 12:07:30.892 8 WARNING neutron.scheduler.dhcp_agent_scheduler [None req-52f60164-4787-43ed-b6dc-c4d854dd6e41 b9bd13ac62944211a10a3e501cd2eec8 360140b4d90545a19a1575c50fa9dd16 - - default default] No more DHCP agents
2026-07-17 12:07:30.893 8 WARNING neutron.api.rpc.agentnotifiers.dhcp_rpc_agent_api [None req-52f60164-4787-43ed-b6dc-c4d854dd6e41 b9bd13ac62944211a10a3e501cd2eec8 360140b4d90545a19a1575c50fa9dd16 - - default default] Unable to schedule network 747df45b-2f9a-44bd-ad45-8e6f578a7b29: no agents available; will retry on subsequent port and subnet creation events. [pid: 7|app: 0|req: 835/1752] 10.0.0.187 () {34 vars in 665 bytes} [Fri Jul 17 12:07:30 2026] POST /v2.0/ports => generated 1506 bytes in 994 msecs (HTTP/1.1 201) 4 headers in 163 bytes (1 switches on core 0) /var/lib/openstack/lib/python3.12/site-packages/pycadf/identifier.py:70: UserWarning: Invalid uuid: neutron. To ensure interoperability, identifiers should be a valid uuid. warnings.warn(('Invalid uuid: %s. To ensure interoperability, ' [pid: 7|app: 0|req: 836/1753] 199.204.45.109 () {34 vars in 984 bytes} [Fri Jul 17 12:07:30 2026] GET /v2.0/subnets?id=3b86d4d2-895c-4a34-b138-25372d4fcad5 => generated 691 bytes in 78 msecs (HTTP/1.1 200) 4 headers in 157 bytes (1 switches on core 0)
2026-07-17 12:07:31.086 7 INFO neutron.plugins.ml2.drivers.ovn.mech_driver.mech_driver [None req-a2d41f58-c132-470a-a753-4c1d9be335a0 - - - - - -] OVN reports status down for port: 3f5c7c9e-8788-475b-bf21-648079562586
2026-07-17 12:07:31.097 8 INFO neutron.db.ovn_revision_numbers_db [None req-52f60164-4787-43ed-b6dc-c4d854dd6e41 b9bd13ac62944211a10a3e501cd2eec8 360140b4d90545a19a1575c50fa9dd16 - - default default] Successfully bumped revision number for resource 3f5c7c9e-8788-475b-bf21-648079562586 (type: ports) to 1
2026-07-17 12:07:31.320 7 WARNING neutron.scheduler.dhcp_agent_scheduler [None req-d1770514-a495-4fea-af07-637886679791 df67dd6472fb44779a1308317cf16c65 7d70b4df365140aabe3eda01b5d55684 - - default default] No more DHCP agents
2026-07-17 12:07:31.321 7 WARNING neutron.api.rpc.agentnotifiers.dhcp_rpc_agent_api [None req-d1770514-a495-4fea-af07-637886679791 df67dd6472fb44779a1308317cf16c65 7d70b4df365140aabe3eda01b5d55684 - - default default] Unable to schedule network ce660b6b-451a-47d1-8016-640c4853d0f6: no agents available; will retry on subsequent port and subnet creation events.
2026-07-17 12:07:31.365 7 INFO neutron.db.ovn_revision_numbers_db [None req-d1770514-a495-4fea-af07-637886679791 df67dd6472fb44779a1308317cf16c65 7d70b4df365140aabe3eda01b5d55684 - - default default] Successfully bumped revision number for resource dcc49687-850c-46db-a622-21df80048361 (type: subnets) to 0 [pid: 7|app: 0|req: 837/1754] 10.0.0.187 () {34 vars in 669 bytes} [Fri Jul 17 12:07:31 2026] POST /v2.0/subnets => generated 655 bytes in 310 msecs (HTTP/1.1 201) 4 headers in 162 bytes (1 switches on core 0) [pid: 7|app: 0|req: 838/1755] 10.0.0.187 () {32 vars in 643 bytes} [Fri Jul 17 12:07:31 2026] GET /v2.0/ports => generated 3018 bytes in 47 msecs (HTTP/1.1 200) 4 headers in 158 bytes (1 switches on core 0) [pid: 7|app: 0|req: 839/1756] 199.204.45.109 () {34 vars in 1052 bytes} [Fri Jul 17 12:07:31 2026] GET /v2.0/ports?network_id=e460fa9b-bcdf-45fe-b0fb-98275b8be4a7&device_owner=network%3Adhcp => generated 12 bytes in 20 msecs (HTTP/1.1 200) 4 headers in 156 bytes (1 switches on core 0)
2026-07-17 12:07:31.574 7 INFO neutron.db.ovn_revision_numbers_db [None req-5a2da92d-b108-44c2-9974-d708d1030d6b df67dd6472fb44779a1308317cf16c65 7d70b4df365140aabe3eda01b5d55684 - - default default] Successfully bumped revision number for resource 43b7f97f-f5a4-4e33-85b1-8eacce3cb4a3 (type: routers) to 1 [pid: 7|app: 0|req: 840/1757] 10.0.0.187 () {34 vars in 669 bytes} [Fri Jul 17 12:07:31 2026] POST /v2.0/routers => generated 606 bytes in 143 msecs (HTTP/1.1 201) 4 headers in 162 bytes (1 switches on core 0)
2026-07-17 12:07:31.737 7 INFO neutron_taas.services.taas.taas_plugin [None req-46d48031-3dce-4142-a862-0808eae4a0b4 1505203c0eee44d8b391d3b3f40c1c55 e4efaeb8f15442b69af494a921b37e0b - - default default] TaaS: Handle Delete Port: e0e0cf49-fc48-4a81-b3ba-81fe93170196
2026-07-17 12:07:31.739 7 INFO neutron_taas.services.taas.tap_mirror_plugin [None req-46d48031-3dce-4142-a862-0808eae4a0b4 1505203c0eee44d8b391d3b3f40c1c55 e4efaeb8f15442b69af494a921b37e0b - - default default] Tap Mirror: Handle Delete Port: e0e0cf49-fc48-4a81-b3ba-81fe93170196
2026-07-17 12:07:31.836 7 INFO neutron.plugins.ml2.drivers.ovn.mech_driver.mech_driver [None req-a2d41f58-c132-470a-a753-4c1d9be335a0 - - - - - -] OVN reports status up for port: 3f5c7c9e-8788-475b-bf21-648079562586
2026-07-17 12:07:31.850 7 INFO neutron.plugins.ml2.plugin [None req-a2d41f58-c132-470a-a753-4c1d9be335a0 - - - - - -] Attempt 1 to provision port 3f5c7c9e-8788-475b-bf21-648079562586
2026-07-17 12:07:31.882 8 WARNING neutron.scheduler.dhcp_agent_scheduler [None req-52f60164-4787-43ed-b6dc-c4d854dd6e41 b9bd13ac62944211a10a3e501cd2eec8 360140b4d90545a19a1575c50fa9dd16 - - default default] No more DHCP agents
2026-07-17 12:07:31.883 8 WARNING neutron.api.rpc.agentnotifiers.dhcp_rpc_agent_api [None req-52f60164-4787-43ed-b6dc-c4d854dd6e41 b9bd13ac62944211a10a3e501cd2eec8 360140b4d90545a19a1575c50fa9dd16 - - default default] Unable to schedule network 747df45b-2f9a-44bd-ad45-8e6f578a7b29: no agents available; will retry on subsequent port and subnet creation events. [pid: 7|app: 0|req: 841/1758] 10.0.0.187 () {32 vars in 720 bytes} [Fri Jul 17 12:07:31 2026] DELETE /v2.0/ports/e0e0cf49-fc48-4a81-b3ba-81fe93170196 => generated 0 bytes in 443 msecs (HTTP/1.1 204) 3 headers in 131 bytes (1 switches on core 0) [pid: 7|app: 0|req: 842/1759] 199.204.45.109 () {34 vars in 1012 bytes} [Fri Jul 17 12:07:32 2026] GET /v2.0/networks/e460fa9b-bcdf-45fe-b0fb-98275b8be4a7?fields=segments => generated 14 bytes in 82 msecs (HTTP/1.1 200) 4 headers in 156 bytes (1 switches on core 0)
2026-07-17 12:07:32.250 8 INFO neutron.db.ovn_revision_numbers_db [None req-52f60164-4787-43ed-b6dc-c4d854dd6e41 b9bd13ac62944211a10a3e501cd2eec8 360140b4d90545a19a1575c50fa9dd16 - - default default] Successfully bumped revision number for resource 3f5c7c9e-8788-475b-bf21-648079562586 (type: router_ports) to 1 [pid: 8|app: 0|req: 918/1760] 10.0.0.187 () {34 vars in 783 bytes} [Fri Jul 17 12:07:30 2026] PUT /v2.0/routers/4e958e66-cb5c-4baf-a433-334b50f190a1/add_router_interface => generated 309 bytes in 2011 msecs (HTTP/1.1 200) 4 headers in 157 bytes (1 switches on core 0)
2026-07-17 12:07:32.386 8 INFO neutron_taas.services.taas.taas_plugin [None req-9b1318ef-b1ca-4354-a191-ece0359ddb3f 1505203c0eee44d8b391d3b3f40c1c55 e4efaeb8f15442b69af494a921b37e0b - - default default] TaaS: Handle Delete Port: 5e97095e-b8d3-4d68-a00d-10532938bacd
2026-07-17 12:07:32.388 8 INFO neutron_taas.services.taas.tap_mirror_plugin [None req-9b1318ef-b1ca-4354-a191-ece0359ddb3f 1505203c0eee44d8b391d3b3f40c1c55 e4efaeb8f15442b69af494a921b37e0b - - default default] Tap Mirror: Handle Delete Port: 5e97095e-b8d3-4d68-a00d-10532938bacd [pid: 8|app: 0|req: 919/1761] 10.0.0.187 () {32 vars in 720 bytes} [Fri Jul 17 12:07:32 2026] DELETE /v2.0/ports/5e97095e-b8d3-4d68-a00d-10532938bacd => generated 0 bytes in 314 msecs (HTTP/1.1 204) 3 headers in 131 bytes (1 switches on core 0) [pid: 8|app: 0|req: 920/1762] 199.204.45.109 () {34 vars in 1112 bytes} [Fri Jul 17 12:07:32 2026] GET /v2.0/networks/e460fa9b-bcdf-45fe-b0fb-98275b8be4a7?fields=provider%3Aphysical_network&fields=provider%3Anetwork_type => generated 79 bytes in 50 msecs (HTTP/1.1 200) 4 headers in 156 bytes (1 switches on core 0) [pid: 8|app: 0|req: 921/1763] 10.0.0.187 () {32 vars in 649 bytes} [Fri Jul 17 12:07:32 2026] GET /v2.0/networks => generated 7757 bytes in 124 msecs (HTTP/1.1 200) 4 headers in 158 bytes (1 switches on core 0) [pid: 8|app: 0|req: 922/1764] 10.0.0.187 () {32 vars in 643 bytes} [Fri Jul 17 12:07:32 2026] GET /v2.0/ports => generated 1523 bytes in 87 msecs (HTTP/1.1 200) 4 headers in 158 bytes (1 switches on core 0) [pid: 8|app: 0|req: 923/1765] 10.0.0.187 () {32 vars in 647 bytes} [Fri Jul 17 12:07:32 2026] GET /v2.0/subnets => generated 4646 bytes in 37 msecs (HTTP/1.1 200) 4 headers in 158 bytes (1 switches on core 0)
2026-07-17 12:07:32.930 7 INFO neutron.db.ovn_revision_numbers_db [None req-a2d41f58-c132-470a-a753-4c1d9be335a0 - - - - - -] Successfully bumped revision number for resource 3f5c7c9e-8788-475b-bf21-648079562586 (type: ports) to 2
2026-07-17 12:07:32.952 8 INFO neutron.db.segments_db [None req-c28ca5e8-d66c-484d-b881-13c7acd7b253 1505203c0eee44d8b391d3b3f40c1c55 e4efaeb8f15442b69af494a921b37e0b - - default default] Added segment 6e05883d-4874-4d5d-a6a6-d7b56e3c6e8b of type geneve for network d3480775-e132-46e8-bd00-ef873631b0a6
2026-07-17 12:07:33.094 8 INFO neutron.db.ovn_revision_numbers_db [None req-c28ca5e8-d66c-484d-b881-13c7acd7b253 1505203c0eee44d8b391d3b3f40c1c55 e4efaeb8f15442b69af494a921b37e0b - - default default] Successfully bumped revision number for resource d3480775-e132-46e8-bd00-ef873631b0a6 (type: networks) to 1
2026-07-17 12:07:33.130 7 WARNING neutron.scheduler.dhcp_agent_scheduler [None req-86edf648-6172-4037-80b1-19448308480d df67dd6472fb44779a1308317cf16c65 7d70b4df365140aabe3eda01b5d55684 - - default default] No more DHCP agents
2026-07-17 12:07:33.133 7 WARNING neutron.api.rpc.agentnotifiers.dhcp_rpc_agent_api [None req-86edf648-6172-4037-80b1-19448308480d df67dd6472fb44779a1308317cf16c65 7d70b4df365140aabe3eda01b5d55684 - - default default] Unable to schedule network 4c7a1863-20d4-4cff-a6b1-e8f92499560b: no agents available; will retry on subsequent port and subnet creation events.
2026-07-17 12:07:33.316 7 INFO neutron.db.ovn_revision_numbers_db [None req-86edf648-6172-4037-80b1-19448308480d df67dd6472fb44779a1308317cf16c65 7d70b4df365140aabe3eda01b5d55684 - - default default] Successfully bumped revision number for resource d582f6bd-1472-43a7-b535-e6082ce7fdcc (type: ports) to 1
2026-07-17 12:07:33.320 8 WARNING neutron.scheduler.dhcp_agent_scheduler [None req-c28ca5e8-d66c-484d-b881-13c7acd7b253 1505203c0eee44d8b391d3b3f40c1c55 e4efaeb8f15442b69af494a921b37e0b - - default default] No more DHCP agents
2026-07-17 12:07:33.322 8 WARNING neutron.api.rpc.agentnotifiers.dhcp_rpc_agent_api [None req-c28ca5e8-d66c-484d-b881-13c7acd7b253 1505203c0eee44d8b391d3b3f40c1c55 e4efaeb8f15442b69af494a921b37e0b - - default default] Unable to schedule network d3480775-e132-46e8-bd00-ef873631b0a6: no agents available; will retry on subsequent port and subnet creation events.
2026-07-17 12:07:33.436 8 INFO neutron.db.ovn_revision_numbers_db [None req-c28ca5e8-d66c-484d-b881-13c7acd7b253 1505203c0eee44d8b391d3b3f40c1c55 e4efaeb8f15442b69af494a921b37e0b - - default default] Successfully bumped revision number for resource 8a9229ad-8431-4d5b-9ccc-5a01509d8a42 (type: ports) to 1 [pid: 8|app: 0|req: 924/1766] 10.0.0.187 () {34 vars in 670 bytes} [Fri Jul 17 12:07:32 2026] POST /v2.0/networks => generated 668 bytes in 586 msecs (HTTP/1.1 201) 4 headers in 162 bytes (1 switches on core 0) [pid: 8|app: 0|req: 925/1767] 10.0.0.187 () {32 vars in 647 bytes} [Fri Jul 17 12:07:33 2026] GET /v2.0/routers => generated 3513 bytes in 57 msecs (HTTP/1.1 200) 4 headers in 158 bytes (1 switches on core 0)
2026-07-17 12:07:33.595 8 INFO neutron.db.segments_db [None req-506f7648-96d1-4aa6-9500-c3b053dc2d5d 1505203c0eee44d8b391d3b3f40c1c55 e4efaeb8f15442b69af494a921b37e0b - - default default] Added segment 45e46b6d-8863-4ce7-9d0a-552bd7443405 of type geneve for network 26bf2b43-603f-4455-ae8e-ed22cc4ae6bb
2026-07-17 12:07:33.749 8 INFO neutron.db.ovn_revision_numbers_db [None req-506f7648-96d1-4aa6-9500-c3b053dc2d5d 1505203c0eee44d8b391d3b3f40c1c55 e4efaeb8f15442b69af494a921b37e0b - - default default] Successfully bumped revision number for resource 26bf2b43-603f-4455-ae8e-ed22cc4ae6bb (type: networks) to 1
2026-07-17 12:07:33.910 8 WARNING neutron.scheduler.dhcp_agent_scheduler [None req-506f7648-96d1-4aa6-9500-c3b053dc2d5d 1505203c0eee44d8b391d3b3f40c1c55 e4efaeb8f15442b69af494a921b37e0b - - default default] No more DHCP agents
2026-07-17 12:07:33.913 8 WARNING neutron.api.rpc.agentnotifiers.dhcp_rpc_agent_api [None req-506f7648-96d1-4aa6-9500-c3b053dc2d5d 1505203c0eee44d8b391d3b3f40c1c55 e4efaeb8f15442b69af494a921b37e0b - - default default] Unable to schedule network 26bf2b43-603f-4455-ae8e-ed22cc4ae6bb: no agents available; will retry on subsequent port and subnet creation events.
2026-07-17 12:07:34.037 8 INFO neutron.db.ovn_revision_numbers_db [None req-506f7648-96d1-4aa6-9500-c3b053dc2d5d 1505203c0eee44d8b391d3b3f40c1c55 e4efaeb8f15442b69af494a921b37e0b - - default default] Successfully bumped revision number for resource 96b35a64-7875-4078-b2a1-1e055903b7bb (type: ports) to 1 [pid: 8|app: 0|req: 926/1768] 10.0.0.187 () {34 vars in 670 bytes} [Fri Jul 17 12:07:33 2026] POST /v2.0/networks => generated 668 bytes in 547 msecs (HTTP/1.1 201) 4 headers in 162 bytes (1 switches on core 0)
2026-07-17 12:07:34.070 7 WARNING neutron.scheduler.dhcp_agent_scheduler [None req-86edf648-6172-4037-80b1-19448308480d df67dd6472fb44779a1308317cf16c65 7d70b4df365140aabe3eda01b5d55684 - - default default] No more DHCP agents
2026-07-17 12:07:34.071 7 WARNING neutron.api.rpc.agentnotifiers.dhcp_rpc_agent_api [None req-86edf648-6172-4037-80b1-19448308480d df67dd6472fb44779a1308317cf16c65 7d70b4df365140aabe3eda01b5d55684 - - default default] Unable to schedule network 4c7a1863-20d4-4cff-a6b1-e8f92499560b: no agents available; will retry on subsequent port and subnet creation events.
2026-07-17 12:07:34.195 8 INFO neutron.db.ovn_revision_numbers_db [None req-1f86be9c-8cc5-4e22-bd73-b8b085892952 b9bd13ac62944211a10a3e501cd2eec8 360140b4d90545a19a1575c50fa9dd16 - - default default] Successfully bumped revision number for resource 6d1e0542-62f6-4256-853f-e82fbea2f3d4 (type: security_groups) to 1
2026-07-17 12:07:34.220 8 INFO neutron.db.ovn_revision_numbers_db [None req-1f86be9c-8cc5-4e22-bd73-b8b085892952 b9bd13ac62944211a10a3e501cd2eec8 360140b4d90545a19a1575c50fa9dd16 - - default default] Successfully bumped revision number for resource 09ca672b-7f31-4fdb-adfc-c0325c9b87cb (type: security_group_rules) to 0
2026-07-17 12:07:34.234 8 INFO neutron.db.ovn_revision_numbers_db [None req-1f86be9c-8cc5-4e22-bd73-b8b085892952 b9bd13ac62944211a10a3e501cd2eec8 360140b4d90545a19a1575c50fa9dd16 - - default default] Successfully bumped revision number for resource e2467129-de47-49bc-aba2-3fe413755b53 (type: security_group_rules) to 0 [pid: 8|app: 0|req: 927/1769] 10.0.0.187 () {34 vars in 685 bytes} [Fri Jul 17 12:07:34 2026] POST /v2.0/security-groups => generated 1671 bytes in 226 msecs (HTTP/1.1 201) 4 headers in 163 bytes (1 switches on core 0)
2026-07-17 12:07:34.356 7 INFO neutron.db.ovn_revision_numbers_db [None req-86edf648-6172-4037-80b1-19448308480d df67dd6472fb44779a1308317cf16c65 7d70b4df365140aabe3eda01b5d55684 - - default default] Successfully bumped revision number for resource d582f6bd-1472-43a7-b535-e6082ce7fdcc (type: router_ports) to 1 [pid: 7|app: 0|req: 843/1770] 10.0.0.187 () {34 vars in 783 bytes} [Fri Jul 17 12:07:32 2026] PUT /v2.0/routers/43b7f97f-f5a4-4e33-85b1-8eacce3cb4a3/add_router_interface => generated 309 bytes in 2242 msecs (HTTP/1.1 200) 4 headers in 157 bytes (1 switches on core 0)
2026-07-17 12:07:34.508 7 INFO neutron.db.ovn_revision_numbers_db [None req-c30c8af9-772b-4cd8-9f81-88e0ad18f49f b9bd13ac62944211a10a3e501cd2eec8 360140b4d90545a19a1575c50fa9dd16 - - default default] Successfully bumped revision number for resource 548da59b-9c25-4713-9d48-a79987c09b67 (type: security_group_rules) to 0 [pid: 7|app: 0|req: 844/1771] 10.0.0.187 () {34 vars in 695 bytes} [Fri Jul 17 12:07:34 2026] POST /v2.0/security-group-rules => generated 597 bytes in 179 msecs (HTTP/1.1 201) 4 headers in 162 bytes (1 switches on core 0)
2026-07-17 12:07:34.609 8 WARNING neutron.scheduler.dhcp_agent_scheduler [None req-b1e72381-fd5b-4060-b154-8fe91cac2297 1505203c0eee44d8b391d3b3f40c1c55 e4efaeb8f15442b69af494a921b37e0b - - default default] No more DHCP agents
2026-07-17 12:07:34.610 8 WARNING neutron.api.rpc.agentnotifiers.dhcp_rpc_agent_api [None req-b1e72381-fd5b-4060-b154-8fe91cac2297 1505203c0eee44d8b391d3b3f40c1c55 e4efaeb8f15442b69af494a921b37e0b - - default default] Unable to schedule network d3480775-e132-46e8-bd00-ef873631b0a6: no agents available; will retry on subsequent port and subnet creation events. [pid: 7|app: 0|req: 845/1772] 10.0.0.187 () {32 vars in 717 bytes} [Fri Jul 17 12:07:34 2026] GET /v2.0/ports/d582f6bd-1472-43a7-b535-e6082ce7fdcc => generated 945 bytes in 77 msecs (HTTP/1.1 200) 4 headers in 157 bytes (1 switches on core 0)
2026-07-17 12:07:34.781 7 INFO neutron.db.ovn_revision_numbers_db [None req-ed9ebdb4-c1ed-44a7-90fa-acc6578ccc10 b9bd13ac62944211a10a3e501cd2eec8 360140b4d90545a19a1575c50fa9dd16 - - default default] Successfully bumped revision number for resource 33edef32-dfed-4c59-addb-e4b3b20582d7 (type: security_group_rules) to 0 [pid: 7|app: 0|req: 846/1773] 10.0.0.187 () {34 vars in 695 bytes} [Fri Jul 17 12:07:34 2026] POST /v2.0/security-group-rules => generated 596 bytes in 187 msecs (HTTP/1.1 201) 4 headers in 162 bytes (1 switches on core 0) [pid: 7|app: 0|req: 847/1774] 10.0.0.121 () {34 vars in 990 bytes} [Fri Jul 17 12:07:34 2026] GET /v2.0/ports?device_id=9582de70-dd47-4a57-99f5-122cce11807a => generated 1010 bytes in 63 msecs (HTTP/1.1 200) 4 headers in 158 bytes (1 switches on core 0)
2026-07-17 12:07:35.151 8 INFO neutron.db.ovn_revision_numbers_db [None req-2871c96d-3e8b-42bb-b24d-325643ff779a - - - - - -] Successfully bumped revision number for resource 8a9229ad-8431-4d5b-9ccc-5a01509d8a42 (type: ports) to 2
2026-07-17 12:07:35.181 8 INFO neutron.db.ovn_revision_numbers_db [None req-2871c96d-3e8b-42bb-b24d-325643ff779a - - - - - -] Successfully bumped revision number for resource 17043ee9-e29e-42dc-9e53-f4b3112778b2 (type: subnets) to 0
2026-07-17 12:07:35.229 8 WARNING neutron.scheduler.dhcp_agent_scheduler [None req-b1e72381-fd5b-4060-b154-8fe91cac2297 1505203c0eee44d8b391d3b3f40c1c55 e4efaeb8f15442b69af494a921b37e0b - - default default] No more DHCP agents
2026-07-17 12:07:35.230 8 WARNING neutron.api.rpc.agentnotifiers.dhcp_rpc_agent_api [None req-b1e72381-fd5b-4060-b154-8fe91cac2297 1505203c0eee44d8b391d3b3f40c1c55 e4efaeb8f15442b69af494a921b37e0b - - default default] Unable to schedule network 26bf2b43-603f-4455-ae8e-ed22cc4ae6bb: no agents available; will retry on subsequent port and subnet creation events.
2026-07-17 12:07:35.370 7 WARNING neutron.scheduler.dhcp_agent_scheduler [None req-2976d6c3-e295-411a-88c9-85e6272995fc df67dd6472fb44779a1308317cf16c65 7d70b4df365140aabe3eda01b5d55684 - - default default] No more DHCP agents
2026-07-17 12:07:35.371 7 WARNING neutron.api.rpc.agentnotifiers.dhcp_rpc_agent_api [None req-2976d6c3-e295-411a-88c9-85e6272995fc df67dd6472fb44779a1308317cf16c65 7d70b4df365140aabe3eda01b5d55684 - - default default] Unable to schedule network ce660b6b-451a-47d1-8016-640c4853d0f6: no agents available; will retry on subsequent port and subnet creation events.
2026-07-17 12:07:35.515 7 INFO neutron.db.ovn_revision_numbers_db [None req-2976d6c3-e295-411a-88c9-85e6272995fc df67dd6472fb44779a1308317cf16c65 7d70b4df365140aabe3eda01b5d55684 - - default default] Successfully bumped revision number for resource 041ea651-cfb8-4e4b-bcee-d24ab968ad57 (type: ports) to 1
2026-07-17 12:07:35.795 8 INFO neutron.db.ovn_revision_numbers_db [None req-24747569-9d5e-4e47-bfc7-4e6783d13b65 - - - - - -] Successfully bumped revision number for resource 96b35a64-7875-4078-b2a1-1e055903b7bb (type: ports) to 2
2026-07-17 12:07:35.820 8 INFO neutron.db.ovn_revision_numbers_db [None req-24747569-9d5e-4e47-bfc7-4e6783d13b65 - - - - - -] Successfully bumped revision number for resource 35064c9c-9dbc-4129-bbd1-f4a23c3cbdaa (type: subnets) to 0 [pid: 8|app: 0|req: 928/1775] 10.0.0.187 () {34 vars in 669 bytes} [Fri Jul 17 12:07:34 2026] POST /v2.0/subnets => generated 1274 bytes in 1548 msecs (HTTP/1.1 201) 4 headers in 163 bytes (1 switches on core 0)
2026-07-17 12:07:35.993 8 INFO neutron.db.ovn_revision_numbers_db [None req-28b8aa76-49c3-4f0b-a92c-d1f6f8f1bfbc b9bd13ac62944211a10a3e501cd2eec8 360140b4d90545a19a1575c50fa9dd16 - - default default] Successfully bumped revision number for resource f0f0c845-68cd-4dbc-b3fa-8dabeae22b7c (type: security_group_rules) to 0 [pid: 8|app: 0|req: 929/1776] 10.0.0.187 () {34 vars in 695 bytes} [Fri Jul 17 12:07:35 2026] POST /v2.0/security-group-rules => generated 602 bytes in 188 msecs (HTTP/1.1 201) 4 headers in 162 bytes (1 switches on core 0) [pid: 8|app: 0|req: 930/1777] 10.0.0.121 () {34 vars in 1120 bytes} [Fri Jul 17 12:07:36 2026] GET /v2.0/security-groups?id=53b0dc0e-9f41-4610-ae76-6522314e10ca&id=81ff73d7-e9e7-4681-b5e1-a5b0447ac2d0&fields=id&fields=name => generated 207 bytes in 33 msecs (HTTP/1.1 200) 4 headers in 157 bytes (1 switches on core 0) [pid: 8|app: 0|req: 931/1778] 10.0.0.187 () {32 vars in 647 bytes} [Fri Jul 17 12:07:36 2026] GET /v2.0/subnets => generated 1910 bytes in 47 msecs (HTTP/1.1 200) 4 headers in 158 bytes (1 switches on core 0)
2026-07-17 12:07:36.308 8 INFO neutron.db.ovn_revision_numbers_db [None req-10d1362e-5d50-4079-817a-60194d99282e b9bd13ac62944211a10a3e501cd2eec8 360140b4d90545a19a1575c50fa9dd16 - - default default] Successfully bumped revision number for resource 813e184b-0963-49b1-be86-d1ba24bed101 (type: security_group_rules) to 0 [pid: 8|app: 0|req: 932/1779] 10.0.0.187 () {34 vars in 695 bytes} [Fri Jul 17 12:07:36 2026] POST /v2.0/security-group-rules => generated 601 bytes in 234 msecs (HTTP/1.1 201) 4 headers in 162 bytes (1 switches on core 0)
2026-07-17 12:07:36.348 7 WARNING neutron.scheduler.dhcp_agent_scheduler [None req-2976d6c3-e295-411a-88c9-85e6272995fc df67dd6472fb44779a1308317cf16c65 7d70b4df365140aabe3eda01b5d55684 - - default default] No more DHCP agents
2026-07-17 12:07:36.350 7 WARNING neutron.api.rpc.agentnotifiers.dhcp_rpc_agent_api [None req-2976d6c3-e295-411a-88c9-85e6272995fc df67dd6472fb44779a1308317cf16c65 7d70b4df365140aabe3eda01b5d55684 - - default default] Unable to schedule network ce660b6b-451a-47d1-8016-640c4853d0f6: no agents available; will retry on subsequent port and subnet creation events. [pid: 8|app: 0|req: 933/1780] 10.0.0.187 () {32 vars in 736 bytes} [Fri Jul 17 12:07:36 2026] GET /v2.0/ports?device_id=9582de70-dd47-4a57-99f5-122cce11807a => generated 1248 bytes in 130 msecs (HTTP/1.1 200) 4 headers in 158 bytes (1 switches on core 0)
2026-07-17 12:07:36.603 7 INFO neutron.db.ovn_revision_numbers_db [None req-2976d6c3-e295-411a-88c9-85e6272995fc df67dd6472fb44779a1308317cf16c65 7d70b4df365140aabe3eda01b5d55684 - - default default] Successfully bumped revision number for resource 041ea651-cfb8-4e4b-bcee-d24ab968ad57 (type: router_ports) to 1 [pid: 7|app: 0|req: 848/1781] 10.0.0.187 () {34 vars in 783 bytes} [Fri Jul 17 12:07:34 2026] PUT /v2.0/routers/43b7f97f-f5a4-4e33-85b1-8eacce3cb4a3/add_router_interface => generated 309 bytes in 1738 msecs (HTTP/1.1 200) 4 headers in 157 bytes (1 switches on core 0)
2026-07-17 12:07:36.651 7 INFO neutron.db.securitygroups_db [None req-4c419ba3-09b4-40be-adf1-c4432429e1a2 b9bd13ac62944211a10a3e501cd2eec8 360140b4d90545a19a1575c50fa9dd16 - - default default] Project 360140b4d90545a19a1575c50fa9dd16 added a security group rule with legacy IPv6 ICMP protocol name icmp, ipv6-icmp should be used instead. It was automatically converted. [pid: 8|app: 0|req: 934/1782] 10.0.0.187 () {32 vars in 724 bytes} [Fri Jul 17 12:07:36 2026] DELETE /v2.0/subnets/17043ee9-e29e-42dc-9e53-f4b3112778b2 => generated 0 bytes in 250 msecs (HTTP/1.1 204) 3 headers in 131 bytes (1 switches on core 0) [pid: 8|app: 0|req: 935/1783] 10.0.0.187 () {32 vars in 858 bytes} [Fri Jul 17 12:07:36 2026] GET /v2.0/floatingips?floating_network_id=00c31fca-1780-42f5-b8a4-13ed0531af55&port_id=e5b3fecb-d93f-4466-a2c1-6f2348e6b05f => generated 860 bytes in 75 msecs (HTTP/1.1 200) 4 headers in 157 bytes (1 switches on core 0)
2026-07-17 12:07:36.808 7 INFO neutron.db.ovn_revision_numbers_db [None req-4c419ba3-09b4-40be-adf1-c4432429e1a2 b9bd13ac62944211a10a3e501cd2eec8 360140b4d90545a19a1575c50fa9dd16 - - default default] Successfully bumped revision number for resource a079cf87-3a4c-4c5d-b941-58e6f06bdb5d (type: security_group_rules) to 0 [pid: 7|app: 0|req: 849/1784] 10.0.0.187 () {34 vars in 695 bytes} [Fri Jul 17 12:07:36 2026] POST /v2.0/security-group-rules => generated 607 bytes in 227 msecs (HTTP/1.1 201) 4 headers in 162 bytes (1 switches on core 0) [pid: 8|app: 0|req: 936/1785] 10.0.0.187 () {32 vars in 717 bytes} [Fri Jul 17 12:07:36 2026] GET /v2.0/ports/041ea651-cfb8-4e4b-bcee-d24ab968ad57 => generated 953 bytes in 83 msecs (HTTP/1.1 200) 4 headers in 157 bytes (1 switches on core 0)
2026-07-17 12:07:36.916 8 INFO neutron.db.securitygroups_db [None req-3c2ec1e7-dab4-4201-a90b-8dd62d82b3e9 b9bd13ac62944211a10a3e501cd2eec8 360140b4d90545a19a1575c50fa9dd16 - - default default] Project 360140b4d90545a19a1575c50fa9dd16 added a security group rule with legacy IPv6 ICMP protocol name icmp, ipv6-icmp should be used instead. It was automatically converted.
2026-07-17 12:07:37.043 8 INFO neutron.db.ovn_revision_numbers_db [None req-3c2ec1e7-dab4-4201-a90b-8dd62d82b3e9 b9bd13ac62944211a10a3e501cd2eec8 360140b4d90545a19a1575c50fa9dd16 - - default default] Successfully bumped revision number for resource df115db5-1083-481b-bd6f-1c8de611173b (type: security_group_rules) to 0 [pid: 7|app: 0|req: 850/1786] 10.0.0.187 () {32 vars in 724 bytes} [Fri Jul 17 12:07:36 2026] DELETE /v2.0/subnets/35064c9c-9dbc-4129-bbd1-f4a23c3cbdaa => generated 0 bytes in 212 msecs (HTTP/1.1 204) 3 headers in 131 bytes (1 switches on core 0) [pid: 8|app: 0|req: 937/1787] 10.0.0.187 () {34 vars in 695 bytes} [Fri Jul 17 12:07:36 2026] POST /v2.0/security-group-rules => generated 606 bytes in 187 msecs (HTTP/1.1 201) 4 headers in 162 bytes (1 switches on core 0) [pid: 8|app: 0|req: 938/1788] 10.0.0.107 () {34 vars in 990 bytes} [Fri Jul 17 12:07:37 2026] GET /v2.0/ports?device_id=9582de70-dd47-4a57-99f5-122cce11807a => generated 1248 bytes in 42 msecs (HTTP/1.1 200) 4 headers in 158 bytes (1 switches on core 0) [pid: 7|app: 0|req: 851/1789] 10.0.0.187 () {32 vars in 717 bytes} [Fri Jul 17 12:07:37 2026] GET /v2.0/ports/041ea651-cfb8-4e4b-bcee-d24ab968ad57 => generated 953 bytes in 88 msecs (HTTP/1.1 200) 4 headers in 157 bytes (1 switches on core 0) [pid: 8|app: 0|req: 939/1790] 10.0.0.187 () {32 vars in 647 bytes} [Fri Jul 17 12:07:37 2026] GET /v2.0/subnets => generated 649 bytes in 28 msecs (HTTP/1.1 200) 4 headers in 157 bytes (1 switches on core 0) [pid: 7|app: 0|req: 852/1791] 10.0.0.107 () {34 vars in 1120 bytes} [Fri Jul 17 12:07:37 2026] GET /v2.0/security-groups?id=53b0dc0e-9f41-4610-ae76-6522314e10ca&id=81ff73d7-e9e7-4681-b5e1-a5b0447ac2d0&fields=id&fields=name => generated 207 bytes in 29 msecs (HTTP/1.1 200) 4 headers in 157 bytes (1 switches on core 0)
2026-07-17 12:07:37.290 8 INFO neutron_taas.services.taas.taas_plugin [None req-7f9b9eb1-b8ef-4027-8d7b-aface7fcf147 1505203c0eee44d8b391d3b3f40c1c55 e4efaeb8f15442b69af494a921b37e0b - - default default] TaaS: Handle Delete Port: 96b35a64-7875-4078-b2a1-1e055903b7bb
2026-07-17 12:07:37.298 8 INFO neutron_taas.services.taas.tap_mirror_plugin [None req-7f9b9eb1-b8ef-4027-8d7b-aface7fcf147 1505203c0eee44d8b391d3b3f40c1c55 e4efaeb8f15442b69af494a921b37e0b - - default default] Tap Mirror: Handle Delete Port: 96b35a64-7875-4078-b2a1-1e055903b7bb
2026-07-17 12:07:37.505 8 INFO neutron.services.segments.plugin [-] Segment 45e46b6d-8863-4ce7-9d0a-552bd7443405 resource provider aggregate not found
2026-07-17 12:07:37.520 8 INFO neutron.services.segments.plugin [-] Segment 45e46b6d-8863-4ce7-9d0a-552bd7443405 resource provider aggregate not found
2026-07-17 12:07:37.527 8 INFO neutron.services.segments.plugin [-] Segment 45e46b6d-8863-4ce7-9d0a-552bd7443405 resource provider not found; error: Placement Client Error (4xx): {"errors": [{"status": 404, "title": "Not Found", "detail": "The resource could not be found.\n\n No resource provider with uuid 45e46b6d-8863-4ce7-9d0a-552bd7443405 found for delete ", "request_id": "req-6128d601-45d8-4145-a3c6-18e36b260205"}]}
2026-07-17 12:07:37.537 8 INFO neutron.services.segments.plugin [-] Segment 45e46b6d-8863-4ce7-9d0a-552bd7443405 resource provider not found; error: Placement Client Error (4xx): {"errors": [{"status": 404, "title": "Not Found", "detail": "The resource could not be found.\n\n No resource provider with uuid 45e46b6d-8863-4ce7-9d0a-552bd7443405 found for delete ", "request_id": "req-f7e2ec53-c492-4fae-af7e-9e44e7b21c64"}]} [pid: 8|app: 0|req: 940/1792] 10.0.0.187 () {32 vars in 726 bytes} [Fri Jul 17 12:07:37 2026] DELETE /v2.0/networks/26bf2b43-603f-4455-ae8e-ed22cc4ae6bb => generated 0 bytes in 431 msecs (HTTP/1.1 204) 3 headers in 131 bytes (1 switches on core 0) [pid: 7|app: 0|req: 853/1793] 10.0.0.187 () {32 vars in 649 bytes} [Fri Jul 17 12:07:37 2026] GET /v2.0/networks => generated 1373 bytes in 141 msecs (HTTP/1.1 200) 4 headers in 158 bytes (1 switches on core 0) [pid: 7|app: 0|req: 854/1794] 10.0.0.121 () {34 vars in 1096 bytes} [Fri Jul 17 12:07:37 2026] GET /v2.0/security-groups?name=tempest-secgroup-smoke-62828388&fields=id&tenant_id=360140b4d90545a19a1575c50fa9dd16 => generated 69 bytes in 30 msecs (HTTP/1.1 200) 4 headers in 156 bytes (1 switches on core 0)
2026-07-17 12:07:37.783 8 INFO neutron_taas.services.taas.taas_plugin [None req-a59ee719-25eb-4a72-b49c-fd752ec7209e 1505203c0eee44d8b391d3b3f40c1c55 e4efaeb8f15442b69af494a921b37e0b - - default default] TaaS: Handle Delete Port: 8a9229ad-8431-4d5b-9ccc-5a01509d8a42
