2026-07-17 12:07:49.931 8 INFO neutron.pecan_wsgi.hooks.translation [None req-89935517-7071-4f55-a45f-91fa1dd1c886 c0a4e09b383b4b5cba5075bab3762905 e7eb86a1abd84c8b88b14051ee4fe0fd - - default default] DELETE failed (client error): The resource could not be found. [pid: 8|app: 0|req: 982/1882] 10.0.0.187 () {32 vars in 724 bytes} [Fri Jul 17 12:07:49 2026] DELETE /v2.0/subnets/97b5eada-84d7-409c-826d-b5049490fb53 => generated 136 bytes in 13 msecs (HTTP/1.1 404) 4 headers in 164 bytes (1 switches on core 0)
2026-07-17 12:07:49.951 7 WARNING neutron.scheduler.dhcp_agent_scheduler [None req-a6097369-5a9f-4c00-866a-b6d89fbd7345 df67dd6472fb44779a1308317cf16c65 7d70b4df365140aabe3eda01b5d55684 - - default default] No more DHCP agents
2026-07-17 12:07:49.953 7 WARNING neutron.api.rpc.agentnotifiers.dhcp_rpc_agent_api [None req-a6097369-5a9f-4c00-866a-b6d89fbd7345 df67dd6472fb44779a1308317cf16c65 7d70b4df365140aabe3eda01b5d55684 - - default default] Unable to schedule network 70c0e0bd-7010-4d79-aabc-3218d333e3db: no agents available; will retry on subsequent port and subnet creation events.
2026-07-17 12:07:50.087 7 INFO neutron.db.ovn_revision_numbers_db [None req-a6097369-5a9f-4c00-866a-b6d89fbd7345 df67dd6472fb44779a1308317cf16c65 7d70b4df365140aabe3eda01b5d55684 - - default default] Successfully bumped revision number for resource a8a29f59-49be-427d-913a-0190faae2dd3 (type: ports) to 1 [pid: 7|app: 0|req: 901/1883] 10.0.0.187 () {34 vars in 670 bytes} [Fri Jul 17 12:07:49 2026] POST /v2.0/networks => generated 653 bytes in 704 msecs (HTTP/1.1 201) 4 headers in 162 bytes (1 switches on core 0)
2026-07-17 12:07:50.123 7 INFO neutron.pecan_wsgi.hooks.translation [None req-2f2b23d7-9ca7-4bde-9cbf-3c055bd40030 c0a4e09b383b4b5cba5075bab3762905 e7eb86a1abd84c8b88b14051ee4fe0fd - - default default] DELETE failed (client error): The resource could not be found. [pid: 7|app: 0|req: 902/1884] 10.0.0.187 () {32 vars in 726 bytes} [Fri Jul 17 12:07:50 2026] DELETE /v2.0/networks/b89f8b61-0220-4c0e-b4fc-267b22d9a089 => generated 138 bytes in 14 msecs (HTTP/1.1 404) 4 headers in 164 bytes (1 switches on core 0) [pid: 8|app: 0|req: 983/1885] 10.0.0.187 () {32 vars in 724 bytes} [Fri Jul 17 12:07:49 2026] DELETE /v2.0/subnets/3b86d4d2-895c-4a34-b138-25372d4fcad5 => generated 0 bytes in 277 msecs (HTTP/1.1 204) 3 headers in 131 bytes (1 switches on core 0)
2026-07-17 12:07:50.323 7 WARNING neutron.scheduler.dhcp_agent_scheduler [None req-f8f62a87-0a10-498e-913d-6df1bd9559f1 df67dd6472fb44779a1308317cf16c65 7d70b4df365140aabe3eda01b5d55684 - - default default] No more DHCP agents
2026-07-17 12:07:50.324 7 WARNING neutron.api.rpc.agentnotifiers.dhcp_rpc_agent_api [None req-f8f62a87-0a10-498e-913d-6df1bd9559f1 df67dd6472fb44779a1308317cf16c65 7d70b4df365140aabe3eda01b5d55684 - - default default] Unable to schedule network 70c0e0bd-7010-4d79-aabc-3218d333e3db: no agents available; will retry on subsequent port and subnet creation events.
2026-07-17 12:07:50.385 7 INFO neutron.db.ovn_revision_numbers_db [None req-f8f62a87-0a10-498e-913d-6df1bd9559f1 df67dd6472fb44779a1308317cf16c65 7d70b4df365140aabe3eda01b5d55684 - - default default] Successfully bumped revision number for resource 42edda0e-fa5a-44c5-8d01-43913d1dcf10 (type: subnets) to 0 [pid: 7|app: 0|req: 903/1886] 10.0.0.187 () {34 vars in 669 bytes} [Fri Jul 17 12:07:50 2026] POST /v2.0/subnets => generated 646 bytes in 307 msecs (HTTP/1.1 201) 4 headers in 162 bytes (1 switches on core 0) [pid: 8|app: 0|req: 984/1887] 10.0.0.187 () {32 vars in 724 bytes} [Fri Jul 17 12:07:50 2026] DELETE /v2.0/subnets/7ce98074-105b-4a95-90e2-e785d60d03be => generated 0 bytes in 241 msecs (HTTP/1.1 204) 3 headers in 131 bytes (1 switches on core 0)
2026-07-17 12:07:50.565 7 INFO neutron_taas.services.taas.taas_plugin [None req-18d4efc4-6a0e-4ee7-b37a-bd956b4ddff1 a19ecea9207645fe834cb16d9cad184f 59bea03819ae4d78a5e9eab4db49a026 - - default default] TaaS: Handle Delete Port: bb45593f-24e2-477e-b3fa-0b87ea80c260
2026-07-17 12:07:50.568 7 INFO neutron_taas.services.taas.tap_mirror_plugin [None req-18d4efc4-6a0e-4ee7-b37a-bd956b4ddff1 a19ecea9207645fe834cb16d9cad184f 59bea03819ae4d78a5e9eab4db49a026 - - default default] Tap Mirror: Handle Delete Port: bb45593f-24e2-477e-b3fa-0b87ea80c260
2026-07-17 12:07:50.620 8 INFO neutron.db.ovn_revision_numbers_db [None req-44867df4-bdd9-436a-a733-2b287a347bcc df67dd6472fb44779a1308317cf16c65 7d70b4df365140aabe3eda01b5d55684 - - default default] Successfully bumped revision number for resource e250f068-07b9-45c9-b430-e64bc3e87a8c (type: routers) to 1 [pid: 8|app: 0|req: 985/1888] 10.0.0.187 () {34 vars in 669 bytes} [Fri Jul 17 12:07:50 2026] POST /v2.0/routers => generated 607 bytes in 191 msecs (HTTP/1.1 201) 4 headers in 162 bytes (1 switches on core 0)
2026-07-17 12:07:50.851 7 WARNING neutron.plugins.ml2.drivers.ovn.mech_driver.ovsdb.ovn_client [None req-670f28b6-f656-4101-a5fc-d12befbc9696 - - - - - -] No port found with ID 041ea651-cfb8-4e4b-bcee-d24ab968ad57: RuntimeError: No port found with ID 041ea651-cfb8-4e4b-bcee-d24ab968ad57
2026-07-17 12:07:50.853 8 INFO neutron_taas.services.taas.taas_plugin [None req-f19eae63-ab0a-48cd-99f5-c0568a8a1775 c0a4e09b383b4b5cba5075bab3762905 e7eb86a1abd84c8b88b14051ee4fe0fd - - default default] TaaS: Handle Delete Port: bd34edac-2c82-4db0-b8cc-cd93d8ee1080
2026-07-17 12:07:50.856 8 INFO neutron_taas.services.taas.tap_mirror_plugin [None req-f19eae63-ab0a-48cd-99f5-c0568a8a1775 c0a4e09b383b4b5cba5075bab3762905 e7eb86a1abd84c8b88b14051ee4fe0fd - - default default] Tap Mirror: Handle Delete Port: bd34edac-2c82-4db0-b8cc-cd93d8ee1080
2026-07-17 12:07:50.860 7 INFO neutron.services.segments.plugin [-] Segment e8282ac1-ff66-4ea5-a65c-cb9e9197b9ee resource provider aggregate not found
2026-07-17 12:07:50.866 7 INFO neutron.services.segments.plugin [-] Segment e8282ac1-ff66-4ea5-a65c-cb9e9197b9ee resource provider aggregate not found
2026-07-17 12:07:50.884 7 INFO neutron.plugins.ml2.drivers.ovn.mech_driver.mech_driver [None req-670f28b6-f656-4101-a5fc-d12befbc9696 - - - - - -] OVN reports status down for port: e5b3fecb-d93f-4466-a2c1-6f2348e6b05f
2026-07-17 12:07:50.885 7 INFO neutron.services.segments.plugin [-] Segment e8282ac1-ff66-4ea5-a65c-cb9e9197b9ee resource provider not found; error: Placement Client Error (4xx): {"errors": [{"status": 404, "title": "Not Found", "detail": "The resource could not be found.\n\n No resource provider with uuid e8282ac1-ff66-4ea5-a65c-cb9e9197b9ee found for delete ", "request_id": "req-a79a94cf-4e8e-4a79-97a4-550698dfb5f5"}]} [pid: 7|app: 0|req: 904/1889] 10.0.0.187 () {32 vars in 726 bytes} [Fri Jul 17 12:07:50 2026] DELETE /v2.0/networks/e460fa9b-bcdf-45fe-b0fb-98275b8be4a7 => generated 0 bytes in 461 msecs (HTTP/1.1 204) 3 headers in 131 bytes (1 switches on core 0)
2026-07-17 12:07:50.896 7 INFO neutron.services.segments.plugin [-] Segment e8282ac1-ff66-4ea5-a65c-cb9e9197b9ee resource provider not found; error: Placement Client Error (4xx): {"errors": [{"status": 404, "title": "Not Found", "detail": "The resource could not be found.\n\n No resource provider with uuid e8282ac1-ff66-4ea5-a65c-cb9e9197b9ee found for delete ", "request_id": "req-8581ca51-285b-40b2-a8ee-e915ad9c8e4d"}]}
2026-07-17 12:07:50.906 7 INFO neutron.services.segments.plugin [-] Segment 0319d480-65b2-491f-84a1-bb485c3d5b1d resource provider aggregate not found
2026-07-17 12:07:50.940 7 INFO neutron.services.segments.plugin [-] Segment 0319d480-65b2-491f-84a1-bb485c3d5b1d resource provider aggregate not found
2026-07-17 12:07:50.944 7 INFO neutron.services.segments.plugin [-] Segment 0319d480-65b2-491f-84a1-bb485c3d5b1d resource provider not found; error: Placement Client Error (4xx): {"errors": [{"status": 404, "title": "Not Found", "detail": "The resource could not be found.\n\n No resource provider with uuid 0319d480-65b2-491f-84a1-bb485c3d5b1d found for delete ", "request_id": "req-ea0c9929-223f-4f50-82a2-a23b3fc141b4"}]}
2026-07-17 12:07:50.954 7 INFO neutron.plugins.ml2.drivers.ovn.mech_driver.mech_driver [None req-670f28b6-f656-4101-a5fc-d12befbc9696 - - - - - -] OVN reports status down for port: bd34edac-2c82-4db0-b8cc-cd93d8ee1080
2026-07-17 12:07:50.969 7 INFO neutron.services.segments.plugin [-] Segment 0319d480-65b2-491f-84a1-bb485c3d5b1d resource provider not found; error: Placement Client Error (4xx): {"errors": [{"status": 404, "title": "Not Found", "detail": "The resource could not be found.\n\n No resource provider with uuid 0319d480-65b2-491f-84a1-bb485c3d5b1d found for delete ", "request_id": "req-97b55be0-e297-43d5-8705-d021020a6899"}]} [pid: 7|app: 0|req: 905/1890] 10.0.0.121 () {34 vars in 990 bytes} [Fri Jul 17 12:07:50 2026] GET /v2.0/ports?device_id=cfd698c7-4b8f-4907-b132-8f59df8c5689 => generated 969 bytes in 124 msecs (HTTP/1.1 200) 4 headers in 157 bytes (1 switches on core 0) /var/lib/openstack/lib/python3.12/site-packages/pycadf/identifier.py:70: UserWarning: Invalid uuid: neutron. To ensure interoperability, identifiers should be a valid uuid. warnings.warn(('Invalid uuid: %s. To ensure interoperability, '
2026-07-17 12:07:51.059 7 INFO neutron.plugins.ml2.drivers.ovn.mech_driver.mech_driver [None req-670f28b6-f656-4101-a5fc-d12befbc9696 - - - - - -] OVN reports status down for port: 2cc6cf9e-4f79-4fc7-9c7f-b99056e0511f
2026-07-17 12:07:51.069 8 INFO neutron.services.segments.plugin [-] Segment 8dce4e84-406b-4686-ac45-1ffdf802ded1 resource provider aggregate not found
2026-07-17 12:07:51.083 8 INFO neutron.services.segments.plugin [-] Segment 8dce4e84-406b-4686-ac45-1ffdf802ded1 resource provider aggregate not found
2026-07-17 12:07:51.101 8 INFO neutron.services.segments.plugin [-] Segment 8dce4e84-406b-4686-ac45-1ffdf802ded1 resource provider not found; error: Placement Client Error (4xx): {"errors": [{"status": 404, "title": "Not Found", "detail": "The resource could not be found.\n\n No resource provider with uuid 8dce4e84-406b-4686-ac45-1ffdf802ded1 found for delete ", "request_id": "req-dd338d83-1f55-480b-a317-22038f4f10e0"}]}
2026-07-17 12:07:51.102 8 INFO neutron.services.segments.plugin [-] Segment 8dce4e84-406b-4686-ac45-1ffdf802ded1 resource provider not found; error: Placement Client Error (4xx): {"errors": [{"status": 404, "title": "Not Found", "detail": "The resource could not be found.\n\n No resource provider with uuid 8dce4e84-406b-4686-ac45-1ffdf802ded1 found for delete ", "request_id": "req-4d321d84-d3e3-4f72-a5c4-8dfd74ebf120"}]} [pid: 8|app: 0|req: 986/1891] 10.0.0.187 () {32 vars in 726 bytes} [Fri Jul 17 12:07:50 2026] DELETE /v2.0/networks/bfb0980e-f53f-44ed-8efb-9c793e90858e => generated 0 bytes in 508 msecs (HTTP/1.1 204) 3 headers in 131 bytes (1 switches on core 0)
2026-07-17 12:07:51.203 7 WARNING neutron.plugins.ml2.drivers.ovn.mech_driver.ovsdb.ovn_client [None req-670f28b6-f656-4101-a5fc-d12befbc9696 - - - - - -] Logical_Switch_Port %s host information not removed, the port state is up
2026-07-17 12:07:51.204 7 INFO neutron.plugins.ml2.drivers.ovn.mech_driver.mech_driver [None req-670f28b6-f656-4101-a5fc-d12befbc9696 - - - - - -] OVN reports status down for port: 1abef029-941f-4a37-9db3-32c5590dcc7f
2026-07-17 12:07:51.238 7 INFO neutron.plugins.ml2.drivers.ovn.mech_driver.mech_driver [None req-670f28b6-f656-4101-a5fc-d12befbc9696 - - - - - -] OVN reports status down for port: a8a29f59-49be-427d-913a-0190faae2dd3
2026-07-17 12:07:51.248 7 INFO neutron.notifiers.nova [-] Nova event matching ['req-08a8a694-adb7-4066-84e3-9fee65cff60a'] response: {'server_uuid': 'cfd698c7-4b8f-4907-b132-8f59df8c5689', 'name': 'network-vif-unplugged', 'status': 'completed', 'tag': '2cc6cf9e-4f79-4fc7-9c7f-b99056e0511f', 'code': 200}
2026-07-17 12:07:51.373 7 INFO neutron.plugins.ml2.drivers.ovn.mech_driver.mech_driver [None req-670f28b6-f656-4101-a5fc-d12befbc9696 - - - - - -] OVN reports status up for port: 2cc6cf9e-4f79-4fc7-9c7f-b99056e0511f
2026-07-17 12:07:51.399 7 INFO neutron.plugins.ml2.plugin [None req-670f28b6-f656-4101-a5fc-d12befbc9696 - - - - - -] Attempt 1 to provision port 2cc6cf9e-4f79-4fc7-9c7f-b99056e0511f
2026-07-17 12:07:51.498 8 INFO neutron_taas.services.taas.taas_plugin [None req-1ca4b91a-90c3-4d95-a573-831032c04a55 a19ecea9207645fe834cb16d9cad184f 59bea03819ae4d78a5e9eab4db49a026 - - default default] TaaS: Handle Delete Port: 3818bed6-58e7-4881-87f3-39d1e12d2762
2026-07-17 12:07:51.501 8 INFO neutron_taas.services.taas.tap_mirror_plugin [None req-1ca4b91a-90c3-4d95-a573-831032c04a55 a19ecea9207645fe834cb16d9cad184f 59bea03819ae4d78a5e9eab4db49a026 - - default default] Tap Mirror: Handle Delete Port: 3818bed6-58e7-4881-87f3-39d1e12d2762
2026-07-17 12:07:51.557 7 WARNING neutron.scheduler.dhcp_agent_scheduler [None req-9587ebc7-48cf-4db3-8530-800e37e14c8f df67dd6472fb44779a1308317cf16c65 7d70b4df365140aabe3eda01b5d55684 - - default default] No more DHCP agents
2026-07-17 12:07:51.562 7 WARNING neutron.api.rpc.agentnotifiers.dhcp_rpc_agent_api [None req-9587ebc7-48cf-4db3-8530-800e37e14c8f df67dd6472fb44779a1308317cf16c65 7d70b4df365140aabe3eda01b5d55684 - - default default] Unable to schedule network 70c0e0bd-7010-4d79-aabc-3218d333e3db: no agents available; will retry on subsequent port and subnet creation events.
2026-07-17 12:07:51.842 7 INFO neutron.db.ovn_revision_numbers_db [None req-9587ebc7-48cf-4db3-8530-800e37e14c8f df67dd6472fb44779a1308317cf16c65 7d70b4df365140aabe3eda01b5d55684 - - default default] Successfully bumped revision number for resource d17aee11-7c6f-4cbe-8f9e-c5d5d787306e (type: ports) to 1 [pid: 7|app: 0|req: 906/1892] 10.0.0.187 () {34 vars in 665 bytes} [Fri Jul 17 12:07:51 2026] POST /v2.0/ports => generated 964 bytes in 871 msecs (HTTP/1.1 201) 4 headers in 162 bytes (1 switches on core 0) /var/lib/openstack/lib/python3.12/site-packages/pycadf/identifier.py:70: UserWarning: Invalid uuid: neutron. To ensure interoperability, identifiers should be a valid uuid. warnings.warn(('Invalid uuid: %s. To ensure interoperability, '
2026-07-17 12:07:51.947 7 INFO neutron.db.ovn_revision_numbers_db [None req-670f28b6-f656-4101-a5fc-d12befbc9696 - - - - - -] Successfully bumped revision number for resource 2cc6cf9e-4f79-4fc7-9c7f-b99056e0511f (type: ports) to 5 [pid: 7|app: 0|req: 907/1893] 10.0.0.121 () {34 vars in 1040 bytes} [Fri Jul 17 12:07:51 2026] GET /v2.0/security-groups?id=6d1e0542-62f6-4256-853f-e82fbea2f3d4&fields=id&fields=name => generated 112 bytes in 100 msecs (HTTP/1.1 200) 4 headers in 157 bytes (1 switches on core 0)
2026-07-17 12:07:52.071 7 INFO neutron.plugins.ml2.drivers.ovn.mech_driver.mech_driver [None req-05840c35-3009-4543-8860-c44cd78cbba1 - - - - - -] OVN reports status down for port: d17aee11-7c6f-4cbe-8f9e-c5d5d787306e /var/lib/openstack/lib/python3.12/site-packages/pycadf/identifier.py:70: UserWarning: Invalid uuid: neutron. To ensure interoperability, identifiers should be a valid uuid. warnings.warn(('Invalid uuid: %s. To ensure interoperability, ' [pid: 7|app: 0|req: 908/1894] 10.0.0.187 () {32 vars in 774 bytes} [Fri Jul 17 12:07:51 2026] GET /v2.0/security-groups?tenant_id=e7eb86a1abd84c8b88b14051ee4fe0fd&name=default => generated 2925 bytes in 148 msecs (HTTP/1.1 200) 4 headers in 158 bytes (1 switches on core 0) [pid: 8|app: 0|req: 987/1895] 10.0.0.187 () {34 vars in 789 bytes} [Fri Jul 17 12:07:51 2026] PUT /v2.0/routers/bc5df63e-9c67-4202-8c09-163704723b2c/remove_router_interface => generated 309 bytes in 1261 msecs (HTTP/1.1 200) 4 headers in 157 bytes (1 switches on core 0) /var/lib/openstack/lib/python3.12/site-packages/pycadf/identifier.py:70: UserWarning: Invalid uuid: neutron. To ensure interoperability, identifiers should be a valid uuid. warnings.warn(('Invalid uuid: %s. To ensure interoperability, ' [pid: 8|app: 0|req: 988/1896] 10.0.0.187 () {32 vars in 740 bytes} [Fri Jul 17 12:07:52 2026] DELETE /v2.0/security-groups/70bd3890-34a1-47e6-8811-96ba088e57e0 => generated 0 bytes in 304 msecs (HTTP/1.1 204) 2 headers in 112 bytes (1 switches on core 0)
2026-07-17 12:07:52.809 7 INFO neutron.plugins.ml2.drivers.ovn.mech_driver.mech_driver [None req-05840c35-3009-4543-8860-c44cd78cbba1 - - - - - -] OVN reports status up for port: d17aee11-7c6f-4cbe-8f9e-c5d5d787306e
2026-07-17 12:07:52.833 7 INFO neutron.plugins.ml2.plugin [None req-05840c35-3009-4543-8860-c44cd78cbba1 - - - - - -] Attempt 1 to provision port d17aee11-7c6f-4cbe-8f9e-c5d5d787306e
2026-07-17 12:07:52.861 7 INFO neutron.db.ovn_revision_numbers_db [None req-0f427707-0e48-4246-a124-3f3f87ad41cb df67dd6472fb44779a1308317cf16c65 7d70b4df365140aabe3eda01b5d55684 - - default default] Successfully bumped revision number for resource d17aee11-7c6f-4cbe-8f9e-c5d5d787306e (type: ports) to 2
2026-07-17 12:07:53.104 8 INFO neutron_taas.services.taas.taas_plugin [None req-f144b708-9f77-4a28-9ea8-58b1eda1fbdd a19ecea9207645fe834cb16d9cad184f 59bea03819ae4d78a5e9eab4db49a026 - - default default] TaaS: Handle Delete Port: d77c6a63-6af8-45ea-9b6f-e631e9953dce
2026-07-17 12:07:53.108 8 INFO neutron_taas.services.taas.tap_mirror_plugin [None req-f144b708-9f77-4a28-9ea8-58b1eda1fbdd a19ecea9207645fe834cb16d9cad184f 59bea03819ae4d78a5e9eab4db49a026 - - default default] Tap Mirror: Handle Delete Port: d77c6a63-6af8-45ea-9b6f-e631e9953dce
2026-07-17 12:07:53.524 7 INFO neutron.notifiers.nova [-] Nova event matching ['req-ebc1b32b-1e5c-4483-a607-70b2774cb642'] response: {'server_uuid': 'cfd698c7-4b8f-4907-b132-8f59df8c5689', 'name': 'network-vif-plugged', 'status': 'completed', 'tag': '2cc6cf9e-4f79-4fc7-9c7f-b99056e0511f', 'code': 200}
2026-07-17 12:07:53.525 7 INFO neutron.notifiers.nova [-] Nova event matching ['req-ebc1b32b-1e5c-4483-a607-70b2774cb642'] response: {'server_uuid': 'cfd698c7-4b8f-4907-b132-8f59df8c5689', 'name': 'network-vif-plugged', 'status': 'completed', 'tag': '2cc6cf9e-4f79-4fc7-9c7f-b99056e0511f', 'code': 200} [pid: 8|app: 0|req: 989/1897] 10.0.0.187 () {32 vars in 724 bytes} [Fri Jul 17 12:07:52 2026] DELETE /v2.0/routers/bc5df63e-9c67-4202-8c09-163704723b2c => generated 0 bytes in 880 msecs (HTTP/1.1 204) 2 headers in 112 bytes (1 switches on core 0) [pid: 8|app: 0|req: 990/1898] 10.0.0.121 () {34 vars in 990 bytes} [Fri Jul 17 12:07:53 2026] GET /v2.0/ports?device_id=cfd698c7-4b8f-4907-b132-8f59df8c5689 => generated 971 bytes in 94 msecs (HTTP/1.1 200) 4 headers in 157 bytes (1 switches on core 0) [pid: 8|app: 0|req: 991/1899] 10.0.0.187 () {32 vars in 724 bytes} [Fri Jul 17 12:07:53 2026] DELETE /v2.0/subnets/5ebaf2ef-940b-43b4-b6a4-a7e6ccbb7e11 => generated 0 bytes in 192 msecs (HTTP/1.1 204) 3 headers in 131 bytes (1 switches on core 0) [pid: 8|app: 0|req: 992/1900] 10.0.0.121 () {34 vars in 1040 bytes} [Fri Jul 17 12:07:53 2026] GET /v2.0/security-groups?id=6d1e0542-62f6-4256-853f-e82fbea2f3d4&fields=id&fields=name => generated 112 bytes in 35 msecs (HTTP/1.1 200) 4 headers in 157 bytes (1 switches on core 0)
2026-07-17 12:07:54.055 8 INFO neutron_taas.services.taas.taas_plugin [None req-405929e2-4dc2-419b-bd53-fddf062a275d a19ecea9207645fe834cb16d9cad184f 59bea03819ae4d78a5e9eab4db49a026 - - default default] TaaS: Handle Delete Port: da0ad00d-8e71-4d1a-bbf7-2cbed9ae4207
2026-07-17 12:07:54.057 8 INFO neutron_taas.services.taas.tap_mirror_plugin [None req-405929e2-4dc2-419b-bd53-fddf062a275d a19ecea9207645fe834cb16d9cad184f 59bea03819ae4d78a5e9eab4db49a026 - - default default] Tap Mirror: Handle Delete Port: da0ad00d-8e71-4d1a-bbf7-2cbed9ae4207
2026-07-17 12:07:54.314 8 INFO neutron.services.segments.plugin [-] Segment e1c14fe7-3d1f-4dab-96be-7a1159ad7573 resource provider aggregate not found
2026-07-17 12:07:54.327 8 INFO neutron.services.segments.plugin [-] Segment e1c14fe7-3d1f-4dab-96be-7a1159ad7573 resource provider aggregate not found
2026-07-17 12:07:54.344 8 INFO neutron.services.segments.plugin [-] Segment e1c14fe7-3d1f-4dab-96be-7a1159ad7573 resource provider not found; error: Placement Client Error (4xx): {"errors": [{"status": 404, "title": "Not Found", "detail": "The resource could not be found.\n\n No resource provider with uuid e1c14fe7-3d1f-4dab-96be-7a1159ad7573 found for delete ", "request_id": "req-9b4dcbcb-d749-41f2-9ff6-1ca16c6f678d"}]}
2026-07-17 12:07:54.346 8 INFO neutron.services.segments.plugin [-] Segment e1c14fe7-3d1f-4dab-96be-7a1159ad7573 resource provider not found; error: Placement Client Error (4xx): {"errors": [{"status": 404, "title": "Not Found", "detail": "The resource could not be found.\n\n No resource provider with uuid e1c14fe7-3d1f-4dab-96be-7a1159ad7573 found for delete ", "request_id": "req-a9b3ab23-d886-436b-980d-aabf4f31bfd8"}]}
2026-07-17 12:07:54.382 7 INFO neutron.db.ovn_revision_numbers_db [None req-05840c35-3009-4543-8860-c44cd78cbba1 - - - - - -] Successfully bumped revision number for resource d17aee11-7c6f-4cbe-8f9e-c5d5d787306e (type: ports) to 3 [pid: 8|app: 0|req: 993/1901] 10.0.0.187 () {32 vars in 726 bytes} [Fri Jul 17 12:07:53 2026] DELETE /v2.0/networks/39f72785-f631-4e0d-b3de-1bb75c6ba519 => generated 0 bytes in 470 msecs (HTTP/1.1 204) 3 headers in 131 bytes (1 switches on core 0)
2026-07-17 12:07:54.703 7 WARNING neutron.scheduler.dhcp_agent_scheduler [None req-0f427707-0e48-4246-a124-3f3f87ad41cb df67dd6472fb44779a1308317cf16c65 7d70b4df365140aabe3eda01b5d55684 - - default default] No more DHCP agents
2026-07-17 12:07:54.704 7 WARNING neutron.api.rpc.agentnotifiers.dhcp_rpc_agent_api [None req-0f427707-0e48-4246-a124-3f3f87ad41cb df67dd6472fb44779a1308317cf16c65 7d70b4df365140aabe3eda01b5d55684 - - default default] Unable to schedule network 70c0e0bd-7010-4d79-aabc-3218d333e3db: no agents available; will retry on subsequent port and subnet creation events.
2026-07-17 12:07:54.956 7 INFO neutron.db.ovn_revision_numbers_db [None req-0f427707-0e48-4246-a124-3f3f87ad41cb df67dd6472fb44779a1308317cf16c65 7d70b4df365140aabe3eda01b5d55684 - - default default] Successfully bumped revision number for resource d17aee11-7c6f-4cbe-8f9e-c5d5d787306e (type: router_ports) to 3 [pid: 7|app: 0|req: 909/1902] 10.0.0.187 () {34 vars in 783 bytes} [Fri Jul 17 12:07:52 2026] PUT /v2.0/routers/e250f068-07b9-45c9-b430-e64bc3e87a8c/add_router_interface => generated 309 bytes in 2820 msecs (HTTP/1.1 200) 4 headers in 157 bytes (1 switches on core 0) /var/lib/openstack/lib/python3.12/site-packages/pycadf/identifier.py:70: UserWarning: Invalid uuid: neutron. To ensure interoperability, identifiers should be a valid uuid. warnings.warn(('Invalid uuid: %s. To ensure interoperability, ' [pid: 7|app: 0|req: 910/1903] 10.0.0.187 () {32 vars in 774 bytes} [Fri Jul 17 12:07:54 2026] GET /v2.0/security-groups?tenant_id=f2ce0567c26044858e45b7b7bf12f3c7&name=default => generated 2925 bytes in 27 msecs (HTTP/1.1 200) 4 headers in 158 bytes (1 switches on core 0) [pid: 7|app: 0|req: 911/1904] 10.0.0.187 () {32 vars in 717 bytes} [Fri Jul 17 12:07:54 2026] GET /v2.0/ports/d17aee11-7c6f-4cbe-8f9e-c5d5d787306e => generated 1026 bytes in 32 msecs (HTTP/1.1 200) 4 headers in 158 bytes (1 switches on core 0)
2026-07-17 12:07:55.044 8 INFO neutron.db.ovn_revision_numbers_db [None req-d7e6f38d-e4d6-498d-a94c-cefba0ffa12d 24b287e13df84607a520e307a19f5cee 6350a469ada1463da7424dfcb1b56d5b - - default default] Successfully bumped revision number for resource ee5bcd81-f963-410e-8acd-5194613cd828 (type: security_groups) to 1
2026-07-17 12:07:55.057 8 INFO neutron.db.ovn_revision_numbers_db [None req-d7e6f38d-e4d6-498d-a94c-cefba0ffa12d 24b287e13df84607a520e307a19f5cee 6350a469ada1463da7424dfcb1b56d5b - - default default] Successfully bumped revision number for resource 2900f6e9-b6b4-4502-8846-7708baaa8082 (type: security_group_rules) to 0
2026-07-17 12:07:55.075 8 INFO neutron.db.ovn_revision_numbers_db [None req-d7e6f38d-e4d6-498d-a94c-cefba0ffa12d 24b287e13df84607a520e307a19f5cee 6350a469ada1463da7424dfcb1b56d5b - - default default] Successfully bumped revision number for resource 2ec6def0-df62-4380-8cac-1f6ad77a0a49 (type: security_group_rules) to 0
2026-07-17 12:07:55.092 8 INFO neutron.db.ovn_revision_numbers_db [None req-d7e6f38d-e4d6-498d-a94c-cefba0ffa12d 24b287e13df84607a520e307a19f5cee 6350a469ada1463da7424dfcb1b56d5b - - default default] Successfully bumped revision number for resource 7e588199-20ed-45d5-8ff7-0944e4819eb0 (type: security_group_rules) to 0
2026-07-17 12:07:55.108 8 INFO neutron.db.ovn_revision_numbers_db [None req-d7e6f38d-e4d6-498d-a94c-cefba0ffa12d 24b287e13df84607a520e307a19f5cee 6350a469ada1463da7424dfcb1b56d5b - - default default] Successfully bumped revision number for resource b3296cf0-9f6b-4ee8-86a6-b13f34401327 (type: security_group_rules) to 0 [pid: 7|app: 0|req: 912/1905] 10.0.0.121 () {34 vars in 990 bytes} [Fri Jul 17 12:07:55 2026] GET /v2.0/ports?device_id=cfd698c7-4b8f-4907-b132-8f59df8c5689 => generated 971 bytes in 97 msecs (HTTP/1.1 200) 4 headers in 157 bytes (1 switches on core 0)
2026-07-17 12:07:55.184 8 INFO neutron.db.segments_db [None req-d7e6f38d-e4d6-498d-a94c-cefba0ffa12d 24b287e13df84607a520e307a19f5cee 6350a469ada1463da7424dfcb1b56d5b - - default default] Added segment 29bb3876-ff1e-49e5-8b7f-b079d700563a of type geneve for network 102145f6-e14a-4c4c-922d-3e90c408a88f
2026-07-17 12:07:55.347 8 INFO neutron.db.ovn_revision_numbers_db [None req-d7e6f38d-e4d6-498d-a94c-cefba0ffa12d 24b287e13df84607a520e307a19f5cee 6350a469ada1463da7424dfcb1b56d5b - - default default] Successfully bumped revision number for resource 102145f6-e14a-4c4c-922d-3e90c408a88f (type: networks) to 1 [pid: 7|app: 0|req: 913/1906] 10.0.0.187 () {32 vars in 740 bytes} [Fri Jul 17 12:07:55 2026] DELETE /v2.0/security-groups/0e8d8ca9-4a67-4658-9396-7617873724d1 => generated 0 bytes in 341 msecs (HTTP/1.1 204) 2 headers in 112 bytes (1 switches on core 0)
2026-07-17 12:07:55.570 8 WARNING neutron.scheduler.dhcp_agent_scheduler [None req-d7e6f38d-e4d6-498d-a94c-cefba0ffa12d 24b287e13df84607a520e307a19f5cee 6350a469ada1463da7424dfcb1b56d5b - - default default] No more DHCP agents
2026-07-17 12:07:55.571 8 WARNING neutron.api.rpc.agentnotifiers.dhcp_rpc_agent_api [None req-d7e6f38d-e4d6-498d-a94c-cefba0ffa12d 24b287e13df84607a520e307a19f5cee 6350a469ada1463da7424dfcb1b56d5b - - default default] Unable to schedule network 102145f6-e14a-4c4c-922d-3e90c408a88f: no agents available; will retry on subsequent port and subnet creation events.
2026-07-17 12:07:55.699 8 INFO neutron.db.ovn_revision_numbers_db [None req-d7e6f38d-e4d6-498d-a94c-cefba0ffa12d 24b287e13df84607a520e307a19f5cee 6350a469ada1463da7424dfcb1b56d5b - - default default] Successfully bumped revision number for resource 6be7a540-c4fa-4599-98de-13a07926e7b3 (type: ports) to 1 [pid: 8|app: 0|req: 994/1907] 10.0.0.187 () {34 vars in 670 bytes} [Fri Jul 17 12:07:54 2026] POST /v2.0/networks => generated 649 bytes in 1097 msecs (HTTP/1.1 201) 4 headers in 162 bytes (1 switches on core 0) [pid: 8|app: 0|req: 995/1908] 10.0.0.121 () {34 vars in 1040 bytes} [Fri Jul 17 12:07:55 2026] GET /v2.0/security-groups?id=6d1e0542-62f6-4256-853f-e82fbea2f3d4&fields=id&fields=name => generated 112 bytes in 26 msecs (HTTP/1.1 200) 4 headers in 157 bytes (1 switches on core 0) [pid: 8|app: 0|req: 996/1909] 10.0.0.187 () {32 vars in 774 bytes} [Fri Jul 17 12:07:55 2026] GET /v2.0/security-groups?tenant_id=5f430618608a4a77b327276dc5d0916e&name=default => generated 2925 bytes in 23 msecs (HTTP/1.1 200) 4 headers in 158 bytes (1 switches on core 0)
2026-07-17 12:07:55.840 7 INFO neutron_taas.services.taas.taas_plugin [None req-f292f874-43ad-4217-afc4-a595cf1560cf df67dd6472fb44779a1308317cf16c65 7d70b4df365140aabe3eda01b5d55684 - - default default] TaaS: Handle Delete Port: d17aee11-7c6f-4cbe-8f9e-c5d5d787306e
2026-07-17 12:07:55.844 7 INFO neutron_taas.services.taas.tap_mirror_plugin [None req-f292f874-43ad-4217-afc4-a595cf1560cf df67dd6472fb44779a1308317cf16c65 7d70b4df365140aabe3eda01b5d55684 - - default default] Tap Mirror: Handle Delete Port: d17aee11-7c6f-4cbe-8f9e-c5d5d787306e
2026-07-17 12:07:55.880 8 INFO neutron.db.segments_db [None req-28309324-6dd3-44bb-863f-47a9bc0c3856 24b287e13df84607a520e307a19f5cee 6350a469ada1463da7424dfcb1b56d5b - - default default] Added segment a6c21181-b587-406c-b369-ba285b62e749 of type geneve for network 77db8476-2a3e-4937-9492-aeb7995f423c
2026-07-17 12:07:56.020 8 INFO neutron.db.ovn_revision_numbers_db [None req-28309324-6dd3-44bb-863f-47a9bc0c3856 24b287e13df84607a520e307a19f5cee 6350a469ada1463da7424dfcb1b56d5b - - default default] Successfully bumped revision number for resource 77db8476-2a3e-4937-9492-aeb7995f423c (type: networks) to 1 [pid: 7|app: 0|req: 914/1910] 10.0.0.187 () {34 vars in 789 bytes} [Fri Jul 17 12:07:55 2026] PUT /v2.0/routers/e250f068-07b9-45c9-b430-e64bc3e87a8c/remove_router_interface => generated 309 bytes in 756 msecs (HTTP/1.1 200) 4 headers in 157 bytes (1 switches on core 0) /var/lib/openstack/lib/python3.12/site-packages/pycadf/identifier.py:70: UserWarning: Invalid uuid: neutron. To ensure interoperability, identifiers should be a valid uuid. warnings.warn(('Invalid uuid: %s. To ensure interoperability, '
2026-07-17 12:07:56.240 8 WARNING neutron.scheduler.dhcp_agent_scheduler [None req-28309324-6dd3-44bb-863f-47a9bc0c3856 24b287e13df84607a520e307a19f5cee 6350a469ada1463da7424dfcb1b56d5b - - default default] No more DHCP agents
2026-07-17 12:07:56.241 8 WARNING neutron.api.rpc.agentnotifiers.dhcp_rpc_agent_api [None req-28309324-6dd3-44bb-863f-47a9bc0c3856 24b287e13df84607a520e307a19f5cee 6350a469ada1463da7424dfcb1b56d5b - - default default] Unable to schedule network 77db8476-2a3e-4937-9492-aeb7995f423c: no agents available; will retry on subsequent port and subnet creation events.
2026-07-17 12:07:56.353 8 INFO neutron.db.ovn_revision_numbers_db [None req-28309324-6dd3-44bb-863f-47a9bc0c3856 24b287e13df84607a520e307a19f5cee 6350a469ada1463da7424dfcb1b56d5b - - default default] Successfully bumped revision number for resource 9a822401-8311-469f-8ac5-82af8310e228 (type: ports) to 1 [pid: 8|app: 0|req: 997/1913] 10.0.0.187 () {34 vars in 670 bytes} [Fri Jul 17 12:07:55 2026] POST /v2.0/networks => generated 649 bytes in 602 msecs (HTTP/1.1 201) 4 headers in 162 bytes (1 switches on core 0) [pid: 8|app: 0|req: 998/1914] 10.0.0.121 () {34 vars in 990 bytes} [Fri Jul 17 12:07:56 2026] GET /v2.0/ports?device_id=cfd698c7-4b8f-4907-b132-8f59df8c5689 => generated 971 bytes in 51 msecs (HTTP/1.1 200) 4 headers in 157 bytes (1 switches on core 0)
2026-07-17 12:07:56.505 8 INFO neutron.api.v2.resource [None req-3731e4fa-417f-4802-826e-126db4cf768e df67dd6472fb44779a1308317cf16c65 7d70b4df365140aabe3eda01b5d55684 - - default default] remove_router_interface failed (client error): The resource could not be found. [pid: 8|app: 0|req: 999/1915] 10.0.0.187 () {34 vars in 789 bytes} [Fri Jul 17 12:07:56 2026] PUT /v2.0/routers/e250f068-07b9-45c9-b430-e64bc3e87a8c/remove_router_interface => generated 197 bytes in 76 msecs (HTTP/1.1 404) 4 headers in 164 bytes (1 switches on core 0) [pid: 7|app: 0|req: 917/1916] 10.0.0.187 () {32 vars in 740 bytes} [Fri Jul 17 12:07:56 2026] DELETE /v2.0/security-groups/f16d45a0-54bf-4592-b52c-f5e6c19a389b => generated 0 bytes in 375 msecs (HTTP/1.1 204) 2 headers in 112 bytes (1 switches on core 0) [pid: 7|app: 0|req: 918/1917] 10.0.0.121 () {34 vars in 1040 bytes} [Fri Jul 17 12:07:56 2026] GET /v2.0/security-groups?id=6d1e0542-62f6-4256-853f-e82fbea2f3d4&fields=id&fields=name => generated 112 bytes in 33 msecs (HTTP/1.1 200) 4 headers in 157 bytes (1 switches on core 0) [pid: 7|app: 0|req: 919/1918] 10.0.0.187 () {32 vars in 736 bytes} [Fri Jul 17 12:07:56 2026] GET /v2.0/ports?device_id=e250f068-07b9-45c9-b430-e64bc3e87a8c => generated 12 bytes in 20 msecs (HTTP/1.1 200) 4 headers in 156 bytes (1 switches on core 0)
2026-07-17 12:07:56.728 8 WARNING neutron.scheduler.dhcp_agent_scheduler [None req-b6936cf6-db8e-4d60-90e6-36a3cb6f131f 24b287e13df84607a520e307a19f5cee 6350a469ada1463da7424dfcb1b56d5b - - default default] No more DHCP agents
2026-07-17 12:07:56.731 8 WARNING neutron.api.rpc.agentnotifiers.dhcp_rpc_agent_api [None req-b6936cf6-db8e-4d60-90e6-36a3cb6f131f 24b287e13df84607a520e307a19f5cee 6350a469ada1463da7424dfcb1b56d5b - - default default] Unable to schedule network 102145f6-e14a-4c4c-922d-3e90c408a88f: no agents available; will retry on subsequent port and subnet creation events. [pid: 7|app: 0|req: 920/1919] 10.0.0.187 () {32 vars in 724 bytes} [Fri Jul 17 12:07:56 2026] DELETE /v2.0/routers/e250f068-07b9-45c9-b430-e64bc3e87a8c => generated 0 bytes in 207 msecs (HTTP/1.1 204) 2 headers in 112 bytes (1 switches on core 0) [pid: 7|app: 0|req: 921/1920] 10.0.0.187 () {32 vars in 736 bytes} [Fri Jul 17 12:07:56 2026] GET /v2.0/ports?device_id=cfd698c7-4b8f-4907-b132-8f59df8c5689 => generated 1209 bytes in 33 msecs (HTTP/1.1 200) 4 headers in 158 bytes (1 switches on core 0) [pid: 7|app: 0|req: 922/1921] 10.0.0.187 () {32 vars in 724 bytes} [Fri Jul 17 12:07:56 2026] DELETE /v2.0/subnets/42edda0e-fa5a-44c5-8d01-43913d1dcf10 => generated 0 bytes in 163 msecs (HTTP/1.1 204) 3 headers in 131 bytes (1 switches on core 0)
2026-07-17 12:07:57.199 8 INFO neutron.db.ovn_revision_numbers_db [None req-d56b2916-b911-417a-9107-4185739c44f1 - - - - - -] Successfully bumped revision number for resource 6be7a540-c4fa-4599-98de-13a07926e7b3 (type: ports) to 2
2026-07-17 12:07:57.228 8 INFO neutron.db.ovn_revision_numbers_db [None req-d56b2916-b911-417a-9107-4185739c44f1 - - - - - -] Successfully bumped revision number for resource c35f8cbb-efde-49eb-8b40-37d83b81074e (type: subnets) to 0 [pid: 8|app: 0|req: 1000/1922] 10.0.0.187 () {34 vars in 669 bytes} [Fri Jul 17 12:07:56 2026] POST /v2.0/subnets => generated 626 bytes in 738 msecs (HTTP/1.1 201) 4 headers in 162 bytes (1 switches on core 0)
2026-07-17 12:07:57.316 7 WARNING neutron.scheduler.dhcp_agent_scheduler [None req-9486e04d-a786-4fb5-a5d7-3bf23806ecb4 b9bd13ac62944211a10a3e501cd2eec8 360140b4d90545a19a1575c50fa9dd16 - - default default] No more DHCP agents
2026-07-17 12:07:57.318 7 WARNING neutron.api.rpc.agentnotifiers.dhcp_rpc_agent_api [None req-9486e04d-a786-4fb5-a5d7-3bf23806ecb4 b9bd13ac62944211a10a3e501cd2eec8 360140b4d90545a19a1575c50fa9dd16 - - default default] Unable to schedule network 00c31fca-1780-42f5-b8a4-13ed0531af55: no agents available; will retry on subsequent port and subnet creation events.
2026-07-17 12:07:57.373 8 INFO neutron_taas.services.taas.taas_plugin [None req-0705807f-c6c4-4ce1-90d0-8d3906e11a99 df67dd6472fb44779a1308317cf16c65 7d70b4df365140aabe3eda01b5d55684 - - default default] TaaS: Handle Delete Port: a8a29f59-49be-427d-913a-0190faae2dd3
2026-07-17 12:07:57.375 8 INFO neutron_taas.services.taas.tap_mirror_plugin [None req-0705807f-c6c4-4ce1-90d0-8d3906e11a99 df67dd6472fb44779a1308317cf16c65 7d70b4df365140aabe3eda01b5d55684 - - default default] Tap Mirror: Handle Delete Port: a8a29f59-49be-427d-913a-0190faae2dd3
2026-07-17 12:07:57.577 8 INFO neutron.services.segments.plugin [-] Segment d5eca63b-a920-459c-becb-b3febff28c14 resource provider aggregate not found
2026-07-17 12:07:57.582 8 INFO neutron.services.segments.plugin [-] Segment d5eca63b-a920-459c-becb-b3febff28c14 resource provider aggregate not found
2026-07-17 12:07:57.598 8 INFO neutron.services.segments.plugin [-] Segment d5eca63b-a920-459c-becb-b3febff28c14 resource provider not found; error: Placement Client Error (4xx): {"errors": [{"status": 404, "title": "Not Found", "detail": "The resource could not be found.\n\n No resource provider with uuid d5eca63b-a920-459c-becb-b3febff28c14 found for delete ", "request_id": "req-3598448d-afd3-4b96-85d9-328b3893627a"}]}
2026-07-17 12:07:57.603 8 INFO neutron.services.segments.plugin [-] Segment d5eca63b-a920-459c-becb-b3febff28c14 resource provider not found; error: Placement Client Error (4xx): {"errors": [{"status": 404, "title": "Not Found", "detail": "The resource could not be found.\n\n No resource provider with uuid d5eca63b-a920-459c-becb-b3febff28c14 found for delete ", "request_id": "req-f9e0802f-478f-468f-8acb-22bb01bc9954"}]} [pid: 8|app: 0|req: 1001/1923] 10.0.0.187 () {32 vars in 726 bytes} [Fri Jul 17 12:07:57 2026] DELETE /v2.0/networks/70c0e0bd-7010-4d79-aabc-3218d333e3db => generated 0 bytes in 407 msecs (HTTP/1.1 204) 3 headers in 131 bytes (1 switches on core 0)
2026-07-17 12:07:57.858 8 WARNING neutron.scheduler.dhcp_agent_scheduler [None req-aab831ab-9bb8-4964-8e87-c79549d7fd56 24b287e13df84607a520e307a19f5cee 6350a469ada1463da7424dfcb1b56d5b - - default default] No more DHCP agents
2026-07-17 12:07:57.859 8 WARNING neutron.api.rpc.agentnotifiers.dhcp_rpc_agent_api [None req-aab831ab-9bb8-4964-8e87-c79549d7fd56 24b287e13df84607a520e307a19f5cee 6350a469ada1463da7424dfcb1b56d5b - - default default] Unable to schedule network 77db8476-2a3e-4937-9492-aeb7995f423c: no agents available; will retry on subsequent port and subnet creation events.
2026-07-17 12:07:58.209 7 INFO neutron.db.ovn_revision_numbers_db [None req-9486e04d-a786-4fb5-a5d7-3bf23806ecb4 b9bd13ac62944211a10a3e501cd2eec8 360140b4d90545a19a1575c50fa9dd16 - - default default] Successfully bumped revision number for resource 399afba9-4f51-4bb7-8ff3-714f8e2bfc61 (type: floatingips) to 1
2026-07-17 12:07:58.210 7 INFO neutron.db.l3_db [None req-9486e04d-a786-4fb5-a5d7-3bf23806ecb4 b9bd13ac62944211a10a3e501cd2eec8 360140b4d90545a19a1575c50fa9dd16 - - default default] Floating IP 399afba9-4f51-4bb7-8ff3-714f8e2bfc61 associated. External IP: 10.96.250.204, port: 2cc6cf9e-4f79-4fc7-9c7f-b99056e0511f. [pid: 7|app: 0|req: 923/1924] 10.0.0.187 () {34 vars in 677 bytes} [Fri Jul 17 12:07:57 2026] POST /v2.0/floatingips => generated 855 bytes in 1189 msecs (HTTP/1.1 201) 4 headers in 162 bytes (1 switches on core 0)
2026-07-17 12:07:58.318 7 INFO neutron.notifiers.nova [-] Nova event matching ['req-0b72c35d-faf7-49f5-92a6-990aa67536bc'] response: {'name': 'network-changed', 'server_uuid': 'cfd698c7-4b8f-4907-b132-8f59df8c5689', 'tag': '2cc6cf9e-4f79-4fc7-9c7f-b99056e0511f', 'status': 'completed', 'code': 200}
2026-07-17 12:07:58.368 7 INFO neutron.db.segments_db [None req-bb764488-bff4-48b1-bd4e-4463a751a3bc df67dd6472fb44779a1308317cf16c65 7d70b4df365140aabe3eda01b5d55684 - - default default] Added segment 878af185-74c2-4143-b7c6-5aaf0fdcfbaa of type geneve for network 92a63f0e-e00a-4651-ae27-2a1b4987a00f
2026-07-17 12:07:58.430 8 INFO neutron.db.ovn_revision_numbers_db [None req-83c7321c-14b3-48f7-b5fc-a5b28f7c7a79 - - - - - -] Successfully bumped revision number for resource 9a822401-8311-469f-8ac5-82af8310e228 (type: ports) to 2
2026-07-17 12:07:58.457 8 INFO neutron.db.ovn_revision_numbers_db [None req-83c7321c-14b3-48f7-b5fc-a5b28f7c7a79 - - - - - -] Successfully bumped revision number for resource 802881b6-5754-4ed0-969b-648dd4aaa66f (type: subnets) to 0 [pid: 8|app: 0|req: 1002/1925] 10.0.0.187 () {34 vars in 669 bytes} [Fri Jul 17 12:07:57 2026] POST /v2.0/subnets => generated 626 bytes in 829 msecs (HTTP/1.1 201) 4 headers in 162 bytes (1 switches on core 0)
2026-07-17 12:07:58.525 7 INFO neutron.db.ovn_revision_numbers_db [None req-bb764488-bff4-48b1-bd4e-4463a751a3bc df67dd6472fb44779a1308317cf16c65 7d70b4df365140aabe3eda01b5d55684 - - default default] Successfully bumped revision number for resource 92a63f0e-e00a-4651-ae27-2a1b4987a00f (type: networks) to 1 [pid: 8|app: 0|req: 1003/1926] 10.0.0.187 () {32 vars in 729 bytes} [Fri Jul 17 12:07:58 2026] GET /v2.0/floatingips/399afba9-4f51-4bb7-8ff3-714f8e2bfc61 => generated 857 bytes in 64 msecs (HTTP/1.1 200) 4 headers in 157 bytes (1 switches on core 0)
2026-07-17 12:07:58.697 8 INFO neutron.db.ovn_revision_numbers_db [None req-d2977a4d-e747-45bc-8d50-1a680f759777 24b287e13df84607a520e307a19f5cee 6350a469ada1463da7424dfcb1b56d5b - - default default] Successfully bumped revision number for resource 91f12011-1034-4b88-9a10-1cc7ad80d16a (type: routers) to 1 [pid: 8|app: 0|req: 1004/1927] 10.0.0.187 () {34 vars in 669 bytes} [Fri Jul 17 12:07:58 2026] POST /v2.0/routers => generated 603 bytes in 170 msecs (HTTP/1.1 201) 4 headers in 162 bytes (1 switches on core 0)
2026-07-17 12:07:58.717 7 WARNING neutron.scheduler.dhcp_agent_scheduler [None req-bb764488-bff4-48b1-bd4e-4463a751a3bc df67dd6472fb44779a1308317cf16c65 7d70b4df365140aabe3eda01b5d55684 - - default default] No more DHCP agents
2026-07-17 12:07:58.719 7 WARNING neutron.api.rpc.agentnotifiers.dhcp_rpc_agent_api [None req-bb764488-bff4-48b1-bd4e-4463a751a3bc df67dd6472fb44779a1308317cf16c65 7d70b4df365140aabe3eda01b5d55684 - - default default] Unable to schedule network 92a63f0e-e00a-4651-ae27-2a1b4987a00f: no agents available; will retry on subsequent port and subnet creation events.
2026-07-17 12:07:58.830 7 INFO neutron.db.ovn_revision_numbers_db [None req-bb764488-bff4-48b1-bd4e-4463a751a3bc df67dd6472fb44779a1308317cf16c65 7d70b4df365140aabe3eda01b5d55684 - - default default] Successfully bumped revision number for resource a5b7904f-e5e5-420e-b089-479c9984dd79 (type: ports) to 1 [pid: 7|app: 0|req: 924/1928] 10.0.0.187 () {34 vars in 670 bytes} [Fri Jul 17 12:07:58 2026] POST /v2.0/networks => generated 653 bytes in 606 msecs (HTTP/1.1 201) 4 headers in 162 bytes (1 switches on core 0) [pid: 7|app: 0|req: 925/1929] 199.204.45.109 () {34 vars in 1080 bytes} [Fri Jul 17 12:07:58 2026] GET /v2.0/ports?tenant_id=360140b4d90545a19a1575c50fa9dd16&device_id=cfd698c7-4b8f-4907-b132-8f59df8c5689 => generated 1209 bytes in 35 msecs (HTTP/1.1 200) 4 headers in 158 bytes (1 switches on core 0)
2026-07-17 12:07:59.081 7 WARNING neutron.scheduler.dhcp_agent_scheduler [None req-cddfd486-63b2-43ac-82b6-b46ac22a031e df67dd6472fb44779a1308317cf16c65 7d70b4df365140aabe3eda01b5d55684 - - default default] No more DHCP agents
2026-07-17 12:07:59.082 7 WARNING neutron.api.rpc.agentnotifiers.dhcp_rpc_agent_api [None req-cddfd486-63b2-43ac-82b6-b46ac22a031e df67dd6472fb44779a1308317cf16c65 7d70b4df365140aabe3eda01b5d55684 - - default default] Unable to schedule network 92a63f0e-e00a-4651-ae27-2a1b4987a00f: no agents available; will retry on subsequent port and subnet creation events.
2026-07-17 12:07:59.120 7 INFO neutron.db.ovn_revision_numbers_db [None req-cddfd486-63b2-43ac-82b6-b46ac22a031e df67dd6472fb44779a1308317cf16c65 7d70b4df365140aabe3eda01b5d55684 - - default default] Successfully bumped revision number for resource bcb1efb0-004e-461d-8050-f0f85d378d81 (type: subnets) to 0
2026-07-17 12:07:59.134 8 WARNING neutron.scheduler.dhcp_agent_scheduler [None req-dae108e6-7536-4538-8ba9-5b98bef669da 24b287e13df84607a520e307a19f5cee 6350a469ada1463da7424dfcb1b56d5b - - default default] No more DHCP agents [pid: 7|app: 0|req: 926/1930] 10.0.0.187 () {34 vars in 669 bytes} [Fri Jul 17 12:07:58 2026] POST /v2.0/subnets => generated 646 bytes in 241 msecs (HTTP/1.1 201) 4 headers in 162 bytes (1 switches on core 0)
2026-07-17 12:07:59.135 8 WARNING neutron.api.rpc.agentnotifiers.dhcp_rpc_agent_api [None req-dae108e6-7536-4538-8ba9-5b98bef669da 24b287e13df84607a520e307a19f5cee 6350a469ada1463da7424dfcb1b56d5b - - default default] Unable to schedule network 102145f6-e14a-4c4c-922d-3e90c408a88f: no agents available; will retry on subsequent port and subnet creation events. [pid: 7|app: 0|req: 927/1931] 199.204.45.109 () {34 vars in 986 bytes} [Fri Jul 17 12:07:59 2026] GET /v2.0/networks?id=747df45b-2f9a-44bd-ad45-8e6f578a7b29 => generated 797 bytes in 37 msecs (HTTP/1.1 200) 4 headers in 157 bytes (1 switches on core 0)
2026-07-17 12:07:59.334 8 INFO neutron.db.ovn_revision_numbers_db [None req-dae108e6-7536-4538-8ba9-5b98bef669da 24b287e13df84607a520e307a19f5cee 6350a469ada1463da7424dfcb1b56d5b - - default default] Successfully bumped revision number for resource 5db4ae08-e27b-4c2f-9f2d-78111036576f (type: ports) to 1
2026-07-17 12:07:59.338 7 INFO neutron.db.ovn_revision_numbers_db [None req-76a45145-f7e4-4622-ac8d-798c3ccd2494 df67dd6472fb44779a1308317cf16c65 7d70b4df365140aabe3eda01b5d55684 - - default default] Successfully bumped revision number for resource f6e5db96-abea-444e-a962-f5274a040b12 (type: routers) to 1 [pid: 7|app: 0|req: 928/1932] 10.0.0.187 () {34 vars in 669 bytes} [Fri Jul 17 12:07:59 2026] POST /v2.0/routers => generated 606 bytes in 191 msecs (HTTP/1.1 201) 4 headers in 162 bytes (1 switches on core 0) [pid: 7|app: 0|req: 929/1933] 199.204.45.109 () {34 vars in 1058 bytes} [Fri Jul 17 12:07:59 2026] GET /v2.0/floatingips?fixed_ip_address=10.100.0.8&port_id=2cc6cf9e-4f79-4fc7-9c7f-b99056e0511f => generated 860 bytes in 33 msecs (HTTP/1.1 200) 4 headers in 157 bytes (1 switches on core 0)
2026-07-17 12:07:59.769 7 WARNING neutron.scheduler.dhcp_agent_scheduler [None req-d53103a6-66b5-4acf-863d-bfa8e6f7167e df67dd6472fb44779a1308317cf16c65 7d70b4df365140aabe3eda01b5d55684 - - default default] No more DHCP agents
2026-07-17 12:07:59.770 7 WARNING neutron.api.rpc.agentnotifiers.dhcp_rpc_agent_api [None req-d53103a6-66b5-4acf-863d-bfa8e6f7167e df67dd6472fb44779a1308317cf16c65 7d70b4df365140aabe3eda01b5d55684 - - default default] Unable to schedule network 92a63f0e-e00a-4651-ae27-2a1b4987a00f: no agents available; will retry on subsequent port and subnet creation events.
2026-07-17 12:07:59.915 7 INFO neutron.db.ovn_revision_numbers_db [None req-d53103a6-66b5-4acf-863d-bfa8e6f7167e df67dd6472fb44779a1308317cf16c65 7d70b4df365140aabe3eda01b5d55684 - - default default] Successfully bumped revision number for resource 21f238ef-ad17-47bb-bda3-82cbaea51967 (type: ports) to 1
2026-07-17 12:07:59.993 7 WARNING neutron.plugins.ml2.drivers.ovn.mech_driver.ovsdb.ovn_client [None req-53b04c28-0040-4bed-b1f4-d4083e197bd6 - - - - - -] No port found with ID d17aee11-7c6f-4cbe-8f9e-c5d5d787306e: RuntimeError: No port found with ID d17aee11-7c6f-4cbe-8f9e-c5d5d787306e
2026-07-17 12:08:00.018 7 INFO neutron.plugins.ml2.drivers.ovn.mech_driver.mech_driver [None req-53b04c28-0040-4bed-b1f4-d4083e197bd6 - - - - - -] OVN reports status down for port: 6be7a540-c4fa-4599-98de-13a07926e7b3
2026-07-17 12:08:00.068 8 WARNING neutron.scheduler.dhcp_agent_scheduler [None req-dae108e6-7536-4538-8ba9-5b98bef669da 24b287e13df84607a520e307a19f5cee 6350a469ada1463da7424dfcb1b56d5b - - default default] No more DHCP agents
2026-07-17 12:08:00.070 8 WARNING neutron.api.rpc.agentnotifiers.dhcp_rpc_agent_api [None req-dae108e6-7536-4538-8ba9-5b98bef669da 24b287e13df84607a520e307a19f5cee 6350a469ada1463da7424dfcb1b56d5b - - default default] Unable to schedule network 102145f6-e14a-4c4c-922d-3e90c408a88f: no agents available; will retry on subsequent port and subnet creation events.
2026-07-17 12:08:00.165 7 INFO neutron.plugins.ml2.drivers.ovn.mech_driver.mech_driver [None req-53b04c28-0040-4bed-b1f4-d4083e197bd6 - - - - - -] OVN reports status down for port: 9a822401-8311-469f-8ac5-82af8310e228
2026-07-17 12:08:00.299 8 INFO neutron.db.ovn_revision_numbers_db [None req-dae108e6-7536-4538-8ba9-5b98bef669da 24b287e13df84607a520e307a19f5cee 6350a469ada1463da7424dfcb1b56d5b - - default default] Successfully bumped revision number for resource 5db4ae08-e27b-4c2f-9f2d-78111036576f (type: router_ports) to 1 [pid: 8|app: 0|req: 1005/1934] 10.0.0.187 () {34 vars in 783 bytes} [Fri Jul 17 12:07:58 2026] PUT /v2.0/routers/91f12011-1034-4b88-9a10-1cc7ad80d16a/add_router_interface => generated 309 bytes in 1582 msecs (HTTP/1.1 200) 4 headers in 157 bytes (1 switches on core 0) [pid: 8|app: 0|req: 1006/1935] 199.204.45.109 () {34 vars in 984 bytes} [Fri Jul 17 12:08:00 2026] GET /v2.0/subnets?id=ea26c830-bebf-4916-99c8-b9e019302fb6 => generated 678 bytes in 27 msecs (HTTP/1.1 200) 4 headers in 157 bytes (1 switches on core 0) [pid: 8|app: 0|req: 1007/1936] 10.0.0.187 () {32 vars in 717 bytes} [Fri Jul 17 12:08:00 2026] GET /v2.0/ports/5db4ae08-e27b-4c2f-9f2d-78111036576f => generated 941 bytes in 35 msecs (HTTP/1.1 200) 4 headers in 157 bytes (1 switches on core 0) [pid: 8|app: 0|req: 1008/1937] 199.204.45.109 () {34 vars in 1052 bytes} [Fri Jul 17 12:08:00 2026] GET /v2.0/ports?network_id=747df45b-2f9a-44bd-ad45-8e6f578a7b29&device_owner=network%3Adhcp => generated 12 bytes in 22 msecs (HTTP/1.1 200) 4 headers in 156 bytes (1 switches on core 0)
2026-07-17 12:08:00.457 7 INFO neutron.plugins.ml2.drivers.ovn.mech_driver.mech_driver [None req-53b04c28-0040-4bed-b1f4-d4083e197bd6 - - - - - -] OVN reports status down for port: a5b7904f-e5e5-420e-b089-479c9984dd79
2026-07-17 12:08:00.608 7 INFO neutron.plugins.ml2.drivers.ovn.mech_driver.mech_driver [None req-53b04c28-0040-4bed-b1f4-d4083e197bd6 - - - - - -] OVN reports status down for port: 5db4ae08-e27b-4c2f-9f2d-78111036576f
2026-07-17 12:08:00.734 7 WARNING neutron.plugins.ml2.drivers.ovn.mech_driver.ovsdb.ovn_client [None req-53b04c28-0040-4bed-b1f4-d4083e197bd6 - - - - - -] Logical_Switch_Port %s host information not removed, the port state is up
2026-07-17 12:08:00.735 7 INFO neutron.plugins.ml2.drivers.ovn.mech_driver.mech_driver [None req-53b04c28-0040-4bed-b1f4-d4083e197bd6 - - - - - -] OVN reports status down for port: 21f238ef-ad17-47bb-bda3-82cbaea51967
2026-07-17 12:08:00.901 7 WARNING neutron.plugins.ml2.drivers.ovn.mech_driver.ovsdb.ovn_client [None req-53b04c28-0040-4bed-b1f4-d4083e197bd6 - - - - - -] Logical_Switch_Port %s host information not removed, the port state is up
2026-07-17 12:08:00.903 7 INFO neutron.plugins.ml2.drivers.ovn.mech_driver.mech_driver [None req-53b04c28-0040-4bed-b1f4-d4083e197bd6 - - - - - -] OVN reports status up for port: 5db4ae08-e27b-4c2f-9f2d-78111036576f
2026-07-17 12:08:00.932 7 INFO neutron.plugins.ml2.plugin [None req-53b04c28-0040-4bed-b1f4-d4083e197bd6 - - - - - -] Attempt 1 to provision port 5db4ae08-e27b-4c2f-9f2d-78111036576f
2026-07-17 12:08:01.037 7 WARNING neutron.scheduler.dhcp_agent_scheduler [None req-d53103a6-66b5-4acf-863d-bfa8e6f7167e df67dd6472fb44779a1308317cf16c65 7d70b4df365140aabe3eda01b5d55684 - - default default] No more DHCP agents
