2026-07-17 12:10:05.351 8 INFO neutron.db.ovn_revision_numbers_db [None req-80eb5fbc-7217-4b25-844b-037af7e333b2 a19ecea9207645fe834cb16d9cad184f 59bea03819ae4d78a5e9eab4db49a026 - - default default] Successfully bumped revision number for resource 656d059e-84f6-4072-9a12-a09ef0c9ea2c (type: security_group_rules) to 0
2026-07-17 12:10:05.378 8 INFO neutron.db.ovn_revision_numbers_db [None req-80eb5fbc-7217-4b25-844b-037af7e333b2 a19ecea9207645fe834cb16d9cad184f 59bea03819ae4d78a5e9eab4db49a026 - - default default] Successfully bumped revision number for resource a65b2961-db19-4e9b-8711-1a8671ca7998 (type: security_group_rules) to 0
2026-07-17 12:10:05.392 8 INFO neutron.db.ovn_revision_numbers_db [None req-80eb5fbc-7217-4b25-844b-037af7e333b2 a19ecea9207645fe834cb16d9cad184f 59bea03819ae4d78a5e9eab4db49a026 - - default default] Successfully bumped revision number for resource de1fa0e5-cd28-4f7a-9ee1-3d9b380111d9 (type: security_group_rules) to 0 [pid: 7|app: 0|req: 1311/2824] 10.0.0.187 () {32 vars in 726 bytes} [Fri Jul 17 12:10:04 2026] DELETE /v2.0/networks/c14cf346-53b6-47ce-b2d4-bc06e00135a5 => generated 0 bytes in 539 msecs (HTTP/1.1 204) 3 headers in 131 bytes (1 switches on core 0) [pid: 8|app: 0|req: 1514/2825] 10.0.0.187 () {32 vars in 774 bytes} [Fri Jul 17 12:10:04 2026] GET /v2.0/security-groups?tenant_id=cacd66f21916488d9f466b1b5f642fda&name=default => generated 2929 bytes in 437 msecs (HTTP/1.1 200) 4 headers in 158 bytes (1 switches on core 0)
2026-07-17 12:10:05.582 7 INFO neutron_taas.services.taas.taas_plugin [None req-691d0ff0-7a6d-4d16-be36-59e41d0a031d cb31fce52e924891a77777116369364c b7639a85d373423e97cd1e9a61b7988c - - default default] TaaS: Handle Delete Port: 1f4ae86f-37c7-4206-b496-ea38f7977144
2026-07-17 12:10:05.586 7 INFO neutron_taas.services.taas.tap_mirror_plugin [None req-691d0ff0-7a6d-4d16-be36-59e41d0a031d cb31fce52e924891a77777116369364c b7639a85d373423e97cd1e9a61b7988c - - default default] Tap Mirror: Handle Delete Port: 1f4ae86f-37c7-4206-b496-ea38f7977144 [pid: 8|app: 0|req: 1515/2826] 10.0.0.187 () {32 vars in 740 bytes} [Fri Jul 17 12:10:05 2026] DELETE /v2.0/security-groups/39a78e00-f881-4c96-9ced-3e30bcf56567 => generated 0 bytes in 290 msecs (HTTP/1.1 204) 2 headers in 112 bytes (1 switches on core 0) [pid: 7|app: 0|req: 1312/2827] 10.0.0.187 () {32 vars in 726 bytes} [Fri Jul 17 12:10:05 2026] DELETE /v2.0/networks/ae114440-3725-4bc1-b084-a1e72c06f309 => generated 0 bytes in 477 msecs (HTTP/1.1 204) 3 headers in 131 bytes (1 switches on core 0)
2026-07-17 12:10:06.074 8 INFO neutron.db.ovn_revision_numbers_db [None req-4f4389b5-0491-414d-892e-760617b381f8 a19ecea9207645fe834cb16d9cad184f 59bea03819ae4d78a5e9eab4db49a026 - - default default] Successfully bumped revision number for resource 73b91e72-6e05-489d-bff9-c2448fe96ec0 (type: security_groups) to 1
2026-07-17 12:10:06.080 7 INFO neutron_taas.services.taas.taas_plugin [None req-93635e02-912d-46bf-bbee-4b2c41cc6ccb cb31fce52e924891a77777116369364c b7639a85d373423e97cd1e9a61b7988c - - default default] TaaS: Handle Delete Port: 972f780e-c1ff-474a-8ffe-4018abe2929d
2026-07-17 12:10:06.082 7 INFO neutron_taas.services.taas.tap_mirror_plugin [None req-93635e02-912d-46bf-bbee-4b2c41cc6ccb cb31fce52e924891a77777116369364c b7639a85d373423e97cd1e9a61b7988c - - default default] Tap Mirror: Handle Delete Port: 972f780e-c1ff-474a-8ffe-4018abe2929d
2026-07-17 12:10:06.085 8 INFO neutron.db.ovn_revision_numbers_db [None req-4f4389b5-0491-414d-892e-760617b381f8 a19ecea9207645fe834cb16d9cad184f 59bea03819ae4d78a5e9eab4db49a026 - - default default] Successfully bumped revision number for resource 467b3c1b-8aeb-4797-8a14-b35ebb2098b5 (type: security_group_rules) to 0
2026-07-17 12:10:06.097 8 INFO neutron.db.ovn_revision_numbers_db [None req-4f4389b5-0491-414d-892e-760617b381f8 a19ecea9207645fe834cb16d9cad184f 59bea03819ae4d78a5e9eab4db49a026 - - default default] Successfully bumped revision number for resource 559d9fba-2d47-44fe-a170-d556f577c503 (type: security_group_rules) to 0
2026-07-17 12:10:06.116 8 INFO neutron.db.ovn_revision_numbers_db [None req-4f4389b5-0491-414d-892e-760617b381f8 a19ecea9207645fe834cb16d9cad184f 59bea03819ae4d78a5e9eab4db49a026 - - default default] Successfully bumped revision number for resource bc571fcd-b220-4113-9fca-ee54d824bed1 (type: security_group_rules) to 0
2026-07-17 12:10:06.146 8 INFO neutron.db.ovn_revision_numbers_db [None req-4f4389b5-0491-414d-892e-760617b381f8 a19ecea9207645fe834cb16d9cad184f 59bea03819ae4d78a5e9eab4db49a026 - - default default] Successfully bumped revision number for resource d67e787f-5b0d-423d-852b-40001ac51af8 (type: security_group_rules) to 0 [pid: 8|app: 0|req: 1516/2828] 10.0.0.187 () {32 vars in 774 bytes} [Fri Jul 17 12:10:05 2026] GET /v2.0/security-groups?tenant_id=ee764fa295f248c58c67009d810a2508&name=default => generated 2929 bytes in 303 msecs (HTTP/1.1 200) 4 headers in 158 bytes (1 switches on core 0) [pid: 7|app: 0|req: 1313/2829] 10.0.0.187 () {32 vars in 726 bytes} [Fri Jul 17 12:10:05 2026] DELETE /v2.0/networks/77daddc3-8bf0-458e-9e9b-0d9959657e95 => generated 0 bytes in 481 msecs (HTTP/1.1 204) 3 headers in 131 bytes (1 switches on core 0)
2026-07-17 12:10:06.562 7 INFO neutron_taas.services.taas.taas_plugin [None req-93140724-fd2f-4171-89b6-fcb272ab382b cb31fce52e924891a77777116369364c b7639a85d373423e97cd1e9a61b7988c - - default default] TaaS: Handle Delete Port: fd79a0ba-01d9-4e71-96ee-e6534c7cfc17
2026-07-17 12:10:06.568 7 INFO neutron_taas.services.taas.tap_mirror_plugin [None req-93140724-fd2f-4171-89b6-fcb272ab382b cb31fce52e924891a77777116369364c b7639a85d373423e97cd1e9a61b7988c - - default default] Tap Mirror: Handle Delete Port: fd79a0ba-01d9-4e71-96ee-e6534c7cfc17 [pid: 8|app: 0|req: 1517/2830] 10.0.0.187 () {32 vars in 740 bytes} [Fri Jul 17 12:10:06 2026] DELETE /v2.0/security-groups/73b91e72-6e05-489d-bff9-c2448fe96ec0 => generated 0 bytes in 395 msecs (HTTP/1.1 204) 2 headers in 112 bytes (1 switches on core 0) [pid: 7|app: 0|req: 1314/2831] 10.0.0.187 () {32 vars in 726 bytes} [Fri Jul 17 12:10:06 2026] DELETE /v2.0/networks/31791e88-ed83-4ef8-8bbd-7aa605b09470 => generated 0 bytes in 546 msecs (HTTP/1.1 204) 3 headers in 131 bytes (1 switches on core 0)
2026-07-17 12:10:06.983 8 INFO neutron.db.ovn_revision_numbers_db [None req-6d627b6a-fb51-47f2-a8a5-8f3c68c128ab a19ecea9207645fe834cb16d9cad184f 59bea03819ae4d78a5e9eab4db49a026 - - default default] Successfully bumped revision number for resource f60e0781-8c7f-48bb-bcd3-9d5badd5a017 (type: security_groups) to 1
2026-07-17 12:10:06.994 8 INFO neutron.db.ovn_revision_numbers_db [None req-6d627b6a-fb51-47f2-a8a5-8f3c68c128ab a19ecea9207645fe834cb16d9cad184f 59bea03819ae4d78a5e9eab4db49a026 - - default default] Successfully bumped revision number for resource 1b97124e-a73b-4ad2-8037-73fe0b31a885 (type: security_group_rules) to 0
2026-07-17 12:10:07.007 8 INFO neutron.db.ovn_revision_numbers_db [None req-6d627b6a-fb51-47f2-a8a5-8f3c68c128ab a19ecea9207645fe834cb16d9cad184f 59bea03819ae4d78a5e9eab4db49a026 - - default default] Successfully bumped revision number for resource 21ea76bc-10e2-4a95-b6c4-3d2b4bd956f9 (type: security_group_rules) to 0
2026-07-17 12:10:07.019 8 INFO neutron.db.ovn_revision_numbers_db [None req-6d627b6a-fb51-47f2-a8a5-8f3c68c128ab a19ecea9207645fe834cb16d9cad184f 59bea03819ae4d78a5e9eab4db49a026 - - default default] Successfully bumped revision number for resource 9db09906-1189-4028-8e41-1bec21df091a (type: security_group_rules) to 0
2026-07-17 12:10:07.030 8 INFO neutron.db.ovn_revision_numbers_db [None req-6d627b6a-fb51-47f2-a8a5-8f3c68c128ab a19ecea9207645fe834cb16d9cad184f 59bea03819ae4d78a5e9eab4db49a026 - - default default] Successfully bumped revision number for resource d73e206e-1d49-48d0-8446-91fe65d64666 (type: security_group_rules) to 0 [pid: 8|app: 0|req: 1518/2832] 10.0.0.187 () {32 vars in 774 bytes} [Fri Jul 17 12:10:06 2026] GET /v2.0/security-groups?tenant_id=1ad63ef9e3274c68adaa4b7c9c8404ee&name=default => generated 2929 bytes in 301 msecs (HTTP/1.1 200) 4 headers in 158 bytes (1 switches on core 0)
2026-07-17 12:10:07.097 7 INFO neutron_taas.services.taas.taas_plugin [None req-f41c796a-6997-4d99-9235-f2c10a2e91cb cb31fce52e924891a77777116369364c b7639a85d373423e97cd1e9a61b7988c - - default default] TaaS: Handle Delete Port: 5bf0d0e9-ec7e-4d3b-a7ad-a64e14450fbc
2026-07-17 12:10:07.101 7 INFO neutron_taas.services.taas.tap_mirror_plugin [None req-f41c796a-6997-4d99-9235-f2c10a2e91cb cb31fce52e924891a77777116369364c b7639a85d373423e97cd1e9a61b7988c - - default default] Tap Mirror: Handle Delete Port: 5bf0d0e9-ec7e-4d3b-a7ad-a64e14450fbc
2026-07-17 12:10:07.325 7 INFO neutron.services.segments.plugin [-] Segment 07e6b58e-9e66-4038-996f-fb34b945648e resource provider aggregate not found
2026-07-17 12:10:07.331 7 INFO neutron.services.segments.plugin [-] Segment 07e6b58e-9e66-4038-996f-fb34b945648e resource provider aggregate not found
2026-07-17 12:10:07.345 7 INFO neutron.services.segments.plugin [-] Segment 07e6b58e-9e66-4038-996f-fb34b945648e resource provider not found; error: Placement Client Error (4xx): {"errors": [{"status": 404, "title": "Not Found", "detail": "The resource could not be found.\n\n No resource provider with uuid 07e6b58e-9e66-4038-996f-fb34b945648e found for delete ", "request_id": "req-54e93518-f577-401e-9995-44ad5ef7a26e"}]}
2026-07-17 12:10:07.364 7 INFO neutron.services.segments.plugin [-] Segment 07e6b58e-9e66-4038-996f-fb34b945648e resource provider not found; error: Placement Client Error (4xx): {"errors": [{"status": 404, "title": "Not Found", "detail": "The resource could not be found.\n\n No resource provider with uuid 07e6b58e-9e66-4038-996f-fb34b945648e found for delete ", "request_id": "req-38c96634-237f-4157-94d3-9b46dadfa6f7"}]}
2026-07-17 12:10:07.366 7 INFO neutron.services.segments.plugin [-] Segment fdc4753e-c9a6-4045-a30b-329514bb5e51 resource provider aggregate not found
2026-07-17 12:10:07.387 7 INFO neutron.services.segments.plugin [-] Segment fdc4753e-c9a6-4045-a30b-329514bb5e51 resource provider aggregate not found
2026-07-17 12:10:07.389 7 INFO neutron.services.segments.plugin [-] Segment fdc4753e-c9a6-4045-a30b-329514bb5e51 resource provider not found; error: Placement Client Error (4xx): {"errors": [{"status": 404, "title": "Not Found", "detail": "The resource could not be found.\n\n No resource provider with uuid fdc4753e-c9a6-4045-a30b-329514bb5e51 found for delete ", "request_id": "req-d07bf83b-8bbc-40f5-aa31-1d5b542005ac"}]}
2026-07-17 12:10:07.406 7 INFO neutron.services.segments.plugin [-] Segment f7020237-fe19-4ca0-9d87-90d2597dddc4 resource provider aggregate not found
2026-07-17 12:10:07.410 7 INFO neutron.services.segments.plugin [-] Segment fdc4753e-c9a6-4045-a30b-329514bb5e51 resource provider not found; error: Placement Client Error (4xx): {"errors": [{"status": 404, "title": "Not Found", "detail": "The resource could not be found.\n\n No resource provider with uuid fdc4753e-c9a6-4045-a30b-329514bb5e51 found for delete ", "request_id": "req-ea81418b-9119-464e-ab31-df4e5e541ca2"}]} [pid: 8|app: 0|req: 1519/2833] 10.0.0.187 () {32 vars in 740 bytes} [Fri Jul 17 12:10:07 2026] DELETE /v2.0/security-groups/f60e0781-8c7f-48bb-bcd3-9d5badd5a017 => generated 0 bytes in 349 msecs (HTTP/1.1 204) 2 headers in 112 bytes (1 switches on core 0)
2026-07-17 12:10:07.425 7 INFO neutron.services.segments.plugin [-] Segment f7020237-fe19-4ca0-9d87-90d2597dddc4 resource provider not found; error: Placement Client Error (4xx): {"errors": [{"status": 404, "title": "Not Found", "detail": "The resource could not be found.\n\n No resource provider with uuid f7020237-fe19-4ca0-9d87-90d2597dddc4 found for delete ", "request_id": "req-c3989cb5-5161-4f29-b07b-644f50dda909"}]}
2026-07-17 12:10:07.428 7 INFO neutron.services.segments.plugin [-] Segment f7020237-fe19-4ca0-9d87-90d2597dddc4 resource provider aggregate not found
2026-07-17 12:10:07.450 7 INFO neutron.services.segments.plugin [-] Segment f7020237-fe19-4ca0-9d87-90d2597dddc4 resource provider not found; error: Placement Client Error (4xx): {"errors": [{"status": 404, "title": "Not Found", "detail": "The resource could not be found.\n\n No resource provider with uuid f7020237-fe19-4ca0-9d87-90d2597dddc4 found for delete ", "request_id": "req-76ea75e7-6b80-4671-a40d-e85e16dc5258"}]} [pid: 7|app: 0|req: 1315/2834] 10.0.0.187 () {32 vars in 726 bytes} [Fri Jul 17 12:10:06 2026] DELETE /v2.0/networks/440f4255-18f7-4b30-b325-15b527cfe4a1 => generated 0 bytes in 556 msecs (HTTP/1.1 204) 3 headers in 131 bytes (1 switches on core 0)
2026-07-17 12:10:08.616 8 INFO neutron.db.ovn_revision_numbers_db [None req-2d073192-2e3e-4555-b7ed-2ed0c36cf8f8 a19ecea9207645fe834cb16d9cad184f 59bea03819ae4d78a5e9eab4db49a026 - - default default] Successfully bumped revision number for resource 6de906f2-62f8-4207-b9f9-fd1204780f7f (type: security_groups) to 1
2026-07-17 12:10:08.632 8 INFO neutron.db.ovn_revision_numbers_db [None req-2d073192-2e3e-4555-b7ed-2ed0c36cf8f8 a19ecea9207645fe834cb16d9cad184f 59bea03819ae4d78a5e9eab4db49a026 - - default default] Successfully bumped revision number for resource 27d7eaba-9ca9-4f50-9788-c48a56685345 (type: security_group_rules) to 0
2026-07-17 12:10:08.644 8 INFO neutron.db.ovn_revision_numbers_db [None req-2d073192-2e3e-4555-b7ed-2ed0c36cf8f8 a19ecea9207645fe834cb16d9cad184f 59bea03819ae4d78a5e9eab4db49a026 - - default default] Successfully bumped revision number for resource 7c154bcd-b9b9-4b02-8dae-8865bc0b3c3d (type: security_group_rules) to 0
2026-07-17 12:10:08.657 8 INFO neutron.db.ovn_revision_numbers_db [None req-2d073192-2e3e-4555-b7ed-2ed0c36cf8f8 a19ecea9207645fe834cb16d9cad184f 59bea03819ae4d78a5e9eab4db49a026 - - default default] Successfully bumped revision number for resource 9bd38d21-236d-4ada-b58d-108360b8e411 (type: security_group_rules) to 0
2026-07-17 12:10:08.669 8 INFO neutron.db.ovn_revision_numbers_db [None req-2d073192-2e3e-4555-b7ed-2ed0c36cf8f8 a19ecea9207645fe834cb16d9cad184f 59bea03819ae4d78a5e9eab4db49a026 - - default default] Successfully bumped revision number for resource b8cec15b-59fb-4673-bf2b-c82cd33c88e5 (type: security_group_rules) to 0 [pid: 8|app: 0|req: 1520/2835] 10.0.0.187 () {32 vars in 774 bytes} [Fri Jul 17 12:10:08 2026] GET /v2.0/security-groups?tenant_id=cd2ca26a8db1469b838702022d759935&name=default => generated 2929 bytes in 354 msecs (HTTP/1.1 200) 4 headers in 158 bytes (1 switches on core 0) [pid: 7|app: 0|req: 1316/2836] 10.0.0.187 () {32 vars in 740 bytes} [Fri Jul 17 12:10:08 2026] DELETE /v2.0/security-groups/6de906f2-62f8-4207-b9f9-fd1204780f7f => generated 0 bytes in 342 msecs (HTTP/1.1 204) 2 headers in 112 bytes (1 switches on core 0) [pid: 7|app: 0|req: 1317/2837] 10.0.0.187 () {32 vars in 774 bytes} [Fri Jul 17 12:10:09 2026] GET /v2.0/security-groups?tenant_id=b7639a85d373423e97cd1e9a61b7988c&name=default => generated 2925 bytes in 38 msecs (HTTP/1.1 200) 4 headers in 158 bytes (1 switches on core 0)
2026-07-17 12:10:09.441 7 INFO neutron.services.segments.plugin [-] Segment dfa0fbbd-39ce-420f-89eb-bd9b1277b86a resource provider aggregate not found
2026-07-17 12:10:09.454 7 INFO neutron.services.segments.plugin [-] Segment dfa0fbbd-39ce-420f-89eb-bd9b1277b86a resource provider not found; error: Placement Client Error (4xx): {"errors": [{"status": 404, "title": "Not Found", "detail": "The resource could not be found.\n\n No resource provider with uuid dfa0fbbd-39ce-420f-89eb-bd9b1277b86a found for delete ", "request_id": "req-98c637f5-891c-4a6b-8f2e-78201bc9e988"}]}
2026-07-17 12:10:09.470 7 INFO neutron.services.segments.plugin [-] Segment dfa0fbbd-39ce-420f-89eb-bd9b1277b86a resource provider aggregate not found
2026-07-17 12:10:09.490 7 INFO neutron.services.segments.plugin [-] Segment dfa0fbbd-39ce-420f-89eb-bd9b1277b86a resource provider not found; error: Placement Client Error (4xx): {"errors": [{"status": 404, "title": "Not Found", "detail": "The resource could not be found.\n\n No resource provider with uuid dfa0fbbd-39ce-420f-89eb-bd9b1277b86a found for delete ", "request_id": "req-c08c2aee-ecdb-45dd-93a1-a4ab817a2c9d"}]} [pid: 7|app: 0|req: 1318/2838] 10.0.0.187 () {32 vars in 740 bytes} [Fri Jul 17 12:10:09 2026] DELETE /v2.0/security-groups/0601302a-58d6-4ba0-a0c2-5d329a68256a => generated 0 bytes in 329 msecs (HTTP/1.1 204) 2 headers in 112 bytes (1 switches on core 0)
2026-07-17 12:10:09.691 8 INFO neutron.db.ovn_revision_numbers_db [None req-de9d129b-3eec-4d4d-bbe5-563e24521b8b cbcbf18a64e848e6bed40ebe5e370c38 b106ed664a3641a3964b0e025da008ef - - default default] Successfully bumped revision number for resource 2e5325ec-7cc8-4402-8060-d21e51346b78 (type: security_groups) to 1
2026-07-17 12:10:09.707 8 INFO neutron.db.ovn_revision_numbers_db [None req-de9d129b-3eec-4d4d-bbe5-563e24521b8b cbcbf18a64e848e6bed40ebe5e370c38 b106ed664a3641a3964b0e025da008ef - - default default] Successfully bumped revision number for resource 18c20b17-f0ab-493d-aa38-34b1effdac7f (type: security_group_rules) to 0
2026-07-17 12:10:09.743 8 INFO neutron.db.ovn_revision_numbers_db [None req-de9d129b-3eec-4d4d-bbe5-563e24521b8b cbcbf18a64e848e6bed40ebe5e370c38 b106ed664a3641a3964b0e025da008ef - - default default] Successfully bumped revision number for resource 29a5c8f4-bcb8-43f0-a78a-372a3e52487f (type: security_group_rules) to 0
2026-07-17 12:10:09.755 8 INFO neutron.db.ovn_revision_numbers_db [None req-de9d129b-3eec-4d4d-bbe5-563e24521b8b cbcbf18a64e848e6bed40ebe5e370c38 b106ed664a3641a3964b0e025da008ef - - default default] Successfully bumped revision number for resource 32a5644a-b297-4c65-baa4-7178ca5c0114 (type: security_group_rules) to 0
2026-07-17 12:10:09.769 8 INFO neutron.db.ovn_revision_numbers_db [None req-de9d129b-3eec-4d4d-bbe5-563e24521b8b cbcbf18a64e848e6bed40ebe5e370c38 b106ed664a3641a3964b0e025da008ef - - default default] Successfully bumped revision number for resource 7c13bea3-e2ef-48e1-86c6-0336845ff2a5 (type: security_group_rules) to 0
2026-07-17 12:10:09.863 8 INFO neutron.db.segments_db [None req-de9d129b-3eec-4d4d-bbe5-563e24521b8b cbcbf18a64e848e6bed40ebe5e370c38 b106ed664a3641a3964b0e025da008ef - - default default] Added segment 260859dd-0ad0-4072-b443-9c1d44d72665 of type geneve for network 14a3bb39-b1f6-4d3a-b86f-78d3a7df0d73
2026-07-17 12:10:09.915 7 INFO neutron.db.ovn_revision_numbers_db [None req-d1bfe4a9-d9f8-4b5a-9c82-f68c6cee9179 a19ecea9207645fe834cb16d9cad184f 59bea03819ae4d78a5e9eab4db49a026 - - default default] Successfully bumped revision number for resource c53da4d2-6088-471c-9727-88f278d2fa23 (type: security_groups) to 1
2026-07-17 12:10:09.936 7 INFO neutron.db.ovn_revision_numbers_db [None req-d1bfe4a9-d9f8-4b5a-9c82-f68c6cee9179 a19ecea9207645fe834cb16d9cad184f 59bea03819ae4d78a5e9eab4db49a026 - - default default] Successfully bumped revision number for resource 543a08fe-9ca0-45b7-9405-7e3685fa5c1e (type: security_group_rules) to 0
2026-07-17 12:10:09.948 7 INFO neutron.db.ovn_revision_numbers_db [None req-d1bfe4a9-d9f8-4b5a-9c82-f68c6cee9179 a19ecea9207645fe834cb16d9cad184f 59bea03819ae4d78a5e9eab4db49a026 - - default default] Successfully bumped revision number for resource 63e59c7d-c292-4864-823e-53cddd8419e7 (type: security_group_rules) to 0
2026-07-17 12:10:09.959 7 INFO neutron.db.ovn_revision_numbers_db [None req-d1bfe4a9-d9f8-4b5a-9c82-f68c6cee9179 a19ecea9207645fe834cb16d9cad184f 59bea03819ae4d78a5e9eab4db49a026 - - default default] Successfully bumped revision number for resource 6fe50a1e-707a-472a-841a-83e7e0f9e706 (type: security_group_rules) to 0
2026-07-17 12:10:09.977 7 INFO neutron.db.ovn_revision_numbers_db [None req-d1bfe4a9-d9f8-4b5a-9c82-f68c6cee9179 a19ecea9207645fe834cb16d9cad184f 59bea03819ae4d78a5e9eab4db49a026 - - default default] Successfully bumped revision number for resource f978f0d9-05a7-445e-a3ee-8cd27ca8b270 (type: security_group_rules) to 0
2026-07-17 12:10:10.034 8 INFO neutron.db.ovn_revision_numbers_db [None req-de9d129b-3eec-4d4d-bbe5-563e24521b8b cbcbf18a64e848e6bed40ebe5e370c38 b106ed664a3641a3964b0e025da008ef - - default default] Successfully bumped revision number for resource 14a3bb39-b1f6-4d3a-b86f-78d3a7df0d73 (type: networks) to 1 [pid: 7|app: 0|req: 1319/2839] 10.0.0.187 () {32 vars in 774 bytes} [Fri Jul 17 12:10:09 2026] GET /v2.0/security-groups?tenant_id=16196ae5d32948b5835cb6770490aa7e&name=default => generated 2929 bytes in 316 msecs (HTTP/1.1 200) 4 headers in 158 bytes (1 switches on core 0)
2026-07-17 12:10:10.190 8 WARNING neutron.scheduler.dhcp_agent_scheduler [None req-de9d129b-3eec-4d4d-bbe5-563e24521b8b cbcbf18a64e848e6bed40ebe5e370c38 b106ed664a3641a3964b0e025da008ef - - default default] No more DHCP agents
2026-07-17 12:10:10.192 8 WARNING neutron.api.rpc.agentnotifiers.dhcp_rpc_agent_api [None req-de9d129b-3eec-4d4d-bbe5-563e24521b8b cbcbf18a64e848e6bed40ebe5e370c38 b106ed664a3641a3964b0e025da008ef - - default default] Unable to schedule network 14a3bb39-b1f6-4d3a-b86f-78d3a7df0d73: no agents available; will retry on subsequent port and subnet creation events.
2026-07-17 12:10:10.278 7 INFO neutron.plugins.ml2.drivers.ovn.mech_driver.mech_driver [None req-fa0e7d1e-1b82-4ff0-865b-d9ed855d2746 - - - - - -] OVN reports status down for port: 97215ec4-a6a8-4c64-8332-a13272ffa995
2026-07-17 12:10:10.374 8 INFO neutron.db.ovn_revision_numbers_db [None req-de9d129b-3eec-4d4d-bbe5-563e24521b8b cbcbf18a64e848e6bed40ebe5e370c38 b106ed664a3641a3964b0e025da008ef - - default default] Successfully bumped revision number for resource 97215ec4-a6a8-4c64-8332-a13272ffa995 (type: ports) to 1 [pid: 8|app: 0|req: 1521/2840] 10.0.0.187 () {34 vars in 670 bytes} [Fri Jul 17 12:10:09 2026] POST /v2.0/networks => generated 658 bytes in 1261 msecs (HTTP/1.1 201) 4 headers in 162 bytes (1 switches on core 0) [pid: 7|app: 0|req: 1320/2841] 10.0.0.187 () {32 vars in 740 bytes} [Fri Jul 17 12:10:10 2026] DELETE /v2.0/security-groups/c53da4d2-6088-471c-9727-88f278d2fa23 => generated 0 bytes in 464 msecs (HTTP/1.1 204) 2 headers in 112 bytes (1 switches on core 0)
2026-07-17 12:10:10.651 8 WARNING neutron.scheduler.dhcp_agent_scheduler [None req-63dce77a-1f54-494a-b900-dfb289d5d40a cbcbf18a64e848e6bed40ebe5e370c38 b106ed664a3641a3964b0e025da008ef - - default default] No more DHCP agents
2026-07-17 12:10:10.652 8 WARNING neutron.api.rpc.agentnotifiers.dhcp_rpc_agent_api [None req-63dce77a-1f54-494a-b900-dfb289d5d40a cbcbf18a64e848e6bed40ebe5e370c38 b106ed664a3641a3964b0e025da008ef - - default default] Unable to schedule network 14a3bb39-b1f6-4d3a-b86f-78d3a7df0d73: no agents available; will retry on subsequent port and subnet creation events.
2026-07-17 12:10:11.086 8 INFO neutron.db.ovn_revision_numbers_db [None req-9081885a-2b9c-4cb0-8ca1-2eb1b34b8585 - - - - - -] Successfully bumped revision number for resource 97215ec4-a6a8-4c64-8332-a13272ffa995 (type: ports) to 2
2026-07-17 12:10:11.116 8 INFO neutron.db.ovn_revision_numbers_db [None req-9081885a-2b9c-4cb0-8ca1-2eb1b34b8585 - - - - - -] Successfully bumped revision number for resource 2a15e013-03ba-4184-99c5-d58f837f1963 (type: subnets) to 0 [pid: 8|app: 0|req: 1522/2844] 10.0.0.187 () {34 vars in 669 bytes} [Fri Jul 17 12:10:10 2026] POST /v2.0/subnets => generated 658 bytes in 722 msecs (HTTP/1.1 201) 4 headers in 162 bytes (1 switches on core 0) [pid: 7|app: 0|req: 1323/2845] 10.0.0.254 () {28 vars in 583 bytes} [Fri Jul 17 12:10:10 2026] GET /v2.0/subnets => generated 1974 bytes in 242 msecs (HTTP/1.1 200) 4 headers in 158 bytes (1 switches on core 0) [pid: 8|app: 0|req: 1523/2846] 10.0.0.187 () {32 vars in 722 bytes} [Fri Jul 17 12:10:11 2026] GET /v2.0/subnetpools?name=shared-default-subnetpool-v6 => generated 19 bytes in 89 msecs (HTTP/1.1 200) 4 headers in 156 bytes (1 switches on core 0) [pid: 7|app: 0|req: 1324/2847] 10.0.0.254 () {28 vars in 583 bytes} [Fri Jul 17 12:10:11 2026] GET /v2.0/routers => generated 15 bytes in 37 msecs (HTTP/1.1 200) 4 headers in 156 bytes (1 switches on core 0) [pid: 7|app: 0|req: 1325/2848] 10.0.0.254 () {28 vars in 624 bytes} [Fri Jul 17 12:10:11 2026] GET /v2.0/agents?binary=ovn-controller => generated 416 bytes in 78 msecs (HTTP/1.1 200) 4 headers in 157 bytes (1 switches on core 0) [pid: 7|app: 0|req: 1326/2849] 10.0.0.254 () {28 vars in 599 bytes} [Fri Jul 17 12:10:11 2026] GET /v2.0/security-groups => generated 20309 bytes in 38 msecs (HTTP/1.1 200) 4 headers in 159 bytes (1 switches on core 0) [pid: 7|app: 0|req: 1327/2850] 10.0.0.254 () {28 vars in 583 bytes} [Fri Jul 17 12:10:11 2026] GET /v2.0/subnets => generated 1974 bytes in 31 msecs (HTTP/1.1 200) 4 headers in 158 bytes (1 switches on core 0) [pid: 7|app: 0|req: 1328/2851] 10.0.0.254 () {28 vars in 591 bytes} [Fri Jul 17 12:10:11 2026] GET /v2.0/subnetpools => generated 19 bytes in 9 msecs (HTTP/1.1 200) 4 headers in 156 bytes (1 switches on core 0)
2026-07-17 12:10:11.477 8 WARNING neutron.scheduler.dhcp_agent_scheduler [None req-239fe263-ec00-4e46-a4a5-57d8a8806b3b cbcbf18a64e848e6bed40ebe5e370c38 b106ed664a3641a3964b0e025da008ef - - default default] No more DHCP agents
2026-07-17 12:10:11.478 8 WARNING neutron.api.rpc.agentnotifiers.dhcp_rpc_agent_api [None req-239fe263-ec00-4e46-a4a5-57d8a8806b3b cbcbf18a64e848e6bed40ebe5e370c38 b106ed664a3641a3964b0e025da008ef - - default default] Unable to schedule network 14a3bb39-b1f6-4d3a-b86f-78d3a7df0d73: no agents available; will retry on subsequent port and subnet creation events. [pid: 7|app: 0|req: 1329/2852] 10.0.0.254 () {28 vars in 591 bytes} [Fri Jul 17 12:10:11 2026] GET /v2.0/floatingips => generated 19 bytes in 44 msecs (HTTP/1.1 200) 4 headers in 156 bytes (1 switches on core 0)
2026-07-17 12:10:11.514 8 INFO neutron.db.ovn_revision_numbers_db [None req-239fe263-ec00-4e46-a4a5-57d8a8806b3b cbcbf18a64e848e6bed40ebe5e370c38 b106ed664a3641a3964b0e025da008ef - - default default] Successfully bumped revision number for resource 7c79a446-faff-46bd-8233-6bccb5e598dd (type: subnets) to 0 [pid: 8|app: 0|req: 1524/2853] 10.0.0.187 () {34 vars in 669 bytes} [Fri Jul 17 12:10:11 2026] POST /v2.0/subnets => generated 731 bytes in 281 msecs (HTTP/1.1 201) 4 headers in 162 bytes (1 switches on core 0) [pid: 7|app: 0|req: 1330/2854] 10.0.0.254 () {28 vars in 579 bytes} [Fri Jul 17 12:10:11 2026] GET /v2.0/ports => generated 6218 bytes in 82 msecs (HTTP/1.1 200) 4 headers in 158 bytes (1 switches on core 0)
2026-07-17 12:10:11.612 8 INFO neutron.db.segments_db [None req-d8dfe15b-ab70-43f1-8c0d-d23560a465f4 cbcbf18a64e848e6bed40ebe5e370c38 b106ed664a3641a3964b0e025da008ef - - default default] Added segment 11c909f4-97bc-4bad-951b-f762a43025ff of type geneve for network 67bea32e-a279-443d-98f5-36ffe620ad25 [pid: 7|app: 0|req: 1331/2855] 10.0.0.254 () {28 vars in 581 bytes} [Fri Jul 17 12:10:11 2026] GET /v2.0/agents => generated 1214 bytes in 16 msecs (HTTP/1.1 200) 4 headers in 158 bytes (1 switches on core 0) [pid: 7|app: 0|req: 1332/2856] 10.0.0.254 () {28 vars in 619 bytes} [Fri Jul 17 12:10:11 2026] GET /v2.0/network-ip-availabilities => generated 1802 bytes in 21 msecs (HTTP/1.1 200) 4 headers in 158 bytes (1 switches on core 0)
2026-07-17 12:10:11.767 8 INFO neutron.db.ovn_revision_numbers_db [None req-d8dfe15b-ab70-43f1-8c0d-d23560a465f4 cbcbf18a64e848e6bed40ebe5e370c38 b106ed664a3641a3964b0e025da008ef - - default default] Successfully bumped revision number for resource 67bea32e-a279-443d-98f5-36ffe620ad25 (type: networks) to 1 [pid: 7|app: 0|req: 1333/2857] 10.0.0.254 () {28 vars in 585 bytes} [Fri Jul 17 12:10:11 2026] GET /v2.0/networks => generated 3860 bytes in 129 msecs (HTTP/1.1 200) 4 headers in 158 bytes (1 switches on core 0)
2026-07-17 12:10:11.951 8 WARNING neutron.scheduler.dhcp_agent_scheduler [None req-d8dfe15b-ab70-43f1-8c0d-d23560a465f4 cbcbf18a64e848e6bed40ebe5e370c38 b106ed664a3641a3964b0e025da008ef - - default default] No more DHCP agents
2026-07-17 12:10:11.952 8 WARNING neutron.api.rpc.agentnotifiers.dhcp_rpc_agent_api [None req-d8dfe15b-ab70-43f1-8c0d-d23560a465f4 cbcbf18a64e848e6bed40ebe5e370c38 b106ed664a3641a3964b0e025da008ef - - default default] Unable to schedule network 67bea32e-a279-443d-98f5-36ffe620ad25: no agents available; will retry on subsequent port and subnet creation events.
2026-07-17 12:10:12.027 7 INFO neutron.plugins.ml2.drivers.ovn.mech_driver.mech_driver [None req-fa0e7d1e-1b82-4ff0-865b-d9ed855d2746 - - - - - -] OVN reports status down for port: 9cdef086-e07a-4406-9326-ebb4853a07ac
2026-07-17 12:10:12.061 8 INFO neutron.db.ovn_revision_numbers_db [None req-d8dfe15b-ab70-43f1-8c0d-d23560a465f4 cbcbf18a64e848e6bed40ebe5e370c38 b106ed664a3641a3964b0e025da008ef - - default default] Successfully bumped revision number for resource 9cdef086-e07a-4406-9326-ebb4853a07ac (type: ports) to 1 [pid: 8|app: 0|req: 1525/2858] 10.0.0.187 () {34 vars in 670 bytes} [Fri Jul 17 12:10:11 2026] POST /v2.0/networks => generated 656 bytes in 551 msecs (HTTP/1.1 201) 4 headers in 162 bytes (1 switches on core 0)
2026-07-17 12:10:12.279 7 INFO neutron.db.ovn_revision_numbers_db [None req-dc859124-9e33-49df-8928-230e6fb8c95d 3f3feb80ef53464a98515bd817aa9b1e 7d3583e8b1314dedb9bae1f3513bb33c - - default default] Successfully bumped revision number for resource 6ff73623-c561-4ccd-82bd-2ccecda10601 (type: security_groups) to 1
2026-07-17 12:10:12.290 7 INFO neutron.db.ovn_revision_numbers_db [None req-dc859124-9e33-49df-8928-230e6fb8c95d 3f3feb80ef53464a98515bd817aa9b1e 7d3583e8b1314dedb9bae1f3513bb33c - - default default] Successfully bumped revision number for resource 2c9bdf9b-6c00-4df2-83e3-a1044e0f1af8 (type: security_group_rules) to 0
2026-07-17 12:10:12.300 7 INFO neutron.db.ovn_revision_numbers_db [None req-dc859124-9e33-49df-8928-230e6fb8c95d 3f3feb80ef53464a98515bd817aa9b1e 7d3583e8b1314dedb9bae1f3513bb33c - - default default] Successfully bumped revision number for resource 82804957-ddd8-4c62-b3c2-6ec32f345212 (type: security_group_rules) to 0
2026-07-17 12:10:12.312 7 INFO neutron.db.ovn_revision_numbers_db [None req-dc859124-9e33-49df-8928-230e6fb8c95d 3f3feb80ef53464a98515bd817aa9b1e 7d3583e8b1314dedb9bae1f3513bb33c - - default default] Successfully bumped revision number for resource aaf0264e-912a-4a97-9f7e-daf6fe4b63ed (type: security_group_rules) to 0
2026-07-17 12:10:12.318 8 WARNING neutron.scheduler.dhcp_agent_scheduler [None req-53fdd32e-2e61-49aa-b4fb-5c95e8ada993 cbcbf18a64e848e6bed40ebe5e370c38 b106ed664a3641a3964b0e025da008ef - - default default] No more DHCP agents
2026-07-17 12:10:12.319 8 WARNING neutron.api.rpc.agentnotifiers.dhcp_rpc_agent_api [None req-53fdd32e-2e61-49aa-b4fb-5c95e8ada993 cbcbf18a64e848e6bed40ebe5e370c38 b106ed664a3641a3964b0e025da008ef - - default default] Unable to schedule network 67bea32e-a279-443d-98f5-36ffe620ad25: no agents available; will retry on subsequent port and subnet creation events.
2026-07-17 12:10:12.324 7 INFO neutron.db.ovn_revision_numbers_db [None req-dc859124-9e33-49df-8928-230e6fb8c95d 3f3feb80ef53464a98515bd817aa9b1e 7d3583e8b1314dedb9bae1f3513bb33c - - default default] Successfully bumped revision number for resource e77e6fd3-4b6c-4646-a157-4f2ac3ed0460 (type: security_group_rules) to 0
2026-07-17 12:10:12.407 7 INFO neutron.db.segments_db [None req-dc859124-9e33-49df-8928-230e6fb8c95d 3f3feb80ef53464a98515bd817aa9b1e 7d3583e8b1314dedb9bae1f3513bb33c - - default default] Added segment 988de7da-21fa-4e88-9197-0fdea97aa582 of type geneve for network 76e2d0d9-2a0a-4f54-b259-ea4678d47b35
2026-07-17 12:10:12.519 7 INFO neutron.db.ovn_revision_numbers_db [None req-dc859124-9e33-49df-8928-230e6fb8c95d 3f3feb80ef53464a98515bd817aa9b1e 7d3583e8b1314dedb9bae1f3513bb33c - - default default] Successfully bumped revision number for resource 76e2d0d9-2a0a-4f54-b259-ea4678d47b35 (type: networks) to 1
2026-07-17 12:10:12.707 7 WARNING neutron.scheduler.dhcp_agent_scheduler [None req-dc859124-9e33-49df-8928-230e6fb8c95d 3f3feb80ef53464a98515bd817aa9b1e 7d3583e8b1314dedb9bae1f3513bb33c - - default default] No more DHCP agents
2026-07-17 12:10:12.711 7 WARNING neutron.api.rpc.agentnotifiers.dhcp_rpc_agent_api [None req-dc859124-9e33-49df-8928-230e6fb8c95d 3f3feb80ef53464a98515bd817aa9b1e 7d3583e8b1314dedb9bae1f3513bb33c - - default default] Unable to schedule network 76e2d0d9-2a0a-4f54-b259-ea4678d47b35: no agents available; will retry on subsequent port and subnet creation events.
2026-07-17 12:10:12.827 7 INFO neutron.plugins.ml2.drivers.ovn.mech_driver.mech_driver [None req-fa0e7d1e-1b82-4ff0-865b-d9ed855d2746 - - - - - -] OVN reports status down for port: a29573b7-6e72-45c1-bdba-caa716656e2c
2026-07-17 12:10:12.851 8 INFO neutron.db.ovn_revision_numbers_db [None req-f140f936-1cd8-4a71-a009-f027c1fee825 - - - - - -] Successfully bumped revision number for resource 9cdef086-e07a-4406-9326-ebb4853a07ac (type: ports) to 2
2026-07-17 12:10:12.885 8 INFO neutron.db.ovn_revision_numbers_db [None req-f140f936-1cd8-4a71-a009-f027c1fee825 - - - - - -] Successfully bumped revision number for resource b8ec2a64-145c-4dee-bafb-8bd9dcb2cd7b (type: subnets) to 0
2026-07-17 12:10:12.896 7 INFO neutron.db.ovn_revision_numbers_db [None req-dc859124-9e33-49df-8928-230e6fb8c95d 3f3feb80ef53464a98515bd817aa9b1e 7d3583e8b1314dedb9bae1f3513bb33c - - default default] Successfully bumped revision number for resource a29573b7-6e72-45c1-bdba-caa716656e2c (type: ports) to 1 [pid: 8|app: 0|req: 1526/2859] 10.0.0.187 () {34 vars in 669 bytes} [Fri Jul 17 12:10:12 2026] POST /v2.0/subnets => generated 654 bytes in 811 msecs (HTTP/1.1 201) 4 headers in 162 bytes (1 switches on core 0) [pid: 7|app: 0|req: 1334/2860] 10.0.0.187 () {34 vars in 670 bytes} [Fri Jul 17 12:10:11 2026] POST /v2.0/networks => generated 649 bytes in 1034 msecs (HTTP/1.1 201) 4 headers in 162 bytes (1 switches on core 0)
2026-07-17 12:10:13.083 8 WARNING neutron.scheduler.dhcp_agent_scheduler [None req-a128f6f3-8280-4f94-af70-02a718ab2971 cbcbf18a64e848e6bed40ebe5e370c38 b106ed664a3641a3964b0e025da008ef - - default default] No more DHCP agents
2026-07-17 12:10:13.084 8 WARNING neutron.api.rpc.agentnotifiers.dhcp_rpc_agent_api [None req-a128f6f3-8280-4f94-af70-02a718ab2971 cbcbf18a64e848e6bed40ebe5e370c38 b106ed664a3641a3964b0e025da008ef - - default default] Unable to schedule network 67bea32e-a279-443d-98f5-36ffe620ad25: no agents available; will retry on subsequent port and subnet creation events.
2026-07-17 12:10:13.136 8 INFO neutron.db.ovn_revision_numbers_db [None req-a128f6f3-8280-4f94-af70-02a718ab2971 cbcbf18a64e848e6bed40ebe5e370c38 b106ed664a3641a3964b0e025da008ef - - default default] Successfully bumped revision number for resource fbe25a08-800a-431b-9367-6c62f9144e24 (type: subnets) to 0 [pid: 8|app: 0|req: 1527/2861] 10.0.0.187 () {34 vars in 669 bytes} [Fri Jul 17 12:10:12 2026] POST /v2.0/subnets => generated 725 bytes in 243 msecs (HTTP/1.1 201) 4 headers in 162 bytes (1 switches on core 0)
2026-07-17 12:10:13.163 7 WARNING neutron.scheduler.dhcp_agent_scheduler [None req-2e9cd6c8-10d9-4e42-9fc2-bf554d126194 3f3feb80ef53464a98515bd817aa9b1e 7d3583e8b1314dedb9bae1f3513bb33c - - default default] No more DHCP agents
2026-07-17 12:10:13.165 7 WARNING neutron.api.rpc.agentnotifiers.dhcp_rpc_agent_api [None req-2e9cd6c8-10d9-4e42-9fc2-bf554d126194 3f3feb80ef53464a98515bd817aa9b1e 7d3583e8b1314dedb9bae1f3513bb33c - - default default] Unable to schedule network 76e2d0d9-2a0a-4f54-b259-ea4678d47b35: no agents available; will retry on subsequent port and subnet creation events.
2026-07-17 12:10:13.237 7 INFO neutron.plugins.ml2.drivers.ovn.mech_driver.mech_driver [None req-fa0e7d1e-1b82-4ff0-865b-d9ed855d2746 - - - - - -] OVN reports status down for port: 2af01f0f-34eb-45a3-a4bd-41a97fa62530
2026-07-17 12:10:13.243 8 INFO neutron.db.segments_db [None req-836d8b41-aeef-4db8-9997-43cc5f55b450 cbcbf18a64e848e6bed40ebe5e370c38 b106ed664a3641a3964b0e025da008ef - - default default] Added segment 5392d6a6-6e88-46ec-8524-b79f37e287f5 of type geneve for network ccd84bbd-93a1-4c31-a31b-a8addfbd211f
2026-07-17 12:10:13.315 7 INFO neutron.db.ovn_revision_numbers_db [None req-2e9cd6c8-10d9-4e42-9fc2-bf554d126194 3f3feb80ef53464a98515bd817aa9b1e 7d3583e8b1314dedb9bae1f3513bb33c - - default default] Successfully bumped revision number for resource 2af01f0f-34eb-45a3-a4bd-41a97fa62530 (type: ports) to 1
2026-07-17 12:10:13.391 8 INFO neutron.db.ovn_revision_numbers_db [None req-836d8b41-aeef-4db8-9997-43cc5f55b450 cbcbf18a64e848e6bed40ebe5e370c38 b106ed664a3641a3964b0e025da008ef - - default default] Successfully bumped revision number for resource ccd84bbd-93a1-4c31-a31b-a8addfbd211f (type: networks) to 1 [pid: 7|app: 0|req: 1335/2862] 10.0.0.187 () {34 vars in 664 bytes} [Fri Jul 17 12:10:12 2026] POST /v2.0/ports => generated 743 bytes in 475 msecs (HTTP/1.1 201) 4 headers in 162 bytes (1 switches on core 0) /var/lib/openstack/lib/python3.12/site-packages/pycadf/identifier.py:70: UserWarning: Invalid uuid: neutron. To ensure interoperability, identifiers should be a valid uuid. warnings.warn(('Invalid uuid: %s. To ensure interoperability, '
2026-07-17 12:10:13.538 8 WARNING neutron.scheduler.dhcp_agent_scheduler [None req-836d8b41-aeef-4db8-9997-43cc5f55b450 cbcbf18a64e848e6bed40ebe5e370c38 b106ed664a3641a3964b0e025da008ef - - default default] No more DHCP agents
2026-07-17 12:10:13.539 8 WARNING neutron.api.rpc.agentnotifiers.dhcp_rpc_agent_api [None req-836d8b41-aeef-4db8-9997-43cc5f55b450 cbcbf18a64e848e6bed40ebe5e370c38 b106ed664a3641a3964b0e025da008ef - - default default] Unable to schedule network ccd84bbd-93a1-4c31-a31b-a8addfbd211f: no agents available; will retry on subsequent port and subnet creation events.
2026-07-17 12:10:13.652 8 INFO neutron.db.ovn_revision_numbers_db [None req-836d8b41-aeef-4db8-9997-43cc5f55b450 cbcbf18a64e848e6bed40ebe5e370c38 b106ed664a3641a3964b0e025da008ef - - default default] Successfully bumped revision number for resource ce89ba5a-49ee-4e3b-bfad-b93f775d2b19 (type: ports) to 1
2026-07-17 12:10:13.678 7 INFO neutron.plugins.ml2.drivers.ovn.mech_driver.mech_driver [None req-fa0e7d1e-1b82-4ff0-865b-d9ed855d2746 - - - - - -] OVN reports status down for port: ce89ba5a-49ee-4e3b-bfad-b93f775d2b19 [pid: 8|app: 0|req: 1528/2863] 10.0.0.187 () {34 vars in 670 bytes} [Fri Jul 17 12:10:13 2026] POST /v2.0/networks => generated 655 bytes in 525 msecs (HTTP/1.1 201) 4 headers in 162 bytes (1 switches on core 0) [pid: 7|app: 0|req: 1336/2864] 10.0.0.187 () {34 vars in 666 bytes} [Fri Jul 17 12:10:13 2026] POST /v2.0/trunks => generated 409 bytes in 319 msecs (HTTP/1.1 201) 4 headers in 162 bytes (1 switches on core 0)
2026-07-17 12:10:13.951 7 WARNING neutron.scheduler.dhcp_agent_scheduler [None req-8eb4a831-1d1d-4086-976b-3c7daaa8dd78 cbcbf18a64e848e6bed40ebe5e370c38 b106ed664a3641a3964b0e025da008ef - - default default] No more DHCP agents
2026-07-17 12:10:13.954 7 WARNING neutron.api.rpc.agentnotifiers.dhcp_rpc_agent_api [None req-8eb4a831-1d1d-4086-976b-3c7daaa8dd78 cbcbf18a64e848e6bed40ebe5e370c38 b106ed664a3641a3964b0e025da008ef - - default default] Unable to schedule network ccd84bbd-93a1-4c31-a31b-a8addfbd211f: no agents available; will retry on subsequent port and subnet creation events.
2026-07-17 12:10:14.007 8 INFO neutron.db.ovn_revision_numbers_db [None req-46b4c7b4-b5dc-4fcf-ad43-a3edf7c432bf 6ff203f9ef24406796a8e07f2c91cf40 68638e5901674138952cf3d605e389fb - - default default] Successfully bumped revision number for resource eeda97bb-d9f6-4249-a695-cf16a8e8ace6 (type: security_groups) to 1
2026-07-17 12:10:14.018 8 INFO neutron.db.ovn_revision_numbers_db [None req-46b4c7b4-b5dc-4fcf-ad43-a3edf7c432bf 6ff203f9ef24406796a8e07f2c91cf40 68638e5901674138952cf3d605e389fb - - default default] Successfully bumped revision number for resource 5ff361b4-8955-4096-ba09-7fe34bd38eab (type: security_group_rules) to 0
2026-07-17 12:10:14.030 8 INFO neutron.db.ovn_revision_numbers_db [None req-46b4c7b4-b5dc-4fcf-ad43-a3edf7c432bf 6ff203f9ef24406796a8e07f2c91cf40 68638e5901674138952cf3d605e389fb - - default default] Successfully bumped revision number for resource 8ad218c8-cb01-42b3-a95c-b56c0d1580d2 (type: security_group_rules) to 0
2026-07-17 12:10:14.040 8 INFO neutron.db.ovn_revision_numbers_db [None req-46b4c7b4-b5dc-4fcf-ad43-a3edf7c432bf 6ff203f9ef24406796a8e07f2c91cf40 68638e5901674138952cf3d605e389fb - - default default] Successfully bumped revision number for resource a735baac-42af-4a17-8bc1-0fb58d517da3 (type: security_group_rules) to 0
2026-07-17 12:10:14.052 8 INFO neutron.db.ovn_revision_numbers_db [None req-46b4c7b4-b5dc-4fcf-ad43-a3edf7c432bf 6ff203f9ef24406796a8e07f2c91cf40 68638e5901674138952cf3d605e389fb - - default default] Successfully bumped revision number for resource ba382b61-48e4-4298-af6c-e99df3c8dc22 (type: security_group_rules) to 0
2026-07-17 12:10:14.125 8 INFO neutron.db.segments_db [None req-46b4c7b4-b5dc-4fcf-ad43-a3edf7c432bf 6ff203f9ef24406796a8e07f2c91cf40 68638e5901674138952cf3d605e389fb - - default default] Added segment 716b41bb-d56d-4701-8aae-3c37a8dfc5c7 of type geneve for network 81415c33-8592-4146-ae07-c91781317341
2026-07-17 12:10:14.245 8 INFO neutron.db.ovn_revision_numbers_db [None req-46b4c7b4-b5dc-4fcf-ad43-a3edf7c432bf 6ff203f9ef24406796a8e07f2c91cf40 68638e5901674138952cf3d605e389fb - - default default] Successfully bumped revision number for resource 81415c33-8592-4146-ae07-c91781317341 (type: networks) to 1
2026-07-17 12:10:14.410 8 WARNING neutron.scheduler.dhcp_agent_scheduler [None req-46b4c7b4-b5dc-4fcf-ad43-a3edf7c432bf 6ff203f9ef24406796a8e07f2c91cf40 68638e5901674138952cf3d605e389fb - - default default] No more DHCP agents
2026-07-17 12:10:14.412 8 WARNING neutron.api.rpc.agentnotifiers.dhcp_rpc_agent_api [None req-46b4c7b4-b5dc-4fcf-ad43-a3edf7c432bf 6ff203f9ef24406796a8e07f2c91cf40 68638e5901674138952cf3d605e389fb - - default default] Unable to schedule network 81415c33-8592-4146-ae07-c91781317341: no agents available; will retry on subsequent port and subnet creation events.
2026-07-17 12:10:14.526 8 INFO neutron.db.ovn_revision_numbers_db [None req-46b4c7b4-b5dc-4fcf-ad43-a3edf7c432bf 6ff203f9ef24406796a8e07f2c91cf40 68638e5901674138952cf3d605e389fb - - default default] Successfully bumped revision number for resource eb7bfaa0-2260-4e60-81d3-f4a1bb54b970 (type: ports) to 1 [pid: 8|app: 0|req: 1529/2865] 10.0.0.187 () {34 vars in 670 bytes} [Fri Jul 17 12:10:13 2026] POST /v2.0/networks => generated 651 bytes in 870 msecs (HTTP/1.1 201) 4 headers in 162 bytes (1 switches on core 0)
2026-07-17 12:10:14.640 8 INFO neutron.db.segments_db [None req-3d0457cc-60cc-404b-94c7-c7266ad1e1af 3f3feb80ef53464a98515bd817aa9b1e 7d3583e8b1314dedb9bae1f3513bb33c - - default default] Added segment 90611999-f5d5-4746-bdbd-fac87325419e of type geneve for network 87180823-709c-46b1-8010-27a4a6d9b05c
2026-07-17 12:10:14.655 7 INFO neutron.plugins.ml2.drivers.ovn.mech_driver.mech_driver [None req-fa0e7d1e-1b82-4ff0-865b-d9ed855d2746 - - - - - -] OVN reports status down for port: eb7bfaa0-2260-4e60-81d3-f4a1bb54b970
2026-07-17 12:10:14.780 8 INFO neutron.db.ovn_revision_numbers_db [None req-3d0457cc-60cc-404b-94c7-c7266ad1e1af 3f3feb80ef53464a98515bd817aa9b1e 7d3583e8b1314dedb9bae1f3513bb33c - - default default] Successfully bumped revision number for resource 87180823-709c-46b1-8010-27a4a6d9b05c (type: networks) to 1
2026-07-17 12:10:14.913 8 WARNING neutron.scheduler.dhcp_agent_scheduler [None req-3d0457cc-60cc-404b-94c7-c7266ad1e1af 3f3feb80ef53464a98515bd817aa9b1e 7d3583e8b1314dedb9bae1f3513bb33c - - default default] No more DHCP agents
2026-07-17 12:10:14.914 8 WARNING neutron.api.rpc.agentnotifiers.dhcp_rpc_agent_api [None req-3d0457cc-60cc-404b-94c7-c7266ad1e1af 3f3feb80ef53464a98515bd817aa9b1e 7d3583e8b1314dedb9bae1f3513bb33c - - default default] Unable to schedule network 87180823-709c-46b1-8010-27a4a6d9b05c: no agents available; will retry on subsequent port and subnet creation events.
2026-07-17 12:10:14.986 7 INFO neutron.plugins.ml2.drivers.ovn.mech_driver.mech_driver [None req-fa0e7d1e-1b82-4ff0-865b-d9ed855d2746 - - - - - -] OVN reports status down for port: ce3b5fbe-6fe9-4fb3-95b2-1b7e03e20e7b
2026-07-17 12:10:15.011 8 INFO neutron.db.ovn_revision_numbers_db [None req-3d0457cc-60cc-404b-94c7-c7266ad1e1af 3f3feb80ef53464a98515bd817aa9b1e 7d3583e8b1314dedb9bae1f3513bb33c - - default default] Successfully bumped revision number for resource ce3b5fbe-6fe9-4fb3-95b2-1b7e03e20e7b (type: ports) to 1 [pid: 8|app: 0|req: 1530/2866] 10.0.0.187 () {34 vars in 670 bytes} [Fri Jul 17 12:10:14 2026] POST /v2.0/networks => generated 651 bytes in 480 msecs (HTTP/1.1 201) 4 headers in 162 bytes (1 switches on core 0) [pid: 8|app: 0|req: 1531/2867] 10.0.0.187 () {34 vars in 753 bytes} [Fri Jul 17 12:10:15 2026] PUT /v2.0/networks/81415c33-8592-4146-ae07-c91781317341/tags => generated 25 bytes in 66 msecs (HTTP/1.1 200) 4 headers in 156 bytes (1 switches on core 0)
2026-07-17 12:10:15.161 7 INFO neutron.db.ovn_revision_numbers_db [None req-0561e3b0-df01-4d25-a2fc-7c8ddf8b517e - - - - - -] Successfully bumped revision number for resource ce89ba5a-49ee-4e3b-bfad-b93f775d2b19 (type: ports) to 2
2026-07-17 12:10:15.195 7 INFO neutron.db.ovn_revision_numbers_db [None req-0561e3b0-df01-4d25-a2fc-7c8ddf8b517e - - - - - -] Successfully bumped revision number for resource 2445ff1e-2907-4ec5-9a02-0d4936b413ca (type: subnets) to 0 [pid: 7|app: 0|req: 1337/2868] 10.0.0.187 () {34 vars in 669 bytes} [Fri Jul 17 12:10:13 2026] POST /v2.0/subnets => generated 656 bytes in 1462 msecs (HTTP/1.1 201) 4 headers in 162 bytes (1 switches on core 0) [pid: 7|app: 0|req: 1338/2869] 10.0.0.187 () {32 vars in 733 bytes} [Fri Jul 17 12:10:15 2026] GET /v2.0/networks/81415c33-8592-4146-ae07-c91781317341/tags => generated 25 bytes in 42 msecs (HTTP/1.1 200) 4 headers in 156 bytes (1 switches on core 0)
2026-07-17 12:10:15.325 8 WARNING neutron.scheduler.dhcp_agent_scheduler [None req-c18f9bed-b968-4e21-879f-a593dde974f3 3f3feb80ef53464a98515bd817aa9b1e 7d3583e8b1314dedb9bae1f3513bb33c - - default default] No more DHCP agents
2026-07-17 12:10:15.326 8 WARNING neutron.api.rpc.agentnotifiers.dhcp_rpc_agent_api [None req-c18f9bed-b968-4e21-879f-a593dde974f3 3f3feb80ef53464a98515bd817aa9b1e 7d3583e8b1314dedb9bae1f3513bb33c - - default default] Unable to schedule network 87180823-709c-46b1-8010-27a4a6d9b05c: no agents available; will retry on subsequent port and subnet creation events.
2026-07-17 12:10:15.427 7 INFO neutron.plugins.ml2.drivers.ovn.mech_driver.mech_driver [None req-fa0e7d1e-1b82-4ff0-865b-d9ed855d2746 - - - - - -] OVN reports status down for port: 4f8e1364-8d4e-45e8-ae6d-f1d3011629a9
2026-07-17 12:10:15.457 8 INFO neutron.db.ovn_revision_numbers_db [None req-c18f9bed-b968-4e21-879f-a593dde974f3 3f3feb80ef53464a98515bd817aa9b1e 7d3583e8b1314dedb9bae1f3513bb33c - - default default] Successfully bumped revision number for resource 4f8e1364-8d4e-45e8-ae6d-f1d3011629a9 (type: ports) to 1
2026-07-17 12:10:15.547 7 WARNING neutron.scheduler.dhcp_agent_scheduler [None req-1872e74b-9554-42ee-a40e-83516815c7cb cbcbf18a64e848e6bed40ebe5e370c38 b106ed664a3641a3964b0e025da008ef - - default default] No more DHCP agents
2026-07-17 12:10:15.552 7 WARNING neutron.api.rpc.agentnotifiers.dhcp_rpc_agent_api [None req-1872e74b-9554-42ee-a40e-83516815c7cb cbcbf18a64e848e6bed40ebe5e370c38 b106ed664a3641a3964b0e025da008ef - - default default] Unable to schedule network ccd84bbd-93a1-4c31-a31b-a8addfbd211f: no agents available; will retry on subsequent port and subnet creation events.
2026-07-17 12:10:15.595 7 INFO neutron.db.ovn_revision_numbers_db [None req-1872e74b-9554-42ee-a40e-83516815c7cb cbcbf18a64e848e6bed40ebe5e370c38 b106ed664a3641a3964b0e025da008ef - - default default] Successfully bumped revision number for resource af4c515b-73cb-4aab-8a30-63852ccc54ae (type: subnets) to 0 [pid: 7|app: 0|req: 1339/2870] 10.0.0.187 () {34 vars in 669 bytes} [Fri Jul 17 12:10:15 2026] POST /v2.0/subnets => generated 729 bytes in 357 msecs (HTTP/1.1 201) 4 headers in 162 bytes (1 switches on core 0) [pid: 7|app: 0|req: 1340/2871] 10.0.0.187 () {34 vars in 764 bytes} [Fri Jul 17 12:10:15 2026] PUT /v2.0/networks/81415c33-8592-4146-ae07-c91781317341/tags/green => generated 4 bytes in 80 msecs (HTTP/1.1 201) 4 headers in 160 bytes (1 switches on core 0) [pid: 8|app: 0|req: 1532/2872] 10.0.0.187 () {34 vars in 664 bytes} [Fri Jul 17 12:10:15 2026] POST /v2.0/ports => generated 743 bytes in 987 msecs (HTTP/1.1 201) 4 headers in 162 bytes (1 switches on core 0) /var/lib/openstack/lib/python3.12/site-packages/pycadf/identifier.py:70: UserWarning: Invalid uuid: neutron. To ensure interoperability, identifiers should be a valid uuid. warnings.warn(('Invalid uuid: %s. To ensure interoperability, '
2026-07-17 12:10:16.095 7 WARNING neutron.scheduler.dhcp_agent_scheduler [None req-4c6fefe4-a04b-4910-953e-052e8a85cb2a cbcbf18a64e848e6bed40ebe5e370c38 b106ed664a3641a3964b0e025da008ef - - default default] No more DHCP agents
2026-07-17 12:10:16.097 7 WARNING neutron.api.rpc.agentnotifiers.dhcp_rpc_agent_api [None req-4c6fefe4-a04b-4910-953e-052e8a85cb2a cbcbf18a64e848e6bed40ebe5e370c38 b106ed664a3641a3964b0e025da008ef - - default default] Unable to schedule network 00c31fca-1780-42f5-b8a4-13ed0531af55: no agents available; will retry on subsequent port and subnet creation events. [pid: 8|app: 0|req: 1533/2873] 10.0.0.187 () {32 vars in 733 bytes} [Fri Jul 17 12:10:16 2026] GET /v2.0/networks/81415c33-8592-4146-ae07-c91781317341/tags => generated 34 bytes in 45 msecs (HTTP/1.1 200) 4 headers in 156 bytes (1 switches on core 0)
2026-07-17 12:10:16.217 7 INFO neutron.plugins.ml2.drivers.ovn.mech_driver.mech_driver [None req-fa0e7d1e-1b82-4ff0-865b-d9ed855d2746 - - - - - -] OVN reports status down for port: 14b59516-59e6-48d3-9703-fb859cb56eec
