2026-07-17 12:06:51.237 8 INFO neutron.db.ovn_revision_numbers_db [None req-dec65107-7a3f-4b77-898d-7dbf76eef541 a19ecea9207645fe834cb16d9cad184f 59bea03819ae4d78a5e9eab4db49a026 - - default default] Successfully bumped revision number for resource c7ab5190-2d71-442e-81f0-9470a0ed8f95 (type: security_group_rules) to 0
2026-07-17 12:06:51.251 8 INFO neutron.db.ovn_revision_numbers_db [None req-dec65107-7a3f-4b77-898d-7dbf76eef541 a19ecea9207645fe834cb16d9cad184f 59bea03819ae4d78a5e9eab4db49a026 - - default default] Successfully bumped revision number for resource eac518d9-7b2a-412e-8d70-bdd706567161 (type: security_group_rules) to 0
2026-07-17 12:06:51.273 8 INFO neutron.db.ovn_revision_numbers_db [None req-dec65107-7a3f-4b77-898d-7dbf76eef541 a19ecea9207645fe834cb16d9cad184f 59bea03819ae4d78a5e9eab4db49a026 - - default default] Successfully bumped revision number for resource fdacc87a-7259-4948-8675-b8c49e14b6fc (type: security_group_rules) to 0
2026-07-17 12:06:51.366 8 INFO neutron.db.segments_db [None req-dec65107-7a3f-4b77-898d-7dbf76eef541 a19ecea9207645fe834cb16d9cad184f 59bea03819ae4d78a5e9eab4db49a026 - - default default] Added segment 0319d480-65b2-491f-84a1-bb485c3d5b1d of type geneve for network e460fa9b-bcdf-45fe-b0fb-98275b8be4a7
2026-07-17 12:06:51.523 8 INFO neutron.db.ovn_revision_numbers_db [None req-dec65107-7a3f-4b77-898d-7dbf76eef541 a19ecea9207645fe834cb16d9cad184f 59bea03819ae4d78a5e9eab4db49a026 - - default default] Successfully bumped revision number for resource e460fa9b-bcdf-45fe-b0fb-98275b8be4a7 (type: networks) to 1
2026-07-17 12:06:51.717 8 WARNING neutron.scheduler.dhcp_agent_scheduler [None req-dec65107-7a3f-4b77-898d-7dbf76eef541 a19ecea9207645fe834cb16d9cad184f 59bea03819ae4d78a5e9eab4db49a026 - - default default] No more DHCP agents
2026-07-17 12:06:51.719 8 WARNING neutron.api.rpc.agentnotifiers.dhcp_rpc_agent_api [None req-dec65107-7a3f-4b77-898d-7dbf76eef541 a19ecea9207645fe834cb16d9cad184f 59bea03819ae4d78a5e9eab4db49a026 - - default default] Unable to schedule network e460fa9b-bcdf-45fe-b0fb-98275b8be4a7: no agents available; will retry on subsequent port and subnet creation events.
2026-07-17 12:06:51.837 8 INFO neutron.db.ovn_revision_numbers_db [None req-dec65107-7a3f-4b77-898d-7dbf76eef541 a19ecea9207645fe834cb16d9cad184f 59bea03819ae4d78a5e9eab4db49a026 - - default default] Successfully bumped revision number for resource bb45593f-24e2-477e-b3fa-0b87ea80c260 (type: ports) to 1 [pid: 8|app: 0|req: 811/1555] 10.0.0.187 () {34 vars in 671 bytes} [Fri Jul 17 12:06:50 2026] POST /v2.0/networks => generated 763 bytes in 1102 msecs (HTTP/1.1 201) 4 headers in 162 bytes (1 switches on core 0) [pid: 8|app: 0|req: 812/1556] 10.0.0.121 () {34 vars in 990 bytes} [Fri Jul 17 12:06:51 2026] GET /v2.0/ports?device_id=748c4491-5cea-4edf-9a98-cec27bfb3f77 => generated 975 bytes in 62 msecs (HTTP/1.1 200) 4 headers in 157 bytes (1 switches on core 0)
2026-07-17 12:06:52.059 8 WARNING neutron.scheduler.dhcp_agent_scheduler [None req-9a005c2e-10ba-4e87-a7e7-c8e5617d0efb a19ecea9207645fe834cb16d9cad184f 59bea03819ae4d78a5e9eab4db49a026 - - default default] No more DHCP agents
2026-07-17 12:06:52.060 8 WARNING neutron.api.rpc.agentnotifiers.dhcp_rpc_agent_api [None req-9a005c2e-10ba-4e87-a7e7-c8e5617d0efb a19ecea9207645fe834cb16d9cad184f 59bea03819ae4d78a5e9eab4db49a026 - - default default] Unable to schedule network e460fa9b-bcdf-45fe-b0fb-98275b8be4a7: no agents available; will retry on subsequent port and subnet creation events.
2026-07-17 12:06:52.195 7 INFO neutron.db.ovn_revision_numbers_db [None req-55274814-0264-46d7-931f-b44200801ae3 6a66c06f40c54e9ea56b4fda464c16fb 9c3c020d40da4155bb81a76046bea15e - - default default] Successfully bumped revision number for resource 44346afd-f461-40fa-8573-fa38cab1a38f (type: floatingips) to 2
2026-07-17 12:06:52.356 7 INFO neutron.db.l3_db [None req-55274814-0264-46d7-931f-b44200801ae3 6a66c06f40c54e9ea56b4fda464c16fb 9c3c020d40da4155bb81a76046bea15e - - default default] Floating IP 44346afd-f461-40fa-8573-fa38cab1a38f associated. External IP: 10.96.250.217, port: 27543bd9-bcc3-4428-8826-672c2ad0863c. [pid: 7|app: 0|req: 745/1557] 10.0.0.187 () {34 vars in 749 bytes} [Fri Jul 17 12:06:51 2026] PUT /v2.0/floatingips/44346afd-f461-40fa-8573-fa38cab1a38f => generated 843 bytes in 1320 msecs (HTTP/1.1 200) 4 headers in 157 bytes (1 switches on core 0) [pid: 7|app: 0|req: 746/1558] 10.0.0.121 () {34 vars in 1040 bytes} [Fri Jul 17 12:06:52 2026] GET /v2.0/security-groups?id=e5609a7f-91f6-4690-872a-c7ad500d6435&fields=id&fields=name => generated 114 bytes in 23 msecs (HTTP/1.1 200) 4 headers in 157 bytes (1 switches on core 0)
2026-07-17 12:06:52.617 7 INFO neutron.db.ovn_revision_numbers_db [None req-9fdb0682-856e-423e-8e2f-f840c808f000 6a66c06f40c54e9ea56b4fda464c16fb 9c3c020d40da4155bb81a76046bea15e - - default default] Successfully bumped revision number for resource 44346afd-f461-40fa-8573-fa38cab1a38f (type: floatingips) to 3
2026-07-17 12:06:52.709 8 INFO neutron.db.ovn_revision_numbers_db [None req-b9cf9873-d22f-4c03-8a20-bde677f655f6 - - - - - -] Successfully bumped revision number for resource bb45593f-24e2-477e-b3fa-0b87ea80c260 (type: ports) to 2
2026-07-17 12:06:52.717 7 INFO neutron.db.l3_db [None req-9fdb0682-856e-423e-8e2f-f840c808f000 6a66c06f40c54e9ea56b4fda464c16fb 9c3c020d40da4155bb81a76046bea15e - - default default] Floating IP 44346afd-f461-40fa-8573-fa38cab1a38f disassociated. External IP: 10.96.250.217, port: 27f77e36-b97f-4317-bb2e-7eab5888f125.
2026-07-17 12:06:52.741 8 INFO neutron.db.ovn_revision_numbers_db [None req-b9cf9873-d22f-4c03-8a20-bde677f655f6 - - - - - -] Successfully bumped revision number for resource 3b86d4d2-895c-4a34-b138-25372d4fcad5 (type: subnets) to 0 [pid: 7|app: 0|req: 747/1559] 10.0.0.187 () {34 vars in 749 bytes} [Fri Jul 17 12:06:52 2026] PUT /v2.0/floatingips/44346afd-f461-40fa-8573-fa38cab1a38f => generated 554 bytes in 325 msecs (HTTP/1.1 200) 4 headers in 157 bytes (1 switches on core 0) [pid: 8|app: 0|req: 813/1560] 10.0.0.187 () {34 vars in 669 bytes} [Fri Jul 17 12:06:51 2026] POST /v2.0/subnets => generated 688 bytes in 835 msecs (HTTP/1.1 201) 4 headers in 162 bytes (1 switches on core 0)
2026-07-17 12:06:52.880 7 INFO neutron_taas.services.taas.taas_plugin [None req-1ebff455-5443-45e8-b59a-d5506b4485c1 6a66c06f40c54e9ea56b4fda464c16fb 9c3c020d40da4155bb81a76046bea15e - - default default] TaaS: Handle Delete Port: 089fce0d-0ead-448d-a0fc-50d2aab35be1
2026-07-17 12:06:52.884 7 INFO neutron_taas.services.taas.tap_mirror_plugin [None req-1ebff455-5443-45e8-b59a-d5506b4485c1 6a66c06f40c54e9ea56b4fda464c16fb 9c3c020d40da4155bb81a76046bea15e - - default default] Tap Mirror: Handle Delete Port: 089fce0d-0ead-448d-a0fc-50d2aab35be1 [pid: 7|app: 0|req: 748/1561] 10.0.0.187 () {32 vars in 732 bytes} [Fri Jul 17 12:06:52 2026] DELETE /v2.0/floatingips/44346afd-f461-40fa-8573-fa38cab1a38f => generated 0 bytes in 278 msecs (HTTP/1.1 204) 2 headers in 112 bytes (1 switches on core 0)
2026-07-17 12:06:53.057 7 INFO neutron.api.v2.resource [None req-fb754237-2e32-420a-8a48-9db804382182 6a66c06f40c54e9ea56b4fda464c16fb 9c3c020d40da4155bb81a76046bea15e - - default default] delete failed (client error): The resource could not be found. [pid: 7|app: 0|req: 749/1562] 10.0.0.187 () {32 vars in 732 bytes} [Fri Jul 17 12:06:53 2026] DELETE /v2.0/floatingips/44346afd-f461-40fa-8573-fa38cab1a38f => generated 144 bytes in 18 msecs (HTTP/1.1 404) 4 headers in 164 bytes (1 switches on core 0)
2026-07-17 12:06:53.164 8 WARNING neutron.scheduler.dhcp_agent_scheduler [None req-c4e6b614-d304-4a39-a4eb-ebb04b476fbd a19ecea9207645fe834cb16d9cad184f 59bea03819ae4d78a5e9eab4db49a026 - - default default] No more DHCP agents
2026-07-17 12:06:53.165 8 WARNING neutron.api.rpc.agentnotifiers.dhcp_rpc_agent_api [None req-c4e6b614-d304-4a39-a4eb-ebb04b476fbd a19ecea9207645fe834cb16d9cad184f 59bea03819ae4d78a5e9eab4db49a026 - - default default] Unable to schedule network 00c31fca-1780-42f5-b8a4-13ed0531af55: no agents available; will retry on subsequent port and subnet creation events.
2026-07-17 12:06:53.238 7 INFO neutron_taas.services.taas.taas_plugin [None req-dc482a58-71b2-4e0d-a638-ecb8f15da2eb 6a66c06f40c54e9ea56b4fda464c16fb 9c3c020d40da4155bb81a76046bea15e - - default default] TaaS: Handle Delete Port: 27f77e36-b97f-4317-bb2e-7eab5888f125
2026-07-17 12:06:53.241 7 INFO neutron_taas.services.taas.tap_mirror_plugin [None req-dc482a58-71b2-4e0d-a638-ecb8f15da2eb 6a66c06f40c54e9ea56b4fda464c16fb 9c3c020d40da4155bb81a76046bea15e - - default default] Tap Mirror: Handle Delete Port: 27f77e36-b97f-4317-bb2e-7eab5888f125
2026-07-17 12:06:53.354 8 INFO neutron.db.ovn_revision_numbers_db [None req-c4e6b614-d304-4a39-a4eb-ebb04b476fbd a19ecea9207645fe834cb16d9cad184f 59bea03819ae4d78a5e9eab4db49a026 - - default default] Successfully bumped revision number for resource 491477b9-32b0-473f-a281-1774deb8b87e (type: ports) to 1 [pid: 7|app: 0|req: 750/1563] 10.0.0.187 () {32 vars in 720 bytes} [Fri Jul 17 12:06:53 2026] DELETE /v2.0/ports/27f77e36-b97f-4317-bb2e-7eab5888f125 => generated 0 bytes in 436 msecs (HTTP/1.1 204) 3 headers in 131 bytes (1 switches on core 0) [pid: 7|app: 0|req: 751/1564] 199.204.45.109 () {34 vars in 994 bytes} [Fri Jul 17 12:06:53 2026] GET /v2.0/ports?device_id=748c4491-5cea-4edf-9a98-cec27bfb3f77 => generated 975 bytes in 36 msecs (HTTP/1.1 200) 4 headers in 157 bytes (1 switches on core 0) [pid: 7|app: 0|req: 752/1565] 10.0.0.121 () {34 vars in 990 bytes} [Fri Jul 17 12:06:53 2026] GET /v2.0/ports?device_id=748c4491-5cea-4edf-9a98-cec27bfb3f77 => generated 975 bytes in 38 msecs (HTTP/1.1 200) 4 headers in 157 bytes (1 switches on core 0)
2026-07-17 12:06:53.730 7 INFO neutron_taas.services.taas.taas_plugin [None req-fa79a7fb-98e1-4ffc-8bc7-5e06437ac9f1 6a66c06f40c54e9ea56b4fda464c16fb 9c3c020d40da4155bb81a76046bea15e - - default default] TaaS: Handle Delete Port: 27543bd9-bcc3-4428-8826-672c2ad0863c
2026-07-17 12:06:53.734 7 INFO neutron_taas.services.taas.tap_mirror_plugin [None req-fa79a7fb-98e1-4ffc-8bc7-5e06437ac9f1 6a66c06f40c54e9ea56b4fda464c16fb 9c3c020d40da4155bb81a76046bea15e - - default default] Tap Mirror: Handle Delete Port: 27543bd9-bcc3-4428-8826-672c2ad0863c [pid: 7|app: 0|req: 753/1566] 10.0.0.187 () {32 vars in 720 bytes} [Fri Jul 17 12:06:53 2026] DELETE /v2.0/ports/27543bd9-bcc3-4428-8826-672c2ad0863c => generated 0 bytes in 382 msecs (HTTP/1.1 204) 3 headers in 131 bytes (1 switches on core 0)
2026-07-17 12:06:54.095 7 INFO neutron_taas.services.taas.taas_plugin [req-b1aa956c-1425-40db-8a14-ecb87f18139b req-448580e6-c767-4578-a66f-572cf63deced c2fe22194a9d4aee867c5b14b5725537 3a7925509457426b86330ad40c870377 - - default default] TaaS: Handle Delete Port: 84a71dbb-152e-441c-b568-563355e91cfa
2026-07-17 12:06:54.096 8 INFO neutron.plugins.ml2.drivers.ovn.mech_driver.ovsdb.commands [-] Schedule LRP lrp-491477b9-32b0-473f-a281-1774deb8b87e on gateway 0c2bd6f5-3c18-4c86-979c-15a6315d7e5c with priority 1
2026-07-17 12:06:54.099 7 INFO neutron_taas.services.taas.tap_mirror_plugin [req-b1aa956c-1425-40db-8a14-ecb87f18139b req-448580e6-c767-4578-a66f-572cf63deced c2fe22194a9d4aee867c5b14b5725537 3a7925509457426b86330ad40c870377 - - default default] Tap Mirror: Handle Delete Port: 84a71dbb-152e-441c-b568-563355e91cfa
2026-07-17 12:06:54.261 8 INFO neutron.db.ovn_revision_numbers_db [None req-c4e6b614-d304-4a39-a4eb-ebb04b476fbd a19ecea9207645fe834cb16d9cad184f 59bea03819ae4d78a5e9eab4db49a026 - - default default] Successfully bumped revision number for resource 491477b9-32b0-473f-a281-1774deb8b87e (type: router_ports) to 1
2026-07-17 12:06:54.292 7 INFO neutron.plugins.ml2.drivers.ovn.mech_driver.ovsdb.ovsdb_monitor [None req-05194e33-72a2-4116-9b75-ba060c0566b0 - - - - - -] Router 58c17d96-69fa-4bbc-b07b-7697295109d2 is bound to host instance
2026-07-17 12:06:54.339 8 INFO neutron.db.ovn_revision_numbers_db [None req-c4e6b614-d304-4a39-a4eb-ebb04b476fbd a19ecea9207645fe834cb16d9cad184f 59bea03819ae4d78a5e9eab4db49a026 - - default default] Successfully bumped revision number for resource 58c17d96-69fa-4bbc-b07b-7697295109d2 (type: routers) to 2 [pid: 8|app: 0|req: 814/1567] 10.0.0.187 () {34 vars in 669 bytes} [Fri Jul 17 12:06:52 2026] POST /v2.0/routers => generated 966 bytes in 1593 msecs (HTTP/1.1 201) 4 headers in 162 bytes (1 switches on core 0) [pid: 8|app: 0|req: 815/1568] 10.0.0.121 () {34 vars in 1040 bytes} [Fri Jul 17 12:06:54 2026] GET /v2.0/security-groups?id=e5609a7f-91f6-4690-872a-c7ad500d6435&fields=id&fields=name => generated 114 bytes in 33 msecs (HTTP/1.1 200) 4 headers in 157 bytes (1 switches on core 0) [pid: 8|app: 0|req: 816/1569] 10.0.0.187 () {32 vars in 736 bytes} [Fri Jul 17 12:06:54 2026] GET /v2.0/ports?device_id=3d7c807b-4ba2-407c-8924-e0237b84aa10 => generated 946 bytes in 110 msecs (HTTP/1.1 200) 4 headers in 157 bytes (1 switches on core 0)
2026-07-17 12:06:54.639 7 INFO neutron.db.l3_db [req-b1aa956c-1425-40db-8a14-ecb87f18139b req-448580e6-c767-4578-a66f-572cf63deced c2fe22194a9d4aee867c5b14b5725537 3a7925509457426b86330ad40c870377 - - default default] Floating IP 83df4806-2a55-4761-aef5-381d7cafad33 disassociated. External IP: 10.96.250.216, port: 84a71dbb-152e-441c-b568-563355e91cfa. [pid: 7|app: 0|req: 754/1570] 199.204.45.109 () {36 vars in 997 bytes} [Fri Jul 17 12:06:53 2026] DELETE /v2.0/ports/84a71dbb-152e-441c-b568-563355e91cfa => generated 0 bytes in 1033 msecs (HTTP/1.1 204) 3 headers in 131 bytes (1 switches on core 0)
2026-07-17 12:06:55.036 7 INFO neutron.notifiers.nova [-] Nova event matching ['req-a082801b-f91d-4038-93d6-45c1ab190e0c'] response: {'server_uuid': '748c4491-5cea-4edf-9a98-cec27bfb3f77', 'name': 'network-vif-deleted', 'tag': '84a71dbb-152e-441c-b568-563355e91cfa', 'status': 'completed', 'code': 200}
2026-07-17 12:06:55.110 8 WARNING neutron.scheduler.dhcp_agent_scheduler [None req-9ff57dcd-4526-4c6a-ae41-56a6a761f100 a19ecea9207645fe834cb16d9cad184f 59bea03819ae4d78a5e9eab4db49a026 - - default default] No more DHCP agents
2026-07-17 12:06:55.113 8 WARNING neutron.api.rpc.agentnotifiers.dhcp_rpc_agent_api [None req-9ff57dcd-4526-4c6a-ae41-56a6a761f100 a19ecea9207645fe834cb16d9cad184f 59bea03819ae4d78a5e9eab4db49a026 - - default default] Unable to schedule network e460fa9b-bcdf-45fe-b0fb-98275b8be4a7: no agents available; will retry on subsequent port and subnet creation events.
2026-07-17 12:06:55.321 8 INFO neutron.db.ovn_revision_numbers_db [None req-9ff57dcd-4526-4c6a-ae41-56a6a761f100 a19ecea9207645fe834cb16d9cad184f 59bea03819ae4d78a5e9eab4db49a026 - - default default] Successfully bumped revision number for resource b3587501-ae57-467e-bd9a-85ef806bb544 (type: ports) to 1
2026-07-17 12:06:55.382 7 WARNING neutron.plugins.ml2.drivers.ovn.mech_driver.ovsdb.ovn_client [None req-e629896d-fb10-44ca-9036-b030569b3f7b - - - - - -] No hosting information found for port 7adc4dcd-8306-48f9-9db9-ce5394810892: RuntimeError: No hosting information found for port 7adc4dcd-8306-48f9-9db9-ce5394810892
2026-07-17 12:06:55.718 7 INFO neutron.db.ovn_revision_numbers_db [None req-e629896d-fb10-44ca-9036-b030569b3f7b - - - - - -] Successfully bumped revision number for resource 7adc4dcd-8306-48f9-9db9-ce5394810892 (type: router_ports) to 2
2026-07-17 12:06:55.718 7 INFO neutron.plugins.ml2.drivers.ovn.mech_driver.mech_driver [None req-e629896d-fb10-44ca-9036-b030569b3f7b - - - - - -] OVN reports status down for port: 895d0f7d-765f-414f-bdb3-af971e38e877
2026-07-17 12:06:55.751 7 INFO neutron.plugins.ml2.drivers.ovn.mech_driver.mech_driver [None req-e629896d-fb10-44ca-9036-b030569b3f7b - - - - - -] OVN reports status down for port: 27543bd9-bcc3-4428-8826-672c2ad0863c
2026-07-17 12:06:55.799 7 INFO neutron.plugins.ml2.drivers.ovn.mech_driver.mech_driver [None req-e629896d-fb10-44ca-9036-b030569b3f7b - - - - - -] OVN reports status down for port: 669211e5-5a06-49c0-9f25-8f07716b817b
2026-07-17 12:06:55.839 7 INFO neutron.plugins.ml2.drivers.ovn.mech_driver.mech_driver [None req-e629896d-fb10-44ca-9036-b030569b3f7b - - - - - -] OVN reports status down for port: 27f77e36-b97f-4317-bb2e-7eab5888f125
2026-07-17 12:06:55.974 7 INFO neutron_taas.services.taas.taas_plugin [None req-d246068c-fcf4-4e1e-8c01-4f6ec76b6811 6a66c06f40c54e9ea56b4fda464c16fb 9c3c020d40da4155bb81a76046bea15e - - default default] TaaS: Handle Delete Port: 7adc4dcd-8306-48f9-9db9-ce5394810892
2026-07-17 12:06:56.009 7 INFO neutron_taas.services.taas.tap_mirror_plugin [None req-d246068c-fcf4-4e1e-8c01-4f6ec76b6811 6a66c06f40c54e9ea56b4fda464c16fb 9c3c020d40da4155bb81a76046bea15e - - default default] Tap Mirror: Handle Delete Port: 7adc4dcd-8306-48f9-9db9-ce5394810892
2026-07-17 12:06:56.035 8 WARNING neutron.scheduler.dhcp_agent_scheduler [None req-9ff57dcd-4526-4c6a-ae41-56a6a761f100 a19ecea9207645fe834cb16d9cad184f 59bea03819ae4d78a5e9eab4db49a026 - - default default] No more DHCP agents
2026-07-17 12:06:56.036 8 WARNING neutron.api.rpc.agentnotifiers.dhcp_rpc_agent_api [None req-9ff57dcd-4526-4c6a-ae41-56a6a761f100 a19ecea9207645fe834cb16d9cad184f 59bea03819ae4d78a5e9eab4db49a026 - - default default] Unable to schedule network e460fa9b-bcdf-45fe-b0fb-98275b8be4a7: no agents available; will retry on subsequent port and subnet creation events.
2026-07-17 12:06:56.234 7 INFO neutron.plugins.ml2.drivers.ovn.mech_driver.mech_driver [None req-e629896d-fb10-44ca-9036-b030569b3f7b - - - - - -] OVN reports status down for port: bb45593f-24e2-477e-b3fa-0b87ea80c260
2026-07-17 12:06:56.503 8 INFO neutron.db.ovn_revision_numbers_db [None req-9ff57dcd-4526-4c6a-ae41-56a6a761f100 a19ecea9207645fe834cb16d9cad184f 59bea03819ae4d78a5e9eab4db49a026 - - default default] Successfully bumped revision number for resource b3587501-ae57-467e-bd9a-85ef806bb544 (type: router_ports) to 1 [pid: 8|app: 0|req: 817/1571] 10.0.0.187 () {34 vars in 783 bytes} [Fri Jul 17 12:06:54 2026] PUT /v2.0/routers/58c17d96-69fa-4bbc-b07b-7697295109d2/add_router_interface => generated 309 bytes in 2008 msecs (HTTP/1.1 200) 4 headers in 157 bytes (1 switches on core 0) [pid: 8|app: 0|req: 818/1572] 10.0.0.121 () {34 vars in 990 bytes} [Fri Jul 17 12:06:56 2026] GET /v2.0/ports?device_id=748c4491-5cea-4edf-9a98-cec27bfb3f77 => generated 12 bytes in 17 msecs (HTTP/1.1 200) 4 headers in 156 bytes (1 switches on core 0)
2026-07-17 12:06:56.788 7 INFO neutron.plugins.ml2.drivers.ovn.mech_driver.mech_driver [None req-e629896d-fb10-44ca-9036-b030569b3f7b - - - - - -] OVN reports status down for port: 84a71dbb-152e-441c-b568-563355e91cfa
2026-07-17 12:06:56.815 7 INFO neutron.db.ovn_revision_numbers_db [None req-b34ab670-7d49-454e-9bc8-f6152239583b - - - - - -] Successfully bumped revision number for resource 491477b9-32b0-473f-a281-1774deb8b87e (type: ports) to 4
2026-07-17 12:06:56.925 7 INFO neutron.plugins.ml2.drivers.ovn.mech_driver.mech_driver [None req-e629896d-fb10-44ca-9036-b030569b3f7b - - - - - -] OVN reports status down for port: 491477b9-32b0-473f-a281-1774deb8b87e
2026-07-17 12:06:56.925 8 INFO neutron.db.ovn_revision_numbers_db [None req-daea0543-3d1d-4c6f-8f75-6eea3b433525 a19ecea9207645fe834cb16d9cad184f 59bea03819ae4d78a5e9eab4db49a026 - - default default] Successfully bumped revision number for resource 47494ff6-a127-44ac-823f-4ecf70e6f34b (type: security_groups) to 1
2026-07-17 12:06:56.939 8 INFO neutron.db.ovn_revision_numbers_db [None req-daea0543-3d1d-4c6f-8f75-6eea3b433525 a19ecea9207645fe834cb16d9cad184f 59bea03819ae4d78a5e9eab4db49a026 - - default default] Successfully bumped revision number for resource 3a548c7d-3200-4a1c-8f59-b1f5d76c2ac0 (type: security_group_rules) to 0
2026-07-17 12:06:56.952 8 INFO neutron.db.ovn_revision_numbers_db [None req-daea0543-3d1d-4c6f-8f75-6eea3b433525 a19ecea9207645fe834cb16d9cad184f 59bea03819ae4d78a5e9eab4db49a026 - - default default] Successfully bumped revision number for resource 58a085d9-8d26-495d-83ab-cd2b885120c3 (type: security_group_rules) to 0
2026-07-17 12:06:56.964 8 INFO neutron.db.ovn_revision_numbers_db [None req-daea0543-3d1d-4c6f-8f75-6eea3b433525 a19ecea9207645fe834cb16d9cad184f 59bea03819ae4d78a5e9eab4db49a026 - - default default] Successfully bumped revision number for resource 839f0e02-9188-439b-8fd9-e4c30bc04b7d (type: security_group_rules) to 0
2026-07-17 12:06:56.976 8 INFO neutron.db.ovn_revision_numbers_db [None req-daea0543-3d1d-4c6f-8f75-6eea3b433525 a19ecea9207645fe834cb16d9cad184f 59bea03819ae4d78a5e9eab4db49a026 - - default default] Successfully bumped revision number for resource ba9748eb-4e66-49c8-b312-a0670fdaaf9c (type: security_group_rules) to 0 [pid: 8|app: 0|req: 819/1573] 10.0.0.187 () {32 vars in 774 bytes} [Fri Jul 17 12:06:56 2026] GET /v2.0/security-groups?tenant_id=207fa7e41a1143f88fe01caeba6cb9e3&name=default => generated 2925 bytes in 491 msecs (HTTP/1.1 200) 4 headers in 158 bytes (1 switches on core 0) [pid: 8|app: 0|req: 822/1576] 10.0.0.187 () {32 vars in 740 bytes} [Fri Jul 17 12:06:57 2026] DELETE /v2.0/security-groups/47494ff6-a127-44ac-823f-4ecf70e6f34b => generated 0 bytes in 275 msecs (HTTP/1.1 204) 2 headers in 112 bytes (1 switches on core 0)
2026-07-17 12:06:57.386 7 WARNING neutron.plugins.ml2.drivers.ovn.mech_driver.ovsdb.ovn_client [None req-e629896d-fb10-44ca-9036-b030569b3f7b - - - - - -] Logical_Switch_Port %s host information not removed, the port state is up
2026-07-17 12:06:57.387 7 INFO neutron.plugins.ml2.drivers.ovn.mech_driver.mech_driver [None req-e629896d-fb10-44ca-9036-b030569b3f7b - - - - - -] OVN reports status up for port: 491477b9-32b0-473f-a281-1774deb8b87e
2026-07-17 12:06:57.431 7 INFO neutron.plugins.ml2.plugin [None req-e629896d-fb10-44ca-9036-b030569b3f7b - - - - - -] Attempt 1 to provision port 491477b9-32b0-473f-a281-1774deb8b87e
2026-07-17 12:06:57.554 8 INFO neutron.db.ovn_revision_numbers_db [None req-c190f160-e1e5-4798-a39e-a2384ab5d8c5 a19ecea9207645fe834cb16d9cad184f 59bea03819ae4d78a5e9eab4db49a026 - - default default] Successfully bumped revision number for resource 15ea185c-e593-4a97-8a8b-22fe63a9d32a (type: security_groups) to 1
2026-07-17 12:06:57.568 8 INFO neutron.db.ovn_revision_numbers_db [None req-c190f160-e1e5-4798-a39e-a2384ab5d8c5 a19ecea9207645fe834cb16d9cad184f 59bea03819ae4d78a5e9eab4db49a026 - - default default] Successfully bumped revision number for resource 2acfff14-e994-4185-8d89-5c0ac7c14781 (type: security_group_rules) to 0
2026-07-17 12:06:57.584 8 INFO neutron.db.ovn_revision_numbers_db [None req-c190f160-e1e5-4798-a39e-a2384ab5d8c5 a19ecea9207645fe834cb16d9cad184f 59bea03819ae4d78a5e9eab4db49a026 - - default default] Successfully bumped revision number for resource 867cb73e-bc7f-41a3-8efa-738d6d1180de (type: security_group_rules) to 0
2026-07-17 12:06:57.600 8 INFO neutron.db.ovn_revision_numbers_db [None req-c190f160-e1e5-4798-a39e-a2384ab5d8c5 a19ecea9207645fe834cb16d9cad184f 59bea03819ae4d78a5e9eab4db49a026 - - default default] Successfully bumped revision number for resource 8e52a1dc-6687-47b2-ab55-616a0c1691a1 (type: security_group_rules) to 0
2026-07-17 12:06:57.616 8 INFO neutron.db.ovn_revision_numbers_db [None req-c190f160-e1e5-4798-a39e-a2384ab5d8c5 a19ecea9207645fe834cb16d9cad184f 59bea03819ae4d78a5e9eab4db49a026 - - default default] Successfully bumped revision number for resource e4ced30a-42d1-4626-833a-cb683d1319ee (type: security_group_rules) to 0 [pid: 8|app: 0|req: 823/1577] 10.0.0.187 () {32 vars in 774 bytes} [Fri Jul 17 12:06:57 2026] GET /v2.0/security-groups?tenant_id=45e376d3aa9941d19dcddd1c6e1c45c2&name=default => generated 2925 bytes in 287 msecs (HTTP/1.1 200) 4 headers in 158 bytes (1 switches on core 0)
2026-07-17 12:06:57.685 7 INFO neutron.plugins.ml2.drivers.ovn.mech_driver.mech_driver [None req-e629896d-fb10-44ca-9036-b030569b3f7b - - - - - -] OVN reports status down for port: b3587501-ae57-467e-bd9a-85ef806bb544
2026-07-17 12:06:57.853 8 INFO neutron.db.ovn_revision_numbers_db [None req-5b51098c-a438-4002-8713-04045e5fbc4e a19ecea9207645fe834cb16d9cad184f 59bea03819ae4d78a5e9eab4db49a026 - - default default] Successfully bumped revision number for resource f16d45a0-54bf-4592-b52c-f5e6c19a389b (type: security_groups) to 1
2026-07-17 12:06:57.865 8 INFO neutron.db.ovn_revision_numbers_db [None req-5b51098c-a438-4002-8713-04045e5fbc4e a19ecea9207645fe834cb16d9cad184f 59bea03819ae4d78a5e9eab4db49a026 - - default default] Successfully bumped revision number for resource 0d9529ac-8709-41cd-99ce-2497d0d8a8e7 (type: security_group_rules) to 0
2026-07-17 12:06:57.876 8 INFO neutron.db.ovn_revision_numbers_db [None req-5b51098c-a438-4002-8713-04045e5fbc4e a19ecea9207645fe834cb16d9cad184f 59bea03819ae4d78a5e9eab4db49a026 - - default default] Successfully bumped revision number for resource 94c683e2-84c4-400f-a221-06f75ac315a6 (type: security_group_rules) to 0
2026-07-17 12:06:57.886 8 INFO neutron.db.ovn_revision_numbers_db [None req-5b51098c-a438-4002-8713-04045e5fbc4e a19ecea9207645fe834cb16d9cad184f 59bea03819ae4d78a5e9eab4db49a026 - - default default] Successfully bumped revision number for resource a86bd4a4-78fd-4104-93cf-2f97b736bb84 (type: security_group_rules) to 0
2026-07-17 12:06:57.898 8 INFO neutron.db.ovn_revision_numbers_db [None req-5b51098c-a438-4002-8713-04045e5fbc4e a19ecea9207645fe834cb16d9cad184f 59bea03819ae4d78a5e9eab4db49a026 - - default default] Successfully bumped revision number for resource bf8f74b6-cf87-49fe-ab47-d966883a51c5 (type: security_group_rules) to 0
2026-07-17 12:06:57.917 7 WARNING neutron.plugins.ml2.drivers.ovn.mech_driver.ovsdb.ovn_client [None req-e629896d-fb10-44ca-9036-b030569b3f7b - - - - - -] Logical_Switch_Port %s host information not removed, the port state is up
2026-07-17 12:06:57.920 7 INFO neutron.plugins.ml2.drivers.ovn.mech_driver.mech_driver [None req-e629896d-fb10-44ca-9036-b030569b3f7b - - - - - -] OVN reports status up for port: b3587501-ae57-467e-bd9a-85ef806bb544 [pid: 7|app: 0|req: 755/1578] 10.0.0.187 () {34 vars in 789 bytes} [Fri Jul 17 12:06:54 2026] PUT /v2.0/routers/3d7c807b-4ba2-407c-8924-e0237b84aa10/remove_router_interface => generated 309 bytes in 2986 msecs (HTTP/1.1 200) 4 headers in 157 bytes (1 switches on core 0)
2026-07-17 12:06:57.984 8 INFO neutron.db.segments_db [None req-5b51098c-a438-4002-8713-04045e5fbc4e a19ecea9207645fe834cb16d9cad184f 59bea03819ae4d78a5e9eab4db49a026 - - default default] Added segment e1c14fe7-3d1f-4dab-96be-7a1159ad7573 of type geneve for network 39f72785-f631-4e0d-b3de-1bb75c6ba519 /var/lib/openstack/lib/python3.12/site-packages/pycadf/identifier.py:70: UserWarning: Invalid uuid: neutron. To ensure interoperability, identifiers should be a valid uuid. warnings.warn(('Invalid uuid: %s. To ensure interoperability, '
2026-07-17 12:06:58.005 7 INFO neutron.plugins.ml2.plugin [None req-e629896d-fb10-44ca-9036-b030569b3f7b - - - - - -] Attempt 1 to provision port b3587501-ae57-467e-bd9a-85ef806bb544 [pid: 7|app: 0|req: 756/1579] 10.0.0.121 () {34 vars in 990 bytes} [Fri Jul 17 12:06:57 2026] GET /v2.0/ports?device_id=748c4491-5cea-4edf-9a98-cec27bfb3f77 => generated 12 bytes in 62 msecs (HTTP/1.1 200) 4 headers in 156 bytes (1 switches on core 0)
2026-07-17 12:06:58.112 8 INFO neutron.db.ovn_revision_numbers_db [None req-5b51098c-a438-4002-8713-04045e5fbc4e a19ecea9207645fe834cb16d9cad184f 59bea03819ae4d78a5e9eab4db49a026 - - default default] Successfully bumped revision number for resource 39f72785-f631-4e0d-b3de-1bb75c6ba519 (type: networks) to 1
2026-07-17 12:06:58.294 8 WARNING neutron.scheduler.dhcp_agent_scheduler [None req-5b51098c-a438-4002-8713-04045e5fbc4e a19ecea9207645fe834cb16d9cad184f 59bea03819ae4d78a5e9eab4db49a026 - - default default] No more DHCP agents
2026-07-17 12:06:58.295 8 WARNING neutron.api.rpc.agentnotifiers.dhcp_rpc_agent_api [None req-5b51098c-a438-4002-8713-04045e5fbc4e a19ecea9207645fe834cb16d9cad184f 59bea03819ae4d78a5e9eab4db49a026 - - default default] Unable to schedule network 39f72785-f631-4e0d-b3de-1bb75c6ba519: no agents available; will retry on subsequent port and subnet creation events.
2026-07-17 12:06:58.392 7 INFO neutron.db.ovn_revision_numbers_db [None req-b34ab670-7d49-454e-9bc8-f6152239583b - - - - - -] Successfully bumped revision number for resource 491477b9-32b0-473f-a281-1774deb8b87e (type: ports) to 5
2026-07-17 12:06:58.420 8 INFO neutron.db.ovn_revision_numbers_db [None req-5b51098c-a438-4002-8713-04045e5fbc4e a19ecea9207645fe834cb16d9cad184f 59bea03819ae4d78a5e9eab4db49a026 - - default default] Successfully bumped revision number for resource da0ad00d-8e71-4d1a-bbf7-2cbed9ae4207 (type: ports) to 1 [pid: 8|app: 0|req: 824/1580] 10.0.0.187 () {34 vars in 671 bytes} [Fri Jul 17 12:06:57 2026] POST /v2.0/networks => generated 763 bytes in 776 msecs (HTTP/1.1 201) 4 headers in 162 bytes (1 switches on core 0)
2026-07-17 12:06:58.826 8 INFO neutron_taas.services.taas.taas_plugin [None req-0fae9434-a51b-44af-b96e-2d17d6336fed 6a66c06f40c54e9ea56b4fda464c16fb 9c3c020d40da4155bb81a76046bea15e - - default default] TaaS: Handle Delete Port: 640ab765-3e77-4bde-acf7-ebcf9e5e9bdc
2026-07-17 12:06:58.829 8 INFO neutron_taas.services.taas.tap_mirror_plugin [None req-0fae9434-a51b-44af-b96e-2d17d6336fed 6a66c06f40c54e9ea56b4fda464c16fb 9c3c020d40da4155bb81a76046bea15e - - default default] Tap Mirror: Handle Delete Port: 640ab765-3e77-4bde-acf7-ebcf9e5e9bdc [pid: 7|app: 0|req: 757/1581] 10.0.0.187 () {32 vars in 740 bytes} [Fri Jul 17 12:06:58 2026] DELETE /v2.0/security-groups/15ea185c-e593-4a97-8a8b-22fe63a9d32a => generated 0 bytes in 948 msecs (HTTP/1.1 204) 2 headers in 112 bytes (1 switches on core 0)
2026-07-17 12:06:59.181 7 INFO neutron.db.ovn_revision_numbers_db [None req-e629896d-fb10-44ca-9036-b030569b3f7b - - - - - -] Successfully bumped revision number for resource b3587501-ae57-467e-bd9a-85ef806bb544 (type: ports) to 2
2026-07-17 12:06:59.283 7 WARNING neutron.scheduler.dhcp_agent_scheduler [None req-e0bd10ee-3546-4664-b369-96f27e5bca58 a19ecea9207645fe834cb16d9cad184f 59bea03819ae4d78a5e9eab4db49a026 - - default default] No more DHCP agents
2026-07-17 12:06:59.293 7 WARNING neutron.api.rpc.agentnotifiers.dhcp_rpc_agent_api [None req-e0bd10ee-3546-4664-b369-96f27e5bca58 a19ecea9207645fe834cb16d9cad184f 59bea03819ae4d78a5e9eab4db49a026 - - default default] Unable to schedule network 39f72785-f631-4e0d-b3de-1bb75c6ba519: no agents available; will retry on subsequent port and subnet creation events. [pid: 8|app: 0|req: 825/1582] 10.0.0.187 () {32 vars in 724 bytes} [Fri Jul 17 12:06:58 2026] DELETE /v2.0/routers/3d7c807b-4ba2-407c-8924-e0237b84aa10 => generated 0 bytes in 882 msecs (HTTP/1.1 204) 2 headers in 112 bytes (1 switches on core 0) [pid: 8|app: 0|req: 826/1583] 10.0.0.187 () {32 vars in 740 bytes} [Fri Jul 17 12:06:59 2026] DELETE /v2.0/security-groups/e5609a7f-91f6-4690-872a-c7ad500d6435 => generated 0 bytes in 191 msecs (HTTP/1.1 204) 2 headers in 112 bytes (1 switches on core 0) [pid: 8|app: 0|req: 827/1584] 10.0.0.187 () {32 vars in 724 bytes} [Fri Jul 17 12:06:59 2026] DELETE /v2.0/subnets/64c3f549-4de2-4735-be92-464bdec959c5 => generated 0 bytes in 131 msecs (HTTP/1.1 204) 3 headers in 131 bytes (1 switches on core 0)
2026-07-17 12:06:59.662 8 INFO neutron.api.v2.resource [None req-e365199d-9c20-42d6-8752-d13a08bf453e c2fe22194a9d4aee867c5b14b5725537 3a7925509457426b86330ad40c870377 - - default default] show failed (client error): The resource could not be found. [pid: 8|app: 0|req: 828/1585] 10.0.0.187 () {32 vars in 737 bytes} [Fri Jul 17 12:06:59 2026] GET /v2.0/security-groups/e5609a7f-91f6-4690-872a-c7ad500d6435 => generated 146 bytes in 11 msecs (HTTP/1.1 404) 4 headers in 164 bytes (1 switches on core 0)
2026-07-17 12:06:59.804 8 INFO neutron_taas.services.taas.taas_plugin [None req-101f1684-54bf-472e-ac7a-64f38dea373b 6a66c06f40c54e9ea56b4fda464c16fb 9c3c020d40da4155bb81a76046bea15e - - default default] TaaS: Handle Delete Port: fc3d29e6-a7f0-4375-99ee-3f13ea71dc38
2026-07-17 12:06:59.822 8 INFO neutron_taas.services.taas.tap_mirror_plugin [None req-101f1684-54bf-472e-ac7a-64f38dea373b 6a66c06f40c54e9ea56b4fda464c16fb 9c3c020d40da4155bb81a76046bea15e - - default default] Tap Mirror: Handle Delete Port: fc3d29e6-a7f0-4375-99ee-3f13ea71dc38
2026-07-17 12:06:59.872 7 INFO neutron.db.ovn_revision_numbers_db [None req-5ed852ba-a4ed-47b7-97a4-434823bb7790 - - - - - -] Successfully bumped revision number for resource da0ad00d-8e71-4d1a-bbf7-2cbed9ae4207 (type: ports) to 2
2026-07-17 12:06:59.897 7 INFO neutron.db.ovn_revision_numbers_db [None req-5ed852ba-a4ed-47b7-97a4-434823bb7790 - - - - - -] Successfully bumped revision number for resource 5ebaf2ef-940b-43b4-b6a4-a7e6ccbb7e11 (type: subnets) to 0 [pid: 7|app: 0|req: 758/1586] 10.0.0.187 () {34 vars in 669 bytes} [Fri Jul 17 12:06:58 2026] POST /v2.0/subnets => generated 688 bytes in 924 msecs (HTTP/1.1 201) 4 headers in 162 bytes (1 switches on core 0)
2026-07-17 12:07:00.064 7 INFO neutron_taas.services.taas.taas_plugin [None req-447abe00-4c50-496a-868e-be75b50de032 c2fe22194a9d4aee867c5b14b5725537 3a7925509457426b86330ad40c870377 - - default default] TaaS: Handle Delete Port: 3d3a4fb1-4002-4868-a989-ede7e51c6d6c
2026-07-17 12:07:00.068 8 INFO neutron.services.segments.plugin [-] Segment ba2718f6-a8c7-447f-bfea-c909f02ef3e2 resource provider aggregate not found
2026-07-17 12:07:00.069 7 INFO neutron_taas.services.taas.tap_mirror_plugin [None req-447abe00-4c50-496a-868e-be75b50de032 c2fe22194a9d4aee867c5b14b5725537 3a7925509457426b86330ad40c870377 - - default default] Tap Mirror: Handle Delete Port: 3d3a4fb1-4002-4868-a989-ede7e51c6d6c
2026-07-17 12:07:00.070 8 INFO neutron.services.segments.plugin [-] Segment ba2718f6-a8c7-447f-bfea-c909f02ef3e2 resource provider aggregate not found
2026-07-17 12:07:00.086 8 INFO neutron.services.segments.plugin [-] Segment ba2718f6-a8c7-447f-bfea-c909f02ef3e2 resource provider not found; error: Placement Client Error (4xx): {"errors": [{"status": 404, "title": "Not Found", "detail": "The resource could not be found.\n\n No resource provider with uuid ba2718f6-a8c7-447f-bfea-c909f02ef3e2 found for delete ", "request_id": "req-8257f494-ce0a-4fc0-ae44-5c2fe85a6f49"}]}
2026-07-17 12:07:00.091 8 INFO neutron.services.segments.plugin [-] Segment ba2718f6-a8c7-447f-bfea-c909f02ef3e2 resource provider not found; error: Placement Client Error (4xx): {"errors": [{"status": 404, "title": "Not Found", "detail": "The resource could not be found.\n\n No resource provider with uuid ba2718f6-a8c7-447f-bfea-c909f02ef3e2 found for delete ", "request_id": "req-4c7a4be8-3b63-4a65-9b49-ed88d2ed73f4"}]} [pid: 8|app: 0|req: 829/1587] 10.0.0.187 () {32 vars in 726 bytes} [Fri Jul 17 12:06:59 2026] DELETE /v2.0/networks/71fd87ab-e863-498e-825d-ed4e0bc9aad7 => generated 0 bytes in 479 msecs (HTTP/1.1 204) 3 headers in 131 bytes (1 switches on core 0) [pid: 7|app: 0|req: 759/1588] 10.0.0.187 () {32 vars in 732 bytes} [Fri Jul 17 12:06:59 2026] DELETE /v2.0/floatingips/83df4806-2a55-4761-aef5-381d7cafad33 => generated 0 bytes in 373 msecs (HTTP/1.1 204) 2 headers in 112 bytes (1 switches on core 0)
2026-07-17 12:07:00.550 8 WARNING neutron.scheduler.dhcp_agent_scheduler [None req-9921387b-e429-47ea-9fbc-ca46f4b55207 a19ecea9207645fe834cb16d9cad184f 59bea03819ae4d78a5e9eab4db49a026 - - default default] No more DHCP agents
2026-07-17 12:07:00.552 8 WARNING neutron.api.rpc.agentnotifiers.dhcp_rpc_agent_api [None req-9921387b-e429-47ea-9fbc-ca46f4b55207 a19ecea9207645fe834cb16d9cad184f 59bea03819ae4d78a5e9eab4db49a026 - - default default] Unable to schedule network 00c31fca-1780-42f5-b8a4-13ed0531af55: no agents available; will retry on subsequent port and subnet creation events.
2026-07-17 12:07:00.608 7 INFO neutron_taas.services.taas.taas_plugin [None req-ceaadf2d-ee6b-4f1d-8a86-4da239ba6fc8 a19ecea9207645fe834cb16d9cad184f 59bea03819ae4d78a5e9eab4db49a026 - - default default] TaaS: Handle Delete Port: 3f95e77e-a733-4cc0-b19f-5d56554d36f7
2026-07-17 12:07:00.616 7 INFO neutron_taas.services.taas.tap_mirror_plugin [None req-ceaadf2d-ee6b-4f1d-8a86-4da239ba6fc8 a19ecea9207645fe834cb16d9cad184f 59bea03819ae4d78a5e9eab4db49a026 - - default default] Tap Mirror: Handle Delete Port: 3f95e77e-a733-4cc0-b19f-5d56554d36f7
2026-07-17 12:07:00.778 8 INFO neutron.db.ovn_revision_numbers_db [None req-9921387b-e429-47ea-9fbc-ca46f4b55207 a19ecea9207645fe834cb16d9cad184f 59bea03819ae4d78a5e9eab4db49a026 - - default default] Successfully bumped revision number for resource d77c6a63-6af8-45ea-9b6f-e631e9953dce (type: ports) to 1 [pid: 7|app: 0|req: 760/1589] 10.0.0.187 () {34 vars in 789 bytes} [Fri Jul 17 12:07:00 2026] PUT /v2.0/routers/ffabddd8-6e81-45b8-8e43-3dff93eba6a8/remove_router_interface => generated 309 bytes in 1113 msecs (HTTP/1.1 200) 4 headers in 157 bytes (1 switches on core 0) /var/lib/openstack/lib/python3.12/site-packages/pycadf/identifier.py:70: UserWarning: Invalid uuid: neutron. To ensure interoperability, identifiers should be a valid uuid. warnings.warn(('Invalid uuid: %s. To ensure interoperability, '
2026-07-17 12:07:01.526 8 INFO neutron.plugins.ml2.drivers.ovn.mech_driver.ovsdb.commands [-] Schedule LRP lrp-d77c6a63-6af8-45ea-9b6f-e631e9953dce on gateway 0c2bd6f5-3c18-4c86-979c-15a6315d7e5c with priority 1 [pid: 7|app: 0|req: 761/1590] 10.0.0.187 () {32 vars in 774 bytes} [Fri Jul 17 12:07:01 2026] GET /v2.0/security-groups?tenant_id=9c3c020d40da4155bb81a76046bea15e&name=default => generated 2925 bytes in 254 msecs (HTTP/1.1 200) 4 headers in 158 bytes (1 switches on core 0)
2026-07-17 12:07:01.724 8 INFO neutron.db.ovn_revision_numbers_db [None req-9921387b-e429-47ea-9fbc-ca46f4b55207 a19ecea9207645fe834cb16d9cad184f 59bea03819ae4d78a5e9eab4db49a026 - - default default] Successfully bumped revision number for resource d77c6a63-6af8-45ea-9b6f-e631e9953dce (type: router_ports) to 1
2026-07-17 12:07:01.814 8 INFO neutron.db.ovn_revision_numbers_db [None req-9921387b-e429-47ea-9fbc-ca46f4b55207 a19ecea9207645fe834cb16d9cad184f 59bea03819ae4d78a5e9eab4db49a026 - - default default] Successfully bumped revision number for resource bc5df63e-9c67-4202-8c09-163704723b2c (type: routers) to 2 [pid: 8|app: 0|req: 830/1591] 10.0.0.187 () {34 vars in 669 bytes} [Fri Jul 17 12:07:00 2026] POST /v2.0/routers => generated 966 bytes in 1691 msecs (HTTP/1.1 201) 4 headers in 162 bytes (1 switches on core 0)
2026-07-17 12:07:01.884 7 INFO neutron.plugins.ml2.drivers.ovn.mech_driver.ovsdb.ovsdb_monitor [None req-b34ab670-7d49-454e-9bc8-f6152239583b - - - - - -] Router bc5df63e-9c67-4202-8c09-163704723b2c is bound to host instance [pid: 8|app: 0|req: 831/1592] 10.0.0.187 () {32 vars in 740 bytes} [Fri Jul 17 12:07:01 2026] DELETE /v2.0/security-groups/01b450be-01c1-497a-8f86-2c0f55bc6847 => generated 0 bytes in 288 msecs (HTTP/1.1 204) 2 headers in 112 bytes (1 switches on core 0)
2026-07-17 12:07:02.533 8 WARNING neutron.scheduler.dhcp_agent_scheduler [None req-c9360c22-ac90-403e-a506-9d6bb0bd0ece a19ecea9207645fe834cb16d9cad184f 59bea03819ae4d78a5e9eab4db49a026 - - default default] No more DHCP agents
2026-07-17 12:07:02.535 8 WARNING neutron.api.rpc.agentnotifiers.dhcp_rpc_agent_api [None req-c9360c22-ac90-403e-a506-9d6bb0bd0ece a19ecea9207645fe834cb16d9cad184f 59bea03819ae4d78a5e9eab4db49a026 - - default default] Unable to schedule network 39f72785-f631-4e0d-b3de-1bb75c6ba519: no agents available; will retry on subsequent port and subnet creation events.
2026-07-17 12:07:02.728 8 INFO neutron.db.ovn_revision_numbers_db [None req-c9360c22-ac90-403e-a506-9d6bb0bd0ece a19ecea9207645fe834cb16d9cad184f 59bea03819ae4d78a5e9eab4db49a026 - - default default] Successfully bumped revision number for resource 3818bed6-58e7-4881-87f3-39d1e12d2762 (type: ports) to 1
2026-07-17 12:07:02.805 7 INFO neutron_taas.services.taas.taas_plugin [None req-5dbae26e-2004-4f1a-a129-823820abb6f2 a19ecea9207645fe834cb16d9cad184f 59bea03819ae4d78a5e9eab4db49a026 - - default default] TaaS: Handle Delete Port: 8e688ee9-2c99-4f1f-a7a1-a41d76dceb23
2026-07-17 12:07:02.811 7 INFO neutron_taas.services.taas.tap_mirror_plugin [None req-5dbae26e-2004-4f1a-a129-823820abb6f2 a19ecea9207645fe834cb16d9cad184f 59bea03819ae4d78a5e9eab4db49a026 - - default default] Tap Mirror: Handle Delete Port: 8e688ee9-2c99-4f1f-a7a1-a41d76dceb23
2026-07-17 12:07:03.457 8 WARNING neutron.scheduler.dhcp_agent_scheduler [None req-c9360c22-ac90-403e-a506-9d6bb0bd0ece a19ecea9207645fe834cb16d9cad184f 59bea03819ae4d78a5e9eab4db49a026 - - default default] No more DHCP agents
2026-07-17 12:07:03.459 8 WARNING neutron.api.rpc.agentnotifiers.dhcp_rpc_agent_api [None req-c9360c22-ac90-403e-a506-9d6bb0bd0ece a19ecea9207645fe834cb16d9cad184f 59bea03819ae4d78a5e9eab4db49a026 - - default default] Unable to schedule network 39f72785-f631-4e0d-b3de-1bb75c6ba519: no agents available; will retry on subsequent port and subnet creation events.
2026-07-17 12:07:03.760 7 INFO neutron.db.ovn_revision_numbers_db [None req-d9eb202f-63a4-4e2e-9a53-6414e33c1716 - - - - - -] Successfully bumped revision number for resource d77c6a63-6af8-45ea-9b6f-e631e9953dce (type: ports) to 4 [pid: 7|app: 0|req: 762/1593] 10.0.0.187 () {32 vars in 724 bytes} [Fri Jul 17 12:07:01 2026] DELETE /v2.0/routers/ffabddd8-6e81-45b8-8e43-3dff93eba6a8 => generated 0 bytes in 2180 msecs (HTTP/1.1 204) 2 headers in 112 bytes (1 switches on core 0)
2026-07-17 12:07:03.883 7 WARNING neutron.plugins.ml2.drivers.ovn.mech_driver.ovsdb.ovn_client [None req-ba2555f7-3435-465d-8516-9e27fc220acb - - - - - -] No hosting information found for port b3587501-ae57-467e-bd9a-85ef806bb544: RuntimeError: No hosting information found for port b3587501-ae57-467e-bd9a-85ef806bb544
2026-07-17 12:07:04.144 8 INFO neutron.db.ovn_revision_numbers_db [None req-c9360c22-ac90-403e-a506-9d6bb0bd0ece a19ecea9207645fe834cb16d9cad184f 59bea03819ae4d78a5e9eab4db49a026 - - default default] Successfully bumped revision number for resource 3818bed6-58e7-4881-87f3-39d1e12d2762 (type: router_ports) to 1 [pid: 8|app: 0|req: 832/1594] 10.0.0.187 () {34 vars in 783 bytes} [Fri Jul 17 12:07:02 2026] PUT /v2.0/routers/bc5df63e-9c67-4202-8c09-163704723b2c/add_router_interface => generated 309 bytes in 2030 msecs (HTTP/1.1 200) 4 headers in 157 bytes (1 switches on core 0)
2026-07-17 12:07:04.158 7 INFO neutron.db.ovn_revision_numbers_db [None req-ba2555f7-3435-465d-8516-9e27fc220acb - - - - - -] Successfully bumped revision number for resource b3587501-ae57-467e-bd9a-85ef806bb544 (type: router_ports) to 2
2026-07-17 12:07:04.159 7 INFO neutron.plugins.ml2.drivers.ovn.mech_driver.mech_driver [None req-ba2555f7-3435-465d-8516-9e27fc220acb - - - - - -] OVN reports status down for port: da0ad00d-8e71-4d1a-bbf7-2cbed9ae4207
2026-07-17 12:07:04.432 8 INFO neutron.db.ovn_revision_numbers_db [None req-cb2f1921-ba4d-4696-a747-5f079eb4bb4b f0a5377969d44e6f808652f1e1aee41d 51a2127ea95b4f8f93607cb7c74f70cd - - default default] Successfully bumped revision number for resource ad67f597-eb3f-416f-bc9e-3478439d3a13 (type: security_groups) to 1
2026-07-17 12:07:04.452 8 INFO neutron.db.ovn_revision_numbers_db [None req-cb2f1921-ba4d-4696-a747-5f079eb4bb4b f0a5377969d44e6f808652f1e1aee41d 51a2127ea95b4f8f93607cb7c74f70cd - - default default] Successfully bumped revision number for resource 426a3b7f-5f10-468e-8563-6d96e7223213 (type: security_group_rules) to 0
2026-07-17 12:07:04.470 8 INFO neutron.db.ovn_revision_numbers_db [None req-cb2f1921-ba4d-4696-a747-5f079eb4bb4b f0a5377969d44e6f808652f1e1aee41d 51a2127ea95b4f8f93607cb7c74f70cd - - default default] Successfully bumped revision number for resource 540a983d-96aa-425e-8269-7e28f80dc541 (type: security_group_rules) to 0
2026-07-17 12:07:04.484 8 INFO neutron.db.ovn_revision_numbers_db [None req-cb2f1921-ba4d-4696-a747-5f079eb4bb4b f0a5377969d44e6f808652f1e1aee41d 51a2127ea95b4f8f93607cb7c74f70cd - - default default] Successfully bumped revision number for resource d9607150-d4d7-438a-a7e7-ad7fe7d5e63a (type: security_group_rules) to 0
2026-07-17 12:07:04.501 8 INFO neutron.db.ovn_revision_numbers_db [None req-cb2f1921-ba4d-4696-a747-5f079eb4bb4b f0a5377969d44e6f808652f1e1aee41d 51a2127ea95b4f8f93607cb7c74f70cd - - default default] Successfully bumped revision number for resource e9dd860d-9a5e-4329-985d-61e49637e532 (type: security_group_rules) to 0
2026-07-17 12:07:04.537 7 INFO neutron.db.ovn_revision_numbers_db [None req-85f14625-4df2-40b7-9b53-54881860b555 a19ecea9207645fe834cb16d9cad184f 59bea03819ae4d78a5e9eab4db49a026 - - default default] Successfully bumped revision number for resource cea7f79e-c885-493e-aea3-f001a0b50a98 (type: security_groups) to 1
2026-07-17 12:07:04.574 7 INFO neutron.db.ovn_revision_numbers_db [None req-85f14625-4df2-40b7-9b53-54881860b555 a19ecea9207645fe834cb16d9cad184f 59bea03819ae4d78a5e9eab4db49a026 - - default default] Successfully bumped revision number for resource 156c2697-f993-4fcd-9c95-9648ed4034d6 (type: security_group_rules) to 0
2026-07-17 12:07:04.593 8 INFO neutron.db.segments_db [None req-cb2f1921-ba4d-4696-a747-5f079eb4bb4b f0a5377969d44e6f808652f1e1aee41d 51a2127ea95b4f8f93607cb7c74f70cd - - default default] Added segment 6ae258b7-2d71-4699-b331-251b07a34401 of type geneve for network 589eadb7-bc0b-4c04-ade1-ef7624ea6232
2026-07-17 12:07:04.628 7 INFO neutron.db.ovn_revision_numbers_db [None req-85f14625-4df2-40b7-9b53-54881860b555 a19ecea9207645fe834cb16d9cad184f 59bea03819ae4d78a5e9eab4db49a026 - - default default] Successfully bumped revision number for resource 581191a4-a290-44d8-918a-a53f5035d6a9 (type: security_group_rules) to 0
2026-07-17 12:07:04.665 7 INFO neutron.db.ovn_revision_numbers_db [None req-85f14625-4df2-40b7-9b53-54881860b555 a19ecea9207645fe834cb16d9cad184f 59bea03819ae4d78a5e9eab4db49a026 - - default default] Successfully bumped revision number for resource b5acc9f5-815b-437d-8c24-8ca8fac62bc0 (type: security_group_rules) to 0
2026-07-17 12:07:04.721 7 INFO neutron.db.ovn_revision_numbers_db [None req-85f14625-4df2-40b7-9b53-54881860b555 a19ecea9207645fe834cb16d9cad184f 59bea03819ae4d78a5e9eab4db49a026 - - default default] Successfully bumped revision number for resource f615146b-db28-4611-9939-35d42cb7fb55 (type: security_group_rules) to 0
2026-07-17 12:07:04.757 8 INFO neutron.db.ovn_revision_numbers_db [None req-cb2f1921-ba4d-4696-a747-5f079eb4bb4b f0a5377969d44e6f808652f1e1aee41d 51a2127ea95b4f8f93607cb7c74f70cd - - default default] Successfully bumped revision number for resource 589eadb7-bc0b-4c04-ade1-ef7624ea6232 (type: networks) to 1 [pid: 7|app: 0|req: 763/1595] 10.0.0.187 () {32 vars in 774 bytes} [Fri Jul 17 12:07:03 2026] GET /v2.0/security-groups?tenant_id=7219659e34b2454494fa0cafd429f0c1&name=default => generated 2925 bytes in 1061 msecs (HTTP/1.1 200) 4 headers in 158 bytes (1 switches on core 0)
2026-07-17 12:07:04.929 8 WARNING neutron.scheduler.dhcp_agent_scheduler [None req-cb2f1921-ba4d-4696-a747-5f079eb4bb4b f0a5377969d44e6f808652f1e1aee41d 51a2127ea95b4f8f93607cb7c74f70cd - - default default] No more DHCP agents
2026-07-17 12:07:04.930 8 WARNING neutron.api.rpc.agentnotifiers.dhcp_rpc_agent_api [None req-cb2f1921-ba4d-4696-a747-5f079eb4bb4b f0a5377969d44e6f808652f1e1aee41d 51a2127ea95b4f8f93607cb7c74f70cd - - default default] Unable to schedule network 589eadb7-bc0b-4c04-ade1-ef7624ea6232: no agents available; will retry on subsequent port and subnet creation events.
2026-07-17 12:07:04.935 7 INFO neutron.plugins.ml2.drivers.ovn.mech_driver.mech_driver [None req-ba2555f7-3435-465d-8516-9e27fc220acb - - - - - -] OVN reports status down for port: d77c6a63-6af8-45ea-9b6f-e631e9953dce
2026-07-17 12:07:05.069 8 INFO neutron.db.ovn_revision_numbers_db [None req-cb2f1921-ba4d-4696-a747-5f079eb4bb4b f0a5377969d44e6f808652f1e1aee41d 51a2127ea95b4f8f93607cb7c74f70cd - - default default] Successfully bumped revision number for resource f9fafed6-a0b6-4cf3-91b3-0063b5c33cea (type: ports) to 1 [pid: 8|app: 0|req: 833/1596] 10.0.0.187 () {34 vars in 670 bytes} [Fri Jul 17 12:07:04 2026] POST /v2.0/networks => generated 667 bytes in 945 msecs (HTTP/1.1 201) 4 headers in 162 bytes (1 switches on core 0)
2026-07-17 12:07:05.247 7 INFO neutron.db.ovn_revision_numbers_db [None req-d9eb202f-63a4-4e2e-9a53-6414e33c1716 - - - - - -] Successfully bumped revision number for resource d77c6a63-6af8-45ea-9b6f-e631e9953dce (type: ports) to 5
2026-07-17 12:07:05.307 8 INFO neutron.db.ovn_revision_numbers_db [None req-5f2aa3ff-58f9-40f9-b39f-a56380924fb2 fa6289368d8a4308b44300d6cb0230a9 f2ce0567c26044858e45b7b7bf12f3c7 - - default default] Successfully bumped revision number for resource 81ff73d7-e9e7-4681-b5e1-a5b0447ac2d0 (type: security_groups) to 1
2026-07-17 12:07:05.318 8 INFO neutron.db.ovn_revision_numbers_db [None req-5f2aa3ff-58f9-40f9-b39f-a56380924fb2 fa6289368d8a4308b44300d6cb0230a9 f2ce0567c26044858e45b7b7bf12f3c7 - - default default] Successfully bumped revision number for resource a214e8bb-fd4f-4561-9dc2-f64d0345520c (type: security_group_rules) to 0
2026-07-17 12:07:05.330 8 INFO neutron.db.ovn_revision_numbers_db [None req-5f2aa3ff-58f9-40f9-b39f-a56380924fb2 fa6289368d8a4308b44300d6cb0230a9 f2ce0567c26044858e45b7b7bf12f3c7 - - default default] Successfully bumped revision number for resource cb3a9746-eb45-4b6c-8f7e-d4b656890855 (type: security_group_rules) to 0 [pid: 8|app: 0|req: 834/1597] 10.0.0.187 () {34 vars in 685 bytes} [Fri Jul 17 12:07:05 2026] POST /v2.0/security-groups => generated 1675 bytes in 275 msecs (HTTP/1.1 201) 4 headers in 163 bytes (1 switches on core 0) [pid: 7|app: 0|req: 764/1598] 10.0.0.187 () {32 vars in 724 bytes} [Fri Jul 17 12:07:04 2026] DELETE /v2.0/subnets/e247e794-b207-4226-a3ee-90e895b27d67 => generated 0 bytes in 541 msecs (HTTP/1.1 204) 3 headers in 131 bytes (1 switches on core 0) [pid: 8|app: 0|req: 835/1599] 10.0.0.187 () {32 vars in 740 bytes} [Fri Jul 17 12:07:05 2026] DELETE /v2.0/security-groups/cea7f79e-c885-493e-aea3-f001a0b50a98 => generated 0 bytes in 327 msecs (HTTP/1.1 204) 2 headers in 112 bytes (1 switches on core 0)
