2026-07-17 12:09:18.743 7 INFO neutron_taas.services.taas.tap_mirror_plugin [None req-9022b806-f851-4e15-ac1c-5a538aae8d04 24f538c0293649b3aae70933cc774c96 1b6c3b51ca2b4f96addb615d0a6f6a57 - - default default] Tap Mirror: Handle Delete Port: 1034d763-8f0c-4d89-9704-30d8b18852c0 [pid: 7|app: 0|req: 1188/2509] 10.0.0.187 () {32 vars in 720 bytes} [Fri Jul 17 12:09:18 2026] DELETE /v2.0/ports/1034d763-8f0c-4d89-9704-30d8b18852c0 => generated 0 bytes in 273 msecs (HTTP/1.1 204) 3 headers in 131 bytes (1 switches on core 0) [pid: 7|app: 0|req: 1189/2510] 10.0.0.121 () {34 vars in 990 bytes} [Fri Jul 17 12:09:18 2026] GET /v2.0/ports?device_id=1ffa49c3-eda6-4c97-80c6-57be1315a9e0 => generated 973 bytes in 36 msecs (HTTP/1.1 200) 4 headers in 157 bytes (1 switches on core 0)
2026-07-17 12:09:19.035 7 INFO neutron_taas.services.taas.taas_plugin [None req-56120aa3-3bf5-4db2-8a3e-5385f93ab7e1 24f538c0293649b3aae70933cc774c96 1b6c3b51ca2b4f96addb615d0a6f6a57 - - default default] TaaS: Handle Delete Port: e8bb32d4-7a4c-4c7f-8778-e90521954560
2026-07-17 12:09:19.039 7 INFO neutron_taas.services.taas.tap_mirror_plugin [None req-56120aa3-3bf5-4db2-8a3e-5385f93ab7e1 24f538c0293649b3aae70933cc774c96 1b6c3b51ca2b4f96addb615d0a6f6a57 - - default default] Tap Mirror: Handle Delete Port: e8bb32d4-7a4c-4c7f-8778-e90521954560 [pid: 7|app: 0|req: 1190/2511] 10.0.0.187 () {32 vars in 720 bytes} [Fri Jul 17 12:09:18 2026] DELETE /v2.0/ports/e8bb32d4-7a4c-4c7f-8778-e90521954560 => generated 0 bytes in 276 msecs (HTTP/1.1 204) 3 headers in 131 bytes (1 switches on core 0) [pid: 7|app: 0|req: 1191/2512] 10.0.0.121 () {34 vars in 1040 bytes} [Fri Jul 17 12:09:19 2026] GET /v2.0/security-groups?id=efad249c-21dd-4fed-8353-d185d1ded981&fields=id&fields=name => generated 88 bytes in 28 msecs (HTTP/1.1 200) 4 headers in 156 bytes (1 switches on core 0)
2026-07-17 12:09:19.347 7 INFO neutron_taas.services.taas.taas_plugin [None req-bdfe4200-6c1f-47ea-9b03-ed6794b640a5 24f538c0293649b3aae70933cc774c96 1b6c3b51ca2b4f96addb615d0a6f6a57 - - default default] TaaS: Handle Delete Port: 7169c893-5f39-48ae-aef7-65ca00d7e5cd
2026-07-17 12:09:19.351 7 INFO neutron_taas.services.taas.tap_mirror_plugin [None req-bdfe4200-6c1f-47ea-9b03-ed6794b640a5 24f538c0293649b3aae70933cc774c96 1b6c3b51ca2b4f96addb615d0a6f6a57 - - default default] Tap Mirror: Handle Delete Port: 7169c893-5f39-48ae-aef7-65ca00d7e5cd [pid: 7|app: 0|req: 1192/2513] 10.0.0.187 () {32 vars in 720 bytes} [Fri Jul 17 12:09:19 2026] DELETE /v2.0/ports/7169c893-5f39-48ae-aef7-65ca00d7e5cd => generated 0 bytes in 266 msecs (HTTP/1.1 204) 3 headers in 131 bytes (1 switches on core 0)
2026-07-17 12:09:19.600 8 INFO neutron.db.ovn_revision_numbers_db [None req-0164f2c8-f725-4dd3-8d9c-68967342686b 0bb407ff44a242e58421dd74bda8f26b b11fdbf739d34bd8892e6f1ddaf62892 - - default default] Successfully bumped revision number for resource fd047de0-c046-4543-abe5-40605e99c065 (type: routers) to 6 [pid: 8|app: 0|req: 1322/2514] 10.0.0.187 () {34 vars in 707 bytes} [Fri Jul 17 12:09:18 2026] POST /v2.0/vpn/ipsec-site-connections => generated 844 bytes in 1617 msecs (HTTP/1.1 201) 4 headers in 162 bytes (1 switches on core 0)
2026-07-17 12:09:19.650 7 INFO neutron_taas.services.taas.taas_plugin [None req-11957fb2-f2f9-430e-bcdb-60ff3572d7a9 24f538c0293649b3aae70933cc774c96 1b6c3b51ca2b4f96addb615d0a6f6a57 - - default default] TaaS: Handle Delete Port: 84c08051-c3f4-4d1e-80a8-892574838c41
2026-07-17 12:09:19.658 7 INFO neutron_taas.services.taas.tap_mirror_plugin [None req-11957fb2-f2f9-430e-bcdb-60ff3572d7a9 24f538c0293649b3aae70933cc774c96 1b6c3b51ca2b4f96addb615d0a6f6a57 - - default default] Tap Mirror: Handle Delete Port: 84c08051-c3f4-4d1e-80a8-892574838c41 [pid: 7|app: 0|req: 1193/2515] 10.0.0.187 () {32 vars in 720 bytes} [Fri Jul 17 12:09:19 2026] DELETE /v2.0/ports/84c08051-c3f4-4d1e-80a8-892574838c41 => generated 0 bytes in 332 msecs (HTTP/1.1 204) 3 headers in 131 bytes (1 switches on core 0)
2026-07-17 12:09:19.958 7 INFO neutron_taas.services.taas.taas_plugin [None req-cf7a95e7-1ef6-4118-8e1a-3f79399e9ad2 24f538c0293649b3aae70933cc774c96 1b6c3b51ca2b4f96addb615d0a6f6a57 - - default default] TaaS: Handle Delete Port: 6195cdd0-2be5-4a75-83cb-6a1fe487ed9d
2026-07-17 12:09:19.961 7 INFO neutron_taas.services.taas.tap_mirror_plugin [None req-cf7a95e7-1ef6-4118-8e1a-3f79399e9ad2 24f538c0293649b3aae70933cc774c96 1b6c3b51ca2b4f96addb615d0a6f6a57 - - default default] Tap Mirror: Handle Delete Port: 6195cdd0-2be5-4a75-83cb-6a1fe487ed9d [pid: 7|app: 0|req: 1194/2516] 10.0.0.187 () {32 vars in 720 bytes} [Fri Jul 17 12:09:19 2026] DELETE /v2.0/ports/6195cdd0-2be5-4a75-83cb-6a1fe487ed9d => generated 0 bytes in 272 msecs (HTTP/1.1 204) 3 headers in 131 bytes (1 switches on core 0)
2026-07-17 12:09:20.228 7 INFO neutron_taas.services.taas.taas_plugin [None req-d0b92f1e-e699-4765-8cdd-e5f27d40463b 24f538c0293649b3aae70933cc774c96 1b6c3b51ca2b4f96addb615d0a6f6a57 - - default default] TaaS: Handle Delete Port: 11ae96fd-0e67-413a-86b0-9da5b16ff5f4
2026-07-17 12:09:20.232 7 INFO neutron_taas.services.taas.tap_mirror_plugin [None req-d0b92f1e-e699-4765-8cdd-e5f27d40463b 24f538c0293649b3aae70933cc774c96 1b6c3b51ca2b4f96addb615d0a6f6a57 - - default default] Tap Mirror: Handle Delete Port: 11ae96fd-0e67-413a-86b0-9da5b16ff5f4
2026-07-17 12:09:20.425 8 INFO neutron.db.ovn_revision_numbers_db [None req-323b0d19-16af-4dcb-956d-2c648803486c 0bb407ff44a242e58421dd74bda8f26b b11fdbf739d34bd8892e6f1ddaf62892 - - default default] Successfully bumped revision number for resource fd047de0-c046-4543-abe5-40605e99c065 (type: routers) to 7 [pid: 8|app: 0|req: 1323/2517] 10.0.0.187 () {32 vars in 762 bytes} [Fri Jul 17 12:09:19 2026] DELETE /v2.0/vpn/ipsec-site-connections/3cebf1d0-6340-43c8-8777-50e5e4965d74 => generated 0 bytes in 799 msecs (HTTP/1.1 204) 2 headers in 112 bytes (1 switches on core 0)
2026-07-17 12:09:20.464 7 INFO neutron.services.segments.plugin [-] Segment 7239a756-1d9d-43f7-a8a4-df11887959ea resource provider aggregate not found
2026-07-17 12:09:20.469 7 INFO neutron.services.segments.plugin [-] Segment 7239a756-1d9d-43f7-a8a4-df11887959ea resource provider aggregate not found [pid: 8|app: 0|req: 1324/2518] 10.0.0.121 () {34 vars in 990 bytes} [Fri Jul 17 12:09:20 2026] GET /v2.0/ports?device_id=1ffa49c3-eda6-4c97-80c6-57be1315a9e0 => generated 973 bytes in 33 msecs (HTTP/1.1 200) 4 headers in 157 bytes (1 switches on core 0)
2026-07-17 12:09:20.487 7 INFO neutron.services.segments.plugin [-] Segment 7239a756-1d9d-43f7-a8a4-df11887959ea resource provider not found; error: Placement Client Error (4xx): {"errors": [{"status": 404, "title": "Not Found", "detail": "The resource could not be found.\n\n No resource provider with uuid 7239a756-1d9d-43f7-a8a4-df11887959ea found for delete ", "request_id": "req-2fc7ef67-85d6-455e-8fc3-a5543eba8780"}]}
2026-07-17 12:09:20.487 7 INFO neutron.services.segments.plugin [-] Segment 7239a756-1d9d-43f7-a8a4-df11887959ea resource provider not found; error: Placement Client Error (4xx): {"errors": [{"status": 404, "title": "Not Found", "detail": "The resource could not be found.\n\n No resource provider with uuid 7239a756-1d9d-43f7-a8a4-df11887959ea found for delete ", "request_id": "req-b0e8b405-bde5-4665-a40c-7317228d41ed"}]} [pid: 8|app: 0|req: 1325/2519] 10.0.0.187 () {32 vars in 685 bytes} [Fri Jul 17 12:09:20 2026] GET /v2.0/vpn/ipsec-site-connections => generated 796 bytes in 14 msecs (HTTP/1.1 200) 4 headers in 157 bytes (1 switches on core 0) [pid: 8|app: 0|req: 1326/2520] 10.0.0.121 () {34 vars in 1040 bytes} [Fri Jul 17 12:09:20 2026] GET /v2.0/security-groups?id=efad249c-21dd-4fed-8353-d185d1ded981&fields=id&fields=name => generated 88 bytes in 45 msecs (HTTP/1.1 200) 4 headers in 156 bytes (1 switches on core 0)
2026-07-17 12:09:20.557 8 INFO neutron.api.v2.resource [None req-b9a391b9-3fbf-4292-90e8-bbe4ab381360 0bb407ff44a242e58421dd74bda8f26b b11fdbf739d34bd8892e6f1ddaf62892 - - default default] delete failed (client error): The resource could not be found. [pid: 8|app: 0|req: 1327/2521] 10.0.0.187 () {32 vars in 762 bytes} [Fri Jul 17 12:09:20 2026] DELETE /v2.0/vpn/ipsec-site-connections/3cebf1d0-6340-43c8-8777-50e5e4965d74 => generated 154 bytes in 17 msecs (HTTP/1.1 404) 4 headers in 164 bytes (1 switches on core 0) [pid: 7|app: 0|req: 1195/2522] 10.0.0.187 () {32 vars in 726 bytes} [Fri Jul 17 12:09:20 2026] DELETE /v2.0/networks/3b2e2362-9a63-4cee-9ed2-52656b01b089 => generated 0 bytes in 444 msecs (HTTP/1.1 204) 3 headers in 131 bytes (1 switches on core 0) [pid: 8|app: 0|req: 1328/2523] 10.0.0.187 () {32 vars in 671 bytes} [Fri Jul 17 12:09:20 2026] GET /v2.0/vpn/endpoint-groups => generated 1188 bytes in 12 msecs (HTTP/1.1 200) 4 headers in 158 bytes (1 switches on core 0) [pid: 8|app: 0|req: 1329/2524] 10.0.0.187 () {32 vars in 748 bytes} [Fri Jul 17 12:09:20 2026] DELETE /v2.0/vpn/endpoint-groups/0af7a6b9-471b-4e3e-9780-7d22ace13b22 => generated 0 bytes in 24 msecs (HTTP/1.1 204) 2 headers in 112 bytes (1 switches on core 0) [pid: 8|app: 0|req: 1330/2525] 10.0.0.187 () {32 vars in 671 bytes} [Fri Jul 17 12:09:20 2026] GET /v2.0/vpn/endpoint-groups => generated 904 bytes in 14 msecs (HTTP/1.1 200) 4 headers in 157 bytes (1 switches on core 0) [pid: 8|app: 0|req: 1331/2526] 10.0.0.187 () {32 vars in 671 bytes} [Fri Jul 17 12:09:20 2026] GET /v2.0/vpn/endpoint-groups => generated 904 bytes in 22 msecs (HTTP/1.1 200) 4 headers in 157 bytes (1 switches on core 0) [pid: 8|app: 0|req: 1332/2527] 10.0.0.187 () {32 vars in 748 bytes} [Fri Jul 17 12:09:20 2026] DELETE /v2.0/vpn/endpoint-groups/05f4db57-88f8-4205-b72b-f52170bca5c8 => generated 0 bytes in 34 msecs (HTTP/1.1 204) 2 headers in 112 bytes (1 switches on core 0)
2026-07-17 12:09:20.702 7 INFO neutron_taas.services.taas.taas_plugin [None req-89385902-f7c3-497f-9943-6f321011089c 24f538c0293649b3aae70933cc774c96 1b6c3b51ca2b4f96addb615d0a6f6a57 - - default default] TaaS: Handle Delete Port: 8615c3ad-ab8e-4b47-8659-d9c49f3d7aac
2026-07-17 12:09:20.706 7 INFO neutron_taas.services.taas.tap_mirror_plugin [None req-89385902-f7c3-497f-9943-6f321011089c 24f538c0293649b3aae70933cc774c96 1b6c3b51ca2b4f96addb615d0a6f6a57 - - default default] Tap Mirror: Handle Delete Port: 8615c3ad-ab8e-4b47-8659-d9c49f3d7aac [pid: 8|app: 0|req: 1333/2528] 10.0.0.187 () {32 vars in 671 bytes} [Fri Jul 17 12:09:20 2026] GET /v2.0/vpn/endpoint-groups => generated 633 bytes in 15 msecs (HTTP/1.1 200) 4 headers in 157 bytes (1 switches on core 0)
2026-07-17 12:09:20.959 7 WARNING neutron.plugins.ml2.drivers.ovn.mech_driver.ovsdb.ovn_client [None req-02b520ac-a63e-4e3c-92d0-bb20108f79bd - - - - - -] No hosting information found for port b355899e-2446-4b58-b24b-7e7f35497bed: RuntimeError: No hosting information found for port b355899e-2446-4b58-b24b-7e7f35497bed
2026-07-17 12:09:20.960 7 INFO neutron.plugins.ml2.drivers.ovn.mech_driver.mech_driver [None req-02b520ac-a63e-4e3c-92d0-bb20108f79bd - - - - - -] OVN reports status down for port: 6a1756d9-ab4d-4c65-94c9-14780105305b [pid: 7|app: 0|req: 1196/2529] 10.0.0.187 () {32 vars in 726 bytes} [Fri Jul 17 12:09:20 2026] DELETE /v2.0/networks/1984796f-1523-4000-82ca-edcb7af922ca => generated 0 bytes in 441 msecs (HTTP/1.1 204) 3 headers in 131 bytes (1 switches on core 0)
2026-07-17 12:09:21.056 7 WARNING neutron.plugins.ml2.drivers.ovn.mech_driver.ovsdb.ovn_client [None req-02b520ac-a63e-4e3c-92d0-bb20108f79bd - - - - - -] Logical_Switch_Port %s host information not removed, the port state is up
2026-07-17 12:09:21.056 7 INFO neutron.plugins.ml2.drivers.ovn.mech_driver.mech_driver [None req-02b520ac-a63e-4e3c-92d0-bb20108f79bd - - - - - -] OVN reports status up for port: 0b6150b8-1903-4b17-8ceb-c6ec77e856df
2026-07-17 12:09:21.072 7 INFO neutron.plugins.ml2.plugin [None req-02b520ac-a63e-4e3c-92d0-bb20108f79bd - - - - - -] Attempt 1 to provision port 0b6150b8-1903-4b17-8ceb-c6ec77e856df
2026-07-17 12:09:21.238 7 INFO neutron_taas.services.taas.taas_plugin [None req-9fdba413-51de-43b7-959e-213a449069c9 24f538c0293649b3aae70933cc774c96 1b6c3b51ca2b4f96addb615d0a6f6a57 - - default default] TaaS: Handle Delete Port: 28fa4830-1050-49e7-b14c-d4c07f77aa39
2026-07-17 12:09:21.244 7 INFO neutron_taas.services.taas.tap_mirror_plugin [None req-9fdba413-51de-43b7-959e-213a449069c9 24f538c0293649b3aae70933cc774c96 1b6c3b51ca2b4f96addb615d0a6f6a57 - - default default] Tap Mirror: Handle Delete Port: 28fa4830-1050-49e7-b14c-d4c07f77aa39
2026-07-17 12:09:21.472 8 INFO neutron.db.ovn_revision_numbers_db [None req-0f0a2ea5-4669-49ee-99b5-a539af4b50cb 0bb407ff44a242e58421dd74bda8f26b b11fdbf739d34bd8892e6f1ddaf62892 - - default default] Successfully bumped revision number for resource fd047de0-c046-4543-abe5-40605e99c065 (type: routers) to 8 [pid: 8|app: 0|req: 1334/2530] 10.0.0.187 () {34 vars in 707 bytes} [Fri Jul 17 12:09:20 2026] POST /v2.0/vpn/ipsec-site-connections => generated 804 bytes in 806 msecs (HTTP/1.1 201) 4 headers in 162 bytes (1 switches on core 0)
2026-07-17 12:09:21.569 7 INFO neutron.db.ovn_revision_numbers_db [None req-02b520ac-a63e-4e3c-92d0-bb20108f79bd - - - - - -] Successfully bumped revision number for resource 0b6150b8-1903-4b17-8ceb-c6ec77e856df (type: ports) to 4 [pid: 7|app: 0|req: 1197/2531] 10.0.0.187 () {32 vars in 726 bytes} [Fri Jul 17 12:09:21 2026] DELETE /v2.0/networks/a5a47cbc-2129-479f-be35-0a133fd5ad64 => generated 0 bytes in 755 msecs (HTTP/1.1 204) 3 headers in 131 bytes (1 switches on core 0)
2026-07-17 12:09:21.835 7 INFO neutron.plugins.ml2.drivers.ovn.mech_driver.mech_driver [None req-e72191fb-eaa8-4aea-ac4c-ded2c8ca3ee0 - - - - - -] OVN reports status up for port: 6a1756d9-ab4d-4c65-94c9-14780105305b [pid: 7|app: 0|req: 1198/2532] 10.0.0.121 () {34 vars in 990 bytes} [Fri Jul 17 12:09:21 2026] GET /v2.0/ports?device_id=1ffa49c3-eda6-4c97-80c6-57be1315a9e0 => generated 973 bytes in 75 msecs (HTTP/1.1 200) 4 headers in 157 bytes (1 switches on core 0)
2026-07-17 12:09:21.868 7 INFO neutron.plugins.ml2.plugin [None req-e72191fb-eaa8-4aea-ac4c-ded2c8ca3ee0 - - - - - -] Attempt 1 to provision port 6a1756d9-ab4d-4c65-94c9-14780105305b
2026-07-17 12:09:22.114 7 INFO neutron_taas.services.taas.taas_plugin [None req-e870ede9-0eaa-4e42-b942-e053d64f94d2 24f538c0293649b3aae70933cc774c96 1b6c3b51ca2b4f96addb615d0a6f6a57 - - default default] TaaS: Handle Delete Port: afea68f9-40cd-4340-ab4d-2fa812012674
2026-07-17 12:09:22.125 7 INFO neutron_taas.services.taas.tap_mirror_plugin [None req-e870ede9-0eaa-4e42-b942-e053d64f94d2 24f538c0293649b3aae70933cc774c96 1b6c3b51ca2b4f96addb615d0a6f6a57 - - default default] Tap Mirror: Handle Delete Port: afea68f9-40cd-4340-ab4d-2fa812012674
2026-07-17 12:09:22.184 8 INFO neutron.db.ovn_revision_numbers_db [None req-de7b9a13-431a-4db9-b809-d81803ca54dd 0bb407ff44a242e58421dd74bda8f26b b11fdbf739d34bd8892e6f1ddaf62892 - - default default] Successfully bumped revision number for resource fd047de0-c046-4543-abe5-40605e99c065 (type: routers) to 9 [pid: 8|app: 0|req: 1335/2533] 10.0.0.187 () {32 vars in 762 bytes} [Fri Jul 17 12:09:21 2026] DELETE /v2.0/vpn/ipsec-site-connections/d14ce83a-9d0c-43eb-9678-ca100a443c1a => generated 0 bytes in 692 msecs (HTTP/1.1 204) 2 headers in 112 bytes (1 switches on core 0) [pid: 8|app: 0|req: 1336/2534] 10.0.0.121 () {34 vars in 1040 bytes} [Fri Jul 17 12:09:22 2026] GET /v2.0/security-groups?id=efad249c-21dd-4fed-8353-d185d1ded981&fields=id&fields=name => generated 88 bytes in 55 msecs (HTTP/1.1 200) 4 headers in 156 bytes (1 switches on core 0) [pid: 8|app: 0|req: 1337/2535] 10.0.0.187 () {32 vars in 685 bytes} [Fri Jul 17 12:09:22 2026] GET /v2.0/vpn/ipsec-site-connections => generated 796 bytes in 9 msecs (HTTP/1.1 200) 4 headers in 157 bytes (1 switches on core 0)
2026-07-17 12:09:22.303 8 INFO neutron.api.v2.resource [None req-6a9b10f0-92dc-440e-8f58-23b61437d062 0bb407ff44a242e58421dd74bda8f26b b11fdbf739d34bd8892e6f1ddaf62892 - - default default] delete failed (client error): The resource could not be found. [pid: 8|app: 0|req: 1338/2536] 10.0.0.187 () {32 vars in 762 bytes} [Fri Jul 17 12:09:22 2026] DELETE /v2.0/vpn/ipsec-site-connections/d14ce83a-9d0c-43eb-9678-ca100a443c1a => generated 154 bytes in 11 msecs (HTTP/1.1 404) 4 headers in 164 bytes (1 switches on core 0) [pid: 8|app: 0|req: 1339/2537] 10.0.0.187 () {34 vars in 693 bytes} [Fri Jul 17 12:09:22 2026] POST /v2.0/vpn/endpoint-groups => generated 290 bytes in 69 msecs (HTTP/1.1 201) 4 headers in 162 bytes (1 switches on core 0) [pid: 8|app: 0|req: 1340/2538] 10.0.0.187 () {30 vars in 702 bytes} [Fri Jul 17 12:09:22 2026] PUT /v2.0/vpn/endpoint-groups/57336d60-68e5-4bbc-9d34-efb588ee2eaf => generated 290 bytes in 19 msecs (HTTP/1.1 200) 4 headers in 157 bytes (1 switches on core 0) [pid: 8|app: 0|req: 1341/2539] 10.0.0.187 () {32 vars in 745 bytes} [Fri Jul 17 12:09:22 2026] GET /v2.0/vpn/endpoint-groups/57336d60-68e5-4bbc-9d34-efb588ee2eaf => generated 290 bytes in 9 msecs (HTTP/1.1 200) 4 headers in 157 bytes (1 switches on core 0) [pid: 8|app: 0|req: 1342/2540] 10.0.0.187 () {32 vars in 748 bytes} [Fri Jul 17 12:09:22 2026] DELETE /v2.0/vpn/endpoint-groups/57336d60-68e5-4bbc-9d34-efb588ee2eaf => generated 0 bytes in 25 msecs (HTTP/1.1 204) 2 headers in 112 bytes (1 switches on core 0) [pid: 8|app: 0|req: 1343/2541] 10.0.0.187 () {32 vars in 671 bytes} [Fri Jul 17 12:09:22 2026] GET /v2.0/vpn/endpoint-groups => generated 633 bytes in 10 msecs (HTTP/1.1 200) 4 headers in 157 bytes (1 switches on core 0) [pid: 8|app: 0|req: 1344/2542] 10.0.0.187 () {32 vars in 671 bytes} [Fri Jul 17 12:09:22 2026] GET /v2.0/vpn/endpoint-groups => generated 633 bytes in 14 msecs (HTTP/1.1 200) 4 headers in 157 bytes (1 switches on core 0)
2026-07-17 12:09:22.510 7 INFO neutron.services.segments.plugin [-] Segment 3c47208c-4746-48e2-8981-f0bf8f460212 resource provider aggregate not found [pid: 8|app: 0|req: 1345/2543] 10.0.0.187 () {34 vars in 685 bytes} [Fri Jul 17 12:09:22 2026] POST /v2.0/vpn/ikepolicies => generated 403 bytes in 36 msecs (HTTP/1.1 201) 4 headers in 162 bytes (1 switches on core 0)
2026-07-17 12:09:22.531 7 INFO neutron.services.segments.plugin [-] Segment 3c47208c-4746-48e2-8981-f0bf8f460212 resource provider aggregate not found
2026-07-17 12:09:22.538 7 INFO neutron.services.segments.plugin [-] Segment 3c47208c-4746-48e2-8981-f0bf8f460212 resource provider not found; error: Placement Client Error (4xx): {"errors": [{"status": 404, "title": "Not Found", "detail": "The resource could not be found.\n\n No resource provider with uuid 3c47208c-4746-48e2-8981-f0bf8f460212 found for delete ", "request_id": "req-a5d7c1e1-561b-4470-9af8-42bdc6a7a1a4"}]}
2026-07-17 12:09:22.561 7 INFO neutron.services.segments.plugin [-] Segment 3c47208c-4746-48e2-8981-f0bf8f460212 resource provider not found; error: Placement Client Error (4xx): {"errors": [{"status": 404, "title": "Not Found", "detail": "The resource could not be found.\n\n No resource provider with uuid 3c47208c-4746-48e2-8981-f0bf8f460212 found for delete ", "request_id": "req-f468c7a3-cd81-47fc-bf08-2a320762741b"}]}
2026-07-17 12:09:22.567 7 INFO neutron.services.segments.plugin [-] Segment e9ae05af-b4d1-4e31-a040-1c606dc24c8d resource provider aggregate not found
2026-07-17 12:09:22.584 7 INFO neutron.services.segments.plugin [-] Segment e9ae05af-b4d1-4e31-a040-1c606dc24c8d resource provider not found; error: Placement Client Error (4xx): {"errors": [{"status": 404, "title": "Not Found", "detail": "The resource could not be found.\n\n No resource provider with uuid e9ae05af-b4d1-4e31-a040-1c606dc24c8d found for delete ", "request_id": "req-d155ebe6-0b48-45c7-bd21-eada8ce892b0"}]} [pid: 8|app: 0|req: 1346/2544] 10.0.0.187 () {30 vars in 695 bytes} [Fri Jul 17 12:09:22 2026] PUT /v2.0/vpn/ikepolicies/89eef45c-d9f3-480f-bbbc-9c49ffed907f => generated 419 bytes in 63 msecs (HTTP/1.1 200) 4 headers in 157 bytes (1 switches on core 0) [pid: 8|app: 0|req: 1347/2545] 10.0.0.187 () {32 vars in 737 bytes} [Fri Jul 17 12:09:22 2026] GET /v2.0/vpn/ikepolicies/89eef45c-d9f3-480f-bbbc-9c49ffed907f => generated 419 bytes in 13 msecs (HTTP/1.1 200) 4 headers in 157 bytes (1 switches on core 0)
2026-07-17 12:09:22.607 7 INFO neutron.services.segments.plugin [-] Segment e9ae05af-b4d1-4e31-a040-1c606dc24c8d resource provider aggregate not found [pid: 8|app: 0|req: 1348/2546] 10.0.0.187 () {32 vars in 740 bytes} [Fri Jul 17 12:09:22 2026] DELETE /v2.0/vpn/ikepolicies/89eef45c-d9f3-480f-bbbc-9c49ffed907f => generated 0 bytes in 30 msecs (HTTP/1.1 204) 2 headers in 112 bytes (1 switches on core 0)
2026-07-17 12:09:22.647 7 INFO neutron.services.segments.plugin [-] Segment e9ae05af-b4d1-4e31-a040-1c606dc24c8d resource provider not found; error: Placement Client Error (4xx): {"errors": [{"status": 404, "title": "Not Found", "detail": "The resource could not be found.\n\n No resource provider with uuid e9ae05af-b4d1-4e31-a040-1c606dc24c8d found for delete ", "request_id": "req-7547b81f-33c9-4a5d-8798-d458b4dd1373"}]} [pid: 8|app: 0|req: 1349/2547] 10.0.0.187 () {32 vars in 663 bytes} [Fri Jul 17 12:09:22 2026] GET /v2.0/vpn/ikepolicies => generated 408 bytes in 19 msecs (HTTP/1.1 200) 4 headers in 157 bytes (1 switches on core 0) [pid: 8|app: 0|req: 1350/2548] 10.0.0.187 () {32 vars in 663 bytes} [Fri Jul 17 12:09:22 2026] GET /v2.0/vpn/ikepolicies => generated 408 bytes in 11 msecs (HTTP/1.1 200) 4 headers in 157 bytes (1 switches on core 0)
2026-07-17 12:09:22.763 7 INFO neutron.db.ovn_revision_numbers_db [None req-e72191fb-eaa8-4aea-ac4c-ded2c8ca3ee0 - - - - - -] Successfully bumped revision number for resource 6a1756d9-ab4d-4c65-94c9-14780105305b (type: ports) to 2 [pid: 8|app: 0|req: 1351/2549] 10.0.0.187 () {34 vars in 689 bytes} [Fri Jul 17 12:09:22 2026] POST /v2.0/vpn/ipsecpolicies => generated 411 bytes in 86 msecs (HTTP/1.1 201) 4 headers in 162 bytes (1 switches on core 0) [pid: 7|app: 0|req: 1199/2550] 10.0.0.187 () {32 vars in 726 bytes} [Fri Jul 17 12:09:21 2026] DELETE /v2.0/networks/564bdf2c-04e3-4552-b671-09f615751bc6 => generated 0 bytes in 936 msecs (HTTP/1.1 204) 3 headers in 131 bytes (1 switches on core 0) [pid: 8|app: 0|req: 1352/2551] 10.0.0.187 () {30 vars in 699 bytes} [Fri Jul 17 12:09:22 2026] PUT /v2.0/vpn/ipsecpolicies/553794da-ae32-458c-8a7d-909e57407939 => generated 431 bytes in 27 msecs (HTTP/1.1 200) 4 headers in 157 bytes (1 switches on core 0) [pid: 8|app: 0|req: 1353/2552] 10.0.0.187 () {32 vars in 744 bytes} [Fri Jul 17 12:09:22 2026] DELETE /v2.0/vpn/ipsecpolicies/553794da-ae32-458c-8a7d-909e57407939 => generated 0 bytes in 28 msecs (HTTP/1.1 204) 2 headers in 112 bytes (1 switches on core 0)
2026-07-17 12:09:22.858 8 INFO neutron.api.v2.resource [None req-98f16008-90a3-4313-94d2-4ef78d39d4ab 0bb407ff44a242e58421dd74bda8f26b b11fdbf739d34bd8892e6f1ddaf62892 - - default default] delete failed (client error): The resource could not be found. [pid: 8|app: 0|req: 1354/2553] 10.0.0.187 () {32 vars in 744 bytes} [Fri Jul 17 12:09:22 2026] DELETE /v2.0/vpn/ipsecpolicies/553794da-ae32-458c-8a7d-909e57407939 => generated 145 bytes in 11 msecs (HTTP/1.1 404) 4 headers in 164 bytes (1 switches on core 0)
2026-07-17 12:09:22.872 8 INFO neutron.api.v2.resource [None req-a59c5635-2dde-4043-a012-3e62fe522277 0bb407ff44a242e58421dd74bda8f26b b11fdbf739d34bd8892e6f1ddaf62892 - - default default] delete failed (client error): The resource could not be found. [pid: 8|app: 0|req: 1355/2554] 10.0.0.187 () {32 vars in 744 bytes} [Fri Jul 17 12:09:22 2026] DELETE /v2.0/vpn/ipsecpolicies/553794da-ae32-458c-8a7d-909e57407939 => generated 145 bytes in 9 msecs (HTTP/1.1 404) 4 headers in 164 bytes (1 switches on core 0)
2026-07-17 12:09:22.960 7 INFO neutron_taas.services.taas.taas_plugin [None req-c0951639-1002-4f26-89c7-ceb121e33e38 24f538c0293649b3aae70933cc774c96 1b6c3b51ca2b4f96addb615d0a6f6a57 - - default default] TaaS: Handle Delete Port: c92e1161-9995-4d16-bafb-ebf15f71cab1
2026-07-17 12:09:22.962 7 INFO neutron_taas.services.taas.tap_mirror_plugin [None req-c0951639-1002-4f26-89c7-ceb121e33e38 24f538c0293649b3aae70933cc774c96 1b6c3b51ca2b4f96addb615d0a6f6a57 - - default default] Tap Mirror: Handle Delete Port: c92e1161-9995-4d16-bafb-ebf15f71cab1
2026-07-17 12:09:22.970 8 INFO neutron.db.segments_db [None req-8ebbb552-2404-4224-8b5b-26232b837b61 0bb407ff44a242e58421dd74bda8f26b b11fdbf739d34bd8892e6f1ddaf62892 - - default default] Added segment b392b9f6-1d78-439b-b3b9-a8b99634ca51 of type geneve for network 7088160c-97ce-4d39-ba67-b9fc36317967
2026-07-17 12:09:23.128 8 INFO neutron.db.ovn_revision_numbers_db [None req-8ebbb552-2404-4224-8b5b-26232b837b61 0bb407ff44a242e58421dd74bda8f26b b11fdbf739d34bd8892e6f1ddaf62892 - - default default] Successfully bumped revision number for resource 7088160c-97ce-4d39-ba67-b9fc36317967 (type: networks) to 1 [pid: 7|app: 0|req: 1200/2555] 10.0.0.187 () {32 vars in 726 bytes} [Fri Jul 17 12:09:22 2026] DELETE /v2.0/networks/56f4641e-9244-4694-9712-6dae3acc4548 => generated 0 bytes in 453 msecs (HTTP/1.1 204) 3 headers in 131 bytes (1 switches on core 0)
2026-07-17 12:09:23.319 8 WARNING neutron.scheduler.dhcp_agent_scheduler [None req-8ebbb552-2404-4224-8b5b-26232b837b61 0bb407ff44a242e58421dd74bda8f26b b11fdbf739d34bd8892e6f1ddaf62892 - - default default] No more DHCP agents
2026-07-17 12:09:23.323 8 WARNING neutron.api.rpc.agentnotifiers.dhcp_rpc_agent_api [None req-8ebbb552-2404-4224-8b5b-26232b837b61 0bb407ff44a242e58421dd74bda8f26b b11fdbf739d34bd8892e6f1ddaf62892 - - default default] Unable to schedule network 7088160c-97ce-4d39-ba67-b9fc36317967: no agents available; will retry on subsequent port and subnet creation events.
2026-07-17 12:09:23.430 8 INFO neutron.db.ovn_revision_numbers_db [None req-8ebbb552-2404-4224-8b5b-26232b837b61 0bb407ff44a242e58421dd74bda8f26b b11fdbf739d34bd8892e6f1ddaf62892 - - default default] Successfully bumped revision number for resource 87df082d-ba73-4fa4-a3d6-dfb55bad4b3d (type: ports) to 1 [pid: 8|app: 0|req: 1356/2556] 10.0.0.187 () {34 vars in 670 bytes} [Fri Jul 17 12:09:22 2026] POST /v2.0/networks => generated 650 bytes in 573 msecs (HTTP/1.1 201) 4 headers in 162 bytes (1 switches on core 0) [pid: 7|app: 0|req: 1201/2557] 10.0.0.121 () {34 vars in 990 bytes} [Fri Jul 17 12:09:23 2026] GET /v2.0/ports?device_id=1ffa49c3-eda6-4c97-80c6-57be1315a9e0 => generated 973 bytes in 102 msecs (HTTP/1.1 200) 4 headers in 157 bytes (1 switches on core 0) [pid: 7|app: 0|req: 1202/2558] 10.0.0.121 () {34 vars in 1040 bytes} [Fri Jul 17 12:09:23 2026] GET /v2.0/security-groups?id=efad249c-21dd-4fed-8353-d185d1ded981&fields=id&fields=name => generated 88 bytes in 28 msecs (HTTP/1.1 200) 4 headers in 156 bytes (1 switches on core 0)
2026-07-17 12:09:23.639 8 WARNING neutron.scheduler.dhcp_agent_scheduler [None req-50385a78-cbab-4877-a9f2-c62526d78bdf 0bb407ff44a242e58421dd74bda8f26b b11fdbf739d34bd8892e6f1ddaf62892 - - default default] No more DHCP agents
2026-07-17 12:09:23.640 8 WARNING neutron.api.rpc.agentnotifiers.dhcp_rpc_agent_api [None req-50385a78-cbab-4877-a9f2-c62526d78bdf 0bb407ff44a242e58421dd74bda8f26b b11fdbf739d34bd8892e6f1ddaf62892 - - default default] Unable to schedule network 7088160c-97ce-4d39-ba67-b9fc36317967: no agents available; will retry on subsequent port and subnet creation events.
2026-07-17 12:09:24.108 8 INFO neutron.db.ovn_revision_numbers_db [None req-e335bcca-e37d-4337-bfc1-7edb004a1805 - - - - - -] Successfully bumped revision number for resource 87df082d-ba73-4fa4-a3d6-dfb55bad4b3d (type: ports) to 2
2026-07-17 12:09:24.140 8 INFO neutron.db.ovn_revision_numbers_db [None req-e335bcca-e37d-4337-bfc1-7edb004a1805 - - - - - -] Successfully bumped revision number for resource 68fda8cd-0231-4a8c-9633-5f4ccff8b9b5 (type: subnets) to 0 [pid: 8|app: 0|req: 1357/2559] 10.0.0.187 () {34 vars in 669 bytes} [Fri Jul 17 12:09:23 2026] POST /v2.0/subnets => generated 629 bytes in 700 msecs (HTTP/1.1 201) 4 headers in 162 bytes (1 switches on core 0) [pid: 7|app: 0|req: 1203/2560] 10.0.0.187 () {32 vars in 774 bytes} [Fri Jul 17 12:09:24 2026] GET /v2.0/security-groups?tenant_id=1b6c3b51ca2b4f96addb615d0a6f6a57&name=default => generated 2925 bytes in 217 msecs (HTTP/1.1 200) 4 headers in 158 bytes (1 switches on core 0)
2026-07-17 12:09:24.623 7 INFO neutron.services.segments.plugin [-] Segment 19634e8d-21a1-4d2e-a9d6-246c273bd74e resource provider aggregate not found
2026-07-17 12:09:24.643 8 WARNING neutron.scheduler.dhcp_agent_scheduler [None req-48f1633a-6ad5-4bdb-b9aa-696f96af8c11 0bb407ff44a242e58421dd74bda8f26b b11fdbf739d34bd8892e6f1ddaf62892 - - default default] No more DHCP agents
2026-07-17 12:09:24.646 8 WARNING neutron.api.rpc.agentnotifiers.dhcp_rpc_agent_api [None req-48f1633a-6ad5-4bdb-b9aa-696f96af8c11 0bb407ff44a242e58421dd74bda8f26b b11fdbf739d34bd8892e6f1ddaf62892 - - default default] Unable to schedule network 00c31fca-1780-42f5-b8a4-13ed0531af55: no agents available; will retry on subsequent port and subnet creation events.
2026-07-17 12:09:24.646 7 INFO neutron.services.segments.plugin [-] Segment 19634e8d-21a1-4d2e-a9d6-246c273bd74e resource provider not found; error: Placement Client Error (4xx): {"errors": [{"status": 404, "title": "Not Found", "detail": "The resource could not be found.\n\n No resource provider with uuid 19634e8d-21a1-4d2e-a9d6-246c273bd74e found for delete ", "request_id": "req-ecd70749-7732-4547-9de1-4cdf64dee28e"}]}
2026-07-17 12:09:24.672 7 INFO neutron.services.segments.plugin [-] Segment 19634e8d-21a1-4d2e-a9d6-246c273bd74e resource provider aggregate not found
2026-07-17 12:09:24.677 7 INFO neutron.services.segments.plugin [-] Segment 239e7988-d36c-4d9e-99a9-cd18b9c8159a resource provider aggregate not found
2026-07-17 12:09:24.697 7 INFO neutron.services.segments.plugin [-] Segment 239e7988-d36c-4d9e-99a9-cd18b9c8159a resource provider not found; error: Placement Client Error (4xx): {"errors": [{"status": 404, "title": "Not Found", "detail": "The resource could not be found.\n\n No resource provider with uuid 239e7988-d36c-4d9e-99a9-cd18b9c8159a found for delete ", "request_id": "req-430f7025-e193-4130-b590-0a7a5c88bc98"}]}
2026-07-17 12:09:24.718 7 INFO neutron.services.segments.plugin [-] Segment 19634e8d-21a1-4d2e-a9d6-246c273bd74e resource provider not found; error: Placement Client Error (4xx): {"errors": [{"status": 404, "title": "Not Found", "detail": "The resource could not be found.\n\n No resource provider with uuid 19634e8d-21a1-4d2e-a9d6-246c273bd74e found for delete ", "request_id": "req-8f350fe1-12bd-493c-a2f0-6b6a999a97d4"}]}
2026-07-17 12:09:24.733 7 INFO neutron.services.segments.plugin [-] Segment 239e7988-d36c-4d9e-99a9-cd18b9c8159a resource provider aggregate not found
2026-07-17 12:09:24.752 7 INFO neutron.services.segments.plugin [-] Segment 239e7988-d36c-4d9e-99a9-cd18b9c8159a resource provider not found; error: Placement Client Error (4xx): {"errors": [{"status": 404, "title": "Not Found", "detail": "The resource could not be found.\n\n No resource provider with uuid 239e7988-d36c-4d9e-99a9-cd18b9c8159a found for delete ", "request_id": "req-fac689ef-9b63-4245-adf9-5893febb91ad"}]} [pid: 7|app: 0|req: 1204/2561] 10.0.0.187 () {32 vars in 740 bytes} [Fri Jul 17 12:09:24 2026] DELETE /v2.0/security-groups/d6dd371b-f87b-42b1-a628-c81d571c2f7f => generated 0 bytes in 488 msecs (HTTP/1.1 204) 2 headers in 112 bytes (1 switches on core 0) [pid: 7|app: 0|req: 1205/2562] 10.0.0.121 () {34 vars in 990 bytes} [Fri Jul 17 12:09:24 2026] GET /v2.0/ports?device_id=1ffa49c3-eda6-4c97-80c6-57be1315a9e0 => generated 973 bytes in 80 msecs (HTTP/1.1 200) 4 headers in 157 bytes (1 switches on core 0)
2026-07-17 12:09:24.916 8 INFO neutron.db.ovn_revision_numbers_db [None req-48f1633a-6ad5-4bdb-b9aa-696f96af8c11 0bb407ff44a242e58421dd74bda8f26b b11fdbf739d34bd8892e6f1ddaf62892 - - default default] Successfully bumped revision number for resource fbabc694-3780-4cc2-96fb-9cc4671aec7c (type: ports) to 1 [pid: 7|app: 0|req: 1206/2563] 10.0.0.121 () {34 vars in 1040 bytes} [Fri Jul 17 12:09:24 2026] GET /v2.0/security-groups?id=efad249c-21dd-4fed-8353-d185d1ded981&fields=id&fields=name => generated 88 bytes in 47 msecs (HTTP/1.1 200) 4 headers in 156 bytes (1 switches on core 0)
2026-07-17 12:09:25.180 7 INFO neutron.db.ovn_revision_numbers_db [None req-ff79043d-0cdd-4ae2-92ce-dca4bdf93e29 a19ecea9207645fe834cb16d9cad184f 59bea03819ae4d78a5e9eab4db49a026 - - default default] Successfully bumped revision number for resource 2cfe8c8e-0025-4e0c-8897-bab19fcd50c0 (type: security_groups) to 1
2026-07-17 12:09:25.195 7 INFO neutron.db.ovn_revision_numbers_db [None req-ff79043d-0cdd-4ae2-92ce-dca4bdf93e29 a19ecea9207645fe834cb16d9cad184f 59bea03819ae4d78a5e9eab4db49a026 - - default default] Successfully bumped revision number for resource 6bacd41a-b2e8-47a9-ba24-993b74968c9e (type: security_group_rules) to 0
2026-07-17 12:09:25.206 7 INFO neutron.db.ovn_revision_numbers_db [None req-ff79043d-0cdd-4ae2-92ce-dca4bdf93e29 a19ecea9207645fe834cb16d9cad184f 59bea03819ae4d78a5e9eab4db49a026 - - default default] Successfully bumped revision number for resource 8cbe5236-5644-4a4c-91fd-6721bf805209 (type: security_group_rules) to 0
2026-07-17 12:09:25.221 7 INFO neutron.db.ovn_revision_numbers_db [None req-ff79043d-0cdd-4ae2-92ce-dca4bdf93e29 a19ecea9207645fe834cb16d9cad184f 59bea03819ae4d78a5e9eab4db49a026 - - default default] Successfully bumped revision number for resource c57cc793-84e1-4fa8-a2da-41e4aabcb736 (type: security_group_rules) to 0
2026-07-17 12:09:25.239 7 INFO neutron.db.ovn_revision_numbers_db [None req-ff79043d-0cdd-4ae2-92ce-dca4bdf93e29 a19ecea9207645fe834cb16d9cad184f 59bea03819ae4d78a5e9eab4db49a026 - - default default] Successfully bumped revision number for resource faf4d3de-b41e-4ae9-8f54-0f374f1210f8 (type: security_group_rules) to 0 [pid: 7|app: 0|req: 1207/2564] 10.0.0.187 () {32 vars in 774 bytes} [Fri Jul 17 12:09:24 2026] GET /v2.0/security-groups?tenant_id=46ba6382a586474b99fddf07b97e1ca3&name=default => generated 2925 bytes in 353 msecs (HTTP/1.1 200) 4 headers in 158 bytes (1 switches on core 0)
2026-07-17 12:09:25.592 8 INFO neutron.plugins.ml2.drivers.ovn.mech_driver.ovsdb.commands [-] Schedule LRP lrp-fbabc694-3780-4cc2-96fb-9cc4671aec7c on gateway 0c2bd6f5-3c18-4c86-979c-15a6315d7e5c with priority 1 [pid: 7|app: 0|req: 1208/2565] 10.0.0.187 () {32 vars in 740 bytes} [Fri Jul 17 12:09:25 2026] DELETE /v2.0/security-groups/2cfe8c8e-0025-4e0c-8897-bab19fcd50c0 => generated 0 bytes in 294 msecs (HTTP/1.1 204) 2 headers in 112 bytes (1 switches on core 0)
2026-07-17 12:09:25.722 8 INFO neutron.db.ovn_revision_numbers_db [None req-48f1633a-6ad5-4bdb-b9aa-696f96af8c11 0bb407ff44a242e58421dd74bda8f26b b11fdbf739d34bd8892e6f1ddaf62892 - - default default] Successfully bumped revision number for resource fbabc694-3780-4cc2-96fb-9cc4671aec7c (type: router_ports) to 1
2026-07-17 12:09:25.805 8 INFO neutron.db.ovn_revision_numbers_db [None req-48f1633a-6ad5-4bdb-b9aa-696f96af8c11 0bb407ff44a242e58421dd74bda8f26b b11fdbf739d34bd8892e6f1ddaf62892 - - default default] Successfully bumped revision number for resource b8a74a43-e56c-43cb-9ff2-67feb2822beb (type: routers) to 2 [pid: 8|app: 0|req: 1358/2568] 10.0.0.187 () {34 vars in 669 bytes} [Fri Jul 17 12:09:24 2026] POST /v2.0/routers => generated 936 bytes in 1660 msecs (HTTP/1.1 201) 4 headers in 162 bytes (1 switches on core 0)
2026-07-17 12:09:25.960 7 INFO neutron.db.ovn_revision_numbers_db [None req-d6b9a1bf-927d-46f1-adb2-adf3947fec90 a19ecea9207645fe834cb16d9cad184f 59bea03819ae4d78a5e9eab4db49a026 - - default default] Successfully bumped revision number for resource 861435dd-79f9-44b8-8305-0b394d71e299 (type: security_groups) to 1
2026-07-17 12:09:25.972 7 INFO neutron.db.ovn_revision_numbers_db [None req-d6b9a1bf-927d-46f1-adb2-adf3947fec90 a19ecea9207645fe834cb16d9cad184f 59bea03819ae4d78a5e9eab4db49a026 - - default default] Successfully bumped revision number for resource 186a2dab-9b53-418b-bd9d-07ece03b7738 (type: security_group_rules) to 0
2026-07-17 12:09:25.988 7 INFO neutron.db.ovn_revision_numbers_db [None req-d6b9a1bf-927d-46f1-adb2-adf3947fec90 a19ecea9207645fe834cb16d9cad184f 59bea03819ae4d78a5e9eab4db49a026 - - default default] Successfully bumped revision number for resource 32064b3c-eeaa-4f9d-9d70-5f0d3250cea9 (type: security_group_rules) to 0
2026-07-17 12:09:26.003 7 INFO neutron.db.ovn_revision_numbers_db [None req-d6b9a1bf-927d-46f1-adb2-adf3947fec90 a19ecea9207645fe834cb16d9cad184f 59bea03819ae4d78a5e9eab4db49a026 - - default default] Successfully bumped revision number for resource 3b1709c5-914d-43ac-a7d1-3b3c60571978 (type: security_group_rules) to 0
2026-07-17 12:09:26.017 7 INFO neutron.db.ovn_revision_numbers_db [None req-d6b9a1bf-927d-46f1-adb2-adf3947fec90 a19ecea9207645fe834cb16d9cad184f 59bea03819ae4d78a5e9eab4db49a026 - - default default] Successfully bumped revision number for resource 7e7dba88-d688-4b3e-ac61-baeb946f3706 (type: security_group_rules) to 0 [pid: 7|app: 0|req: 1211/2569] 10.0.0.187 () {32 vars in 774 bytes} [Fri Jul 17 12:09:25 2026] GET /v2.0/security-groups?tenant_id=2dceaa89f2a54064b4160706940bba8c&name=default => generated 2925 bytes in 267 msecs (HTTP/1.1 200) 4 headers in 158 bytes (1 switches on core 0) [pid: 7|app: 0|req: 1212/2570] 10.0.0.121 () {34 vars in 990 bytes} [Fri Jul 17 12:09:26 2026] GET /v2.0/ports?device_id=1ffa49c3-eda6-4c97-80c6-57be1315a9e0 => generated 973 bytes in 38 msecs (HTTP/1.1 200) 4 headers in 157 bytes (1 switches on core 0) [pid: 7|app: 0|req: 1213/2571] 10.0.0.187 () {32 vars in 740 bytes} [Fri Jul 17 12:09:26 2026] DELETE /v2.0/security-groups/861435dd-79f9-44b8-8305-0b394d71e299 => generated 0 bytes in 292 msecs (HTTP/1.1 204) 2 headers in 112 bytes (1 switches on core 0) [pid: 7|app: 0|req: 1214/2572] 10.0.0.121 () {34 vars in 1040 bytes} [Fri Jul 17 12:09:26 2026] GET /v2.0/security-groups?id=efad249c-21dd-4fed-8353-d185d1ded981&fields=id&fields=name => generated 88 bytes in 26 msecs (HTTP/1.1 200) 4 headers in 156 bytes (1 switches on core 0)
2026-07-17 12:09:26.427 8 WARNING neutron.scheduler.dhcp_agent_scheduler [None req-c870a8dc-6bc8-4a2a-b6c9-437de642acb9 0bb407ff44a242e58421dd74bda8f26b b11fdbf739d34bd8892e6f1ddaf62892 - - default default] No more DHCP agents
2026-07-17 12:09:26.429 8 WARNING neutron.api.rpc.agentnotifiers.dhcp_rpc_agent_api [None req-c870a8dc-6bc8-4a2a-b6c9-437de642acb9 0bb407ff44a242e58421dd74bda8f26b b11fdbf739d34bd8892e6f1ddaf62892 - - default default] Unable to schedule network 7088160c-97ce-4d39-ba67-b9fc36317967: no agents available; will retry on subsequent port and subnet creation events.
2026-07-17 12:09:26.622 8 INFO neutron.db.ovn_revision_numbers_db [None req-c870a8dc-6bc8-4a2a-b6c9-437de642acb9 0bb407ff44a242e58421dd74bda8f26b b11fdbf739d34bd8892e6f1ddaf62892 - - default default] Successfully bumped revision number for resource f559f54f-dd44-4d9c-891b-30eaaa69124e (type: ports) to 1
2026-07-17 12:09:27.403 8 WARNING neutron.scheduler.dhcp_agent_scheduler [None req-c870a8dc-6bc8-4a2a-b6c9-437de642acb9 0bb407ff44a242e58421dd74bda8f26b b11fdbf739d34bd8892e6f1ddaf62892 - - default default] No more DHCP agents
2026-07-17 12:09:27.405 8 WARNING neutron.api.rpc.agentnotifiers.dhcp_rpc_agent_api [None req-c870a8dc-6bc8-4a2a-b6c9-437de642acb9 0bb407ff44a242e58421dd74bda8f26b b11fdbf739d34bd8892e6f1ddaf62892 - - default default] Unable to schedule network 7088160c-97ce-4d39-ba67-b9fc36317967: no agents available; will retry on subsequent port and subnet creation events. [pid: 7|app: 0|req: 1215/2573] 10.0.0.121 () {34 vars in 990 bytes} [Fri Jul 17 12:09:27 2026] GET /v2.0/ports?device_id=1ffa49c3-eda6-4c97-80c6-57be1315a9e0 => generated 973 bytes in 33 msecs (HTTP/1.1 200) 4 headers in 157 bytes (1 switches on core 0) [pid: 7|app: 0|req: 1216/2574] 10.0.0.121 () {34 vars in 1040 bytes} [Fri Jul 17 12:09:27 2026] GET /v2.0/security-groups?id=efad249c-21dd-4fed-8353-d185d1ded981&fields=id&fields=name => generated 88 bytes in 28 msecs (HTTP/1.1 200) 4 headers in 156 bytes (1 switches on core 0)
2026-07-17 12:09:27.780 8 INFO neutron.db.ovn_revision_numbers_db [None req-c870a8dc-6bc8-4a2a-b6c9-437de642acb9 0bb407ff44a242e58421dd74bda8f26b b11fdbf739d34bd8892e6f1ddaf62892 - - default default] Successfully bumped revision number for resource f559f54f-dd44-4d9c-891b-30eaaa69124e (type: router_ports) to 1 [pid: 8|app: 0|req: 1359/2575] 10.0.0.187 () {34 vars in 783 bytes} [Fri Jul 17 12:09:25 2026] PUT /v2.0/routers/b8a74a43-e56c-43cb-9ff2-67feb2822beb/add_router_interface => generated 309 bytes in 1957 msecs (HTTP/1.1 200) 4 headers in 157 bytes (1 switches on core 0)
2026-07-17 12:09:27.917 7 WARNING neutron.plugins.ml2.drivers.ovn.mech_driver.ovsdb.ovn_client [None req-4a18499e-cbc9-41e0-a0c5-1ae7ffa6a117 - - - - - -] No hosting information found for port 6a1756d9-ab4d-4c65-94c9-14780105305b: RuntimeError: No hosting information found for port 6a1756d9-ab4d-4c65-94c9-14780105305b
2026-07-17 12:09:27.918 7 INFO neutron.plugins.ml2.drivers.ovn.mech_driver.mech_driver [None req-4a18499e-cbc9-41e0-a0c5-1ae7ffa6a117 - - - - - -] OVN reports status up for port: d1c53956-9b91-4c8b-84ec-9dd5ab3ffb33
2026-07-17 12:09:27.934 7 INFO neutron.plugins.ml2.plugin [None req-4a18499e-cbc9-41e0-a0c5-1ae7ffa6a117 - - - - - -] Attempt 1 to provision port d1c53956-9b91-4c8b-84ec-9dd5ab3ffb33
2026-07-17 12:09:28.400 7 INFO neutron.db.ovn_revision_numbers_db [None req-4a18499e-cbc9-41e0-a0c5-1ae7ffa6a117 - - - - - -] Successfully bumped revision number for resource d1c53956-9b91-4c8b-84ec-9dd5ab3ffb33 (type: ports) to 4 [pid: 8|app: 0|req: 1360/2576] 10.0.0.121 () {34 vars in 990 bytes} [Fri Jul 17 12:09:28 2026] GET /v2.0/ports?device_id=1ffa49c3-eda6-4c97-80c6-57be1315a9e0 => generated 973 bytes in 93 msecs (HTTP/1.1 200) 4 headers in 157 bytes (1 switches on core 0) [pid: 8|app: 0|req: 1361/2577] 10.0.0.121 () {34 vars in 1040 bytes} [Fri Jul 17 12:09:28 2026] GET /v2.0/security-groups?id=efad249c-21dd-4fed-8353-d185d1ded981&fields=id&fields=name => generated 88 bytes in 41 msecs (HTTP/1.1 200) 4 headers in 156 bytes (1 switches on core 0)
2026-07-17 12:09:28.802 7 WARNING neutron.scheduler.dhcp_agent_scheduler [None req-7fc6955c-5749-4eba-aff9-e45d9d4a8952 - - - - - -] No more DHCP agents
2026-07-17 12:09:28.805 7 WARNING neutron.api.rpc.agentnotifiers.dhcp_rpc_agent_api [None req-7fc6955c-5749-4eba-aff9-e45d9d4a8952 - - - - - -] Unable to schedule network 00c31fca-1780-42f5-b8a4-13ed0531af55: no agents available; will retry on subsequent port and subnet creation events.
2026-07-17 12:09:28.823 7 INFO neutron.db.ovn_revision_numbers_db [None req-4c45feaa-710b-45c8-9ded-2638530395ea - - - - - -] Successfully bumped revision number for resource 6a1756d9-ab4d-4c65-94c9-14780105305b (type: router_ports) to 2
2026-07-17 12:09:28.824 7 INFO neutron.plugins.ml2.drivers.ovn.mech_driver.mech_driver [None req-4c45feaa-710b-45c8-9ded-2638530395ea - - - - - -] OVN reports status down for port: e42e10e1-124c-434d-a6d8-ec322dc8ed2b
2026-07-17 12:09:28.839 7 INFO neutron.plugins.ml2.drivers.ovn.mech_driver.mech_driver [None req-4c45feaa-710b-45c8-9ded-2638530395ea - - - - - -] OVN reports status down for port: a20f744d-a2ad-4030-9f2a-4409957f9159
2026-07-17 12:09:28.861 7 INFO neutron.plugins.ml2.drivers.ovn.mech_driver.mech_driver [None req-4c45feaa-710b-45c8-9ded-2638530395ea - - - - - -] OVN reports status down for port: 45224f96-1173-4701-afbc-951c37f78898
2026-07-17 12:09:28.954 7 WARNING neutron.plugins.ml2.drivers.ovn.mech_driver.ovsdb.ovn_client [None req-4c45feaa-710b-45c8-9ded-2638530395ea - - - - - -] Logical_Switch_Port %s host information not removed, the port state is up
2026-07-17 12:09:29.052 7 INFO neutron.notifiers.nova [-] Nova event matching ['req-dbdb4c97-760a-4be9-9ab2-53c066ac1576'] response: {'server_uuid': '1ffa49c3-eda6-4c97-80c6-57be1315a9e0', 'name': 'network-vif-unplugged', 'status': 'completed', 'tag': '45224f96-1173-4701-afbc-951c37f78898', 'code': 200}
2026-07-17 12:09:29.082 7 INFO neutron.plugins.ml2.drivers.ovn.mech_driver.mech_driver [None req-4c45feaa-710b-45c8-9ded-2638530395ea - - - - - -] OVN reports status down for port: b4b8e398-0cb3-4f34-bc02-cb68a77afe9f
2026-07-17 12:09:29.099 7 INFO neutron.plugins.ml2.drivers.ovn.mech_driver.mech_driver [None req-4c45feaa-710b-45c8-9ded-2638530395ea - - - - - -] OVN reports status up for port: b4b8e398-0cb3-4f34-bc02-cb68a77afe9f
2026-07-17 12:09:29.120 7 INFO neutron.db.ovn_revision_numbers_db [None req-7fc6955c-5749-4eba-aff9-e45d9d4a8952 - - - - - -] Successfully bumped revision number for resource 8f3eac14-9e25-4cbb-8d97-f67c1bf0e500 (type: ports) to 1
2026-07-17 12:09:29.129 7 INFO neutron.plugins.ml2.drivers.ovn.mech_driver.mech_driver [None req-4c45feaa-710b-45c8-9ded-2638530395ea - - - - - -] OVN reports status down for port: 5124efc0-a836-465c-8a3a-befc914f3f10
2026-07-17 12:09:29.141 7 INFO neutron.plugins.ml2.drivers.ovn.mech_driver.mech_driver [None req-4c45feaa-710b-45c8-9ded-2638530395ea - - - - - -] OVN reports status down for port: 11ae96fd-0e67-413a-86b0-9da5b16ff5f4
2026-07-17 12:09:29.162 7 INFO neutron.plugins.ml2.drivers.ovn.mech_driver.mech_driver [None req-4c45feaa-710b-45c8-9ded-2638530395ea - - - - - -] OVN reports status down for port: 1034d763-8f0c-4d89-9704-30d8b18852c0
2026-07-17 12:09:29.190 7 INFO neutron.plugins.ml2.drivers.ovn.mech_driver.mech_driver [None req-4c45feaa-710b-45c8-9ded-2638530395ea - - - - - -] OVN reports status down for port: 8615c3ad-ab8e-4b47-8659-d9c49f3d7aac
2026-07-17 12:09:29.214 7 INFO neutron.plugins.ml2.drivers.ovn.mech_driver.mech_driver [None req-4c45feaa-710b-45c8-9ded-2638530395ea - - - - - -] OVN reports status down for port: e8bb32d4-7a4c-4c7f-8778-e90521954560
2026-07-17 12:09:29.231 7 INFO neutron.plugins.ml2.drivers.ovn.mech_driver.mech_driver [None req-4c45feaa-710b-45c8-9ded-2638530395ea - - - - - -] OVN reports status down for port: 28fa4830-1050-49e7-b14c-d4c07f77aa39
2026-07-17 12:09:29.259 7 INFO neutron.plugins.ml2.drivers.ovn.mech_driver.mech_driver [None req-4c45feaa-710b-45c8-9ded-2638530395ea - - - - - -] OVN reports status down for port: 7169c893-5f39-48ae-aef7-65ca00d7e5cd
2026-07-17 12:09:29.280 7 INFO neutron.plugins.ml2.drivers.ovn.mech_driver.mech_driver [None req-4c45feaa-710b-45c8-9ded-2638530395ea - - - - - -] OVN reports status down for port: afea68f9-40cd-4340-ab4d-2fa812012674
2026-07-17 12:09:29.295 7 INFO neutron.plugins.ml2.drivers.ovn.mech_driver.mech_driver [None req-4c45feaa-710b-45c8-9ded-2638530395ea - - - - - -] OVN reports status down for port: 84c08051-c3f4-4d1e-80a8-892574838c41
2026-07-17 12:09:29.307 7 INFO neutron.plugins.ml2.drivers.ovn.mech_driver.mech_driver [None req-4c45feaa-710b-45c8-9ded-2638530395ea - - - - - -] OVN reports status up for port: 45224f96-1173-4701-afbc-951c37f78898
2026-07-17 12:09:29.320 7 INFO neutron.plugins.ml2.plugin [None req-4c45feaa-710b-45c8-9ded-2638530395ea - - - - - -] Attempt 1 to provision port 45224f96-1173-4701-afbc-951c37f78898
2026-07-17 12:09:29.587 7 INFO neutron.db.ovn_revision_numbers_db [None req-7fc6955c-5749-4eba-aff9-e45d9d4a8952 - - - - - -] Successfully bumped revision number for resource 8f3eac14-9e25-4cbb-8d97-f67c1bf0e500 (type: ports) to 3
2026-07-17 12:09:29.708 7 INFO neutron.db.segments_db [None req-7fc6955c-5749-4eba-aff9-e45d9d4a8952 - - - - - -] Added segment c88151da-9b6d-4ba4-9634-41e5fa98f505 of type geneve for network 00a3a8c1-3329-4249-b39f-e316a4b60c46
2026-07-17 12:09:29.781 7 INFO neutron.db.ovn_revision_numbers_db [None req-4c45feaa-710b-45c8-9ded-2638530395ea - - - - - -] Successfully bumped revision number for resource 45224f96-1173-4701-afbc-951c37f78898 (type: ports) to 5 [pid: 8|app: 0|req: 1362/2578] 10.0.0.121 () {34 vars in 990 bytes} [Fri Jul 17 12:09:29 2026] GET /v2.0/ports?device_id=1ffa49c3-eda6-4c97-80c6-57be1315a9e0 => generated 975 bytes in 81 msecs (HTTP/1.1 200) 4 headers in 157 bytes (1 switches on core 0)
2026-07-17 12:09:29.981 7 INFO neutron.plugins.ml2.drivers.ovn.mech_driver.mech_driver [None req-328b8fa7-140c-4dd6-8dd4-9a9f061c44a1 - - - - - -] OVN reports status down for port: c92e1161-9995-4d16-bafb-ebf15f71cab1 [pid: 8|app: 0|req: 1363/2579] 10.0.0.121 () {34 vars in 1040 bytes} [Fri Jul 17 12:09:29 2026] GET /v2.0/security-groups?id=efad249c-21dd-4fed-8353-d185d1ded981&fields=id&fields=name => generated 88 bytes in 58 msecs (HTTP/1.1 200) 4 headers in 156 bytes (1 switches on core 0)
2026-07-17 12:09:29.998 7 INFO neutron.db.ovn_revision_numbers_db [None req-f6c160cf-9738-4c8e-87ab-38dcaa328d71 - - - - - -] Successfully bumped revision number for resource 00a3a8c1-3329-4249-b39f-e316a4b60c46 (type: networks) to 1
2026-07-17 12:09:30.002 7 INFO neutron.plugins.ml2.drivers.ovn.mech_driver.mech_driver [None req-328b8fa7-140c-4dd6-8dd4-9a9f061c44a1 - - - - - -] OVN reports status down for port: 6195cdd0-2be5-4a75-83cb-6a1fe487ed9d
2026-07-17 12:09:30.113 7 INFO neutron.plugins.ml2.drivers.ovn.mech_driver.mech_driver [None req-328b8fa7-140c-4dd6-8dd4-9a9f061c44a1 - - - - - -] OVN reports status down for port: 87df082d-ba73-4fa4-a3d6-dfb55bad4b3d
2026-07-17 12:09:30.220 7 INFO neutron.plugins.ml2.drivers.ovn.mech_driver.mech_driver [None req-328b8fa7-140c-4dd6-8dd4-9a9f061c44a1 - - - - - -] OVN reports status down for port: fbabc694-3780-4cc2-96fb-9cc4671aec7c
2026-07-17 12:09:30.243 7 WARNING neutron.scheduler.dhcp_agent_scheduler [None req-f6c160cf-9738-4c8e-87ab-38dcaa328d71 - - - - - -] No more DHCP agents
2026-07-17 12:09:30.245 7 WARNING neutron.api.rpc.agentnotifiers.dhcp_rpc_agent_api [None req-f6c160cf-9738-4c8e-87ab-38dcaa328d71 - - - - - -] Unable to schedule network 00a3a8c1-3329-4249-b39f-e316a4b60c46: no agents available; will retry on subsequent port and subnet creation events.
