2026-07-17 12:06:40.389 8 INFO neutron.db.ovn_revision_numbers_db [None req-1b7be119-c32e-4ab5-b1e8-0ef80d4ae623 6a66c06f40c54e9ea56b4fda464c16fb 9c3c020d40da4155bb81a76046bea15e - - default default] Successfully bumped revision number for resource df8f5f2e-f134-4cfd-9ea8-2b1eed2a7a92 (type: security_group_rules) to 0
2026-07-17 12:06:40.421 7 INFO neutron.db.ovn_revision_numbers_db [None req-67181366-bb91-4fc2-920f-c14053a08442 bf05649c72db4764b8684e3f911157ee 33459e2f3dc84ab2bee0fc175bf94986 - - default default] Successfully bumped revision number for resource a7001626-2d40-44e9-8031-fe9ce8d935a3 (type: ports) to 1 [pid: 7|app: 0|req: 718/1506] 10.0.0.187 () {34 vars in 670 bytes} [Fri Jul 17 12:06:38 2026] POST /v2.0/networks => generated 1284 bytes in 1695 msecs (HTTP/1.1 201) 4 headers in 163 bytes (1 switches on core 0)
2026-07-17 12:06:40.467 8 INFO neutron.db.segments_db [None req-1b7be119-c32e-4ab5-b1e8-0ef80d4ae623 6a66c06f40c54e9ea56b4fda464c16fb 9c3c020d40da4155bb81a76046bea15e - - default default] Added segment ba2718f6-a8c7-447f-bfea-c909f02ef3e2 of type geneve for network 71fd87ab-e863-498e-825d-ed4e0bc9aad7 [pid: 7|app: 0|req: 719/1507] 10.0.0.187 () {32 vars in 649 bytes} [Fri Jul 17 12:06:40 2026] GET /v2.0/networks => generated 1971 bytes in 62 msecs (HTTP/1.1 200) 4 headers in 158 bytes (1 switches on core 0)
2026-07-17 12:06:40.592 8 INFO neutron.db.ovn_revision_numbers_db [None req-1b7be119-c32e-4ab5-b1e8-0ef80d4ae623 6a66c06f40c54e9ea56b4fda464c16fb 9c3c020d40da4155bb81a76046bea15e - - default default] Successfully bumped revision number for resource 71fd87ab-e863-498e-825d-ed4e0bc9aad7 (type: networks) to 1
2026-07-17 12:06:40.698 7 INFO neutron_taas.services.taas.taas_plugin [None req-629fb85f-bb17-4e3b-9789-3f089513a2c9 bf05649c72db4764b8684e3f911157ee 33459e2f3dc84ab2bee0fc175bf94986 - - default default] TaaS: Handle Delete Port: 781b41d0-4d48-4288-b774-c9a02a52ffe3
2026-07-17 12:06:40.701 7 INFO neutron_taas.services.taas.tap_mirror_plugin [None req-629fb85f-bb17-4e3b-9789-3f089513a2c9 bf05649c72db4764b8684e3f911157ee 33459e2f3dc84ab2bee0fc175bf94986 - - default default] Tap Mirror: Handle Delete Port: 781b41d0-4d48-4288-b774-c9a02a52ffe3
2026-07-17 12:06:40.806 8 WARNING neutron.scheduler.dhcp_agent_scheduler [None req-1b7be119-c32e-4ab5-b1e8-0ef80d4ae623 6a66c06f40c54e9ea56b4fda464c16fb 9c3c020d40da4155bb81a76046bea15e - - default default] No more DHCP agents
2026-07-17 12:06:40.810 8 WARNING neutron.api.rpc.agentnotifiers.dhcp_rpc_agent_api [None req-1b7be119-c32e-4ab5-b1e8-0ef80d4ae623 6a66c06f40c54e9ea56b4fda464c16fb 9c3c020d40da4155bb81a76046bea15e - - default default] Unable to schedule network 71fd87ab-e863-498e-825d-ed4e0bc9aad7: no agents available; will retry on subsequent port and subnet creation events.
2026-07-17 12:06:40.944 8 INFO neutron.db.ovn_revision_numbers_db [None req-1b7be119-c32e-4ab5-b1e8-0ef80d4ae623 6a66c06f40c54e9ea56b4fda464c16fb 9c3c020d40da4155bb81a76046bea15e - - default default] Successfully bumped revision number for resource fc3d29e6-a7f0-4375-99ee-3f13ea71dc38 (type: ports) to 1
2026-07-17 12:06:40.959 7 INFO neutron.plugins.ml2.drivers.ovn.mech_driver.mech_driver [None req-afe5b680-6c7e-4d69-9360-cc04c9c3842e - - - - - -] OVN reports status down for port: fc3d29e6-a7f0-4375-99ee-3f13ea71dc38
2026-07-17 12:06:40.961 7 INFO neutron.services.segments.plugin [-] Segment 43d77002-f508-43ca-8834-5590ca64b189 resource provider aggregate not found
2026-07-17 12:06:40.966 7 INFO neutron.services.segments.plugin [-] Segment 43d77002-f508-43ca-8834-5590ca64b189 resource provider aggregate not found [pid: 8|app: 0|req: 789/1508] 10.0.0.187 () {34 vars in 670 bytes} [Fri Jul 17 12:06:39 2026] POST /v2.0/networks => generated 668 bytes in 1093 msecs (HTTP/1.1 201) 4 headers in 162 bytes (1 switches on core 0)
2026-07-17 12:06:40.989 7 INFO neutron.services.segments.plugin [-] Segment 43d77002-f508-43ca-8834-5590ca64b189 resource provider not found; error: Placement Client Error (4xx): {"errors": [{"status": 404, "title": "Not Found", "detail": "The resource could not be found.\n\n No resource provider with uuid 43d77002-f508-43ca-8834-5590ca64b189 found for delete ", "request_id": "req-e9ee1f77-802a-4d77-9258-7e3d00b64c6e"}]}
2026-07-17 12:06:40.990 7 INFO neutron.services.segments.plugin [-] Segment 43d77002-f508-43ca-8834-5590ca64b189 resource provider not found; error: Placement Client Error (4xx): {"errors": [{"status": 404, "title": "Not Found", "detail": "The resource could not be found.\n\n No resource provider with uuid 43d77002-f508-43ca-8834-5590ca64b189 found for delete ", "request_id": "req-41c75c45-6741-40ef-a5d8-3c079f50c59e"}]} [pid: 8|app: 0|req: 792/1511] 10.0.0.100 () {32 vars in 802 bytes} [Fri Jul 17 12:06:40 2026] GET /v2.0/extensions => generated 20541 bytes in 52 msecs (HTTP/1.1 200) 4 headers in 159 bytes (1 switches on core 0) [pid: 7|app: 0|req: 720/1512] 10.0.0.187 () {32 vars in 726 bytes} [Fri Jul 17 12:06:40 2026] DELETE /v2.0/networks/ccd62755-2cce-4dea-aedc-e15782376e3b => generated 0 bytes in 575 msecs (HTTP/1.1 204) 3 headers in 131 bytes (1 switches on core 0)
2026-07-17 12:06:41.247 8 WARNING neutron.scheduler.dhcp_agent_scheduler [None req-0267c81f-e742-46fa-9361-0987b740771f 6a66c06f40c54e9ea56b4fda464c16fb 9c3c020d40da4155bb81a76046bea15e - - default default] No more DHCP agents
2026-07-17 12:06:41.248 8 WARNING neutron.api.rpc.agentnotifiers.dhcp_rpc_agent_api [None req-0267c81f-e742-46fa-9361-0987b740771f 6a66c06f40c54e9ea56b4fda464c16fb 9c3c020d40da4155bb81a76046bea15e - - default default] Unable to schedule network 71fd87ab-e863-498e-825d-ed4e0bc9aad7: no agents available; will retry on subsequent port and subnet creation events.
2026-07-17 12:06:41.270 8 INFO neutron.db.ovn_revision_numbers_db [None req-0267c81f-e742-46fa-9361-0987b740771f 6a66c06f40c54e9ea56b4fda464c16fb 9c3c020d40da4155bb81a76046bea15e - - default default] Successfully bumped revision number for resource 64c3f549-4de2-4735-be92-464bdec959c5 (type: subnets) to 0
2026-07-17 12:06:41.280 7 INFO neutron_taas.services.taas.taas_plugin [None req-b62f49a8-43f4-496d-bdca-4f698d771c5a bf05649c72db4764b8684e3f911157ee 33459e2f3dc84ab2bee0fc175bf94986 - - default default] TaaS: Handle Delete Port: a7001626-2d40-44e9-8031-fe9ce8d935a3
2026-07-17 12:06:41.286 7 INFO neutron_taas.services.taas.tap_mirror_plugin [None req-b62f49a8-43f4-496d-bdca-4f698d771c5a bf05649c72db4764b8684e3f911157ee 33459e2f3dc84ab2bee0fc175bf94986 - - default default] Tap Mirror: Handle Delete Port: a7001626-2d40-44e9-8031-fe9ce8d935a3 [pid: 8|app: 0|req: 793/1513] 10.0.0.187 () {34 vars in 669 bytes} [Fri Jul 17 12:06:41 2026] POST /v2.0/subnets => generated 627 bytes in 263 msecs (HTTP/1.1 201) 4 headers in 162 bytes (1 switches on core 0) [pid: 8|app: 0|req: 794/1514] 10.0.0.100 () {30 vars in 724 bytes} [Fri Jul 17 12:06:41 2026] GET /v2.0/quotas/88d2656185774443bb3cfc85c3f4cd64/details => generated 847 bytes in 100 msecs (HTTP/1.1 200) 4 headers in 157 bytes (1 switches on core 0) [pid: 7|app: 0|req: 721/1515] 10.0.0.187 () {32 vars in 726 bytes} [Fri Jul 17 12:06:41 2026] DELETE /v2.0/networks/110efc67-8ec7-4d65-9d66-d3d44c4c6c79 => generated 0 bytes in 429 msecs (HTTP/1.1 204) 3 headers in 131 bytes (1 switches on core 0) [pid: 7|app: 0|req: 722/1516] 10.0.0.187 () {32 vars in 649 bytes} [Fri Jul 17 12:06:41 2026] GET /v2.0/networks => generated 689 bytes in 48 msecs (HTTP/1.1 200) 4 headers in 157 bytes (1 switches on core 0)
2026-07-17 12:06:41.786 7 INFO neutron.db.segments_db [None req-e1d05976-77ac-4095-9d37-55def9f3d5df bf05649c72db4764b8684e3f911157ee 33459e2f3dc84ab2bee0fc175bf94986 - - default default] Added segment 8c068beb-48ae-45d9-bd88-d0cbfb922613 of type geneve for network 11b1a83c-2315-431f-814d-d6cb22a95c0d
2026-07-17 12:06:41.831 8 WARNING neutron.scheduler.dhcp_agent_scheduler [None req-748c9331-963a-4d08-93b1-ce401183becc 6a66c06f40c54e9ea56b4fda464c16fb 9c3c020d40da4155bb81a76046bea15e - - default default] No more DHCP agents
2026-07-17 12:06:41.832 8 WARNING neutron.api.rpc.agentnotifiers.dhcp_rpc_agent_api [None req-748c9331-963a-4d08-93b1-ce401183becc 6a66c06f40c54e9ea56b4fda464c16fb 9c3c020d40da4155bb81a76046bea15e - - default default] Unable to schedule network 00c31fca-1780-42f5-b8a4-13ed0531af55: no agents available; will retry on subsequent port and subnet creation events.
2026-07-17 12:06:41.935 7 INFO neutron.db.ovn_revision_numbers_db [None req-e1d05976-77ac-4095-9d37-55def9f3d5df bf05649c72db4764b8684e3f911157ee 33459e2f3dc84ab2bee0fc175bf94986 - - default default] Successfully bumped revision number for resource 11b1a83c-2315-431f-814d-d6cb22a95c0d (type: networks) to 1
2026-07-17 12:06:42.020 8 INFO neutron.db.ovn_revision_numbers_db [None req-748c9331-963a-4d08-93b1-ce401183becc 6a66c06f40c54e9ea56b4fda464c16fb 9c3c020d40da4155bb81a76046bea15e - - default default] Successfully bumped revision number for resource 640ab765-3e77-4bde-acf7-ebcf9e5e9bdc (type: ports) to 1
2026-07-17 12:06:42.021 7 INFO neutron.plugins.ml2.drivers.ovn.mech_driver.mech_driver [None req-afe5b680-6c7e-4d69-9360-cc04c9c3842e - - - - - -] OVN reports status down for port: 640ab765-3e77-4bde-acf7-ebcf9e5e9bdc
2026-07-17 12:06:42.189 7 WARNING neutron.scheduler.dhcp_agent_scheduler [None req-e1d05976-77ac-4095-9d37-55def9f3d5df bf05649c72db4764b8684e3f911157ee 33459e2f3dc84ab2bee0fc175bf94986 - - default default] No more DHCP agents
2026-07-17 12:06:42.190 7 WARNING neutron.api.rpc.agentnotifiers.dhcp_rpc_agent_api [None req-e1d05976-77ac-4095-9d37-55def9f3d5df bf05649c72db4764b8684e3f911157ee 33459e2f3dc84ab2bee0fc175bf94986 - - default default] Unable to schedule network 11b1a83c-2315-431f-814d-d6cb22a95c0d: no agents available; will retry on subsequent port and subnet creation events.
2026-07-17 12:06:42.262 7 INFO neutron.plugins.ml2.drivers.ovn.mech_driver.mech_driver [None req-afe5b680-6c7e-4d69-9360-cc04c9c3842e - - - - - -] OVN reports status down for port: 759a9dda-131b-42c7-a408-3704172d933b
2026-07-17 12:06:42.340 7 INFO neutron.db.ovn_revision_numbers_db [None req-e1d05976-77ac-4095-9d37-55def9f3d5df bf05649c72db4764b8684e3f911157ee 33459e2f3dc84ab2bee0fc175bf94986 - - default default] Successfully bumped revision number for resource 759a9dda-131b-42c7-a408-3704172d933b (type: ports) to 1 [pid: 7|app: 0|req: 723/1517] 10.0.0.187 () {34 vars in 670 bytes} [Fri Jul 17 12:06:41 2026] POST /v2.0/networks => generated 672 bytes in 776 msecs (HTTP/1.1 201) 4 headers in 162 bytes (1 switches on core 0)
2026-07-17 12:06:42.484 7 INFO neutron.db.segments_db [None req-b3bb9516-ac87-472d-aaec-b5333c673ace bf05649c72db4764b8684e3f911157ee 33459e2f3dc84ab2bee0fc175bf94986 - - default default] Added segment eed1b035-73ad-4bb3-b956-d51b2ba0abd9 of type geneve for network 4999714d-919a-4780-82bf-f6d31db1b74c
2026-07-17 12:06:42.602 7 INFO neutron.db.ovn_revision_numbers_db [None req-b3bb9516-ac87-472d-aaec-b5333c673ace bf05649c72db4764b8684e3f911157ee 33459e2f3dc84ab2bee0fc175bf94986 - - default default] Successfully bumped revision number for resource 4999714d-919a-4780-82bf-f6d31db1b74c (type: networks) to 1
2026-07-17 12:06:42.775 7 WARNING neutron.scheduler.dhcp_agent_scheduler [None req-b3bb9516-ac87-472d-aaec-b5333c673ace bf05649c72db4764b8684e3f911157ee 33459e2f3dc84ab2bee0fc175bf94986 - - default default] No more DHCP agents
2026-07-17 12:06:42.776 7 WARNING neutron.api.rpc.agentnotifiers.dhcp_rpc_agent_api [None req-b3bb9516-ac87-472d-aaec-b5333c673ace bf05649c72db4764b8684e3f911157ee 33459e2f3dc84ab2bee0fc175bf94986 - - default default] Unable to schedule network 4999714d-919a-4780-82bf-f6d31db1b74c: no agents available; will retry on subsequent port and subnet creation events.
2026-07-17 12:06:42.848 7 INFO neutron.plugins.ml2.drivers.ovn.mech_driver.mech_driver [None req-afe5b680-6c7e-4d69-9360-cc04c9c3842e - - - - - -] OVN reports status down for port: 9fc66ca5-30b4-4bc3-9a28-d03435dbbac0
2026-07-17 12:06:42.901 7 INFO neutron.db.ovn_revision_numbers_db [None req-b3bb9516-ac87-472d-aaec-b5333c673ace bf05649c72db4764b8684e3f911157ee 33459e2f3dc84ab2bee0fc175bf94986 - - default default] Successfully bumped revision number for resource 9fc66ca5-30b4-4bc3-9a28-d03435dbbac0 (type: ports) to 1 [pid: 7|app: 0|req: 724/1518] 10.0.0.187 () {34 vars in 670 bytes} [Fri Jul 17 12:06:42 2026] POST /v2.0/networks => generated 673 bytes in 534 msecs (HTTP/1.1 201) 4 headers in 162 bytes (1 switches on core 0)
2026-07-17 12:06:43.008 7 INFO neutron.services.segments.plugin [-] Segment 2109b282-a0ac-4271-9855-58870f4cd6aa resource provider aggregate not found
2026-07-17 12:06:43.014 7 INFO neutron.services.segments.plugin [-] Segment 2109b282-a0ac-4271-9855-58870f4cd6aa resource provider aggregate not found
2026-07-17 12:06:43.022 7 INFO neutron.services.segments.plugin [-] Segment 2109b282-a0ac-4271-9855-58870f4cd6aa resource provider not found; error: Placement Client Error (4xx): {"errors": [{"status": 404, "title": "Not Found", "detail": "The resource could not be found.\n\n No resource provider with uuid 2109b282-a0ac-4271-9855-58870f4cd6aa found for delete ", "request_id": "req-996981da-e5d8-4ea8-8eb0-b58ccba1a1a2"}]}
2026-07-17 12:06:43.038 7 INFO neutron.services.segments.plugin [-] Segment 2109b282-a0ac-4271-9855-58870f4cd6aa resource provider not found; error: Placement Client Error (4xx): {"errors": [{"status": 404, "title": "Not Found", "detail": "The resource could not be found.\n\n No resource provider with uuid 2109b282-a0ac-4271-9855-58870f4cd6aa found for delete ", "request_id": "req-4f7cc430-630a-4695-8435-0b7694d2b5ae"}]}
2026-07-17 12:06:43.198 8 INFO neutron.plugins.ml2.drivers.ovn.mech_driver.ovsdb.commands [-] Schedule LRP lrp-640ab765-3e77-4bde-acf7-ebcf9e5e9bdc on gateway 0c2bd6f5-3c18-4c86-979c-15a6315d7e5c with priority 1
2026-07-17 12:06:43.310 8 INFO neutron.db.ovn_revision_numbers_db [None req-748c9331-963a-4d08-93b1-ce401183becc 6a66c06f40c54e9ea56b4fda464c16fb 9c3c020d40da4155bb81a76046bea15e - - default default] Successfully bumped revision number for resource 640ab765-3e77-4bde-acf7-ebcf9e5e9bdc (type: router_ports) to 1
2026-07-17 12:06:43.376 8 INFO neutron.db.ovn_revision_numbers_db [None req-748c9331-963a-4d08-93b1-ce401183becc 6a66c06f40c54e9ea56b4fda464c16fb 9c3c020d40da4155bb81a76046bea15e - - default default] Successfully bumped revision number for resource 3d7c807b-4ba2-407c-8924-e0237b84aa10 (type: routers) to 2 [pid: 8|app: 0|req: 795/1519] 10.0.0.187 () {34 vars in 669 bytes} [Fri Jul 17 12:06:41 2026] POST /v2.0/routers => generated 955 bytes in 2001 msecs (HTTP/1.1 201) 4 headers in 162 bytes (1 switches on core 0)
2026-07-17 12:06:43.429 7 INFO neutron.plugins.ml2.drivers.ovn.mech_driver.mech_driver [None req-afe5b680-6c7e-4d69-9360-cc04c9c3842e - - - - - -] OVN reports status up for port: 640ab765-3e77-4bde-acf7-ebcf9e5e9bdc
2026-07-17 12:06:43.459 7 INFO neutron.plugins.ml2.plugin [None req-afe5b680-6c7e-4d69-9360-cc04c9c3842e - - - - - -] Attempt 1 to provision port 640ab765-3e77-4bde-acf7-ebcf9e5e9bdc
2026-07-17 12:06:43.599 7 WARNING neutron.scheduler.dhcp_agent_scheduler [None req-650cbf11-a736-4f0d-a6f8-45335af2ada6 bf05649c72db4764b8684e3f911157ee 33459e2f3dc84ab2bee0fc175bf94986 - - default default] No more DHCP agents
2026-07-17 12:06:43.600 7 WARNING neutron.api.rpc.agentnotifiers.dhcp_rpc_agent_api [None req-650cbf11-a736-4f0d-a6f8-45335af2ada6 bf05649c72db4764b8684e3f911157ee 33459e2f3dc84ab2bee0fc175bf94986 - - default default] Unable to schedule network 11b1a83c-2315-431f-814d-d6cb22a95c0d: no agents available; will retry on subsequent port and subnet creation events.
2026-07-17 12:06:43.785 7 INFO neutron.db.ovn_revision_numbers_db [None req-650cbf11-a736-4f0d-a6f8-45335af2ada6 bf05649c72db4764b8684e3f911157ee 33459e2f3dc84ab2bee0fc175bf94986 - - default default] Successfully bumped revision number for resource cd377f20-0671-4f90-a2eb-b01ac58b81a8 (type: ports) to 1
2026-07-17 12:06:43.834 7 WARNING neutron.scheduler.dhcp_agent_scheduler [None req-650cbf11-a736-4f0d-a6f8-45335af2ada6 bf05649c72db4764b8684e3f911157ee 33459e2f3dc84ab2bee0fc175bf94986 - - default default] No more DHCP agents
2026-07-17 12:06:43.835 7 WARNING neutron.api.rpc.agentnotifiers.dhcp_rpc_agent_api [None req-650cbf11-a736-4f0d-a6f8-45335af2ada6 bf05649c72db4764b8684e3f911157ee 33459e2f3dc84ab2bee0fc175bf94986 - - default default] Unable to schedule network 4999714d-919a-4780-82bf-f6d31db1b74c: no agents available; will retry on subsequent port and subnet creation events.
2026-07-17 12:06:43.991 7 INFO neutron.db.ovn_revision_numbers_db [None req-650cbf11-a736-4f0d-a6f8-45335af2ada6 bf05649c72db4764b8684e3f911157ee 33459e2f3dc84ab2bee0fc175bf94986 - - default default] Successfully bumped revision number for resource 8de8db54-bd6d-4f57-b594-7dd22aad223a (type: ports) to 1
2026-07-17 12:06:44.034 8 WARNING neutron.scheduler.dhcp_agent_scheduler [None req-fb469a8c-f38c-4c51-a562-5c51a64fcc35 6a66c06f40c54e9ea56b4fda464c16fb 9c3c020d40da4155bb81a76046bea15e - - default default] No more DHCP agents
2026-07-17 12:06:44.037 8 WARNING neutron.api.rpc.agentnotifiers.dhcp_rpc_agent_api [None req-fb469a8c-f38c-4c51-a562-5c51a64fcc35 6a66c06f40c54e9ea56b4fda464c16fb 9c3c020d40da4155bb81a76046bea15e - - default default] Unable to schedule network 71fd87ab-e863-498e-825d-ed4e0bc9aad7: no agents available; will retry on subsequent port and subnet creation events. [pid: 7|app: 0|req: 725/1520] 10.0.0.187 () {34 vars in 665 bytes} [Fri Jul 17 12:06:42 2026] POST /v2.0/ports => generated 1506 bytes in 1143 msecs (HTTP/1.1 201) 4 headers in 163 bytes (1 switches on core 0) /var/lib/openstack/lib/python3.12/site-packages/pycadf/identifier.py:70: UserWarning: Invalid uuid: neutron. To ensure interoperability, identifiers should be a valid uuid. warnings.warn(('Invalid uuid: %s. To ensure interoperability, ' [pid: 7|app: 0|req: 726/1521] 10.0.0.107 () {34 vars in 990 bytes} [Fri Jul 17 12:06:44 2026] GET /v2.0/ports?device_id=748c4491-5cea-4edf-9a98-cec27bfb3f77 => generated 1213 bytes in 33 msecs (HTTP/1.1 200) 4 headers in 158 bytes (1 switches on core 0) [pid: 7|app: 0|req: 727/1522] 10.0.0.187 () {32 vars in 643 bytes} [Fri Jul 17 12:06:44 2026] GET /v2.0/ports => generated 3018 bytes in 92 msecs (HTTP/1.1 200) 4 headers in 158 bytes (1 switches on core 0)
2026-07-17 12:06:44.236 8 INFO neutron.db.ovn_revision_numbers_db [None req-fb469a8c-f38c-4c51-a562-5c51a64fcc35 6a66c06f40c54e9ea56b4fda464c16fb 9c3c020d40da4155bb81a76046bea15e - - default default] Successfully bumped revision number for resource 7adc4dcd-8306-48f9-9db9-ce5394810892 (type: ports) to 1 [pid: 7|app: 0|req: 728/1523] 10.0.0.107 () {34 vars in 1040 bytes} [Fri Jul 17 12:06:44 2026] GET /v2.0/security-groups?id=e5609a7f-91f6-4690-872a-c7ad500d6435&fields=id&fields=name => generated 114 bytes in 46 msecs (HTTP/1.1 200) 4 headers in 157 bytes (1 switches on core 0)
2026-07-17 12:06:44.372 7 INFO neutron_taas.services.taas.taas_plugin [None req-e457e563-b24c-43fc-beb9-0909d16e78d5 bf05649c72db4764b8684e3f911157ee 33459e2f3dc84ab2bee0fc175bf94986 - - default default] TaaS: Handle Delete Port: cd377f20-0671-4f90-a2eb-b01ac58b81a8
2026-07-17 12:06:44.376 7 INFO neutron_taas.services.taas.tap_mirror_plugin [None req-e457e563-b24c-43fc-beb9-0909d16e78d5 bf05649c72db4764b8684e3f911157ee 33459e2f3dc84ab2bee0fc175bf94986 - - default default] Tap Mirror: Handle Delete Port: cd377f20-0671-4f90-a2eb-b01ac58b81a8 [pid: 7|app: 0|req: 729/1524] 10.0.0.187 () {32 vars in 720 bytes} [Fri Jul 17 12:06:44 2026] DELETE /v2.0/ports/cd377f20-0671-4f90-a2eb-b01ac58b81a8 => generated 0 bytes in 255 msecs (HTTP/1.1 204) 3 headers in 131 bytes (1 switches on core 0) [pid: 7|app: 0|req: 730/1525] 10.0.0.100 () {32 vars in 802 bytes} [Fri Jul 17 12:06:44 2026] GET /v2.0/extensions => generated 20541 bytes in 6 msecs (HTTP/1.1 200) 4 headers in 159 bytes (1 switches on core 0)
2026-07-17 12:06:44.614 7 INFO neutron_taas.services.taas.taas_plugin [None req-9e242073-dc44-40b0-81bf-76dd969aee50 bf05649c72db4764b8684e3f911157ee 33459e2f3dc84ab2bee0fc175bf94986 - - default default] TaaS: Handle Delete Port: 8de8db54-bd6d-4f57-b594-7dd22aad223a
2026-07-17 12:06:44.616 7 INFO neutron_taas.services.taas.tap_mirror_plugin [None req-9e242073-dc44-40b0-81bf-76dd969aee50 bf05649c72db4764b8684e3f911157ee 33459e2f3dc84ab2bee0fc175bf94986 - - default default] Tap Mirror: Handle Delete Port: 8de8db54-bd6d-4f57-b594-7dd22aad223a [pid: 7|app: 0|req: 731/1526] 10.0.0.187 () {32 vars in 720 bytes} [Fri Jul 17 12:06:44 2026] DELETE /v2.0/ports/8de8db54-bd6d-4f57-b594-7dd22aad223a => generated 0 bytes in 267 msecs (HTTP/1.1 204) 3 headers in 131 bytes (1 switches on core 0) [pid: 7|app: 0|req: 732/1527] 10.0.0.100 () {30 vars in 724 bytes} [Fri Jul 17 12:06:44 2026] GET /v2.0/quotas/88d2656185774443bb3cfc85c3f4cd64/details => generated 847 bytes in 112 msecs (HTTP/1.1 200) 4 headers in 157 bytes (1 switches on core 0) [pid: 7|app: 0|req: 733/1528] 10.0.0.187 () {32 vars in 643 bytes} [Fri Jul 17 12:06:44 2026] GET /v2.0/ports => generated 1523 bytes in 61 msecs (HTTP/1.1 200) 4 headers in 158 bytes (1 switches on core 0)
2026-07-17 12:06:45.088 8 WARNING neutron.scheduler.dhcp_agent_scheduler [None req-fb469a8c-f38c-4c51-a562-5c51a64fcc35 6a66c06f40c54e9ea56b4fda464c16fb 9c3c020d40da4155bb81a76046bea15e - - default default] No more DHCP agents
2026-07-17 12:06:45.089 8 WARNING neutron.api.rpc.agentnotifiers.dhcp_rpc_agent_api [None req-fb469a8c-f38c-4c51-a562-5c51a64fcc35 6a66c06f40c54e9ea56b4fda464c16fb 9c3c020d40da4155bb81a76046bea15e - - default default] Unable to schedule network 71fd87ab-e863-498e-825d-ed4e0bc9aad7: no agents available; will retry on subsequent port and subnet creation events.
2026-07-17 12:06:45.114 7 INFO neutron.db.segments_db [None req-68ea12df-ad95-4c3b-ab53-440d227fac2f bf05649c72db4764b8684e3f911157ee 33459e2f3dc84ab2bee0fc175bf94986 - - default default] Added segment 5f6b701e-6055-4afa-abc8-1c6c6bde09b0 of type geneve for network b705449c-87f4-4cf2-b6fd-30069c2e10d2
2026-07-17 12:06:45.241 7 INFO neutron.db.ovn_revision_numbers_db [None req-68ea12df-ad95-4c3b-ab53-440d227fac2f bf05649c72db4764b8684e3f911157ee 33459e2f3dc84ab2bee0fc175bf94986 - - default default] Successfully bumped revision number for resource b705449c-87f4-4cf2-b6fd-30069c2e10d2 (type: networks) to 1
2026-07-17 12:06:45.430 7 WARNING neutron.scheduler.dhcp_agent_scheduler [None req-68ea12df-ad95-4c3b-ab53-440d227fac2f bf05649c72db4764b8684e3f911157ee 33459e2f3dc84ab2bee0fc175bf94986 - - default default] No more DHCP agents
2026-07-17 12:06:45.434 7 WARNING neutron.api.rpc.agentnotifiers.dhcp_rpc_agent_api [None req-68ea12df-ad95-4c3b-ab53-440d227fac2f bf05649c72db4764b8684e3f911157ee 33459e2f3dc84ab2bee0fc175bf94986 - - default default] Unable to schedule network b705449c-87f4-4cf2-b6fd-30069c2e10d2: no agents available; will retry on subsequent port and subnet creation events.
2026-07-17 12:06:45.488 8 INFO neutron.db.ovn_revision_numbers_db [None req-fb469a8c-f38c-4c51-a562-5c51a64fcc35 6a66c06f40c54e9ea56b4fda464c16fb 9c3c020d40da4155bb81a76046bea15e - - default default] Successfully bumped revision number for resource 7adc4dcd-8306-48f9-9db9-ce5394810892 (type: router_ports) to 1 [pid: 8|app: 0|req: 796/1529] 10.0.0.187 () {34 vars in 783 bytes} [Fri Jul 17 12:06:43 2026] PUT /v2.0/routers/3d7c807b-4ba2-407c-8924-e0237b84aa10/add_router_interface => generated 309 bytes in 2095 msecs (HTTP/1.1 200) 4 headers in 157 bytes (1 switches on core 0)
2026-07-17 12:06:45.635 7 INFO neutron.db.ovn_revision_numbers_db [None req-68ea12df-ad95-4c3b-ab53-440d227fac2f bf05649c72db4764b8684e3f911157ee 33459e2f3dc84ab2bee0fc175bf94986 - - default default] Successfully bumped revision number for resource 895d0f7d-765f-414f-bdb3-af971e38e877 (type: ports) to 1 [pid: 7|app: 0|req: 734/1530] 10.0.0.187 () {34 vars in 670 bytes} [Fri Jul 17 12:06:44 2026] POST /v2.0/networks => generated 673 bytes in 695 msecs (HTTP/1.1 201) 4 headers in 162 bytes (1 switches on core 0)
2026-07-17 12:06:45.760 7 INFO neutron.db.segments_db [None req-d27a107a-01a5-477a-a1f4-130bd67c3b90 bf05649c72db4764b8684e3f911157ee 33459e2f3dc84ab2bee0fc175bf94986 - - default default] Added segment 9bd6f533-6d2f-47c8-b0ee-40f7cc6293b3 of type geneve for network 03196bb9-3461-4568-bbe1-521821b494ce
2026-07-17 12:06:45.826 8 WARNING neutron.scheduler.dhcp_agent_scheduler [None req-d0d4b5d6-cc08-4809-847d-9dcc790fa70d 6a66c06f40c54e9ea56b4fda464c16fb 9c3c020d40da4155bb81a76046bea15e - - default default] No more DHCP agents
2026-07-17 12:06:45.828 8 WARNING neutron.api.rpc.agentnotifiers.dhcp_rpc_agent_api [None req-d0d4b5d6-cc08-4809-847d-9dcc790fa70d 6a66c06f40c54e9ea56b4fda464c16fb 9c3c020d40da4155bb81a76046bea15e - - default default] Unable to schedule network 71fd87ab-e863-498e-825d-ed4e0bc9aad7: no agents available; will retry on subsequent port and subnet creation events.
2026-07-17 12:06:45.879 7 INFO neutron.db.ovn_revision_numbers_db [None req-d27a107a-01a5-477a-a1f4-130bd67c3b90 bf05649c72db4764b8684e3f911157ee 33459e2f3dc84ab2bee0fc175bf94986 - - default default] Successfully bumped revision number for resource 03196bb9-3461-4568-bbe1-521821b494ce (type: networks) to 1
2026-07-17 12:06:46.053 8 INFO neutron.db.ovn_revision_numbers_db [None req-d0d4b5d6-cc08-4809-847d-9dcc790fa70d 6a66c06f40c54e9ea56b4fda464c16fb 9c3c020d40da4155bb81a76046bea15e - - default default] Successfully bumped revision number for resource 27543bd9-bcc3-4428-8826-672c2ad0863c (type: ports) to 1 [pid: 8|app: 0|req: 797/1531] 10.0.0.187 () {34 vars in 665 bytes} [Fri Jul 17 12:06:45 2026] POST /v2.0/ports => generated 953 bytes in 575 msecs (HTTP/1.1 201) 4 headers in 162 bytes (1 switches on core 0) /var/lib/openstack/lib/python3.12/site-packages/pycadf/identifier.py:70: UserWarning: Invalid uuid: neutron. To ensure interoperability, identifiers should be a valid uuid. warnings.warn(('Invalid uuid: %s. To ensure interoperability, '
2026-07-17 12:06:46.132 7 WARNING neutron.scheduler.dhcp_agent_scheduler [None req-d27a107a-01a5-477a-a1f4-130bd67c3b90 bf05649c72db4764b8684e3f911157ee 33459e2f3dc84ab2bee0fc175bf94986 - - default default] No more DHCP agents
2026-07-17 12:06:46.134 7 WARNING neutron.api.rpc.agentnotifiers.dhcp_rpc_agent_api [None req-d27a107a-01a5-477a-a1f4-130bd67c3b90 bf05649c72db4764b8684e3f911157ee 33459e2f3dc84ab2bee0fc175bf94986 - - default default] Unable to schedule network 03196bb9-3461-4568-bbe1-521821b494ce: no agents available; will retry on subsequent port and subnet creation events.
2026-07-17 12:06:46.281 7 INFO neutron.db.ovn_revision_numbers_db [None req-d27a107a-01a5-477a-a1f4-130bd67c3b90 bf05649c72db4764b8684e3f911157ee 33459e2f3dc84ab2bee0fc175bf94986 - - default default] Successfully bumped revision number for resource 669211e5-5a06-49c0-9f25-8f07716b817b (type: ports) to 1 [pid: 7|app: 0|req: 735/1532] 10.0.0.187 () {34 vars in 670 bytes} [Fri Jul 17 12:06:45 2026] POST /v2.0/networks => generated 672 bytes in 642 msecs (HTTP/1.1 201) 4 headers in 162 bytes (1 switches on core 0)
2026-07-17 12:06:46.447 8 WARNING neutron.scheduler.dhcp_agent_scheduler [None req-a7185ebe-005f-4009-97f3-ba219af47246 6a66c06f40c54e9ea56b4fda464c16fb 9c3c020d40da4155bb81a76046bea15e - - default default] No more DHCP agents
2026-07-17 12:06:46.448 8 WARNING neutron.api.rpc.agentnotifiers.dhcp_rpc_agent_api [None req-a7185ebe-005f-4009-97f3-ba219af47246 6a66c06f40c54e9ea56b4fda464c16fb 9c3c020d40da4155bb81a76046bea15e - - default default] Unable to schedule network 71fd87ab-e863-498e-825d-ed4e0bc9aad7: no agents available; will retry on subsequent port and subnet creation events.
2026-07-17 12:06:46.663 8 INFO neutron.db.ovn_revision_numbers_db [None req-a7185ebe-005f-4009-97f3-ba219af47246 6a66c06f40c54e9ea56b4fda464c16fb 9c3c020d40da4155bb81a76046bea15e - - default default] Successfully bumped revision number for resource 27f77e36-b97f-4317-bb2e-7eab5888f125 (type: ports) to 1 [pid: 8|app: 0|req: 798/1533] 10.0.0.187 () {34 vars in 665 bytes} [Fri Jul 17 12:06:46 2026] POST /v2.0/ports => generated 954 bytes in 664 msecs (HTTP/1.1 201) 4 headers in 162 bytes (1 switches on core 0) /var/lib/openstack/lib/python3.12/site-packages/pycadf/identifier.py:70: UserWarning: Invalid uuid: neutron. To ensure interoperability, identifiers should be a valid uuid. warnings.warn(('Invalid uuid: %s. To ensure interoperability, '
2026-07-17 12:06:47.013 7 WARNING neutron.scheduler.dhcp_agent_scheduler [None req-d3012d63-aeb5-4099-abc0-309f935783d8 6a66c06f40c54e9ea56b4fda464c16fb 9c3c020d40da4155bb81a76046bea15e - - default default] No more DHCP agents
2026-07-17 12:06:47.014 7 WARNING neutron.api.rpc.agentnotifiers.dhcp_rpc_agent_api [None req-d3012d63-aeb5-4099-abc0-309f935783d8 6a66c06f40c54e9ea56b4fda464c16fb 9c3c020d40da4155bb81a76046bea15e - - default default] Unable to schedule network 00c31fca-1780-42f5-b8a4-13ed0531af55: no agents available; will retry on subsequent port and subnet creation events.
2026-07-17 12:06:47.089 8 WARNING neutron.scheduler.dhcp_agent_scheduler [None req-e1693082-00f2-43ca-94ab-b8995b4d0474 bf05649c72db4764b8684e3f911157ee 33459e2f3dc84ab2bee0fc175bf94986 - - default default] No more DHCP agents
2026-07-17 12:06:47.091 8 WARNING neutron.api.rpc.agentnotifiers.dhcp_rpc_agent_api [None req-e1693082-00f2-43ca-94ab-b8995b4d0474 bf05649c72db4764b8684e3f911157ee 33459e2f3dc84ab2bee0fc175bf94986 - - default default] Unable to schedule network b705449c-87f4-4cf2-b6fd-30069c2e10d2: no agents available; will retry on subsequent port and subnet creation events.
2026-07-17 12:06:47.140 8 INFO neutron.db.ovn_revision_numbers_db [None req-e1693082-00f2-43ca-94ab-b8995b4d0474 bf05649c72db4764b8684e3f911157ee 33459e2f3dc84ab2bee0fc175bf94986 - - default default] Successfully bumped revision number for resource 8d63d113-bae3-4955-8630-611850c19164 (type: subnets) to 0
2026-07-17 12:06:47.179 8 WARNING neutron.scheduler.dhcp_agent_scheduler [None req-e1693082-00f2-43ca-94ab-b8995b4d0474 bf05649c72db4764b8684e3f911157ee 33459e2f3dc84ab2bee0fc175bf94986 - - default default] No more DHCP agents
2026-07-17 12:06:47.180 8 WARNING neutron.api.rpc.agentnotifiers.dhcp_rpc_agent_api [None req-e1693082-00f2-43ca-94ab-b8995b4d0474 bf05649c72db4764b8684e3f911157ee 33459e2f3dc84ab2bee0fc175bf94986 - - default default] Unable to schedule network 03196bb9-3461-4568-bbe1-521821b494ce: no agents available; will retry on subsequent port and subnet creation events.
2026-07-17 12:06:47.222 8 INFO neutron.db.ovn_revision_numbers_db [None req-e1693082-00f2-43ca-94ab-b8995b4d0474 bf05649c72db4764b8684e3f911157ee 33459e2f3dc84ab2bee0fc175bf94986 - - default default] Successfully bumped revision number for resource 2b363365-5c3e-4891-9467-3a51dcbf34a5 (type: subnets) to 0 [pid: 8|app: 0|req: 799/1534] 10.0.0.187 () {34 vars in 669 bytes} [Fri Jul 17 12:06:46 2026] POST /v2.0/subnets => generated 1324 bytes in 475 msecs (HTTP/1.1 201) 4 headers in 163 bytes (1 switches on core 0) [pid: 8|app: 0|req: 800/1535] 10.0.0.187 () {32 vars in 647 bytes} [Fri Jul 17 12:06:47 2026] GET /v2.0/subnets => generated 1960 bytes in 49 msecs (HTTP/1.1 200) 4 headers in 158 bytes (1 switches on core 0) [pid: 8|app: 0|req: 801/1536] 10.0.0.187 () {32 vars in 724 bytes} [Fri Jul 17 12:06:47 2026] DELETE /v2.0/subnets/8d63d113-bae3-4955-8630-611850c19164 => generated 0 bytes in 175 msecs (HTTP/1.1 204) 3 headers in 131 bytes (1 switches on core 0) [pid: 8|app: 0|req: 802/1537] 10.0.0.187 () {32 vars in 724 bytes} [Fri Jul 17 12:06:47 2026] DELETE /v2.0/subnets/2b363365-5c3e-4891-9467-3a51dcbf34a5 => generated 0 bytes in 157 msecs (HTTP/1.1 204) 3 headers in 131 bytes (1 switches on core 0) [pid: 8|app: 0|req: 803/1538] 10.0.0.187 () {32 vars in 647 bytes} [Fri Jul 17 12:06:47 2026] GET /v2.0/subnets => generated 649 bytes in 49 msecs (HTTP/1.1 200) 4 headers in 157 bytes (1 switches on core 0)
2026-07-17 12:06:47.911 8 INFO neutron_taas.services.taas.taas_plugin [None req-06dcf953-ae51-4591-9a9d-f67853f9afbb bf05649c72db4764b8684e3f911157ee 33459e2f3dc84ab2bee0fc175bf94986 - - default default] TaaS: Handle Delete Port: 669211e5-5a06-49c0-9f25-8f07716b817b
2026-07-17 12:06:47.915 8 INFO neutron_taas.services.taas.tap_mirror_plugin [None req-06dcf953-ae51-4591-9a9d-f67853f9afbb bf05649c72db4764b8684e3f911157ee 33459e2f3dc84ab2bee0fc175bf94986 - - default default] Tap Mirror: Handle Delete Port: 669211e5-5a06-49c0-9f25-8f07716b817b
2026-07-17 12:06:47.961 7 INFO neutron.db.ovn_revision_numbers_db [None req-d3012d63-aeb5-4099-abc0-309f935783d8 6a66c06f40c54e9ea56b4fda464c16fb 9c3c020d40da4155bb81a76046bea15e - - default default] Successfully bumped revision number for resource 447bbcde-d3f0-497c-a09a-adabd191f47c (type: floatingips) to 1
2026-07-17 12:06:47.961 7 INFO neutron.db.l3_db [None req-d3012d63-aeb5-4099-abc0-309f935783d8 6a66c06f40c54e9ea56b4fda464c16fb 9c3c020d40da4155bb81a76046bea15e - - default default] Floating IP 447bbcde-d3f0-497c-a09a-adabd191f47c associated. External IP: 10.96.250.214, port: 27f77e36-b97f-4317-bb2e-7eab5888f125. [pid: 7|app: 0|req: 736/1539] 10.0.0.187 () {34 vars in 677 bytes} [Fri Jul 17 12:06:46 2026] POST /v2.0/floatingips => generated 841 bytes in 1248 msecs (HTTP/1.1 201) 4 headers in 162 bytes (1 switches on core 0)
2026-07-17 12:06:48.123 8 INFO neutron.services.segments.plugin [-] Segment 9bd6f533-6d2f-47c8-b0ee-40f7cc6293b3 resource provider aggregate not found
2026-07-17 12:06:48.130 8 INFO neutron.services.segments.plugin [-] Segment 9bd6f533-6d2f-47c8-b0ee-40f7cc6293b3 resource provider aggregate not found
2026-07-17 12:06:48.141 8 INFO neutron.services.segments.plugin [-] Segment 9bd6f533-6d2f-47c8-b0ee-40f7cc6293b3 resource provider not found; error: Placement Client Error (4xx): {"errors": [{"status": 404, "title": "Not Found", "detail": "The resource could not be found.\n\n No resource provider with uuid 9bd6f533-6d2f-47c8-b0ee-40f7cc6293b3 found for delete ", "request_id": "req-66eb6499-1209-4a2c-a4d5-818e0bc8a16c"}]}
2026-07-17 12:06:48.159 8 INFO neutron.services.segments.plugin [-] Segment 9bd6f533-6d2f-47c8-b0ee-40f7cc6293b3 resource provider not found; error: Placement Client Error (4xx): {"errors": [{"status": 404, "title": "Not Found", "detail": "The resource could not be found.\n\n No resource provider with uuid 9bd6f533-6d2f-47c8-b0ee-40f7cc6293b3 found for delete ", "request_id": "req-24df5b4e-9e49-47c6-943b-368151a87ae8"}]} [pid: 8|app: 0|req: 804/1540] 10.0.0.187 () {32 vars in 726 bytes} [Fri Jul 17 12:06:47 2026] DELETE /v2.0/networks/03196bb9-3461-4568-bbe1-521821b494ce => generated 0 bytes in 508 msecs (HTTP/1.1 204) 3 headers in 131 bytes (1 switches on core 0)
2026-07-17 12:06:48.226 7 INFO neutron.db.ovn_revision_numbers_db [None req-e927ffe9-1fee-496d-959f-6073c65a777e 6a66c06f40c54e9ea56b4fda464c16fb 9c3c020d40da4155bb81a76046bea15e - - default default] Successfully bumped revision number for resource 447bbcde-d3f0-497c-a09a-adabd191f47c (type: floatingips) to 2
2026-07-17 12:06:48.278 7 INFO neutron.db.l3_db [None req-e927ffe9-1fee-496d-959f-6073c65a777e 6a66c06f40c54e9ea56b4fda464c16fb 9c3c020d40da4155bb81a76046bea15e - - default default] Floating IP 447bbcde-d3f0-497c-a09a-adabd191f47c disassociated. External IP: 10.96.250.214, port: 27f77e36-b97f-4317-bb2e-7eab5888f125. [pid: 7|app: 0|req: 737/1541] 10.0.0.187 () {34 vars in 749 bytes} [Fri Jul 17 12:06:48 2026] PUT /v2.0/floatingips/447bbcde-d3f0-497c-a09a-adabd191f47c => generated 554 bytes in 301 msecs (HTTP/1.1 200) 4 headers in 157 bytes (1 switches on core 0)
2026-07-17 12:06:48.465 8 INFO neutron.db.ovn_revision_numbers_db [None req-53d66348-88ca-4a4a-82af-abbae53d4595 a19ecea9207645fe834cb16d9cad184f 59bea03819ae4d78a5e9eab4db49a026 - - default default] Successfully bumped revision number for resource 5521496f-9b81-4f90-9f4e-484ce9b74fec (type: security_groups) to 1
2026-07-17 12:06:48.472 7 INFO neutron_taas.services.taas.taas_plugin [None req-313b1937-49bd-4eff-b5e2-327b74e40812 bf05649c72db4764b8684e3f911157ee 33459e2f3dc84ab2bee0fc175bf94986 - - default default] TaaS: Handle Delete Port: 895d0f7d-765f-414f-bdb3-af971e38e877
2026-07-17 12:06:48.475 7 INFO neutron_taas.services.taas.tap_mirror_plugin [None req-313b1937-49bd-4eff-b5e2-327b74e40812 bf05649c72db4764b8684e3f911157ee 33459e2f3dc84ab2bee0fc175bf94986 - - default default] Tap Mirror: Handle Delete Port: 895d0f7d-765f-414f-bdb3-af971e38e877
2026-07-17 12:06:48.476 8 INFO neutron.db.ovn_revision_numbers_db [None req-53d66348-88ca-4a4a-82af-abbae53d4595 a19ecea9207645fe834cb16d9cad184f 59bea03819ae4d78a5e9eab4db49a026 - - default default] Successfully bumped revision number for resource 32b14ba0-18f6-4e9d-b753-6d9535e5a344 (type: security_group_rules) to 0
2026-07-17 12:06:48.486 8 INFO neutron.db.ovn_revision_numbers_db [None req-53d66348-88ca-4a4a-82af-abbae53d4595 a19ecea9207645fe834cb16d9cad184f 59bea03819ae4d78a5e9eab4db49a026 - - default default] Successfully bumped revision number for resource 8ace0dbd-ee07-4160-83de-67466f91874e (type: security_group_rules) to 0
2026-07-17 12:06:48.497 8 INFO neutron.db.ovn_revision_numbers_db [None req-53d66348-88ca-4a4a-82af-abbae53d4595 a19ecea9207645fe834cb16d9cad184f 59bea03819ae4d78a5e9eab4db49a026 - - default default] Successfully bumped revision number for resource ba5035fc-2acd-40b7-88a0-b9d035b42649 (type: security_group_rules) to 0
2026-07-17 12:06:48.507 8 INFO neutron.db.ovn_revision_numbers_db [None req-53d66348-88ca-4a4a-82af-abbae53d4595 a19ecea9207645fe834cb16d9cad184f 59bea03819ae4d78a5e9eab4db49a026 - - default default] Successfully bumped revision number for resource bdfe1493-cb19-4fe0-9032-ed4f6599936c (type: security_group_rules) to 0 [pid: 8|app: 0|req: 805/1542] 10.0.0.187 () {32 vars in 774 bytes} [Fri Jul 17 12:06:48 2026] GET /v2.0/security-groups?tenant_id=88d2656185774443bb3cfc85c3f4cd64&name=default => generated 2925 bytes in 320 msecs (HTTP/1.1 200) 4 headers in 158 bytes (1 switches on core 0)
2026-07-17 12:06:48.674 7 INFO neutron.services.segments.plugin [-] Segment 5f6b701e-6055-4afa-abc8-1c6c6bde09b0 resource provider aggregate not found
2026-07-17 12:06:48.676 7 INFO neutron.services.segments.plugin [-] Segment 5f6b701e-6055-4afa-abc8-1c6c6bde09b0 resource provider aggregate not found
2026-07-17 12:06:48.701 7 INFO neutron.services.segments.plugin [-] Segment 5f6b701e-6055-4afa-abc8-1c6c6bde09b0 resource provider not found; error: Placement Client Error (4xx): {"errors": [{"status": 404, "title": "Not Found", "detail": "The resource could not be found.\n\n No resource provider with uuid 5f6b701e-6055-4afa-abc8-1c6c6bde09b0 found for delete ", "request_id": "req-6f941852-bd42-4e29-a127-ee653f8f8f52"}]}
2026-07-17 12:06:48.703 7 INFO neutron.services.segments.plugin [-] Segment 5f6b701e-6055-4afa-abc8-1c6c6bde09b0 resource provider not found; error: Placement Client Error (4xx): {"errors": [{"status": 404, "title": "Not Found", "detail": "The resource could not be found.\n\n No resource provider with uuid 5f6b701e-6055-4afa-abc8-1c6c6bde09b0 found for delete ", "request_id": "req-ad03e48f-63df-4a1d-b7fa-2b35c7d38428"}]}
2026-07-17 12:06:48.731 8 INFO neutron_taas.services.taas.taas_plugin [None req-a2d51d39-923b-406e-8dec-c52b9cf8dc3e 6a66c06f40c54e9ea56b4fda464c16fb 9c3c020d40da4155bb81a76046bea15e - - default default] TaaS: Handle Delete Port: 391c6f85-5eff-4d4a-aa16-1c17b0dc7bce
2026-07-17 12:06:48.738 8 INFO neutron_taas.services.taas.tap_mirror_plugin [None req-a2d51d39-923b-406e-8dec-c52b9cf8dc3e 6a66c06f40c54e9ea56b4fda464c16fb 9c3c020d40da4155bb81a76046bea15e - - default default] Tap Mirror: Handle Delete Port: 391c6f85-5eff-4d4a-aa16-1c17b0dc7bce [pid: 7|app: 0|req: 738/1543] 10.0.0.187 () {32 vars in 726 bytes} [Fri Jul 17 12:06:48 2026] DELETE /v2.0/networks/b705449c-87f4-4cf2-b6fd-30069c2e10d2 => generated 0 bytes in 436 msecs (HTTP/1.1 204) 3 headers in 131 bytes (1 switches on core 0) [pid: 8|app: 0|req: 806/1544] 10.0.0.187 () {32 vars in 732 bytes} [Fri Jul 17 12:06:48 2026] DELETE /v2.0/floatingips/447bbcde-d3f0-497c-a09a-adabd191f47c => generated 0 bytes in 358 msecs (HTTP/1.1 204) 2 headers in 112 bytes (1 switches on core 0) [pid: 7|app: 0|req: 739/1545] 10.0.0.187 () {32 vars in 740 bytes} [Fri Jul 17 12:06:48 2026] DELETE /v2.0/security-groups/5521496f-9b81-4f90-9f4e-484ce9b74fec => generated 0 bytes in 266 msecs (HTTP/1.1 204) 2 headers in 112 bytes (1 switches on core 0)
2026-07-17 12:06:49.056 8 INFO neutron_taas.services.taas.taas_plugin [None req-1ad22d17-6e77-4620-af6d-da76fbddf73c bf05649c72db4764b8684e3f911157ee 33459e2f3dc84ab2bee0fc175bf94986 - - default default] TaaS: Handle Delete Port: 9fc66ca5-30b4-4bc3-9a28-d03435dbbac0
2026-07-17 12:06:49.059 8 INFO neutron_taas.services.taas.tap_mirror_plugin [None req-1ad22d17-6e77-4620-af6d-da76fbddf73c bf05649c72db4764b8684e3f911157ee 33459e2f3dc84ab2bee0fc175bf94986 - - default default] Tap Mirror: Handle Delete Port: 9fc66ca5-30b4-4bc3-9a28-d03435dbbac0
2026-07-17 12:06:49.227 7 WARNING neutron.plugins.ml2.drivers.ovn.mech_driver.ovsdb.ovn_client [None req-afe5b680-6c7e-4d69-9360-cc04c9c3842e - - - - - -] No hosting information found for port 640ab765-3e77-4bde-acf7-ebcf9e5e9bdc: RuntimeError: No hosting information found for port 640ab765-3e77-4bde-acf7-ebcf9e5e9bdc
2026-07-17 12:06:49.228 7 INFO neutron.plugins.ml2.drivers.ovn.mech_driver.mech_driver [None req-afe5b680-6c7e-4d69-9360-cc04c9c3842e - - - - - -] OVN reports status down for port: cd377f20-0671-4f90-a2eb-b01ac58b81a8
2026-07-17 12:06:49.255 7 INFO neutron.plugins.ml2.drivers.ovn.mech_driver.mech_driver [None req-afe5b680-6c7e-4d69-9360-cc04c9c3842e - - - - - -] OVN reports status down for port: 8de8db54-bd6d-4f57-b594-7dd22aad223a
2026-07-17 12:06:49.279 7 INFO neutron.plugins.ml2.drivers.ovn.mech_driver.mech_driver [None req-afe5b680-6c7e-4d69-9360-cc04c9c3842e - - - - - -] OVN reports status down for port: 7adc4dcd-8306-48f9-9db9-ce5394810892 [pid: 8|app: 0|req: 807/1546] 10.0.0.187 () {32 vars in 726 bytes} [Fri Jul 17 12:06:48 2026] DELETE /v2.0/networks/4999714d-919a-4780-82bf-f6d31db1b74c => generated 0 bytes in 441 msecs (HTTP/1.1 204) 3 headers in 131 bytes (1 switches on core 0)
2026-07-17 12:06:49.406 7 WARNING neutron.scheduler.dhcp_agent_scheduler [None req-c8d7838b-0e5e-49f4-b0be-911e9b7d8120 6a66c06f40c54e9ea56b4fda464c16fb 9c3c020d40da4155bb81a76046bea15e - - default default] No more DHCP agents
2026-07-17 12:06:49.408 7 WARNING neutron.api.rpc.agentnotifiers.dhcp_rpc_agent_api [None req-c8d7838b-0e5e-49f4-b0be-911e9b7d8120 6a66c06f40c54e9ea56b4fda464c16fb 9c3c020d40da4155bb81a76046bea15e - - default default] Unable to schedule network 00c31fca-1780-42f5-b8a4-13ed0531af55: no agents available; will retry on subsequent port and subnet creation events.
2026-07-17 12:06:49.452 8 INFO neutron_taas.services.taas.taas_plugin [None req-25d51e7f-babd-4f25-8a21-47c7b4f64600 bf05649c72db4764b8684e3f911157ee 33459e2f3dc84ab2bee0fc175bf94986 - - default default] TaaS: Handle Delete Port: 759a9dda-131b-42c7-a408-3704172d933b
2026-07-17 12:06:49.455 8 INFO neutron_taas.services.taas.tap_mirror_plugin [None req-25d51e7f-babd-4f25-8a21-47c7b4f64600 bf05649c72db4764b8684e3f911157ee 33459e2f3dc84ab2bee0fc175bf94986 - - default default] Tap Mirror: Handle Delete Port: 759a9dda-131b-42c7-a408-3704172d933b
2026-07-17 12:06:49.458 7 WARNING neutron.plugins.ml2.drivers.ovn.mech_driver.ovsdb.ovn_client [None req-afe5b680-6c7e-4d69-9360-cc04c9c3842e - - - - - -] Logical_Switch_Port %s host information not removed, the port state is up
2026-07-17 12:06:49.458 7 INFO neutron.plugins.ml2.drivers.ovn.mech_driver.mech_driver [None req-afe5b680-6c7e-4d69-9360-cc04c9c3842e - - - - - -] OVN reports status up for port: 7adc4dcd-8306-48f9-9db9-ce5394810892
2026-07-17 12:06:49.488 7 INFO neutron.plugins.ml2.plugin [None req-afe5b680-6c7e-4d69-9360-cc04c9c3842e - - - - - -] Attempt 1 to provision port 7adc4dcd-8306-48f9-9db9-ce5394810892 [pid: 8|app: 0|req: 808/1547] 10.0.0.187 () {32 vars in 726 bytes} [Fri Jul 17 12:06:49 2026] DELETE /v2.0/networks/11b1a83c-2315-431f-814d-d6cb22a95c0d => generated 0 bytes in 386 msecs (HTTP/1.1 204) 3 headers in 131 bytes (1 switches on core 0)
2026-07-17 12:06:50.177 8 INFO neutron.services.segments.plugin [-] Segment eed1b035-73ad-4bb3-b956-d51b2ba0abd9 resource provider aggregate not found
2026-07-17 12:06:50.180 8 INFO neutron.services.segments.plugin [-] Segment eed1b035-73ad-4bb3-b956-d51b2ba0abd9 resource provider aggregate not found
2026-07-17 12:06:50.194 8 INFO neutron.services.segments.plugin [-] Segment eed1b035-73ad-4bb3-b956-d51b2ba0abd9 resource provider not found; error: Placement Client Error (4xx): {"errors": [{"status": 404, "title": "Not Found", "detail": "The resource could not be found.\n\n No resource provider with uuid eed1b035-73ad-4bb3-b956-d51b2ba0abd9 found for delete ", "request_id": "req-465cb478-d784-417d-9bbd-f1e96d57c461"}]}
2026-07-17 12:06:50.203 8 INFO neutron.services.segments.plugin [-] Segment eed1b035-73ad-4bb3-b956-d51b2ba0abd9 resource provider not found; error: Placement Client Error (4xx): {"errors": [{"status": 404, "title": "Not Found", "detail": "The resource could not be found.\n\n No resource provider with uuid eed1b035-73ad-4bb3-b956-d51b2ba0abd9 found for delete ", "request_id": "req-1a7e91c3-18eb-4a50-b9f6-85cbf1c20c7b"}]}
2026-07-17 12:06:50.212 8 INFO neutron.services.segments.plugin [-] Segment 8c068beb-48ae-45d9-bd88-d0cbfb922613 resource provider aggregate not found
2026-07-17 12:06:50.218 8 INFO neutron.services.segments.plugin [-] Segment 8c068beb-48ae-45d9-bd88-d0cbfb922613 resource provider aggregate not found
2026-07-17 12:06:50.231 8 INFO neutron.services.segments.plugin [-] Segment 8c068beb-48ae-45d9-bd88-d0cbfb922613 resource provider not found; error: Placement Client Error (4xx): {"errors": [{"status": 404, "title": "Not Found", "detail": "The resource could not be found.\n\n No resource provider with uuid 8c068beb-48ae-45d9-bd88-d0cbfb922613 found for delete ", "request_id": "req-0579708e-5789-4590-bb72-fb021a42a63a"}]}
2026-07-17 12:06:50.234 8 INFO neutron.services.segments.plugin [-] Segment 8c068beb-48ae-45d9-bd88-d0cbfb922613 resource provider not found; error: Placement Client Error (4xx): {"errors": [{"status": 404, "title": "Not Found", "detail": "The resource could not be found.\n\n No resource provider with uuid 8c068beb-48ae-45d9-bd88-d0cbfb922613 found for delete ", "request_id": "req-5da5772e-c9ac-4b9f-85fe-74c6562342bf"}]}
2026-07-17 12:06:50.378 7 INFO neutron.db.ovn_revision_numbers_db [None req-afe5b680-6c7e-4d69-9360-cc04c9c3842e - - - - - -] Successfully bumped revision number for resource 7adc4dcd-8306-48f9-9db9-ce5394810892 (type: ports) to 2 [pid: 8|app: 0|req: 809/1548] 10.0.0.187 () {32 vars in 774 bytes} [Fri Jul 17 12:06:50 2026] GET /v2.0/security-groups?tenant_id=33459e2f3dc84ab2bee0fc175bf94986&name=default => generated 2925 bytes in 195 msecs (HTTP/1.1 200) 4 headers in 158 bytes (1 switches on core 0) [pid: 8|app: 0|req: 810/1549] 10.0.0.187 () {32 vars in 740 bytes} [Fri Jul 17 12:06:50 2026] DELETE /v2.0/security-groups/22553b64-145b-4261-9107-7cea0f0a687e => generated 0 bytes in 364 msecs (HTTP/1.1 204) 2 headers in 112 bytes (1 switches on core 0)
2026-07-17 12:06:50.847 7 INFO neutron.db.ovn_revision_numbers_db [None req-c8d7838b-0e5e-49f4-b0be-911e9b7d8120 6a66c06f40c54e9ea56b4fda464c16fb 9c3c020d40da4155bb81a76046bea15e - - default default] Successfully bumped revision number for resource 44346afd-f461-40fa-8573-fa38cab1a38f (type: floatingips) to 1
2026-07-17 12:06:50.847 7 INFO neutron.db.l3_db [None req-c8d7838b-0e5e-49f4-b0be-911e9b7d8120 6a66c06f40c54e9ea56b4fda464c16fb 9c3c020d40da4155bb81a76046bea15e - - default default] Floating IP 44346afd-f461-40fa-8573-fa38cab1a38f associated. External IP: 10.96.250.217, port: 27543bd9-bcc3-4428-8826-672c2ad0863c. [pid: 7|app: 0|req: 740/1550] 10.0.0.187 () {34 vars in 677 bytes} [Fri Jul 17 12:06:49 2026] POST /v2.0/floatingips => generated 840 bytes in 1876 msecs (HTTP/1.1 201) 4 headers in 162 bytes (1 switches on core 0) [pid: 7|app: 0|req: 741/1551] 10.0.0.121 () {34 vars in 990 bytes} [Fri Jul 17 12:06:50 2026] GET /v2.0/ports?device_id=748c4491-5cea-4edf-9a98-cec27bfb3f77 => generated 975 bytes in 69 msecs (HTTP/1.1 200) 4 headers in 157 bytes (1 switches on core 0) [pid: 7|app: 0|req: 742/1552] 10.0.0.187 () {32 vars in 729 bytes} [Fri Jul 17 12:06:50 2026] GET /v2.0/floatingips/44346afd-f461-40fa-8573-fa38cab1a38f => generated 842 bytes in 37 msecs (HTTP/1.1 200) 4 headers in 157 bytes (1 switches on core 0) [pid: 7|app: 0|req: 743/1553] 10.0.0.121 () {34 vars in 1040 bytes} [Fri Jul 17 12:06:50 2026] GET /v2.0/security-groups?id=e5609a7f-91f6-4690-872a-c7ad500d6435&fields=id&fields=name => generated 114 bytes in 21 msecs (HTTP/1.1 200) 4 headers in 157 bytes (1 switches on core 0) [pid: 7|app: 0|req: 744/1554] 10.0.0.187 () {32 vars in 655 bytes} [Fri Jul 17 12:06:51 2026] GET /v2.0/floatingips => generated 845 bytes in 63 msecs (HTTP/1.1 200) 4 headers in 157 bytes (1 switches on core 0)
2026-07-17 12:06:51.211 8 INFO neutron.db.ovn_revision_numbers_db [None req-dec65107-7a3f-4b77-898d-7dbf76eef541 a19ecea9207645fe834cb16d9cad184f 59bea03819ae4d78a5e9eab4db49a026 - - default default] Successfully bumped revision number for resource 0e8d8ca9-4a67-4658-9396-7617873724d1 (type: security_groups) to 1
2026-07-17 12:06:51.224 8 INFO neutron.db.ovn_revision_numbers_db [None req-dec65107-7a3f-4b77-898d-7dbf76eef541 a19ecea9207645fe834cb16d9cad184f 59bea03819ae4d78a5e9eab4db49a026 - - default default] Successfully bumped revision number for resource 68642e98-7b9d-46a9-a11c-6c4cf346e7fa (type: security_group_rules) to 0
