Aug 24 08:58:05.021982 np0000190788 devstack@neutron-api.service[102258]: DEBUG neutron.plugins.ml2.drivers.ovn.mech_driver.ovsdb.ovsdb_monitor [None req-a78d6da8-0f6f-4eea-b557-63bb188ecec1 None None] Hash Ring: Node f8cafa5c992a5fe2816b1540410b0d50 (host: np0000190788) handling event "update" for row c6842363-5d32-4c3b-9baf-a4c3e8ca7685 (table: Port_Binding) {{(pid=102258) notify /opt/stack/neutron/neutron/plugins/ml2/drivers/ovn/mech_driver/ovsdb/ovsdb_monitor.py:1099}}
Aug 24 08:58:05.025867 np0000190788 devstack@neutron-api.service[102257]: DEBUG neutron.plugins.ml2.drivers.ovn.mech_driver.ovsdb.ovsdb_monitor [None req-22e658db-bb33-43a3-a7f7-9daab02aa090 None None] Hash Ring: Node 72e9a204dd0952d29ec8adf5df9cbfbf (host: np0000190788) handling event "update" for row c6842363-5d32-4c3b-9baf-a4c3e8ca7685 (table: Port_Binding) {{(pid=102257) notify /opt/stack/neutron/neutron/plugins/ml2/drivers/ovn/mech_driver/ovsdb/ovsdb_monitor.py:1099}}
Aug 24 08:58:05.052757 np0000190788 devstack@neutron-api.service[102257]: INFO neutron.db.ovn_revision_numbers_db [None req-640abdac-b954-49c5-b778-361c9204a8b1 None None] Successfully bumped revision number for resource e6914e7b-16e7-40c6-af85-da72b32a4d1d (type: router_ports) to 2
Aug 24 08:58:05.063949 np0000190788 devstack@neutron-api.service[102257]: DEBUG neutron.plugins.ml2.drivers.ovn.mech_driver.ovsdb.ovsdb_monitor [None req-513fe162-3a5a-4a41-9659-5842b6ed97ad None None] Touching Hash Ring node "72e9a204dd0952d29ec8adf5df9cbfbf" from IDL notify handler {{(pid=102257) notify /opt/stack/neutron/neutron/plugins/ml2/drivers/ovn/mech_driver/ovsdb/ovsdb_monitor.py:1091}}
Aug 24 08:58:05.064517 np0000190788 devstack@neutron-api.service[102258]: DEBUG neutron.plugins.ml2.drivers.ovn.mech_driver.ovsdb.ovsdb_monitor [None req-0315e557-ca77-41ff-a378-6a6b9e67da59 None None] Touching Hash Ring node "f8cafa5c992a5fe2816b1540410b0d50" from IDL notify handler {{(pid=102258) notify /opt/stack/neutron/neutron/plugins/ml2/drivers/ovn/mech_driver/ovsdb/ovsdb_monitor.py:1091}}
Aug 24 08:58:05.068437 np0000190788 devstack@neutron-api.service[102258]: DEBUG neutron.plugins.ml2.drivers.ovn.mech_driver.ovsdb.ovsdb_monitor [None req-0315e557-ca77-41ff-a378-6a6b9e67da59 None None] Hash Ring: Node f8cafa5c992a5fe2816b1540410b0d50 (host: np0000190788) handling event "delete" for row 6038c898-3d71-4bb9-906d-a93e222bd881 (table: ACL) {{(pid=102258) notify /opt/stack/neutron/neutron/plugins/ml2/drivers/ovn/mech_driver/ovsdb/ovsdb_monitor.py:1099}}
Aug 24 08:58:05.068727 np0000190788 devstack@neutron-api.service[102257]: DEBUG neutron.plugins.ml2.drivers.ovn.mech_driver.ovsdb.ovsdb_monitor [None req-513fe162-3a5a-4a41-9659-5842b6ed97ad None None] Hash Ring: Node 72e9a204dd0952d29ec8adf5df9cbfbf (host: np0000190788) handling event "delete" for row 6038c898-3d71-4bb9-906d-a93e222bd881 (table: ACL) {{(pid=102257) notify /opt/stack/neutron/neutron/plugins/ml2/drivers/ovn/mech_driver/ovsdb/ovsdb_monitor.py:1099}}
Aug 24 08:58:05.069762 np0000190788 devstack@neutron-api.service[102257]: DEBUG neutron.plugins.ml2.drivers.ovn.mech_driver.ovsdb.ovsdb_monitor [None req-513fe162-3a5a-4a41-9659-5842b6ed97ad None None] Touching Hash Ring node "72e9a204dd0952d29ec8adf5df9cbfbf" from IDL notify handler {{(pid=102257) notify /opt/stack/neutron/neutron/plugins/ml2/drivers/ovn/mech_driver/ovsdb/ovsdb_monitor.py:1091}}
Aug 24 08:58:05.070142 np0000190788 devstack@neutron-api.service[102258]: DEBUG neutron.plugins.ml2.drivers.ovn.mech_driver.ovsdb.ovsdb_monitor [None req-0315e557-ca77-41ff-a378-6a6b9e67da59 None None] Touching Hash Ring node "f8cafa5c992a5fe2816b1540410b0d50" from IDL notify handler {{(pid=102258) notify /opt/stack/neutron/neutron/plugins/ml2/drivers/ovn/mech_driver/ovsdb/ovsdb_monitor.py:1091}}
Aug 24 08:58:05.072374 np0000190788 devstack@neutron-api.service[102257]: DEBUG neutron.plugins.ml2.drivers.ovn.mech_driver.ovsdb.ovsdb_monitor [None req-513fe162-3a5a-4a41-9659-5842b6ed97ad None None] Hash Ring: Node 72e9a204dd0952d29ec8adf5df9cbfbf (host: np0000190788) handling event "delete" for row 70c06f14-d054-4e26-8b1e-6bb5c0139e3f (table: ACL) {{(pid=102257) notify /opt/stack/neutron/neutron/plugins/ml2/drivers/ovn/mech_driver/ovsdb/ovsdb_monitor.py:1099}}
Aug 24 08:58:05.073829 np0000190788 devstack@neutron-api.service[102257]: DEBUG neutron.plugins.ml2.drivers.ovn.mech_driver.ovsdb.ovsdb_monitor [None req-513fe162-3a5a-4a41-9659-5842b6ed97ad None None] Touching Hash Ring node "72e9a204dd0952d29ec8adf5df9cbfbf" from IDL notify handler {{(pid=102257) notify /opt/stack/neutron/neutron/plugins/ml2/drivers/ovn/mech_driver/ovsdb/ovsdb_monitor.py:1091}}
Aug 24 08:58:05.074047 np0000190788 devstack@neutron-api.service[102258]: DEBUG neutron.plugins.ml2.drivers.ovn.mech_driver.ovsdb.ovsdb_monitor [None req-0315e557-ca77-41ff-a378-6a6b9e67da59 None None] Hash Ring: Node f8cafa5c992a5fe2816b1540410b0d50 (host: np0000190788) handling event "delete" for row 70c06f14-d054-4e26-8b1e-6bb5c0139e3f (table: ACL) {{(pid=102258) notify /opt/stack/neutron/neutron/plugins/ml2/drivers/ovn/mech_driver/ovsdb/ovsdb_monitor.py:1099}}
Aug 24 08:58:05.076671 np0000190788 devstack@neutron-api.service[102257]: DEBUG neutron.plugins.ml2.drivers.ovn.mech_driver.ovsdb.ovsdb_monitor [None req-513fe162-3a5a-4a41-9659-5842b6ed97ad None None] Hash Ring: Node 72e9a204dd0952d29ec8adf5df9cbfbf (host: np0000190788) handling event "delete" for row 8379443a-c766-4eab-a371-62951c071e5e (table: Port_Group) {{(pid=102257) notify /opt/stack/neutron/neutron/plugins/ml2/drivers/ovn/mech_driver/ovsdb/ovsdb_monitor.py:1099}}
Aug 24 08:58:05.095044 np0000190788 devstack@neutron-api.service[102258]: DEBUG neutron.plugins.ml2.plugin [None req-0b9c40e0-61b3-425c-92b5-51d8102d06ea None None] Current status of the port e6914e7b-16e7-40c6-af85-da72b32a4d1d is: ACTIVE; New status is: ACTIVE {{(pid=102258) _update_individual_port_db_status /opt/stack/neutron/neutron/plugins/ml2/plugin.py:2473}}
Aug 24 08:58:05.178610 np0000190788 devstack@neutron-api.service[102258]: DEBUG ovsdbapp.backend.ovs_idl.transaction [None req-0315e557-ca77-41ff-a378-6a6b9e67da59 None None] Running txn 83400618 n=1 command(idx=0): CheckRevisionNumberCommand(_result=None, name=lrp-e6914e7b-16e7-40c6-af85-da72b32a4d1d, resource={'id': 'e6914e7b-16e7-40c6-af85-da72b32a4d1d', 'name': '', 'network_id': '1cf27be6-9357-444e-ad61-c770741bac59', 'project_id': 'a11ea65861934a19ac042536740bbeaa', 'mac_address': 'fa:16:3e:fa:49:70', 'admin_state_up': True, 'status': 'ACTIVE', 'device_id': '85041d97-5164-4084-a36c-99b1cdfd174e', 'device_owner': 'network:router_interface', 'standard_attr_id': 24, 'fixed_ips': [{'subnet_id': '9e34a1f9-92da-4a0a-92bf-92456f6c25b8', 'ip_address': 'fd12:58cc:c372::1'}], 'allowed_address_pairs': [], 'extra_dhcp_opts': [], 'security_groups': [], 'description': '', 'binding:vnic_type': 'normal', 'binding:profile': {}, 'binding:host_id': '', 'binding:vif_type': 'unbound', 'binding:vif_details': {}, 'port_security_enabled': False, 'tags': [], 'created_at': '2026-08-24T08:58:03Z', 'updated_at': '2026-08-24T08:58:04Z', 'revision_number': 2, 'tenant_id': 'a11ea65861934a19ac042536740bbeaa'}, resource_type=router_ports, if_exists=True) {{(pid=102258) do_commit /opt/stack/data/venv/lib/python3.12/site-packages/ovsdbapp/backend/ovs_idl/transaction.py:91}}
Aug 24 08:58:05.178871 np0000190788 devstack@neutron-api.service[102258]: DEBUG ovsdbapp.backend.ovs_idl.transaction [None req-0315e557-ca77-41ff-a378-6a6b9e67da59 None None] Running txn 83400618 n=1 command(idx=1): UpdateLRouterPortCommand(_result=None, name=lrp-e6914e7b-16e7-40c6-af85-da72b32a4d1d, columns={'external_ids': {'neutron:revision_number': '2', 'neutron:subnet_ids': '9e34a1f9-92da-4a0a-92bf-92456f6c25b8', 'neutron:network_name': 'neutron-1cf27be6-9357-444e-ad61-c770741bac59', 'neutron:is_ext_gw': 'False', 'neutron:router_name': 'neutron-85041d97-5164-4084-a36c-99b1cdfd174e'}, 'options': {}, 'networks': ['fd12:58cc:c372::1/64'], 'ipv6_ra_configs': {'address_mode': 'slaac', 'send_periodic': 'true', 'mtu': '1372', 'route_info': 'MEDIUM-fe80::a9fe:a9fe/128'}}, if_exists=False) {{(pid=102258) do_commit /opt/stack/data/venv/lib/python3.12/site-packages/ovsdbapp/backend/ovs_idl/transaction.py:91}}
Aug 24 08:58:05.179475 np0000190788 devstack@neutron-api.service[102258]: DEBUG ovsdbapp.backend.ovs_idl.transaction [None req-0315e557-ca77-41ff-a378-6a6b9e67da59 None None] Running txn 83400618 n=1 command(idx=2): SetLRouterPortInLSwitchPortCommand(_result=None, lswitch_port=e6914e7b-16e7-40c6-af85-da72b32a4d1d, lrouter_port=lrp-e6914e7b-16e7-40c6-af85-da72b32a4d1d, is_gw_port=False, if_exists=True, lsp_address=router) {{(pid=102258) do_commit /opt/stack/data/venv/lib/python3.12/site-packages/ovsdbapp/backend/ovs_idl/transaction.py:91}}
Aug 24 08:58:05.180428 np0000190788 devstack@neutron-api.service[102258]: DEBUG ovsdbapp.backend.ovs_idl.transaction [None req-0315e557-ca77-41ff-a378-6a6b9e67da59 None None] txn 83400618 caused no change {{(pid=102258) do_commit /opt/stack/data/venv/lib/python3.12/site-packages/ovsdbapp/backend/ovs_idl/transaction.py:135}}
Aug 24 08:58:05.194976 np0000190788 devstack@neutron-api.service[102257]: DEBUG neutron.pecan_wsgi.hooks.policy_enforcement [None req-21bf17c6-9dbc-48cf-8e32-bb84e7ad327d admin admin] Attributes excluded by policy engine: ['standard_attr_id'] {{(pid=102257) _exclude_attributes_by_policy /opt/stack/neutron/neutron/pecan_wsgi/hooks/policy_enforcement.py:259}}
Aug 24 08:58:05.196420 np0000190788 devstack@neutron-api.service[102257]: [pid: 102257|app: 0|req: 9/30] 199.204.45.74 () {64 vars in 1408 bytes} [Mon Aug 24 08:58:05 2026] GET /networking/v2.0/networks/31bc79e2-19c5-471a-be13-37345203c973 => generated 717 bytes in 40 msecs (HTTP/1.1 200) 4 headers in 157 bytes (1 switches on core 0)
Aug 24 08:58:05.217081 np0000190788 devstack@neutron-api.service[102257]: DEBUG neutron.plugins.ml2.drivers.ovn.mech_driver.ovsdb.ovsdb_monitor [None req-513fe162-3a5a-4a41-9659-5842b6ed97ad None None] Touching Hash Ring node "72e9a204dd0952d29ec8adf5df9cbfbf" from IDL notify handler {{(pid=102257) notify /opt/stack/neutron/neutron/plugins/ml2/drivers/ovn/mech_driver/ovsdb/ovsdb_monitor.py:1091}}
Aug 24 08:58:05.217695 np0000190788 devstack@neutron-api.service[102259]: DEBUG neutron.plugins.ml2.drivers.ovn.mech_driver.ovsdb.ovsdb_monitor [None req-fde5da1c-218d-4ddc-aa90-954147421466 None None] Touching Hash Ring node "628d3adaa187580db8a4830ec74fe683" from IDL notify handler {{(pid=102259) notify /opt/stack/neutron/neutron/plugins/ml2/drivers/ovn/mech_driver/ovsdb/ovsdb_monitor.py:1091}}
Aug 24 08:58:05.221099 np0000190788 devstack@neutron-api.service[102257]: DEBUG neutron.plugins.ml2.drivers.ovn.mech_driver.ovsdb.ovsdb_monitor [None req-513fe162-3a5a-4a41-9659-5842b6ed97ad None None] Hash Ring: Node 72e9a204dd0952d29ec8adf5df9cbfbf (host: np0000190788) handling event "update" for row f0239840-c80d-481a-be61-8791d8445094 (table: NB_Global) {{(pid=102257) notify /opt/stack/neutron/neutron/plugins/ml2/drivers/ovn/mech_driver/ovsdb/ovsdb_monitor.py:1099}}
Aug 24 08:58:05.221405 np0000190788 devstack@neutron-api.service[102259]: DEBUG neutron.plugins.ml2.drivers.ovn.mech_driver.ovsdb.ovsdb_monitor [None req-fde5da1c-218d-4ddc-aa90-954147421466 None None] Hash Ring: Node 628d3adaa187580db8a4830ec74fe683 (host: np0000190788) handling event "update" for row f0239840-c80d-481a-be61-8791d8445094 (table: NB_Global) {{(pid=102259) notify /opt/stack/neutron/neutron/plugins/ml2/drivers/ovn/mech_driver/ovsdb/ovsdb_monitor.py:1099}}
Aug 24 08:58:05.222243 np0000190788 devstack@neutron-api.service[102257]: DEBUG neutron.plugins.ml2.drivers.ovn.mech_driver.ovsdb.ovsdb_monitor [None req-513fe162-3a5a-4a41-9659-5842b6ed97ad None None] Touching Hash Ring node "72e9a204dd0952d29ec8adf5df9cbfbf" from IDL notify handler {{(pid=102257) notify /opt/stack/neutron/neutron/plugins/ml2/drivers/ovn/mech_driver/ovsdb/ovsdb_monitor.py:1091}}
Aug 24 08:58:05.222954 np0000190788 devstack@neutron-api.service[102259]: DEBUG neutron.plugins.ml2.drivers.ovn.mech_driver.ovsdb.ovsdb_monitor [None req-fde5da1c-218d-4ddc-aa90-954147421466 None None] Touching Hash Ring node "628d3adaa187580db8a4830ec74fe683" from IDL notify handler {{(pid=102259) notify /opt/stack/neutron/neutron/plugins/ml2/drivers/ovn/mech_driver/ovsdb/ovsdb_monitor.py:1091}}
Aug 24 08:58:05.223203 np0000190788 devstack@neutron-api.service[102258]: DEBUG neutron.api.v2.base [None req-46a8da3c-ca79-49f1-837d-89112992f301 admin admin] Request body: {'subnet': {'network_id': '31bc79e2-19c5-471a-be13-37345203c973', 'enable_dhcp': False, 'gateway_ip': '2001:db8::2', 'ip_version': 6, 'name': 'ipv6-public-subnet', 'cidr': '2001:db8::/64'}} {{(pid=102258) prepare_request_body /opt/stack/neutron/neutron/api/v2/base.py:727}}
Aug 24 08:58:05.225276 np0000190788 devstack@neutron-api.service[102257]: DEBUG neutron.plugins.ml2.drivers.ovn.mech_driver.ovsdb.ovsdb_monitor [None req-513fe162-3a5a-4a41-9659-5842b6ed97ad None None] Hash Ring: Node 72e9a204dd0952d29ec8adf5df9cbfbf (host: np0000190788) handling event "update" for row f0239840-c80d-481a-be61-8791d8445094 (table: NB_Global) {{(pid=102257) notify /opt/stack/neutron/neutron/plugins/ml2/drivers/ovn/mech_driver/ovsdb/ovsdb_monitor.py:1099}}
Aug 24 08:58:05.225683 np0000190788 devstack@neutron-api.service[102259]: DEBUG neutron.plugins.ml2.drivers.ovn.mech_driver.ovsdb.ovsdb_monitor [None req-fde5da1c-218d-4ddc-aa90-954147421466 None None] Hash Ring: Node 628d3adaa187580db8a4830ec74fe683 (host: np0000190788) handling event "update" for row f0239840-c80d-481a-be61-8791d8445094 (table: NB_Global) {{(pid=102259) notify /opt/stack/neutron/neutron/plugins/ml2/drivers/ovn/mech_driver/ovsdb/ovsdb_monitor.py:1099}}
Aug 24 08:58:05.229791 np0000190788 devstack@neutron-api.service[102259]: DEBUG neutron.plugins.ml2.drivers.ovn.mech_driver.ovsdb.ovsdb_monitor [None req-fde5da1c-218d-4ddc-aa90-954147421466 None None] Touching Hash Ring node "628d3adaa187580db8a4830ec74fe683" from IDL notify handler {{(pid=102259) notify /opt/stack/neutron/neutron/plugins/ml2/drivers/ovn/mech_driver/ovsdb/ovsdb_monitor.py:1091}}
Aug 24 08:58:05.229931 np0000190788 devstack@neutron-api.service[102257]: DEBUG neutron.plugins.ml2.drivers.ovn.mech_driver.ovsdb.ovsdb_monitor [None req-513fe162-3a5a-4a41-9659-5842b6ed97ad None None] Touching Hash Ring node "72e9a204dd0952d29ec8adf5df9cbfbf" from IDL notify handler {{(pid=102257) notify /opt/stack/neutron/neutron/plugins/ml2/drivers/ovn/mech_driver/ovsdb/ovsdb_monitor.py:1091}}
Aug 24 08:58:05.232662 np0000190788 devstack@neutron-api.service[102259]: DEBUG neutron.plugins.ml2.drivers.ovn.mech_driver.ovsdb.ovsdb_monitor [None req-fde5da1c-218d-4ddc-aa90-954147421466 None None] Hash Ring: Node 628d3adaa187580db8a4830ec74fe683 (host: np0000190788) handling event "update" for row f0239840-c80d-481a-be61-8791d8445094 (table: NB_Global) {{(pid=102259) notify /opt/stack/neutron/neutron/plugins/ml2/drivers/ovn/mech_driver/ovsdb/ovsdb_monitor.py:1099}}
Aug 24 08:58:05.233190 np0000190788 devstack@neutron-api.service[102257]: DEBUG neutron.plugins.ml2.drivers.ovn.mech_driver.ovsdb.ovsdb_monitor [None req-513fe162-3a5a-4a41-9659-5842b6ed97ad None None] Hash Ring: Node 72e9a204dd0952d29ec8adf5df9cbfbf (host: np0000190788) handling event "update" for row f0239840-c80d-481a-be61-8791d8445094 (table: NB_Global) {{(pid=102257) notify /opt/stack/neutron/neutron/plugins/ml2/drivers/ovn/mech_driver/ovsdb/ovsdb_monitor.py:1099}}
Aug 24 08:58:05.242239 np0000190788 devstack@neutron-api.service[102258]: DEBUG neutron.pecan_wsgi.hooks.quota_enforcement [None req-46a8da3c-ca79-49f1-837d-89112992f301 admin admin] Made reservation on behalf of a11ea65861934a19ac042536740bbeaa for: {'subnet': 1} {{(pid=102258) before /opt/stack/neutron/neutron/pecan_wsgi/hooks/quota_enforcement.py:66}}
Aug 24 08:58:05.245689 np0000190788 devstack@neutron-api.service[102258]: DEBUG neutron_lib.callbacks.manager [None req-46a8da3c-ca79-49f1-837d-89112992f301 admin admin] Publish callbacks [] for subnet (None), before_create {{(pid=102258) _notify_loop /opt/stack/data/venv/lib/python3.12/site-packages/neutron_lib/callbacks/manager.py:184}}
Aug 24 08:58:05.331478 np0000190788 devstack@neutron-api.service[102258]: DEBUG neutron.db.ovn_revision_numbers_db [None req-46a8da3c-ca79-49f1-837d-89112992f301 admin admin] create_initial_revision uuid=8a357487-d5a1-4fa9-90b4-ac54f56d2500, type=subnets, rev=-1 {{(pid=102258) create_initial_revision /opt/stack/neutron/neutron/db/ovn_revision_numbers_db.py:98}}
Aug 24 08:58:05.417525 np0000190788 devstack@neutron-api.service[102258]: DEBUG neutron.objects.ports [None req-46a8da3c-ca79-49f1-837d-89112992f301 admin admin] Time-cost: Fetching 1 ports in 0 security groups {{(pid=102258) get_objects /opt/stack/neutron/neutron/objects/ports.py:506}}
Aug 24 08:58:05.586474 np0000190788 devstack@neutron-api.service[102258]: DEBUG neutron_lib.callbacks.manager [None req-46a8da3c-ca79-49f1-837d-89112992f301 admin admin] Publish callbacks [] for router_gateway (85041d97-5164-4084-a36c-99b1cdfd174e), precommit_update {{(pid=102258) _notify_loop /opt/stack/data/venv/lib/python3.12/site-packages/neutron_lib/callbacks/manager.py:184}}
Aug 24 08:58:05.621853 np0000190788 devstack@neutron-api.service[102258]: DEBUG neutron_lib.callbacks.manager [None req-46a8da3c-ca79-49f1-837d-89112992f301 admin admin] Publish callbacks [] for router_gateway (None), before_update {{(pid=102258) _notify_loop /opt/stack/data/venv/lib/python3.12/site-packages/neutron_lib/callbacks/manager.py:184}}
Aug 24 08:58:05.638457 np0000190788 devstack@neutron-api.service[102258]: DEBUG neutron_lib.callbacks.manager [None req-46a8da3c-ca79-49f1-837d-89112992f301 admin admin] Publish callbacks ['neutron.plugins.ml2.plugin.SecurityGroupDbMixin._ensure_default_security_group_handler-445922', 'neutron.services.ovn_l3.plugin.OVNL3RouterPlugin._port_update-8092414174692', 'neutron.db.l3_db.L3_NAT_dbonly_mixin._prevent_internal_ip_change_for_fip-8092415217888'] for port (032c72bf-d53e-403d-93d3-bdf4661b1dc2), before_update {{(pid=102258) _notify_loop /opt/stack/data/venv/lib/python3.12/site-packages/neutron_lib/callbacks/manager.py:184}}
Aug 24 08:58:05.708874 np0000190788 devstack@neutron-api.service[102258]: DEBUG neutron.db.db_base_plugin_common [None req-46a8da3c-ca79-49f1-837d-89112992f301 admin admin] Allocated IP 2001:db8::35d (31bc79e2-19c5-471a-be13-37345203c973/8a357487-d5a1-4fa9-90b4-ac54f56d2500/032c72bf-d53e-403d-93d3-bdf4661b1dc2) {{(pid=102258) _store_ip_allocation /opt/stack/neutron/neutron/db/db_base_plugin_common.py:131}}
Aug 24 08:58:05.755827 np0000190788 devstack@neutron-api.service[102258]: DEBUG neutron.plugins.ml2.db [None req-46a8da3c-ca79-49f1-837d-89112992f301 admin admin] For port 032c72bf-d53e-403d-93d3-bdf4661b1dc2, host np0000190788, got binding levels [PortBindingLevel(driver='ovn',host='np0000190788',level=0,port_id=032c72bf-d53e-403d-93d3-bdf4661b1dc2,segment=NetworkSegment(c87e096e-31b3-43a0-88a6-ad0f2e3b893a),segment_id=c87e096e-31b3-43a0-88a6-ad0f2e3b893a)] {{(pid=102258) get_binding_level_objs /opt/stack/neutron/neutron/plugins/ml2/db.py:74}}
Aug 24 08:58:05.781137 np0000190788 devstack@neutron-api.service[102258]: DEBUG neutron_lib.callbacks.manager [None req-46a8da3c-ca79-49f1-837d-89112992f301 admin admin] Publish callbacks [] for port (032c72bf-d53e-403d-93d3-bdf4661b1dc2), precommit_update {{(pid=102258) _notify_loop /opt/stack/data/venv/lib/python3.12/site-packages/neutron_lib/callbacks/manager.py:184}}
Aug 24 08:58:05.781358 np0000190788 devstack@neutron-api.service[102258]: DEBUG neutron.plugins.ml2.drivers.ovn.mech_driver.mech_driver [None req-46a8da3c-ca79-49f1-837d-89112992f301 admin admin] No provisioning block for port 032c72bf-d53e-403d-93d3-bdf4661b1dc2 since it is active {{(pid=102258) _is_port_provisioning_required /opt/stack/neutron/neutron/plugins/ml2/drivers/ovn/mech_driver/mech_driver.py:872}}
Aug 24 08:58:05.836428 np0000190788 devstack@neutron-api.service[102258]: DEBUG neutron_lib.callbacks.manager [None req-46a8da3c-ca79-49f1-837d-89112992f301 admin admin] Publish callbacks ['neutron.plugins.ml2.ovo_rpc._ObjectChangeHandler.handle_event-15983791', 'neutron.services.ovn_l3.plugin.OVNL3RouterPlugin._port_update-8092414174692'] for port (032c72bf-d53e-403d-93d3-bdf4661b1dc2), after_update {{(pid=102258) _notify_loop /opt/stack/data/venv/lib/python3.12/site-packages/neutron_lib/callbacks/manager.py:184}}
Aug 24 08:58:05.866938 np0000190788 devstack@neutron-api.service[102258]: DEBUG neutron.api.rpc.handlers.resources_rpc [None req-46a8da3c-ca79-49f1-837d-89112992f301 admin admin] Pushing event updated for resources: {'Port': ['ID=032c72bf-d53e-403d-93d3-bdf4661b1dc2,revision_number=6']} {{(pid=102258) push /opt/stack/neutron/neutron/api/rpc/handlers/resources_rpc.py:237}}
Aug 24 08:58:05.964366 np0000190788 devstack@neutron-api.service[102258]: DEBUG neutron.plugins.ml2.drivers.ovn.mech_driver.ovsdb.commands [None req-46a8da3c-ca79-49f1-837d-89112992f301 admin admin] Converting tag [] to a tag_request {{(pid=102258) _tag_column_to_tag_request /opt/stack/neutron/neutron/plugins/ml2/drivers/ovn/mech_driver/ovsdb/commands.py:227}}
Aug 24 08:58:05.968378 np0000190788 devstack@neutron-api.service[102258]: DEBUG ovsdbapp.backend.ovs_idl.transaction [None req-0315e557-ca77-41ff-a378-6a6b9e67da59 None None] Running txn 0af89095 n=1 command(idx=0): CheckRevisionNumberCommand(_result=None, name=032c72bf-d53e-403d-93d3-bdf4661b1dc2, resource={'id': '032c72bf-d53e-403d-93d3-bdf4661b1dc2', 'name': '', 'network_id': '31bc79e2-19c5-471a-be13-37345203c973', 'project_id': '', 'mac_address': 'fa:16:3e:18:66:3b', 'admin_state_up': True, 'status': 'ACTIVE', 'device_id': '85041d97-5164-4084-a36c-99b1cdfd174e', 'device_owner': 'network:router_gateway', 'standard_attr_id': 23, 'fixed_ips': [{'subnet_id': '0ea05668-cf96-41a9-b342-847fe0dce76e', 'ip_address': '172.24.5.138'}, {'subnet_id': '8a357487-d5a1-4fa9-90b4-ac54f56d2500', 'ip_address': '2001:db8::35d'}], 'allowed_address_pairs': [], 'extra_dhcp_opts': [], 'security_groups': [], 'description': '', 'binding:vnic_type': 'normal', 'binding:profile': {}, 'binding:host_id': 'np0000190788', 'binding:vif_type': 'ovs', 'binding:vif_details': {'port_filter': True, 'connectivity': 'l2', 'ovs_create_tap': True, 'bridge_name': 'br-int', 'datapath_type': 'system'}, 'port_security_enabled': False, 'tags': [], 'created_at': '2026-08-24T08:58:00Z', 'updated_at': '2026-08-24T08:58:05Z', 'revision_number': 6, 'tenant_id': '', 'network': {'id': '31bc79e2-19c5-471a-be13-37345203c973', 'name': 'public', 'tenant_id': 'a11ea65861934a19ac042536740bbeaa', 'project_id': 'a11ea65861934a19ac042536740bbeaa', 'admin_state_up': True, 'mtu': 1430, 'status': 'ACTIVE', 'subnets': ['0ea05668-cf96-41a9-b342-847fe0dce76e', '8a357487-d5a1-4fa9-90b4-ac54f56d2500'], 'standard_attr_id': 18, 'shared': False, 'availability_zone_hints': [], 'availability_zones': [], 'ipv4_address_scope': None, 'ipv6_address_scope': None, 'router:external': True, 'qinq': False, 'vlan_transparent': False, 'description': '', 'port_security_enabled': True, 'is_default': True, 'tags': [], 'created_at': '2026-08-24T08:57:56Z', 'updated_at': '2026-08-24T08:58:05Z', 'revision_number': 3, 'provider:network_type': 'flat', 'provider:physical_network': 'public', 'provider:segmentation_id': None}}, resource_type=ports, if_exists=True) {{(pid=102258) do_commit /opt/stack/data/venv/lib/python3.12/site-packages/ovsdbapp/backend/ovs_idl/transaction.py:91}}
Aug 24 08:58:05.969393 np0000190788 devstack@neutron-api.service[102258]: DEBUG ovsdbapp.backend.ovs_idl.transaction [None req-0315e557-ca77-41ff-a378-6a6b9e67da59 None None] Running txn 0af89095 n=1 command(idx=1): SetLSwitchPortCommand(_result=None, lport=032c72bf-d53e-403d-93d3-bdf4661b1dc2, external_ids_update=None, columns={'external_ids': {'neutron:port_name': '', 'neutron:device_id': '85041d97-5164-4084-a36c-99b1cdfd174e', 'neutron:project_id': '', 'neutron:cidrs': '172.24.5.138/24 2001:db8::35d/64', 'neutron:device_owner': 'network:router_gateway', 'neutron:subnet_pool_addr_scope4': '', 'neutron:subnet_pool_addr_scope6': '', 'neutron:network_name': 'neutron-31bc79e2-19c5-471a-be13-37345203c973', 'neutron:security_group_ids': '', 'neutron:revision_number': '6', 'neutron:vnic_type': 'normal', 'neutron:port_capabilities': '', 'neutron:mtu': '', 'neutron:host_id': 'np0000190788'}, 'parent_name': [], 'options': {'requested-chassis': 'np0000190788', 'exclude-lb-vips-from-garp': 'true', 'nat-addresses': 'router', 'router-port': 'lrp-032c72bf-d53e-403d-93d3-bdf4661b1dc2'}, 'enabled': True, 'port_security': [], 'dhcpv4_options': [], 'dhcpv6_options': [], 'type': 'router', 'ha_chassis_group': [], 'tag_request': []}, if_exists=False) {{(pid=102258) do_commit /opt/stack/data/venv/lib/python3.12/site-packages/ovsdbapp/backend/ovs_idl/transaction.py:91}}
Aug 24 08:58:05.971474 np0000190788 devstack@neutron-api.service[102258]: DEBUG ovsdbapp.backend.ovs_idl.transaction [None req-0315e557-ca77-41ff-a378-6a6b9e67da59 None None] Running txn 0af89095 n=1 command(idx=2): PgDelPortCommand(_result=None, port_group=neutron_pg_drop, lsp=['032c72bf-d53e-403d-93d3-bdf4661b1dc2'], if_exists=False) {{(pid=102258) do_commit /opt/stack/data/venv/lib/python3.12/site-packages/ovsdbapp/backend/ovs_idl/transaction.py:91}}
Aug 24 08:58:05.976027 np0000190788 devstack@neutron-api.service[102258]: DEBUG ovsdbapp.backend.ovs_idl.transaction [None req-0315e557-ca77-41ff-a378-6a6b9e67da59 None None] txn 0af89095 succeeded {{(pid=102258) do_commit /opt/stack/data/venv/lib/python3.12/site-packages/ovsdbapp/backend/ovs_idl/transaction.py:137}}
Aug 24 08:58:05.977380 np0000190788 devstack@neutron-api.service[102260]: DEBUG neutron.plugins.ml2.drivers.ovn.mech_driver.ovsdb.ovsdb_monitor [None req-ecf2bb82-8f6f-445e-9369-c0e121a7cbce None None] Touching Hash Ring node "f5c4d17686a65fac8841eb7dafcbcd3f" from IDL notify handler {{(pid=102260) notify /opt/stack/neutron/neutron/plugins/ml2/drivers/ovn/mech_driver/ovsdb/ovsdb_monitor.py:1091}}
Aug 24 08:58:05.978030 np0000190788 devstack@neutron-api.service[102257]: DEBUG neutron.plugins.ml2.drivers.ovn.mech_driver.ovsdb.ovsdb_monitor [None req-513fe162-3a5a-4a41-9659-5842b6ed97ad None None] Touching Hash Ring node "72e9a204dd0952d29ec8adf5df9cbfbf" from IDL notify handler {{(pid=102257) notify /opt/stack/neutron/neutron/plugins/ml2/drivers/ovn/mech_driver/ovsdb/ovsdb_monitor.py:1091}}
Aug 24 08:58:05.980838 np0000190788 devstack@neutron-api.service[102259]: DEBUG neutron.plugins.ml2.drivers.ovn.mech_driver.ovsdb.ovsdb_monitor [None req-a0ee0118-3712-4c77-a238-09e83d2e4c9b None None] Touching Hash Ring node "628d3adaa187580db8a4830ec74fe683" from IDL notify handler {{(pid=102259) notify /opt/stack/neutron/neutron/plugins/ml2/drivers/ovn/mech_driver/ovsdb/ovsdb_monitor.py:1091}}
Aug 24 08:58:05.984393 np0000190788 devstack@neutron-api.service[102257]: DEBUG neutron.plugins.ml2.drivers.ovn.mech_driver.ovsdb.ovsdb_monitor [None req-22e658db-bb33-43a3-a7f7-9daab02aa090 None None] Touching Hash Ring node "72e9a204dd0952d29ec8adf5df9cbfbf" from IDL notify handler {{(pid=102257) notify /opt/stack/neutron/neutron/plugins/ml2/drivers/ovn/mech_driver/ovsdb/ovsdb_monitor.py:1091}}
Aug 24 08:58:05.986872 np0000190788 devstack@neutron-api.service[102260]: DEBUG neutron.plugins.ml2.drivers.ovn.mech_driver.ovsdb.ovsdb_monitor [None req-ecf2bb82-8f6f-445e-9369-c0e121a7cbce None None] Hash Ring: Node f5c4d17686a65fac8841eb7dafcbcd3f (host: np0000190788) handling event "update" for row ddd5f3f1-0e76-49ef-85ab-886e48241e23 (table: Logical_Switch_Port) {{(pid=102260) notify /opt/stack/neutron/neutron/plugins/ml2/drivers/ovn/mech_driver/ovsdb/ovsdb_monitor.py:1099}}
Aug 24 08:58:05.989044 np0000190788 devstack@neutron-api.service[102259]: DEBUG neutron.plugins.ml2.drivers.ovn.mech_driver.ovsdb.ovsdb_monitor [None req-a0ee0118-3712-4c77-a238-09e83d2e4c9b None None] Hash Ring: Node 628d3adaa187580db8a4830ec74fe683 (host: np0000190788) handling event "update" for row 351fcc0f-6023-4546-a49d-5c1a55835042 (table: Port_Binding) {{(pid=102259) notify /opt/stack/neutron/neutron/plugins/ml2/drivers/ovn/mech_driver/ovsdb/ovsdb_monitor.py:1099}}
Aug 24 08:58:05.989568 np0000190788 devstack@neutron-api.service[102257]: DEBUG neutron.plugins.ml2.drivers.ovn.mech_driver.ovsdb.ovsdb_monitor [None req-513fe162-3a5a-4a41-9659-5842b6ed97ad None None] Hash Ring: Node 72e9a204dd0952d29ec8adf5df9cbfbf (host: np0000190788) handling event "update" for row ddd5f3f1-0e76-49ef-85ab-886e48241e23 (table: Logical_Switch_Port) {{(pid=102257) notify /opt/stack/neutron/neutron/plugins/ml2/drivers/ovn/mech_driver/ovsdb/ovsdb_monitor.py:1099}}
Aug 24 08:58:05.991040 np0000190788 devstack@neutron-api.service[102257]: DEBUG neutron.plugins.ml2.drivers.ovn.mech_driver.ovsdb.ovsdb_monitor [None req-22e658db-bb33-43a3-a7f7-9daab02aa090 None None] Hash Ring: Node 72e9a204dd0952d29ec8adf5df9cbfbf (host: np0000190788) handling event "update" for row 351fcc0f-6023-4546-a49d-5c1a55835042 (table: Port_Binding) {{(pid=102257) notify /opt/stack/neutron/neutron/plugins/ml2/drivers/ovn/mech_driver/ovsdb/ovsdb_monitor.py:1099}}
Aug 24 08:58:06.006592 np0000190788 devstack@neutron-api.service[102258]: INFO neutron.db.ovn_revision_numbers_db [None req-46a8da3c-ca79-49f1-837d-89112992f301 admin admin] Successfully bumped revision number for resource 032c72bf-d53e-403d-93d3-bdf4661b1dc2 (type: ports) to 6
Aug 24 08:58:06.174218 np0000190788 devstack@neutron-api.service[102258]: DEBUG neutron_lib.callbacks.manager [None req-46a8da3c-ca79-49f1-837d-89112992f301 admin admin] Publish callbacks ['neutron.services.ovn_l3.plugin.ExtraGatewaysDbOnlyMixin._process_bfd_ecmp_update-698380', 'neutron.services.ovn_l3.service_providers.driver_controller.DriverController._update_router_provider-2053'] for router (85041d97-5164-4084-a36c-99b1cdfd174e), precommit_update {{(pid=102258) _notify_loop /opt/stack/data/venv/lib/python3.12/site-packages/neutron_lib/callbacks/manager.py:184}}
Aug 24 08:58:06.178005 np0000190788 devstack@neutron-api.service[102258]: DEBUG neutron_lib.callbacks.manager [None req-46a8da3c-ca79-49f1-837d-89112992f301 admin admin] Publish callbacks ['neutron.services.ovn_l3.service_providers.ovn.OvnDriver._process_router_update-10694'] for router (85041d97-5164-4084-a36c-99b1cdfd174e), after_update {{(pid=102258) _notify_loop /opt/stack/data/venv/lib/python3.12/site-packages/neutron_lib/callbacks/manager.py:184}}
Aug 24 08:58:06.459225 np0000190788 devstack@neutron-api.service[102258]: DEBUG ovsdbapp.backend.ovs_idl.transaction [None req-0315e557-ca77-41ff-a378-6a6b9e67da59 None None] Running txn 5c9911e5 n=1 command(idx=0): CheckRevisionNumberCommand(_result=None, name=neutron-85041d97-5164-4084-a36c-99b1cdfd174e, resource={'id': '85041d97-5164-4084-a36c-99b1cdfd174e', 'name': 'router1', 'project_id': 'a11ea65861934a19ac042536740bbeaa', 'admin_state_up': True, 'status': 'ACTIVE', 'enable_snat': True, 'external_gateway_info': {'network_id': '31bc79e2-19c5-471a-be13-37345203c973', 'external_fixed_ips': [{'subnet_id': '0ea05668-cf96-41a9-b342-847fe0dce76e', 'ip_address': '172.24.5.138'}, {'subnet_id': '8a357487-d5a1-4fa9-90b4-ac54f56d2500', 'ip_address': '2001:db8::35d'}], 'enable_snat': True}, 'gw_port_id': '032c72bf-d53e-403d-93d3-bdf4661b1dc2', 'description': '', 'availability_zones': [], 'distributed': False, 'ha': True, 'ha_vr_id': 0, 'availability_zone_hints': [], 'enable_default_route_ecmp': False, 'enable_default_route_bfd': False, 'external_gateways': [{'network_id': '31bc79e2-19c5-471a-be13-37345203c973', 'external_fixed_ips': [{'ip_address': '172.24.5.138', 'subnet_id': '0ea05668-cf96-41a9-b342-847fe0dce76e'}, {'ip_address': '2001:db8::35d', 'subnet_id': '8a357487-d5a1-4fa9-90b4-ac54f56d2500'}]}], 'routes': [], 'flavor_id': None, 'tags': [], 'created_at': '2026-08-24T08:57:55Z', 'updated_at': '2026-08-24T08:58:05Z', 'revision_number': 4, 'tenant_id': 'a11ea65861934a19ac042536740bbeaa'}, resource_type=routers, if_exists=True) {{(pid=102258) do_commit /opt/stack/data/venv/lib/python3.12/site-packages/ovsdbapp/backend/ovs_idl/transaction.py:91}}
Aug 24 08:58:06.460109 np0000190788 devstack@neutron-api.service[102258]: DEBUG ovsdbapp.backend.ovs_idl.transaction [None req-0315e557-ca77-41ff-a378-6a6b9e67da59 None None] Running txn 5c9911e5 n=1 command(idx=1): DeleteLRouterExtGwCommand(_result=None, lrouter=neutron-85041d97-5164-4084-a36c-99b1cdfd174e, if_exists=True, maintain_bfd=True) {{(pid=102258) do_commit /opt/stack/data/venv/lib/python3.12/site-packages/ovsdbapp/backend/ovs_idl/transaction.py:91}}
Aug 24 08:58:06.460960 np0000190788 devstack@neutron-api.service[102258]: DEBUG ovsdbapp.backend.ovs_idl.transaction [None req-0315e557-ca77-41ff-a378-6a6b9e67da59 None None] Running txn 5c9911e5 n=1 command(idx=2): DeleteNATRuleInLRouterCommand(_result=None, lrouter=neutron-85041d97-5164-4084-a36c-99b1cdfd174e, type=snat, logical_ip=0.0.0.0/0, external_ip=172.24.5.138, if_exists=True) {{(pid=102258) do_commit /opt/stack/data/venv/lib/python3.12/site-packages/ovsdbapp/backend/ovs_idl/transaction.py:91}}
Aug 24 08:58:06.461280 np0000190788 devstack@neutron-api.service[102258]: DEBUG ovsdbapp.backend.ovs_idl.transaction [None req-0315e557-ca77-41ff-a378-6a6b9e67da59 None None] Running txn 5c9911e5 n=1 command(idx=3): DelStaticRoutesCommand(_result=None, lrouter=neutron-85041d97-5164-4084-a36c-99b1cdfd174e, routes=[('0.0.0.0/0', '172.24.5.1'), ('::/0', '2001:db8::2')], if_exists=True) {{(pid=102258) do_commit /opt/stack/data/venv/lib/python3.12/site-packages/ovsdbapp/backend/ovs_idl/transaction.py:91}}
Aug 24 08:58:06.461629 np0000190788 devstack@neutron-api.service[102258]: DEBUG ovsdbapp.backend.ovs_idl.transaction [None req-0315e557-ca77-41ff-a378-6a6b9e67da59 None None] Running txn 5c9911e5 n=1 command(idx=4): DelLRouterPortCommand(_result=None, name=lrp-032c72bf-d53e-403d-93d3-bdf4661b1dc2, lrouter=neutron-85041d97-5164-4084-a36c-99b1cdfd174e, if_exists=True) {{(pid=102258) do_commit /opt/stack/data/venv/lib/python3.12/site-packages/ovsdbapp/backend/ovs_idl/transaction.py:91}}
Aug 24 08:58:06.461935 np0000190788 devstack@neutron-api.service[102258]: DEBUG ovsdbapp.backend.ovs_idl.transaction [None req-0315e557-ca77-41ff-a378-6a6b9e67da59 None None] Running txn 5c9911e5 n=1 command(idx=5): AddLRouterPortCommand(_result=None, name=lrp-032c72bf-d53e-403d-93d3-bdf4661b1dc2, lrouter=neutron-85041d97-5164-4084-a36c-99b1cdfd174e, may_exist=True, columns={'mac': 'fa:16:3e:18:66:3b', 'networks': ['172.24.5.138/24', '2001:db8::35d/64'], 'external_ids': {'neutron:revision_number': '6', 'neutron:subnet_ids': '0ea05668-cf96-41a9-b342-847fe0dce76e 8a357487-d5a1-4fa9-90b4-ac54f56d2500', 'neutron:network_name': 'neutron-31bc79e2-19c5-471a-be13-37345203c973', 'neutron:is_ext_gw': 'True', 'neutron:router_name': 'neutron-85041d97-5164-4084-a36c-99b1cdfd174e'}, 'options': {'reside-on-redirect-chassis': 'true', 'gateway_mtu': '1372'}}) {{(pid=102258) do_commit /opt/stack/data/venv/lib/python3.12/site-packages/ovsdbapp/backend/ovs_idl/transaction.py:91}}
Aug 24 08:58:06.462678 np0000190788 devstack@neutron-api.service[102258]: DEBUG ovsdbapp.backend.ovs_idl.transaction [None req-0315e557-ca77-41ff-a378-6a6b9e67da59 None None] Running txn 5c9911e5 n=1 command(idx=6): ScheduleNewGatewayCommand(_result=None, g_name=lrp-032c72bf-d53e-403d-93d3-bdf4661b1dc2, sb_api=, lrouter_name=neutron-85041d97-5164-4084-a36c-99b1cdfd174e, ovn_client=, scheduler=, physnet=public, az_hints=[]) {{(pid=102258) do_commit /opt/stack/data/venv/lib/python3.12/site-packages/ovsdbapp/backend/ovs_idl/transaction.py:91}}
Aug 24 08:58:06.463720 np0000190788 devstack@neutron-api.service[102258]: DEBUG neutron.plugins.ml2.drivers.ovn.mech_driver.ovsdb.ovn_client [None req-0315e557-ca77-41ff-a378-6a6b9e67da59 None None] Chassis candidates for scheduling gateway router ports for "public" physical network: ['2820e675-7972-4031-8d16-41dc80358986'] {{(pid=102258) get_candidates_for_scheduling /opt/stack/neutron/neutron/plugins/ml2/drivers/ovn/mech_driver/ovsdb/ovn_client.py:1785}}
Aug 24 08:58:06.464546 np0000190788 devstack@neutron-api.service[102258]: DEBUG neutron.scheduler.l3_ovn_scheduler [None req-0315e557-ca77-41ff-a378-6a6b9e67da59 None None] Gateway lrp-032c72bf-d53e-403d-93d3-bdf4661b1dc2 scheduled on chassis ['2820e675-7972-4031-8d16-41dc80358986'] {{(pid=102258) _schedule_gateway /opt/stack/neutron/neutron/scheduler/l3_ovn_scheduler.py:88}}
Aug 24 08:58:06.464873 np0000190788 devstack@neutron-api.service[102258]: DEBUG ovsdbapp.backend.ovs_idl.transaction [None req-0315e557-ca77-41ff-a378-6a6b9e67da59 None None] Running txn 5c9911e5 n=1 command(idx=7): SetLRouterPortInLSwitchPortCommand(_result=None, lswitch_port=032c72bf-d53e-403d-93d3-bdf4661b1dc2, lrouter_port=lrp-032c72bf-d53e-403d-93d3-bdf4661b1dc2, is_gw_port=True, if_exists=True, lsp_address=router) {{(pid=102258) do_commit /opt/stack/data/venv/lib/python3.12/site-packages/ovsdbapp/backend/ovs_idl/transaction.py:91}}
Aug 24 08:58:06.465195 np0000190788 devstack@neutron-api.service[102258]: DEBUG ovsdbapp.backend.ovs_idl.transaction [None req-0315e557-ca77-41ff-a378-6a6b9e67da59 None None] Running txn 5c9911e5 n=1 command(idx=8): AddStaticRouteCommand(_result=None, lrouter=neutron-85041d97-5164-4084-a36c-99b1cdfd174e, maintain_bfd=False, columns={'ip_prefix': '0.0.0.0/0', 'nexthop': '172.24.5.1', 'external_ids': {'neutron:is_ext_gw': 'true', 'neutron:subnet_id': '0ea05668-cf96-41a9-b342-847fe0dce76e', 'neutron:is_static_route': 'true'}}) {{(pid=102258) do_commit /opt/stack/data/venv/lib/python3.12/site-packages/ovsdbapp/backend/ovs_idl/transaction.py:91}}
Aug 24 08:58:06.465473 np0000190788 devstack@neutron-api.service[102258]: DEBUG ovsdbapp.backend.ovs_idl.transaction [None req-0315e557-ca77-41ff-a378-6a6b9e67da59 None None] Running txn 5c9911e5 n=1 command(idx=9): AddStaticRouteCommand(_result=None, lrouter=neutron-85041d97-5164-4084-a36c-99b1cdfd174e, maintain_bfd=False, columns={'ip_prefix': '::/0', 'nexthop': '2001:db8::2', 'external_ids': {'neutron:is_ext_gw': 'true', 'neutron:subnet_id': '8a357487-d5a1-4fa9-90b4-ac54f56d2500', 'neutron:is_static_route': 'true'}}) {{(pid=102258) do_commit /opt/stack/data/venv/lib/python3.12/site-packages/ovsdbapp/backend/ovs_idl/transaction.py:91}}
Aug 24 08:58:06.465752 np0000190788 devstack@neutron-api.service[102258]: DEBUG ovsdbapp.backend.ovs_idl.transaction [None req-0315e557-ca77-41ff-a378-6a6b9e67da59 None None] Running txn 5c9911e5 n=1 command(idx=10): AddNATRuleInLRouterCommand(_result=None, lrouter=neutron-85041d97-5164-4084-a36c-99b1cdfd174e, nat_uuid=None, columns={'type': 'snat', 'logical_ip': '0.0.0.0/0', 'external_ip': '172.24.5.138'}) {{(pid=102258) do_commit /opt/stack/data/venv/lib/python3.12/site-packages/ovsdbapp/backend/ovs_idl/transaction.py:91}}
Aug 24 08:58:06.466007 np0000190788 devstack@neutron-api.service[102258]: DEBUG ovsdbapp.backend.ovs_idl.transaction [None req-0315e557-ca77-41ff-a378-6a6b9e67da59 None None] Running txn 5c9911e5 n=1 command(idx=11): UpdateLRouterCommand(_result=None, name=neutron-85041d97-5164-4084-a36c-99b1cdfd174e, columns={'external_ids': {'neutron:router_name': 'router1', 'neutron:revision_number': '4', 'neutron:availability_zone_hints': ''}, 'enabled': True}, if_exists=True) {{(pid=102258) do_commit /opt/stack/data/venv/lib/python3.12/site-packages/ovsdbapp/backend/ovs_idl/transaction.py:91}}
Aug 24 08:58:06.466282 np0000190788 devstack@neutron-api.service[102258]: DEBUG ovsdbapp.backend.ovs_idl.transaction [None req-0315e557-ca77-41ff-a378-6a6b9e67da59 None None] Running txn 5c9911e5 n=1 command(idx=12): QoSDelCommand(_result=None, switch=neutron-31bc79e2-19c5-471a-be13-37345203c973, conditions=[('direction', '=', 'from-lport'), ('priority', '=', 2002), ('match', '=', 'inport == "032c72bf-d53e-403d-93d3-bdf4661b1dc2"')], if_exists=True) {{(pid=102258) do_commit /opt/stack/data/venv/lib/python3.12/site-packages/ovsdbapp/backend/ovs_idl/transaction.py:91}}
Aug 24 08:58:06.466512 np0000190788 devstack@neutron-api.service[102258]: DEBUG ovsdbapp.backend.ovs_idl.transaction [None req-0315e557-ca77-41ff-a378-6a6b9e67da59 None None] Running txn 5c9911e5 n=1 command(idx=13): QoSDelCommand(_result=None, switch=neutron-31bc79e2-19c5-471a-be13-37345203c973, conditions=[('direction', '=', 'to-lport'), ('priority', '=', 2002), ('match', '=', 'outport == "032c72bf-d53e-403d-93d3-bdf4661b1dc2"')], if_exists=True) {{(pid=102258) do_commit /opt/stack/data/venv/lib/python3.12/site-packages/ovsdbapp/backend/ovs_idl/transaction.py:91}}
Aug 24 08:58:06.476439 np0000190788 devstack@neutron-api.service[102258]: DEBUG neutron.plugins.ml2.drivers.ovn.mech_driver.ovsdb.ovsdb_monitor [None req-0315e557-ca77-41ff-a378-6a6b9e67da59 None None] Touching Hash Ring node "f8cafa5c992a5fe2816b1540410b0d50" from IDL notify handler {{(pid=102258) notify /opt/stack/neutron/neutron/plugins/ml2/drivers/ovn/mech_driver/ovsdb/ovsdb_monitor.py:1091}}
Aug 24 08:58:06.481012 np0000190788 devstack@neutron-api.service[102260]: DEBUG neutron.plugins.ml2.drivers.ovn.mech_driver.ovsdb.ovsdb_monitor [None req-ecf2bb82-8f6f-445e-9369-c0e121a7cbce None None] Touching Hash Ring node "f5c4d17686a65fac8841eb7dafcbcd3f" from IDL notify handler {{(pid=102260) notify /opt/stack/neutron/neutron/plugins/ml2/drivers/ovn/mech_driver/ovsdb/ovsdb_monitor.py:1091}}
Aug 24 08:58:06.481600 np0000190788 devstack@neutron-api.service[102257]: DEBUG neutron.plugins.ml2.drivers.ovn.mech_driver.ovsdb.ovsdb_monitor [None req-513fe162-3a5a-4a41-9659-5842b6ed97ad None None] Touching Hash Ring node "72e9a204dd0952d29ec8adf5df9cbfbf" from IDL notify handler {{(pid=102257) notify /opt/stack/neutron/neutron/plugins/ml2/drivers/ovn/mech_driver/ovsdb/ovsdb_monitor.py:1091}}
Aug 24 08:58:06.483512 np0000190788 devstack@neutron-api.service[102257]: DEBUG neutron.plugins.ml2.drivers.ovn.mech_driver.ovsdb.ovsdb_monitor [None req-22e658db-bb33-43a3-a7f7-9daab02aa090 None None] Touching Hash Ring node "72e9a204dd0952d29ec8adf5df9cbfbf" from IDL notify handler {{(pid=102257) notify /opt/stack/neutron/neutron/plugins/ml2/drivers/ovn/mech_driver/ovsdb/ovsdb_monitor.py:1091}}
Aug 24 08:58:06.483668 np0000190788 devstack@neutron-api.service[102259]: DEBUG neutron.plugins.ml2.drivers.ovn.mech_driver.ovsdb.ovsdb_monitor [None req-a0ee0118-3712-4c77-a238-09e83d2e4c9b None None] Touching Hash Ring node "628d3adaa187580db8a4830ec74fe683" from IDL notify handler {{(pid=102259) notify /opt/stack/neutron/neutron/plugins/ml2/drivers/ovn/mech_driver/ovsdb/ovsdb_monitor.py:1091}}
Aug 24 08:58:06.485633 np0000190788 devstack@neutron-api.service[102258]: DEBUG neutron.plugins.ml2.drivers.ovn.mech_driver.ovsdb.ovsdb_monitor [None req-0315e557-ca77-41ff-a378-6a6b9e67da59 None None] Hash Ring: Node f8cafa5c992a5fe2816b1540410b0d50 (host: np0000190788) handling event "delete" for row 0b538b6f-e967-4369-a6e5-687103939a5b (table: Logical_Router_Port) {{(pid=102258) notify /opt/stack/neutron/neutron/plugins/ml2/drivers/ovn/mech_driver/ovsdb/ovsdb_monitor.py:1099}}
Aug 24 08:58:06.486277 np0000190788 devstack@neutron-api.service[102260]: DEBUG neutron.plugins.ml2.drivers.ovn.mech_driver.ovsdb.ovsdb_monitor [None req-ecf2bb82-8f6f-445e-9369-c0e121a7cbce None None] Hash Ring: Node f5c4d17686a65fac8841eb7dafcbcd3f (host: np0000190788) handling event "update" for row ddd5f3f1-0e76-49ef-85ab-886e48241e23 (table: Logical_Switch_Port) {{(pid=102260) notify /opt/stack/neutron/neutron/plugins/ml2/drivers/ovn/mech_driver/ovsdb/ovsdb_monitor.py:1099}}
Aug 24 08:58:06.486981 np0000190788 devstack@neutron-api.service[102258]: DEBUG ovsdbapp.backend.ovs_idl.event [None req-0315e557-ca77-41ff-a378-6a6b9e67da59 None None] Matched DELETE: LogicalRouterPortEvent(events=('create', 'delete'), table='Logical_Router_Port', conditions=None, old_conditions=None), priority=20 to row=Logical_Router_Port(uuid=0b538b6f-e967-4369-a6e5-687103939a5b, enabled=[], external_ids={'neutron:is_ext_gw': 'True', 'neutron:network_name': 'neutron-31bc79e2-19c5-471a-be13-37345203c973', 'neutron:revision_number': '1', 'neutron:router_name': 'neutron-85041d97-5164-4084-a36c-99b1cdfd174e', 'neutron:subnet_ids': '0ea05668-cf96-41a9-b342-847fe0dce76e'}, gateway_chassis=[], ha_chassis_group=9ae7efbf-0917-434a-b71f-a8c6c08fc28c, ipv6_prefix=[], ipv6_ra_configs={}, mac='fa:16:3e:18:66:3b', name='lrp-032c72bf-d53e-403d-93d3-bdf4661b1dc2', networks=['172.24.5.138/24'], options={'gateway_mtu': '1372', 'reside-on-redirect-chassis': 'true'}, peer=[], status={'hosting-chassis': '2820e675-7972-4031-8d16-41dc80358986'}) old= {{(pid=102258) matches /opt/stack/data/venv/lib/python3.12/site-packages/ovsdbapp/backend/ovs_idl/event.py:55}}
Aug 24 08:58:06.487424 np0000190788 devstack@neutron-api.service[102260]: DEBUG neutron.plugins.ml2.drivers.ovn.mech_driver.ovsdb.ovsdb_monitor [None req-ecf2bb82-8f6f-445e-9369-c0e121a7cbce None None] Touching Hash Ring node "f5c4d17686a65fac8841eb7dafcbcd3f" from IDL notify handler {{(pid=102260) notify /opt/stack/neutron/neutron/plugins/ml2/drivers/ovn/mech_driver/ovsdb/ovsdb_monitor.py:1091}}
Aug 24 08:58:06.488306 np0000190788 devstack@neutron-api.service[102259]: DEBUG neutron.plugins.ml2.drivers.ovn.mech_driver.ovsdb.ovsdb_monitor [None req-a0ee0118-3712-4c77-a238-09e83d2e4c9b None None] Hash Ring: Node 628d3adaa187580db8a4830ec74fe683 (host: np0000190788) handling event "update" for row 174e78b3-1bed-40e4-b034-08f4ce05215d (table: Port_Binding) {{(pid=102259) notify /opt/stack/neutron/neutron/plugins/ml2/drivers/ovn/mech_driver/ovsdb/ovsdb_monitor.py:1099}}
Aug 24 08:58:06.488398 np0000190788 devstack@neutron-api.service[102257]: DEBUG neutron.plugins.ml2.drivers.ovn.mech_driver.ovsdb.ovsdb_monitor [None req-513fe162-3a5a-4a41-9659-5842b6ed97ad None None] Hash Ring: Node 72e9a204dd0952d29ec8adf5df9cbfbf (host: np0000190788) handling event "update" for row 51328b03-8da6-4717-82b2-8d9c53275095 (table: Logical_Router) {{(pid=102257) notify /opt/stack/neutron/neutron/plugins/ml2/drivers/ovn/mech_driver/ovsdb/ovsdb_monitor.py:1099}}
Aug 24 08:58:06.488586 np0000190788 devstack@neutron-api.service[102258]: DEBUG neutron.plugins.ml2.drivers.ovn.mech_driver.ovsdb.ovsdb_monitor [None req-0315e557-ca77-41ff-a378-6a6b9e67da59 None None] Touching Hash Ring node "f8cafa5c992a5fe2816b1540410b0d50" from IDL notify handler {{(pid=102258) notify /opt/stack/neutron/neutron/plugins/ml2/drivers/ovn/mech_driver/ovsdb/ovsdb_monitor.py:1091}}
Aug 24 08:58:06.489302 np0000190788 devstack@neutron-api.service[102260]: DEBUG neutron.plugins.ml2.drivers.ovn.mech_driver.ovsdb.ovsdb_monitor [None req-ecf2bb82-8f6f-445e-9369-c0e121a7cbce None None] Hash Ring: Node f5c4d17686a65fac8841eb7dafcbcd3f (host: np0000190788) handling event "create" for row c365ddd2-0577-4d56-aadd-3eb717b7b24e (table: NAT) {{(pid=102260) notify /opt/stack/neutron/neutron/plugins/ml2/drivers/ovn/mech_driver/ovsdb/ovsdb_monitor.py:1099}}
Aug 24 08:58:06.489899 np0000190788 devstack@neutron-api.service[102257]: DEBUG neutron.plugins.ml2.drivers.ovn.mech_driver.ovsdb.ovsdb_monitor [None req-513fe162-3a5a-4a41-9659-5842b6ed97ad None None] Touching Hash Ring node "72e9a204dd0952d29ec8adf5df9cbfbf" from IDL notify handler {{(pid=102257) notify /opt/stack/neutron/neutron/plugins/ml2/drivers/ovn/mech_driver/ovsdb/ovsdb_monitor.py:1091}}
Aug 24 08:58:06.490369 np0000190788 devstack@neutron-api.service[102260]: DEBUG neutron.plugins.ml2.drivers.ovn.mech_driver.ovsdb.ovsdb_monitor [None req-ecf2bb82-8f6f-445e-9369-c0e121a7cbce None None] Touching Hash Ring node "f5c4d17686a65fac8841eb7dafcbcd3f" from IDL notify handler {{(pid=102260) notify /opt/stack/neutron/neutron/plugins/ml2/drivers/ovn/mech_driver/ovsdb/ovsdb_monitor.py:1091}}
Aug 24 08:58:06.490790 np0000190788 devstack@neutron-api.service[102258]: DEBUG neutron.plugins.ml2.drivers.ovn.mech_driver.ovsdb.ovsdb_monitor [None req-0315e557-ca77-41ff-a378-6a6b9e67da59 None None] Hash Ring: Node f8cafa5c992a5fe2816b1540410b0d50 (host: np0000190788) handling event "delete" for row 008281a9-a9a7-4451-bf4b-9c9e6f92bdc3 (table: Logical_Router_Static_Route) {{(pid=102258) notify /opt/stack/neutron/neutron/plugins/ml2/drivers/ovn/mech_driver/ovsdb/ovsdb_monitor.py:1099}}
Aug 24 08:58:06.491111 np0000190788 devstack@neutron-api.service[102257]: DEBUG neutron.plugins.ml2.drivers.ovn.mech_driver.ovsdb.ovsdb_monitor [None req-22e658db-bb33-43a3-a7f7-9daab02aa090 None None] Hash Ring: Node 72e9a204dd0952d29ec8adf5df9cbfbf (host: np0000190788) handling event "update" for row 174e78b3-1bed-40e4-b034-08f4ce05215d (table: Port_Binding) {{(pid=102257) notify /opt/stack/neutron/neutron/plugins/ml2/drivers/ovn/mech_driver/ovsdb/ovsdb_monitor.py:1099}}
