2026-07-21 07:54:16.868 8 INFO cinder.api.openstack.wsgi [None req-a46ce13a-4c4c-45b7-84d6-1d27f3cb58cf 95198c3580c8495194647148ca479704 5a0b8250dd43411bb954d96d58d856cb - - default default] http://cinder-api.openstack.svc.cluster.local:8776/v3/5a0b8250dd43411bb954d96d58d856cb/volumes/b159e7f7-a0e3-4f51-8c7a-85cad4136dc9 returned with HTTP 200 [pid: 8|app: 0|req: 378/755] 10.0.0.236 () {32 vars in 775 bytes} [Tue Jul 21 07:54:16 2026] GET /v3/5a0b8250dd43411bb954d96d58d856cb/volumes/b159e7f7-a0e3-4f51-8c7a-85cad4136dc9 => generated 984 bytes in 25 msecs (HTTP/1.1 200) 7 headers in 285 bytes (1 switches on core 0) /var/lib/openstack/lib/python3.12/site-packages/pycadf/identifier.py:70: UserWarning: Invalid uuid: cinderv3. To ensure interoperability, identifiers should be a valid uuid. warnings.warn(('Invalid uuid: %s. To ensure interoperability, '
2026-07-21 07:54:16.893 7 INFO cinder.api.openstack.wsgi [None req-2c4ddd23-f1ea-454c-b58f-afd416f4f4d8 95198c3580c8495194647148ca479704 5a0b8250dd43411bb954d96d58d856cb - - default default] PUT http://cinder-api.openstack.svc.cluster.local:8776/v3/5a0b8250dd43411bb954d96d58d856cb/volumes/b159e7f7-a0e3-4f51-8c7a-85cad4136dc9 /var/lib/openstack/lib/python3.12/site-packages/oslo_context/context.py:100: DeprecationWarning: Policy enforcement is depending on the value of is_admin. This key is deprecated. Please update your policy file to use the standard policy values. warnings.warn('Policy enforcement is depending on the value of '
2026-07-21 07:54:16.910 7 INFO cinder.volume.api [None req-2c4ddd23-f1ea-454c-b58f-afd416f4f4d8 95198c3580c8495194647148ca479704 5a0b8250dd43411bb954d96d58d856cb - - default default] Volume info retrieved successfully.
2026-07-21 07:54:16.916 7 INFO cinder.volume.api [None req-2c4ddd23-f1ea-454c-b58f-afd416f4f4d8 95198c3580c8495194647148ca479704 5a0b8250dd43411bb954d96d58d856cb - - default default] Volume updated successfully.
2026-07-21 07:54:16.917 7 INFO cinder.api.openstack.wsgi [None req-2c4ddd23-f1ea-454c-b58f-afd416f4f4d8 95198c3580c8495194647148ca479704 5a0b8250dd43411bb954d96d58d856cb - - default default] http://cinder-api.openstack.svc.cluster.local:8776/v3/5a0b8250dd43411bb954d96d58d856cb/volumes/b159e7f7-a0e3-4f51-8c7a-85cad4136dc9 returned with HTTP 200 [pid: 7|app: 0|req: 378/756] 10.0.0.236 () {34 vars in 795 bytes} [Tue Jul 21 07:54:16 2026] PUT /v3/5a0b8250dd43411bb954d96d58d856cb/volumes/b159e7f7-a0e3-4f51-8c7a-85cad4136dc9 => generated 881 bytes in 30 msecs (HTTP/1.1 200) 7 headers in 285 bytes (1 switches on core 0) /var/lib/openstack/lib/python3.12/site-packages/pycadf/identifier.py:70: UserWarning: Invalid uuid: cinderv3. To ensure interoperability, identifiers should be a valid uuid. warnings.warn(('Invalid uuid: %s. To ensure interoperability, '
2026-07-21 07:54:16.940 8 INFO cinder.api.openstack.wsgi [None req-b834909c-e225-40dc-9355-33fdadd16782 95198c3580c8495194647148ca479704 5a0b8250dd43411bb954d96d58d856cb - - default default] GET http://cinder-api.openstack.svc.cluster.local:8776/v3/5a0b8250dd43411bb954d96d58d856cb/volumes/b159e7f7-a0e3-4f51-8c7a-85cad4136dc9 /var/lib/openstack/lib/python3.12/site-packages/oslo_context/context.py:100: DeprecationWarning: Policy enforcement is depending on the value of is_admin. This key is deprecated. Please update your policy file to use the standard policy values. warnings.warn('Policy enforcement is depending on the value of '
2026-07-21 07:54:16.957 8 INFO cinder.volume.api [None req-b834909c-e225-40dc-9355-33fdadd16782 95198c3580c8495194647148ca479704 5a0b8250dd43411bb954d96d58d856cb - - default default] Volume info retrieved successfully.
2026-07-21 07:54:16.961 8 INFO cinder.api.openstack.wsgi [None req-b834909c-e225-40dc-9355-33fdadd16782 95198c3580c8495194647148ca479704 5a0b8250dd43411bb954d96d58d856cb - - default default] http://cinder-api.openstack.svc.cluster.local:8776/v3/5a0b8250dd43411bb954d96d58d856cb/volumes/b159e7f7-a0e3-4f51-8c7a-85cad4136dc9 returned with HTTP 200 [pid: 8|app: 0|req: 379/757] 10.0.0.236 () {32 vars in 775 bytes} [Tue Jul 21 07:54:16 2026] GET /v3/5a0b8250dd43411bb954d96d58d856cb/volumes/b159e7f7-a0e3-4f51-8c7a-85cad4136dc9 => generated 949 bytes in 27 msecs (HTTP/1.1 200) 7 headers in 285 bytes (1 switches on core 0) /var/lib/openstack/lib/python3.12/site-packages/pycadf/identifier.py:70: UserWarning: Invalid uuid: cinderv3. To ensure interoperability, identifiers should be a valid uuid. warnings.warn(('Invalid uuid: %s. To ensure interoperability, '
2026-07-21 07:54:16.983 7 INFO cinder.api.openstack.wsgi [None req-cbff0b63-9100-44f8-8c9a-2f69cf425e2d 95198c3580c8495194647148ca479704 5a0b8250dd43411bb954d96d58d856cb - - default default] DELETE http://cinder-api.openstack.svc.cluster.local:8776/v3/5a0b8250dd43411bb954d96d58d856cb/volumes/b159e7f7-a0e3-4f51-8c7a-85cad4136dc9
2026-07-21 07:54:16.983 7 INFO cinder.api.v3.volumes [None req-cbff0b63-9100-44f8-8c9a-2f69cf425e2d 95198c3580c8495194647148ca479704 5a0b8250dd43411bb954d96d58d856cb - - default default] Delete volume with id: b159e7f7-a0e3-4f51-8c7a-85cad4136dc9 /var/lib/openstack/lib/python3.12/site-packages/oslo_context/context.py:100: DeprecationWarning: Policy enforcement is depending on the value of is_admin. This key is deprecated. Please update your policy file to use the standard policy values. warnings.warn('Policy enforcement is depending on the value of '
2026-07-21 07:54:16.995 7 INFO cinder.volume.api [None req-cbff0b63-9100-44f8-8c9a-2f69cf425e2d 95198c3580c8495194647148ca479704 5a0b8250dd43411bb954d96d58d856cb - - default default] Volume info retrieved successfully.
2026-07-21 07:54:17.030 7 INFO cinder.volume.api [None req-cbff0b63-9100-44f8-8c9a-2f69cf425e2d 95198c3580c8495194647148ca479704 5a0b8250dd43411bb954d96d58d856cb - - default default] Delete volume request issued successfully.
2026-07-21 07:54:17.030 7 INFO cinder.api.openstack.wsgi [None req-cbff0b63-9100-44f8-8c9a-2f69cf425e2d 95198c3580c8495194647148ca479704 5a0b8250dd43411bb954d96d58d856cb - - default default] http://cinder-api.openstack.svc.cluster.local:8776/v3/5a0b8250dd43411bb954d96d58d856cb/volumes/b159e7f7-a0e3-4f51-8c7a-85cad4136dc9 returned with HTTP 202 [pid: 7|app: 0|req: 379/758] 10.0.0.236 () {32 vars in 778 bytes} [Tue Jul 21 07:54:16 2026] DELETE /v3/5a0b8250dd43411bb954d96d58d856cb/volumes/b159e7f7-a0e3-4f51-8c7a-85cad4136dc9 => generated 0 bytes in 54 msecs (HTTP/1.1 202) 6 headers in 233 bytes (1 switches on core 0) /var/lib/openstack/lib/python3.12/site-packages/pycadf/identifier.py:70: UserWarning: Invalid uuid: cinderv3. To ensure interoperability, identifiers should be a valid uuid. warnings.warn(('Invalid uuid: %s. To ensure interoperability, '
2026-07-21 07:54:17.044 8 INFO cinder.api.openstack.wsgi [None req-9d414485-3c44-46c3-b8c4-9e0e9486ada9 95198c3580c8495194647148ca479704 5a0b8250dd43411bb954d96d58d856cb - - default default] GET http://cinder-api.openstack.svc.cluster.local:8776/v3/5a0b8250dd43411bb954d96d58d856cb/volumes/b159e7f7-a0e3-4f51-8c7a-85cad4136dc9 /var/lib/openstack/lib/python3.12/site-packages/oslo_context/context.py:100: DeprecationWarning: Policy enforcement is depending on the value of is_admin. This key is deprecated. Please update your policy file to use the standard policy values. warnings.warn('Policy enforcement is depending on the value of '
2026-07-21 07:54:17.059 8 INFO cinder.volume.api [None req-9d414485-3c44-46c3-b8c4-9e0e9486ada9 95198c3580c8495194647148ca479704 5a0b8250dd43411bb954d96d58d856cb - - default default] Volume info retrieved successfully.
2026-07-21 07:54:17.064 8 INFO cinder.api.openstack.wsgi [None req-9d414485-3c44-46c3-b8c4-9e0e9486ada9 95198c3580c8495194647148ca479704 5a0b8250dd43411bb954d96d58d856cb - - default default] http://cinder-api.openstack.svc.cluster.local:8776/v3/5a0b8250dd43411bb954d96d58d856cb/volumes/b159e7f7-a0e3-4f51-8c7a-85cad4136dc9 returned with HTTP 200 [pid: 8|app: 0|req: 380/759] 10.0.0.236 () {32 vars in 775 bytes} [Tue Jul 21 07:54:17 2026] GET /v3/5a0b8250dd43411bb954d96d58d856cb/volumes/b159e7f7-a0e3-4f51-8c7a-85cad4136dc9 => generated 948 bytes in 27 msecs (HTTP/1.1 200) 7 headers in 285 bytes (1 switches on core 0) /var/lib/openstack/lib/python3.12/site-packages/pycadf/identifier.py:70: UserWarning: Invalid uuid: cinderv3. To ensure interoperability, identifiers should be a valid uuid. warnings.warn(('Invalid uuid: %s. To ensure interoperability, '
2026-07-21 07:54:18.095 7 INFO cinder.api.openstack.wsgi [None req-a2b07ce9-682a-42bc-81ca-bbaef3551935 95198c3580c8495194647148ca479704 5a0b8250dd43411bb954d96d58d856cb - - default default] GET http://cinder-api.openstack.svc.cluster.local:8776/v3/5a0b8250dd43411bb954d96d58d856cb/volumes/b159e7f7-a0e3-4f51-8c7a-85cad4136dc9
2026-07-21 07:54:18.104 7 INFO cinder.api.openstack.wsgi [None req-a2b07ce9-682a-42bc-81ca-bbaef3551935 95198c3580c8495194647148ca479704 5a0b8250dd43411bb954d96d58d856cb - - default default] http://cinder-api.openstack.svc.cluster.local:8776/v3/5a0b8250dd43411bb954d96d58d856cb/volumes/b159e7f7-a0e3-4f51-8c7a-85cad4136dc9 returned with HTTP 404 [pid: 7|app: 0|req: 380/760] 10.0.0.236 () {32 vars in 775 bytes} [Tue Jul 21 07:54:18 2026] GET /v3/5a0b8250dd43411bb954d96d58d856cb/volumes/b159e7f7-a0e3-4f51-8c7a-85cad4136dc9 => generated 109 bytes in 15 msecs (HTTP/1.1 404) 7 headers in 292 bytes (1 switches on core 0) /var/lib/openstack/lib/python3.12/site-packages/pycadf/identifier.py:70: UserWarning: Invalid uuid: cinderv3. To ensure interoperability, identifiers should be a valid uuid. warnings.warn(('Invalid uuid: %s. To ensure interoperability, '
2026-07-21 07:54:18.118 8 INFO cinder.api.openstack.wsgi [None req-52531040-cc31-46b4-a710-5ba5bc405f22 95198c3580c8495194647148ca479704 5a0b8250dd43411bb954d96d58d856cb - - default default] GET http://cinder-api.openstack.svc.cluster.local:8776/v3/5a0b8250dd43411bb954d96d58d856cb/volumes/decb68ae-eeb7-440d-8a79-a71898b523f1 /var/lib/openstack/lib/python3.12/site-packages/oslo_context/context.py:100: DeprecationWarning: Policy enforcement is depending on the value of is_admin. This key is deprecated. Please update your policy file to use the standard policy values. warnings.warn('Policy enforcement is depending on the value of '
2026-07-21 07:54:18.130 8 INFO cinder.volume.api [None req-52531040-cc31-46b4-a710-5ba5bc405f22 95198c3580c8495194647148ca479704 5a0b8250dd43411bb954d96d58d856cb - - default default] Volume info retrieved successfully.
2026-07-21 07:54:18.135 8 INFO cinder.api.openstack.wsgi [None req-52531040-cc31-46b4-a710-5ba5bc405f22 95198c3580c8495194647148ca479704 5a0b8250dd43411bb954d96d58d856cb - - default default] http://cinder-api.openstack.svc.cluster.local:8776/v3/5a0b8250dd43411bb954d96d58d856cb/volumes/decb68ae-eeb7-440d-8a79-a71898b523f1 returned with HTTP 200 [pid: 8|app: 0|req: 381/761] 10.0.0.236 () {32 vars in 775 bytes} [Tue Jul 21 07:54:18 2026] GET /v3/5a0b8250dd43411bb954d96d58d856cb/volumes/decb68ae-eeb7-440d-8a79-a71898b523f1 => generated 1528 bytes in 26 msecs (HTTP/1.1 200) 7 headers in 286 bytes (1 switches on core 0)
2026-07-21 07:54:18.159 7 INFO cinder.api.openstack.wsgi [None req-c0f5986f-57da-4af8-8545-f522c49e7ac6 95198c3580c8495194647148ca479704 5a0b8250dd43411bb954d96d58d856cb - - default default] DELETE http://cinder-api.openstack.svc.cluster.local:8776/v3/5a0b8250dd43411bb954d96d58d856cb/volumes/decb68ae-eeb7-440d-8a79-a71898b523f1
2026-07-21 07:54:18.160 7 INFO cinder.api.v3.volumes [None req-c0f5986f-57da-4af8-8545-f522c49e7ac6 95198c3580c8495194647148ca479704 5a0b8250dd43411bb954d96d58d856cb - - default default] Delete volume with id: decb68ae-eeb7-440d-8a79-a71898b523f1 /var/lib/openstack/lib/python3.12/site-packages/oslo_context/context.py:100: DeprecationWarning: Policy enforcement is depending on the value of is_admin. This key is deprecated. Please update your policy file to use the standard policy values. warnings.warn('Policy enforcement is depending on the value of '
2026-07-21 07:54:18.171 7 INFO cinder.volume.api [None req-c0f5986f-57da-4af8-8545-f522c49e7ac6 95198c3580c8495194647148ca479704 5a0b8250dd43411bb954d96d58d856cb - - default default] Volume info retrieved successfully.
2026-07-21 07:54:18.193 7 INFO cinder.volume.api [None req-c0f5986f-57da-4af8-8545-f522c49e7ac6 95198c3580c8495194647148ca479704 5a0b8250dd43411bb954d96d58d856cb - - default default] Delete volume request issued successfully.
2026-07-21 07:54:18.193 7 INFO cinder.api.openstack.wsgi [None req-c0f5986f-57da-4af8-8545-f522c49e7ac6 95198c3580c8495194647148ca479704 5a0b8250dd43411bb954d96d58d856cb - - default default] http://cinder-api.openstack.svc.cluster.local:8776/v3/5a0b8250dd43411bb954d96d58d856cb/volumes/decb68ae-eeb7-440d-8a79-a71898b523f1 returned with HTTP 202 [pid: 7|app: 0|req: 381/762] 10.0.0.236 () {32 vars in 778 bytes} [Tue Jul 21 07:54:18 2026] DELETE /v3/5a0b8250dd43411bb954d96d58d856cb/volumes/decb68ae-eeb7-440d-8a79-a71898b523f1 => generated 0 bytes in 43 msecs (HTTP/1.1 202) 6 headers in 233 bytes (1 switches on core 0) /var/lib/openstack/lib/python3.12/site-packages/pycadf/identifier.py:70: UserWarning: Invalid uuid: cinderv3. To ensure interoperability, identifiers should be a valid uuid. warnings.warn(('Invalid uuid: %s. To ensure interoperability, '
2026-07-21 07:54:18.205 8 INFO cinder.api.openstack.wsgi [None req-f9e886a9-baff-4982-86e0-42e75ec739e8 95198c3580c8495194647148ca479704 5a0b8250dd43411bb954d96d58d856cb - - default default] GET http://cinder-api.openstack.svc.cluster.local:8776/v3/5a0b8250dd43411bb954d96d58d856cb/volumes/decb68ae-eeb7-440d-8a79-a71898b523f1 /var/lib/openstack/lib/python3.12/site-packages/oslo_context/context.py:100: DeprecationWarning: Policy enforcement is depending on the value of is_admin. This key is deprecated. Please update your policy file to use the standard policy values. warnings.warn('Policy enforcement is depending on the value of '
2026-07-21 07:54:18.219 8 INFO cinder.volume.api [None req-f9e886a9-baff-4982-86e0-42e75ec739e8 95198c3580c8495194647148ca479704 5a0b8250dd43411bb954d96d58d856cb - - default default] Volume info retrieved successfully.
2026-07-21 07:54:18.225 8 INFO cinder.api.openstack.wsgi [None req-f9e886a9-baff-4982-86e0-42e75ec739e8 95198c3580c8495194647148ca479704 5a0b8250dd43411bb954d96d58d856cb - - default default] http://cinder-api.openstack.svc.cluster.local:8776/v3/5a0b8250dd43411bb954d96d58d856cb/volumes/decb68ae-eeb7-440d-8a79-a71898b523f1 returned with HTTP 200 [pid: 8|app: 0|req: 382/763] 10.0.0.236 () {32 vars in 775 bytes} [Tue Jul 21 07:54:18 2026] GET /v3/5a0b8250dd43411bb954d96d58d856cb/volumes/decb68ae-eeb7-440d-8a79-a71898b523f1 => generated 1527 bytes in 26 msecs (HTTP/1.1 200) 7 headers in 286 bytes (1 switches on core 0) /var/lib/openstack/lib/python3.12/site-packages/pycadf/identifier.py:70: UserWarning: Invalid uuid: cinderv3. To ensure interoperability, identifiers should be a valid uuid. warnings.warn(('Invalid uuid: %s. To ensure interoperability, '
2026-07-21 07:54:18.562 7 INFO cinder.api.openstack.wsgi [req-4d2930d3-9085-411d-b7fb-72d99a85d335 req-45901a57-74e3-46f7-a93b-df6c991374a3 85d712d1b55846f18144649d879ac974 0b613f54410842dd814374d0fa60b9f8 - - default default] PUT http://cinder-api.openstack.svc.cluster.local:8776/v3/0b613f54410842dd814374d0fa60b9f8/attachments/9bcf397c-42c6-4ca9-8527-e741be7a9813 /var/lib/openstack/lib/python3.12/site-packages/oslo_context/context.py:100: DeprecationWarning: Policy enforcement is depending on the value of is_admin. This key is deprecated. Please update your policy file to use the standard policy values. warnings.warn('Policy enforcement is depending on the value of ' /var/lib/openstack/lib/python3.12/site-packages/pycadf/identifier.py:70: UserWarning: Invalid uuid: cinderv3. To ensure interoperability, identifiers should be a valid uuid. warnings.warn(('Invalid uuid: %s. To ensure interoperability, '
2026-07-21 07:54:19.244 8 INFO cinder.api.openstack.wsgi [None req-8042d8a6-e76e-4d92-80ac-2f98e1e4b4ef 95198c3580c8495194647148ca479704 5a0b8250dd43411bb954d96d58d856cb - - default default] GET http://cinder-api.openstack.svc.cluster.local:8776/v3/5a0b8250dd43411bb954d96d58d856cb/volumes/decb68ae-eeb7-440d-8a79-a71898b523f1
2026-07-21 07:54:19.254 8 INFO cinder.api.openstack.wsgi [None req-8042d8a6-e76e-4d92-80ac-2f98e1e4b4ef 95198c3580c8495194647148ca479704 5a0b8250dd43411bb954d96d58d856cb - - default default] http://cinder-api.openstack.svc.cluster.local:8776/v3/5a0b8250dd43411bb954d96d58d856cb/volumes/decb68ae-eeb7-440d-8a79-a71898b523f1 returned with HTTP 404 [pid: 8|app: 0|req: 383/764] 10.0.0.236 () {32 vars in 775 bytes} [Tue Jul 21 07:54:19 2026] GET /v3/5a0b8250dd43411bb954d96d58d856cb/volumes/decb68ae-eeb7-440d-8a79-a71898b523f1 => generated 109 bytes in 16 msecs (HTTP/1.1 404) 7 headers in 292 bytes (1 switches on core 0)
2026-07-21 07:54:19.599 7 INFO cinder.api.openstack.wsgi [req-4d2930d3-9085-411d-b7fb-72d99a85d335 req-45901a57-74e3-46f7-a93b-df6c991374a3 85d712d1b55846f18144649d879ac974 0b613f54410842dd814374d0fa60b9f8 - - default default] http://cinder-api.openstack.svc.cluster.local:8776/v3/0b613f54410842dd814374d0fa60b9f8/attachments/9bcf397c-42c6-4ca9-8527-e741be7a9813 returned with HTTP 200 [pid: 7|app: 0|req: 382/765] 199.19.213.238 () {40 vars in 1135 bytes} [Tue Jul 21 07:54:18 2026] PUT /v3/0b613f54410842dd814374d0fa60b9f8/attachments/9bcf397c-42c6-4ca9-8527-e741be7a9813 => generated 802 bytes in 1044 msecs (HTTP/1.1 200) 7 headers in 286 bytes (1 switches on core 0)
2026-07-21 07:54:20.119 8 INFO cinder.api.openstack.wsgi [req-4d2930d3-9085-411d-b7fb-72d99a85d335 req-1b049493-d6e7-4824-8c8b-627547a9a0ec 85d712d1b55846f18144649d879ac974 0b613f54410842dd814374d0fa60b9f8 - - default default] POST http://cinder-api.openstack.svc.cluster.local:8776/v3/0b613f54410842dd814374d0fa60b9f8/attachments/9bcf397c-42c6-4ca9-8527-e741be7a9813/action /var/lib/openstack/lib/python3.12/site-packages/oslo_context/context.py:100: DeprecationWarning: Policy enforcement is depending on the value of is_admin. This key is deprecated. Please update your policy file to use the standard policy values. warnings.warn('Policy enforcement is depending on the value of '
2026-07-21 07:54:20.154 8 INFO cinder.api.openstack.wsgi [req-4d2930d3-9085-411d-b7fb-72d99a85d335 req-1b049493-d6e7-4824-8c8b-627547a9a0ec 85d712d1b55846f18144649d879ac974 0b613f54410842dd814374d0fa60b9f8 - - default default] http://cinder-api.openstack.svc.cluster.local:8776/v3/0b613f54410842dd814374d0fa60b9f8/attachments/9bcf397c-42c6-4ca9-8527-e741be7a9813/action returned with HTTP 204 [pid: 8|app: 0|req: 384/766] 199.19.213.238 () {40 vars in 1148 bytes} [Tue Jul 21 07:54:20 2026] POST /v3/0b613f54410842dd814374d0fa60b9f8/attachments/9bcf397c-42c6-4ca9-8527-e741be7a9813/action => generated 0 bytes in 43 msecs (HTTP/1.1 204) 7 headers in 292 bytes (1 switches on core 0)
2026-07-21 07:54:21.374 7 INFO cinder.api.openstack.wsgi [req-4d2930d3-9085-411d-b7fb-72d99a85d335 req-45901a57-74e3-46f7-a93b-df6c991374a3 85d712d1b55846f18144649d879ac974 0b613f54410842dd814374d0fa60b9f8 - - default default] GET http://10.0.0.170:8776/
2026-07-21 07:54:21.374 8 INFO cinder.api.openstack.wsgi [req-4d2930d3-9085-411d-b7fb-72d99a85d335 req-1b049493-d6e7-4824-8c8b-627547a9a0ec 85d712d1b55846f18144649d879ac974 0b613f54410842dd814374d0fa60b9f8 - - default default] GET http://10.0.0.170:8776/
2026-07-21 07:54:21.375 8 INFO cinder.api.openstack.wsgi [req-4d2930d3-9085-411d-b7fb-72d99a85d335 req-1b049493-d6e7-4824-8c8b-627547a9a0ec 85d712d1b55846f18144649d879ac974 0b613f54410842dd814374d0fa60b9f8 - - default default] http://10.0.0.170:8776/ returned with HTTP 300
2026-07-21 07:54:21.375 7 INFO cinder.api.openstack.wsgi [req-4d2930d3-9085-411d-b7fb-72d99a85d335 req-45901a57-74e3-46f7-a93b-df6c991374a3 85d712d1b55846f18144649d879ac974 0b613f54410842dd814374d0fa60b9f8 - - default default] http://10.0.0.170:8776/ returned with HTTP 300
2026-07-21 07:54:22.269 8 INFO cinder.api.openstack.wsgi [req-4d2930d3-9085-411d-b7fb-72d99a85d335 req-1b049493-d6e7-4824-8c8b-627547a9a0ec 85d712d1b55846f18144649d879ac974 0b613f54410842dd814374d0fa60b9f8 - - default default] GET http://cinder-api.openstack.svc.cluster.local:8776/
2026-07-21 07:54:22.270 8 INFO cinder.api.openstack.wsgi [req-4d2930d3-9085-411d-b7fb-72d99a85d335 req-1b049493-d6e7-4824-8c8b-627547a9a0ec 85d712d1b55846f18144649d879ac974 0b613f54410842dd814374d0fa60b9f8 - - default default] http://cinder-api.openstack.svc.cluster.local:8776/ returned with HTTP 300 [pid: 8|app: 0|req: 386/769] 10.0.0.89 () {28 vars in 375 bytes} [Tue Jul 21 07:54:22 2026] GET / => generated 411 bytes in 2 msecs (HTTP/1.1 300) 5 headers in 169 bytes (1 switches on core 0) /var/lib/openstack/lib/python3.12/site-packages/pycadf/identifier.py:70: UserWarning: Invalid uuid: cinderv3. To ensure interoperability, identifiers should be a valid uuid. warnings.warn(('Invalid uuid: %s. To ensure interoperability, '
2026-07-21 07:54:22.285 7 INFO cinder.api.openstack.wsgi [None req-a0875708-c63a-4fe0-a4e2-63682834b06a 1b4d0759aae141548d4fece2bf89b8bb 591659a0a914449a9f13e3fad83a5165 - - default default] GET http://cinder-api.openstack.svc.cluster.local:8776/v3/591659a0a914449a9f13e3fad83a5165/limits?tenant_id=591659a0a914449a9f13e3fad83a5165 /var/lib/openstack/lib/python3.12/site-packages/oslo_context/context.py:100: DeprecationWarning: Policy enforcement is depending on the value of is_admin. This key is deprecated. Please update your policy file to use the standard policy values. warnings.warn('Policy enforcement is depending on the value of '
2026-07-21 07:54:22.306 7 INFO cinder.api.openstack.wsgi [None req-a0875708-c63a-4fe0-a4e2-63682834b06a 1b4d0759aae141548d4fece2bf89b8bb 591659a0a914449a9f13e3fad83a5165 - - default default] http://cinder-api.openstack.svc.cluster.local:8776/v3/591659a0a914449a9f13e3fad83a5165/limits?tenant_id=591659a0a914449a9f13e3fad83a5165 returned with HTTP 200 [pid: 7|app: 0|req: 384/770] 10.0.0.89 () {34 vars in 878 bytes} [Tue Jul 21 07:54:22 2026] GET /v3/591659a0a914449a9f13e3fad83a5165/limits?tenant_id=591659a0a914449a9f13e3fad83a5165 => generated 302 bytes in 30 msecs (HTTP/1.1 200) 7 headers in 286 bytes (1 switches on core 0)
2026-07-21 07:54:23.781 8 INFO cinder.api.openstack.wsgi [req-4d2930d3-9085-411d-b7fb-72d99a85d335 req-1b049493-d6e7-4824-8c8b-627547a9a0ec 85d712d1b55846f18144649d879ac974 0b613f54410842dd814374d0fa60b9f8 - - default default] GET http://cinder-api.openstack.svc.cluster.local:8776/
2026-07-21 07:54:23.782 8 INFO cinder.api.openstack.wsgi [req-4d2930d3-9085-411d-b7fb-72d99a85d335 req-1b049493-d6e7-4824-8c8b-627547a9a0ec 85d712d1b55846f18144649d879ac974 0b613f54410842dd814374d0fa60b9f8 - - default default] http://cinder-api.openstack.svc.cluster.local:8776/ returned with HTTP 300 [pid: 8|app: 0|req: 387/771] 10.0.0.89 () {28 vars in 375 bytes} [Tue Jul 21 07:54:23 2026] GET / => generated 411 bytes in 1 msecs (HTTP/1.1 300) 5 headers in 169 bytes (1 switches on core 0)
2026-07-21 07:54:23.787 7 INFO cinder.api.openstack.wsgi [None req-a0875708-c63a-4fe0-a4e2-63682834b06a 1b4d0759aae141548d4fece2bf89b8bb 591659a0a914449a9f13e3fad83a5165 - - default default] GET http://cinder-api.openstack.svc.cluster.local:8776/
2026-07-21 07:54:23.788 7 INFO cinder.api.openstack.wsgi [None req-a0875708-c63a-4fe0-a4e2-63682834b06a 1b4d0759aae141548d4fece2bf89b8bb 591659a0a914449a9f13e3fad83a5165 - - default default] http://cinder-api.openstack.svc.cluster.local:8776/ returned with HTTP 300 [pid: 7|app: 0|req: 385/772] 10.0.0.89 () {28 vars in 375 bytes} [Tue Jul 21 07:54:23 2026] GET / => generated 411 bytes in 2 msecs (HTTP/1.1 300) 5 headers in 169 bytes (1 switches on core 0)
2026-07-21 07:54:24.413 8 INFO cinder.api.openstack.wsgi [req-4d2930d3-9085-411d-b7fb-72d99a85d335 req-1b049493-d6e7-4824-8c8b-627547a9a0ec 85d712d1b55846f18144649d879ac974 0b613f54410842dd814374d0fa60b9f8 - - default default] GET http://cinder-api.openstack.svc.cluster.local:8776/
2026-07-21 07:54:24.413 8 INFO cinder.api.openstack.wsgi [req-4d2930d3-9085-411d-b7fb-72d99a85d335 req-1b049493-d6e7-4824-8c8b-627547a9a0ec 85d712d1b55846f18144649d879ac974 0b613f54410842dd814374d0fa60b9f8 - - default default] http://cinder-api.openstack.svc.cluster.local:8776/ returned with HTTP 300 [pid: 8|app: 0|req: 388/773] 10.0.0.89 () {28 vars in 375 bytes} [Tue Jul 21 07:54:24 2026] GET / => generated 411 bytes in 1 msecs (HTTP/1.1 300) 5 headers in 169 bytes (1 switches on core 0)
2026-07-21 07:54:24.426 7 INFO cinder.api.openstack.wsgi [None req-ee8da207-65d7-4161-88f0-035cfb02c005 1b4d0759aae141548d4fece2bf89b8bb 591659a0a914449a9f13e3fad83a5165 - - default default] GET http://cinder-api.openstack.svc.cluster.local:8776/v3/591659a0a914449a9f13e3fad83a5165/limits?tenant_id=591659a0a914449a9f13e3fad83a5165
2026-07-21 07:54:24.470 7 INFO cinder.api.openstack.wsgi [None req-ee8da207-65d7-4161-88f0-035cfb02c005 1b4d0759aae141548d4fece2bf89b8bb 591659a0a914449a9f13e3fad83a5165 - - default default] http://cinder-api.openstack.svc.cluster.local:8776/v3/591659a0a914449a9f13e3fad83a5165/limits?tenant_id=591659a0a914449a9f13e3fad83a5165 returned with HTTP 200 [pid: 7|app: 0|req: 386/774] 10.0.0.89 () {34 vars in 878 bytes} [Tue Jul 21 07:54:24 2026] GET /v3/591659a0a914449a9f13e3fad83a5165/limits?tenant_id=591659a0a914449a9f13e3fad83a5165 => generated 302 bytes in 51 msecs (HTTP/1.1 200) 7 headers in 286 bytes (1 switches on core 0)
2026-07-21 07:54:26.020 8 INFO cinder.api.openstack.wsgi [req-4d2930d3-9085-411d-b7fb-72d99a85d335 req-1b049493-d6e7-4824-8c8b-627547a9a0ec 85d712d1b55846f18144649d879ac974 0b613f54410842dd814374d0fa60b9f8 - - default default] GET http://cinder-api.openstack.svc.cluster.local:8776/
2026-07-21 07:54:26.022 8 INFO cinder.api.openstack.wsgi [req-4d2930d3-9085-411d-b7fb-72d99a85d335 req-1b049493-d6e7-4824-8c8b-627547a9a0ec 85d712d1b55846f18144649d879ac974 0b613f54410842dd814374d0fa60b9f8 - - default default] http://cinder-api.openstack.svc.cluster.local:8776/ returned with HTTP 300 [pid: 8|app: 0|req: 389/775] 10.0.0.89 () {28 vars in 375 bytes} [Tue Jul 21 07:54:26 2026] GET / => generated 411 bytes in 2 msecs (HTTP/1.1 300) 5 headers in 169 bytes (1 switches on core 0)
2026-07-21 07:54:26.029 7 INFO cinder.api.openstack.wsgi [None req-ee8da207-65d7-4161-88f0-035cfb02c005 1b4d0759aae141548d4fece2bf89b8bb 591659a0a914449a9f13e3fad83a5165 - - default default] GET http://cinder-api.openstack.svc.cluster.local:8776/
2026-07-21 07:54:26.030 7 INFO cinder.api.openstack.wsgi [None req-ee8da207-65d7-4161-88f0-035cfb02c005 1b4d0759aae141548d4fece2bf89b8bb 591659a0a914449a9f13e3fad83a5165 - - default default] http://cinder-api.openstack.svc.cluster.local:8776/ returned with HTTP 300 [pid: 7|app: 0|req: 387/776] 10.0.0.89 () {28 vars in 375 bytes} [Tue Jul 21 07:54:26 2026] GET / => generated 411 bytes in 2 msecs (HTTP/1.1 300) 5 headers in 169 bytes (1 switches on core 0) /var/lib/openstack/lib/python3.12/site-packages/pycadf/identifier.py:70: UserWarning: Invalid uuid: cinderv3. To ensure interoperability, identifiers should be a valid uuid. warnings.warn(('Invalid uuid: %s. To ensure interoperability, '
2026-07-21 07:54:26.179 8 INFO cinder.api.openstack.wsgi [None req-9983bc8b-2f72-45c3-bd83-123486e78a3f 67d054f74d434d81952a4424901d2309 6112bf4e670f47b1a22cb74066780569 - - default default] GET http://cinder-api.openstack.svc.cluster.local:8776/v3/6112bf4e670f47b1a22cb74066780569/volumes/detail?all_tenants=true
2026-07-21 07:54:26.194 8 INFO cinder.volume.api [None req-9983bc8b-2f72-45c3-bd83-123486e78a3f 67d054f74d434d81952a4424901d2309 6112bf4e670f47b1a22cb74066780569 - - default default] Get all volumes completed successfully. /var/lib/openstack/lib/python3.12/site-packages/oslo_context/context.py:100: DeprecationWarning: Policy enforcement is depending on the value of is_admin. This key is deprecated. Please update your policy file to use the standard policy values. warnings.warn('Policy enforcement is depending on the value of '
2026-07-21 07:54:26.202 8 INFO cinder.api.openstack.wsgi [None req-9983bc8b-2f72-45c3-bd83-123486e78a3f 67d054f74d434d81952a4424901d2309 6112bf4e670f47b1a22cb74066780569 - - default default] http://cinder-api.openstack.svc.cluster.local:8776/v3/6112bf4e670f47b1a22cb74066780569/volumes/detail?all_tenants=true returned with HTTP 200 [pid: 8|app: 0|req: 390/777] 10.0.0.213 () {28 vars in 684 bytes} [Tue Jul 21 07:54:26 2026] GET /v3/6112bf4e670f47b1a22cb74066780569/volumes/detail?all_tenants=true => generated 1949 bytes in 163 msecs (HTTP/1.1 200) 7 headers in 286 bytes (1 switches on core 0)
2026-07-21 07:54:26.219 7 INFO cinder.api.openstack.wsgi [None req-f5b1f779-8f59-4670-928d-06a3db29d8e9 67d054f74d434d81952a4424901d2309 6112bf4e670f47b1a22cb74066780569 - - default default] GET http://cinder-api.openstack.svc.cluster.local:8776/v3/6112bf4e670f47b1a22cb74066780569/volumes/detail?all_tenants=true
2026-07-21 07:54:26.232 7 INFO cinder.volume.api [None req-f5b1f779-8f59-4670-928d-06a3db29d8e9 67d054f74d434d81952a4424901d2309 6112bf4e670f47b1a22cb74066780569 - - default default] Get all volumes completed successfully. /var/lib/openstack/lib/python3.12/site-packages/oslo_context/context.py:100: DeprecationWarning: Policy enforcement is depending on the value of is_admin. This key is deprecated. Please update your policy file to use the standard policy values. warnings.warn('Policy enforcement is depending on the value of '
2026-07-21 07:54:26.238 7 INFO cinder.api.openstack.wsgi [None req-f5b1f779-8f59-4670-928d-06a3db29d8e9 67d054f74d434d81952a4424901d2309 6112bf4e670f47b1a22cb74066780569 - - default default] http://cinder-api.openstack.svc.cluster.local:8776/v3/6112bf4e670f47b1a22cb74066780569/volumes/detail?all_tenants=true returned with HTTP 200 [pid: 7|app: 0|req: 388/778] 10.0.0.213 () {28 vars in 684 bytes} [Tue Jul 21 07:54:26 2026] GET /v3/6112bf4e670f47b1a22cb74066780569/volumes/detail?all_tenants=true => generated 1949 bytes in 27 msecs (HTTP/1.1 200) 7 headers in 286 bytes (1 switches on core 0) /var/lib/openstack/lib/python3.12/site-packages/pycadf/identifier.py:70: UserWarning: Invalid uuid: cinderv3. To ensure interoperability, identifiers should be a valid uuid. warnings.warn(('Invalid uuid: %s. To ensure interoperability, '
2026-07-21 07:54:26.250 8 INFO cinder.api.openstack.wsgi [None req-065f20dd-6c91-4f96-b4de-364ef0c8f01d 67d054f74d434d81952a4424901d2309 6112bf4e670f47b1a22cb74066780569 - - default default] GET http://cinder-api.openstack.svc.cluster.local:8776/v3/6112bf4e670f47b1a22cb74066780569/snapshots?all_tenants=true
2026-07-21 07:54:26.257 8 INFO cinder.volume.api [None req-065f20dd-6c91-4f96-b4de-364ef0c8f01d 67d054f74d434d81952a4424901d2309 6112bf4e670f47b1a22cb74066780569 - - default default] Get all snapshots completed successfully.
2026-07-21 07:54:26.257 8 INFO cinder.api.openstack.wsgi [None req-065f20dd-6c91-4f96-b4de-364ef0c8f01d 67d054f74d434d81952a4424901d2309 6112bf4e670f47b1a22cb74066780569 - - default default] http://cinder-api.openstack.svc.cluster.local:8776/v3/6112bf4e670f47b1a22cb74066780569/snapshots?all_tenants=true returned with HTTP 200 [pid: 8|app: 0|req: 391/779] 10.0.0.213 () {28 vars in 674 bytes} [Tue Jul 21 07:54:26 2026] GET /v3/6112bf4e670f47b1a22cb74066780569/snapshots?all_tenants=true => generated 17 bytes in 13 msecs (HTTP/1.1 200) 7 headers in 284 bytes (1 switches on core 0) /var/lib/openstack/lib/python3.12/site-packages/pycadf/identifier.py:70: UserWarning: Invalid uuid: cinderv3. To ensure interoperability, identifiers should be a valid uuid. warnings.warn(('Invalid uuid: %s. To ensure interoperability, '
2026-07-21 07:54:26.267 7 INFO cinder.api.openstack.wsgi [None req-b50b5f96-0503-45be-90aa-efb2da26f820 67d054f74d434d81952a4424901d2309 6112bf4e670f47b1a22cb74066780569 - - default default] GET http://cinder-api.openstack.svc.cluster.local:8776/v3/6112bf4e670f47b1a22cb74066780569/os-services
2026-07-21 07:54:26.271 7 INFO cinder.api.openstack.wsgi [None req-b50b5f96-0503-45be-90aa-efb2da26f820 67d054f74d434d81952a4424901d2309 6112bf4e670f47b1a22cb74066780569 - - default default] http://cinder-api.openstack.svc.cluster.local:8776/v3/6112bf4e670f47b1a22cb74066780569/os-services returned with HTTP 200 [pid: 7|app: 0|req: 389/780] 10.0.0.213 () {28 vars in 645 bytes} [Tue Jul 21 07:54:26 2026] GET /v3/6112bf4e670f47b1a22cb74066780569/os-services => generated 646 bytes in 10 msecs (HTTP/1.1 200) 7 headers in 285 bytes (1 switches on core 0)
2026-07-21 07:54:26.284 8 INFO cinder.api.openstack.wsgi [None req-86d8f3d8-9c9e-46bc-8ece-e3d25b49a4ed 67d054f74d434d81952a4424901d2309 6112bf4e670f47b1a22cb74066780569 - - default default] GET http://cinder-api.openstack.svc.cluster.local:8776/v3/6112bf4e670f47b1a22cb74066780569/scheduler-stats/get_pools?detail=true
2026-07-21 07:54:26.789 8 INFO cinder.api.openstack.wsgi [None req-86d8f3d8-9c9e-46bc-8ece-e3d25b49a4ed 67d054f74d434d81952a4424901d2309 6112bf4e670f47b1a22cb74066780569 - - default default] http://cinder-api.openstack.svc.cluster.local:8776/v3/6112bf4e670f47b1a22cb74066780569/scheduler-stats/get_pools?detail=true returned with HTTP 200 [pid: 8|app: 0|req: 392/781] 10.0.0.213 () {28 vars in 696 bytes} [Tue Jul 21 07:54:26 2026] GET /v3/6112bf4e670f47b1a22cb74066780569/scheduler-stats/get_pools?detail=true => generated 670 bytes in 516 msecs (HTTP/1.1 200) 7 headers in 285 bytes (1 switches on core 0)
2026-07-21 07:54:26.849 7 INFO cinder.api.openstack.wsgi [None req-656e8681-027e-493c-8768-57fde85769e4 67d054f74d434d81952a4424901d2309 6112bf4e670f47b1a22cb74066780569 - - default default] GET http://cinder-api.openstack.svc.cluster.local:8776/v3/6112bf4e670f47b1a22cb74066780569/os-quota-sets/0b613f54410842dd814374d0fa60b9f8?usage=true
2026-07-21 07:54:26.872 7 INFO cinder.api.openstack.wsgi [None req-656e8681-027e-493c-8768-57fde85769e4 67d054f74d434d81952a4424901d2309 6112bf4e670f47b1a22cb74066780569 - - default default] http://cinder-api.openstack.svc.cluster.local:8776/v3/6112bf4e670f47b1a22cb74066780569/os-quota-sets/0b613f54410842dd814374d0fa60b9f8?usage=true returned with HTTP 200 [pid: 7|app: 0|req: 390/782] 10.0.0.213 () {28 vars in 736 bytes} [Tue Jul 21 07:54:26 2026] GET /v3/6112bf4e670f47b1a22cb74066780569/os-quota-sets/0b613f54410842dd814374d0fa60b9f8?usage=true => generated 847 bytes in 31 msecs (HTTP/1.1 200) 7 headers in 285 bytes (1 switches on core 0)
2026-07-21 07:54:26.886 8 INFO cinder.api.openstack.wsgi [None req-303ab585-c316-4f22-921e-f29109a384c9 67d054f74d434d81952a4424901d2309 6112bf4e670f47b1a22cb74066780569 - - default default] GET http://cinder-api.openstack.svc.cluster.local:8776/v3/6112bf4e670f47b1a22cb74066780569/os-quota-sets/3ce45712fa484878bbb989f5634579fb?usage=true
2026-07-21 07:54:26.924 8 INFO cinder.api.openstack.wsgi [None req-303ab585-c316-4f22-921e-f29109a384c9 67d054f74d434d81952a4424901d2309 6112bf4e670f47b1a22cb74066780569 - - default default] http://cinder-api.openstack.svc.cluster.local:8776/v3/6112bf4e670f47b1a22cb74066780569/os-quota-sets/3ce45712fa484878bbb989f5634579fb?usage=true returned with HTTP 200 [pid: 8|app: 0|req: 393/783] 10.0.0.213 () {28 vars in 736 bytes} [Tue Jul 21 07:54:26 2026] GET /v3/6112bf4e670f47b1a22cb74066780569/os-quota-sets/3ce45712fa484878bbb989f5634579fb?usage=true => generated 847 bytes in 48 msecs (HTTP/1.1 200) 7 headers in 285 bytes (1 switches on core 0)
2026-07-21 07:54:26.939 7 INFO cinder.api.openstack.wsgi [None req-e1273c8d-7beb-4aaa-a004-beca24376b3e 67d054f74d434d81952a4424901d2309 6112bf4e670f47b1a22cb74066780569 - - default default] GET http://cinder-api.openstack.svc.cluster.local:8776/v3/6112bf4e670f47b1a22cb74066780569/os-quota-sets/4da83cf7926e40a896aff00070f43523?usage=true
2026-07-21 07:54:26.963 7 INFO cinder.api.openstack.wsgi [None req-e1273c8d-7beb-4aaa-a004-beca24376b3e 67d054f74d434d81952a4424901d2309 6112bf4e670f47b1a22cb74066780569 - - default default] http://cinder-api.openstack.svc.cluster.local:8776/v3/6112bf4e670f47b1a22cb74066780569/os-quota-sets/4da83cf7926e40a896aff00070f43523?usage=true returned with HTTP 200 [pid: 7|app: 0|req: 391/784] 10.0.0.213 () {28 vars in 736 bytes} [Tue Jul 21 07:54:26 2026] GET /v3/6112bf4e670f47b1a22cb74066780569/os-quota-sets/4da83cf7926e40a896aff00070f43523?usage=true => generated 845 bytes in 35 msecs (HTTP/1.1 200) 7 headers in 285 bytes (1 switches on core 0)
2026-07-21 07:54:26.976 8 INFO cinder.api.openstack.wsgi [None req-dda96429-4091-4f86-8816-05b798e66bf8 67d054f74d434d81952a4424901d2309 6112bf4e670f47b1a22cb74066780569 - - default default] GET http://cinder-api.openstack.svc.cluster.local:8776/v3/6112bf4e670f47b1a22cb74066780569/os-quota-sets/591659a0a914449a9f13e3fad83a5165?usage=true
2026-07-21 07:54:27.004 8 INFO cinder.api.openstack.wsgi [None req-dda96429-4091-4f86-8816-05b798e66bf8 67d054f74d434d81952a4424901d2309 6112bf4e670f47b1a22cb74066780569 - - default default] http://cinder-api.openstack.svc.cluster.local:8776/v3/6112bf4e670f47b1a22cb74066780569/os-quota-sets/591659a0a914449a9f13e3fad83a5165?usage=true returned with HTTP 200 [pid: 8|app: 0|req: 394/785] 10.0.0.213 () {28 vars in 736 bytes} [Tue Jul 21 07:54:26 2026] GET /v3/6112bf4e670f47b1a22cb74066780569/os-quota-sets/591659a0a914449a9f13e3fad83a5165?usage=true => generated 847 bytes in 37 msecs (HTTP/1.1 200) 7 headers in 285 bytes (1 switches on core 0)
2026-07-21 07:54:27.015 7 INFO cinder.api.openstack.wsgi [None req-57ee3fc7-2304-46ac-992c-2b8ff291ccc1 67d054f74d434d81952a4424901d2309 6112bf4e670f47b1a22cb74066780569 - - default default] GET http://cinder-api.openstack.svc.cluster.local:8776/v3/6112bf4e670f47b1a22cb74066780569/os-quota-sets/6112bf4e670f47b1a22cb74066780569?usage=true
2026-07-21 07:54:27.041 7 INFO cinder.api.openstack.wsgi [None req-57ee3fc7-2304-46ac-992c-2b8ff291ccc1 67d054f74d434d81952a4424901d2309 6112bf4e670f47b1a22cb74066780569 - - default default] http://cinder-api.openstack.svc.cluster.local:8776/v3/6112bf4e670f47b1a22cb74066780569/os-quota-sets/6112bf4e670f47b1a22cb74066780569?usage=true returned with HTTP 200 [pid: 7|app: 0|req: 392/786] 10.0.0.213 () {28 vars in 736 bytes} [Tue Jul 21 07:54:27 2026] GET /v3/6112bf4e670f47b1a22cb74066780569/os-quota-sets/6112bf4e670f47b1a22cb74066780569?usage=true => generated 845 bytes in 32 msecs (HTTP/1.1 200) 7 headers in 285 bytes (1 switches on core 0)
2026-07-21 07:54:27.051 8 INFO cinder.api.openstack.wsgi [None req-50bfa3a9-abbf-4838-af21-75c933c5a3fc 67d054f74d434d81952a4424901d2309 6112bf4e670f47b1a22cb74066780569 - - default default] GET http://cinder-api.openstack.svc.cluster.local:8776/v3/6112bf4e670f47b1a22cb74066780569/os-quota-sets/6288c5d52c4f49849f45bb4519a85528?usage=true
2026-07-21 07:54:27.093 8 INFO cinder.api.openstack.wsgi [None req-50bfa3a9-abbf-4838-af21-75c933c5a3fc 67d054f74d434d81952a4424901d2309 6112bf4e670f47b1a22cb74066780569 - - default default] http://cinder-api.openstack.svc.cluster.local:8776/v3/6112bf4e670f47b1a22cb74066780569/os-quota-sets/6288c5d52c4f49849f45bb4519a85528?usage=true returned with HTTP 200 [pid: 8|app: 0|req: 395/787] 10.0.0.213 () {28 vars in 736 bytes} [Tue Jul 21 07:54:27 2026] GET /v3/6112bf4e670f47b1a22cb74066780569/os-quota-sets/6288c5d52c4f49849f45bb4519a85528?usage=true => generated 847 bytes in 50 msecs (HTTP/1.1 200) 7 headers in 285 bytes (1 switches on core 0)
2026-07-21 07:54:27.103 7 INFO cinder.api.openstack.wsgi [None req-56f04dc5-e6c8-4dbf-acfb-b1ae3bf1d349 67d054f74d434d81952a4424901d2309 6112bf4e670f47b1a22cb74066780569 - - default default] GET http://cinder-api.openstack.svc.cluster.local:8776/v3/6112bf4e670f47b1a22cb74066780569/os-quota-sets/861885316dde4d48a20552ea27a91d27?usage=true
2026-07-21 07:54:27.126 7 INFO cinder.api.openstack.wsgi [None req-56f04dc5-e6c8-4dbf-acfb-b1ae3bf1d349 67d054f74d434d81952a4424901d2309 6112bf4e670f47b1a22cb74066780569 - - default default] http://cinder-api.openstack.svc.cluster.local:8776/v3/6112bf4e670f47b1a22cb74066780569/os-quota-sets/861885316dde4d48a20552ea27a91d27?usage=true returned with HTTP 200 [pid: 7|app: 0|req: 393/788] 10.0.0.213 () {28 vars in 736 bytes} [Tue Jul 21 07:54:27 2026] GET /v3/6112bf4e670f47b1a22cb74066780569/os-quota-sets/861885316dde4d48a20552ea27a91d27?usage=true => generated 847 bytes in 30 msecs (HTTP/1.1 200) 7 headers in 285 bytes (1 switches on core 0)
2026-07-21 07:54:27.140 8 INFO cinder.api.openstack.wsgi [None req-27027181-619a-4b72-a4bf-08f9eb658d70 67d054f74d434d81952a4424901d2309 6112bf4e670f47b1a22cb74066780569 - - default default] GET http://cinder-api.openstack.svc.cluster.local:8776/v3/6112bf4e670f47b1a22cb74066780569/os-quota-sets/ae0723b5582949e2b6f62f58e44cbbd3?usage=true
2026-07-21 07:54:27.160 8 INFO cinder.api.openstack.wsgi [None req-27027181-619a-4b72-a4bf-08f9eb658d70 67d054f74d434d81952a4424901d2309 6112bf4e670f47b1a22cb74066780569 - - default default] http://cinder-api.openstack.svc.cluster.local:8776/v3/6112bf4e670f47b1a22cb74066780569/os-quota-sets/ae0723b5582949e2b6f62f58e44cbbd3?usage=true returned with HTTP 200 [pid: 8|app: 0|req: 396/789] 10.0.0.213 () {28 vars in 736 bytes} [Tue Jul 21 07:54:27 2026] GET /v3/6112bf4e670f47b1a22cb74066780569/os-quota-sets/ae0723b5582949e2b6f62f58e44cbbd3?usage=true => generated 847 bytes in 31 msecs (HTTP/1.1 200) 7 headers in 285 bytes (1 switches on core 0)
2026-07-21 07:54:27.175 7 INFO cinder.api.openstack.wsgi [None req-680b060e-a90c-47c9-be7f-4870e74add40 67d054f74d434d81952a4424901d2309 6112bf4e670f47b1a22cb74066780569 - - default default] GET http://cinder-api.openstack.svc.cluster.local:8776/v3/6112bf4e670f47b1a22cb74066780569/os-quota-sets/d500001a80cb47b29aa6043c57f8a575?usage=true
2026-07-21 07:54:27.197 7 INFO cinder.api.openstack.wsgi [None req-680b060e-a90c-47c9-be7f-4870e74add40 67d054f74d434d81952a4424901d2309 6112bf4e670f47b1a22cb74066780569 - - default default] http://cinder-api.openstack.svc.cluster.local:8776/v3/6112bf4e670f47b1a22cb74066780569/os-quota-sets/d500001a80cb47b29aa6043c57f8a575?usage=true returned with HTTP 200 [pid: 7|app: 0|req: 394/790] 10.0.0.213 () {28 vars in 736 bytes} [Tue Jul 21 07:54:27 2026] GET /v3/6112bf4e670f47b1a22cb74066780569/os-quota-sets/d500001a80cb47b29aa6043c57f8a575?usage=true => generated 847 bytes in 30 msecs (HTTP/1.1 200) 7 headers in 285 bytes (1 switches on core 0)
2026-07-21 07:54:27.210 8 INFO cinder.api.openstack.wsgi [None req-fa636e46-bab3-48f4-aa68-0aa0d856848e 67d054f74d434d81952a4424901d2309 6112bf4e670f47b1a22cb74066780569 - - default default] GET http://cinder-api.openstack.svc.cluster.local:8776/v3/6112bf4e670f47b1a22cb74066780569/os-quota-sets/f97a44b28de64cada9b936b83b8e5ffe?usage=true
2026-07-21 07:54:27.239 8 INFO cinder.api.openstack.wsgi [None req-fa636e46-bab3-48f4-aa68-0aa0d856848e 67d054f74d434d81952a4424901d2309 6112bf4e670f47b1a22cb74066780569 - - default default] http://cinder-api.openstack.svc.cluster.local:8776/v3/6112bf4e670f47b1a22cb74066780569/os-quota-sets/f97a44b28de64cada9b936b83b8e5ffe?usage=true returned with HTTP 200 [pid: 8|app: 0|req: 397/791] 10.0.0.213 () {28 vars in 736 bytes} [Tue Jul 21 07:54:27 2026] GET /v3/6112bf4e670f47b1a22cb74066780569/os-quota-sets/f97a44b28de64cada9b936b83b8e5ffe?usage=true => generated 847 bytes in 37 msecs (HTTP/1.1 200) 7 headers in 285 bytes (1 switches on core 0)
2026-07-21 07:54:31.381 7 INFO cinder.api.openstack.wsgi [None req-680b060e-a90c-47c9-be7f-4870e74add40 67d054f74d434d81952a4424901d2309 6112bf4e670f47b1a22cb74066780569 - - default default] GET http://10.0.0.170:8776/
2026-07-21 07:54:31.382 8 INFO cinder.api.openstack.wsgi [None req-fa636e46-bab3-48f4-aa68-0aa0d856848e 67d054f74d434d81952a4424901d2309 6112bf4e670f47b1a22cb74066780569 - - default default] GET http://10.0.0.170:8776/
2026-07-21 07:54:31.382 7 INFO cinder.api.openstack.wsgi [None req-680b060e-a90c-47c9-be7f-4870e74add40 67d054f74d434d81952a4424901d2309 6112bf4e670f47b1a22cb74066780569 - - default default] http://10.0.0.170:8776/ returned with HTTP 300
2026-07-21 07:54:31.383 8 INFO cinder.api.openstack.wsgi [None req-fa636e46-bab3-48f4-aa68-0aa0d856848e 67d054f74d434d81952a4424901d2309 6112bf4e670f47b1a22cb74066780569 - - default default] http://10.0.0.170:8776/ returned with HTTP 300
2026-07-21 07:54:32.696 7 INFO cinder.api.openstack.wsgi [req-31e0d7f7-6107-49b2-9eec-c936108e83ce req-239be78f-626f-4f6b-909f-794e574d6a10 85d712d1b55846f18144649d879ac974 0b613f54410842dd814374d0fa60b9f8 - - default default] DELETE http://cinder-api.openstack.svc.cluster.local:8776/v3/0b613f54410842dd814374d0fa60b9f8/attachments/9bcf397c-42c6-4ca9-8527-e741be7a9813 /var/lib/openstack/lib/python3.12/site-packages/oslo_context/context.py:100: DeprecationWarning: Policy enforcement is depending on the value of is_admin. This key is deprecated. Please update your policy file to use the standard policy values. warnings.warn('Policy enforcement is depending on the value of '
2026-07-21 07:54:33.242 7 INFO cinder.api.openstack.wsgi [req-31e0d7f7-6107-49b2-9eec-c936108e83ce req-239be78f-626f-4f6b-909f-794e574d6a10 85d712d1b55846f18144649d879ac974 0b613f54410842dd814374d0fa60b9f8 - - default default] http://cinder-api.openstack.svc.cluster.local:8776/v3/0b613f54410842dd814374d0fa60b9f8/attachments/9bcf397c-42c6-4ca9-8527-e741be7a9813 returned with HTTP 200 [pid: 7|app: 0|req: 396/794] 199.19.213.238 () {38 vars in 1103 bytes} [Tue Jul 21 07:54:32 2026] DELETE /v3/0b613f54410842dd814374d0fa60b9f8/attachments/9bcf397c-42c6-4ca9-8527-e741be7a9813 => generated 19 bytes in 555 msecs (HTTP/1.1 200) 7 headers in 285 bytes (1 switches on core 0)
2026-07-21 07:54:33.254 8 INFO cinder.api.openstack.wsgi [req-31e0d7f7-6107-49b2-9eec-c936108e83ce req-38284258-2ffd-4487-b9a0-b381b9672731 85d712d1b55846f18144649d879ac974 0b613f54410842dd814374d0fa60b9f8 - - default default] DELETE http://cinder-api.openstack.svc.cluster.local:8776/v3/0b613f54410842dd814374d0fa60b9f8/volumes/86c4e5ef-e867-4d8e-86fc-9dea341e00cc
2026-07-21 07:54:33.255 8 INFO cinder.api.v3.volumes [req-31e0d7f7-6107-49b2-9eec-c936108e83ce req-38284258-2ffd-4487-b9a0-b381b9672731 85d712d1b55846f18144649d879ac974 0b613f54410842dd814374d0fa60b9f8 - - default default] Delete volume with id: 86c4e5ef-e867-4d8e-86fc-9dea341e00cc /var/lib/openstack/lib/python3.12/site-packages/oslo_context/context.py:100: DeprecationWarning: Policy enforcement is depending on the value of is_admin. This key is deprecated. Please update your policy file to use the standard policy values. warnings.warn('Policy enforcement is depending on the value of '
2026-07-21 07:54:33.265 8 INFO cinder.volume.api [req-31e0d7f7-6107-49b2-9eec-c936108e83ce req-38284258-2ffd-4487-b9a0-b381b9672731 85d712d1b55846f18144649d879ac974 0b613f54410842dd814374d0fa60b9f8 - - default default] Volume info retrieved successfully.
2026-07-21 07:54:33.287 8 INFO cinder.volume.api [req-31e0d7f7-6107-49b2-9eec-c936108e83ce req-38284258-2ffd-4487-b9a0-b381b9672731 85d712d1b55846f18144649d879ac974 0b613f54410842dd814374d0fa60b9f8 - - default default] Delete volume request issued successfully.
2026-07-21 07:54:33.287 8 INFO cinder.api.openstack.wsgi [req-31e0d7f7-6107-49b2-9eec-c936108e83ce req-38284258-2ffd-4487-b9a0-b381b9672731 85d712d1b55846f18144649d879ac974 0b613f54410842dd814374d0fa60b9f8 - - default default] http://cinder-api.openstack.svc.cluster.local:8776/v3/0b613f54410842dd814374d0fa60b9f8/volumes/86c4e5ef-e867-4d8e-86fc-9dea341e00cc returned with HTTP 202 [pid: 8|app: 0|req: 399/795] 199.19.213.238 () {36 vars in 1054 bytes} [Tue Jul 21 07:54:33 2026] DELETE /v3/0b613f54410842dd814374d0fa60b9f8/volumes/86c4e5ef-e867-4d8e-86fc-9dea341e00cc => generated 0 bytes in 41 msecs (HTTP/1.1 202) 6 headers in 233 bytes (1 switches on core 0)
2026-07-21 07:54:41.375 8 INFO cinder.api.openstack.wsgi [req-31e0d7f7-6107-49b2-9eec-c936108e83ce req-38284258-2ffd-4487-b9a0-b381b9672731 85d712d1b55846f18144649d879ac974 0b613f54410842dd814374d0fa60b9f8 - - default default] GET http://10.0.0.170:8776/
2026-07-21 07:54:41.375 7 INFO cinder.api.openstack.wsgi [req-31e0d7f7-6107-49b2-9eec-c936108e83ce req-239be78f-626f-4f6b-909f-794e574d6a10 85d712d1b55846f18144649d879ac974 0b613f54410842dd814374d0fa60b9f8 - - default default] GET http://10.0.0.170:8776/
2026-07-21 07:54:41.377 7 INFO cinder.api.openstack.wsgi [req-31e0d7f7-6107-49b2-9eec-c936108e83ce req-239be78f-626f-4f6b-909f-794e574d6a10 85d712d1b55846f18144649d879ac974 0b613f54410842dd814374d0fa60b9f8 - - default default] http://10.0.0.170:8776/ returned with HTTP 300
2026-07-21 07:54:41.377 8 INFO cinder.api.openstack.wsgi [req-31e0d7f7-6107-49b2-9eec-c936108e83ce req-38284258-2ffd-4487-b9a0-b381b9672731 85d712d1b55846f18144649d879ac974 0b613f54410842dd814374d0fa60b9f8 - - default default] http://10.0.0.170:8776/ returned with HTTP 300
2026-07-21 07:54:51.374 8 INFO cinder.api.openstack.wsgi [req-31e0d7f7-6107-49b2-9eec-c936108e83ce req-38284258-2ffd-4487-b9a0-b381b9672731 85d712d1b55846f18144649d879ac974 0b613f54410842dd814374d0fa60b9f8 - - default default] GET http://10.0.0.170:8776/
2026-07-21 07:54:51.374 7 INFO cinder.api.openstack.wsgi [req-31e0d7f7-6107-49b2-9eec-c936108e83ce req-239be78f-626f-4f6b-909f-794e574d6a10 85d712d1b55846f18144649d879ac974 0b613f54410842dd814374d0fa60b9f8 - - default default] GET http://10.0.0.170:8776/
2026-07-21 07:54:51.375 7 INFO cinder.api.openstack.wsgi [req-31e0d7f7-6107-49b2-9eec-c936108e83ce req-239be78f-626f-4f6b-909f-794e574d6a10 85d712d1b55846f18144649d879ac974 0b613f54410842dd814374d0fa60b9f8 - - default default] http://10.0.0.170:8776/ returned with HTTP 300
2026-07-21 07:54:51.376 8 INFO cinder.api.openstack.wsgi [req-31e0d7f7-6107-49b2-9eec-c936108e83ce req-38284258-2ffd-4487-b9a0-b381b9672731 85d712d1b55846f18144649d879ac974 0b613f54410842dd814374d0fa60b9f8 - - default default] http://10.0.0.170:8776/ returned with HTTP 300
