2026-07-21 07:59:16.208 7 INFO placement.requestlog [req-c69b2941-f2f4-4d03-bc48-9dc15579ed4e req-e71e4977-3f18-4ab3-9cb5-674734ef695f 4439864f39794720866a540311b740cb 4da83cf7926e40a896aff00070f43523 - - 2f37ce198d384910aa644d21cbe91a9c 2f37ce198d384910aa644d21cbe91a9c] 199.19.213.238 "GET /resource_providers/536fa3fc-1c6c-48d4-8a64-42b0c2f9b937/allocations" status: 200 len: 340 microversion: 1.0 [pid: 7|app: 0|req: 599/1198] 199.19.213.238 () {32 vars in 857 bytes} [Tue Jul 21 07:59:16 2026] GET /resource_providers/536fa3fc-1c6c-48d4-8a64-42b0c2f9b937/allocations => generated 340 bytes in 17 msecs (HTTP/1.1 200) 6 headers in 224 bytes (1 switches on core 0)
2026-07-21 07:59:16.228 8 INFO placement.requestlog [req-c69b2941-f2f4-4d03-bc48-9dc15579ed4e req-c6cfbe39-c92a-4509-96ca-908ae42813c3 4439864f39794720866a540311b740cb 4da83cf7926e40a896aff00070f43523 - - 2f37ce198d384910aa644d21cbe91a9c 2f37ce198d384910aa644d21cbe91a9c] 199.19.213.238 "GET /resource_providers/536fa3fc-1c6c-48d4-8a64-42b0c2f9b937/allocations" status: 200 len: 340 microversion: 1.0 [pid: 8|app: 0|req: 600/1199] 199.19.213.238 () {32 vars in 857 bytes} [Tue Jul 21 07:59:16 2026] GET /resource_providers/536fa3fc-1c6c-48d4-8a64-42b0c2f9b937/allocations => generated 340 bytes in 14 msecs (HTTP/1.1 200) 6 headers in 224 bytes (1 switches on core 0)
2026-07-21 07:59:16.247 7 INFO placement.requestlog [req-c69b2941-f2f4-4d03-bc48-9dc15579ed4e req-1bbdf0e5-f39e-4a6e-860c-8d1c2869da89 4439864f39794720866a540311b740cb 4da83cf7926e40a896aff00070f43523 - - 2f37ce198d384910aa644d21cbe91a9c 2f37ce198d384910aa644d21cbe91a9c] 199.19.213.238 "GET /allocations/75bcee8a-30ae-4740-ae9d-ad99b18ee7f8" status: 200 len: 258 microversion: 1.28 [pid: 7|app: 0|req: 600/1200] 199.19.213.238 () {34 vars in 863 bytes} [Tue Jul 21 07:59:16 2026] GET /allocations/75bcee8a-30ae-4740-ae9d-ad99b18ee7f8 => generated 258 bytes in 13 msecs (HTTP/1.1 200) 8 headers in 296 bytes (1 switches on core 0)
2026-07-21 07:59:16.263 8 INFO placement.requestlog [req-c69b2941-f2f4-4d03-bc48-9dc15579ed4e req-e8e32676-c9f1-47de-88bb-d5beb2089373 4439864f39794720866a540311b740cb 4da83cf7926e40a896aff00070f43523 - - 2f37ce198d384910aa644d21cbe91a9c 2f37ce198d384910aa644d21cbe91a9c] 199.19.213.238 "GET /allocations/2e825e9a-fdac-4756-819a-d575f2be0767" status: 200 len: 245 microversion: 1.28 [pid: 8|app: 0|req: 601/1201] 199.19.213.238 () {34 vars in 863 bytes} [Tue Jul 21 07:59:16 2026] GET /allocations/2e825e9a-fdac-4756-819a-d575f2be0767 => generated 245 bytes in 11 msecs (HTTP/1.1 200) 8 headers in 296 bytes (1 switches on core 0)
2026-07-21 07:59:16.284 7 INFO placement.requestlog [req-c69b2941-f2f4-4d03-bc48-9dc15579ed4e req-c43bed80-ec04-41ef-8fda-a7c46544f1a5 4439864f39794720866a540311b740cb 4da83cf7926e40a896aff00070f43523 - - 2f37ce198d384910aa644d21cbe91a9c 2f37ce198d384910aa644d21cbe91a9c] 199.19.213.238 "GET /allocations/a470cb55-7763-4f84-9be6-22de33bd48c8" status: 200 len: 258 microversion: 1.28 [pid: 7|app: 0|req: 601/1202] 199.19.213.238 () {34 vars in 863 bytes} [Tue Jul 21 07:59:16 2026] GET /allocations/a470cb55-7763-4f84-9be6-22de33bd48c8 => generated 258 bytes in 12 msecs (HTTP/1.1 200) 8 headers in 296 bytes (1 switches on core 0)
2026-07-21 07:59:18.999 8 INFO placement.requestlog [None req-a29cc278-11ce-4071-9f54-e9b2349bdcb3 - - - - - -] 10.0.0.141 "GET /" status: 200 len: 136 microversion: 1.0
2026-07-21 07:59:19.000 7 INFO placement.requestlog [None req-5d6e6861-da73-4c1e-b8fb-67982c0dfb95 - - - - - -] 10.0.0.141 "GET /" status: 200 len: 136 microversion: 1.0
2026-07-21 07:59:28.999 8 INFO placement.requestlog [None req-78cf1d77-ca44-4a87-a269-175c7e204044 - - - - - -] 10.0.0.141 "GET /" status: 200 len: 136 microversion: 1.0
2026-07-21 07:59:29.010 7 INFO placement.requestlog [None req-bb4f75b3-b4a2-4612-a8bc-99b3fa25474a - - - - - -] 10.0.0.141 "GET /" status: 200 len: 136 microversion: 1.0
2026-07-21 07:59:30.578 7 INFO placement.requestlog [None req-ec702438-fb4b-4dca-98b8-83a398cf6e48 30b3cf93fd204f3da6473081c6526301 4da83cf7926e40a896aff00070f43523 - - 2f37ce198d384910aa644d21cbe91a9c 2f37ce198d384910aa644d21cbe91a9c] 10.0.0.74 "GET /resource_providers/f223dea2-743d-41e8-850b-a1f46c9ed386/aggregates" status: 404 len: 235 microversion: 1.1 [pid: 7|app: 0|req: 604/1207] 10.0.0.74 () {32 vars in 815 bytes} [Tue Jul 21 07:59:30 2026] GET /resource_providers/f223dea2-743d-41e8-850b-a1f46c9ed386/aggregates => generated 235 bytes in 6 msecs (HTTP/1.1 404) 5 headers in 202 bytes (1 switches on core 0)
2026-07-21 07:59:30.579 8 INFO placement.requestlog [None req-ccd6fde1-36ce-43b6-b7be-ed72f56114b7 30b3cf93fd204f3da6473081c6526301 4da83cf7926e40a896aff00070f43523 - - 2f37ce198d384910aa644d21cbe91a9c 2f37ce198d384910aa644d21cbe91a9c] 10.0.0.74 "GET /resource_providers/f223dea2-743d-41e8-850b-a1f46c9ed386/aggregates" status: 404 len: 235 microversion: 1.1 [pid: 8|app: 0|req: 604/1208] 10.0.0.74 () {32 vars in 815 bytes} [Tue Jul 21 07:59:30 2026] GET /resource_providers/f223dea2-743d-41e8-850b-a1f46c9ed386/aggregates => generated 235 bytes in 12 msecs (HTTP/1.1 404) 5 headers in 202 bytes (1 switches on core 0)
2026-07-21 07:59:30.596 7 INFO placement.requestlog [None req-a0b99f86-1358-4435-9974-604bbd141077 30b3cf93fd204f3da6473081c6526301 4da83cf7926e40a896aff00070f43523 - - 2f37ce198d384910aa644d21cbe91a9c 2f37ce198d384910aa644d21cbe91a9c] 10.0.0.74 "DELETE /resource_providers/f223dea2-743d-41e8-850b-a1f46c9ed386" status: 404 len: 246 microversion: 1.1 [pid: 7|app: 0|req: 605/1209] 10.0.0.74 () {34 vars in 815 bytes} [Tue Jul 21 07:59:30 2026] DELETE /resource_providers/f223dea2-743d-41e8-850b-a1f46c9ed386 => generated 246 bytes in 7 msecs (HTTP/1.1 404) 6 headers in 231 bytes (1 switches on core 0)
2026-07-21 07:59:30.599 8 INFO placement.requestlog [None req-66ab0470-bf42-49f1-b328-1917f27461c4 30b3cf93fd204f3da6473081c6526301 4da83cf7926e40a896aff00070f43523 - - 2f37ce198d384910aa644d21cbe91a9c 2f37ce198d384910aa644d21cbe91a9c] 10.0.0.74 "DELETE /resource_providers/f223dea2-743d-41e8-850b-a1f46c9ed386" status: 404 len: 246 microversion: 1.1 [pid: 8|app: 0|req: 605/1210] 10.0.0.74 () {34 vars in 815 bytes} [Tue Jul 21 07:59:30 2026] DELETE /resource_providers/f223dea2-743d-41e8-850b-a1f46c9ed386 => generated 246 bytes in 9 msecs (HTTP/1.1 404) 6 headers in 231 bytes (1 switches on core 0)
2026-07-21 07:59:30.727 7 INFO placement.requestlog [None req-d11c44d4-d0c7-4135-9d9a-8c20ae673681 30b3cf93fd204f3da6473081c6526301 4da83cf7926e40a896aff00070f43523 - - 2f37ce198d384910aa644d21cbe91a9c 2f37ce198d384910aa644d21cbe91a9c] 10.0.0.74 "GET /resource_providers/3a2c9973-9eca-4f18-93dc-3ac2d378032f/aggregates" status: 404 len: 235 microversion: 1.1 [pid: 7|app: 0|req: 606/1211] 10.0.0.74 () {32 vars in 815 bytes} [Tue Jul 21 07:59:30 2026] GET /resource_providers/3a2c9973-9eca-4f18-93dc-3ac2d378032f/aggregates => generated 235 bytes in 7 msecs (HTTP/1.1 404) 5 headers in 202 bytes (1 switches on core 0)
2026-07-21 07:59:30.728 8 INFO placement.requestlog [None req-80815423-3be9-44ae-bc9c-6f8101d355ed 30b3cf93fd204f3da6473081c6526301 4da83cf7926e40a896aff00070f43523 - - 2f37ce198d384910aa644d21cbe91a9c 2f37ce198d384910aa644d21cbe91a9c] 10.0.0.74 "GET /resource_providers/3a2c9973-9eca-4f18-93dc-3ac2d378032f/aggregates" status: 404 len: 235 microversion: 1.1 [pid: 8|app: 0|req: 606/1212] 10.0.0.74 () {32 vars in 815 bytes} [Tue Jul 21 07:59:30 2026] GET /resource_providers/3a2c9973-9eca-4f18-93dc-3ac2d378032f/aggregates => generated 235 bytes in 8 msecs (HTTP/1.1 404) 5 headers in 202 bytes (1 switches on core 0)
2026-07-21 07:59:30.746 7 INFO placement.requestlog [None req-2b3b843d-cb90-4847-a9c9-1c1a779dbbdb 30b3cf93fd204f3da6473081c6526301 4da83cf7926e40a896aff00070f43523 - - 2f37ce198d384910aa644d21cbe91a9c 2f37ce198d384910aa644d21cbe91a9c] 10.0.0.74 "DELETE /resource_providers/3a2c9973-9eca-4f18-93dc-3ac2d378032f" status: 404 len: 246 microversion: 1.1 [pid: 7|app: 0|req: 607/1213] 10.0.0.74 () {34 vars in 815 bytes} [Tue Jul 21 07:59:30 2026] DELETE /resource_providers/3a2c9973-9eca-4f18-93dc-3ac2d378032f => generated 246 bytes in 8 msecs (HTTP/1.1 404) 6 headers in 231 bytes (1 switches on core 0)
2026-07-21 07:59:30.753 8 INFO placement.requestlog [None req-ee47b323-9302-4214-8eca-5224f53fa594 30b3cf93fd204f3da6473081c6526301 4da83cf7926e40a896aff00070f43523 - - 2f37ce198d384910aa644d21cbe91a9c 2f37ce198d384910aa644d21cbe91a9c] 10.0.0.74 "DELETE /resource_providers/3a2c9973-9eca-4f18-93dc-3ac2d378032f" status: 404 len: 246 microversion: 1.1 [pid: 8|app: 0|req: 607/1214] 10.0.0.74 () {34 vars in 815 bytes} [Tue Jul 21 07:59:30 2026] DELETE /resource_providers/3a2c9973-9eca-4f18-93dc-3ac2d378032f => generated 246 bytes in 12 msecs (HTTP/1.1 404) 6 headers in 231 bytes (1 switches on core 0)
2026-07-21 07:59:32.615 7 INFO placement.requestlog [None req-f969d700-e684-46a8-90cd-4479c81e3f0a 30b3cf93fd204f3da6473081c6526301 4da83cf7926e40a896aff00070f43523 - - 2f37ce198d384910aa644d21cbe91a9c 2f37ce198d384910aa644d21cbe91a9c] 10.0.0.74 "GET /resource_providers/901cc260-57b1-4fcb-8472-6066531c0b8f/aggregates" status: 404 len: 235 microversion: 1.1 [pid: 7|app: 0|req: 608/1215] 10.0.0.74 () {32 vars in 815 bytes} [Tue Jul 21 07:59:32 2026] GET /resource_providers/901cc260-57b1-4fcb-8472-6066531c0b8f/aggregates => generated 235 bytes in 7 msecs (HTTP/1.1 404) 5 headers in 202 bytes (1 switches on core 0)
2026-07-21 07:59:32.618 8 INFO placement.requestlog [None req-59c7bf2a-004f-4f5d-9cb3-4b4dc3d87f8d 30b3cf93fd204f3da6473081c6526301 4da83cf7926e40a896aff00070f43523 - - 2f37ce198d384910aa644d21cbe91a9c 2f37ce198d384910aa644d21cbe91a9c] 10.0.0.74 "GET /resource_providers/901cc260-57b1-4fcb-8472-6066531c0b8f/aggregates" status: 404 len: 235 microversion: 1.1 [pid: 8|app: 0|req: 608/1216] 10.0.0.74 () {32 vars in 815 bytes} [Tue Jul 21 07:59:32 2026] GET /resource_providers/901cc260-57b1-4fcb-8472-6066531c0b8f/aggregates => generated 235 bytes in 10 msecs (HTTP/1.1 404) 5 headers in 202 bytes (1 switches on core 0)
2026-07-21 07:59:32.629 7 INFO placement.requestlog [None req-9b9865d2-32c9-4466-a54d-3d2a2ccbcf73 30b3cf93fd204f3da6473081c6526301 4da83cf7926e40a896aff00070f43523 - - 2f37ce198d384910aa644d21cbe91a9c 2f37ce198d384910aa644d21cbe91a9c] 10.0.0.74 "DELETE /resource_providers/901cc260-57b1-4fcb-8472-6066531c0b8f" status: 404 len: 246 microversion: 1.1 [pid: 7|app: 0|req: 609/1217] 10.0.0.74 () {34 vars in 815 bytes} [Tue Jul 21 07:59:32 2026] DELETE /resource_providers/901cc260-57b1-4fcb-8472-6066531c0b8f => generated 246 bytes in 7 msecs (HTTP/1.1 404) 6 headers in 231 bytes (1 switches on core 0)
2026-07-21 07:59:32.638 8 INFO placement.requestlog [None req-99759a63-793f-4e3a-84aa-e9175ebb65e3 30b3cf93fd204f3da6473081c6526301 4da83cf7926e40a896aff00070f43523 - - 2f37ce198d384910aa644d21cbe91a9c 2f37ce198d384910aa644d21cbe91a9c] 10.0.0.74 "DELETE /resource_providers/901cc260-57b1-4fcb-8472-6066531c0b8f" status: 404 len: 246 microversion: 1.1 [pid: 8|app: 0|req: 609/1218] 10.0.0.74 () {34 vars in 815 bytes} [Tue Jul 21 07:59:32 2026] DELETE /resource_providers/901cc260-57b1-4fcb-8472-6066531c0b8f => generated 246 bytes in 14 msecs (HTTP/1.1 404) 6 headers in 231 bytes (1 switches on core 0)
2026-07-21 07:59:32.641 7 INFO placement.requestlog [None req-449bf4c2-65c7-4696-ae06-a944dd13379e 30b3cf93fd204f3da6473081c6526301 4da83cf7926e40a896aff00070f43523 - - 2f37ce198d384910aa644d21cbe91a9c 2f37ce198d384910aa644d21cbe91a9c] 10.0.0.74 "GET /resource_providers/1db90400-76f4-4318-b50d-f028e5e8e444/aggregates" status: 404 len: 235 microversion: 1.1 [pid: 7|app: 0|req: 610/1219] 10.0.0.74 () {32 vars in 815 bytes} [Tue Jul 21 07:59:32 2026] GET /resource_providers/1db90400-76f4-4318-b50d-f028e5e8e444/aggregates => generated 235 bytes in 7 msecs (HTTP/1.1 404) 5 headers in 202 bytes (1 switches on core 0)
2026-07-21 07:59:32.655 8 INFO placement.requestlog [None req-2312bd95-6397-4a58-88e1-ca3d6ba282b6 30b3cf93fd204f3da6473081c6526301 4da83cf7926e40a896aff00070f43523 - - 2f37ce198d384910aa644d21cbe91a9c 2f37ce198d384910aa644d21cbe91a9c] 10.0.0.74 "GET /resource_providers/1db90400-76f4-4318-b50d-f028e5e8e444/aggregates" status: 404 len: 235 microversion: 1.1 [pid: 8|app: 0|req: 610/1220] 10.0.0.74 () {32 vars in 815 bytes} [Tue Jul 21 07:59:32 2026] GET /resource_providers/1db90400-76f4-4318-b50d-f028e5e8e444/aggregates => generated 235 bytes in 8 msecs (HTTP/1.1 404) 5 headers in 202 bytes (1 switches on core 0)
2026-07-21 07:59:32.659 7 INFO placement.requestlog [None req-47a5cc04-bc6a-40bf-b061-982d7c8626de 30b3cf93fd204f3da6473081c6526301 4da83cf7926e40a896aff00070f43523 - - 2f37ce198d384910aa644d21cbe91a9c 2f37ce198d384910aa644d21cbe91a9c] 10.0.0.74 "DELETE /resource_providers/1db90400-76f4-4318-b50d-f028e5e8e444" status: 404 len: 246 microversion: 1.1 [pid: 7|app: 0|req: 611/1221] 10.0.0.74 () {34 vars in 815 bytes} [Tue Jul 21 07:59:32 2026] DELETE /resource_providers/1db90400-76f4-4318-b50d-f028e5e8e444 => generated 246 bytes in 8 msecs (HTTP/1.1 404) 6 headers in 231 bytes (1 switches on core 0)
2026-07-21 07:59:32.669 8 INFO placement.requestlog [None req-4c4c0a30-cfcb-4b94-bb37-e4782470f988 30b3cf93fd204f3da6473081c6526301 4da83cf7926e40a896aff00070f43523 - - 2f37ce198d384910aa644d21cbe91a9c 2f37ce198d384910aa644d21cbe91a9c] 10.0.0.74 "DELETE /resource_providers/1db90400-76f4-4318-b50d-f028e5e8e444" status: 404 len: 246 microversion: 1.1 [pid: 8|app: 0|req: 611/1222] 10.0.0.74 () {34 vars in 815 bytes} [Tue Jul 21 07:59:32 2026] DELETE /resource_providers/1db90400-76f4-4318-b50d-f028e5e8e444 => generated 246 bytes in 7 msecs (HTTP/1.1 404) 6 headers in 231 bytes (1 switches on core 0)
2026-07-21 07:59:32.766 7 INFO placement.requestlog [None req-81d11188-c949-4f42-9ab8-4c2bd4cc9575 30b3cf93fd204f3da6473081c6526301 4da83cf7926e40a896aff00070f43523 - - 2f37ce198d384910aa644d21cbe91a9c 2f37ce198d384910aa644d21cbe91a9c] 10.0.0.74 "GET /resource_providers/a7315d98-2673-43d9-9102-a8c87258ad40/aggregates" status: 404 len: 235 microversion: 1.1 [pid: 7|app: 0|req: 612/1223] 10.0.0.74 () {32 vars in 815 bytes} [Tue Jul 21 07:59:32 2026] GET /resource_providers/a7315d98-2673-43d9-9102-a8c87258ad40/aggregates => generated 235 bytes in 11 msecs (HTTP/1.1 404) 5 headers in 202 bytes (1 switches on core 0)
2026-07-21 07:59:32.772 8 INFO placement.requestlog [None req-0aa30dec-cbfa-468b-96eb-a8ccedf43514 30b3cf93fd204f3da6473081c6526301 4da83cf7926e40a896aff00070f43523 - - 2f37ce198d384910aa644d21cbe91a9c 2f37ce198d384910aa644d21cbe91a9c] 10.0.0.74 "GET /resource_providers/a7315d98-2673-43d9-9102-a8c87258ad40/aggregates" status: 404 len: 235 microversion: 1.1 [pid: 8|app: 0|req: 612/1224] 10.0.0.74 () {32 vars in 815 bytes} [Tue Jul 21 07:59:32 2026] GET /resource_providers/a7315d98-2673-43d9-9102-a8c87258ad40/aggregates => generated 235 bytes in 10 msecs (HTTP/1.1 404) 5 headers in 202 bytes (1 switches on core 0)
2026-07-21 07:59:32.786 7 INFO placement.requestlog [None req-07a2fa64-dbca-4784-8d46-9da85cfc6a64 30b3cf93fd204f3da6473081c6526301 4da83cf7926e40a896aff00070f43523 - - 2f37ce198d384910aa644d21cbe91a9c 2f37ce198d384910aa644d21cbe91a9c] 10.0.0.74 "DELETE /resource_providers/a7315d98-2673-43d9-9102-a8c87258ad40" status: 404 len: 246 microversion: 1.1
2026-07-21 07:59:32.786 8 INFO placement.requestlog [None req-863d8aa5-7b26-441e-9003-99c334a31332 30b3cf93fd204f3da6473081c6526301 4da83cf7926e40a896aff00070f43523 - - 2f37ce198d384910aa644d21cbe91a9c 2f37ce198d384910aa644d21cbe91a9c] 10.0.0.74 "DELETE /resource_providers/a7315d98-2673-43d9-9102-a8c87258ad40" status: 404 len: 246 microversion: 1.1 [pid: 7|app: 0|req: 613/1225] 10.0.0.74 () {34 vars in 815 bytes} [Tue Jul 21 07:59:32 2026] DELETE /resource_providers/a7315d98-2673-43d9-9102-a8c87258ad40 => generated 246 bytes in 9 msecs (HTTP/1.1 404) 6 headers in 231 bytes (1 switches on core 0) [pid: 8|app: 0|req: 613/1226] 10.0.0.74 () {34 vars in 815 bytes} [Tue Jul 21 07:59:32 2026] DELETE /resource_providers/a7315d98-2673-43d9-9102-a8c87258ad40 => generated 246 bytes in 7 msecs (HTTP/1.1 404) 6 headers in 231 bytes (1 switches on core 0)
2026-07-21 07:59:38.999 8 INFO placement.requestlog [None req-eb266cf2-1985-455c-9401-56864ca6578a - - - - - -] 10.0.0.141 "GET /" status: 200 len: 136 microversion: 1.0
2026-07-21 07:59:38.999 7 INFO placement.requestlog [None req-bfd10a32-4539-4234-86dd-1dcd18922011 - - - - - -] 10.0.0.141 "GET /" status: 200 len: 136 microversion: 1.0
2026-07-21 07:59:48.999 7 INFO placement.requestlog [None req-40f59b81-80fd-4f58-9930-faab1f0ca928 - - - - - -] 10.0.0.141 "GET /" status: 200 len: 136 microversion: 1.0
2026-07-21 07:59:48.999 8 INFO placement.requestlog [None req-174e9738-3d0c-4f01-b975-f327073d49cf - - - - - -] 10.0.0.141 "GET /" status: 200 len: 136 microversion: 1.0
2026-07-21 07:59:58.999 7 INFO placement.requestlog [None req-4f8685cb-92e0-47e5-bb7a-61cb852206eb - - - - - -] 10.0.0.141 "GET /" status: 200 len: 136 microversion: 1.0
2026-07-21 07:59:59.001 8 INFO placement.requestlog [None req-be662fb3-f5e0-473d-8e34-c42737da3d76 - - - - - -] 10.0.0.141 "GET /" status: 200 len: 136 microversion: 1.0
2026-07-21 08:00:08.999 7 INFO placement.requestlog [None req-db8d6807-acf8-4328-a43c-97ba355ee9bb - - - - - -] 10.0.0.141 "GET /" status: 200 len: 136 microversion: 1.0
2026-07-21 08:00:08.999 8 INFO placement.requestlog [None req-23bbb3c3-b562-4140-9c16-5973cb99ca08 - - - - - -] 10.0.0.141 "GET /" status: 200 len: 136 microversion: 1.0
2026-07-21 08:00:16.208 7 INFO placement.requestlog [req-4c132a55-7c89-4301-8e24-dc45e3a5d610 req-b43ad0b4-4c23-41a5-9ac2-b94415cabeb8 4439864f39794720866a540311b740cb 4da83cf7926e40a896aff00070f43523 - - 2f37ce198d384910aa644d21cbe91a9c 2f37ce198d384910aa644d21cbe91a9c] 199.19.213.238 "GET /resource_providers/536fa3fc-1c6c-48d4-8a64-42b0c2f9b937/allocations" status: 200 len: 340 microversion: 1.0 [pid: 7|app: 0|req: 618/1235] 199.19.213.238 () {32 vars in 857 bytes} [Tue Jul 21 08:00:16 2026] GET /resource_providers/536fa3fc-1c6c-48d4-8a64-42b0c2f9b937/allocations => generated 340 bytes in 26 msecs (HTTP/1.1 200) 6 headers in 224 bytes (1 switches on core 0)
2026-07-21 08:00:16.232 8 INFO placement.requestlog [req-4c132a55-7c89-4301-8e24-dc45e3a5d610 req-f19fe49e-7c7a-48d1-80ab-324f48860fca 4439864f39794720866a540311b740cb 4da83cf7926e40a896aff00070f43523 - - 2f37ce198d384910aa644d21cbe91a9c 2f37ce198d384910aa644d21cbe91a9c] 199.19.213.238 "GET /resource_providers/536fa3fc-1c6c-48d4-8a64-42b0c2f9b937/allocations" status: 200 len: 340 microversion: 1.0 [pid: 8|app: 0|req: 618/1236] 199.19.213.238 () {32 vars in 857 bytes} [Tue Jul 21 08:00:16 2026] GET /resource_providers/536fa3fc-1c6c-48d4-8a64-42b0c2f9b937/allocations => generated 340 bytes in 15 msecs (HTTP/1.1 200) 6 headers in 224 bytes (1 switches on core 0)
2026-07-21 08:00:16.251 7 INFO placement.requestlog [req-4c132a55-7c89-4301-8e24-dc45e3a5d610 req-e0d008b9-0beb-43ce-a8dc-0d018669fca5 4439864f39794720866a540311b740cb 4da83cf7926e40a896aff00070f43523 - - 2f37ce198d384910aa644d21cbe91a9c 2f37ce198d384910aa644d21cbe91a9c] 199.19.213.238 "GET /allocations/75bcee8a-30ae-4740-ae9d-ad99b18ee7f8" status: 200 len: 258 microversion: 1.28 [pid: 7|app: 0|req: 619/1237] 199.19.213.238 () {34 vars in 863 bytes} [Tue Jul 21 08:00:16 2026] GET /allocations/75bcee8a-30ae-4740-ae9d-ad99b18ee7f8 => generated 258 bytes in 13 msecs (HTTP/1.1 200) 8 headers in 296 bytes (1 switches on core 0)
2026-07-21 08:00:16.266 8 INFO placement.requestlog [req-4c132a55-7c89-4301-8e24-dc45e3a5d610 req-94345330-3018-463b-b0c0-c979aa92fbcc 4439864f39794720866a540311b740cb 4da83cf7926e40a896aff00070f43523 - - 2f37ce198d384910aa644d21cbe91a9c 2f37ce198d384910aa644d21cbe91a9c] 199.19.213.238 "GET /allocations/2e825e9a-fdac-4756-819a-d575f2be0767" status: 200 len: 245 microversion: 1.28 [pid: 8|app: 0|req: 619/1238] 199.19.213.238 () {34 vars in 863 bytes} [Tue Jul 21 08:00:16 2026] GET /allocations/2e825e9a-fdac-4756-819a-d575f2be0767 => generated 245 bytes in 10 msecs (HTTP/1.1 200) 8 headers in 296 bytes (1 switches on core 0)
2026-07-21 08:00:16.282 7 INFO placement.requestlog [req-4c132a55-7c89-4301-8e24-dc45e3a5d610 req-98adb0c0-d6aa-4b0d-b24c-2894cedd2004 4439864f39794720866a540311b740cb 4da83cf7926e40a896aff00070f43523 - - 2f37ce198d384910aa644d21cbe91a9c 2f37ce198d384910aa644d21cbe91a9c] 199.19.213.238 "GET /allocations/a470cb55-7763-4f84-9be6-22de33bd48c8" status: 200 len: 258 microversion: 1.28 [pid: 7|app: 0|req: 620/1239] 199.19.213.238 () {34 vars in 863 bytes} [Tue Jul 21 08:00:16 2026] GET /allocations/a470cb55-7763-4f84-9be6-22de33bd48c8 => generated 258 bytes in 11 msecs (HTTP/1.1 200) 8 headers in 296 bytes (1 switches on core 0)
2026-07-21 08:00:18.999 7 INFO placement.requestlog [None req-35892964-c500-4c77-9833-603858f36489 - - - - - -] 10.0.0.141 "GET /" status: 200 len: 136 microversion: 1.0
2026-07-21 08:00:18.999 8 INFO placement.requestlog [None req-026c1b75-1438-49af-ba09-edfadbe49c22 - - - - - -] 10.0.0.141 "GET /" status: 200 len: 136 microversion: 1.0
2026-07-21 08:00:28.310 7 INFO placement.requestlog [req-7962096a-7ead-4cb8-994b-8bff9b1fb7ae req-f974a01f-baab-44d8-ba3e-f45d14cbee43 4439864f39794720866a540311b740cb 4da83cf7926e40a896aff00070f43523 - - 2f37ce198d384910aa644d21cbe91a9c 2f37ce198d384910aa644d21cbe91a9c] 199.19.213.238 "GET /resource_providers/536fa3fc-1c6c-48d4-8a64-42b0c2f9b937/allocations" status: 200 len: 340 microversion: 1.0 [pid: 7|app: 0|req: 622/1242] 199.19.213.238 () {32 vars in 857 bytes} [Tue Jul 21 08:00:28 2026] GET /resource_providers/536fa3fc-1c6c-48d4-8a64-42b0c2f9b937/allocations => generated 340 bytes in 24 msecs (HTTP/1.1 200) 6 headers in 224 bytes (1 switches on core 0)
2026-07-21 08:00:28.327 8 INFO placement.requestlog [req-7962096a-7ead-4cb8-994b-8bff9b1fb7ae req-3a82158b-6de6-4e91-9bad-2e94c83c6fa5 4439864f39794720866a540311b740cb 4da83cf7926e40a896aff00070f43523 - - 2f37ce198d384910aa644d21cbe91a9c 2f37ce198d384910aa644d21cbe91a9c] 199.19.213.238 "GET /allocations/75bcee8a-30ae-4740-ae9d-ad99b18ee7f8" status: 200 len: 258 microversion: 1.28 [pid: 8|app: 0|req: 621/1243] 199.19.213.238 () {34 vars in 863 bytes} [Tue Jul 21 08:00:28 2026] GET /allocations/75bcee8a-30ae-4740-ae9d-ad99b18ee7f8 => generated 258 bytes in 13 msecs (HTTP/1.1 200) 8 headers in 296 bytes (1 switches on core 0)
2026-07-21 08:00:28.347 7 INFO placement.requestlog [req-7962096a-7ead-4cb8-994b-8bff9b1fb7ae req-6a7b92c9-57b9-4883-a1f6-ac810c31e4ec 4439864f39794720866a540311b740cb 4da83cf7926e40a896aff00070f43523 - - 2f37ce198d384910aa644d21cbe91a9c 2f37ce198d384910aa644d21cbe91a9c] 199.19.213.238 "GET /allocations/2e825e9a-fdac-4756-819a-d575f2be0767" status: 200 len: 245 microversion: 1.28 [pid: 7|app: 0|req: 623/1244] 199.19.213.238 () {34 vars in 863 bytes} [Tue Jul 21 08:00:28 2026] GET /allocations/2e825e9a-fdac-4756-819a-d575f2be0767 => generated 245 bytes in 13 msecs (HTTP/1.1 200) 8 headers in 296 bytes (1 switches on core 0)
2026-07-21 08:00:28.369 8 INFO placement.requestlog [req-7962096a-7ead-4cb8-994b-8bff9b1fb7ae req-deb1d2ca-a618-45ff-98b6-32637b399d8c 4439864f39794720866a540311b740cb 4da83cf7926e40a896aff00070f43523 - - 2f37ce198d384910aa644d21cbe91a9c 2f37ce198d384910aa644d21cbe91a9c] 199.19.213.238 "GET /allocations/a470cb55-7763-4f84-9be6-22de33bd48c8" status: 200 len: 258 microversion: 1.28 [pid: 8|app: 0|req: 622/1245] 199.19.213.238 () {34 vars in 863 bytes} [Tue Jul 21 08:00:28 2026] GET /allocations/a470cb55-7763-4f84-9be6-22de33bd48c8 => generated 258 bytes in 16 msecs (HTTP/1.1 200) 8 headers in 296 bytes (1 switches on core 0)
2026-07-21 08:00:29.000 7 INFO placement.requestlog [None req-d9ef054e-5bf0-4517-90c2-265386e5be6c - - - - - -] 10.0.0.141 "GET /" status: 200 len: 136 microversion: 1.0
2026-07-21 08:00:29.000 8 INFO placement.requestlog [None req-5cfd395b-7311-4105-a7a8-09163e0872d8 - - - - - -] 10.0.0.141 "GET /" status: 200 len: 136 microversion: 1.0
2026-07-21 08:00:29.425 8 INFO placement.requestlog [req-7962096a-7ead-4cb8-994b-8bff9b1fb7ae req-77e77172-303b-4a12-b4bf-6869e641ed62 4439864f39794720866a540311b740cb 4da83cf7926e40a896aff00070f43523 - - 2f37ce198d384910aa644d21cbe91a9c 2f37ce198d384910aa644d21cbe91a9c] 199.19.213.238 "DELETE /allocations/2e825e9a-fdac-4756-819a-d575f2be0767" status: 204 len: 0 microversion: 1.0 [pid: 8|app: 0|req: 624/1248] 199.19.213.238 () {34 vars in 841 bytes} [Tue Jul 21 08:00:29 2026] DELETE /allocations/2e825e9a-fdac-4756-819a-d575f2be0767 => generated 0 bytes in 26 msecs (HTTP/1.1 204) 5 headers in 198 bytes (1 switches on core 0)
2026-07-21 08:00:32.569 7 INFO placement.requestlog [req-e1d657e7-2dbe-43c0-8a1f-36643cb1a675 req-94964c2e-6142-4a36-9942-cec72a498528 4439864f39794720866a540311b740cb 4da83cf7926e40a896aff00070f43523 - - 2f37ce198d384910aa644d21cbe91a9c 2f37ce198d384910aa644d21cbe91a9c] 199.19.213.238 "GET /resource_providers/536fa3fc-1c6c-48d4-8a64-42b0c2f9b937/allocations" status: 200 len: 253 microversion: 1.0 [pid: 7|app: 0|req: 625/1249] 199.19.213.238 () {32 vars in 857 bytes} [Tue Jul 21 08:00:32 2026] GET /resource_providers/536fa3fc-1c6c-48d4-8a64-42b0c2f9b937/allocations => generated 253 bytes in 20 msecs (HTTP/1.1 200) 6 headers in 224 bytes (1 switches on core 0)
2026-07-21 08:00:32.593 8 INFO placement.requestlog [req-e1d657e7-2dbe-43c0-8a1f-36643cb1a675 req-28390d52-adeb-4b4b-87bf-c460a28381ac 4439864f39794720866a540311b740cb 4da83cf7926e40a896aff00070f43523 - - 2f37ce198d384910aa644d21cbe91a9c 2f37ce198d384910aa644d21cbe91a9c] 199.19.213.238 "GET /allocations/75bcee8a-30ae-4740-ae9d-ad99b18ee7f8" status: 200 len: 258 microversion: 1.28 [pid: 8|app: 0|req: 625/1250] 199.19.213.238 () {34 vars in 863 bytes} [Tue Jul 21 08:00:32 2026] GET /allocations/75bcee8a-30ae-4740-ae9d-ad99b18ee7f8 => generated 258 bytes in 14 msecs (HTTP/1.1 200) 8 headers in 296 bytes (1 switches on core 0)
2026-07-21 08:00:32.613 7 INFO placement.requestlog [req-e1d657e7-2dbe-43c0-8a1f-36643cb1a675 req-e5404266-bc76-4fd0-9ba7-ac3ba9e8f598 4439864f39794720866a540311b740cb 4da83cf7926e40a896aff00070f43523 - - 2f37ce198d384910aa644d21cbe91a9c 2f37ce198d384910aa644d21cbe91a9c] 199.19.213.238 "GET /allocations/a470cb55-7763-4f84-9be6-22de33bd48c8" status: 200 len: 258 microversion: 1.28 [pid: 7|app: 0|req: 626/1251] 199.19.213.238 () {34 vars in 863 bytes} [Tue Jul 21 08:00:32 2026] GET /allocations/a470cb55-7763-4f84-9be6-22de33bd48c8 => generated 258 bytes in 13 msecs (HTTP/1.1 200) 8 headers in 296 bytes (1 switches on core 0)
2026-07-21 08:00:33.663 8 INFO placement.requestlog [req-e1d657e7-2dbe-43c0-8a1f-36643cb1a675 req-65f0790d-77fe-431a-94d7-8a10b6e41796 4439864f39794720866a540311b740cb 4da83cf7926e40a896aff00070f43523 - - 2f37ce198d384910aa644d21cbe91a9c 2f37ce198d384910aa644d21cbe91a9c] 199.19.213.238 "DELETE /allocations/a470cb55-7763-4f84-9be6-22de33bd48c8" status: 204 len: 0 microversion: 1.0 [pid: 8|app: 0|req: 626/1252] 199.19.213.238 () {34 vars in 841 bytes} [Tue Jul 21 08:00:33 2026] DELETE /allocations/a470cb55-7763-4f84-9be6-22de33bd48c8 => generated 0 bytes in 22 msecs (HTTP/1.1 204) 5 headers in 198 bytes (1 switches on core 0)
2026-07-21 08:00:39.000 8 INFO placement.requestlog [None req-5ca65032-0fbd-4a00-92f4-9c66d5c13a56 - - - - - -] 10.0.0.141 "GET /" status: 200 len: 136 microversion: 1.0
2026-07-21 08:00:39.001 7 INFO placement.requestlog [None req-4c3ecefb-4fc0-4a9e-8b2e-df46efd6eb01 - - - - - -] 10.0.0.141 "GET /" status: 200 len: 136 microversion: 1.0
2026-07-21 08:00:43.730 8 INFO placement.requestlog [req-18bda2d0-b668-4b69-aeb4-c6ac977490c5 req-380b0422-fcb8-48e8-8939-ee02c07412a6 4439864f39794720866a540311b740cb 4da83cf7926e40a896aff00070f43523 - - 2f37ce198d384910aa644d21cbe91a9c 2f37ce198d384910aa644d21cbe91a9c] 199.19.213.238 "GET /resource_providers/536fa3fc-1c6c-48d4-8a64-42b0c2f9b937/allocations" status: 200 len: 153 microversion: 1.0 [pid: 8|app: 0|req: 628/1255] 199.19.213.238 () {32 vars in 857 bytes} [Tue Jul 21 08:00:43 2026] GET /resource_providers/536fa3fc-1c6c-48d4-8a64-42b0c2f9b937/allocations => generated 153 bytes in 16 msecs (HTTP/1.1 200) 6 headers in 224 bytes (1 switches on core 0)
2026-07-21 08:00:43.749 7 INFO placement.requestlog [req-18bda2d0-b668-4b69-aeb4-c6ac977490c5 req-b9d500ba-1530-47a6-8eb2-44d521f2bc4c 4439864f39794720866a540311b740cb 4da83cf7926e40a896aff00070f43523 - - 2f37ce198d384910aa644d21cbe91a9c 2f37ce198d384910aa644d21cbe91a9c] 199.19.213.238 "GET /allocations/75bcee8a-30ae-4740-ae9d-ad99b18ee7f8" status: 200 len: 258 microversion: 1.28 [pid: 7|app: 0|req: 628/1256] 199.19.213.238 () {34 vars in 863 bytes} [Tue Jul 21 08:00:43 2026] GET /allocations/75bcee8a-30ae-4740-ae9d-ad99b18ee7f8 => generated 258 bytes in 13 msecs (HTTP/1.1 200) 8 headers in 296 bytes (1 switches on core 0)
2026-07-21 08:00:44.797 8 INFO placement.requestlog [req-18bda2d0-b668-4b69-aeb4-c6ac977490c5 req-e485ed70-eba0-4cab-b7e1-4e664a6a924f 4439864f39794720866a540311b740cb 4da83cf7926e40a896aff00070f43523 - - 2f37ce198d384910aa644d21cbe91a9c 2f37ce198d384910aa644d21cbe91a9c] 199.19.213.238 "DELETE /allocations/75bcee8a-30ae-4740-ae9d-ad99b18ee7f8" status: 204 len: 0 microversion: 1.0 [pid: 8|app: 0|req: 629/1257] 199.19.213.238 () {34 vars in 841 bytes} [Tue Jul 21 08:00:44 2026] DELETE /allocations/75bcee8a-30ae-4740-ae9d-ad99b18ee7f8 => generated 0 bytes in 22 msecs (HTTP/1.1 204) 5 headers in 198 bytes (1 switches on core 0)
2026-07-21 08:00:49.000 7 INFO placement.requestlog [None req-2e9ccdf5-46e8-4207-8fd6-282ce5dc0106 - - - - - -] 10.0.0.141 "GET /" status: 200 len: 136 microversion: 1.0
2026-07-21 08:00:49.000 8 INFO placement.requestlog [None req-36267d0b-e217-4f5a-839b-9ab69952129e - - - - - -] 10.0.0.141 "GET /" status: 200 len: 136 microversion: 1.0
2026-07-21 08:00:55.129 7 INFO placement.requestlog [None req-c3035a1d-7f31-49cb-bfdc-5bacf673d6d1 30b3cf93fd204f3da6473081c6526301 4da83cf7926e40a896aff00070f43523 - - 2f37ce198d384910aa644d21cbe91a9c 2f37ce198d384910aa644d21cbe91a9c] 10.0.0.74 "GET /resource_providers/6eb85462-4dd6-4985-a572-9339d9cfb6f6/aggregates" status: 404 len: 235 microversion: 1.1 [pid: 7|app: 0|req: 630/1260] 10.0.0.74 () {32 vars in 815 bytes} [Tue Jul 21 08:00:55 2026] GET /resource_providers/6eb85462-4dd6-4985-a572-9339d9cfb6f6/aggregates => generated 235 bytes in 10 msecs (HTTP/1.1 404) 5 headers in 202 bytes (1 switches on core 0)
2026-07-21 08:00:55.134 8 INFO placement.requestlog [None req-5fe4b510-4daa-4590-a99b-4d505257f1bf 30b3cf93fd204f3da6473081c6526301 4da83cf7926e40a896aff00070f43523 - - 2f37ce198d384910aa644d21cbe91a9c 2f37ce198d384910aa644d21cbe91a9c] 10.0.0.74 "GET /resource_providers/6eb85462-4dd6-4985-a572-9339d9cfb6f6/aggregates" status: 404 len: 235 microversion: 1.1 [pid: 8|app: 0|req: 631/1261] 10.0.0.74 () {32 vars in 815 bytes} [Tue Jul 21 08:00:55 2026] GET /resource_providers/6eb85462-4dd6-4985-a572-9339d9cfb6f6/aggregates => generated 235 bytes in 10 msecs (HTTP/1.1 404) 5 headers in 202 bytes (1 switches on core 0)
2026-07-21 08:00:55.148 7 INFO placement.requestlog [None req-09785aca-ba6e-42a5-9ac5-8aeae1293c8a 30b3cf93fd204f3da6473081c6526301 4da83cf7926e40a896aff00070f43523 - - 2f37ce198d384910aa644d21cbe91a9c 2f37ce198d384910aa644d21cbe91a9c] 10.0.0.74 "DELETE /resource_providers/6eb85462-4dd6-4985-a572-9339d9cfb6f6" status: 404 len: 246 microversion: 1.1 [pid: 7|app: 0|req: 631/1262] 10.0.0.74 () {34 vars in 815 bytes} [Tue Jul 21 08:00:55 2026] DELETE /resource_providers/6eb85462-4dd6-4985-a572-9339d9cfb6f6 => generated 246 bytes in 9 msecs (HTTP/1.1 404) 6 headers in 231 bytes (1 switches on core 0)
2026-07-21 08:00:55.149 8 INFO placement.requestlog [None req-b545fa4b-0511-44f2-9f04-335a51f624b3 30b3cf93fd204f3da6473081c6526301 4da83cf7926e40a896aff00070f43523 - - 2f37ce198d384910aa644d21cbe91a9c 2f37ce198d384910aa644d21cbe91a9c] 10.0.0.74 "DELETE /resource_providers/6eb85462-4dd6-4985-a572-9339d9cfb6f6" status: 404 len: 246 microversion: 1.1 [pid: 8|app: 0|req: 632/1263] 10.0.0.74 () {34 vars in 815 bytes} [Tue Jul 21 08:00:55 2026] DELETE /resource_providers/6eb85462-4dd6-4985-a572-9339d9cfb6f6 => generated 246 bytes in 7 msecs (HTTP/1.1 404) 6 headers in 231 bytes (1 switches on core 0)
2026-07-21 08:00:57.591 7 INFO placement.requestlog [None req-a7fdff99-3561-4bab-89b6-7e111bdf1dba 30b3cf93fd204f3da6473081c6526301 4da83cf7926e40a896aff00070f43523 - - 2f37ce198d384910aa644d21cbe91a9c 2f37ce198d384910aa644d21cbe91a9c] 10.0.0.74 "GET /resource_providers/372b7c10-903e-4e9b-8b9a-abfdf767f77e/aggregates" status: 404 len: 235 microversion: 1.1 [pid: 7|app: 0|req: 632/1264] 10.0.0.74 () {32 vars in 815 bytes} [Tue Jul 21 08:00:57 2026] GET /resource_providers/372b7c10-903e-4e9b-8b9a-abfdf767f77e/aggregates => generated 235 bytes in 10 msecs (HTTP/1.1 404) 5 headers in 202 bytes (1 switches on core 0)
2026-07-21 08:00:57.594 8 INFO placement.requestlog [None req-d3e87cd7-eb87-497a-be8e-d744c9b71382 30b3cf93fd204f3da6473081c6526301 4da83cf7926e40a896aff00070f43523 - - 2f37ce198d384910aa644d21cbe91a9c 2f37ce198d384910aa644d21cbe91a9c] 10.0.0.74 "GET /resource_providers/372b7c10-903e-4e9b-8b9a-abfdf767f77e/aggregates" status: 404 len: 235 microversion: 1.1 [pid: 8|app: 0|req: 633/1265] 10.0.0.74 () {32 vars in 815 bytes} [Tue Jul 21 08:00:57 2026] GET /resource_providers/372b7c10-903e-4e9b-8b9a-abfdf767f77e/aggregates => generated 235 bytes in 12 msecs (HTTP/1.1 404) 5 headers in 202 bytes (1 switches on core 0)
2026-07-21 08:00:57.626 7 INFO placement.requestlog [None req-13491ea7-9a0b-4cb6-81ae-2e2a14c3886e 30b3cf93fd204f3da6473081c6526301 4da83cf7926e40a896aff00070f43523 - - 2f37ce198d384910aa644d21cbe91a9c 2f37ce198d384910aa644d21cbe91a9c] 10.0.0.74 "DELETE /resource_providers/372b7c10-903e-4e9b-8b9a-abfdf767f77e" status: 404 len: 246 microversion: 1.1 [pid: 7|app: 0|req: 633/1266] 10.0.0.74 () {34 vars in 815 bytes} [Tue Jul 21 08:00:57 2026] DELETE /resource_providers/372b7c10-903e-4e9b-8b9a-abfdf767f77e => generated 246 bytes in 12 msecs (HTTP/1.1 404) 6 headers in 231 bytes (1 switches on core 0)
2026-07-21 08:00:57.628 8 INFO placement.requestlog [None req-a0fd09f5-6991-49c7-b6f8-1f00b239116f 30b3cf93fd204f3da6473081c6526301 4da83cf7926e40a896aff00070f43523 - - 2f37ce198d384910aa644d21cbe91a9c 2f37ce198d384910aa644d21cbe91a9c] 10.0.0.74 "DELETE /resource_providers/372b7c10-903e-4e9b-8b9a-abfdf767f77e" status: 404 len: 246 microversion: 1.1 [pid: 8|app: 0|req: 634/1267] 10.0.0.74 () {34 vars in 815 bytes} [Tue Jul 21 08:00:57 2026] DELETE /resource_providers/372b7c10-903e-4e9b-8b9a-abfdf767f77e => generated 246 bytes in 13 msecs (HTTP/1.1 404) 6 headers in 231 bytes (1 switches on core 0)
2026-07-21 08:00:57.650 7 INFO placement.requestlog [None req-ba4327e6-ad31-416d-b178-2e8814fb45e4 30b3cf93fd204f3da6473081c6526301 4da83cf7926e40a896aff00070f43523 - - 2f37ce198d384910aa644d21cbe91a9c 2f37ce198d384910aa644d21cbe91a9c] 10.0.0.74 "GET /resource_providers/141f5908-0002-4a54-b1df-a807e1a88eee/aggregates" status: 404 len: 235 microversion: 1.1 [pid: 7|app: 0|req: 634/1268] 10.0.0.74 () {32 vars in 815 bytes} [Tue Jul 21 08:00:57 2026] GET /resource_providers/141f5908-0002-4a54-b1df-a807e1a88eee/aggregates => generated 235 bytes in 11 msecs (HTTP/1.1 404) 5 headers in 202 bytes (1 switches on core 0)
2026-07-21 08:00:57.653 8 INFO placement.requestlog [None req-476f1aea-0511-487d-ad49-90e1ec05d83c 30b3cf93fd204f3da6473081c6526301 4da83cf7926e40a896aff00070f43523 - - 2f37ce198d384910aa644d21cbe91a9c 2f37ce198d384910aa644d21cbe91a9c] 10.0.0.74 "GET /resource_providers/141f5908-0002-4a54-b1df-a807e1a88eee/aggregates" status: 404 len: 235 microversion: 1.1 [pid: 8|app: 0|req: 635/1269] 10.0.0.74 () {32 vars in 815 bytes} [Tue Jul 21 08:00:57 2026] GET /resource_providers/141f5908-0002-4a54-b1df-a807e1a88eee/aggregates => generated 235 bytes in 12 msecs (HTTP/1.1 404) 5 headers in 202 bytes (1 switches on core 0)
2026-07-21 08:00:57.670 7 INFO placement.requestlog [None req-aa4eaccc-0a14-4618-a620-17c241833f2f 30b3cf93fd204f3da6473081c6526301 4da83cf7926e40a896aff00070f43523 - - 2f37ce198d384910aa644d21cbe91a9c 2f37ce198d384910aa644d21cbe91a9c] 10.0.0.74 "DELETE /resource_providers/141f5908-0002-4a54-b1df-a807e1a88eee" status: 404 len: 246 microversion: 1.1 [pid: 7|app: 0|req: 635/1270] 10.0.0.74 () {34 vars in 815 bytes} [Tue Jul 21 08:00:57 2026] DELETE /resource_providers/141f5908-0002-4a54-b1df-a807e1a88eee => generated 246 bytes in 10 msecs (HTTP/1.1 404) 6 headers in 231 bytes (1 switches on core 0)
2026-07-21 08:00:57.673 8 INFO placement.requestlog [None req-9febe6f2-c737-4cc3-92f8-c3b0fc21a2c7 30b3cf93fd204f3da6473081c6526301 4da83cf7926e40a896aff00070f43523 - - 2f37ce198d384910aa644d21cbe91a9c 2f37ce198d384910aa644d21cbe91a9c] 10.0.0.74 "DELETE /resource_providers/141f5908-0002-4a54-b1df-a807e1a88eee" status: 404 len: 246 microversion: 1.1 [pid: 8|app: 0|req: 636/1271] 10.0.0.74 () {34 vars in 815 bytes} [Tue Jul 21 08:00:57 2026] DELETE /resource_providers/141f5908-0002-4a54-b1df-a807e1a88eee => generated 246 bytes in 9 msecs (HTTP/1.1 404) 6 headers in 231 bytes (1 switches on core 0)
2026-07-21 08:00:58.999 7 INFO placement.requestlog [None req-7fc90fd8-a8cd-4a7d-9641-070ba48cf9f9 - - - - - -] 10.0.0.141 "GET /" status: 200 len: 136 microversion: 1.0
2026-07-21 08:00:58.999 8 INFO placement.requestlog [None req-2886215c-dd71-4a91-984d-9554c8761749 - - - - - -] 10.0.0.141 "GET /" status: 200 len: 136 microversion: 1.0
2026-07-21 08:00:59.691 8 INFO placement.requestlog [None req-82a0738d-1cf2-49de-984d-bea8a4a659d6 30b3cf93fd204f3da6473081c6526301 4da83cf7926e40a896aff00070f43523 - - 2f37ce198d384910aa644d21cbe91a9c 2f37ce198d384910aa644d21cbe91a9c] 10.0.0.74 "GET /resource_providers/f45fd1a8-3a94-43cb-8c93-0f18f21fdec2/aggregates" status: 404 len: 235 microversion: 1.1 [pid: 8|app: 0|req: 638/1274] 10.0.0.74 () {32 vars in 815 bytes} [Tue Jul 21 08:00:59 2026] GET /resource_providers/f45fd1a8-3a94-43cb-8c93-0f18f21fdec2/aggregates => generated 235 bytes in 10 msecs (HTTP/1.1 404) 5 headers in 202 bytes (1 switches on core 0)
2026-07-21 08:00:59.692 7 INFO placement.requestlog [None req-1ba8ad9f-7543-467a-8be3-172f1142ea6f 30b3cf93fd204f3da6473081c6526301 4da83cf7926e40a896aff00070f43523 - - 2f37ce198d384910aa644d21cbe91a9c 2f37ce198d384910aa644d21cbe91a9c] 10.0.0.74 "GET /resource_providers/f45fd1a8-3a94-43cb-8c93-0f18f21fdec2/aggregates" status: 404 len: 235 microversion: 1.1 [pid: 7|app: 0|req: 637/1275] 10.0.0.74 () {32 vars in 815 bytes} [Tue Jul 21 08:00:59 2026] GET /resource_providers/f45fd1a8-3a94-43cb-8c93-0f18f21fdec2/aggregates => generated 235 bytes in 9 msecs (HTTP/1.1 404) 5 headers in 202 bytes (1 switches on core 0)
2026-07-21 08:00:59.711 8 INFO placement.requestlog [None req-e54b452c-8c93-4639-b687-56a5d5a87078 30b3cf93fd204f3da6473081c6526301 4da83cf7926e40a896aff00070f43523 - - 2f37ce198d384910aa644d21cbe91a9c 2f37ce198d384910aa644d21cbe91a9c] 10.0.0.74 "DELETE /resource_providers/f45fd1a8-3a94-43cb-8c93-0f18f21fdec2" status: 404 len: 246 microversion: 1.1 [pid: 8|app: 0|req: 639/1276] 10.0.0.74 () {34 vars in 815 bytes} [Tue Jul 21 08:00:59 2026] DELETE /resource_providers/f45fd1a8-3a94-43cb-8c93-0f18f21fdec2 => generated 246 bytes in 9 msecs (HTTP/1.1 404) 6 headers in 231 bytes (1 switches on core 0)
2026-07-21 08:00:59.714 7 INFO placement.requestlog [None req-8d986d7e-ce42-4e85-926e-ad7762be57b6 30b3cf93fd204f3da6473081c6526301 4da83cf7926e40a896aff00070f43523 - - 2f37ce198d384910aa644d21cbe91a9c 2f37ce198d384910aa644d21cbe91a9c] 10.0.0.74 "DELETE /resource_providers/f45fd1a8-3a94-43cb-8c93-0f18f21fdec2" status: 404 len: 246 microversion: 1.1 [pid: 7|app: 0|req: 638/1277] 10.0.0.74 () {34 vars in 815 bytes} [Tue Jul 21 08:00:59 2026] DELETE /resource_providers/f45fd1a8-3a94-43cb-8c93-0f18f21fdec2 => generated 246 bytes in 10 msecs (HTTP/1.1 404) 6 headers in 231 bytes (1 switches on core 0)
2026-07-21 08:01:09.000 8 INFO placement.requestlog [None req-d7f07809-d3c9-41f2-9728-e9feb24b64eb - - - - - -] 10.0.0.141 "GET /" status: 200 len: 136 microversion: 1.0
2026-07-21 08:01:09.001 7 INFO placement.requestlog [None req-6159bec7-d433-4332-9a49-ecff7ad5ac26 - - - - - -] 10.0.0.141 "GET /" status: 200 len: 136 microversion: 1.0
2026-07-21 08:01:15.000 8 INFO placement.requestlog [req-ac6db0e1-9d2c-4e43-9017-a847887dad77 req-1e5af678-2aa6-4ad6-baf5-811d44e7b44d 4439864f39794720866a540311b740cb 4da83cf7926e40a896aff00070f43523 - - 2f37ce198d384910aa644d21cbe91a9c 2f37ce198d384910aa644d21cbe91a9c] 199.19.213.238 "GET /resource_providers/536fa3fc-1c6c-48d4-8a64-42b0c2f9b937/allocations" status: 200 len: 55 microversion: 1.0 [pid: 8|app: 0|req: 641/1280] 199.19.213.238 () {32 vars in 857 bytes} [Tue Jul 21 08:01:14 2026] GET /resource_providers/536fa3fc-1c6c-48d4-8a64-42b0c2f9b937/allocations => generated 55 bytes in 22 msecs (HTTP/1.1 200) 6 headers in 223 bytes (1 switches on core 0)
2026-07-21 08:01:15.023 7 INFO placement.requestlog [req-ac6db0e1-9d2c-4e43-9017-a847887dad77 req-6167fc45-1d64-4a74-802a-b6818ab786f1 4439864f39794720866a540311b740cb 4da83cf7926e40a896aff00070f43523 - - 2f37ce198d384910aa644d21cbe91a9c 2f37ce198d384910aa644d21cbe91a9c] 199.19.213.238 "GET /resource_providers/536fa3fc-1c6c-48d4-8a64-42b0c2f9b937/allocations" status: 200 len: 55 microversion: 1.0 [pid: 7|app: 0|req: 640/1281] 199.19.213.238 () {32 vars in 857 bytes} [Tue Jul 21 08:01:15 2026] GET /resource_providers/536fa3fc-1c6c-48d4-8a64-42b0c2f9b937/allocations => generated 55 bytes in 11 msecs (HTTP/1.1 200) 6 headers in 223 bytes (1 switches on core 0)
2026-07-21 08:01:18.999 7 INFO placement.requestlog [None req-e645860a-a8dd-4437-8034-8c4d02a0aa70 - - - - - -] 10.0.0.141 "GET /" status: 200 len: 136 microversion: 1.0
2026-07-21 08:01:19.000 8 INFO placement.requestlog [None req-13efc968-6cb2-490d-9b95-db15a98b812e - - - - - -] 10.0.0.141 "GET /" status: 200 len: 136 microversion: 1.0
2026-07-21 08:01:28.998 7 INFO placement.requestlog [None req-dd8b0e4e-e8ea-4d10-895c-09645b2d72c9 - - - - - -] 10.0.0.141 "GET /" status: 200 len: 136 microversion: 1.0
2026-07-21 08:01:29.000 8 INFO placement.requestlog [None req-29ca07c6-d215-46a1-a792-dfdce9d15ff3 - - - - - -] 10.0.0.141 "GET /" status: 200 len: 136 microversion: 1.0
2026-07-21 08:01:39.000 8 INFO placement.requestlog [None req-05023c8c-a958-4a51-b83d-c1be9844bee9 - - - - - -] 10.0.0.141 "GET /" status: 200 len: 136 microversion: 1.0
2026-07-21 08:01:39.002 7 INFO placement.requestlog [None req-c77a9622-bf21-4b25-8d2a-7ae6f6dd741c - - - - - -] 10.0.0.141 "GET /" status: 200 len: 136 microversion: 1.0
2026-07-21 08:01:48.999 7 INFO placement.requestlog [None req-07ff313d-5299-4200-b337-bd01e0a36eab - - - - - -] 10.0.0.141 "GET /" status: 200 len: 136 microversion: 1.0
2026-07-21 08:01:48.999 8 INFO placement.requestlog [None req-be1f2712-9906-4672-b664-ce6917bffcad - - - - - -] 10.0.0.141 "GET /" status: 200 len: 136 microversion: 1.0
2026-07-21 08:01:58.999 7 INFO placement.requestlog [None req-e1e12a4c-0982-4a70-aea7-f8a514e4f5f8 - - - - - -] 10.0.0.141 "GET /" status: 200 len: 136 microversion: 1.0
2026-07-21 08:01:58.999 8 INFO placement.requestlog [None req-b53b8e02-75bc-4486-94a2-9c59afc3b469 - - - - - -] 10.0.0.141 "GET /" status: 200 len: 136 microversion: 1.0
2026-07-21 08:02:08.999 8 INFO placement.requestlog [None req-f197ef36-65d6-4242-b43b-5429aba96d92 - - - - - -] 10.0.0.141 "GET /" status: 200 len: 136 microversion: 1.0
2026-07-21 08:02:08.999 7 INFO placement.requestlog [None req-f0052e3c-3df8-48ff-98fa-08fa8131d837 - - - - - -] 10.0.0.141 "GET /" status: 200 len: 136 microversion: 1.0
2026-07-21 08:02:15.092 8 INFO placement.requestlog [req-37f9b0b4-6651-4ab0-9d48-1af9add99b17 req-9f56a0d0-58fc-4b15-aa9e-94724401b6e3 4439864f39794720866a540311b740cb 4da83cf7926e40a896aff00070f43523 - - 2f37ce198d384910aa644d21cbe91a9c 2f37ce198d384910aa644d21cbe91a9c] 199.19.213.238 "GET /resource_providers/536fa3fc-1c6c-48d4-8a64-42b0c2f9b937/allocations" status: 200 len: 55 microversion: 1.0 [pid: 8|app: 0|req: 648/1294] 199.19.213.238 () {32 vars in 857 bytes} [Tue Jul 21 08:02:14 2026] GET /resource_providers/536fa3fc-1c6c-48d4-8a64-42b0c2f9b937/allocations => generated 55 bytes in 127 msecs (HTTP/1.1 200) 6 headers in 223 bytes (1 switches on core 0)
2026-07-21 08:02:15.121 7 INFO placement.requestlog [req-37f9b0b4-6651-4ab0-9d48-1af9add99b17 req-38cb366e-bbd7-4f99-af88-8a23bcca75fa 4439864f39794720866a540311b740cb 4da83cf7926e40a896aff00070f43523 - - 2f37ce198d384910aa644d21cbe91a9c 2f37ce198d384910aa644d21cbe91a9c] 199.19.213.238 "GET /resource_providers?in_tree=536fa3fc-1c6c-48d4-8a64-42b0c2f9b937" status: 200 len: 798 microversion: 1.14 [pid: 7|app: 0|req: 647/1295] 199.19.213.238 () {34 vars in 892 bytes} [Tue Jul 21 08:02:15 2026] GET /resource_providers?in_tree=536fa3fc-1c6c-48d4-8a64-42b0c2f9b937 => generated 798 bytes in 23 msecs (HTTP/1.1 200) 6 headers in 225 bytes (1 switches on core 0)
2026-07-21 08:02:15.140 8 INFO placement.requestlog [req-37f9b0b4-6651-4ab0-9d48-1af9add99b17 req-fcbd88f8-7479-4875-a451-eb9cf006c8a4 4439864f39794720866a540311b740cb 4da83cf7926e40a896aff00070f43523 - - 2f37ce198d384910aa644d21cbe91a9c 2f37ce198d384910aa644d21cbe91a9c] 199.19.213.238 "GET /resource_providers/536fa3fc-1c6c-48d4-8a64-42b0c2f9b937/inventories" status: 200 len: 401 microversion: 1.0 [pid: 8|app: 0|req: 649/1296] 199.19.213.238 () {32 vars in 857 bytes} [Tue Jul 21 08:02:15 2026] GET /resource_providers/536fa3fc-1c6c-48d4-8a64-42b0c2f9b937/inventories => generated 401 bytes in 14 msecs (HTTP/1.1 200) 6 headers in 224 bytes (1 switches on core 0)
2026-07-21 08:02:15.154 7 INFO placement.requestlog [req-37f9b0b4-6651-4ab0-9d48-1af9add99b17 req-fbd22450-ef93-4d5a-b042-da426a712638 4439864f39794720866a540311b740cb 4da83cf7926e40a896aff00070f43523 - - 2f37ce198d384910aa644d21cbe91a9c 2f37ce198d384910aa644d21cbe91a9c] 199.19.213.238 "GET /resource_providers/536fa3fc-1c6c-48d4-8a64-42b0c2f9b937/aggregates" status: 200 len: 54 microversion: 1.19 [pid: 7|app: 0|req: 648/1297] 199.19.213.238 () {34 vars in 899 bytes} [Tue Jul 21 08:02:15 2026] GET /resource_providers/536fa3fc-1c6c-48d4-8a64-42b0c2f9b937/aggregates => generated 54 bytes in 11 msecs (HTTP/1.1 200) 8 headers in 295 bytes (1 switches on core 0)
2026-07-21 08:02:15.177 8 INFO placement.requestlog [req-37f9b0b4-6651-4ab0-9d48-1af9add99b17 req-6b31d240-fdce-4519-99ae-766e9d472c29 4439864f39794720866a540311b740cb 4da83cf7926e40a896aff00070f43523 - - 2f37ce198d384910aa644d21cbe91a9c 2f37ce198d384910aa644d21cbe91a9c] 199.19.213.238 "GET /resource_providers/536fa3fc-1c6c-48d4-8a64-42b0c2f9b937/traits" status: 200 len: 1978 microversion: 1.6 [pid: 8|app: 0|req: 650/1298] 199.19.213.238 () {34 vars in 890 bytes} [Tue Jul 21 08:02:15 2026] GET /resource_providers/536fa3fc-1c6c-48d4-8a64-42b0c2f9b937/traits => generated 1978 bytes in 18 msecs (HTTP/1.1 200) 6 headers in 225 bytes (1 switches on core 0)
2026-07-21 08:02:15.196 7 INFO placement.requestlog [req-37f9b0b4-6651-4ab0-9d48-1af9add99b17 req-e3d66fd2-4017-4046-8256-76e32d1a134f 4439864f39794720866a540311b740cb 4da83cf7926e40a896aff00070f43523 - - 2f37ce198d384910aa644d21cbe91a9c 2f37ce198d384910aa644d21cbe91a9c] 199.19.213.238 "GET /resource_providers/536fa3fc-1c6c-48d4-8a64-42b0c2f9b937/allocations" status: 200 len: 55 microversion: 1.0 [pid: 7|app: 0|req: 649/1299] 199.19.213.238 () {32 vars in 857 bytes} [Tue Jul 21 08:02:15 2026] GET /resource_providers/536fa3fc-1c6c-48d4-8a64-42b0c2f9b937/allocations => generated 55 bytes in 12 msecs (HTTP/1.1 200) 6 headers in 223 bytes (1 switches on core 0)
2026-07-21 08:02:19.000 8 INFO placement.requestlog [None req-03c1eece-78c2-4a15-bd4d-1a357b6f2f12 - - - - - -] 10.0.0.141 "GET /" status: 200 len: 136 microversion: 1.0
2026-07-21 08:02:19.001 7 INFO placement.requestlog [None req-6168444c-b131-44fa-a85d-ca75289433d2 - - - - - -] 10.0.0.141 "GET /" status: 200 len: 136 microversion: 1.0
2026-07-21 08:02:28.999 8 INFO placement.requestlog [None req-28d58a61-2a12-45d6-aec1-ea043abd9b40 - - - - - -] 10.0.0.141 "GET /" status: 200 len: 136 microversion: 1.0
2026-07-21 08:02:28.999 7 INFO placement.requestlog [None req-c9c1fa9e-9943-4095-916c-3adb55f188a5 - - - - - -] 10.0.0.141 "GET /" status: 200 len: 136 microversion: 1.0
2026-07-21 08:02:39.000 8 INFO placement.requestlog [None req-95d14f21-f2b0-47c1-8d62-fed97dfa1175 - - - - - -] 10.0.0.141 "GET /" status: 200 len: 136 microversion: 1.0
2026-07-21 08:02:39.000 7 INFO placement.requestlog [None req-88db1839-9851-446f-bc5c-91e41dc4d2ab - - - - - -] 10.0.0.141 "GET /" status: 200 len: 136 microversion: 1.0
2026-07-21 08:02:49.000 7 INFO placement.requestlog [None req-27fb0075-eede-457e-a870-aaec8eeef079 - - - - - -] 10.0.0.141 "GET /" status: 200 len: 136 microversion: 1.0
2026-07-21 08:02:49.000 8 INFO placement.requestlog [None req-99c5bb4c-be0b-44c8-99e3-271ed00ea8c8 - - - - - -] 10.0.0.141 "GET /" status: 200 len: 136 microversion: 1.0
2026-07-21 08:02:59.000 8 INFO placement.requestlog [None req-f7c2b427-3b31-49ef-a3a4-a21c6416e9b6 - - - - - -] 10.0.0.141 "GET /" status: 200 len: 136 microversion: 1.0
2026-07-21 08:02:59.001 7 INFO placement.requestlog [None req-511a658a-3d78-4e4a-9b15-e85a9f8284f1 - - - - - -] 10.0.0.141 "GET /" status: 200 len: 136 microversion: 1.0
2026-07-21 08:03:08.998 7 INFO placement.requestlog [None req-e3473bff-202e-4526-88e2-653d86385061 - - - - - -] 10.0.0.141 "GET /" status: 200 len: 136 microversion: 1.0
2026-07-21 08:03:08.998 8 INFO placement.requestlog [None req-907aa39d-d01a-4715-acee-f5ac69079a87 - - - - - -] 10.0.0.141 "GET /" status: 200 len: 136 microversion: 1.0
