2026-07-21 22:10:10.863 10 INFO neutron.plugins.ml2.plugin [None req-68b55a62-5f15-425e-96d3-f1cfc628679c - - - - - -] Attempt 1 to provision port e3dc7c73-184f-4a5c-995f-79c5046a622a
2026-07-21 22:10:11.001 9 INFO neutron.plugins.ml2.plugin [None req-b3cd83b5-e158-4a3b-990a-ee7677cb0c54 - - - - - -] Attempt 1 to provision port e3dc7c73-184f-4a5c-995f-79c5046a622a
2026-07-21 22:10:11.212 10 INFO neutron.plugins.ml2.plugin [None req-badddb82-acff-447e-9ca1-6231d375888a - - - - - -] Attempt 1 to provision port 8e41978d-953f-42c1-a55b-d5f1a57ab7b1
2026-07-21 22:10:11.552 9 INFO neutron.plugins.ml2.plugin [None req-dde85bab-0c3f-4d81-9f05-c63716ef083c - - - - - -] Attempt 1 to provision port 8e41978d-953f-42c1-a55b-d5f1a57ab7b1
2026-07-21 22:10:16.444 9 INFO neutron.plugins.ml2.plugin [None req-fff37ca4-8617-48aa-b173-edc1f348f00a - - - - - -] Attempt 1 to provision port 17a049d6-10b0-457b-b93a-ef675ae2a243
2026-07-21 22:10:18.814 10 INFO neutron.plugins.ml2.plugin [None req-5969b256-a75b-401a-b4a1-1fe47bb42265 - - - - - -] Attempt 1 to provision port 84570169-c528-45e6-ae63-5918b6c15473
2026-07-21 22:10:19.004 9 INFO neutron.plugins.ml2.plugin [None req-b3cd83b5-e158-4a3b-990a-ee7677cb0c54 - - - - - -] Attempt 1 to provision port d45fa079-6861-4215-b33c-eac3223ad452
2026-07-21 22:10:20.368 10 INFO neutron.plugins.ml2.plugin [None req-16565a0d-2598-4a13-b1d1-51ba01ed514c - - - - - -] Attempt 1 to provision port d45fa079-6861-4215-b33c-eac3223ad452
2026-07-21 22:10:20.666 9 INFO neutron.plugins.ml2.plugin [None req-7fb28c9a-b00b-48af-82b5-53a45659fc63 - - - - - -] Attempt 1 to provision port d45fa079-6861-4215-b33c-eac3223ad452
2026-07-21 22:10:21.098 10 INFO neutron.plugins.ml2.plugin [None req-b3cd83b5-e158-4a3b-990a-ee7677cb0c54 - - - - - -] Attempt 1 to provision port d45fa079-6861-4215-b33c-eac3223ad452
2026-07-21 22:10:21.171 9 INFO neutron.plugins.ml2.plugin [None req-89c40398-0c8c-4cc3-ac8b-e45d5cd9fd58 - - - - - -] Attempt 1 to provision port 3b50a182-9898-422c-8d44-40f67893a500
2026-07-21 22:10:22.347 9 INFO neutron.plugins.ml2.plugin [None req-ced9b14f-b2c1-4e8f-8543-9efc1302e68b - - - - - -] Attempt 1 to provision port 3b50a182-9898-422c-8d44-40f67893a500
2026-07-21 22:10:23.014 10 INFO neutron.plugins.ml2.plugin [None req-b3cd83b5-e158-4a3b-990a-ee7677cb0c54 - - - - - -] Attempt 1 to provision port 3e7cda33-73c0-4ff6-8f95-dc0b767167d5
2026-07-21 22:10:24.969 10 INFO neutron.plugins.ml2.plugin [None req-b3cd83b5-e158-4a3b-990a-ee7677cb0c54 - - - - - -] Attempt 1 to provision port 3e7cda33-73c0-4ff6-8f95-dc0b767167d5
2026-07-21 22:10:30.373 10 INFO neutron.plugins.ml2.plugin [None req-08356891-b4a0-49dc-a44e-4dcad2ff74ed - - - - - -] Attempt 1 to provision port 7301b9a0-bb86-4f62-b25b-983bbe3b86c7
2026-07-21 22:10:33.046 10 INFO neutron.plugins.ml2.plugin [None req-b3cd83b5-e158-4a3b-990a-ee7677cb0c54 - - - - - -] Attempt 1 to provision port 7301b9a0-bb86-4f62-b25b-983bbe3b86c7
2026-07-21 22:10:33.203 10 INFO neutron.notifiers.nova [-] Nova event matching ['req-25769c0a-305e-46be-abc1-5d0d49fec4fa'] response: {'server_uuid': '2d09861e-c837-422a-944d-21acd7ff911b', 'name': 'network-vif-plugged', 'status': 'completed', 'tag': '7301b9a0-bb86-4f62-b25b-983bbe3b86c7', 'code': 200}
2026-07-21 22:10:34.957 9 INFO neutron.plugins.ml2.plugin [None req-b3cd83b5-e158-4a3b-990a-ee7677cb0c54 - - - - - -] Attempt 1 to provision port 7301b9a0-bb86-4f62-b25b-983bbe3b86c7
2026-07-21 22:10:37.153 10 WARNING neutron.plugins.ml2.plugin [None req-9d65ee9b-a786-491a-8a7b-4b84e243aefd - - - - - -] Concurrent port binding operations failed on port 84570169-c528-45e6-ae63-5918b6c15473
2026-07-21 22:10:37.156 10 INFO neutron.plugins.ml2.plugin [None req-9d65ee9b-a786-491a-8a7b-4b84e243aefd - - - - - -] Attempt 2 to bind port 84570169-c528-45e6-ae63-5918b6c15473
2026-07-21 22:10:39.122 9 INFO neutron.plugins.ml2.plugin [None req-b3cd83b5-e158-4a3b-990a-ee7677cb0c54 - - - - - -] Attempt 1 to provision port 3b50a182-9898-422c-8d44-40f67893a500
2026-07-21 22:10:39.208 10 INFO neutron.plugins.ml2.plugin [None req-cfc287e9-c6f6-441e-a902-3ce7c38d8b98 - - - - - -] Attempt 1 to provision port f43c55d1-5178-40bb-8428-9c7316336786
2026-07-21 22:10:39.438 9 INFO neutron.plugins.ml2.plugin [None req-b3cd83b5-e158-4a3b-990a-ee7677cb0c54 - - - - - -] Attempt 1 to provision port f2184e5a-7281-4b4d-af4c-756a78f01ddd
2026-07-21 22:10:39.878 9 INFO neutron.plugins.ml2.plugin [None req-b3cd83b5-e158-4a3b-990a-ee7677cb0c54 - - - - - -] Attempt 1 to provision port 84570169-c528-45e6-ae63-5918b6c15473
2026-07-21 22:10:40.891 10 INFO neutron.plugins.ml2.plugin [None req-41b04059-3e20-4053-9f03-8cd865f7bb76 - - - - - -] Attempt 1 to provision port f2184e5a-7281-4b4d-af4c-756a78f01ddd
2026-07-21 22:10:41.072 9 INFO neutron.plugins.ml2.plugin [None req-b3cd83b5-e158-4a3b-990a-ee7677cb0c54 - - - - - -] Attempt 1 to provision port 3b50a182-9898-422c-8d44-40f67893a500
2026-07-21 22:10:41.211 9 INFO neutron.plugins.ml2.plugin [None req-b793254c-4090-455f-895b-969dcf1123f3 - - - - - -] Attempt 1 to provision port f2184e5a-7281-4b4d-af4c-756a78f01ddd
2026-07-21 22:10:41.473 9 INFO neutron.plugins.ml2.plugin [None req-b3cd83b5-e158-4a3b-990a-ee7677cb0c54 - - - - - -] Attempt 1 to provision port f2184e5a-7281-4b4d-af4c-756a78f01ddd
2026-07-21 22:10:41.664 9 INFO neutron.plugins.ml2.plugin [None req-a1886de4-f170-4384-ada7-970089c24da3 - - - - - -] Attempt 1 to provision port 95381159-4637-4f3e-9106-4f30b0e5796a
2026-07-21 22:10:42.045 9 INFO neutron.plugins.ml2.plugin [None req-b3cd83b5-e158-4a3b-990a-ee7677cb0c54 - - - - - -] Attempt 1 to provision port 84570169-c528-45e6-ae63-5918b6c15473
2026-07-21 22:10:42.259 10 INFO neutron.plugins.ml2.plugin [None req-55543a5b-7838-4e3d-bfbc-7e997cc1173e - - - - - -] Attempt 1 to provision port 95381159-4637-4f3e-9106-4f30b0e5796a
2026-07-21 22:10:43.118 9 INFO neutron.plugins.ml2.plugin [None req-b3cd83b5-e158-4a3b-990a-ee7677cb0c54 - - - - - -] Attempt 1 to provision port 4f6e4dac-b725-4acd-b3d4-ca9168a4356d
2026-07-21 22:10:45.008 10 INFO neutron.plugins.ml2.plugin [None req-b3cd83b5-e158-4a3b-990a-ee7677cb0c54 - - - - - -] Attempt 1 to provision port 4f6e4dac-b725-4acd-b3d4-ca9168a4356d
2026-07-21 22:10:47.844 10 INFO neutron.plugins.ml2.plugin [None req-c39f17e9-0cc0-41e1-ac9b-9427c67f4eb5 - - - - - -] Attempt 1 to provision port 2725661b-ed0d-4c19-9720-1223f01bea33
2026-07-21 22:10:49.157 9 INFO neutron.plugins.ml2.plugin [None req-b3cd83b5-e158-4a3b-990a-ee7677cb0c54 - - - - - -] Attempt 1 to provision port 2725661b-ed0d-4c19-9720-1223f01bea33
2026-07-21 22:10:49.738 9 INFO neutron.notifiers.nova [-] Nova event matching ['req-dde8ee82-549e-4a98-b2e9-9555cf10b877'] response: {'server_uuid': 'cd6c74b0-7bb8-4b7c-951a-aded3edaeb8e', 'name': 'network-vif-plugged', 'status': 'completed', 'tag': '2725661b-ed0d-4c19-9720-1223f01bea33', 'code': 200}
2026-07-21 22:10:50.434 10 INFO neutron.plugins.ml2.plugin [None req-bdf72f34-7837-4e1a-9521-325a98773331 - - - - - -] Attempt 1 to provision port 707da30c-297e-4dc9-9ae9-80756328a4d5
2026-07-21 22:10:51.036 9 INFO neutron.plugins.ml2.plugin [None req-b3cd83b5-e158-4a3b-990a-ee7677cb0c54 - - - - - -] Attempt 1 to provision port da1eb83e-f08e-45c1-8f1d-da5a1254ecd7
2026-07-21 22:10:51.615 9 INFO neutron.plugins.ml2.plugin [None req-b3cd83b5-e158-4a3b-990a-ee7677cb0c54 - - - - - -] Attempt 1 to provision port 2725661b-ed0d-4c19-9720-1223f01bea33
2026-07-21 22:10:52.500 10 INFO neutron.plugins.ml2.plugin [None req-87fbd7c1-42ee-4486-8b81-40eb32eadc62 - - - - - -] Attempt 1 to provision port da1eb83e-f08e-45c1-8f1d-da5a1254ecd7
2026-07-21 22:10:52.860 10 INFO neutron.plugins.ml2.plugin [None req-9db8a2ea-cd8c-4991-a69e-106cfbcb8ee4 - - - - - -] Attempt 1 to provision port da1eb83e-f08e-45c1-8f1d-da5a1254ecd7
2026-07-21 22:10:52.980 9 INFO neutron.plugins.ml2.plugin [None req-b3cd83b5-e158-4a3b-990a-ee7677cb0c54 - - - - - -] Attempt 1 to provision port da1eb83e-f08e-45c1-8f1d-da5a1254ecd7
2026-07-21 22:10:53.171 10 INFO neutron.plugins.ml2.plugin [None req-ed618b1f-585c-4706-82f6-e9ce016f5e54 - - - - - -] Attempt 1 to provision port 474ec428-4125-4db3-9829-129608db57ae
2026-07-21 22:10:53.625 10 INFO neutron.plugins.ml2.plugin [None req-68fefd5e-66e1-4e07-9ce4-a07cbc8097f3 - - - - - -] Attempt 1 to provision port 474ec428-4125-4db3-9829-129608db57ae
2026-07-21 22:10:54.979 9 INFO neutron.plugins.ml2.plugin [None req-b3cd83b5-e158-4a3b-990a-ee7677cb0c54 - - - - - -] Attempt 1 to provision port 3c3cdb50-0e38-48a2-a272-975ee98f76e2
2026-07-21 22:10:57.139 10 INFO neutron.plugins.ml2.plugin [None req-b3cd83b5-e158-4a3b-990a-ee7677cb0c54 - - - - - -] Attempt 1 to provision port 3c3cdb50-0e38-48a2-a272-975ee98f76e2
2026-07-21 22:10:58.208 9 INFO neutron.plugins.ml2.plugin [None req-ffef4871-c95c-4450-af0d-8f4d64ac7f5a - - - - - -] Attempt 1 to provision port 9815f9df-66bf-47e3-ad53-579e79000b2d
2026-07-21 22:11:01.088 10 INFO neutron.plugins.ml2.plugin [None req-b3cd83b5-e158-4a3b-990a-ee7677cb0c54 - - - - - -] Attempt 1 to provision port 9815f9df-66bf-47e3-ad53-579e79000b2d
2026-07-21 22:11:01.208 10 INFO neutron.notifiers.nova [-] Nova event matching ['req-c3fd7b08-0fa2-4ee2-9f01-4f9661d41093'] response: {'server_uuid': '227ebddb-5370-4cdd-9035-0a430e74d1e1', 'name': 'network-vif-plugged', 'status': 'completed', 'tag': '9815f9df-66bf-47e3-ad53-579e79000b2d', 'code': 200}
2026-07-21 22:11:03.033 10 INFO neutron.plugins.ml2.plugin [None req-b3cd83b5-e158-4a3b-990a-ee7677cb0c54 - - - - - -] Attempt 1 to provision port 9815f9df-66bf-47e3-ad53-579e79000b2d
2026-07-21 22:11:04.032 10 INFO neutron.plugins.ml2.plugin [None req-08c05320-3927-4d21-bb79-7f9bef6e5947 - - - - - -] Attempt 1 to provision port dbe71f3f-f307-4700-bc71-97d34381753e
2026-07-21 22:11:09.053 10 INFO neutron.plugins.ml2.plugin [None req-b3cd83b5-e158-4a3b-990a-ee7677cb0c54 - - - - - -] Attempt 1 to provision port 58b0ba92-9673-44cf-9e22-2a308231483d
2026-07-21 22:11:09.430 10 INFO neutron.plugins.ml2.plugin [None req-dc2f0b90-f133-4257-8c07-95eab85dd8ad - - - - - -] Attempt 1 to provision port 2826c0c4-ace4-4679-a795-ee94cb91ca15
2026-07-21 22:11:09.705 10 INFO neutron.plugins.ml2.plugin [None req-b3cd83b5-e158-4a3b-990a-ee7677cb0c54 - - - - - -] Attempt 1 to provision port 2826c0c4-ace4-4679-a795-ee94cb91ca15
2026-07-21 22:11:10.017 9 INFO neutron.plugins.ml2.plugin [None req-460c67f1-51cf-46b7-948b-24e8c3c06570 - - - - - -] Attempt 1 to provision port c59419c9-9437-4f15-a1f5-a0805fc9f10b
2026-07-21 22:11:10.067 9 INFO neutron.plugins.ml2.plugin [None req-460c67f1-51cf-46b7-948b-24e8c3c06570 - - - - - -] Attempt 1 to provision port 2826c0c4-ace4-4679-a795-ee94cb91ca15
2026-07-21 22:11:10.445 10 INFO neutron.plugins.ml2.plugin [None req-8135279e-cd0b-4a9f-8aa8-d2d9b8009161 - - - - - -] Attempt 1 to provision port c59419c9-9437-4f15-a1f5-a0805fc9f10b
2026-07-21 22:11:10.689 9 INFO neutron.plugins.ml2.plugin [None req-8676ac3a-01ad-44c9-8959-58bc2bc2117d - - - - - -] Attempt 1 to provision port c59419c9-9437-4f15-a1f5-a0805fc9f10b
2026-07-21 22:11:11.033 10 INFO neutron.plugins.ml2.plugin [None req-b3cd83b5-e158-4a3b-990a-ee7677cb0c54 - - - - - -] Attempt 1 to provision port 58b0ba92-9673-44cf-9e22-2a308231483d
2026-07-21 22:11:11.348 10 INFO neutron.plugins.ml2.plugin [None req-b3cd83b5-e158-4a3b-990a-ee7677cb0c54 - - - - - -] Attempt 1 to provision port 2826c0c4-ace4-4679-a795-ee94cb91ca15 /var/lib/openstack/lib/python3.10/site-packages/oslo_db/sqlalchemy/enginefacade.py:676: SAWarning: DELETE statement on table 'portsecuritybindings' expected to delete 1 row(s); 0 were matched. Please set confirm_deleted_rows=False within the mapper configuration to prevent this warning. self.session.flush() /var/lib/openstack/lib/python3.10/site-packages/oslo_db/sqlalchemy/enginefacade.py:676: SAWarning: DELETE statement on table 'ml2_port_bindings' expected to delete 1 row(s); 0 were matched. Please set confirm_deleted_rows=False within the mapper configuration to prevent this warning. self.session.flush() /var/lib/openstack/lib/python3.10/site-packages/oslo_db/sqlalchemy/enginefacade.py:676: SAWarning: DELETE statement on table 'ml2_port_binding_levels' expected to delete 1 row(s); 0 were matched. Please set confirm_deleted_rows=False within the mapper configuration to prevent this warning. self.session.flush() /var/lib/openstack/lib/python3.10/site-packages/oslo_db/sqlalchemy/enginefacade.py:676: SAWarning: DELETE statement on table 'ports' expected to delete 1 row(s); 0 were matched. Please set confirm_deleted_rows=False within the mapper configuration to prevent this warning. self.session.flush()
2026-07-21 22:11:13.279 10 ERROR oslo_messaging.rpc.server [None req-9aae7620-b742-415a-92ca-b0312519e63a - - - - - -] Exception during message handling: neutron_lib.exceptions.SubnetInUse: Unable to complete operation on subnet 7972acb4-6236-4a7e-bcbe-8c5ff81f1237: This subnet is being modified by another concurrent operation.
2026-07-21 22:11:13.279 10 ERROR oslo_messaging.rpc.server
Traceback (most recent call last):
2026-07-21 22:11:13.279 10 ERROR oslo_messaging.rpc.server
File "/var/lib/openstack/lib/python3.10/site-packages/oslo_messaging/rpc/server.py", line 165, in _process_incoming
2026-07-21 22:11:13.279 10 ERROR oslo_messaging.rpc.server res = self.dispatcher.dispatch(message)
2026-07-21 22:11:13.279 10 ERROR oslo_messaging.rpc.server
File "/var/lib/openstack/lib/python3.10/site-packages/oslo_messaging/rpc/dispatcher.py", line 309, in dispatch
2026-07-21 22:11:13.279 10 ERROR oslo_messaging.rpc.server return self._do_dispatch(endpoint, method, ctxt, args)
2026-07-21 22:11:13.279 10 ERROR oslo_messaging.rpc.server
File "/var/lib/openstack/lib/python3.10/site-packages/oslo_messaging/rpc/dispatcher.py", line 229, in _do_dispatch
2026-07-21 22:11:13.279 10 ERROR oslo_messaging.rpc.server result = func(ctxt, **new_args)
2026-07-21 22:11:13.279 10 ERROR oslo_messaging.rpc.server
File "/var/lib/openstack/lib/python3.10/site-packages/oslo_messaging/rpc/server.py", line 241, in inner
2026-07-21 22:11:13.279 10 ERROR oslo_messaging.rpc.server return func(*args, **kwargs)
2026-07-21 22:11:13.279 10 ERROR oslo_messaging.rpc.server
File "/var/lib/openstack/lib/python3.10/site-packages/neutron_lib/db/api.py", line 140, in wrapped
2026-07-21 22:11:13.279 10 ERROR oslo_messaging.rpc.server with excutils.save_and_reraise_exception():
2026-07-21 22:11:13.279 10 ERROR oslo_messaging.rpc.server
File "/var/lib/openstack/lib/python3.10/site-packages/oslo_utils/excutils.py", line 227, in __exit__
2026-07-21 22:11:13.279 10 ERROR oslo_messaging.rpc.server self.force_reraise()
2026-07-21 22:11:13.279 10 ERROR oslo_messaging.rpc.server
File "/var/lib/openstack/lib/python3.10/site-packages/oslo_utils/excutils.py", line 200, in force_reraise
2026-07-21 22:11:13.279 10 ERROR oslo_messaging.rpc.server raise self.value
2026-07-21 22:11:13.279 10 ERROR oslo_messaging.rpc.server
File "/var/lib/openstack/lib/python3.10/site-packages/neutron_lib/db/api.py", line 138, in wrapped
2026-07-21 22:11:13.279 10 ERROR oslo_messaging.rpc.server return f(*args, **kwargs)
2026-07-21 22:11:13.279 10 ERROR oslo_messaging.rpc.server
File "/var/lib/openstack/lib/python3.10/site-packages/oslo_db/api.py", line 144, in wrapper
2026-07-21 22:11:13.279 10 ERROR oslo_messaging.rpc.server with excutils.save_and_reraise_exception() as ectxt:
2026-07-21 22:11:13.279 10 ERROR oslo_messaging.rpc.server
File "/var/lib/openstack/lib/python3.10/site-packages/oslo_utils/excutils.py", line 227, in __exit__
2026-07-21 22:11:13.279 10 ERROR oslo_messaging.rpc.server self.force_reraise()
2026-07-21 22:11:13.279 10 ERROR oslo_messaging.rpc.server
File "/var/lib/openstack/lib/python3.10/site-packages/oslo_utils/excutils.py", line 200, in force_reraise
2026-07-21 22:11:13.279 10 ERROR oslo_messaging.rpc.server raise self.value
2026-07-21 22:11:13.279 10 ERROR oslo_messaging.rpc.server
File "/var/lib/openstack/lib/python3.10/site-packages/oslo_db/api.py", line 142, in wrapper
2026-07-21 22:11:13.279 10 ERROR oslo_messaging.rpc.server return f(*args, **kwargs)
2026-07-21 22:11:13.279 10 ERROR oslo_messaging.rpc.server
File "/var/lib/openstack/lib/python3.10/site-packages/neutron_lib/db/api.py", line 186, in wrapped
2026-07-21 22:11:13.279 10 ERROR oslo_messaging.rpc.server with excutils.save_and_reraise_exception():
2026-07-21 22:11:13.279 10 ERROR oslo_messaging.rpc.server
File "/var/lib/openstack/lib/python3.10/site-packages/oslo_utils/excutils.py", line 227, in __exit__
2026-07-21 22:11:13.279 10 ERROR oslo_messaging.rpc.server self.force_reraise()
2026-07-21 22:11:13.279 10 ERROR oslo_messaging.rpc.server
File "/var/lib/openstack/lib/python3.10/site-packages/oslo_utils/excutils.py", line 200, in force_reraise
2026-07-21 22:11:13.279 10 ERROR oslo_messaging.rpc.server raise self.value
2026-07-21 22:11:13.279 10 ERROR oslo_messaging.rpc.server
File "/var/lib/openstack/lib/python3.10/site-packages/neutron_lib/db/api.py", line 184, in wrapped
2026-07-21 22:11:13.279 10 ERROR oslo_messaging.rpc.server return f(*dup_args, **dup_kwargs)
2026-07-21 22:11:13.279 10 ERROR oslo_messaging.rpc.server
File "/var/lib/openstack/lib/python3.10/site-packages/neutron/quota/resource_registry.py", line 95, in wrapper
2026-07-21 22:11:13.279 10 ERROR oslo_messaging.rpc.server ret_val = f(_self, context, *args, **kwargs)
2026-07-21 22:11:13.279 10 ERROR oslo_messaging.rpc.server
File "/var/lib/openstack/lib/python3.10/site-packages/neutron/api/rpc/handlers/dhcp_rpc.py", line 292, in create_dhcp_port
2026-07-21 22:11:13.279 10 ERROR oslo_messaging.rpc.server return self._port_action(plugin, context, port, 'create_port')
2026-07-21 22:11:13.279 10 ERROR oslo_messaging.rpc.server
File "/var/lib/openstack/lib/python3.10/site-packages/neutron/api/rpc/handlers/dhcp_rpc.py", line 118, in _port_action
2026-07-21 22:11:13.279 10 ERROR oslo_messaging.rpc.server return p_utils.create_port(plugin, context, port)
2026-07-21 22:11:13.279 10 ERROR oslo_messaging.rpc.server
File "/var/lib/openstack/lib/python3.10/site-packages/neutron_lib/plugins/utils.py", line 337, in create_port
2026-07-21 22:11:13.279 10 ERROR oslo_messaging.rpc.server return core_plugin.create_port(
2026-07-21 22:11:13.279 10 ERROR oslo_messaging.rpc.server
File "/var/lib/openstack/lib/python3.10/site-packages/neutron/common/utils.py", line 707, in inner
2026-07-21 22:11:13.279 10 ERROR oslo_messaging.rpc.server return f(*args, **kwargs)
2026-07-21 22:11:13.279 10 ERROR oslo_messaging.rpc.server
File "/var/lib/openstack/lib/python3.10/site-packages/neutron_lib/db/api.py", line 226, in wrapped
2026-07-21 22:11:13.279 10 ERROR oslo_messaging.rpc.server return f_with_retry(*args, **kwargs,
2026-07-21 22:11:13.279 10 ERROR oslo_messaging.rpc.server
File "/var/lib/openstack/lib/python3.10/site-packages/neutron_lib/db/api.py", line 140, in wrapped
2026-07-21 22:11:13.279 10 ERROR oslo_messaging.rpc.server with excutils.save_and_reraise_exception():
2026-07-21 22:11:13.279 10 ERROR oslo_messaging.rpc.server
File "/var/lib/openstack/lib/python3.10/site-packages/oslo_utils/excutils.py", line 227, in __exit__
2026-07-21 22:11:13.279 10 ERROR oslo_messaging.rpc.server self.force_reraise()
2026-07-21 22:11:13.279 10 ERROR oslo_messaging.rpc.server
File "/var/lib/openstack/lib/python3.10/site-packages/oslo_utils/excutils.py", line 200, in force_reraise
2026-07-21 22:11:13.279 10 ERROR oslo_messaging.rpc.server raise self.value
2026-07-21 22:11:13.279 10 ERROR oslo_messaging.rpc.server
File "/var/lib/openstack/lib/python3.10/site-packages/neutron_lib/db/api.py", line 138, in wrapped
2026-07-21 22:11:13.279 10 ERROR oslo_messaging.rpc.server return f(*args, **kwargs)
2026-07-21 22:11:13.279 10 ERROR oslo_messaging.rpc.server
File "/var/lib/openstack/lib/python3.10/site-packages/oslo_db/api.py", line 144, in wrapper
2026-07-21 22:11:13.279 10 ERROR oslo_messaging.rpc.server with excutils.save_and_reraise_exception() as ectxt:
2026-07-21 22:11:13.279 10 ERROR oslo_messaging.rpc.server
File "/var/lib/openstack/lib/python3.10/site-packages/oslo_utils/excutils.py", line 227, in __exit__
2026-07-21 22:11:13.279 10 ERROR oslo_messaging.rpc.server self.force_reraise()
2026-07-21 22:11:13.279 10 ERROR oslo_messaging.rpc.server
File "/var/lib/openstack/lib/python3.10/site-packages/oslo_utils/excutils.py", line 200, in force_reraise
2026-07-21 22:11:13.279 10 ERROR oslo_messaging.rpc.server raise self.value
2026-07-21 22:11:13.279 10 ERROR oslo_messaging.rpc.server
File "/var/lib/openstack/lib/python3.10/site-packages/oslo_db/api.py", line 142, in wrapper
2026-07-21 22:11:13.279 10 ERROR oslo_messaging.rpc.server return f(*args, **kwargs)
2026-07-21 22:11:13.279 10 ERROR oslo_messaging.rpc.server
File "/var/lib/openstack/lib/python3.10/site-packages/neutron_lib/db/api.py", line 186, in wrapped
2026-07-21 22:11:13.279 10 ERROR oslo_messaging.rpc.server with excutils.save_and_reraise_exception():
2026-07-21 22:11:13.279 10 ERROR oslo_messaging.rpc.server
File "/var/lib/openstack/lib/python3.10/site-packages/oslo_utils/excutils.py", line 227, in __exit__
2026-07-21 22:11:13.279 10 ERROR oslo_messaging.rpc.server self.force_reraise()
2026-07-21 22:11:13.279 10 ERROR oslo_messaging.rpc.server
File "/var/lib/openstack/lib/python3.10/site-packages/oslo_utils/excutils.py", line 200, in force_reraise
2026-07-21 22:11:13.279 10 ERROR oslo_messaging.rpc.server raise self.value
2026-07-21 22:11:13.279 10 ERROR oslo_messaging.rpc.server
File "/var/lib/openstack/lib/python3.10/site-packages/neutron_lib/db/api.py", line 184, in wrapped
2026-07-21 22:11:13.279 10 ERROR oslo_messaging.rpc.server return f(*dup_args, **dup_kwargs)
2026-07-21 22:11:13.279 10 ERROR oslo_messaging.rpc.server
File "/var/lib/openstack/lib/python3.10/site-packages/neutron/plugins/ml2/plugin.py", line 1579, in create_port
2026-07-21 22:11:13.279 10 ERROR oslo_messaging.rpc.server result, mech_context = self._create_port_db(context, port)
2026-07-21 22:11:13.279 10 ERROR oslo_messaging.rpc.server
File "/var/lib/openstack/lib/python3.10/site-packages/neutron/plugins/ml2/plugin.py", line 1544, in _create_port_db
2026-07-21 22:11:13.279 10 ERROR oslo_messaging.rpc.server port_db = self.create_port_db(context, port)
2026-07-21 22:11:13.279 10 ERROR oslo_messaging.rpc.server
File "/var/lib/openstack/lib/python3.10/site-packages/neutron/db/db_base_plugin_v2.py", line 1491, in create_port_db
2026-07-21 22:11:13.279 10 ERROR oslo_messaging.rpc.server self.ipam.allocate_ips_for_port_and_store(
2026-07-21 22:11:13.279 10 ERROR oslo_messaging.rpc.server
File "/var/lib/openstack/lib/python3.10/site-packages/neutron/db/ipam_pluggable_backend.py", line 219, in allocate_ips_for_port_and_store
2026-07-21 22:11:13.279 10 ERROR oslo_messaging.rpc.server ips = self.allocate_ips_for_port(context, port_copy)
2026-07-21 22:11:13.279 10 ERROR oslo_messaging.rpc.server
File "/var/lib/openstack/lib/python3.10/site-packages/neutron_lib/db/api.py", line 224, in wrapped
2026-07-21 22:11:13.279 10 ERROR oslo_messaging.rpc.server return f(*args, **kwargs)
2026-07-21 22:11:13.279 10 ERROR oslo_messaging.rpc.server
File "/var/lib/openstack/lib/python3.10/site-packages/oslo_db/sqlalchemy/enginefacade.py", line 1010, in wrapper
2026-07-21 22:11:13.279 10 ERROR oslo_messaging.rpc.server return fn(*args, **kwargs)
2026-07-21 22:11:13.279 10 ERROR oslo_messaging.rpc.server
File "/var/lib/openstack/lib/python3.10/site-packages/neutron/db/ipam_pluggable_backend.py", line 226, in allocate_ips_for_port
2026-07-21 22:11:13.279 10 ERROR oslo_messaging.rpc.server return self._allocate_ips_for_port(context, port)
2026-07-21 22:11:13.279 10 ERROR oslo_messaging.rpc.server
File "/var/lib/openstack/lib/python3.10/site-packages/neutron/db/ipam_pluggable_backend.py", line 258, in _allocate_ips_for_port
2026-07-21 22:11:13.279 10 ERROR oslo_messaging.rpc.server subnets = self._ipam_get_subnets(
2026-07-21 22:11:13.279 10 ERROR oslo_messaging.rpc.server
File "/var/lib/openstack/lib/python3.10/site-packages/neutron/db/ipam_backend_mixin.py", line 686, in _ipam_get_subnets
2026-07-21 22:11:13.279 10 ERROR oslo_messaging.rpc.server subnet.read_lock_register(
2026-07-21 22:11:13.279 10 ERROR oslo_messaging.rpc.server
File "/var/lib/openstack/lib/python3.10/site-packages/neutron/db/models_v2.py", line 81, in read_lock_register
2026-07-21 22:11:13.279 10 ERROR oslo_messaging.rpc.server raise exception
2026-07-21 22:11:13.279 10 ERROR oslo_messaging.rpc.server neutron_lib.exceptions.SubnetInUse: Unable to complete operation on subnet 7972acb4-6236-4a7e-bcbe-8c5ff81f1237: This subnet is being modified by another concurrent operation.
2026-07-21 22:11:13.279 10 ERROR oslo_messaging.rpc.server 
2026-07-21 22:11:16.172 9 INFO neutron.plugins.ml2.plugin [None req-7f77fd7f-08ff-4c6a-a56e-2e160233e4aa - - - - - -] Attempt 1 to provision port cb1702cb-b5d5-4fcd-8fea-8dd9868fea62
2026-07-21 22:11:16.307 10 INFO neutron.plugins.ml2.plugin [None req-d96a718a-6928-445d-9382-0761f7d68836 - - - - - -] Attempt 1 to provision port d17c71a4-b7db-488f-8fdb-ce0a9e332be1
2026-07-21 22:11:17.017 9 INFO neutron.plugins.ml2.plugin [None req-b3cd83b5-e158-4a3b-990a-ee7677cb0c54 - - - - - -] Attempt 1 to provision port b67eef09-abac-4675-b315-a2ad9c7b3b69
2026-07-21 22:11:18.078 9 INFO neutron.plugins.ml2.plugin [None req-6d12381f-8ecd-4b07-9b67-4f3817eb0296 - - - - - -] Attempt 1 to provision port b67eef09-abac-4675-b315-a2ad9c7b3b69
2026-07-21 22:11:18.387 10 INFO neutron.plugins.ml2.plugin [None req-3e517077-c463-4097-bbc1-bc400968abcd - - - - - -] Attempt 1 to provision port b67eef09-abac-4675-b315-a2ad9c7b3b69
2026-07-21 22:11:18.471 10 INFO neutron.plugins.ml2.plugin [None req-3e517077-c463-4097-bbc1-bc400968abcd - - - - - -] Attempt 1 to provision port 1a4168af-2c2c-427a-a1fe-a84a61b7dd80
2026-07-21 22:11:18.731 9 INFO neutron.plugins.ml2.plugin [None req-b4de5e5e-410a-4b8f-bb70-2d1ee6e954a7 - - - - - -] Attempt 1 to provision port 1a4168af-2c2c-427a-a1fe-a84a61b7dd80
2026-07-21 22:11:19.082 10 INFO neutron.plugins.ml2.plugin [None req-656911c9-57d0-4f16-bb3b-fc3922b3be52 - - - - - -] Attempt 1 to provision port 1a4168af-2c2c-427a-a1fe-a84a61b7dd80
2026-07-21 22:11:19.093 9 INFO neutron.plugins.ml2.plugin [None req-b3cd83b5-e158-4a3b-990a-ee7677cb0c54 - - - - - -] Attempt 1 to provision port b67eef09-abac-4675-b315-a2ad9c7b3b69
2026-07-21 22:11:19.467 9 INFO neutron.plugins.ml2.plugin [None req-b3cd83b5-e158-4a3b-990a-ee7677cb0c54 - - - - - -] Attempt 1 to provision port cb1702cb-b5d5-4fcd-8fea-8dd9868fea62
2026-07-21 22:11:19.579 9 INFO neutron.notifiers.nova [-] Nova event matching ['req-d49636f3-7ff8-4d5a-8a88-24ab67d93d4b'] response: {'server_uuid': '4a6b2cdb-e72d-4ca9-8527-2005f4de7e3d', 'name': 'network-vif-plugged', 'status': 'completed', 'tag': 'cb1702cb-b5d5-4fcd-8fea-8dd9868fea62', 'code': 200}
2026-07-21 22:11:21.077 10 INFO neutron.plugins.ml2.plugin [None req-b3cd83b5-e158-4a3b-990a-ee7677cb0c54 - - - - - -] Attempt 1 to provision port cb1702cb-b5d5-4fcd-8fea-8dd9868fea62
2026-07-21 22:11:21.389 10 INFO neutron.plugins.ml2.plugin [None req-b3cd83b5-e158-4a3b-990a-ee7677cb0c54 - - - - - -] Attempt 1 to provision port f6586304-def7-4005-a5fe-a5061c739458
2026-07-21 22:11:23.136 9 INFO neutron.plugins.ml2.plugin [None req-b3cd83b5-e158-4a3b-990a-ee7677cb0c54 - - - - - -] Attempt 1 to provision port f6586304-def7-4005-a5fe-a5061c739458
2026-07-21 22:11:23.579 9 INFO neutron.plugins.ml2.plugin [None req-cfc5b534-ac39-4f21-bd6d-f0dc8e9b67d1 - - - - - -] Attempt 1 to provision port 44daeee1-1481-40ac-a1d1-742c9dbf723f
2026-07-21 22:11:25.296 9 INFO neutron.plugins.ml2.plugin [None req-b3cd83b5-e158-4a3b-990a-ee7677cb0c54 - - - - - -] Attempt 1 to provision port 44daeee1-1481-40ac-a1d1-742c9dbf723f
2026-07-21 22:11:25.459 9 INFO neutron.notifiers.nova [-] Nova event matching ['req-c1b3aff0-f0ea-4b92-b7f9-8848c017bb8f'] response: {'server_uuid': '26f45cae-ea58-448a-92d8-1cc32d61e731', 'name': 'network-vif-plugged', 'status': 'completed', 'tag': '44daeee1-1481-40ac-a1d1-742c9dbf723f', 'code': 200}
2026-07-21 22:11:25.954 9 INFO neutron.plugins.ml2.plugin [None req-b3cd83b5-e158-4a3b-990a-ee7677cb0c54 - - - - - -] Attempt 1 to provision port ad3e6ddb-5a23-4a34-a492-d588d027ccc0
2026-07-21 22:11:26.182 9 INFO neutron.plugins.ml2.plugin [None req-b3cd83b5-e158-4a3b-990a-ee7677cb0c54 - - - - - -] No ports have port_id starting with ad3e6ddb-5a23-4a34-a492-d588d027ccc0
2026-07-21 22:11:27.190 10 INFO neutron.plugins.ml2.plugin [None req-b3cd83b5-e158-4a3b-990a-ee7677cb0c54 - - - - - -] Attempt 1 to provision port c59419c9-9437-4f15-a1f5-a0805fc9f10b
2026-07-21 22:11:27.517 10 INFO neutron.plugins.ml2.plugin [None req-b3cd83b5-e158-4a3b-990a-ee7677cb0c54 - - - - - -] Attempt 1 to provision port 44daeee1-1481-40ac-a1d1-742c9dbf723f
2026-07-21 22:11:27.771 10 INFO neutron.plugins.ml2.plugin [None req-b3cd83b5-e158-4a3b-990a-ee7677cb0c54 - - - - - -] Attempt 1 to provision port dbe71f3f-f307-4700-bc71-97d34381753e
2026-07-21 22:11:29.062 9 INFO neutron.plugins.ml2.plugin [None req-b3cd83b5-e158-4a3b-990a-ee7677cb0c54 - - - - - -] Attempt 1 to provision port c59419c9-9437-4f15-a1f5-a0805fc9f10b
2026-07-21 22:11:29.332 9 INFO neutron.plugins.ml2.plugin [None req-b3cd83b5-e158-4a3b-990a-ee7677cb0c54 - - - - - -] Attempt 1 to provision port dbe71f3f-f307-4700-bc71-97d34381753e
2026-07-21 22:11:33.109 10 INFO neutron.plugins.ml2.plugin [None req-b3cd83b5-e158-4a3b-990a-ee7677cb0c54 - - - - - -] Attempt 1 to provision port 65470319-d417-40c1-b0d1-4a9ad2a977da
2026-07-21 22:11:34.847 10 INFO neutron.plugins.ml2.plugin [None req-c0ebd4bf-a823-42c1-8f25-96b36e91bc60 - - - - - -] Attempt 1 to provision port 65470319-d417-40c1-b0d1-4a9ad2a977da
2026-07-21 22:11:35.084 9 INFO neutron.plugins.ml2.plugin [None req-b3cd83b5-e158-4a3b-990a-ee7677cb0c54 - - - - - -] Attempt 1 to provision port 51d755d7-0d2d-4648-b843-aac4c6468c98
2026-07-21 22:11:35.230 10 INFO neutron.plugins.ml2.plugin [None req-1dfa9503-4e19-4ee4-9a4a-6e735195cd81 - - - - - -] Attempt 1 to provision port 65470319-d417-40c1-b0d1-4a9ad2a977da
2026-07-21 22:11:35.504 9 INFO neutron.plugins.ml2.plugin [None req-89d0a3b0-81e9-421c-86cd-c7be1963dd96 - - - - - -] Attempt 1 to provision port 7a3556da-3a70-4db9-ba60-a790e4752710
2026-07-21 22:11:35.519 9 INFO neutron.plugins.ml2.plugin [None req-b3cd83b5-e158-4a3b-990a-ee7677cb0c54 - - - - - -] Attempt 1 to provision port 65470319-d417-40c1-b0d1-4a9ad2a977da
2026-07-21 22:11:35.759 9 INFO neutron.plugins.ml2.plugin [None req-410a492d-0b56-4e85-b769-be7a0701fe37 - - - - - -] Attempt 1 to provision port 51d755d7-0d2d-4648-b843-aac4c6468c98
2026-07-21 22:11:35.950 10 INFO neutron.plugins.ml2.plugin [None req-ad113e68-28ef-4def-96c5-2f8f8606ac47 - - - - - -] Attempt 1 to provision port 7a3556da-3a70-4db9-ba60-a790e4752710
2026-07-21 22:11:36.318 9 INFO neutron.plugins.ml2.plugin [None req-d9bdb6a7-06b4-4a7d-9dc6-985de086d28d - - - - - -] Attempt 1 to provision port 51d755d7-0d2d-4648-b843-aac4c6468c98
2026-07-21 22:11:36.838 10 INFO neutron.plugins.ml2.plugin [None req-6a056ca8-6979-45c6-bebf-7f3921d0c75c - - - - - -] Attempt 1 to provision port b3248002-f48b-487f-8c42-830a37e20e5e
2026-07-21 22:11:37.023 9 INFO neutron.plugins.ml2.plugin [None req-b3cd83b5-e158-4a3b-990a-ee7677cb0c54 - - - - - -] Attempt 1 to provision port 51d755d7-0d2d-4648-b843-aac4c6468c98
2026-07-21 22:11:37.491 9 INFO neutron.plugins.ml2.plugin [None req-cc1b7f5e-391c-4d70-bd5d-c78b8621af6f - - - - - -] Attempt 1 to provision port b3248002-f48b-487f-8c42-830a37e20e5e
2026-07-21 22:11:43.264 9 INFO neutron.plugins.ml2.plugin [None req-b3cd83b5-e158-4a3b-990a-ee7677cb0c54 - - - - - -] Attempt 1 to provision port f2c4aab0-1074-4dcd-af7f-2b473eb6ed7b
2026-07-21 22:11:44.786 9 INFO neutron.plugins.ml2.plugin [None req-5f7a1eca-6617-40c4-a20a-58ec275cd71f - - - - - -] Attempt 1 to provision port f8cf8908-6e86-4e19-94f7-c33e006d5698
2026-07-21 22:11:45.024 10 INFO neutron.plugins.ml2.plugin [None req-b3cd83b5-e158-4a3b-990a-ee7677cb0c54 - - - - - -] Attempt 1 to provision port f2c4aab0-1074-4dcd-af7f-2b473eb6ed7b
2026-07-21 22:11:45.239 10 INFO neutron.plugins.ml2.plugin [None req-7f4333ba-0e7c-483a-bae2-0c80b9cf216b - - - - - -] Attempt 1 to provision port f2c4aab0-1074-4dcd-af7f-2b473eb6ed7b
2026-07-21 22:11:45.532 9 INFO neutron.plugins.ml2.plugin [None req-98b60d07-2f28-4d40-b016-8b438a1d94e8 - - - - - -] Attempt 1 to provision port 205618c1-007f-4820-9ff7-81d403ca9e9f
2026-07-21 22:11:45.584 9 INFO neutron.plugins.ml2.plugin [None req-98b60d07-2f28-4d40-b016-8b438a1d94e8 - - - - - -] Attempt 1 to provision port f2c4aab0-1074-4dcd-af7f-2b473eb6ed7b
2026-07-21 22:11:45.865 10 INFO neutron.plugins.ml2.plugin [None req-648ebcc5-369b-4a6d-85c0-638d1b96fe16 - - - - - -] Attempt 1 to provision port 205618c1-007f-4820-9ff7-81d403ca9e9f
2026-07-21 22:11:46.609 10 INFO neutron.plugins.ml2.plugin [None req-7ba7edd3-adc6-4122-8c33-d754587e0a98 - - - - - -] Attempt 1 to provision port 205618c1-007f-4820-9ff7-81d403ca9e9f
2026-07-21 22:11:47.071 10 INFO neutron.plugins.ml2.plugin [None req-b3cd83b5-e158-4a3b-990a-ee7677cb0c54 - - - - - -] Attempt 1 to provision port f8cf8908-6e86-4e19-94f7-c33e006d5698
2026-07-21 22:11:47.185 10 INFO neutron.notifiers.nova [-] Nova event matching ['req-fa818d84-826c-4786-81da-459e1ecceccc'] response: {'server_uuid': '165732d6-c4bc-40fc-b6f5-7a3df749c012', 'name': 'network-vif-plugged', 'status': 'completed', 'tag': 'f8cf8908-6e86-4e19-94f7-c33e006d5698', 'code': 200}
2026-07-21 22:11:49.128 9 INFO neutron.plugins.ml2.plugin [None req-b3cd83b5-e158-4a3b-990a-ee7677cb0c54 - - - - - -] Attempt 1 to provision port f8cf8908-6e86-4e19-94f7-c33e006d5698 /var/lib/openstack/lib/python3.10/site-packages/oslo_db/sqlalchemy/enginefacade.py:676: SAWarning: DELETE statement on table 'portsecuritybindings' expected to delete 1 row(s); 0 were matched. Please set confirm_deleted_rows=False within the mapper configuration to prevent this warning. self.session.flush() /var/lib/openstack/lib/python3.10/site-packages/oslo_db/sqlalchemy/enginefacade.py:676: SAWarning: DELETE statement on table 'ml2_port_bindings' expected to delete 1 row(s); 0 were matched. Please set confirm_deleted_rows=False within the mapper configuration to prevent this warning. self.session.flush() /var/lib/openstack/lib/python3.10/site-packages/oslo_db/sqlalchemy/enginefacade.py:676: SAWarning: DELETE statement on table 'ml2_port_binding_levels' expected to delete 1 row(s); 0 were matched. Please set confirm_deleted_rows=False within the mapper configuration to prevent this warning. self.session.flush() /var/lib/openstack/lib/python3.10/site-packages/oslo_db/sqlalchemy/enginefacade.py:676: SAWarning: DELETE statement on table 'ports' expected to delete 1 row(s); 0 were matched. Please set confirm_deleted_rows=False within the mapper configuration to prevent this warning. self.session.flush()
2026-07-21 22:11:51.168 10 INFO neutron.plugins.ml2.plugin [None req-b3cd83b5-e158-4a3b-990a-ee7677cb0c54 - - - - - -] Attempt 1 to provision port a25e2a5b-5ccb-454a-9824-45fddf39b883
2026-07-21 22:11:52.790 9 INFO neutron.plugins.ml2.plugin [None req-743c302e-26f8-46c9-9981-53225fe8ff74 - - - - - -] Attempt 1 to provision port a25e2a5b-5ccb-454a-9824-45fddf39b883
2026-07-21 22:11:53.014 10 INFO neutron.plugins.ml2.plugin [None req-b3cd83b5-e158-4a3b-990a-ee7677cb0c54 - - - - - -] Attempt 1 to provision port a25e2a5b-5ccb-454a-9824-45fddf39b883
2026-07-21 22:11:53.162 9 INFO neutron.plugins.ml2.plugin [None req-d8924c87-54cc-47ed-b243-d587551531d2 - - - - - -] Attempt 1 to provision port 84756cb6-215d-4865-984e-35c5c802d53e
2026-07-21 22:11:53.198 9 INFO neutron.plugins.ml2.plugin [None req-d8924c87-54cc-47ed-b243-d587551531d2 - - - - - -] Attempt 1 to provision port a25e2a5b-5ccb-454a-9824-45fddf39b883
2026-07-21 22:11:53.491 9 INFO neutron.plugins.ml2.plugin [None req-a696c259-7441-4cdc-a2b5-d5cc89b29ec5 - - - - - -] Attempt 1 to provision port 84756cb6-215d-4865-984e-35c5c802d53e
2026-07-21 22:11:53.761 10 INFO neutron.plugins.ml2.plugin [None req-42225cf4-0525-406e-a937-b70fc7261307 - - - - - -] Attempt 1 to provision port 84756cb6-215d-4865-984e-35c5c802d53e
2026-07-21 22:11:55.227 10 INFO neutron.plugins.ml2.plugin [None req-b3cd83b5-e158-4a3b-990a-ee7677cb0c54 - - - - - -] Attempt 1 to provision port 30dec1b8-37e8-4ba1-8daa-2e3f3b6ef1fc
2026-07-21 22:11:55.428 9 ERROR neutron.plugins.ml2.managers [None req-27abc215-84fb-4666-82f4-a8b62bd89ec4 - - - - - -] Mechanism driver openvswitch failed in bind_port: neutron_lib.exceptions.SubnetNotFound: Subnet 0882f8fa-6e77-43f8-8b10-4a8f3f98c2bc could not be found.
2026-07-21 22:11:55.428 9 ERROR neutron.plugins.ml2.managers
Traceback (most recent call last):
2026-07-21 22:11:55.428 9 ERROR neutron.plugins.ml2.managers
File "/var/lib/openstack/lib/python3.10/site-packages/neutron/plugins/ml2/managers.py", line 866, in _bind_port_level
2026-07-21 22:11:55.428 9 ERROR neutron.plugins.ml2.managers driver.obj.bind_port(context)
2026-07-21 22:11:55.428 9 ERROR neutron.plugins.ml2.managers
File "/var/lib/openstack/lib/python3.10/site-packages/neutron/plugins/ml2/drivers/openvswitch/mech_driver/mech_openvswitch.py", line 133, in bind_port
2026-07-21 22:11:55.428 9 ERROR neutron.plugins.ml2.managers super(OpenvswitchMechanismDriver, self).bind_port(context)
2026-07-21 22:11:55.428 9 ERROR neutron.plugins.ml2.managers
File "/var/lib/openstack/lib/python3.10/site-packages/neutron/plugins/ml2/drivers/mech_agent.py", line 104, in bind_port
2026-07-21 22:11:55.428 9 ERROR neutron.plugins.ml2.managers subnets = self.get_subnets_from_fixed_ips(context)
2026-07-21 22:11:55.428 9 ERROR neutron.plugins.ml2.managers
File "/var/lib/openstack/lib/python3.10/site-packages/neutron/plugins/ml2/drivers/mech_agent.py", line 149, in get_subnets_from_fixed_ips
2026-07-21 22:11:55.428 9 ERROR neutron.plugins.ml2.managers subnets.append(context._plugin.get_subnet(
2026-07-21 22:11:55.428 9 ERROR neutron.plugins.ml2.managers
File "/var/lib/openstack/lib/python3.10/site-packages/neutron_lib/db/api.py", line 226, in wrapped
2026-07-21 22:11:55.428 9 ERROR neutron.plugins.ml2.managers return f_with_retry(*args, **kwargs,
2026-07-21 22:11:55.428 9 ERROR neutron.plugins.ml2.managers
File "/var/lib/openstack/lib/python3.10/site-packages/neutron_lib/db/api.py", line 140, in wrapped
2026-07-21 22:11:55.428 9 ERROR neutron.plugins.ml2.managers with excutils.save_and_reraise_exception():
2026-07-21 22:11:55.428 9 ERROR neutron.plugins.ml2.managers
File "/var/lib/openstack/lib/python3.10/site-packages/oslo_utils/excutils.py", line 227, in __exit__
2026-07-21 22:11:55.428 9 ERROR neutron.plugins.ml2.managers self.force_reraise()
2026-07-21 22:11:55.428 9 ERROR neutron.plugins.ml2.managers
File "/var/lib/openstack/lib/python3.10/site-packages/oslo_utils/excutils.py", line 200, in force_reraise
2026-07-21 22:11:55.428 9 ERROR neutron.plugins.ml2.managers raise self.value
2026-07-21 22:11:55.428 9 ERROR neutron.plugins.ml2.managers
File "/var/lib/openstack/lib/python3.10/site-packages/neutron_lib/db/api.py", line 138, in wrapped
2026-07-21 22:11:55.428 9 ERROR neutron.plugins.ml2.managers return f(*args, **kwargs)
2026-07-21 22:11:55.428 9 ERROR neutron.plugins.ml2.managers
File "/var/lib/openstack/lib/python3.10/site-packages/oslo_db/api.py", line 144, in wrapper
2026-07-21 22:11:55.428 9 ERROR neutron.plugins.ml2.managers with excutils.save_and_reraise_exception() as ectxt:
2026-07-21 22:11:55.428 9 ERROR neutron.plugins.ml2.managers
File "/var/lib/openstack/lib/python3.10/site-packages/oslo_utils/excutils.py", line 227, in __exit__
2026-07-21 22:11:55.428 9 ERROR neutron.plugins.ml2.managers self.force_reraise()
2026-07-21 22:11:55.428 9 ERROR neutron.plugins.ml2.managers
File "/var/lib/openstack/lib/python3.10/site-packages/oslo_utils/excutils.py", line 200, in force_reraise
2026-07-21 22:11:55.428 9 ERROR neutron.plugins.ml2.managers raise self.value
2026-07-21 22:11:55.428 9 ERROR neutron.plugins.ml2.managers
File "/var/lib/openstack/lib/python3.10/site-packages/oslo_db/api.py", line 142, in wrapper
2026-07-21 22:11:55.428 9 ERROR neutron.plugins.ml2.managers return f(*args, **kwargs)
2026-07-21 22:11:55.428 9 ERROR neutron.plugins.ml2.managers
File "/var/lib/openstack/lib/python3.10/site-packages/neutron_lib/db/api.py", line 186, in wrapped
2026-07-21 22:11:55.428 9 ERROR neutron.plugins.ml2.managers with excutils.save_and_reraise_exception():
2026-07-21 22:11:55.428 9 ERROR neutron.plugins.ml2.managers
File "/var/lib/openstack/lib/python3.10/site-packages/oslo_utils/excutils.py", line 227, in __exit__
2026-07-21 22:11:55.428 9 ERROR neutron.plugins.ml2.managers self.force_reraise()
2026-07-21 22:11:55.428 9 ERROR neutron.plugins.ml2.managers
File "/var/lib/openstack/lib/python3.10/site-packages/oslo_utils/excutils.py", line 200, in force_reraise
2026-07-21 22:11:55.428 9 ERROR neutron.plugins.ml2.managers raise self.value
2026-07-21 22:11:55.428 9 ERROR neutron.plugins.ml2.managers
File "/var/lib/openstack/lib/python3.10/site-packages/neutron_lib/db/api.py", line 184, in wrapped
2026-07-21 22:11:55.428 9 ERROR neutron.plugins.ml2.managers return f(*dup_args, **dup_kwargs)
2026-07-21 22:11:55.428 9 ERROR neutron.plugins.ml2.managers
File "/var/lib/openstack/lib/python3.10/site-packages/neutron/db/db_base_plugin_v2.py", line 1121, in get_subnet
2026-07-21 22:11:55.428 9 ERROR neutron.plugins.ml2.managers subnet_obj = self._get_subnet_object(context, id)
2026-07-21 22:11:55.428 9 ERROR neutron.plugins.ml2.managers
File "/var/lib/openstack/lib/python3.10/site-packages/neutron/db/db_base_plugin_common.py", line 279, in _get_subnet_object
2026-07-21 22:11:55.428 9 ERROR neutron.plugins.ml2.managers raise exceptions.SubnetNotFound(subnet_id=id)
2026-07-21 22:11:55.428 9 ERROR neutron.plugins.ml2.managers neutron_lib.exceptions.SubnetNotFound: Subnet 0882f8fa-6e77-43f8-8b10-4a8f3f98c2bc could not be found.
2026-07-21 22:11:55.428 9 ERROR neutron.plugins.ml2.managers 
2026-07-21 22:11:55.430 9 ERROR neutron.plugins.ml2.managers [None req-27abc215-84fb-4666-82f4-a8b62bd89ec4 - - - - - -] Failed to bind port 0e956bc8-edbf-465f-ac1f-f19e91bad519 on host instance for vnic_type normal using segments [{'id': '865fee81-30e8-4043-a483-80e883f390e0', 'network_type': 'vxlan', 'physical_network': None, 'segmentation_id': 740, 'network_id': '34da2774-82ed-4b66-b0ba-d92d5ed6dc21'}]
2026-07-21 22:11:55.430 9 INFO neutron.plugins.ml2.plugin [None req-27abc215-84fb-4666-82f4-a8b62bd89ec4 - - - - - -] Attempt 2 to bind port 0e956bc8-edbf-465f-ac1f-f19e91bad519
2026-07-21 22:11:55.448 9 ERROR neutron.plugins.ml2.managers [None req-27abc215-84fb-4666-82f4-a8b62bd89ec4 - - - - - -] Mechanism driver openvswitch failed in bind_port: neutron_lib.exceptions.SubnetNotFound: Subnet 0882f8fa-6e77-43f8-8b10-4a8f3f98c2bc could not be found.
2026-07-21 22:11:55.448 9 ERROR neutron.plugins.ml2.managers
Traceback (most recent call last):
2026-07-21 22:11:55.448 9 ERROR neutron.plugins.ml2.managers
File "/var/lib/openstack/lib/python3.10/site-packages/neutron/plugins/ml2/managers.py", line 866, in _bind_port_level
2026-07-21 22:11:55.448 9 ERROR neutron.plugins.ml2.managers driver.obj.bind_port(context)
2026-07-21 22:11:55.448 9 ERROR neutron.plugins.ml2.managers
File "/var/lib/openstack/lib/python3.10/site-packages/neutron/plugins/ml2/drivers/openvswitch/mech_driver/mech_openvswitch.py", line 133, in bind_port
2026-07-21 22:11:55.448 9 ERROR neutron.plugins.ml2.managers super(OpenvswitchMechanismDriver, self).bind_port(context)
2026-07-21 22:11:55.448 9 ERROR neutron.plugins.ml2.managers
File "/var/lib/openstack/lib/python3.10/site-packages/neutron/plugins/ml2/drivers/mech_agent.py", line 104, in bind_port
2026-07-21 22:11:55.448 9 ERROR neutron.plugins.ml2.managers subnets = self.get_subnets_from_fixed_ips(context)
2026-07-21 22:11:55.448 9 ERROR neutron.plugins.ml2.managers
File "/var/lib/openstack/lib/python3.10/site-packages/neutron/plugins/ml2/drivers/mech_agent.py", line 149, in get_subnets_from_fixed_ips
2026-07-21 22:11:55.448 9 ERROR neutron.plugins.ml2.managers subnets.append(context._plugin.get_subnet(
2026-07-21 22:11:55.448 9 ERROR neutron.plugins.ml2.managers
File "/var/lib/openstack/lib/python3.10/site-packages/neutron_lib/db/api.py", line 226, in wrapped
2026-07-21 22:11:55.448 9 ERROR neutron.plugins.ml2.managers return f_with_retry(*args, **kwargs,
2026-07-21 22:11:55.448 9 ERROR neutron.plugins.ml2.managers
File "/var/lib/openstack/lib/python3.10/site-packages/neutron_lib/db/api.py", line 140, in wrapped
2026-07-21 22:11:55.448 9 ERROR neutron.plugins.ml2.managers with excutils.save_and_reraise_exception():
2026-07-21 22:11:55.448 9 ERROR neutron.plugins.ml2.managers
File "/var/lib/openstack/lib/python3.10/site-packages/oslo_utils/excutils.py", line 227, in __exit__
2026-07-21 22:11:55.448 9 ERROR neutron.plugins.ml2.managers self.force_reraise()
2026-07-21 22:11:55.448 9 ERROR neutron.plugins.ml2.managers
File "/var/lib/openstack/lib/python3.10/site-packages/oslo_utils/excutils.py", line 200, in force_reraise
2026-07-21 22:11:55.448 9 ERROR neutron.plugins.ml2.managers raise self.value
2026-07-21 22:11:55.448 9 ERROR neutron.plugins.ml2.managers
File "/var/lib/openstack/lib/python3.10/site-packages/neutron_lib/db/api.py", line 138, in wrapped
2026-07-21 22:11:55.448 9 ERROR neutron.plugins.ml2.managers return f(*args, **kwargs)
2026-07-21 22:11:55.448 9 ERROR neutron.plugins.ml2.managers
File "/var/lib/openstack/lib/python3.10/site-packages/oslo_db/api.py", line 144, in wrapper
2026-07-21 22:11:55.448 9 ERROR neutron.plugins.ml2.managers with excutils.save_and_reraise_exception() as ectxt:
2026-07-21 22:11:55.448 9 ERROR neutron.plugins.ml2.managers
File "/var/lib/openstack/lib/python3.10/site-packages/oslo_utils/excutils.py", line 227, in __exit__
2026-07-21 22:11:55.448 9 ERROR neutron.plugins.ml2.managers self.force_reraise()
2026-07-21 22:11:55.448 9 ERROR neutron.plugins.ml2.managers
File "/var/lib/openstack/lib/python3.10/site-packages/oslo_utils/excutils.py", line 200, in force_reraise
2026-07-21 22:11:55.448 9 ERROR neutron.plugins.ml2.managers raise self.value
2026-07-21 22:11:55.448 9 ERROR neutron.plugins.ml2.managers
File "/var/lib/openstack/lib/python3.10/site-packages/oslo_db/api.py", line 142, in wrapper
2026-07-21 22:11:55.448 9 ERROR neutron.plugins.ml2.managers return f(*args, **kwargs)
2026-07-21 22:11:55.448 9 ERROR neutron.plugins.ml2.managers
File "/var/lib/openstack/lib/python3.10/site-packages/neutron_lib/db/api.py", line 186, in wrapped
2026-07-21 22:11:55.448 9 ERROR neutron.plugins.ml2.managers with excutils.save_and_reraise_exception():
2026-07-21 22:11:55.448 9 ERROR neutron.plugins.ml2.managers
File "/var/lib/openstack/lib/python3.10/site-packages/oslo_utils/excutils.py", line 227, in __exit__
2026-07-21 22:11:55.448 9 ERROR neutron.plugins.ml2.managers self.force_reraise()
2026-07-21 22:11:55.448 9 ERROR neutron.plugins.ml2.managers
File "/var/lib/openstack/lib/python3.10/site-packages/oslo_utils/excutils.py", line 200, in force_reraise
2026-07-21 22:11:55.448 9 ERROR neutron.plugins.ml2.managers raise self.value
2026-07-21 22:11:55.448 9 ERROR neutron.plugins.ml2.managers
File "/var/lib/openstack/lib/python3.10/site-packages/neutron_lib/db/api.py", line 184, in wrapped
2026-07-21 22:11:55.448 9 ERROR neutron.plugins.ml2.managers return f(*dup_args, **dup_kwargs)
2026-07-21 22:11:55.448 9 ERROR neutron.plugins.ml2.managers
File "/var/lib/openstack/lib/python3.10/site-packages/neutron/db/db_base_plugin_v2.py", line 1121, in get_subnet
2026-07-21 22:11:55.448 9 ERROR neutron.plugins.ml2.managers subnet_obj = self._get_subnet_object(context, id)
2026-07-21 22:11:55.448 9 ERROR neutron.plugins.ml2.managers
File "/var/lib/openstack/lib/python3.10/site-packages/neutron/db/db_base_plugin_common.py", line 279, in _get_subnet_object
2026-07-21 22:11:55.448 9 ERROR neutron.plugins.ml2.managers raise exceptions.SubnetNotFound(subnet_id=id)
2026-07-21 22:11:55.448 9 ERROR neutron.plugins.ml2.managers neutron_lib.exceptions.SubnetNotFound: Subnet 0882f8fa-6e77-43f8-8b10-4a8f3f98c2bc could not be found.
2026-07-21 22:11:55.448 9 ERROR neutron.plugins.ml2.managers 
2026-07-21 22:11:55.448 9 ERROR neutron.plugins.ml2.managers [None req-27abc215-84fb-4666-82f4-a8b62bd89ec4 - - - - - -] Failed to bind port 0e956bc8-edbf-465f-ac1f-f19e91bad519 on host instance for vnic_type normal using segments [{'id': '865fee81-30e8-4043-a483-80e883f390e0', 'network_type': 'vxlan', 'physical_network': None, 'segmentation_id': 740, 'network_id': '34da2774-82ed-4b66-b0ba-d92d5ed6dc21'}]
2026-07-21 22:11:55.449 9 INFO neutron.plugins.ml2.plugin [None req-27abc215-84fb-4666-82f4-a8b62bd89ec4 - - - - - -] Attempt 3 to bind port 0e956bc8-edbf-465f-ac1f-f19e91bad519
2026-07-21 22:11:55.464 9 ERROR neutron.plugins.ml2.managers [None req-27abc215-84fb-4666-82f4-a8b62bd89ec4 - - - - - -] Mechanism driver openvswitch failed in bind_port: neutron_lib.exceptions.SubnetNotFound: Subnet 0882f8fa-6e77-43f8-8b10-4a8f3f98c2bc could not be found.
2026-07-21 22:11:55.464 9 ERROR neutron.plugins.ml2.managers
Traceback (most recent call last):
2026-07-21 22:11:55.464 9 ERROR neutron.plugins.ml2.managers
File "/var/lib/openstack/lib/python3.10/site-packages/neutron/plugins/ml2/managers.py", line 866, in _bind_port_level
2026-07-21 22:11:55.464 9 ERROR neutron.plugins.ml2.managers driver.obj.bind_port(context)
2026-07-21 22:11:55.464 9 ERROR neutron.plugins.ml2.managers
File "/var/lib/openstack/lib/python3.10/site-packages/neutron/plugins/ml2/drivers/openvswitch/mech_driver/mech_openvswitch.py", line 133, in bind_port
2026-07-21 22:11:55.464 9 ERROR neutron.plugins.ml2.managers super(OpenvswitchMechanismDriver, self).bind_port(context)
2026-07-21 22:11:55.464 9 ERROR neutron.plugins.ml2.managers
File "/var/lib/openstack/lib/python3.10/site-packages/neutron/plugins/ml2/drivers/mech_agent.py", line 104, in bind_port
