+ COMMAND=start + start + exec neutron-rpc-server --config-file /etc/neutron/neutron.conf --config-file /etc/neutron/plugins/ml2/ml2_conf.ini /var/lib/openstack/lib/python3.10/site-packages/munch/__init__.py:24: UserWarning: pkg_resources is deprecated as an API. See https://setuptools.pypa.io/en/latest/pkg_resources.html. The pkg_resources package is slated for removal as early as 2025-11-30. Refrain from using this package or pin to Setuptools<81. import pkg_resources
2026-07-21 21:33:28.086 1 INFO neutron.common.config [-] Logging enabled!
2026-07-21 21:33:28.086 1 INFO neutron.common.config [-] /var/lib/openstack/bin/neutron-rpc-server version 21.2.2.dev24
2026-07-21 21:33:28.086 1 INFO neutron.server.rpc_eventlet [-] Eventlet based AMQP RPC server starting...
2026-07-21 21:33:28.086 1 INFO neutron.manager [-] Loading core plugin: ml2
2026-07-21 21:33:28.847 1 INFO neutron.plugins.ml2.managers [-] Configured type driver names: ['flat', 'gre', 'vlan', 'vxlan']
2026-07-21 21:33:28.849 1 INFO neutron.plugins.ml2.drivers.type_flat [-] Arbitrary flat physical_network names allowed
2026-07-21 21:33:28.852 1 INFO neutron.plugins.ml2.drivers.type_vlan [-] Network VLAN ranges: OrderedDict([('external', [(1, 4094)])])
2026-07-21 21:33:28.852 1 INFO neutron.plugins.ml2.managers [-] Loaded type driver names: ['flat', 'gre', 'vlan', 'vxlan']
2026-07-21 21:33:28.853 1 INFO neutron.plugins.ml2.managers [-] Registered types: dict_keys(['flat', 'gre', 'vlan', 'vxlan'])
2026-07-21 21:33:28.853 1 INFO neutron.plugins.ml2.managers [-] Tenant network_types: ['vxlan']
2026-07-21 21:33:28.853 1 INFO neutron.plugins.ml2.managers [-] Configured extension driver names: ['dns_domain_ports', 'port_security', 'qos']
2026-07-21 21:33:28.858 1 INFO neutron.plugins.ml2.managers [-] Loaded extension driver names: ['dns_domain_ports', 'port_security', 'qos']
2026-07-21 21:33:28.858 1 INFO neutron.plugins.ml2.managers [-] Registered extension drivers: ['dns_domain_ports', 'port_security', 'qos']
2026-07-21 21:33:28.858 1 INFO neutron.plugins.ml2.managers [-] Configured mechanism driver names: ['openvswitch', 'l2population']
2026-07-21 21:33:28.873 1 INFO neutron.plugins.ml2.drivers.mech_agent [-] Open vSwitch agent's supported_vnic_types: ['normal', 'direct', 'smart-nic', 'vdpa']
2026-07-21 21:33:28.874 1 INFO neutron.plugins.ml2.managers [-] Loaded mechanism driver names: ['openvswitch', 'l2population']
2026-07-21 21:33:28.874 1 INFO neutron.plugins.ml2.managers [-] Registered mechanism drivers: ['openvswitch', 'l2population']
2026-07-21 21:33:28.914 1 INFO neutron.plugins.ml2.managers [-] Initializing driver for type 'flat'
2026-07-21 21:33:28.914 1 INFO neutron.plugins.ml2.drivers.type_flat [-] ML2 FlatTypeDriver initialization complete
2026-07-21 21:33:28.914 1 INFO neutron.plugins.ml2.managers [-] Initializing driver for type 'gre'
2026-07-21 21:33:28.914 1 INFO neutron.plugins.ml2.drivers.type_tunnel [-] gre ID ranges: [(1, 1000)]
2026-07-21 21:33:29.174 1 INFO neutron.plugins.ml2.managers [None req-e988a9aa-ca06-4716-aac1-f7ce8af0279f - - - - - -] Initializing driver for type 'vlan'
2026-07-21 21:33:29.432 1 INFO neutron.plugins.ml2.drivers.type_vlan [None req-e988a9aa-ca06-4716-aac1-f7ce8af0279f - - - - - -] VlanTypeDriver initialization complete
2026-07-21 21:33:29.433 1 INFO neutron.plugins.ml2.managers [None req-e988a9aa-ca06-4716-aac1-f7ce8af0279f - - - - - -] Initializing driver for type 'vxlan'
2026-07-21 21:33:29.433 1 INFO neutron.plugins.ml2.drivers.type_tunnel [None req-e988a9aa-ca06-4716-aac1-f7ce8af0279f - - - - - -] vxlan ID ranges: [(1, 1000)]
2026-07-21 21:33:29.474 1 INFO neutron.plugins.ml2.managers [None req-e988a9aa-ca06-4716-aac1-f7ce8af0279f - - - - - -] Initializing extension driver 'dns_domain_ports'
2026-07-21 21:33:29.475 1 INFO neutron.plugins.ml2.extensions.dns_integration [None req-e988a9aa-ca06-4716-aac1-f7ce8af0279f - - - - - -] DNSDomainPortsExtensionDriver initialization complete
2026-07-21 21:33:29.475 1 INFO neutron.plugins.ml2.managers [None req-e988a9aa-ca06-4716-aac1-f7ce8af0279f - - - - - -] Initializing extension driver 'port_security'
2026-07-21 21:33:29.475 1 INFO neutron.plugins.ml2.extensions.port_security [None req-e988a9aa-ca06-4716-aac1-f7ce8af0279f - - - - - -] PortSecurityExtensionDriver initialization complete
2026-07-21 21:33:29.475 1 INFO neutron.plugins.ml2.managers [None req-e988a9aa-ca06-4716-aac1-f7ce8af0279f - - - - - -] Initializing extension driver 'qos'
2026-07-21 21:33:29.476 1 INFO neutron.plugins.ml2.managers [None req-e988a9aa-ca06-4716-aac1-f7ce8af0279f - - - - - -] Initializing mechanism driver 'openvswitch'
2026-07-21 21:33:29.476 1 INFO neutron.plugins.ml2.managers [None req-e988a9aa-ca06-4716-aac1-f7ce8af0279f - - - - - -] Initializing mechanism driver 'l2population'
2026-07-21 21:33:29.488 1 INFO neutron.quota [None req-4306779c-91b2-418d-8392-f48ca2033a9e - - - - - -] Loaded quota_driver: .
2026-07-21 21:33:29.489 1 INFO neutron.plugins.ml2.plugin [None req-4306779c-91b2-418d-8392-f48ca2033a9e - - - - - -] Modular L2 Plugin initialization complete
2026-07-21 21:33:29.489 1 INFO neutron.plugins.ml2.managers [None req-4306779c-91b2-418d-8392-f48ca2033a9e - - - - - -] Got dns-integration extension from driver 'dns_domain_ports'
2026-07-21 21:33:29.489 1 INFO neutron.plugins.ml2.managers [None req-4306779c-91b2-418d-8392-f48ca2033a9e - - - - - -] Got dns-domain-ports extension from driver 'dns_domain_ports'
2026-07-21 21:33:29.489 1 INFO neutron.plugins.ml2.managers [None req-4306779c-91b2-418d-8392-f48ca2033a9e - - - - - -] Got port-security extension from driver 'port_security'
2026-07-21 21:33:29.489 1 INFO neutron.extensions.vlantransparent [None req-4306779c-91b2-418d-8392-f48ca2033a9e - - - - - -] Disabled vlantransparent extension.
2026-07-21 21:33:29.489 1 INFO neutron.manager [None req-4306779c-91b2-418d-8392-f48ca2033a9e - - - - - -] Loading Plugin: qos
2026-07-21 21:33:29.499 1 INFO neutron.manager [None req-4306779c-91b2-418d-8392-f48ca2033a9e - - - - - -] Loading Plugin: router
2026-07-21 21:33:29.527 1 INFO neutron.services.service_base [None req-4306779c-91b2-418d-8392-f48ca2033a9e - - - - - -] Default provider is not specified for service type L3_ROUTER_NAT
2026-07-21 21:33:29.527 1 INFO neutron.manager [None req-4306779c-91b2-418d-8392-f48ca2033a9e - - - - - -] Loading Plugin: segments
2026-07-21 21:33:29.591 1 INFO neutron.manager [None req-4306779c-91b2-418d-8392-f48ca2033a9e - - - - - -] Loading Plugin: trunk
2026-07-21 21:33:29.659 1 INFO neutron.manager [None req-4306779c-91b2-418d-8392-f48ca2033a9e - - - - - -] Loading Plugin: vpnaas
2026-07-21 21:33:29.705 1 WARNING stevedore.named [None req-4306779c-91b2-418d-8392-f48ca2033a9e - - - - - -] Could not load neutron_vpnaas.services.vpn.service_drivers.ipsec.IPsecVPNDriver
2026-07-21 21:33:29.769 1 INFO neutron_vpnaas.services.vpn.plugin [None req-4306779c-91b2-418d-8392-f48ca2033a9e - - - - - -] VPN plugin using service drivers: dict_keys(['strongswan']), default: strongswan
2026-07-21 21:33:29.770 1 INFO neutron.common.utils [None req-4306779c-91b2-418d-8392-f48ca2033a9e - - - - - -] Disable filter validation extension by service plugin VPNDriverPlugin.
2026-07-21 21:33:29.771 1 INFO neutron.manager [None req-4306779c-91b2-418d-8392-f48ca2033a9e - - - - - -] Loading Plugin: auto_allocate
2026-07-21 21:33:29.775 1 INFO neutron.manager [None req-4306779c-91b2-418d-8392-f48ca2033a9e - - - - - -] Loading Plugin: tag
2026-07-21 21:33:29.780 1 INFO neutron.manager [None req-4306779c-91b2-418d-8392-f48ca2033a9e - - - - - -] Loading Plugin: timestamp
2026-07-21 21:33:29.783 1 INFO neutron.manager [None req-4306779c-91b2-418d-8392-f48ca2033a9e - - - - - -] Loading Plugin: network_ip_availability
2026-07-21 21:33:29.787 1 INFO neutron.manager [None req-4306779c-91b2-418d-8392-f48ca2033a9e - - - - - -] Loading Plugin: flavors
2026-07-21 21:33:29.789 1 INFO neutron.manager [None req-4306779c-91b2-418d-8392-f48ca2033a9e - - - - - -] Loading Plugin: revisions
2026-07-21 21:33:29.792 1 INFO neutron.api.extensions [None req-4306779c-91b2-418d-8392-f48ca2033a9e - - - - - -] Initializing extension manager.
2026-07-21 21:33:29.793 1 INFO neutron.api.extensions [None req-4306779c-91b2-418d-8392-f48ca2033a9e - - - - - -] Loaded extension: address-group
2026-07-21 21:33:29.794 1 INFO neutron.api.extensions [None req-4306779c-91b2-418d-8392-f48ca2033a9e - - - - - -] Loaded extension: address-scope
2026-07-21 21:33:29.795 1 INFO neutron.api.extensions [None req-4306779c-91b2-418d-8392-f48ca2033a9e - - - - - -] Loaded extension: router-admin-state-down-before-update
2026-07-21 21:33:29.796 1 INFO neutron.api.extensions [None req-4306779c-91b2-418d-8392-f48ca2033a9e - - - - - -] Loaded extension: agent
2026-07-21 21:33:29.796 1 INFO neutron.api.extensions [None req-4306779c-91b2-418d-8392-f48ca2033a9e - - - - - -] Loaded extension: agent-resources-synced
2026-07-21 21:33:29.798 1 INFO neutron.api.extensions [None req-4306779c-91b2-418d-8392-f48ca2033a9e - - - - - -] Loaded extension: allowed-address-pairs
2026-07-21 21:33:29.798 1 INFO neutron.api.extensions [None req-4306779c-91b2-418d-8392-f48ca2033a9e - - - - - -] Loaded extension: auto-allocated-topology
2026-07-21 21:33:29.799 1 INFO neutron.api.extensions [None req-4306779c-91b2-418d-8392-f48ca2033a9e - - - - - -] Loaded extension: availability_zone
2026-07-21 21:33:29.800 1 INFO neutron.api.extensions [None req-4306779c-91b2-418d-8392-f48ca2033a9e - - - - - -] Loaded extension: availability_zone_filter
2026-07-21 21:33:29.800 1 INFO neutron.api.extensions [None req-4306779c-91b2-418d-8392-f48ca2033a9e - - - - - -] Extension data-plane-status not supported by any of loaded plugins
2026-07-21 21:33:29.801 1 INFO neutron.api.extensions [None req-4306779c-91b2-418d-8392-f48ca2033a9e - - - - - -] Loaded extension: default-subnetpools
2026-07-21 21:33:29.802 1 INFO neutron.api.extensions [None req-4306779c-91b2-418d-8392-f48ca2033a9e - - - - - -] Loaded extension: dhcp_agent_scheduler
2026-07-21 21:33:29.803 1 INFO neutron.api.extensions [None req-4306779c-91b2-418d-8392-f48ca2033a9e - - - - - -] Loaded extension: dns-integration
2026-07-21 21:33:29.803 1 INFO neutron.api.extensions [None req-4306779c-91b2-418d-8392-f48ca2033a9e - - - - - -] Loaded extension: dns-domain-ports
2026-07-21 21:33:29.804 1 INFO neutron.api.extensions [None req-4306779c-91b2-418d-8392-f48ca2033a9e - - - - - -] Extension dns-integration-domain-keywords not supported by any of loaded plugins
2026-07-21 21:33:29.804 1 INFO neutron.api.extensions [None req-4306779c-91b2-418d-8392-f48ca2033a9e - - - - - -] Loaded extension: dvr
2026-07-21 21:33:29.805 1 INFO neutron.api.extensions [None req-4306779c-91b2-418d-8392-f48ca2033a9e - - - - - -] Extension ecmp_routes not supported by any of loaded plugins
2026-07-21 21:33:29.805 1 INFO neutron.api.extensions [None req-4306779c-91b2-418d-8392-f48ca2033a9e - - - - - -] Loaded extension: empty-string-filtering
2026-07-21 21:33:29.806 1 INFO neutron.api.extensions [None req-4306779c-91b2-418d-8392-f48ca2033a9e - - - - - -] Extension expose-l3-conntrack-helper not supported by any of loaded plugins
2026-07-21 21:33:29.806 1 INFO neutron.api.extensions [None req-4306779c-91b2-418d-8392-f48ca2033a9e - - - - - -] Extension expose-port-forwarding-in-fip not supported by any of loaded plugins
2026-07-21 21:33:29.807 1 INFO neutron.api.extensions [None req-4306779c-91b2-418d-8392-f48ca2033a9e - - - - - -] Loaded extension: external-net
2026-07-21 21:33:29.807 1 INFO neutron.api.extensions [None req-4306779c-91b2-418d-8392-f48ca2033a9e - - - - - -] Loaded extension: extra_dhcp_opt
2026-07-21 21:33:29.808 1 INFO neutron.api.extensions [None req-4306779c-91b2-418d-8392-f48ca2033a9e - - - - - -] Loaded extension: extraroute
2026-07-21 21:33:29.808 1 INFO neutron.api.extensions [None req-4306779c-91b2-418d-8392-f48ca2033a9e - - - - - -] Loaded extension: extraroute-atomic
2026-07-21 21:33:29.809 1 INFO neutron.api.extensions [None req-4306779c-91b2-418d-8392-f48ca2033a9e - - - - - -] Extension filter-validation not supported by any of loaded plugins
2026-07-21 21:33:29.809 1 INFO neutron.api.extensions [None req-4306779c-91b2-418d-8392-f48ca2033a9e - - - - - -] Extension floating-ip-port-forwarding-description not supported by any of loaded plugins
2026-07-21 21:33:29.810 1 INFO neutron.api.extensions [None req-4306779c-91b2-418d-8392-f48ca2033a9e - - - - - -] Loaded extension: floating-ip-port-forwarding-detail
2026-07-21 21:33:29.810 1 INFO neutron.api.extensions [None req-4306779c-91b2-418d-8392-f48ca2033a9e - - - - - -] Extension floating-ip-port-forwarding-port-ranges not supported by any of loaded plugins
2026-07-21 21:33:29.811 1 INFO neutron.api.extensions [None req-4306779c-91b2-418d-8392-f48ca2033a9e - - - - - -] Loaded extension: fip-port-details
2026-07-21 21:33:29.812 1 INFO neutron.api.extensions [None req-4306779c-91b2-418d-8392-f48ca2033a9e - - - - - -] Loaded extension: flavors
2026-07-21 21:33:29.812 1 INFO neutron.api.extensions [None req-4306779c-91b2-418d-8392-f48ca2033a9e - - - - - -] Extension floating-ip-port-forwarding not supported by any of loaded plugins
2026-07-21 21:33:29.813 1 INFO neutron.api.extensions [None req-4306779c-91b2-418d-8392-f48ca2033a9e - - - - - -] Loaded extension: floatingip-pools
2026-07-21 21:33:29.814 1 INFO neutron.api.extensions [None req-4306779c-91b2-418d-8392-f48ca2033a9e - - - - - -] Loaded extension: ip_allocation
2026-07-21 21:33:29.815 1 INFO neutron.api.extensions [None req-4306779c-91b2-418d-8392-f48ca2033a9e - - - - - -] Loaded extension: ip-substring-filtering
2026-07-21 21:33:29.815 1 INFO neutron.api.extensions [None req-4306779c-91b2-418d-8392-f48ca2033a9e - - - - - -] Loaded extension: l2_adjacency
2026-07-21 21:33:29.816 1 INFO neutron.api.extensions [None req-4306779c-91b2-418d-8392-f48ca2033a9e - - - - - -] Loaded extension: router
2026-07-21 21:33:29.818 1 INFO neutron.api.extensions [None req-4306779c-91b2-418d-8392-f48ca2033a9e - - - - - -] Extension l3-conntrack-helper not supported by any of loaded plugins
2026-07-21 21:33:29.818 1 INFO neutron.api.extensions [None req-4306779c-91b2-418d-8392-f48ca2033a9e - - - - - -] Loaded extension: ext-gw-mode
2026-07-21 21:33:29.819 1 INFO neutron.api.extensions [None req-4306779c-91b2-418d-8392-f48ca2033a9e - - - - - -] Loaded extension: l3-ha
2026-07-21 21:33:29.819 1 INFO neutron.api.extensions [None req-4306779c-91b2-418d-8392-f48ca2033a9e - - - - - -] Extension l3-ext-ndp-proxy not supported by any of loaded plugins
2026-07-21 21:33:29.820 1 INFO neutron.api.extensions [None req-4306779c-91b2-418d-8392-f48ca2033a9e - - - - - -] Loaded extension: l3-flavors
2026-07-21 21:33:29.820 1 INFO neutron.api.extensions [None req-4306779c-91b2-418d-8392-f48ca2033a9e - - - - - -] Extension l3-ndp-proxy not supported by any of loaded plugins
2026-07-21 21:33:29.821 1 INFO neutron.api.extensions [None req-4306779c-91b2-418d-8392-f48ca2033a9e - - - - - -] Loaded extension: l3-port-ip-change-not-allowed
2026-07-21 21:33:29.824 1 INFO neutron.api.extensions [None req-4306779c-91b2-418d-8392-f48ca2033a9e - - - - - -] Loaded extension: l3_agent_scheduler
2026-07-21 21:33:29.825 1 INFO neutron.api.extensions [None req-4306779c-91b2-418d-8392-f48ca2033a9e - - - - - -] Extension local_ip not supported by any of loaded plugins
2026-07-21 21:33:29.826 1 INFO neutron.api.extensions [None req-4306779c-91b2-418d-8392-f48ca2033a9e - - - - - -] Extension logging not supported by any of loaded plugins
2026-07-21 21:33:29.827 1 INFO neutron.api.extensions [None req-4306779c-91b2-418d-8392-f48ca2033a9e - - - - - -] Extension metering not supported by any of loaded plugins
2026-07-21 21:33:29.828 1 INFO neutron.api.extensions [None req-4306779c-91b2-418d-8392-f48ca2033a9e - - - - - -] Extension metering_source_and_destination_fields not supported by any of loaded plugins
2026-07-21 21:33:29.828 1 INFO neutron.api.extensions [None req-4306779c-91b2-418d-8392-f48ca2033a9e - - - - - -] Loaded extension: multi-provider
2026-07-21 21:33:29.829 1 INFO neutron.api.extensions [None req-4306779c-91b2-418d-8392-f48ca2033a9e - - - - - -] Loaded extension: net-mtu
2026-07-21 21:33:29.829 1 INFO neutron.api.extensions [None req-4306779c-91b2-418d-8392-f48ca2033a9e - - - - - -] Loaded extension: net-mtu-writable
2026-07-21 21:33:29.830 1 INFO neutron.api.extensions [None req-4306779c-91b2-418d-8392-f48ca2033a9e - - - - - -] Loaded extension: network_availability_zone
2026-07-21 21:33:29.830 1 INFO neutron.api.extensions [None req-4306779c-91b2-418d-8392-f48ca2033a9e - - - - - -] Loaded extension: network-ip-availability
2026-07-21 21:33:29.831 1 INFO neutron.api.extensions [None req-4306779c-91b2-418d-8392-f48ca2033a9e - - - - - -] Extension network-segment-range not supported by any of loaded plugins
2026-07-21 21:33:29.832 1 INFO neutron.api.extensions [None req-4306779c-91b2-418d-8392-f48ca2033a9e - - - - - -] Loaded extension: pagination
2026-07-21 21:33:29.832 1 INFO neutron.api.extensions [None req-4306779c-91b2-418d-8392-f48ca2033a9e - - - - - -] Loaded extension: port-device-profile
2026-07-21 21:33:29.833 1 INFO neutron.api.extensions [None req-4306779c-91b2-418d-8392-f48ca2033a9e - - - - - -] Loaded extension: port-mac-override
2026-07-21 21:33:29.833 1 INFO neutron.api.extensions [None req-4306779c-91b2-418d-8392-f48ca2033a9e - - - - - -] Loaded extension: port-mac-address-regenerate
2026-07-21 21:33:29.834 1 INFO neutron.api.extensions [None req-4306779c-91b2-418d-8392-f48ca2033a9e - - - - - -] Loaded extension: port-numa-affinity-policy
2026-07-21 21:33:29.834 1 INFO neutron.api.extensions [None req-4306779c-91b2-418d-8392-f48ca2033a9e - - - - - -] Loaded extension: port-resource-request
2026-07-21 21:33:29.836 1 INFO neutron.api.extensions [None req-4306779c-91b2-418d-8392-f48ca2033a9e - - - - - -] Loaded extension: port-resource-request-groups
2026-07-21 21:33:29.837 1 INFO neutron.api.extensions [None req-4306779c-91b2-418d-8392-f48ca2033a9e - - - - - -] Loaded extension: binding
2026-07-21 21:33:29.838 1 INFO neutron.api.extensions [None req-4306779c-91b2-418d-8392-f48ca2033a9e - - - - - -] Loaded extension: binding-extended
2026-07-21 21:33:29.839 1 INFO neutron.api.extensions [None req-4306779c-91b2-418d-8392-f48ca2033a9e - - - - - -] Loaded extension: port-security
2026-07-21 21:33:29.840 1 INFO neutron.api.extensions [None req-4306779c-91b2-418d-8392-f48ca2033a9e - - - - - -] Loaded extension: project-id
2026-07-21 21:33:29.840 1 INFO neutron.api.extensions [None req-4306779c-91b2-418d-8392-f48ca2033a9e - - - - - -] Loaded extension: provider
2026-07-21 21:33:29.843 1 INFO neutron.api.extensions [None req-4306779c-91b2-418d-8392-f48ca2033a9e - - - - - -] Loaded extension: qos
2026-07-21 21:33:29.845 1 INFO neutron.api.extensions [None req-4306779c-91b2-418d-8392-f48ca2033a9e - - - - - -] Loaded extension: qos-bw-limit-direction
2026-07-21 21:33:29.845 1 INFO neutron.api.extensions [None req-4306779c-91b2-418d-8392-f48ca2033a9e - - - - - -] Loaded extension: qos-bw-minimum-ingress
2026-07-21 21:33:29.846 1 INFO neutron.api.extensions [None req-4306779c-91b2-418d-8392-f48ca2033a9e - - - - - -] Loaded extension: qos-default
2026-07-21 21:33:29.847 1 INFO neutron.api.extensions [None req-4306779c-91b2-418d-8392-f48ca2033a9e - - - - - -] Loaded extension: qos-fip
2026-07-21 21:33:29.848 1 INFO neutron.api.extensions [None req-4306779c-91b2-418d-8392-f48ca2033a9e - - - - - -] Extension qos-fip-network-policy not supported by any of loaded plugins
2026-07-21 21:33:29.849 1 INFO neutron.api.extensions [None req-4306779c-91b2-418d-8392-f48ca2033a9e - - - - - -] Loaded extension: qos-gateway-ip
2026-07-21 21:33:29.850 1 INFO neutron.api.extensions [None req-4306779c-91b2-418d-8392-f48ca2033a9e - - - - - -] Loaded extension: qos-port-network-policy
2026-07-21 21:33:29.852 1 INFO neutron.api.extensions [None req-4306779c-91b2-418d-8392-f48ca2033a9e - - - - - -] Loaded extension: qos-pps-minimum
2026-07-21 21:33:29.853 1 INFO neutron.api.extensions [None req-4306779c-91b2-418d-8392-f48ca2033a9e - - - - - -] Loaded extension: qos-pps-minimum-rule-alias
2026-07-21 21:33:29.855 1 INFO neutron.api.extensions [None req-4306779c-91b2-418d-8392-f48ca2033a9e - - - - - -] Loaded extension: qos-pps
2026-07-21 21:33:29.855 1 INFO neutron.api.extensions [None req-4306779c-91b2-418d-8392-f48ca2033a9e - - - - - -] Loaded extension: qos-rule-type-details
2026-07-21 21:33:29.856 1 INFO neutron.api.extensions [None req-4306779c-91b2-418d-8392-f48ca2033a9e - - - - - -] Loaded extension: qos-rule-type-filter
2026-07-21 21:33:29.857 1 INFO neutron.api.extensions [None req-4306779c-91b2-418d-8392-f48ca2033a9e - - - - - -] Loaded extension: qos-rules-alias
2026-07-21 21:33:29.857 1 INFO neutron.api.extensions [None req-4306779c-91b2-418d-8392-f48ca2033a9e - - - - - -] Loaded extension: quota-check-limit
2026-07-21 21:33:29.859 1 INFO neutron.api.extensions [None req-4306779c-91b2-418d-8392-f48ca2033a9e - - - - - -] Loaded extension: quotas
2026-07-21 21:33:29.861 1 INFO neutron.api.extensions [None req-4306779c-91b2-418d-8392-f48ca2033a9e - - - - - -] Loaded extension: quota_details
2026-07-21 21:33:29.862 1 INFO neutron.api.extensions [None req-4306779c-91b2-418d-8392-f48ca2033a9e - - - - - -] Loaded extension: rbac-policies
2026-07-21 21:33:29.862 1 INFO neutron.api.extensions [None req-4306779c-91b2-418d-8392-f48ca2033a9e - - - - - -] Loaded extension: rbac-address-group
2026-07-21 21:33:29.863 1 INFO neutron.api.extensions [None req-4306779c-91b2-418d-8392-f48ca2033a9e - - - - - -] Loaded extension: rbac-address-scope
2026-07-21 21:33:29.863 1 INFO neutron.api.extensions [None req-4306779c-91b2-418d-8392-f48ca2033a9e - - - - - -] Loaded extension: rbac-security-groups
2026-07-21 21:33:29.864 1 INFO neutron.api.extensions [None req-4306779c-91b2-418d-8392-f48ca2033a9e - - - - - -] Loaded extension: rbac-subnetpool
2026-07-21 21:33:29.865 1 INFO neutron.api.extensions [None req-4306779c-91b2-418d-8392-f48ca2033a9e - - - - - -] Loaded extension: revision-if-match
2026-07-21 21:33:29.865 1 INFO neutron.api.extensions [None req-4306779c-91b2-418d-8392-f48ca2033a9e - - - - - -] Loaded extension: standard-attr-revisions
2026-07-21 21:33:29.866 1 INFO neutron.api.extensions [None req-4306779c-91b2-418d-8392-f48ca2033a9e - - - - - -] Loaded extension: router_availability_zone
2026-07-21 21:33:29.866 1 INFO neutron.api.extensions [None req-4306779c-91b2-418d-8392-f48ca2033a9e - - - - - -] Extension router-service-type not supported by any of loaded plugins
2026-07-21 21:33:29.867 1 INFO neutron.api.extensions [None req-4306779c-91b2-418d-8392-f48ca2033a9e - - - - - -] Loaded extension: security-groups-normalized-cidr
2026-07-21 21:33:29.867 1 INFO neutron.api.extensions [None req-4306779c-91b2-418d-8392-f48ca2033a9e - - - - - -] Loaded extension: port-security-groups-filtering
2026-07-21 21:33:29.868 1 INFO neutron.api.extensions [None req-4306779c-91b2-418d-8392-f48ca2033a9e - - - - - -] Loaded extension: security-groups-remote-address-group
2026-07-21 21:33:29.868 1 INFO neutron.api.extensions [None req-4306779c-91b2-418d-8392-f48ca2033a9e - - - - - -] Loaded extension: security-groups-shared-filtering
2026-07-21 21:33:29.875 1 INFO neutron.api.extensions [None req-4306779c-91b2-418d-8392-f48ca2033a9e - - - - - -] Loaded extension: security-group
2026-07-21 21:33:29.876 1 INFO neutron.api.extensions [None req-4306779c-91b2-418d-8392-f48ca2033a9e - - - - - -] Loaded extension: segment
2026-07-21 21:33:29.876 1 INFO neutron.api.extensions [None req-4306779c-91b2-418d-8392-f48ca2033a9e - - - - - -] Loaded extension: segments-peer-subnet-host-routes
2026-07-21 21:33:29.877 1 INFO neutron.api.extensions [None req-4306779c-91b2-418d-8392-f48ca2033a9e - - - - - -] Loaded extension: service-type
2026-07-21 21:33:29.877 1 INFO neutron.api.extensions [None req-4306779c-91b2-418d-8392-f48ca2033a9e - - - - - -] Loaded extension: sorting
2026-07-21 21:33:29.878 1 INFO neutron.api.extensions [None req-4306779c-91b2-418d-8392-f48ca2033a9e - - - - - -] Loaded extension: standard-attr-segment
2026-07-21 21:33:29.878 1 INFO neutron.api.extensions [None req-4306779c-91b2-418d-8392-f48ca2033a9e - - - - - -] Loaded extension: standard-attr-description
2026-07-21 21:33:29.879 1 INFO neutron.api.extensions [None req-4306779c-91b2-418d-8392-f48ca2033a9e - - - - - -] Loaded extension: stateful-security-group
2026-07-21 21:33:29.879 1 WARNING neutron.api.extensions [None req-4306779c-91b2-418d-8392-f48ca2033a9e - - - - - -] Did not find expected name "Stdattrs_common" in /var/lib/openstack/lib/python3.10/site-packages/neutron/extensions/stdattrs_common.py
2026-07-21 21:33:29.880 1 INFO neutron.api.extensions [None req-4306779c-91b2-418d-8392-f48ca2033a9e - - - - - -] Extension subnet-dns-publish-fixed-ip not supported by any of loaded plugins
2026-07-21 21:33:29.880 1 INFO neutron.api.extensions [None req-4306779c-91b2-418d-8392-f48ca2033a9e - - - - - -] Loaded extension: subnet_onboard
2026-07-21 21:33:29.881 1 INFO neutron.api.extensions [None req-4306779c-91b2-418d-8392-f48ca2033a9e - - - - - -] Loaded extension: subnet-segmentid-writable
2026-07-21 21:33:29.881 1 INFO neutron.api.extensions [None req-4306779c-91b2-418d-8392-f48ca2033a9e - - - - - -] Loaded extension: subnet-service-types
2026-07-21 21:33:29.882 1 INFO neutron.api.extensions [None req-4306779c-91b2-418d-8392-f48ca2033a9e - - - - - -] Loaded extension: subnet_allocation
2026-07-21 21:33:29.882 1 INFO neutron.api.extensions [None req-4306779c-91b2-418d-8392-f48ca2033a9e - - - - - -] Loaded extension: subnetpool-prefix-ops
2026-07-21 21:33:29.883 1 INFO neutron.api.extensions [None req-4306779c-91b2-418d-8392-f48ca2033a9e - - - - - -] Extension tag-ports-during-bulk-creation not supported by any of loaded plugins
2026-07-21 21:33:29.885 1 INFO neutron.api.extensions [None req-4306779c-91b2-418d-8392-f48ca2033a9e - - - - - -] Loaded extension: standard-attr-tag
2026-07-21 21:33:29.886 1 INFO neutron.api.extensions [None req-4306779c-91b2-418d-8392-f48ca2033a9e - - - - - -] Loaded extension: standard-attr-timestamp
2026-07-21 21:33:29.886 1 INFO neutron.api.extensions [None req-4306779c-91b2-418d-8392-f48ca2033a9e - - - - - -] Loaded extension: trunk
2026-07-21 21:33:29.887 1 INFO neutron.api.extensions [None req-4306779c-91b2-418d-8392-f48ca2033a9e - - - - - -] Loaded extension: trunk-details
2026-07-21 21:33:29.888 1 INFO neutron.api.extensions [None req-4306779c-91b2-418d-8392-f48ca2033a9e - - - - - -] Extension uplink-status-propagation not supported by any of loaded plugins
2026-07-21 21:33:29.888 1 INFO neutron.api.extensions [None req-4306779c-91b2-418d-8392-f48ca2033a9e - - - - - -] Extension vlan-transparent not supported by any of loaded plugins
2026-07-21 21:33:29.890 1 INFO neutron.api.extensions [None req-4306779c-91b2-418d-8392-f48ca2033a9e - - - - - -] Loaded extension: vpn-endpoint-groups
2026-07-21 21:33:29.891 1 INFO neutron.api.extensions [None req-4306779c-91b2-418d-8392-f48ca2033a9e - - - - - -] Loaded extension: vpn-flavors
2026-07-21 21:33:29.892 1 INFO neutron.api.extensions [None req-4306779c-91b2-418d-8392-f48ca2033a9e - - - - - -] Loaded extension: vpnaas
2026-07-21 21:33:29.896 1 INFO oslo_service.service [None req-4306779c-91b2-418d-8392-f48ca2033a9e - - - - - -] Starting 2 workers
2026-07-21 21:33:29.900 1 INFO oslo_service.service [None req-4306779c-91b2-418d-8392-f48ca2033a9e - - - - - -] Starting 1 workers
2026-07-21 21:34:05.614 10 INFO neutron.db.l3_hamode_db [None req-a45e0511-9d54-4b7c-a8a1-2b2343ec8994 - - - - - -] Number of active agents lower than max_l3_agents_per_router. L3 agents available: 1
2026-07-21 21:34:21.123 10 INFO neutron.plugins.ml2.plugin [None req-b3cd83b5-e158-4a3b-990a-ee7677cb0c54 - - - - - -] Attempt 1 to provision port 568a2d53-de51-40dc-99ba-1cfc201ac0b3
2026-07-21 21:34:22.390 10 INFO neutron.plugins.ml2.plugin [None req-6628b050-6bf3-4c19-a344-18c3f300058d - - - - - -] Attempt 1 to provision port 568a2d53-de51-40dc-99ba-1cfc201ac0b3
2026-07-21 21:34:22.671 9 INFO neutron.plugins.ml2.plugin [None req-67bbf4ca-fa57-4901-a37a-8824c1a4e621 - - - - - -] Attempt 1 to provision port 568a2d53-de51-40dc-99ba-1cfc201ac0b3
2026-07-21 21:34:23.066 10 INFO neutron.plugins.ml2.plugin [None req-b3cd83b5-e158-4a3b-990a-ee7677cb0c54 - - - - - -] Attempt 1 to provision port 568a2d53-de51-40dc-99ba-1cfc201ac0b3
2026-07-21 21:40:51.354 10 INFO neutron.plugins.ml2.plugin [None req-b3cd83b5-e158-4a3b-990a-ee7677cb0c54 - - - - - -] Attempt 1 to provision port dea5158b-982c-41c6-97a1-35a4962d1a54
2026-07-21 21:40:53.173 10 INFO neutron.plugins.ml2.plugin [None req-fcd7b449-0e37-4a9f-807d-5881ece19bd4 - - - - - -] Attempt 1 to provision port dea5158b-982c-41c6-97a1-35a4962d1a54
2026-07-21 21:40:53.362 9 INFO neutron.plugins.ml2.plugin [None req-b3cd83b5-e158-4a3b-990a-ee7677cb0c54 - - - - - -] Attempt 1 to provision port dea5158b-982c-41c6-97a1-35a4962d1a54
2026-07-21 21:40:53.444 10 INFO neutron.plugins.ml2.plugin [None req-b496e3e0-3b23-41e8-ad69-1b99e43006da - - - - - -] Attempt 1 to provision port dea5158b-982c-41c6-97a1-35a4962d1a54
2026-07-21 21:40:57.951 9 INFO neutron.plugins.ml2.plugin [None req-e677d098-9bd8-4d1a-a8a1-e5c6bc15082b - - - - - -] Attempt 1 to provision port 680b5e3c-7600-42d8-ba89-8c49c8c8d9d4
2026-07-21 21:44:09.563 9 INFO neutron.plugins.ml2.plugin [None req-b3cd83b5-e158-4a3b-990a-ee7677cb0c54 - - - - - -] Attempt 1 to provision port 680b5e3c-7600-42d8-ba89-8c49c8c8d9d4
2026-07-21 21:44:11.462 10 INFO neutron.plugins.ml2.plugin [None req-b3cd83b5-e158-4a3b-990a-ee7677cb0c54 - - - - - -] Attempt 1 to provision port 680b5e3c-7600-42d8-ba89-8c49c8c8d9d4
2026-07-21 21:52:01.736 9 INFO neutron.plugins.ml2.plugin [None req-b3cd83b5-e158-4a3b-990a-ee7677cb0c54 - - - - - -] Attempt 1 to provision port 96fbe123-968e-405d-a54a-840d925c5786
2026-07-21 21:52:03.727 10 INFO neutron.plugins.ml2.plugin [None req-b3cd83b5-e158-4a3b-990a-ee7677cb0c54 - - - - - -] Attempt 1 to provision port 96fbe123-968e-405d-a54a-840d925c5786
2026-07-21 22:08:50.409 9 INFO neutron.plugins.ml2.plugin [None req-b3cd83b5-e158-4a3b-990a-ee7677cb0c54 - - - - - -] Attempt 1 to provision port ed81737f-11a0-4dcc-a64f-a917e81fc0a6
2026-07-21 22:08:51.075 10 INFO neutron.plugins.ml2.plugin [None req-518d9f2f-e1e7-46f7-a1e1-e2451d64ed3c - - - - - -] Attempt 1 to provision port e474a81b-97e1-40e6-b861-1bac72fbc899
2026-07-21 22:08:51.538 9 INFO neutron.plugins.ml2.plugin [None req-62166fe6-4ef0-41f1-96c9-f1eb263aa105 - - - - - -] Attempt 1 to provision port fafa345c-20d9-4196-b065-305d54988d09
2026-07-21 22:08:52.493 10 INFO neutron.plugins.ml2.plugin [None req-b3cd83b5-e158-4a3b-990a-ee7677cb0c54 - - - - - -] Attempt 1 to provision port 37bb70ce-4f2b-42c9-bcde-c328aa5974c8
2026-07-21 22:08:52.789 10 INFO neutron.plugins.ml2.plugin [None req-f9d02d7b-41b4-41f0-9975-b86032aa9f6e - - - - - -] Attempt 1 to provision port ed81737f-11a0-4dcc-a64f-a917e81fc0a6
2026-07-21 22:08:53.305 9 INFO neutron.plugins.ml2.plugin [None req-f4241c48-6d76-414a-b31a-89a9818e870b - - - - - -] Attempt 1 to provision port ed81737f-11a0-4dcc-a64f-a917e81fc0a6
2026-07-21 22:08:53.353 10 INFO neutron.plugins.ml2.plugin [None req-b3cd83b5-e158-4a3b-990a-ee7677cb0c54 - - - - - -] Attempt 1 to provision port ed81737f-11a0-4dcc-a64f-a917e81fc0a6
2026-07-21 22:08:53.505 9 INFO neutron.plugins.ml2.plugin [None req-85dcc493-e79e-4d3d-bb59-81ff6cc52bc9 - - - - - -] Attempt 1 to provision port 37bb70ce-4f2b-42c9-bcde-c328aa5974c8
2026-07-21 22:08:53.822 10 INFO neutron.plugins.ml2.plugin [None req-fe0f94de-35ad-441c-b3a7-7bc3f1b0b9c8 - - - - - -] Attempt 1 to provision port 37bb70ce-4f2b-42c9-bcde-c328aa5974c8
2026-07-21 22:08:54.216 9 INFO neutron.plugins.ml2.plugin [None req-03d4859b-8da4-48e2-92da-5d9d9c808475 - - - - - -] Attempt 1 to provision port a0490411-a9d7-4360-a2e3-d1e6d9b31f8d
2026-07-21 22:08:54.275 9 INFO neutron.plugins.ml2.plugin [None req-03d4859b-8da4-48e2-92da-5d9d9c808475 - - - - - -] Attempt 1 to provision port 3d0d4cae-0b65-4b4d-a133-404ffc75eae6
2026-07-21 22:08:54.385 10 INFO neutron.plugins.ml2.plugin [None req-b3cd83b5-e158-4a3b-990a-ee7677cb0c54 - - - - - -] Attempt 1 to provision port 37bb70ce-4f2b-42c9-bcde-c328aa5974c8
2026-07-21 22:08:54.767 9 INFO neutron.plugins.ml2.plugin [None req-31ee3389-29c2-468a-989b-76e721d0fbc3 - - - - - -] Attempt 1 to provision port a0490411-a9d7-4360-a2e3-d1e6d9b31f8d
2026-07-21 22:08:54.923 10 INFO neutron.plugins.ml2.plugin [None req-dbe781a6-d422-442b-bdbd-ae019c60d3c1 - - - - - -] Attempt 1 to provision port 3d0d4cae-0b65-4b4d-a133-404ffc75eae6
2026-07-21 22:09:01.856 9 INFO neutron.plugins.ml2.plugin [None req-6a631f2b-7833-465a-9a28-e82b30a4783a - - - - - -] Attempt 1 to provision port 2f4568d0-cac6-4b0e-aecd-bfa87f5a61c2
2026-07-21 22:09:02.394 10 INFO neutron.plugins.ml2.plugin [None req-b3cd83b5-e158-4a3b-990a-ee7677cb0c54 - - - - - -] Attempt 1 to provision port 9d4bbd3a-e462-45fa-9669-a3de5341ccd2
2026-07-21 22:09:04.458 9 INFO neutron.plugins.ml2.plugin [None req-b3cd83b5-e158-4a3b-990a-ee7677cb0c54 - - - - - -] Attempt 1 to provision port 9d4bbd3a-e462-45fa-9669-a3de5341ccd2
2026-07-21 22:09:06.450 10 INFO neutron.plugins.ml2.plugin [None req-b3cd83b5-e158-4a3b-990a-ee7677cb0c54 - - - - - -] Attempt 1 to provision port 41075804-202e-4dcf-89e6-ed125e8ed3cc
2026-07-21 22:09:06.559 9 INFO neutron.plugins.ml2.plugin [None req-6443fa65-c038-4d33-93ad-16f9129f3066 - - - - - -] Attempt 1 to provision port 31fcb10a-d15f-4aa4-9a48-0cac91100bad
2026-07-21 22:09:07.828 10 INFO neutron.plugins.ml2.plugin [None req-edfa3b72-1f25-4966-b357-ec4db84c5d6f - - - - - -] Attempt 1 to provision port 41075804-202e-4dcf-89e6-ed125e8ed3cc
2026-07-21 22:09:08.419 9 INFO neutron.plugins.ml2.plugin [None req-093fbd08-db4a-4a3e-92fe-a656e5592a39 - - - - - -] Attempt 1 to provision port 41075804-202e-4dcf-89e6-ed125e8ed3cc
2026-07-21 22:09:08.497 10 INFO neutron.plugins.ml2.plugin [None req-b3cd83b5-e158-4a3b-990a-ee7677cb0c54 - - - - - -] Attempt 1 to provision port 2f4568d0-cac6-4b0e-aecd-bfa87f5a61c2
2026-07-21 22:09:09.178 9 INFO neutron.plugins.ml2.plugin [None req-e98644d7-7cb6-4c55-865a-b2a2b82e5cce - - - - - -] Attempt 1 to provision port ede16f11-2a71-408b-8a46-438162a0c8eb
2026-07-21 22:09:09.250 10 INFO neutron.notifiers.nova [-] Nova event matching ['req-2a8bdb52-abff-43a0-a723-110bd5fa78bd'] response: {'server_uuid': '1da9901c-d9d6-4819-8e2b-f52bcd009848', 'name': 'network-vif-plugged', 'status': 'completed', 'tag': '2f4568d0-cac6-4b0e-aecd-bfa87f5a61c2', 'code': 200}
2026-07-21 22:09:09.258 10 INFO neutron.plugins.ml2.plugin [None req-b3cd83b5-e158-4a3b-990a-ee7677cb0c54 - - - - - -] Attempt 1 to provision port 41075804-202e-4dcf-89e6-ed125e8ed3cc
2026-07-21 22:09:09.754 9 INFO neutron.plugins.ml2.plugin [None req-555ea614-9c69-42ad-b07e-bf97a32a143e - - - - - -] Attempt 1 to provision port ede16f11-2a71-408b-8a46-438162a0c8eb
2026-07-21 22:09:10.467 10 INFO neutron.plugins.ml2.plugin [None req-b3cd83b5-e158-4a3b-990a-ee7677cb0c54 - - - - - -] Attempt 1 to provision port 5a8c2e8a-2248-4f63-a8cf-3bda5a6b4ede
2026-07-21 22:09:10.986 10 INFO neutron.plugins.ml2.plugin [None req-b3cd83b5-e158-4a3b-990a-ee7677cb0c54 - - - - - -] Attempt 1 to provision port 2f4568d0-cac6-4b0e-aecd-bfa87f5a61c2
2026-07-21 22:09:11.746 9 INFO neutron.plugins.ml2.plugin [None req-bd379464-e1b0-4f4c-a67a-309839c81089 - - - - - -] Attempt 1 to provision port ff538112-a9f8-426a-b32d-1bb17ea4203a
2026-07-21 22:09:12.438 10 INFO neutron.plugins.ml2.plugin [None req-b3cd83b5-e158-4a3b-990a-ee7677cb0c54 - - - - - -] Attempt 1 to provision port 5a8c2e8a-2248-4f63-a8cf-3bda5a6b4ede
2026-07-21 22:09:30.200 9 INFO neutron.plugins.ml2.plugin [None req-9a0f82a1-30c7-4116-8723-4e4b1858e1b8 - - - - - -] Attempt 1 to provision port 03da2bba-0c60-4fc9-a851-3714f8d904e9
2026-07-21 22:09:30.504 10 INFO neutron.plugins.ml2.plugin [None req-b3cd83b5-e158-4a3b-990a-ee7677cb0c54 - - - - - -] Attempt 1 to provision port 4ac6f763-9f4f-4d75-9dbd-48d290c96d20
2026-07-21 22:09:30.952 10 INFO neutron.plugins.ml2.plugin [None req-0b87af53-ad7c-409a-b663-3f181ddb69d2 - - - - - -] Attempt 1 to provision port ca97a2fb-b80e-48e8-8b97-1ed65747a2f4
2026-07-21 22:09:31.056 10 INFO neutron.plugins.ml2.plugin [None req-b3cd83b5-e158-4a3b-990a-ee7677cb0c54 - - - - - -] Attempt 1 to provision port aee6bf24-3532-4509-aa61-1e25f94f888b
2026-07-21 22:09:31.340 9 INFO neutron.plugins.ml2.plugin [None req-9a4bd19c-60d2-4d5a-b267-bf80c4833aec - - - - - -] Attempt 1 to provision port ca97a2fb-b80e-48e8-8b97-1ed65747a2f4
2026-07-21 22:09:31.558 10 INFO neutron.plugins.ml2.plugin [None req-b3cd83b5-e158-4a3b-990a-ee7677cb0c54 - - - - - -] Attempt 1 to provision port ca97a2fb-b80e-48e8-8b97-1ed65747a2f4
2026-07-21 22:09:31.654 10 INFO neutron.plugins.ml2.plugin [None req-16c49586-c4cc-4701-a608-29151b0d6fc2 - - - - - -] Attempt 1 to provision port e56dca83-b47a-47e9-8e8b-3e4f03629fb6
2026-07-21 22:09:32.292 9 INFO neutron.plugins.ml2.plugin [None req-06c1103a-e856-402b-81fb-8dcb4c2f7bc7 - - - - - -] Attempt 1 to provision port 4ac6f763-9f4f-4d75-9dbd-48d290c96d20
2026-07-21 22:09:32.400 9 INFO neutron.plugins.ml2.plugin [None req-b3cd83b5-e158-4a3b-990a-ee7677cb0c54 - - - - - -] Attempt 1 to provision port ca97a2fb-b80e-48e8-8b97-1ed65747a2f4
2026-07-21 22:09:32.466 10 INFO neutron.plugins.ml2.plugin [None req-167a24d6-febf-410c-8c03-07c0e0c1ed07 - - - - - -] Attempt 1 to provision port aee6bf24-3532-4509-aa61-1e25f94f888b
2026-07-21 22:09:32.666 9 INFO neutron.plugins.ml2.plugin [None req-b3cd83b5-e158-4a3b-990a-ee7677cb0c54 - - - - - -] Attempt 1 to provision port 4ac6f763-9f4f-4d75-9dbd-48d290c96d20
2026-07-21 22:09:32.695 9 INFO neutron.plugins.ml2.plugin [None req-4343418c-d9ce-4809-8291-077bf31c51c6 - - - - - -] Attempt 1 to provision port 4ac6f763-9f4f-4d75-9dbd-48d290c96d20
2026-07-21 22:09:32.947 10 INFO neutron.plugins.ml2.plugin [None req-55b4bc96-3015-469c-a822-3a3a6b2260bd - - - - - -] Attempt 1 to provision port e5798342-daf7-42fa-a374-c06019516616
2026-07-21 22:09:33.038 10 INFO neutron.plugins.ml2.plugin [None req-55b4bc96-3015-469c-a822-3a3a6b2260bd - - - - - -] Attempt 1 to provision port aee6bf24-3532-4509-aa61-1e25f94f888b
2026-07-21 22:09:33.265 9 INFO neutron.plugins.ml2.plugin [None req-b3cd83b5-e158-4a3b-990a-ee7677cb0c54 - - - - - -] Attempt 1 to provision port aee6bf24-3532-4509-aa61-1e25f94f888b
2026-07-21 22:09:33.650 10 INFO neutron.plugins.ml2.plugin [None req-a52572f7-aea1-47c3-bf0e-380738238fa0 - - - - - -] Attempt 1 to provision port e5798342-daf7-42fa-a374-c06019516616
2026-07-21 22:09:34.446 9 INFO neutron.plugins.ml2.plugin [None req-c8cf9cc9-f927-43bf-ab46-da9bcb3cb40b - - - - - -] Attempt 1 to provision port 26385822-d4b8-4bed-a402-cf5974890302
2026-07-21 22:09:34.478 10 INFO neutron.plugins.ml2.plugin [None req-b3cd83b5-e158-4a3b-990a-ee7677cb0c54 - - - - - -] Attempt 1 to provision port e7b52382-d62e-47ce-9d96-c19b6d40e7ff
2026-07-21 22:09:35.227 10 INFO neutron.plugins.ml2.plugin [None req-64ae6338-2154-4169-8f6a-b6a9aed4f05a - - - - - -] Attempt 1 to provision port 26385822-d4b8-4bed-a402-cf5974890302
2026-07-21 22:09:36.584 10 INFO neutron.plugins.ml2.plugin [None req-b3cd83b5-e158-4a3b-990a-ee7677cb0c54 - - - - - -] Attempt 1 to provision port e7b52382-d62e-47ce-9d96-c19b6d40e7ff /var/lib/openstack/lib/python3.10/site-packages/oslo_db/sqlalchemy/enginefacade.py:676: SAWarning: DELETE statement on table 'portsecuritybindings' expected to delete 1 row(s); 0 were matched. Please set confirm_deleted_rows=False within the mapper configuration to prevent this warning. self.session.flush() /var/lib/openstack/lib/python3.10/site-packages/oslo_db/sqlalchemy/enginefacade.py:676: SAWarning: DELETE statement on table 'ml2_port_bindings' expected to delete 1 row(s); 0 were matched. Please set confirm_deleted_rows=False within the mapper configuration to prevent this warning. self.session.flush() /var/lib/openstack/lib/python3.10/site-packages/oslo_db/sqlalchemy/enginefacade.py:676: SAWarning: DELETE statement on table 'ml2_port_binding_levels' expected to delete 1 row(s); 0 were matched. Please set confirm_deleted_rows=False within the mapper configuration to prevent this warning. self.session.flush() /var/lib/openstack/lib/python3.10/site-packages/oslo_db/sqlalchemy/enginefacade.py:676: SAWarning: DELETE statement on table 'ports' expected to delete 1 row(s); 0 were matched. Please set confirm_deleted_rows=False within the mapper configuration to prevent this warning. self.session.flush()
2026-07-21 22:09:36.942 10 INFO neutron.plugins.ml2.plugin [None req-b3cd83b5-e158-4a3b-990a-ee7677cb0c54 - - - - - -] Attempt 1 to provision port bfebcdd9-7277-4d61-a443-076e252c87f5
2026-07-21 22:09:38.467 9 INFO neutron.plugins.ml2.plugin [None req-b3cd83b5-e158-4a3b-990a-ee7677cb0c54 - - - - - -] Attempt 1 to provision port bfebcdd9-7277-4d61-a443-076e252c87f5
2026-07-21 22:09:39.420 9 INFO neutron.plugins.ml2.plugin [None req-922cfb57-1deb-49cd-94cf-7b751a7eb97d - - - - - -] Attempt 1 to provision port ef857d4e-72bc-4fb8-8f39-85e016c1ac6a
2026-07-21 22:09:42.048 9 INFO neutron.plugins.ml2.plugin [None req-18c47ad6-63ce-4861-8c53-d9f555fcefbd - - - - - -] Attempt 1 to provision port 8dcd5e58-87ab-4702-a082-0a2c0679de8e
2026-07-21 22:09:42.879 10 INFO neutron.plugins.ml2.plugin [None req-b3cd83b5-e158-4a3b-990a-ee7677cb0c54 - - - - - -] Attempt 1 to provision port ef857d4e-72bc-4fb8-8f39-85e016c1ac6a
2026-07-21 22:09:43.076 10 INFO neutron.notifiers.nova [-] Nova event matching ['req-8703a11b-1839-46b8-b5c6-993e78c635f5'] response: {'server_uuid': 'c655481d-94ff-4d72-b256-90f2ccdbc087', 'name': 'network-vif-plugged', 'status': 'completed', 'tag': 'ef857d4e-72bc-4fb8-8f39-85e016c1ac6a', 'code': 200}
2026-07-21 22:09:44.700 10 INFO neutron.plugins.ml2.plugin [None req-b3cd83b5-e158-4a3b-990a-ee7677cb0c54 - - - - - -] Attempt 1 to provision port 8dcd5e58-87ab-4702-a082-0a2c0679de8e
2026-07-21 22:09:45.232 10 INFO neutron.notifiers.nova [-] Nova event matching ['req-f2145558-b113-4d40-9e13-123a69c5d0de'] response: {'server_uuid': 'aadd5fcf-8cc6-490f-b6c8-5a2b4f5a043b', 'name': 'network-vif-plugged', 'status': 'completed', 'tag': '8dcd5e58-87ab-4702-a082-0a2c0679de8e', 'code': 200}
2026-07-21 22:09:45.557 10 INFO neutron.plugins.ml2.plugin [None req-b3cd83b5-e158-4a3b-990a-ee7677cb0c54 - - - - - -] Attempt 1 to provision port ef857d4e-72bc-4fb8-8f39-85e016c1ac6a
2026-07-21 22:09:46.482 10 INFO neutron.plugins.ml2.plugin [None req-b3cd83b5-e158-4a3b-990a-ee7677cb0c54 - - - - - -] Attempt 1 to provision port 8dcd5e58-87ab-4702-a082-0a2c0679de8e
2026-07-21 22:09:50.747 9 INFO neutron.plugins.ml2.plugin [None req-b3cd83b5-e158-4a3b-990a-ee7677cb0c54 - - - - - -] Attempt 1 to provision port 1ca7af15-c94f-4762-9824-4557ccd8268d
2026-07-21 22:09:52.484 10 INFO neutron.plugins.ml2.plugin [None req-b3cd83b5-e158-4a3b-990a-ee7677cb0c54 - - - - - -] Attempt 1 to provision port 1ca7af15-c94f-4762-9824-4557ccd8268d
2026-07-21 22:09:52.782 10 INFO neutron.plugins.ml2.plugin [None req-b3cd83b5-e158-4a3b-990a-ee7677cb0c54 - - - - - -] Attempt 1 to provision port a90e32e2-f447-4524-b7dc-081a176756e0
2026-07-21 22:09:53.050 9 INFO neutron.plugins.ml2.plugin [None req-a5b2754e-6efc-44c8-bb8f-eb889b8639a8 - - - - - -] Attempt 1 to provision port 1ca7af15-c94f-4762-9824-4557ccd8268d
2026-07-21 22:09:53.240 10 INFO neutron.plugins.ml2.plugin [None req-fe15b3e4-83da-4597-89e9-c53fa66d27ac - - - - - -] Attempt 1 to provision port a90e32e2-f447-4524-b7dc-081a176756e0
2026-07-21 22:09:53.551 9 INFO neutron.plugins.ml2.plugin [None req-21b14630-9b96-461c-88ef-c5cab7b25e7c - - - - - -] Attempt 1 to provision port 3a90e4da-c7b8-4174-84b6-4f44bf682ee5
2026-07-21 22:09:53.582 9 INFO neutron.plugins.ml2.plugin [None req-21b14630-9b96-461c-88ef-c5cab7b25e7c - - - - - -] Attempt 1 to provision port 1ca7af15-c94f-4762-9824-4557ccd8268d
2026-07-21 22:09:53.640 9 INFO neutron.plugins.ml2.plugin [None req-21b14630-9b96-461c-88ef-c5cab7b25e7c - - - - - -] Attempt 1 to provision port a90e32e2-f447-4524-b7dc-081a176756e0
2026-07-21 22:09:54.022 10 INFO neutron.plugins.ml2.plugin [None req-8ce7275b-dcdc-4782-92a4-49916dded3e1 - - - - - -] Attempt 1 to provision port 3a90e4da-c7b8-4174-84b6-4f44bf682ee5
2026-07-21 22:09:54.058 10 INFO neutron.plugins.ml2.plugin [None req-8ce7275b-dcdc-4782-92a4-49916dded3e1 - - - - - -] Attempt 1 to provision port 25113bde-acd2-4c29-9087-0de34d220093
2026-07-21 22:09:54.401 9 INFO neutron.plugins.ml2.plugin [None req-a27070e5-4932-43fe-83a6-b5ee82a23bd1 - - - - - -] Attempt 1 to provision port 3a90e4da-c7b8-4174-84b6-4f44bf682ee5
2026-07-21 22:09:54.455 10 INFO neutron.plugins.ml2.plugin [None req-b3cd83b5-e158-4a3b-990a-ee7677cb0c54 - - - - - -] Attempt 1 to provision port a90e32e2-f447-4524-b7dc-081a176756e0
2026-07-21 22:09:54.540 9 INFO neutron.plugins.ml2.plugin [None req-1b37b36c-8af9-4c3c-8ddf-acd881b0b2e0 - - - - - -] Attempt 1 to provision port 25113bde-acd2-4c29-9087-0de34d220093
2026-07-21 22:09:56.490 9 INFO neutron.plugins.ml2.plugin [None req-b3cd83b5-e158-4a3b-990a-ee7677cb0c54 - - - - - -] Attempt 1 to provision port e5798342-daf7-42fa-a374-c06019516616
2026-07-21 22:09:56.855 9 INFO neutron.plugins.ml2.plugin [None req-b3cd83b5-e158-4a3b-990a-ee7677cb0c54 - - - - - -] Attempt 1 to provision port 03da2bba-0c60-4fc9-a851-3714f8d904e9
2026-07-21 22:09:58.440 9 INFO neutron.plugins.ml2.plugin [None req-b3cd83b5-e158-4a3b-990a-ee7677cb0c54 - - - - - -] Attempt 1 to provision port e5798342-daf7-42fa-a374-c06019516616
2026-07-21 22:09:58.797 9 INFO neutron.plugins.ml2.plugin [None req-b3cd83b5-e158-4a3b-990a-ee7677cb0c54 - - - - - -] Attempt 1 to provision port 03da2bba-0c60-4fc9-a851-3714f8d904e9
2026-07-21 22:10:00.507 10 INFO neutron.notifiers.nova [-] Nova event matching ['req-0153750f-b56f-47bc-bff8-7e38c42014ed'] response: {'server_uuid': 'c655481d-94ff-4d72-b256-90f2ccdbc087', 'name': 'network-vif-unplugged', 'status': 'completed', 'tag': 'ef857d4e-72bc-4fb8-8f39-85e016c1ac6a', 'code': 200}
2026-07-21 22:10:01.486 10 INFO neutron.plugins.ml2.plugin [None req-b3cd83b5-e158-4a3b-990a-ee7677cb0c54 - - - - - -] Attempt 1 to provision port e56dca83-b47a-47e9-8e8b-3e4f03629fb6
2026-07-21 22:10:01.880 10 INFO neutron.plugins.ml2.plugin [None req-b3cd83b5-e158-4a3b-990a-ee7677cb0c54 - - - - - -] Attempt 1 to provision port ef857d4e-72bc-4fb8-8f39-85e016c1ac6a
2026-07-21 22:10:02.300 10 INFO neutron.plugins.ml2.plugin [None req-b3cd83b5-e158-4a3b-990a-ee7677cb0c54 - - - - - -] Attempt 1 to provision port 26385822-d4b8-4bed-a402-cf5974890302
2026-07-21 22:10:02.552 10 INFO neutron.notifiers.nova [-] Nova event matching ['req-fc6d2d1b-e038-4f1c-99f6-dead94f102c5'] response: {'server_uuid': 'c655481d-94ff-4d72-b256-90f2ccdbc087', 'name': 'network-vif-plugged', 'status': 'completed', 'tag': 'ef857d4e-72bc-4fb8-8f39-85e016c1ac6a', 'code': 200}
2026-07-21 22:10:02.884 10 INFO neutron.plugins.ml2.plugin [None req-ff2b7f86-13c6-4afe-a79d-effcf004d7ad - - - - - -] Attempt 1 to provision port 8dcd5e58-87ab-4702-a082-0a2c0679de8e
2026-07-21 22:10:03.050 9 INFO neutron.plugins.ml2.plugin [None req-b3cd83b5-e158-4a3b-990a-ee7677cb0c54 - - - - - -] Attempt 1 to provision port 8dcd5e58-87ab-4702-a082-0a2c0679de8e
2026-07-21 22:10:03.381 9 INFO neutron.plugins.ml2.plugin [None req-932ee6b4-0610-4457-9938-814dd2243a48 - - - - - -] Attempt 1 to provision port b8f5782f-7c86-4509-971e-0ae1b286f70f
2026-07-21 22:10:03.404 9 INFO neutron.plugins.ml2.plugin [None req-b3cd83b5-e158-4a3b-990a-ee7677cb0c54 - - - - - -] Attempt 1 to provision port e56dca83-b47a-47e9-8e8b-3e4f03629fb6
2026-07-21 22:10:03.692 9 INFO neutron.plugins.ml2.plugin [None req-b3cd83b5-e158-4a3b-990a-ee7677cb0c54 - - - - - -] Attempt 1 to provision port ef857d4e-72bc-4fb8-8f39-85e016c1ac6a
2026-07-21 22:10:03.878 10 INFO neutron.plugins.ml2.plugin [None req-0a6b6d22-7448-47b4-83a4-57093e5429ff - - - - - -] Attempt 1 to provision port b8f5782f-7c86-4509-971e-0ae1b286f70f
2026-07-21 22:10:04.010 10 INFO neutron.plugins.ml2.plugin [None req-0a6b6d22-7448-47b4-83a4-57093e5429ff - - - - - -] Attempt 1 to provision port 10ec06d5-9ffe-492c-abb0-d1a9db6aed86
2026-07-21 22:10:04.018 9 INFO neutron.plugins.ml2.plugin [None req-b3cd83b5-e158-4a3b-990a-ee7677cb0c54 - - - - - -] Attempt 1 to provision port b8f5782f-7c86-4509-971e-0ae1b286f70f
2026-07-21 22:10:04.202 9 INFO neutron.plugins.ml2.plugin [None req-05589c41-8ad6-4802-ba93-f6e14494c689 - - - - - -] Attempt 1 to provision port 10ec06d5-9ffe-492c-abb0-d1a9db6aed86
2026-07-21 22:10:04.325 9 INFO neutron.plugins.ml2.plugin [None req-b3cd83b5-e158-4a3b-990a-ee7677cb0c54 - - - - - -] Attempt 1 to provision port 26385822-d4b8-4bed-a402-cf5974890302
2026-07-21 22:10:04.575 10 INFO neutron.plugins.ml2.plugin [None req-12eaa652-87cd-4cf6-bd67-bdf96151658e - - - - - -] Attempt 1 to provision port 10ec06d5-9ffe-492c-abb0-d1a9db6aed86
2026-07-21 22:10:05.010 9 INFO neutron.plugins.ml2.plugin [None req-b3cd83b5-e158-4a3b-990a-ee7677cb0c54 - - - - - -] Attempt 1 to provision port b8f5782f-7c86-4509-971e-0ae1b286f70f
2026-07-21 22:10:05.237 10 INFO neutron.plugins.ml2.plugin [None req-e7f8e5b3-09fe-4dc6-b902-170a3eb20fd7 - - - - - -] Attempt 1 to provision port 8dcd5e58-87ab-4702-a082-0a2c0679de8e
2026-07-21 22:10:07.113 9 INFO neutron.plugins.ml2.plugin [None req-b3cd83b5-e158-4a3b-990a-ee7677cb0c54 - - - - - -] Attempt 1 to provision port 8dcd5e58-87ab-4702-a082-0a2c0679de8e
2026-07-21 22:10:09.248 10 INFO neutron.plugins.ml2.plugin [None req-b3cd83b5-e158-4a3b-990a-ee7677cb0c54 - - - - - -] Attempt 1 to provision port e3dc7c73-184f-4a5c-995f-79c5046a622a
2026-07-21 22:10:10.481 9 INFO neutron.plugins.ml2.plugin [None req-3b23822c-6d4d-4242-acdf-8c760ab2e329 - - - - - -] Attempt 1 to provision port e3dc7c73-184f-4a5c-995f-79c5046a622a
