+ exec neutron-metadata-agent --config-file /etc/neutron/neutron.conf --config-file /tmp/pod-shared/neutron-agent.ini --config-file /etc/neutron/metadata_agent.ini /var/lib/openstack/lib/python3.10/site-packages/neutron/common/utils.py:55: UserWarning: pkg_resources is deprecated as an API. See https://setuptools.pypa.io/en/latest/pkg_resources.html. The pkg_resources package is slated for removal as early as 2025-11-30. Refrain from using this package or pin to Setuptools<81. import pkg_resources
2026-07-21 07:15:28.248 40 INFO neutron.common.config [-] Logging enabled!
2026-07-21 07:15:28.248 40 INFO neutron.common.config [-] /var/lib/openstack/bin/neutron-metadata-agent version 24.2.2.dev7
2026-07-21 07:15:28.265 40 INFO oslo_service.service [None req-6d7245f0-f810-447e-8528-ed85dd9374d6 - - - - - -] Starting 2 workers
2026-07-21 07:15:28.276 48 INFO eventlet.wsgi.server [-] (48) wsgi starting up on http:/var/lib/neutron/openstack-helm/metadata_proxy
2026-07-21 07:15:28.276 49 INFO eventlet.wsgi.server [-] (49) wsgi starting up on http:/var/lib/neutron/openstack-helm/metadata_proxy
2026-07-21 07:16:55.920 49 INFO eventlet.wsgi.server [-] 169.254.169.254, "GET / HTTP/1.1" status: 404 len: 176 time: 0.1410384
2026-07-21 07:19:01.005 48 INFO eventlet.wsgi.server [-] 169.254.169.254, "GET / HTTP/1.1" status: 404 len: 176 time: 0.0083957
2026-07-21 07:22:10.971 49 INFO eventlet.wsgi.server [-] 169.254.169.254, "GET / HTTP/1.1" status: 404 len: 176 time: 0.0093904
2026-07-21 07:22:40.986 48 INFO eventlet.wsgi.server [-] 169.254.169.254, "GET / HTTP/1.1" status: 404 len: 176 time: 0.0087066
2026-07-21 07:25:20.960 48 INFO eventlet.wsgi.server [-] 169.254.169.254, "GET / HTTP/1.1" status: 404 len: 176 time: 0.0077267
2026-07-21 07:28:31.502 48 INFO eventlet.wsgi.server [-] 169.254.169.254, "GET / HTTP/1.1" status: 404 len: 176 time: 0.1296005
2026-07-21 07:31:41.060 49 INFO eventlet.wsgi.server [-] 169.254.169.254, "GET / HTTP/1.1" status: 404 len: 176 time: 0.0080056
2026-07-21 07:32:41.037 49 INFO eventlet.wsgi.server [-] 169.254.169.254, "GET / HTTP/1.1" status: 404 len: 176 time: 0.0109601
2026-07-21 07:34:50.994 49 INFO eventlet.wsgi.server [-] 169.254.169.254, "GET / HTTP/1.1" status: 404 len: 176 time: 0.0076103
2026-07-21 07:38:00.964 48 INFO eventlet.wsgi.server [-] 169.254.169.254, "GET / HTTP/1.1" status: 404 len: 176 time: 0.0061731
2026-07-21 07:41:11.070 48 INFO eventlet.wsgi.server [-] 169.254.169.254, "GET / HTTP/1.1" status: 404 len: 176 time: 0.0719512
2026-07-21 07:42:41.113 48 INFO eventlet.wsgi.server [-] 169.254.169.254, "GET / HTTP/1.1" status: 404 len: 176 time: 0.0067565
2026-07-21 07:44:21.014 48 INFO eventlet.wsgi.server [-] 169.254.169.254, "GET / HTTP/1.1" status: 404 len: 176 time: 0.0099187
2026-07-21 07:47:30.976 49 INFO eventlet.wsgi.server [-] 169.254.169.254, "GET / HTTP/1.1" status: 404 len: 176 time: 0.0046737
2026-07-21 07:50:14.429 48 INFO eventlet.wsgi.server [-] 10.100.0.7, "GET /2009-04-04/meta-data/instance-id HTTP/1.1" status: 200 len: 146 time: 1.6776695
2026-07-21 07:50:14.469 48 INFO eventlet.wsgi.server [-] 10.100.0.7, "GET /2009-04-04/meta-data/public-keys HTTP/1.1" status: 200 len: 163 time: 0.0309663
2026-07-21 07:50:14.491 48 INFO eventlet.wsgi.server [-] 10.100.0.7, "GET /2009-04-04/meta-data/public-keys/0/openssh-key HTTP/1.1" status: 200 len: 341 time: 0.0141814
2026-07-21 07:50:14.523 48 INFO eventlet.wsgi.server [-] 10.100.0.7, "GET /2009-04-04/meta-data/instance-id HTTP/1.1" status: 200 len: 146 time: 0.0187156
2026-07-21 07:50:14.544 48 INFO eventlet.wsgi.server [-] 10.100.0.7, "GET /2009-04-04/meta-data/ami-launch-index HTTP/1.1" status: 200 len: 136 time: 0.0112021
2026-07-21 07:50:14.566 48 INFO eventlet.wsgi.server [-] 10.100.0.7, "GET /2009-04-04/meta-data/instance-type HTTP/1.1" status: 200 len: 142 time: 0.0144393
2026-07-21 07:50:14.586 48 INFO eventlet.wsgi.server [-] 10.100.0.7, "GET /2009-04-04/meta-data/local-ipv4 HTTP/1.1" status: 200 len: 146 time: 0.0128212
2026-07-21 07:50:14.612 48 INFO eventlet.wsgi.server [-] 10.100.0.7, "GET /2009-04-04/meta-data/public-ipv4 HTTP/1.1" status: 200 len: 149 time: 0.0202723
2026-07-21 07:50:14.636 48 INFO eventlet.wsgi.server [-] 10.100.0.7, "GET /2009-04-04/meta-data/hostname HTTP/1.1" status: 200 len: 201 time: 0.0147982
2026-07-21 07:50:14.661 48 INFO eventlet.wsgi.server [-] 10.100.0.7, "GET /2009-04-04/meta-data/local-hostname HTTP/1.1" status: 200 len: 201 time: 0.0191016
2026-07-21 07:50:14.679 48 INFO eventlet.wsgi.server [-] 10.100.0.7, "GET /2009-04-04/user-data HTTP/1.1" status: 200 len: 231 time: 0.0127854
2026-07-21 07:50:14.709 48 INFO eventlet.wsgi.server [-] 10.100.0.7, "GET /2009-04-04/meta-data/block-device-mapping HTTP/1.1" status: 200 len: 143 time: 0.0160377
2026-07-21 07:50:14.727 48 INFO eventlet.wsgi.server [-] 10.100.0.7, "GET /2009-04-04/meta-data/block-device-mapping/ami HTTP/1.1" status: 200 len: 138 time: 0.0112715
2026-07-21 07:50:14.744 48 INFO eventlet.wsgi.server [-] 10.100.0.7, "GET /2009-04-04/meta-data/block-device-mapping/root HTTP/1.1" status: 200 len: 143 time: 0.0110629
2026-07-21 07:50:14.765 48 INFO eventlet.wsgi.server [-] 10.100.0.7, "GET /2009-04-04/meta-data/public-hostname HTTP/1.1" status: 200 len: 201 time: 0.0137722
2026-07-21 07:50:14.786 48 INFO eventlet.wsgi.server [-] 10.100.0.7, "GET /2009-04-04/meta-data/placement/availability-zone HTTP/1.1" status: 200 len: 139 time: 0.0127733
2026-07-21 07:50:25.190 49 INFO eventlet.wsgi.server [-] 10.100.0.12, "GET /2009-04-04/meta-data/instance-id HTTP/1.1" status: 200 len: 146 time: 1.8741839
2026-07-21 07:50:25.218 48 INFO eventlet.wsgi.server [-] 10.100.0.12, "GET /2009-04-04/meta-data/public-keys HTTP/1.1" status: 200 len: 163 time: 0.0169096
2026-07-21 07:50:25.233 48 INFO eventlet.wsgi.server [-] 10.100.0.12, "GET /2009-04-04/meta-data/public-keys/0/openssh-key HTTP/1.1" status: 200 len: 341 time: 0.0100148
2026-07-21 07:50:25.253 48 INFO eventlet.wsgi.server [-] 10.100.0.12, "GET /2009-04-04/meta-data/instance-id HTTP/1.1" status: 200 len: 146 time: 0.0152781
2026-07-21 07:50:25.265 48 INFO eventlet.wsgi.server [-] 10.100.0.12, "GET /2009-04-04/meta-data/ami-launch-index HTTP/1.1" status: 200 len: 136 time: 0.0079308
2026-07-21 07:50:25.283 48 INFO eventlet.wsgi.server [-] 10.100.0.12, "GET /2009-04-04/meta-data/instance-type HTTP/1.1" status: 200 len: 142 time: 0.0130410
2026-07-21 07:50:25.296 48 INFO eventlet.wsgi.server [-] 10.100.0.12, "GET /2009-04-04/meta-data/local-ipv4 HTTP/1.1" status: 200 len: 147 time: 0.0071013
2026-07-21 07:50:25.315 48 INFO eventlet.wsgi.server [-] 10.100.0.12, "GET /2009-04-04/meta-data/public-ipv4 HTTP/1.1" status: 200 len: 149 time: 0.0143089
2026-07-21 07:50:25.337 48 INFO eventlet.wsgi.server [-] 10.100.0.12, "GET /2009-04-04/meta-data/hostname HTTP/1.1" status: 200 len: 192 time: 0.0139625
2026-07-21 07:50:25.361 48 INFO eventlet.wsgi.server [-] 10.100.0.12, "GET /2009-04-04/meta-data/local-hostname HTTP/1.1" status: 200 len: 192 time: 0.0140855
2026-07-21 07:50:25.384 48 INFO eventlet.wsgi.server [-] 10.100.0.12, "GET /2009-04-04/user-data HTTP/1.1" status: 200 len: 231 time: 0.0140986
2026-07-21 07:50:25.428 49 INFO eventlet.wsgi.server [-] 10.100.0.12, "GET /2009-04-04/meta-data/block-device-mapping HTTP/1.1" status: 200 len: 143 time: 0.0147214
2026-07-21 07:50:25.448 49 INFO eventlet.wsgi.server [-] 10.100.0.12, "GET /2009-04-04/meta-data/block-device-mapping/ami HTTP/1.1" status: 200 len: 138 time: 0.0148475
2026-07-21 07:50:25.466 49 INFO eventlet.wsgi.server [-] 10.100.0.12, "GET /2009-04-04/meta-data/block-device-mapping/root HTTP/1.1" status: 200 len: 143 time: 0.0120583
2026-07-21 07:50:25.484 49 INFO eventlet.wsgi.server [-] 10.100.0.12, "GET /2009-04-04/meta-data/public-hostname HTTP/1.1" status: 200 len: 192 time: 0.0111775
2026-07-21 07:50:25.502 49 INFO eventlet.wsgi.server [-] 10.100.0.12, "GET /2009-04-04/meta-data/placement/availability-zone HTTP/1.1" status: 200 len: 139 time: 0.0115721
2026-07-21 07:50:40.971 49 INFO eventlet.wsgi.server [-] 169.254.169.254, "GET / HTTP/1.1" status: 404 len: 176 time: 0.0071263
2026-07-21 07:50:45.665 49 INFO eventlet.wsgi.server [-] 10.100.0.12, "GET /2009-04-04/meta-data/instance-id HTTP/1.1" status: 200 len: 146 time: 0.3588309
2026-07-21 07:50:45.691 49 INFO eventlet.wsgi.server [-] 10.100.0.12, "GET /2009-04-04/meta-data/public-keys HTTP/1.1" status: 200 len: 163 time: 0.0133898
2026-07-21 07:50:45.727 48 INFO eventlet.wsgi.server [-] 10.100.0.12, "GET /2009-04-04/meta-data/public-keys/0/openssh-key HTTP/1.1" status: 200 len: 341 time: 0.0288453
2026-07-21 07:50:45.744 48 INFO eventlet.wsgi.server [-] 10.100.0.12, "GET /2009-04-04/meta-data/instance-id HTTP/1.1" status: 200 len: 146 time: 0.0109031
2026-07-21 07:50:45.764 48 INFO eventlet.wsgi.server [-] 10.100.0.12, "GET /2009-04-04/meta-data/ami-launch-index HTTP/1.1" status: 200 len: 136 time: 0.0130792
2026-07-21 07:50:45.787 49 INFO eventlet.wsgi.server [-] 10.100.0.12, "GET /2009-04-04/meta-data/instance-type HTTP/1.1" status: 200 len: 142 time: 0.0151832
2026-07-21 07:50:45.810 49 INFO eventlet.wsgi.server [-] 10.100.0.12, "GET /2009-04-04/meta-data/local-ipv4 HTTP/1.1" status: 200 len: 147 time: 0.0153422
2026-07-21 07:50:45.836 48 INFO eventlet.wsgi.server [-] 10.100.0.12, "GET /2009-04-04/meta-data/public-ipv4 HTTP/1.1" status: 200 len: 149 time: 0.0187807
2026-07-21 07:50:45.855 48 INFO eventlet.wsgi.server [-] 10.100.0.12, "GET /2009-04-04/meta-data/hostname HTTP/1.1" status: 200 len: 192 time: 0.0108719
2026-07-21 07:50:45.875 48 INFO eventlet.wsgi.server [-] 10.100.0.12, "GET /2009-04-04/meta-data/local-hostname HTTP/1.1" status: 200 len: 192 time: 0.0127313
2026-07-21 07:50:45.898 49 INFO eventlet.wsgi.server [-] 10.100.0.12, "GET /2009-04-04/user-data HTTP/1.1" status: 200 len: 231 time: 0.0144792
2026-07-21 07:50:45.915 49 INFO eventlet.wsgi.server [-] 10.100.0.12, "GET /2009-04-04/meta-data/block-device-mapping HTTP/1.1" status: 200 len: 143 time: 0.0113375
2026-07-21 07:50:45.934 49 INFO eventlet.wsgi.server [-] 10.100.0.12, "GET /2009-04-04/meta-data/block-device-mapping/ami HTTP/1.1" status: 200 len: 138 time: 0.0147727
2026-07-21 07:50:45.954 49 INFO eventlet.wsgi.server [-] 10.100.0.12, "GET /2009-04-04/meta-data/block-device-mapping/root HTTP/1.1" status: 200 len: 143 time: 0.0143116
2026-07-21 07:50:45.974 49 INFO eventlet.wsgi.server [-] 10.100.0.12, "GET /2009-04-04/meta-data/public-hostname HTTP/1.1" status: 200 len: 192 time: 0.0147812
2026-07-21 07:50:45.996 49 INFO eventlet.wsgi.server [-] 10.100.0.12, "GET /2009-04-04/meta-data/placement/availability-zone HTTP/1.1" status: 200 len: 139 time: 0.0139589
2026-07-21 07:51:27.391 48 INFO eventlet.wsgi.server [-] 10.100.0.4, "GET /2009-04-04/meta-data/instance-id HTTP/1.1" status: 200 len: 146 time: 1.1612051
2026-07-21 07:51:27.418 48 INFO eventlet.wsgi.server [-] 10.100.0.4, "GET /2009-04-04/meta-data/public-keys HTTP/1.1" status: 200 len: 173 time: 0.0181510
2026-07-21 07:51:27.436 48 INFO eventlet.wsgi.server [-] 10.100.0.4, "GET /2009-04-04/meta-data/public-keys/0/openssh-key HTTP/1.1" status: 200 len: 341 time: 0.0132902
2026-07-21 07:51:27.458 48 INFO eventlet.wsgi.server [-] 10.100.0.4, "GET /2009-04-04/meta-data/instance-id HTTP/1.1" status: 200 len: 146 time: 0.0146093
2026-07-21 07:51:27.494 49 INFO eventlet.wsgi.server [-] 10.100.0.4, "GET /2009-04-04/meta-data/ami-launch-index HTTP/1.1" status: 200 len: 136 time: 0.0272291
2026-07-21 07:51:27.517 49 INFO eventlet.wsgi.server [-] 10.100.0.4, "GET /2009-04-04/meta-data/instance-type HTTP/1.1" status: 200 len: 142 time: 0.0150640
2026-07-21 07:51:27.540 49 INFO eventlet.wsgi.server [-] 10.100.0.4, "GET /2009-04-04/meta-data/local-ipv4 HTTP/1.1" status: 200 len: 146 time: 0.0157664
2026-07-21 07:51:27.561 49 INFO eventlet.wsgi.server [-] 10.100.0.4, "GET /2009-04-04/meta-data/public-ipv4 HTTP/1.1" status: 200 len: 149 time: 0.0143523
2026-07-21 07:51:27.582 49 INFO eventlet.wsgi.server [-] 10.100.0.4, "GET /2009-04-04/meta-data/hostname HTTP/1.1" status: 200 len: 191 time: 0.0128727
2026-07-21 07:51:27.611 49 INFO eventlet.wsgi.server [-] 10.100.0.4, "GET /2009-04-04/meta-data/local-hostname HTTP/1.1" status: 200 len: 191 time: 0.0138144
2026-07-21 07:51:27.632 49 INFO neutron.agent.metadata.agent [-] The instance: 400518f7-d48e-4418-8057-2e318be0b00a is not present anymore, skipping cache...
2026-07-21 07:51:27.678 49 INFO eventlet.wsgi.server [-] 10.100.0.4, "GET /2009-04-04/user-data HTTP/1.1" status: 404 len: 297 time: 0.0589964
2026-07-21 07:51:27.711 48 INFO eventlet.wsgi.server [-] 10.100.0.4, "GET /2009-04-04/meta-data/block-device-mapping HTTP/1.1" status: 200 len: 143 time: 0.0182900
2026-07-21 07:51:27.758 49 INFO eventlet.wsgi.server [-] 10.100.0.4, "GET /2009-04-04/meta-data/block-device-mapping/ami HTTP/1.1" status: 200 len: 138 time: 0.0416646
2026-07-21 07:51:27.788 48 INFO eventlet.wsgi.server [-] 10.100.0.4, "GET /2009-04-04/meta-data/block-device-mapping/root HTTP/1.1" status: 200 len: 143 time: 0.0213566
2026-07-21 07:51:27.815 48 INFO eventlet.wsgi.server [-] 10.100.0.4, "GET /2009-04-04/meta-data/public-hostname HTTP/1.1" status: 200 len: 191 time: 0.0186396
2026-07-21 07:51:27.836 49 INFO eventlet.wsgi.server [-] 10.100.0.4, "GET /2009-04-04/meta-data/placement/availability-zone HTTP/1.1" status: 200 len: 139 time: 0.0139749
2026-07-21 07:51:54.399 48 INFO eventlet.wsgi.server [-] 10.100.0.10, "GET /2009-04-04/meta-data/instance-id HTTP/1.1" status: 200 len: 146 time: 0.5289173
2026-07-21 07:51:54.429 49 INFO eventlet.wsgi.server [-] 10.100.0.10, "GET /2009-04-04/meta-data/public-keys HTTP/1.1" status: 200 len: 176 time: 0.0169542
2026-07-21 07:51:54.454 49 INFO eventlet.wsgi.server [-] 10.100.0.10, "GET /2009-04-04/meta-data/public-keys/0/openssh-key HTTP/1.1" status: 200 len: 341 time: 0.0164244
2026-07-21 07:51:54.476 48 INFO eventlet.wsgi.server [-] 10.100.0.10, "GET /2009-04-04/meta-data/instance-id HTTP/1.1" status: 200 len: 146 time: 0.0135152
2026-07-21 07:51:54.500 49 INFO eventlet.wsgi.server [-] 10.100.0.10, "GET /2009-04-04/meta-data/ami-launch-index HTTP/1.1" status: 200 len: 136 time: 0.0146716
2026-07-21 07:51:54.524 48 INFO eventlet.wsgi.server [-] 10.100.0.10, "GET /2009-04-04/meta-data/instance-type HTTP/1.1" status: 200 len: 142 time: 0.0139141
2026-07-21 07:51:54.545 49 INFO eventlet.wsgi.server [-] 10.100.0.10, "GET /2009-04-04/meta-data/local-ipv4 HTTP/1.1" status: 200 len: 147 time: 0.0129714
2026-07-21 07:51:54.565 48 INFO eventlet.wsgi.server [-] 10.100.0.10, "GET /2009-04-04/meta-data/public-ipv4 HTTP/1.1" status: 200 len: 149 time: 0.0131330
2026-07-21 07:51:54.588 48 INFO eventlet.wsgi.server [-] 10.100.0.10, "GET /2009-04-04/meta-data/hostname HTTP/1.1" status: 200 len: 191 time: 0.0145302
2026-07-21 07:51:54.615 49 INFO eventlet.wsgi.server [-] 10.100.0.10, "GET /2009-04-04/meta-data/local-hostname HTTP/1.1" status: 200 len: 191 time: 0.0186424
2026-07-21 07:51:54.635 49 INFO neutron.agent.metadata.agent [-] The instance: 6013ce2a-9fd6-4d82-95af-45b9ca261f4b is not present anymore, skipping cache...
2026-07-21 07:51:54.685 49 INFO eventlet.wsgi.server [-] 10.100.0.10, "GET /2009-04-04/user-data HTTP/1.1" status: 404 len: 297 time: 0.0616021
2026-07-21 07:51:54.712 48 INFO eventlet.wsgi.server [-] 10.100.0.10, "GET /2009-04-04/meta-data/block-device-mapping HTTP/1.1" status: 200 len: 143 time: 0.0140178
2026-07-21 07:51:54.733 48 INFO eventlet.wsgi.server [-] 10.100.0.10, "GET /2009-04-04/meta-data/block-device-mapping/ami HTTP/1.1" status: 200 len: 138 time: 0.0116029
2026-07-21 07:51:54.752 49 INFO eventlet.wsgi.server [-] 10.100.0.10, "GET /2009-04-04/meta-data/block-device-mapping/root HTTP/1.1" status: 200 len: 143 time: 0.0131011
2026-07-21 07:51:54.778 48 INFO eventlet.wsgi.server [-] 10.100.0.10, "GET /2009-04-04/meta-data/public-hostname HTTP/1.1" status: 200 len: 191 time: 0.0140772
2026-07-21 07:51:54.804 49 INFO eventlet.wsgi.server [-] 10.100.0.10, "GET /2009-04-04/meta-data/placement/availability-zone HTTP/1.1" status: 200 len: 139 time: 0.0175748
2026-07-21 07:52:41.075 49 INFO eventlet.wsgi.server [-] 169.254.169.254, "GET / HTTP/1.1" status: 404 len: 176 time: 0.0585880
2026-07-21 07:53:23.666 49 INFO eventlet.wsgi.server [-] 10.100.0.4, "GET /latest/meta-data/public-ipv4 HTTP/1.1" status: 200 len: 149 time: 0.2302835
2026-07-21 07:53:23.952 49 INFO eventlet.wsgi.server [-] 10.100.0.4, "POST /openstack/2013-10-17/password HTTP/1.1" status: 200 len: 134 time: 0.2088430
2026-07-21 07:53:50.989 48 INFO eventlet.wsgi.server [-] 169.254.169.254, "GET / HTTP/1.1" status: 404 len: 176 time: 0.0093906
2026-07-21 07:54:35.278 48 INFO eventlet.wsgi.server [-] 10.2.1.128, "GET /2009-04-04/meta-data/instance-id HTTP/1.1" status: 200 len: 146 time: 0.3172951
2026-07-21 07:54:35.317 49 INFO eventlet.wsgi.server [-] 10.2.1.128, "GET /2009-04-04/meta-data/public-keys HTTP/1.1" status: 200 len: 174 time: 0.0310626
2026-07-21 07:54:35.336 49 INFO eventlet.wsgi.server [-] 10.2.1.128, "GET /2009-04-04/meta-data/public-keys/0/openssh-key HTTP/1.1" status: 200 len: 341 time: 0.0112600
2026-07-21 07:54:35.359 49 INFO eventlet.wsgi.server [-] 10.2.1.128, "GET /2009-04-04/meta-data/instance-id HTTP/1.1" status: 200 len: 146 time: 0.0148635
2026-07-21 07:54:35.384 49 INFO eventlet.wsgi.server [-] 10.2.1.128, "GET /2009-04-04/meta-data/ami-launch-index HTTP/1.1" status: 200 len: 136 time: 0.0111144
2026-07-21 07:54:35.399 49 INFO eventlet.wsgi.server [-] 10.2.1.128, "GET /2009-04-04/meta-data/instance-type HTTP/1.1" status: 200 len: 142 time: 0.0115244
2026-07-21 07:54:35.413 49 INFO eventlet.wsgi.server [-] 10.2.1.128, "GET /2009-04-04/meta-data/local-ipv4 HTTP/1.1" status: 200 len: 146 time: 0.0112255
2026-07-21 07:54:35.428 49 INFO eventlet.wsgi.server [-] 10.2.1.128, "GET /2009-04-04/meta-data/public-ipv4 HTTP/1.1" status: 200 len: 149 time: 0.0112782
2026-07-21 07:54:35.447 49 INFO eventlet.wsgi.server [-] 10.2.1.128, "GET /2009-04-04/meta-data/hostname HTTP/1.1" status: 200 len: 184 time: 0.0111146
2026-07-21 07:54:35.467 49 INFO eventlet.wsgi.server [-] 10.2.1.128, "GET /2009-04-04/meta-data/local-hostname HTTP/1.1" status: 200 len: 184 time: 0.0127127
2026-07-21 07:54:35.519 48 INFO neutron.agent.metadata.agent [-] The instance: 567787c2-9496-49d0-84c0-13d85ecbd1a1 is not present anymore, skipping cache...
2026-07-21 07:54:35.570 48 INFO eventlet.wsgi.server [-] 10.2.1.128, "GET /2009-04-04/user-data HTTP/1.1" status: 404 len: 297 time: 0.0641937
2026-07-21 07:54:35.597 48 INFO eventlet.wsgi.server [-] 10.2.1.128, "GET /2009-04-04/meta-data/block-device-mapping HTTP/1.1" status: 200 len: 143 time: 0.0142121
2026-07-21 07:54:35.614 48 INFO eventlet.wsgi.server [-] 10.2.1.128, "GET /2009-04-04/meta-data/block-device-mapping/ami HTTP/1.1" status: 200 len: 138 time: 0.0121033
2026-07-21 07:54:35.638 48 INFO eventlet.wsgi.server [-] 10.2.1.128, "GET /2009-04-04/meta-data/block-device-mapping/root HTTP/1.1" status: 200 len: 143 time: 0.0172086
2026-07-21 07:54:35.659 49 INFO eventlet.wsgi.server [-] 10.2.1.128, "GET /2009-04-04/meta-data/public-hostname HTTP/1.1" status: 200 len: 184 time: 0.0145764
2026-07-21 07:54:35.684 49 INFO eventlet.wsgi.server [-] 10.2.1.128, "GET /2009-04-04/meta-data/placement/availability-zone HTTP/1.1" status: 200 len: 139 time: 0.0163610
2026-07-21 07:54:47.038 48 INFO eventlet.wsgi.server [-] 10.2.2.34, "GET /2009-04-04/meta-data/instance-id HTTP/1.1" status: 200 len: 146 time: 0.2848237
2026-07-21 07:54:47.059 48 INFO eventlet.wsgi.server [-] 10.2.2.34, "GET /2009-04-04/meta-data/public-keys HTTP/1.1" status: 200 len: 174 time: 0.0112591
2026-07-21 07:54:47.078 49 INFO eventlet.wsgi.server [-] 10.2.2.34, "GET /2009-04-04/meta-data/public-keys/0/openssh-key HTTP/1.1" status: 200 len: 341 time: 0.0125499
2026-07-21 07:54:47.097 49 INFO eventlet.wsgi.server [-] 10.2.2.34, "GET /2009-04-04/meta-data/instance-id HTTP/1.1" status: 200 len: 146 time: 0.0127666
2026-07-21 07:54:47.122 49 INFO eventlet.wsgi.server [-] 10.2.2.34, "GET /2009-04-04/meta-data/ami-launch-index HTTP/1.1" status: 200 len: 136 time: 0.0172608
2026-07-21 07:54:47.138 49 INFO eventlet.wsgi.server [-] 10.2.2.34, "GET /2009-04-04/meta-data/instance-type HTTP/1.1" status: 200 len: 142 time: 0.0114412
2026-07-21 07:54:47.160 49 INFO eventlet.wsgi.server [-] 10.2.2.34, "GET /2009-04-04/meta-data/local-ipv4 HTTP/1.1" status: 200 len: 144 time: 0.0157590
2026-07-21 07:54:47.179 48 INFO eventlet.wsgi.server [-] 10.2.2.34, "GET /2009-04-04/meta-data/public-ipv4 HTTP/1.1" status: 200 len: 135 time: 0.0113986
2026-07-21 07:54:47.198 48 INFO eventlet.wsgi.server [-] 10.2.2.34, "GET /2009-04-04/meta-data/hostname HTTP/1.1" status: 200 len: 184 time: 0.0146928
2026-07-21 07:54:47.224 49 INFO eventlet.wsgi.server [-] 10.2.2.34, "GET /2009-04-04/meta-data/local-hostname HTTP/1.1" status: 200 len: 184 time: 0.0157375
2026-07-21 07:54:47.268 49 INFO neutron.agent.metadata.agent [-] The instance: adca5b1c-1ef3-4e10-bc78-01af3eaab2a4 is not present anymore, skipping cache...
2026-07-21 07:54:47.319 49 INFO eventlet.wsgi.server [-] 10.2.2.34, "GET /2009-04-04/user-data HTTP/1.1" status: 404 len: 297 time: 0.0619488
2026-07-21 07:54:47.345 49 INFO eventlet.wsgi.server [-] 10.2.2.34, "GET /2009-04-04/meta-data/block-device-mapping HTTP/1.1" status: 200 len: 143 time: 0.0143003
2026-07-21 07:54:47.370 49 INFO eventlet.wsgi.server [-] 10.2.2.34, "GET /2009-04-04/meta-data/block-device-mapping/ami HTTP/1.1" status: 200 len: 138 time: 0.0182331
2026-07-21 07:54:47.386 49 INFO eventlet.wsgi.server [-] 10.2.2.34, "GET /2009-04-04/meta-data/block-device-mapping/root HTTP/1.1" status: 200 len: 143 time: 0.0114274
2026-07-21 07:54:47.406 49 INFO eventlet.wsgi.server [-] 10.2.2.34, "GET /2009-04-04/meta-data/public-hostname HTTP/1.1" status: 200 len: 184 time: 0.0135736
2026-07-21 07:54:47.425 49 INFO eventlet.wsgi.server [-] 10.2.2.34, "GET /2009-04-04/meta-data/placement/availability-zone HTTP/1.1" status: 200 len: 139 time: 0.0141625
2026-07-21 07:57:00.976 49 INFO eventlet.wsgi.server [-] 169.254.169.254, "GET / HTTP/1.1" status: 404 len: 176 time: 0.0072165
2026-07-21 08:00:11.429 48 INFO eventlet.wsgi.server [-] 169.254.169.254, "GET / HTTP/1.1" status: 404 len: 176 time: 0.2226014
2026-07-21 08:02:41.142 48 INFO eventlet.wsgi.server [-] 169.254.169.254, "GET / HTTP/1.1" status: 404 len: 176 time: 0.0770199
2026-07-21 08:03:20.978 48 INFO eventlet.wsgi.server [-] 169.254.169.254, "GET / HTTP/1.1" status: 404 len: 176 time: 0.0088243