2026-07-16 07:37:01.581 10 INFO neutron.api.wsgi [-] 10.0.0.197 "GET / HTTP/1.1" status: 200 len: 247 time: 0.0013773
2026-07-16 07:37:16.578 9 INFO neutron.api.wsgi [-] 10.0.0.197 "GET / HTTP/1.1" status: 200 len: 247 time: 0.0019090
2026-07-16 07:37:16.579 10 INFO neutron.api.wsgi [-] 10.0.0.197 "GET / HTTP/1.1" status: 200 len: 247 time: 0.0024712
2026-07-16 07:37:21.257 15 INFO neutron.db.ovn_revision_numbers_db [None req-bbea8f1e-6cdd-4df8-ad78-279769eda177 - - - - - -] Successfully bumped revision number for resource 5f2ee4e4-29bb-4bf6-8d59-918899165bd0 (type: networks) to 2
2026-07-16 07:37:21.324 15 INFO neutron.db.ovn_revision_numbers_db [None req-bbea8f1e-6cdd-4df8-ad78-279769eda177 - - - - - -] Successfully bumped revision number for resource aa9f8353-815a-4977-b5c9-2bf879884888 (type: security_groups) to 6
2026-07-16 07:37:21.359 15 INFO neutron.db.ovn_revision_numbers_db [None req-bbea8f1e-6cdd-4df8-ad78-279769eda177 - - - - - -] Successfully bumped revision number for resource 67e1d12a-52d7-46fa-966a-c5b743515333 (type: security_groups) to 3
2026-07-16 07:37:21.360 15 INFO neutron.plugins.ml2.drivers.ovn.mech_driver.ovsdb.maintenance [None req-bbea8f1e-6cdd-4df8-ad78-279769eda177 - - - - - -] OVN maintenance task check_for_inconsistencies finished in 0.210 seconds
2026-07-16 07:37:31.578 10 INFO neutron.api.wsgi [-] 10.0.0.197 "GET / HTTP/1.1" status: 200 len: 247 time: 0.0016253
2026-07-16 07:37:31.578 9 INFO neutron.api.wsgi [-] 10.0.0.197 "GET / HTTP/1.1" status: 200 len: 247 time: 0.0016472
2026-07-16 07:37:46.581 10 INFO neutron.api.wsgi [-] 10.0.0.197 "GET / HTTP/1.1" status: 200 len: 247 time: 0.0036311
2026-07-16 07:37:46.583 10 INFO neutron.api.wsgi [-] 10.0.0.197 "GET / HTTP/1.1" status: 200 len: 247 time: 0.0014925
2026-07-16 07:38:01.579 9 INFO neutron.api.wsgi [-] 10.0.0.197 "GET / HTTP/1.1" status: 200 len: 247 time: 0.0025344
2026-07-16 07:38:01.580 10 INFO neutron.api.wsgi [-] 10.0.0.197 "GET / HTTP/1.1" status: 200 len: 247 time: 0.0029008
2026-07-16 07:38:16.579 10 INFO neutron.api.wsgi [-] 10.0.0.197 "GET / HTTP/1.1" status: 200 len: 247 time: 0.0014176
2026-07-16 07:38:16.593 10 INFO neutron.api.wsgi [-] 10.0.0.197 "GET / HTTP/1.1" status: 200 len: 247 time: 0.0129657
2026-07-16 07:38:31.579 9 INFO neutron.api.wsgi [-] 10.0.0.197 "GET / HTTP/1.1" status: 200 len: 247 time: 0.0017138
2026-07-16 07:38:31.580 9 INFO neutron.api.wsgi [-] 10.0.0.197 "GET / HTTP/1.1" status: 200 len: 247 time: 0.0012581
2026-07-16 07:38:46.578 9 INFO neutron.api.wsgi [-] 10.0.0.197 "GET / HTTP/1.1" status: 200 len: 247 time: 0.0019617
2026-07-16 07:38:46.580 9 INFO neutron.api.wsgi [-] 10.0.0.197 "GET / HTTP/1.1" status: 200 len: 247 time: 0.0012071
2026-07-16 07:39:01.579 9 INFO neutron.api.wsgi [-] 10.0.0.197 "GET / HTTP/1.1" status: 200 len: 247 time: 0.0024047
2026-07-16 07:39:01.582 9 INFO neutron.api.wsgi [-] 10.0.0.197 "GET / HTTP/1.1" status: 200 len: 247 time: 0.0024998
2026-07-16 07:39:16.580 10 INFO neutron.api.wsgi [-] 10.0.0.197 "GET / HTTP/1.1" status: 200 len: 247 time: 0.0035272
2026-07-16 07:39:16.583 10 INFO neutron.api.wsgi [-] 10.0.0.197 "GET / HTTP/1.1" status: 200 len: 247 time: 0.0022302
2026-07-16 07:39:31.579 10 INFO neutron.api.wsgi [-] 10.0.0.197 "GET / HTTP/1.1" status: 200 len: 247 time: 0.0018408
2026-07-16 07:39:31.579 9 INFO neutron.api.wsgi [-] 10.0.0.197 "GET / HTTP/1.1" status: 200 len: 247 time: 0.0025160
2026-07-16 07:39:46.578 9 INFO neutron.api.wsgi [-] 10.0.0.197 "GET / HTTP/1.1" status: 200 len: 247 time: 0.0020709
2026-07-16 07:39:46.583 10 INFO neutron.api.wsgi [-] 10.0.0.197 "GET / HTTP/1.1" status: 200 len: 247 time: 0.0032713
2026-07-16 07:40:01.578 10 INFO neutron.api.wsgi [-] 10.0.0.197 "GET / HTTP/1.1" status: 200 len: 247 time: 0.0017140
2026-07-16 07:40:01.591 10 INFO neutron.api.wsgi [-] 10.0.0.197 "GET / HTTP/1.1" status: 200 len: 247 time: 0.0010695
2026-07-16 07:40:16.580 9 INFO neutron.api.wsgi [-] 10.0.0.197 "GET / HTTP/1.1" status: 200 len: 247 time: 0.0030558
2026-07-16 07:40:16.583 9 INFO neutron.api.wsgi [-] 10.0.0.197 "GET / HTTP/1.1" status: 200 len: 247 time: 0.0023243
2026-07-16 07:40:31.583 9 INFO neutron.api.wsgi [-] 10.0.0.197 "GET / HTTP/1.1" status: 200 len: 247 time: 0.0057244
2026-07-16 07:40:31.586 9 INFO neutron.api.wsgi [-] 10.0.0.197 "GET / HTTP/1.1" status: 200 len: 247 time: 0.0021987
2026-07-16 07:40:46.582 10 INFO neutron.api.wsgi [-] 10.0.0.197 "GET / HTTP/1.1" status: 200 len: 247 time: 0.0013738
2026-07-16 07:40:46.584 10 INFO neutron.api.wsgi [-] 10.0.0.197 "GET / HTTP/1.1" status: 200 len: 247 time: 0.0009317
2026-07-16 07:41:01.581 10 INFO neutron.api.wsgi [-] 10.0.0.197 "GET / HTTP/1.1" status: 200 len: 247 time: 0.0043218
2026-07-16 07:41:01.583 10 INFO neutron.api.wsgi [-] 10.0.0.197 "GET / HTTP/1.1" status: 200 len: 247 time: 0.0019562
2026-07-16 07:41:16.578 10 INFO neutron.api.wsgi [-] 10.0.0.197 "GET / HTTP/1.1" status: 200 len: 247 time: 0.0020859
2026-07-16 07:41:16.578 9 INFO neutron.api.wsgi [-] 10.0.0.197 "GET / HTTP/1.1" status: 200 len: 247 time: 0.0016656
2026-07-16 07:41:31.578 10 INFO neutron.api.wsgi [-] 10.0.0.197 "GET / HTTP/1.1" status: 200 len: 247 time: 0.0019753
2026-07-16 07:41:31.581 10 INFO neutron.api.wsgi [-] 10.0.0.197 "GET / HTTP/1.1" status: 200 len: 247 time: 0.0014729
2026-07-16 07:41:46.579 10 INFO neutron.api.wsgi [-] 10.0.0.197 "GET / HTTP/1.1" status: 200 len: 247 time: 0.0018289
2026-07-16 07:41:46.579 9 INFO neutron.api.wsgi [-] 10.0.0.197 "GET / HTTP/1.1" status: 200 len: 247 time: 0.0023479
2026-07-16 07:42:01.578 10 INFO neutron.api.wsgi [-] 10.0.0.197 "GET / HTTP/1.1" status: 200 len: 247 time: 0.0013063
2026-07-16 07:42:01.580 9 INFO neutron.api.wsgi [-] 10.0.0.197 "GET / HTTP/1.1" status: 200 len: 247 time: 0.0028903
2026-07-16 07:42:16.578 9 INFO neutron.api.wsgi [-] 10.0.0.197 "GET / HTTP/1.1" status: 200 len: 247 time: 0.0019186
2026-07-16 07:42:16.580 10 INFO neutron.api.wsgi [-] 10.0.0.197 "GET / HTTP/1.1" status: 200 len: 247 time: 0.0037012
2026-07-16 07:42:18.469 9 INFO neutron.api.v2.resource [None req-ca10a8b7-0753-4eab-a60c-4b3a25d8167a b9ce937a6031456c94b46a52e5f6e3d0 1ccb513f25fc44f4bd438183ad6c0ea8 - - default default] show failed (client error): The resource could not be found.
2026-07-16 07:42:18.470 9 INFO neutron.api.wsgi [None req-ca10a8b7-0753-4eab-a60c-4b3a25d8167a b9ce937a6031456c94b46a52e5f6e3d0 1ccb513f25fc44f4bd438183ad6c0ea8 - - default default] 199.19.213.177,10.0.0.197 "GET /v2.0/security-groups/manila-service-security-group?project_id=5e17cd22ac7a410482bcc6c4d3c6e31a HTTP/1.1" status: 404 len: 321 time: 0.1352465
2026-07-16 07:42:18.647 9 INFO neutron.db.ovn_revision_numbers_db [None req-c29a9aa6-ac9f-4358-b4b5-35cae98c1dbc b9ce937a6031456c94b46a52e5f6e3d0 1ccb513f25fc44f4bd438183ad6c0ea8 - - default default] Successfully bumped revision number for resource 57096bd0-ffec-4df6-83a8-af4d8a9ae2d2 (type: security_groups) to 1
2026-07-16 07:42:18.660 9 INFO neutron.db.ovn_revision_numbers_db [None req-c29a9aa6-ac9f-4358-b4b5-35cae98c1dbc b9ce937a6031456c94b46a52e5f6e3d0 1ccb513f25fc44f4bd438183ad6c0ea8 - - default default] Successfully bumped revision number for resource 659cd17b-6c51-4c16-a123-ac5622a60e82 (type: security_group_rules) to 0
2026-07-16 07:42:18.671 9 INFO neutron.db.ovn_revision_numbers_db [None req-c29a9aa6-ac9f-4358-b4b5-35cae98c1dbc b9ce937a6031456c94b46a52e5f6e3d0 1ccb513f25fc44f4bd438183ad6c0ea8 - - default default] Successfully bumped revision number for resource 73fd7622-86a9-4a5a-9759-d8a70266ea5e (type: security_group_rules) to 0
2026-07-16 07:42:18.685 9 INFO neutron.db.ovn_revision_numbers_db [None req-c29a9aa6-ac9f-4358-b4b5-35cae98c1dbc b9ce937a6031456c94b46a52e5f6e3d0 1ccb513f25fc44f4bd438183ad6c0ea8 - - default default] Successfully bumped revision number for resource 77bd5698-bf8f-4831-aeef-d1cd1471a160 (type: security_group_rules) to 0
2026-07-16 07:42:18.696 9 INFO neutron.db.ovn_revision_numbers_db [None req-c29a9aa6-ac9f-4358-b4b5-35cae98c1dbc b9ce937a6031456c94b46a52e5f6e3d0 1ccb513f25fc44f4bd438183ad6c0ea8 - - default default] Successfully bumped revision number for resource 7810f70c-5d39-4515-80c8-d018913246a3 (type: security_group_rules) to 0
2026-07-16 07:42:18.734 9 INFO neutron.api.wsgi [None req-c29a9aa6-ac9f-4358-b4b5-35cae98c1dbc b9ce937a6031456c94b46a52e5f6e3d0 1ccb513f25fc44f4bd438183ad6c0ea8 - - default default] 199.19.213.177,10.0.0.197 "GET /v2.0/security-groups?name=manila-service-security-group&project_id=5e17cd22ac7a410482bcc6c4d3c6e31a HTTP/1.1" status: 200 len: 197 time: 0.2592089
2026-07-16 07:42:18.883 9 INFO neutron.db.ovn_revision_numbers_db [None req-0a8a6a92-b516-43fe-8847-34856ff70ee0 b9ce937a6031456c94b46a52e5f6e3d0 1ccb513f25fc44f4bd438183ad6c0ea8 - - default default] Successfully bumped revision number for resource bf759984-d089-4dd8-b2e7-d0593194d7b2 (type: security_groups) to 1
2026-07-16 07:42:18.894 9 INFO neutron.db.ovn_revision_numbers_db [None req-0a8a6a92-b516-43fe-8847-34856ff70ee0 b9ce937a6031456c94b46a52e5f6e3d0 1ccb513f25fc44f4bd438183ad6c0ea8 - - default default] Successfully bumped revision number for resource 04865ada-0428-4cf5-81be-5682348daf92 (type: security_group_rules) to 0
2026-07-16 07:42:18.904 9 INFO neutron.db.ovn_revision_numbers_db [None req-0a8a6a92-b516-43fe-8847-34856ff70ee0 b9ce937a6031456c94b46a52e5f6e3d0 1ccb513f25fc44f4bd438183ad6c0ea8 - - default default] Successfully bumped revision number for resource 29842aaf-7cbf-4548-95fe-f484009a22e4 (type: security_group_rules) to 0
2026-07-16 07:42:18.932 9 INFO neutron.api.wsgi [None req-0a8a6a92-b516-43fe-8847-34856ff70ee0 b9ce937a6031456c94b46a52e5f6e3d0 1ccb513f25fc44f4bd438183ad6c0ea8 - - default default] 199.19.213.177,10.0.0.197 "POST /v2.0/security-groups HTTP/1.1" status: 201 len: 1805 time: 0.1397946
2026-07-16 07:42:19.870 9 INFO neutron.api.wsgi [None req-29eed487-4f20-462a-93c2-926aa8dedf94 b9ce937a6031456c94b46a52e5f6e3d0 1ccb513f25fc44f4bd438183ad6c0ea8 - - default default] 199.19.213.177,10.0.0.197 "GET /v2.0/security-groups/bf759984-d089-4dd8-b2e7-d0593194d7b2?project_id=5e17cd22ac7a410482bcc6c4d3c6e31a HTTP/1.1" status: 200 len: 1800 time: 0.0442612
2026-07-16 07:42:19.893 9 INFO neutron.api.wsgi [None req-823d50af-fa03-497d-a859-1429d03da22c b9ce937a6031456c94b46a52e5f6e3d0 1ccb513f25fc44f4bd438183ad6c0ea8 - - default default] 199.19.213.177,10.0.0.197 "GET /v2.0/security-groups/bf759984-d089-4dd8-b2e7-d0593194d7b2 HTTP/1.1" status: 200 len: 1800 time: 0.0154850
2026-07-16 07:42:19.969 9 INFO neutron.api.wsgi [None req-3b705ce0-6f3d-4fc7-8745-cbd0ae952d94 b9ce937a6031456c94b46a52e5f6e3d0 1ccb513f25fc44f4bd438183ad6c0ea8 - - default default] 199.19.213.177,10.0.0.197 "GET /v2.0/security-groups/bf759984-d089-4dd8-b2e7-d0593194d7b2?project_id=5e17cd22ac7a410482bcc6c4d3c6e31a HTTP/1.1" status: 200 len: 1800 time: 0.0224009
2026-07-16 07:42:20.062 9 INFO neutron.db.ovn_revision_numbers_db [None req-a45634bd-f8d8-446d-976e-2beef15b3517 b9ce937a6031456c94b46a52e5f6e3d0 1ccb513f25fc44f4bd438183ad6c0ea8 - - default default] Successfully bumped revision number for resource caec343a-3d98-4cb8-a50a-41e7b76b4a89 (type: security_group_rules) to 0
2026-07-16 07:42:20.085 9 INFO neutron.api.wsgi [None req-a45634bd-f8d8-446d-976e-2beef15b3517 b9ce937a6031456c94b46a52e5f6e3d0 1ccb513f25fc44f4bd438183ad6c0ea8 - - default default] 199.19.213.177,10.0.0.197 "POST /v2.0/security-group-rules HTTP/1.1" status: 201 len: 777 time: 0.1122286
2026-07-16 07:42:21.046 9 INFO neutron.api.wsgi [None req-c7ca9756-247d-4d8f-8ccd-7bc9c244858d b9ce937a6031456c94b46a52e5f6e3d0 1ccb513f25fc44f4bd438183ad6c0ea8 - - default default] 199.19.213.177,10.0.0.197 "GET /v2.0/security-groups/bf759984-d089-4dd8-b2e7-d0593194d7b2?project_id=5e17cd22ac7a410482bcc6c4d3c6e31a HTTP/1.1" status: 200 len: 2410 time: 0.0444195
2026-07-16 07:42:21.091 9 INFO neutron.api.wsgi [None req-873d451a-e18d-4fb3-9b1e-03f1b348b75e b9ce937a6031456c94b46a52e5f6e3d0 1ccb513f25fc44f4bd438183ad6c0ea8 - - default default] 199.19.213.177,10.0.0.197 "GET /v2.0/security-groups/bf759984-d089-4dd8-b2e7-d0593194d7b2 HTTP/1.1" status: 200 len: 2410 time: 0.0403342
2026-07-16 07:42:21.170 15 INFO neutron.plugins.ml2.drivers.ovn.mech_driver.ovsdb.maintenance [None req-bbea8f1e-6cdd-4df8-ad78-279769eda177 - - - - - -] OVN maintenance task check_for_inconsistencies finished in 0.019 seconds
2026-07-16 07:42:21.175 9 INFO neutron.api.wsgi [None req-e89b2221-c7e0-48e9-b418-4a89e2b15e33 b9ce937a6031456c94b46a52e5f6e3d0 1ccb513f25fc44f4bd438183ad6c0ea8 - - default default] 199.19.213.177,10.0.0.197 "GET /v2.0/security-groups/bf759984-d089-4dd8-b2e7-d0593194d7b2?project_id=5e17cd22ac7a410482bcc6c4d3c6e31a HTTP/1.1" status: 200 len: 2410 time: 0.0244291
2026-07-16 07:42:21.294 9 INFO neutron.db.ovn_revision_numbers_db [None req-0112725d-15da-44a1-abf9-2556fc6c0a7b b9ce937a6031456c94b46a52e5f6e3d0 1ccb513f25fc44f4bd438183ad6c0ea8 - - default default] Successfully bumped revision number for resource 7a28ee67-a3cf-41c4-a1b2-0e3259ade4bb (type: security_group_rules) to 0
2026-07-16 07:42:21.318 9 INFO neutron.api.wsgi [None req-0112725d-15da-44a1-abf9-2556fc6c0a7b b9ce937a6031456c94b46a52e5f6e3d0 1ccb513f25fc44f4bd438183ad6c0ea8 - - default default] 199.19.213.177,10.0.0.197 "POST /v2.0/security-group-rules HTTP/1.1" status: 201 len: 779 time: 0.1364453
2026-07-16 07:42:22.224 9 INFO neutron.api.wsgi [None req-044afc3b-4ce8-4a10-848c-d7e4b31b29ed b9ce937a6031456c94b46a52e5f6e3d0 1ccb513f25fc44f4bd438183ad6c0ea8 - - default default] 199.19.213.177,10.0.0.197 "GET /v2.0/security-groups/bf759984-d089-4dd8-b2e7-d0593194d7b2?project_id=5e17cd22ac7a410482bcc6c4d3c6e31a HTTP/1.1" status: 200 len: 3022 time: 0.0464456
2026-07-16 07:42:22.254 9 INFO neutron.api.wsgi [None req-2948c362-04dc-4483-9807-c99d6bebf66f b9ce937a6031456c94b46a52e5f6e3d0 1ccb513f25fc44f4bd438183ad6c0ea8 - - default default] 199.19.213.177,10.0.0.197 "GET /v2.0/security-groups/bf759984-d089-4dd8-b2e7-d0593194d7b2 HTTP/1.1" status: 200 len: 3022 time: 0.0217400
2026-07-16 07:42:22.334 9 INFO neutron.api.wsgi [None req-a047316d-d202-4468-b5ca-973ad5674686 b9ce937a6031456c94b46a52e5f6e3d0 1ccb513f25fc44f4bd438183ad6c0ea8 - - default default] 199.19.213.177,10.0.0.197 "GET /v2.0/security-groups/bf759984-d089-4dd8-b2e7-d0593194d7b2?project_id=5e17cd22ac7a410482bcc6c4d3c6e31a HTTP/1.1" status: 200 len: 3022 time: 0.0245886
2026-07-16 07:42:22.447 9 INFO neutron.db.ovn_revision_numbers_db [None req-fc267f89-77d2-4795-a728-d9e0e9a5e0f0 b9ce937a6031456c94b46a52e5f6e3d0 1ccb513f25fc44f4bd438183ad6c0ea8 - - default default] Successfully bumped revision number for resource 2bd28394-6e33-455a-bd9f-1c10e16e0667 (type: security_group_rules) to 0
2026-07-16 07:42:22.473 9 INFO neutron.api.wsgi [None req-fc267f89-77d2-4795-a728-d9e0e9a5e0f0 b9ce937a6031456c94b46a52e5f6e3d0 1ccb513f25fc44f4bd438183ad6c0ea8 - - default default] 199.19.213.177,10.0.0.197 "POST /v2.0/security-group-rules HTTP/1.1" status: 201 len: 781 time: 0.1317523
2026-07-16 07:42:23.434 9 INFO neutron.api.wsgi [None req-81cc0f14-dc7f-47ce-8a4a-1481b5825683 b9ce937a6031456c94b46a52e5f6e3d0 1ccb513f25fc44f4bd438183ad6c0ea8 - - default default] 199.19.213.177,10.0.0.197 "GET /v2.0/security-groups/bf759984-d089-4dd8-b2e7-d0593194d7b2?project_id=5e17cd22ac7a410482bcc6c4d3c6e31a HTTP/1.1" status: 200 len: 3636 time: 0.0500038
2026-07-16 07:42:23.464 9 INFO neutron.api.wsgi [None req-4f065c4b-3baa-4064-8179-895a90721cd4 b9ce937a6031456c94b46a52e5f6e3d0 1ccb513f25fc44f4bd438183ad6c0ea8 - - default default] 199.19.213.177,10.0.0.197 "GET /v2.0/security-groups/bf759984-d089-4dd8-b2e7-d0593194d7b2 HTTP/1.1" status: 200 len: 3636 time: 0.0236535
2026-07-16 07:42:23.548 9 INFO neutron.api.wsgi [None req-b167d9ac-7fad-4795-8cb2-aab52d1ba909 b9ce937a6031456c94b46a52e5f6e3d0 1ccb513f25fc44f4bd438183ad6c0ea8 - - default default] 199.19.213.177,10.0.0.197 "GET /v2.0/security-groups/bf759984-d089-4dd8-b2e7-d0593194d7b2?project_id=5e17cd22ac7a410482bcc6c4d3c6e31a HTTP/1.1" status: 200 len: 3636 time: 0.0237448
2026-07-16 07:42:23.681 9 INFO neutron.db.ovn_revision_numbers_db [None req-ccc2d556-36e9-47ba-a1d7-30a49be866bb b9ce937a6031456c94b46a52e5f6e3d0 1ccb513f25fc44f4bd438183ad6c0ea8 - - default default] Successfully bumped revision number for resource f8fd55c3-4c1a-4c21-9c87-5ad7aba6b193 (type: security_group_rules) to 0
2026-07-16 07:42:23.713 9 INFO neutron.api.wsgi [None req-ccc2d556-36e9-47ba-a1d7-30a49be866bb b9ce937a6031456c94b46a52e5f6e3d0 1ccb513f25fc44f4bd438183ad6c0ea8 - - default default] 199.19.213.177,10.0.0.197 "POST /v2.0/security-group-rules HTTP/1.1" status: 201 len: 782 time: 0.1583960
2026-07-16 07:42:31.580 10 INFO neutron.api.wsgi [-] 10.0.0.197 "GET / HTTP/1.1" status: 200 len: 247 time: 0.0037596
2026-07-16 07:42:31.582 9 INFO neutron.api.wsgi [-] 10.0.0.197 "GET / HTTP/1.1" status: 200 len: 247 time: 0.0040607
2026-07-16 07:42:46.580 10 INFO neutron.api.wsgi [-] 10.0.0.197 "GET / HTTP/1.1" status: 200 len: 247 time: 0.0022602
2026-07-16 07:42:46.583 10 INFO neutron.api.wsgi [-] 10.0.0.197 "GET / HTTP/1.1" status: 200 len: 247 time: 0.0019672
2026-07-16 07:43:01.579 9 INFO neutron.api.wsgi [-] 10.0.0.197 "GET / HTTP/1.1" status: 200 len: 247 time: 0.0019145
2026-07-16 07:43:01.582 10 INFO neutron.api.wsgi [-] 10.0.0.197 "GET / HTTP/1.1" status: 200 len: 247 time: 0.0030565
2026-07-16 07:43:16.580 10 INFO neutron.api.wsgi [-] 10.0.0.197 "GET / HTTP/1.1" status: 200 len: 247 time: 0.0029204
2026-07-16 07:43:16.582 9 INFO neutron.api.wsgi [-] 10.0.0.197 "GET / HTTP/1.1" status: 200 len: 247 time: 0.0048978
2026-07-16 07:43:31.580 10 INFO neutron.api.wsgi [-] 10.0.0.197 "GET / HTTP/1.1" status: 200 len: 247 time: 0.0023122
2026-07-16 07:43:31.581 9 INFO neutron.api.wsgi [-] 10.0.0.197 "GET / HTTP/1.1" status: 200 len: 247 time: 0.0031159
2026-07-16 07:43:46.580 9 INFO neutron.api.wsgi [-] 10.0.0.197 "GET / HTTP/1.1" status: 200 len: 247 time: 0.0024030
2026-07-16 07:43:46.583 9 INFO neutron.api.wsgi [-] 10.0.0.197 "GET / HTTP/1.1" status: 200 len: 247 time: 0.0021627
2026-07-16 07:44:01.579 9 INFO neutron.api.wsgi [-] 10.0.0.197 "GET / HTTP/1.1" status: 200 len: 247 time: 0.0018399
2026-07-16 07:44:01.580 10 INFO neutron.api.wsgi [-] 10.0.0.197 "GET / HTTP/1.1" status: 200 len: 247 time: 0.0022504
2026-07-16 07:44:16.579 10 INFO neutron.api.wsgi [-] 10.0.0.197 "GET / HTTP/1.1" status: 200 len: 247 time: 0.0022535
2026-07-16 07:44:16.582 9 INFO neutron.api.wsgi [-] 10.0.0.197 "GET / HTTP/1.1" status: 200 len: 247 time: 0.0027020
2026-07-16 07:44:31.580 9 INFO neutron.api.wsgi [-] 10.0.0.197 "GET / HTTP/1.1" status: 200 len: 247 time: 0.0038872
2026-07-16 07:44:31.581 10 INFO neutron.api.wsgi [-] 10.0.0.197 "GET / HTTP/1.1" status: 200 len: 247 time: 0.0038085 /var/lib/openstack/lib/python3.12/site-packages/pycadf/identifier.py:71: UserWarning: Invalid uuid: neutron. To ensure interoperability, identifiers should be a valid uuid. warnings.warn(('Invalid uuid: %s. To ensure interoperability, '
2026-07-16 07:44:32.956 9 INFO neutron.api.wsgi [None req-e9159c20-a3d2-4664-a3d5-2b048b5d89f1 0843481192824454b81dd08706292986 5e17cd22ac7a410482bcc6c4d3c6e31a - - 69faa7a73d15429097d2f6940a1a579e 69faa7a73d15429097d2f6940a1a579e] 199.19.213.177 "GET /v2.0/networks?tenant_id=5e17cd22ac7a410482bcc6c4d3c6e31a&shared=False HTTP/1.1" status: 200 len: 213 time: 0.1384146
2026-07-16 07:44:33.082 9 INFO neutron.db.segments_db [None req-d7d993c9-7868-4f3f-a6e1-3b348a8e34b4 0843481192824454b81dd08706292986 5e17cd22ac7a410482bcc6c4d3c6e31a - - 69faa7a73d15429097d2f6940a1a579e 69faa7a73d15429097d2f6940a1a579e] Added segment 5306f1c0-29eb-482e-b598-b87172cbbe21 of type geneve for network 8553869f-eceb-4545-bba7-00d24ddbb26e
2026-07-16 07:44:33.222 9 INFO neutron.db.ovn_revision_numbers_db [None req-d7d993c9-7868-4f3f-a6e1-3b348a8e34b4 0843481192824454b81dd08706292986 5e17cd22ac7a410482bcc6c4d3c6e31a - - 69faa7a73d15429097d2f6940a1a579e 69faa7a73d15429097d2f6940a1a579e] Successfully bumped revision number for resource 8553869f-eceb-4545-bba7-00d24ddbb26e (type: networks) to 1
2026-07-16 07:44:33.366 9 WARNING neutron.scheduler.dhcp_agent_scheduler [None req-d7d993c9-7868-4f3f-a6e1-3b348a8e34b4 0843481192824454b81dd08706292986 5e17cd22ac7a410482bcc6c4d3c6e31a - - 69faa7a73d15429097d2f6940a1a579e 69faa7a73d15429097d2f6940a1a579e] No more DHCP agents
2026-07-16 07:44:33.368 9 WARNING neutron.api.rpc.agentnotifiers.dhcp_rpc_agent_api [None req-d7d993c9-7868-4f3f-a6e1-3b348a8e34b4 0843481192824454b81dd08706292986 5e17cd22ac7a410482bcc6c4d3c6e31a - - 69faa7a73d15429097d2f6940a1a579e 69faa7a73d15429097d2f6940a1a579e] Unable to schedule network 8553869f-eceb-4545-bba7-00d24ddbb26e: no agents available; will retry on subsequent port and subnet creation events.
2026-07-16 07:44:33.459 9 INFO neutron.db.ovn_revision_numbers_db [None req-d7d993c9-7868-4f3f-a6e1-3b348a8e34b4 0843481192824454b81dd08706292986 5e17cd22ac7a410482bcc6c4d3c6e31a - - 69faa7a73d15429097d2f6940a1a579e 69faa7a73d15429097d2f6940a1a579e] Successfully bumped revision number for resource b33d703b-ecb8-43a2-b41b-57186f3095aa (type: ports) to 1
2026-07-16 07:44:33.478 9 INFO neutron.api.wsgi [None req-d7d993c9-7868-4f3f-a6e1-3b348a8e34b4 0843481192824454b81dd08706292986 5e17cd22ac7a410482bcc6c4d3c6e31a - - 69faa7a73d15429097d2f6940a1a579e 69faa7a73d15429097d2f6940a1a579e] 199.19.213.177 "POST /v2.0/networks HTTP/1.1" status: 201 len: 925 time: 0.5141003
2026-07-16 07:44:33.513 9 INFO neutron.api.wsgi [None req-4d51892c-9748-45fb-a099-5f1663f9bb9d 0843481192824454b81dd08706292986 5e17cd22ac7a410482bcc6c4d3c6e31a - - 69faa7a73d15429097d2f6940a1a579e 69faa7a73d15429097d2f6940a1a579e] 199.19.213.177 "GET /v2.0/ports?device_id=manila-share&binding%3Ahost_id=instance HTTP/1.1" status: 200 len: 210 time: 0.0284636
2026-07-16 07:44:33.527 9 INFO neutron.api.wsgi [None req-5a10d085-9bab-4f13-843e-768029d542db 0843481192824454b81dd08706292986 5e17cd22ac7a410482bcc6c4d3c6e31a - - 69faa7a73d15429097d2f6940a1a579e 69faa7a73d15429097d2f6940a1a579e] 199.19.213.177 "GET /v2.0/extensions HTTP/1.1" status: 200 len: 19298 time: 0.0070236
2026-07-16 07:44:33.721 9 WARNING neutron.scheduler.dhcp_agent_scheduler [None req-06bee29f-c5d9-4c91-a38f-b57162322b10 0843481192824454b81dd08706292986 5e17cd22ac7a410482bcc6c4d3c6e31a - - 69faa7a73d15429097d2f6940a1a579e 69faa7a73d15429097d2f6940a1a579e] No more DHCP agents
2026-07-16 07:44:33.722 9 WARNING neutron.api.rpc.agentnotifiers.dhcp_rpc_agent_api [None req-06bee29f-c5d9-4c91-a38f-b57162322b10 0843481192824454b81dd08706292986 5e17cd22ac7a410482bcc6c4d3c6e31a - - 69faa7a73d15429097d2f6940a1a579e 69faa7a73d15429097d2f6940a1a579e] Unable to schedule network 8553869f-eceb-4545-bba7-00d24ddbb26e: no agents available; will retry on subsequent port and subnet creation events.
2026-07-16 07:44:33.783 9 INFO neutron.db.ovn_revision_numbers_db [None req-06bee29f-c5d9-4c91-a38f-b57162322b10 0843481192824454b81dd08706292986 5e17cd22ac7a410482bcc6c4d3c6e31a - - 69faa7a73d15429097d2f6940a1a579e 69faa7a73d15429097d2f6940a1a579e] Successfully bumped revision number for resource 742d80cc-e52d-4b8a-aa61-426551e5340a (type: ports) to 1
2026-07-16 07:44:33.934 9 INFO neutron.db.ovn_revision_numbers_db [None req-06bee29f-c5d9-4c91-a38f-b57162322b10 0843481192824454b81dd08706292986 5e17cd22ac7a410482bcc6c4d3c6e31a - - 69faa7a73d15429097d2f6940a1a579e 69faa7a73d15429097d2f6940a1a579e] Successfully bumped revision number for resource 742d80cc-e52d-4b8a-aa61-426551e5340a (type: ports) to 3
2026-07-16 07:44:33.968 9 INFO neutron.api.wsgi [None req-06bee29f-c5d9-4c91-a38f-b57162322b10 0843481192824454b81dd08706292986 5e17cd22ac7a410482bcc6c4d3c6e31a - - 69faa7a73d15429097d2f6940a1a579e 69faa7a73d15429097d2f6940a1a579e] 199.19.213.177 "POST /v2.0/ports HTTP/1.1" status: 201 len: 1172 time: 0.4368453
2026-07-16 07:44:34.000 9 INFO neutron.api.wsgi [None req-aac47737-91d9-471b-baf2-d9b1fc50f965 0843481192824454b81dd08706292986 5e17cd22ac7a410482bcc6c4d3c6e31a - - 69faa7a73d15429097d2f6940a1a579e 69faa7a73d15429097d2f6940a1a579e] 199.19.213.177 "GET /v2.0/networks/8553869f-eceb-4545-bba7-00d24ddbb26e HTTP/1.1" status: 200 len: 907 time: 0.0277979
2026-07-16 07:44:34.710 9 INFO neutron.plugins.ml2.drivers.ovn.mech_driver.mech_driver [-] OVN reports status up for port: 742d80cc-e52d-4b8a-aa61-426551e5340a
2026-07-16 07:44:34.721 9 INFO neutron.plugins.ml2.plugin [None req-6a4690b4-613e-4376-982b-665e98bb271b - - - - - -] Attempt 1 to provision port 742d80cc-e52d-4b8a-aa61-426551e5340a
2026-07-16 07:44:34.902 9 INFO neutron.db.ovn_revision_numbers_db [None req-6a4690b4-613e-4376-982b-665e98bb271b - - - - - -] Successfully bumped revision number for resource 742d80cc-e52d-4b8a-aa61-426551e5340a (type: ports) to 4
2026-07-16 07:44:36.124 9 INFO neutron.api.wsgi [None req-2138abc7-28c6-4844-b69f-183ea8532b9c 0843481192824454b81dd08706292986 5e17cd22ac7a410482bcc6c4d3c6e31a - - 69faa7a73d15429097d2f6940a1a579e 69faa7a73d15429097d2f6940a1a579e] 199.19.213.177 "GET /v2.0/ports?device_id=manila-share&binding%3Ahost_id=instance HTTP/1.1" status: 200 len: 1172 time: 0.0442359
2026-07-16 07:44:36.158 9 INFO neutron.api.wsgi [None req-96b6e425-5738-4dd8-8722-771a9d5e1419 0843481192824454b81dd08706292986 5e17cd22ac7a410482bcc6c4d3c6e31a - - 69faa7a73d15429097d2f6940a1a579e 69faa7a73d15429097d2f6940a1a579e] 199.19.213.177 "GET /v2.0/networks/8553869f-eceb-4545-bba7-00d24ddbb26e HTTP/1.1" status: 200 len: 907 time: 0.0290327
2026-07-16 07:44:46.579 9 INFO neutron.api.wsgi [-] 10.0.0.197 "GET / HTTP/1.1" status: 200 len: 247 time: 0.0023086
2026-07-16 07:44:46.581 9 INFO neutron.api.wsgi [-] 10.0.0.197 "GET / HTTP/1.1" status: 200 len: 247 time: 0.0013046
2026-07-16 07:45:01.585 9 INFO neutron.api.wsgi [-] 10.0.0.197 "GET / HTTP/1.1" status: 200 len: 247 time: 0.0088363
2026-07-16 07:45:01.587 9 INFO neutron.api.wsgi [-] 10.0.0.197 "GET / HTTP/1.1" status: 200 len: 247 time: 0.0009348 /var/lib/openstack/lib/python3.12/site-packages/pycadf/identifier.py:71: UserWarning: Invalid uuid: unknown. To ensure interoperability, identifiers should be a valid uuid. warnings.warn(('Invalid uuid: %s. To ensure interoperability, '
2026-07-16 07:45:06.276 10 INFO neutron.api.wsgi [None req-a0e69897-48cb-4a51-a10a-8d6492630975 b9ce937a6031456c94b46a52e5f6e3d0 1ccb513f25fc44f4bd438183ad6c0ea8 - - default default] 199.19.213.177,10.0.0.197 "GET /v2.0/quotas/5e17cd22ac7a410482bcc6c4d3c6e31a HTTP/1.1" status: 200 len: 467 time: 0.0154982 /var/lib/openstack/lib/python3.12/site-packages/neutron/extensions/quotasv2.py:139: UserWarning: Neutron quota engine will require "--force" parameter to set a quota limit without checking the resource usage. warnings.warn('Neutron quota engine will require "--force" '
2026-07-16 07:45:06.739 10 INFO neutron.api.wsgi [None req-1cf75aed-dcd2-483c-861b-c74cabe35251 b9ce937a6031456c94b46a52e5f6e3d0 1ccb513f25fc44f4bd438183ad6c0ea8 - - default default] 199.19.213.177,10.0.0.197 "PUT /v2.0/quotas/5e17cd22ac7a410482bcc6c4d3c6e31a HTTP/1.1" status: 200 len: 466 time: 0.0290203
2026-07-16 07:45:16.579 9 INFO neutron.api.wsgi [-] 10.0.0.197 "GET / HTTP/1.1" status: 200 len: 247 time: 0.0023198
2026-07-16 07:45:16.581 10 INFO neutron.api.wsgi [-] 10.0.0.197 "GET / HTTP/1.1" status: 200 len: 247 time: 0.0033345
2026-07-16 07:45:31.579 9 INFO neutron.api.wsgi [-] 10.0.0.197 "GET / HTTP/1.1" status: 200 len: 247 time: 0.0020595
2026-07-16 07:45:31.581 9 INFO neutron.api.wsgi [-] 10.0.0.197 "GET / HTTP/1.1" status: 200 len: 247 time: 0.0022531
2026-07-16 07:45:46.579 9 INFO neutron.api.wsgi [-] 10.0.0.197 "GET / HTTP/1.1" status: 200 len: 247 time: 0.0028164
2026-07-16 07:45:46.581 9 INFO neutron.api.wsgi [-] 10.0.0.197 "GET / HTTP/1.1" status: 200 len: 247 time: 0.0014939
2026-07-16 07:46:01.580 9 INFO neutron.api.wsgi [-] 10.0.0.197 "GET / HTTP/1.1" status: 200 len: 247 time: 0.0034964
2026-07-16 07:46:01.582 9 INFO neutron.api.wsgi [-] 10.0.0.197 "GET / HTTP/1.1" status: 200 len: 247 time: 0.0015333
2026-07-16 07:46:16.582 10 INFO neutron.api.wsgi [-] 10.0.0.197 "GET / HTTP/1.1" status: 200 len: 247 time: 0.0023544
2026-07-16 07:46:16.584 10 INFO neutron.api.wsgi [-] 10.0.0.197 "GET / HTTP/1.1" status: 200 len: 247 time: 0.0010347
2026-07-16 07:46:31.580 10 INFO neutron.api.wsgi [-] 10.0.0.197 "GET / HTTP/1.1" status: 200 len: 247 time: 0.0021641
2026-07-16 07:46:31.587 10 INFO neutron.api.wsgi [-] 10.0.0.197 "GET / HTTP/1.1" status: 200 len: 247 time: 0.0067701 /var/lib/openstack/lib/python3.12/site-packages/pycadf/identifier.py:71: UserWarning: Invalid uuid: neutron. To ensure interoperability, identifiers should be a valid uuid. warnings.warn(('Invalid uuid: %s. To ensure interoperability, '
2026-07-16 07:46:35.627 10 INFO neutron.api.wsgi [None req-897d2665-2892-4110-a42c-7d9ff1938b0b b9ce937a6031456c94b46a52e5f6e3d0 1ccb513f25fc44f4bd438183ad6c0ea8 - - default default] 10.0.0.37 "GET /v2.0/ports HTTP/1.1" status: 200 len: 5343 time: 0.1114964
2026-07-16 07:46:35.665 10 INFO neutron.api.wsgi [None req-31a6e897-8beb-486f-ae94-0d0d12a189c2 b9ce937a6031456c94b46a52e5f6e3d0 1ccb513f25fc44f4bd438183ad6c0ea8 - - default default] 10.0.0.37 "GET /v2.0/subnets HTTP/1.1" status: 200 len: 1484 time: 0.0334134
2026-07-16 07:46:35.686 10 INFO neutron.api.wsgi [None req-1bc619bb-ca2b-4d96-904d-411e61a9db34 b9ce937a6031456c94b46a52e5f6e3d0 1ccb513f25fc44f4bd438183ad6c0ea8 - - default default] 10.0.0.37 "GET /v2.0/subnetpools HTTP/1.1" status: 200 len: 193 time: 0.0178587
2026-07-16 07:46:35.726 10 INFO neutron.api.wsgi [None req-c68627fb-ac4c-40ab-be36-6c6aa504b808 b9ce937a6031456c94b46a52e5f6e3d0 1ccb513f25fc44f4bd438183ad6c0ea8 - - default default] 10.0.0.37 "GET /v2.0/agents HTTP/1.1" status: 200 len: 1390 time: 0.0383325
2026-07-16 07:46:35.858 10 INFO neutron.api.wsgi [None req-b6d6afe1-1c77-45b3-a9cf-245c9fc848b4 b9ce937a6031456c94b46a52e5f6e3d0 1ccb513f25fc44f4bd438183ad6c0ea8 - - default default] 10.0.0.37 "GET /v2.0/networks HTTP/1.1" status: 200 len: 2350 time: 0.1310866
2026-07-16 07:46:35.891 10 INFO neutron.api.wsgi [None req-f272a09b-87b1-462b-88d2-85e2732adc81 b9ce937a6031456c94b46a52e5f6e3d0 1ccb513f25fc44f4bd438183ad6c0ea8 - - default default] 10.0.0.37 "GET /v2.0/routers HTTP/1.1" status: 200 len: 189 time: 0.0299475
2026-07-16 07:46:35.902 10 INFO neutron.api.wsgi [None req-d75f5d60-ff26-47c6-8934-732170c64989 b9ce937a6031456c94b46a52e5f6e3d0 1ccb513f25fc44f4bd438183ad6c0ea8 - - default default] 10.0.0.37 "GET /v2.0/agents?binary=ovn-controller HTTP/1.1" status: 200 len: 591 time: 0.0101070
2026-07-16 07:46:35.916 10 INFO neutron.api.wsgi [None req-1a0175c3-e535-443d-8fc3-fee820cab762 b9ce937a6031456c94b46a52e5f6e3d0 1ccb513f25fc44f4bd438183ad6c0ea8 - - default default] 10.0.0.37 "GET /v2.0/network-ip-availabilities HTTP/1.1" status: 200 len: 1280 time: 0.0127890
2026-07-16 07:46:35.950 10 INFO neutron.api.wsgi [None req-6b00d749-e97d-4af9-948c-9e00ad2d7cc3 b9ce937a6031456c94b46a52e5f6e3d0 1ccb513f25fc44f4bd438183ad6c0ea8 - - default default] 10.0.0.37 "GET /v2.0/floatingips HTTP/1.1" status: 200 len: 193 time: 0.0327494
2026-07-16 07:46:36.005 10 INFO neutron.api.wsgi [None req-b6a77a7c-dd7e-426e-a5e1-963103b1585a b9ce937a6031456c94b46a52e5f6e3d0 1ccb513f25fc44f4bd438183ad6c0ea8 - - default default] 10.0.0.37 "GET /v2.0/security-groups HTTP/1.1" status: 200 len: 17570 time: 0.0533924
2026-07-16 07:46:36.030 10 INFO neutron.api.wsgi [None req-24a45681-75ec-4459-bb3d-cd1d4e32b3ef b9ce937a6031456c94b46a52e5f6e3d0 1ccb513f25fc44f4bd438183ad6c0ea8 - - default default] 10.0.0.37 "GET /v2.0/subnets HTTP/1.1" status: 200 len: 1484 time: 0.0198557
2026-07-16 07:46:46.580 9 INFO neutron.api.wsgi [-] 10.0.0.197 "GET / HTTP/1.1" status: 200 len: 247 time: 0.0029600
2026-07-16 07:46:46.582 10 INFO neutron.api.wsgi [-] 10.0.0.197 "GET / HTTP/1.1" status: 200 len: 247 time: 0.0031080
2026-07-16 07:47:01.579 10 INFO neutron.api.wsgi [-] 10.0.0.197 "GET / HTTP/1.1" status: 200 len: 247 time: 0.0020723
2026-07-16 07:47:01.581 9 INFO neutron.api.wsgi [-] 10.0.0.197 "GET / HTTP/1.1" status: 200 len: 247 time: 0.0022764
2026-07-16 07:47:16.579 10 INFO neutron.api.wsgi [-] 10.0.0.197 "GET / HTTP/1.1" status: 200 len: 247 time: 0.0025756
2026-07-16 07:47:16.580 9 INFO neutron.api.wsgi [-] 10.0.0.197 "GET / HTTP/1.1" status: 200 len: 247 time: 0.0035574
2026-07-16 07:47:21.254 15 INFO neutron.db.ovn_revision_numbers_db [None req-bbea8f1e-6cdd-4df8-ad78-279769eda177 - - - - - -] Successfully bumped revision number for resource bf759984-d089-4dd8-b2e7-d0593194d7b2 (type: security_groups) to 5
2026-07-16 07:47:21.255 15 INFO neutron.plugins.ml2.drivers.ovn.mech_driver.ovsdb.maintenance [None req-bbea8f1e-6cdd-4df8-ad78-279769eda177 - - - - - -] OVN maintenance task check_for_inconsistencies finished in 0.073 seconds
2026-07-16 07:47:31.579 9 INFO neutron.api.wsgi [-] 10.0.0.197 "GET / HTTP/1.1" status: 200 len: 247 time: 0.0018339
2026-07-16 07:47:31.579 10 INFO neutron.api.wsgi [-] 10.0.0.197 "GET / HTTP/1.1" status: 200 len: 247 time: 0.0025253
2026-07-16 07:47:35.560 10 INFO neutron.api.wsgi [None req-8846995d-01e5-4d85-809d-03134fae2c91 b9ce937a6031456c94b46a52e5f6e3d0 1ccb513f25fc44f4bd438183ad6c0ea8 - - default default] 10.0.0.37 "GET /v2.0/subnets HTTP/1.1" status: 200 len: 1484 time: 0.0654194
2026-07-16 07:47:35.575 10 INFO neutron.api.wsgi [None req-32a89d8f-0480-4735-97f0-a0a31b9ae4d0 b9ce937a6031456c94b46a52e5f6e3d0 1ccb513f25fc44f4bd438183ad6c0ea8 - - default default] 10.0.0.37 "GET /v2.0/floatingips HTTP/1.1" status: 200 len: 193 time: 0.0138574
2026-07-16 07:47:35.612 10 INFO neutron.api.wsgi [None req-75e041aa-e7e3-462a-8d6e-dd7ead07bfbd b9ce937a6031456c94b46a52e5f6e3d0 1ccb513f25fc44f4bd438183ad6c0ea8 - - default default] 10.0.0.37 "GET /v2.0/security-groups HTTP/1.1" status: 200 len: 17570 time: 0.0367289
2026-07-16 07:47:35.658 10 INFO neutron.api.wsgi [None req-9aebe994-3022-4384-8449-e38fd5ccc377 b9ce937a6031456c94b46a52e5f6e3d0 1ccb513f25fc44f4bd438183ad6c0ea8 - - default default] 10.0.0.37 "GET /v2.0/agents HTTP/1.1" status: 200 len: 1390 time: 0.0343359
2026-07-16 07:47:35.702 10 INFO neutron.api.wsgi [None req-d2d1f4bc-71f7-4173-a229-7f7108fa266e b9ce937a6031456c94b46a52e5f6e3d0 1ccb513f25fc44f4bd438183ad6c0ea8 - - default default] 10.0.0.37 "GET /v2.0/networks HTTP/1.1" status: 200 len: 2350 time: 0.0432987
2026-07-16 07:47:35.735 10 INFO neutron.api.wsgi [None req-6907fd29-19c6-4010-ad76-e9264234064b b9ce937a6031456c94b46a52e5f6e3d0 1ccb513f25fc44f4bd438183ad6c0ea8 - - default default] 10.0.0.37 "GET /v2.0/ports HTTP/1.1" status: 200 len: 5343 time: 0.0310810
2026-07-16 07:47:35.751 10 INFO neutron.api.wsgi [None req-4aecf61f-8738-46fc-af3a-69b6c3d39a3e b9ce937a6031456c94b46a52e5f6e3d0 1ccb513f25fc44f4bd438183ad6c0ea8 - - default default] 10.0.0.37 "GET /v2.0/routers HTTP/1.1" status: 200 len: 189 time: 0.0119603
2026-07-16 07:47:35.760 10 INFO neutron.api.wsgi [None req-c49c3c6e-87e4-4404-b8c8-c7ade28594f9 b9ce937a6031456c94b46a52e5f6e3d0 1ccb513f25fc44f4bd438183ad6c0ea8 - - default default] 10.0.0.37 "GET /v2.0/agents?binary=ovn-controller HTTP/1.1" status: 200 len: 591 time: 0.0081599
2026-07-16 07:47:35.769 10 INFO neutron.api.wsgi [None req-bbd1bc4c-1d15-4db1-b2b6-5cee812e74b1 b9ce937a6031456c94b46a52e5f6e3d0 1ccb513f25fc44f4bd438183ad6c0ea8 - - default default] 10.0.0.37 "GET /v2.0/network-ip-availabilities HTTP/1.1" status: 200 len: 1280 time: 0.0072415
2026-07-16 07:47:35.797 10 INFO neutron.api.wsgi [None req-816b0577-5092-44ec-975a-c463057aefde b9ce937a6031456c94b46a52e5f6e3d0 1ccb513f25fc44f4bd438183ad6c0ea8 - - default default] 10.0.0.37 "GET /v2.0/subnets HTTP/1.1" status: 200 len: 1484 time: 0.0267782
2026-07-16 07:47:35.804 10 INFO neutron.api.wsgi [None req-f19d1067-bc7d-48de-a46f-be422cc7ada1 b9ce937a6031456c94b46a52e5f6e3d0 1ccb513f25fc44f4bd438183ad6c0ea8 - - default default] 10.0.0.37 "GET /v2.0/subnetpools HTTP/1.1" status: 200 len: 193 time: 0.0066106
2026-07-16 07:47:46.579 10 INFO neutron.api.wsgi [-] 10.0.0.197 "GET / HTTP/1.1" status: 200 len: 247 time: 0.0017672
2026-07-16 07:47:46.580 9 INFO neutron.api.wsgi [-] 10.0.0.197 "GET / HTTP/1.1" status: 200 len: 247 time: 0.0028627
2026-07-16 07:48:01.577 9 INFO neutron.api.wsgi [-] 10.0.0.197 "GET / HTTP/1.1" status: 200 len: 247 time: 0.0012753
2026-07-16 07:48:01.580 10 INFO neutron.api.wsgi [-] 10.0.0.197 "GET / HTTP/1.1" status: 200 len: 247 time: 0.0041955
2026-07-16 07:48:16.579 10 INFO neutron.api.wsgi [-] 10.0.0.197 "GET / HTTP/1.1" status: 200 len: 247 time: 0.0017269
2026-07-16 07:48:16.582 10 INFO neutron.api.wsgi [-] 10.0.0.197 "GET / HTTP/1.1" status: 200 len: 247 time: 0.0016334
2026-07-16 07:48:31.578 10 INFO neutron.api.wsgi [-] 10.0.0.197 "GET / HTTP/1.1" status: 200 len: 247 time: 0.0022287
2026-07-16 07:48:31.579 9 INFO neutron.api.wsgi [-] 10.0.0.197 "GET / HTTP/1.1" status: 200 len: 247 time: 0.0032806
2026-07-16 07:48:35.566 10 INFO neutron.api.wsgi [None req-be8a751c-2cf9-48fe-aa85-9e0dc8ee5f0f b9ce937a6031456c94b46a52e5f6e3d0 1ccb513f25fc44f4bd438183ad6c0ea8 - - default default] 10.0.0.37 "GET /v2.0/security-groups HTTP/1.1" status: 200 len: 17570 time: 0.0919509
2026-07-16 07:48:35.602 10 INFO neutron.api.wsgi [None req-d7c5eec2-b4e8-4afb-842e-70a67ae2b956 b9ce937a6031456c94b46a52e5f6e3d0 1ccb513f25fc44f4bd438183ad6c0ea8 - - default default] 10.0.0.37 "GET /v2.0/subnets HTTP/1.1" status: 200 len: 1484 time: 0.0261948
2026-07-16 07:48:35.649 10 INFO neutron.api.wsgi [None req-f4854865-1808-4213-a296-96ba1fe44e7c b9ce937a6031456c94b46a52e5f6e3d0 1ccb513f25fc44f4bd438183ad6c0ea8 - - default default] 10.0.0.37 "GET /v2.0/ports HTTP/1.1" status: 200 len: 5343 time: 0.0448556
2026-07-16 07:48:35.696 10 INFO neutron.api.wsgi [None req-575b3fb6-9516-4026-bb8d-246a1e2ba4ac b9ce937a6031456c94b46a52e5f6e3d0 1ccb513f25fc44f4bd438183ad6c0ea8 - - default default] 10.0.0.37 "GET /v2.0/networks HTTP/1.1" status: 200 len: 2350 time: 0.0447793
2026-07-16 07:48:35.709 10 INFO neutron.api.wsgi [None req-f575e20e-6543-4ac8-9dd3-578ac0d1da2a b9ce937a6031456c94b46a52e5f6e3d0 1ccb513f25fc44f4bd438183ad6c0ea8 - - default default] 10.0.0.37 "GET /v2.0/network-ip-availabilities HTTP/1.1" status: 200 len: 1280 time: 0.0099103
2026-07-16 07:48:35.726 10 INFO neutron.api.wsgi [None req-99c04e78-3a19-430f-840c-03d176343764 b9ce937a6031456c94b46a52e5f6e3d0 1ccb513f25fc44f4bd438183ad6c0ea8 - - default default] 10.0.0.37 "GET /v2.0/floatingips HTTP/1.1" status: 200 len: 193 time: 0.0164068
2026-07-16 07:48:35.738 10 INFO neutron.api.wsgi [None req-b0d1ebf1-d1cf-47dd-8fd5-c713b08c3e37 b9ce937a6031456c94b46a52e5f6e3d0 1ccb513f25fc44f4bd438183ad6c0ea8 - - default default] 10.0.0.37 "GET /v2.0/routers HTTP/1.1" status: 200 len: 189 time: 0.0099492
2026-07-16 07:48:35.773 10 INFO neutron.api.wsgi [None req-968f056e-5fdb-4a38-a63b-3d892c7c0034 b9ce937a6031456c94b46a52e5f6e3d0 1ccb513f25fc44f4bd438183ad6c0ea8 - - default default] 10.0.0.37 "GET /v2.0/agents?binary=ovn-controller HTTP/1.1" status: 200 len: 591 time: 0.0352070
2026-07-16 07:48:35.784 10 INFO neutron.api.wsgi [None req-a3f3bb5a-07b4-4184-9a3d-59be92c87879 b9ce937a6031456c94b46a52e5f6e3d0 1ccb513f25fc44f4bd438183ad6c0ea8 - - default default] 10.0.0.37 "GET /v2.0/agents HTTP/1.1" status: 200 len: 1390 time: 0.0091870
2026-07-16 07:48:35.812 10 INFO neutron.api.wsgi [None req-7366f493-3ba0-4622-bdc0-811516c4510c b9ce937a6031456c94b46a52e5f6e3d0 1ccb513f25fc44f4bd438183ad6c0ea8 - - default default] 10.0.0.37 "GET /v2.0/subnets HTTP/1.1" status: 200 len: 1484 time: 0.0264995
2026-07-16 07:48:35.818 10 INFO neutron.api.wsgi [None req-555a84fb-f6f7-40a0-af93-6be30845fd3a b9ce937a6031456c94b46a52e5f6e3d0 1ccb513f25fc44f4bd438183ad6c0ea8 - - default default] 10.0.0.37 "GET /v2.0/subnetpools HTTP/1.1" status: 200 len: 193 time: 0.0055237
2026-07-16 07:48:46.579 9 INFO neutron.api.wsgi [-] 10.0.0.197 "GET / HTTP/1.1" status: 200 len: 247 time: 0.0025806
2026-07-16 07:48:46.583 9 INFO neutron.api.wsgi [-] 10.0.0.197 "GET / HTTP/1.1" status: 200 len: 247 time: 0.0030797
2026-07-16 07:49:01.577 10 INFO neutron.api.wsgi [-] 10.0.0.197 "GET / HTTP/1.1" status: 200 len: 247 time: 0.0014956
2026-07-16 07:49:01.580 9 INFO neutron.api.wsgi [-] 10.0.0.197 "GET / HTTP/1.1" status: 200 len: 247 time: 0.0034873
2026-07-16 07:49:16.579 9 INFO neutron.api.wsgi [-] 10.0.0.197 "GET / HTTP/1.1" status: 200 len: 247 time: 0.0018153
2026-07-16 07:49:16.579 10 INFO neutron.api.wsgi [-] 10.0.0.197 "GET / HTTP/1.1" status: 200 len: 247 time: 0.0021973
2026-07-16 07:49:31.579 9 INFO neutron.api.wsgi [-] 10.0.0.197 "GET / HTTP/1.1" status: 200 len: 247 time: 0.0024235
2026-07-16 07:49:31.583 9 INFO neutron.api.wsgi [-] 10.0.0.197 "GET / HTTP/1.1" status: 200 len: 247 time: 0.0024579
2026-07-16 07:49:35.591 10 INFO neutron.api.wsgi [None req-1a93d03c-7cc2-45e2-969a-72ca3bdaf6a4 b9ce937a6031456c94b46a52e5f6e3d0 1ccb513f25fc44f4bd438183ad6c0ea8 - - default default] 10.0.0.37 "GET /v2.0/subnets HTTP/1.1" status: 200 len: 1484 time: 0.0791082
2026-07-16 07:49:35.601 10 INFO neutron.api.wsgi [None req-a8c31970-44bc-4274-9293-1b3b28585881 b9ce937a6031456c94b46a52e5f6e3d0 1ccb513f25fc44f4bd438183ad6c0ea8 - - default default] 10.0.0.37 "GET /v2.0/subnetpools HTTP/1.1" status: 200 len: 193 time: 0.0087264
2026-07-16 07:49:35.649 10 INFO neutron.api.wsgi [None req-2147cbab-7973-4327-8dfa-77838ac968e4 b9ce937a6031456c94b46a52e5f6e3d0 1ccb513f25fc44f4bd438183ad6c0ea8 - - default default] 10.0.0.37 "GET /v2.0/networks HTTP/1.1" status: 200 len: 2350 time: 0.0479512
2026-07-16 07:49:35.679 10 INFO neutron.api.wsgi [None req-d30c662f-fa26-495b-a39f-cc626b64fc72 b9ce937a6031456c94b46a52e5f6e3d0 1ccb513f25fc44f4bd438183ad6c0ea8 - - default default] 10.0.0.37 "GET /v2.0/subnets HTTP/1.1" status: 200 len: 1484 time: 0.0262053
2026-07-16 07:49:35.719 10 INFO neutron.api.wsgi [None req-72f0babe-a799-476e-a2e4-f46f2a578203 b9ce937a6031456c94b46a52e5f6e3d0 1ccb513f25fc44f4bd438183ad6c0ea8 - - default default] 10.0.0.37 "GET /v2.0/ports HTTP/1.1" status: 200 len: 5343 time: 0.0387533
2026-07-16 07:49:35.733 10 INFO neutron.api.wsgi [None req-eb554a1b-23e0-4bcf-90c5-8eebafb59386 b9ce937a6031456c94b46a52e5f6e3d0 1ccb513f25fc44f4bd438183ad6c0ea8 - - default default] 10.0.0.37 "GET /v2.0/network-ip-availabilities HTTP/1.1" status: 200 len: 1280 time: 0.0100186
2026-07-16 07:49:35.745 10 INFO neutron.api.wsgi [None req-40bc7860-d256-48f9-9394-028d7feddf56 b9ce937a6031456c94b46a52e5f6e3d0 1ccb513f25fc44f4bd438183ad6c0ea8 - - default default] 10.0.0.37 "GET /v2.0/floatingips HTTP/1.1" status: 200 len: 193 time: 0.0106478
2026-07-16 07:49:35.756 10 INFO neutron.api.wsgi [None req-309bd780-7e71-4efe-bcac-666fb300279a b9ce937a6031456c94b46a52e5f6e3d0 1ccb513f25fc44f4bd438183ad6c0ea8 - - default default] 10.0.0.37 "GET /v2.0/routers HTTP/1.1" status: 200 len: 189 time: 0.0110357
2026-07-16 07:49:35.783 10 INFO neutron.api.wsgi [None req-ea2e3f5f-4a52-417f-81aa-96a8c5377a6d b9ce937a6031456c94b46a52e5f6e3d0 1ccb513f25fc44f4bd438183ad6c0ea8 - - default default] 10.0.0.37 "GET /v2.0/agents?binary=ovn-controller HTTP/1.1" status: 200 len: 591 time: 0.0256171
2026-07-16 07:49:35.817 10 INFO neutron.api.wsgi [None req-ecaa8712-4c00-419c-96b4-91bd6cbcbc14 b9ce937a6031456c94b46a52e5f6e3d0 1ccb513f25fc44f4bd438183ad6c0ea8 - - default default] 10.0.0.37 "GET /v2.0/security-groups HTTP/1.1" status: 200 len: 17570 time: 0.0328777
2026-07-16 07:49:35.836 10 INFO neutron.api.wsgi [None req-9aa0b869-df9b-46b7-9871-3ea39f5fe331 b9ce937a6031456c94b46a52e5f6e3d0 1ccb513f25fc44f4bd438183ad6c0ea8 - - default default] 10.0.0.37 "GET /v2.0/agents HTTP/1.1" status: 200 len: 1390 time: 0.0106697
2026-07-16 07:49:46.577 9 INFO neutron.api.wsgi [-] 10.0.0.197 "GET / HTTP/1.1" status: 200 len: 247 time: 0.0013008
2026-07-16 07:49:46.579 10 INFO neutron.api.wsgi [-] 10.0.0.197 "GET / HTTP/1.1" status: 200 len: 247 time: 0.0028126
2026-07-16 07:50:01.578 10 INFO neutron.api.wsgi [-] 10.0.0.197 "GET / HTTP/1.1" status: 200 len: 247 time: 0.0018260
2026-07-16 07:50:01.578 9 INFO neutron.api.wsgi [-] 10.0.0.197 "GET / HTTP/1.1" status: 200 len: 247 time: 0.0021288
2026-07-16 07:50:16.578 10 INFO neutron.api.wsgi [-] 10.0.0.197 "GET / HTTP/1.1" status: 200 len: 247 time: 0.0016873
2026-07-16 07:50:16.580 10 INFO neutron.api.wsgi [-] 10.0.0.197 "GET / HTTP/1.1" status: 200 len: 247 time: 0.0012510
2026-07-16 07:50:31.580 10 INFO neutron.api.wsgi [-] 10.0.0.197 "GET / HTTP/1.1" status: 200 len: 247 time: 0.0025823
2026-07-16 07:50:31.581 9 INFO neutron.api.wsgi [-] 10.0.0.197 "GET / HTTP/1.1" status: 200 len: 247 time: 0.0038435
2026-07-16 07:50:35.575 10 INFO neutron.api.wsgi [None req-2b2fbf8a-3526-4e5a-bb9b-2aaa27fe3bfb b9ce937a6031456c94b46a52e5f6e3d0 1ccb513f25fc44f4bd438183ad6c0ea8 - - default default] 10.0.0.37 "GET /v2.0/security-groups HTTP/1.1" status: 200 len: 17570 time: 0.0876582
2026-07-16 07:50:35.622 10 INFO neutron.api.wsgi [None req-f2636965-51a5-402b-9b84-9a71ec757876 b9ce937a6031456c94b46a52e5f6e3d0 1ccb513f25fc44f4bd438183ad6c0ea8 - - default default] 10.0.0.37 "GET /v2.0/ports HTTP/1.1" status: 200 len: 5343 time: 0.0409961
2026-07-16 07:50:35.646 10 INFO neutron.api.wsgi [None req-3875740a-16b1-4757-b924-9bf7efc5d8c8 b9ce937a6031456c94b46a52e5f6e3d0 1ccb513f25fc44f4bd438183ad6c0ea8 - - default default] 10.0.0.37 "GET /v2.0/network-ip-availabilities HTTP/1.1" status: 200 len: 1280 time: 0.0189805
2026-07-16 07:50:35.679 10 INFO neutron.api.wsgi [None req-6cbbaae1-c8ec-447f-b69c-6f5ea860436f b9ce937a6031456c94b46a52e5f6e3d0 1ccb513f25fc44f4bd438183ad6c0ea8 - - default default] 10.0.0.37 "GET /v2.0/agents HTTP/1.1" status: 200 len: 1390 time: 0.0315652
2026-07-16 07:50:35.692 10 INFO neutron.api.wsgi [None req-fd42e709-3184-462d-ade8-48e13d5ecf22 b9ce937a6031456c94b46a52e5f6e3d0 1ccb513f25fc44f4bd438183ad6c0ea8 - - default default] 10.0.0.37 "GET /v2.0/floatingips HTTP/1.1" status: 200 len: 193 time: 0.0117161
2026-07-16 07:50:35.713 10 INFO neutron.api.wsgi [None req-f1c2fd04-d34c-4096-94e4-eafcad53c4b1 b9ce937a6031456c94b46a52e5f6e3d0 1ccb513f25fc44f4bd438183ad6c0ea8 - - default default] 10.0.0.37 "GET /v2.0/subnets HTTP/1.1" status: 200 len: 1484 time: 0.0201616
2026-07-16 07:50:35.725 10 INFO neutron.api.wsgi [None req-77b2fcbe-e399-4f27-9793-0893dec1f6ed b9ce937a6031456c94b46a52e5f6e3d0 1ccb513f25fc44f4bd438183ad6c0ea8 - - default default] 10.0.0.37 "GET /v2.0/routers HTTP/1.1" status: 200 len: 189 time: 0.0105643
2026-07-16 07:50:35.733 10 INFO neutron.api.wsgi [None req-fa250f03-d65e-4e0a-9ab8-95a9f76bbcba b9ce937a6031456c94b46a52e5f6e3d0 1ccb513f25fc44f4bd438183ad6c0ea8 - - default default] 10.0.0.37 "GET /v2.0/agents?binary=ovn-controller HTTP/1.1" status: 200 len: 591 time: 0.0076494
2026-07-16 07:50:35.755 10 INFO neutron.api.wsgi [None req-f66e0026-9a48-443d-93db-8dbf261e2d9e b9ce937a6031456c94b46a52e5f6e3d0 1ccb513f25fc44f4bd438183ad6c0ea8 - - default default] 10.0.0.37 "GET /v2.0/subnets HTTP/1.1" status: 200 len: 1484 time: 0.0212491
2026-07-16 07:50:35.761 10 INFO neutron.api.wsgi [None req-41c368d4-83a8-486a-86dc-633826996f82 b9ce937a6031456c94b46a52e5f6e3d0 1ccb513f25fc44f4bd438183ad6c0ea8 - - default default] 10.0.0.37 "GET /v2.0/subnetpools HTTP/1.1" status: 200 len: 193 time: 0.0052669
2026-07-16 07:50:35.800 10 INFO neutron.api.wsgi [None req-466042b2-c36c-44ef-b964-f405ac380472 b9ce937a6031456c94b46a52e5f6e3d0 1ccb513f25fc44f4bd438183ad6c0ea8 - - default default] 10.0.0.37 "GET /v2.0/networks HTTP/1.1" status: 200 len: 2350 time: 0.0381703
2026-07-16 07:50:46.587 9 INFO neutron.api.wsgi [-] 10.0.0.197 "GET / HTTP/1.1" status: 200 len: 247 time: 0.0028605
2026-07-16 07:50:46.589 9 INFO neutron.api.wsgi [-] 10.0.0.197 "GET / HTTP/1.1" status: 200 len: 247 time: 0.0012755
2026-07-16 07:51:01.579 10 INFO neutron.api.wsgi [-] 10.0.0.197 "GET / HTTP/1.1" status: 200 len: 247 time: 0.0027924
2026-07-16 07:51:01.580 9 INFO neutron.api.wsgi [-] 10.0.0.197 "GET / HTTP/1.1" status: 200 len: 247 time: 0.0030215
2026-07-16 07:51:16.578 9 INFO neutron.api.wsgi [-] 10.0.0.197 "GET / HTTP/1.1" status: 200 len: 247 time: 0.0017855
2026-07-16 07:51:16.579 10 INFO neutron.api.wsgi [-] 10.0.0.197 "GET / HTTP/1.1" status: 200 len: 247 time: 0.0021536
2026-07-16 07:51:31.578 10 INFO neutron.api.wsgi [-] 10.0.0.197 "GET / HTTP/1.1" status: 200 len: 247 time: 0.0015373
2026-07-16 07:51:31.579 9 INFO neutron.api.wsgi [-] 10.0.0.197 "GET / HTTP/1.1" status: 200 len: 247 time: 0.0023644
2026-07-16 07:51:35.580 10 INFO neutron.api.wsgi [None req-44a015ce-1bff-4016-8ef0-ad15cd57a17b b9ce937a6031456c94b46a52e5f6e3d0 1ccb513f25fc44f4bd438183ad6c0ea8 - - default default] 10.0.0.37 "GET /v2.0/security-groups HTTP/1.1" status: 200 len: 17570 time: 0.0759213
2026-07-16 07:51:35.629 10 INFO neutron.api.wsgi [None req-de3f93f1-abf0-430b-a4e1-9338b2c550fc b9ce937a6031456c94b46a52e5f6e3d0 1ccb513f25fc44f4bd438183ad6c0ea8 - - default default] 10.0.0.37 "GET /v2.0/agents HTTP/1.1" status: 200 len: 1390 time: 0.0429444
2026-07-16 07:51:35.650 10 INFO neutron.api.wsgi [None req-f19b6ba0-c6bc-49fb-aa06-1420f26c2659 b9ce937a6031456c94b46a52e5f6e3d0 1ccb513f25fc44f4bd438183ad6c0ea8 - - default default] 10.0.0.37 "GET /v2.0/floatingips HTTP/1.1" status: 200 len: 193 time: 0.0148902
2026-07-16 07:51:35.684 10 INFO neutron.api.wsgi [None req-18a93f09-eb05-4162-b42e-79d73d30c05c b9ce937a6031456c94b46a52e5f6e3d0 1ccb513f25fc44f4bd438183ad6c0ea8 - - default default] 10.0.0.37 "GET /v2.0/ports HTTP/1.1" status: 200 len: 5343 time: 0.0330234
2026-07-16 07:51:35.696 10 INFO neutron.api.wsgi [None req-598059ea-029e-4bfb-a03b-55efb0213402 b9ce937a6031456c94b46a52e5f6e3d0 1ccb513f25fc44f4bd438183ad6c0ea8 - - default default] 10.0.0.37 "GET /v2.0/network-ip-availabilities HTTP/1.1" status: 200 len: 1280 time: 0.0088737
