2026-07-16 08:03:30.861 10 INFO neutron.api.wsgi [None req-f94b52ec-d7a6-4aa6-8b8b-779030662cbd 367e2159acda4e419429295f4f7791d4 4742fdc28fa848349ed17eb04b36d36f - - default default] 10.0.0.205 "GET /v2.0/security-groups?not-tags-any=red%2Cblue HTTP/1.1" status: 200 len: 6289 time: 0.0453281
2026-07-16 08:03:30.881 10 INFO neutron.api.wsgi [None req-9cfe7ba3-9b72-4047-babc-a25f3ae921cd b9ce937a6031456c94b46a52e5f6e3d0 1ccb513f25fc44f4bd438183ad6c0ea8 - - default default] 10.0.0.205 "DELETE /v2.0/security-groups/5c5a8394-962c-4d0c-836e-6c655816f10f HTTP/1.1" status: 204 len: 168 time: 0.3489952
2026-07-16 08:03:30.991 10 INFO neutron.api.wsgi [None req-25264a22-5882-4fa1-85fa-d895b7e36992 881965f628fc492a80617ba362420736 e3050f5ff8a94a4f80cdce3f5675c223 - - default default] 10.0.0.205 "DELETE /v2.0/networks/96911644-3bcc-45ed-b368-d79cf218c768 HTTP/1.1" status: 204 len: 168 time: 0.4814892
2026-07-16 08:03:30.993 10 INFO neutron.api.wsgi [None req-f1ffbafc-dbf2-4a11-8153-2e7fe07828a6 367e2159acda4e419429295f4f7791d4 4742fdc28fa848349ed17eb04b36d36f - - default default] 10.0.0.205 "DELETE /v2.0/security-groups/42d9adc2-82af-4fd4-84b0-1b0c6530d47a HTTP/1.1" status: 204 len: 168 time: 0.1244402
2026-07-16 08:03:31.118 10 INFO neutron.api.wsgi [None req-293b7d71-b0d0-4aff-a5d6-99b543428422 367e2159acda4e419429295f4f7791d4 4742fdc28fa848349ed17eb04b36d36f - - default default] 10.0.0.205 "DELETE /v2.0/security-groups/a6e49da0-0933-4cc2-886f-89bf7336f2d0 HTTP/1.1" status: 204 len: 168 time: 0.1207757
2026-07-16 08:03:31.217 10 INFO neutron.api.wsgi [None req-1ba81be3-08ce-425b-8083-d5640a911e67 367e2159acda4e419429295f4f7791d4 4742fdc28fa848349ed17eb04b36d36f - - default default] 10.0.0.205 "DELETE /v2.0/security-groups/4796e724-f840-4921-9459-12fc40fdf927 HTTP/1.1" status: 204 len: 168 time: 0.0941246
2026-07-16 08:03:31.221 9 INFO neutron.db.ovn_revision_numbers_db [None req-052b65bd-dd99-4d1a-8779-8ee0e1f4f102 b9ce937a6031456c94b46a52e5f6e3d0 1ccb513f25fc44f4bd438183ad6c0ea8 - - default default] Successfully bumped revision number for resource 3e57f7c6-9b09-4e84-9f76-f545e42a3e78 (type: router_ports) to 1
2026-07-16 08:03:31.225 9 INFO neutron.api.wsgi [None req-052b65bd-dd99-4d1a-8779-8ee0e1f4f102 b9ce937a6031456c94b46a52e5f6e3d0 1ccb513f25fc44f4bd438183ad6c0ea8 - - default default] 10.0.0.205 "PUT /v2.0/routers/4d999612-6232-466c-8c7d-5c802ed15915/add_router_interface HTTP/1.1" status: 200 len: 503 time: 2.3610122
2026-07-16 08:03:31.286 9 INFO neutron.plugins.ml2.drivers.ovn.mech_driver.mech_driver [None req-78897705-3e21-4ba3-aac1-d0d33c3b78f6 - - - - - -] OVN reports status up for port: 3e57f7c6-9b09-4e84-9f76-f545e42a3e78
2026-07-16 08:03:31.293 9 INFO neutron.plugins.ml2.plugin [None req-78897705-3e21-4ba3-aac1-d0d33c3b78f6 - - - - - -] Attempt 1 to provision port 3e57f7c6-9b09-4e84-9f76-f545e42a3e78
2026-07-16 08:03:31.332 10 INFO neutron.api.wsgi [None req-b4a53d59-6cfd-41ba-8b2c-29e8774742e9 367e2159acda4e419429295f4f7791d4 4742fdc28fa848349ed17eb04b36d36f - - default default] 10.0.0.205 "DELETE /v2.0/security-groups/87138b7a-ee4b-4cbe-87fb-4bd8b4612ed3 HTTP/1.1" status: 204 len: 168 time: 0.1069674
2026-07-16 08:03:31.340 9 INFO neutron.services.segments.plugin [-] Segment 20025b29-ab68-4f58-960d-43e545eeccb4 resource provider aggregate not found
2026-07-16 08:03:31.344 9 INFO neutron.services.segments.plugin [-] Segment 20025b29-ab68-4f58-960d-43e545eeccb4 resource provider aggregate not found
2026-07-16 08:03:31.361 9 INFO neutron.services.segments.plugin [-] Segment 20025b29-ab68-4f58-960d-43e545eeccb4 resource provider not found; error: Placement Client Error (4xx): {"errors": [{"status": 404, "title": "Not Found", "detail": "The resource could not be found.\n\n No resource provider with uuid 20025b29-ab68-4f58-960d-43e545eeccb4 found for delete ", "request_id": "req-0546cb87-bd9a-4b70-a0d9-a85877a2d405"}]}
2026-07-16 08:03:31.362 9 INFO neutron.services.segments.plugin [-] Segment 20025b29-ab68-4f58-960d-43e545eeccb4 resource provider not found; error: Placement Client Error (4xx): {"errors": [{"status": 404, "title": "Not Found", "detail": "The resource could not be found.\n\n No resource provider with uuid 20025b29-ab68-4f58-960d-43e545eeccb4 found for delete ", "request_id": "req-2da2b8c4-8bac-41b4-87b8-aef24c8da1a5"}]}
2026-07-16 08:03:31.377 9 INFO neutron.api.wsgi [None req-4b4b5bf8-fc36-467b-9bb1-b83a0fd854b6 881965f628fc492a80617ba362420736 e3050f5ff8a94a4f80cdce3f5675c223 - - default default] 10.0.0.205 "DELETE /v2.0/networks/6e16d258-1d2c-4680-a86c-8427fc9e57e8 HTTP/1.1" status: 204 len: 168 time: 0.3806677
2026-07-16 08:03:31.450 10 INFO neutron.api.wsgi [None req-5d64a373-3844-4d65-a70e-dec9e8256e26 367e2159acda4e419429295f4f7791d4 4742fdc28fa848349ed17eb04b36d36f - - default default] 10.0.0.205 "DELETE /v2.0/security-groups/c59cc98c-f508-4471-a609-230383ff4f9e HTTP/1.1" status: 204 len: 168 time: 0.1124632
2026-07-16 08:03:31.581 10 INFO neutron.api.wsgi [-] 10.0.0.197 "GET / HTTP/1.1" status: 200 len: 247 time: 0.0047867
2026-07-16 08:03:31.583 10 INFO neutron.api.wsgi [-] 10.0.0.197 "GET / HTTP/1.1" status: 200 len: 247 time: 0.0013630
2026-07-16 08:03:31.827 9 INFO neutron.db.ovn_revision_numbers_db [None req-78897705-3e21-4ba3-aac1-d0d33c3b78f6 - - - - - -] Successfully bumped revision number for resource 3e57f7c6-9b09-4e84-9f76-f545e42a3e78 (type: ports) to 2
2026-07-16 08:03:31.886 9 INFO neutron.api.wsgi [None req-2c4c609a-d2cc-4eba-8607-ca204ffce95c 881965f628fc492a80617ba362420736 e3050f5ff8a94a4f80cdce3f5675c223 - - default default] 10.0.0.205 "DELETE /v2.0/networks/4d99131c-5dd4-4862-81b8-08f442736411 HTTP/1.1" status: 204 len: 168 time: 0.5053046
2026-07-16 08:03:32.125 10 INFO neutron.services.segments.plugin [-] Segment bf51ccc0-0efa-4bd0-9a55-1cb0517eb0dc resource provider aggregate not found
2026-07-16 08:03:32.131 10 INFO neutron.services.segments.plugin [-] Segment bf51ccc0-0efa-4bd0-9a55-1cb0517eb0dc resource provider aggregate not found
2026-07-16 08:03:32.148 10 INFO neutron.services.segments.plugin [-] Segment bf51ccc0-0efa-4bd0-9a55-1cb0517eb0dc resource provider not found; error: Placement Client Error (4xx): {"errors": [{"status": 404, "title": "Not Found", "detail": "The resource could not be found.\n\n No resource provider with uuid bf51ccc0-0efa-4bd0-9a55-1cb0517eb0dc found for delete ", "request_id": "req-0637fbeb-404a-4b58-aaeb-a5bc776d49c7"}]}
2026-07-16 08:03:32.154 10 INFO neutron.services.segments.plugin [-] Segment bf51ccc0-0efa-4bd0-9a55-1cb0517eb0dc resource provider not found; error: Placement Client Error (4xx): {"errors": [{"status": 404, "title": "Not Found", "detail": "The resource could not be found.\n\n No resource provider with uuid bf51ccc0-0efa-4bd0-9a55-1cb0517eb0dc found for delete ", "request_id": "req-6c0422ab-3a57-45a4-b5d8-bb57b40a9077"}]}
2026-07-16 08:03:32.164 10 INFO neutron.services.segments.plugin [-] Segment d61d5839-14a7-49f7-a57f-8fcfcb276820 resource provider aggregate not found
2026-07-16 08:03:32.168 10 INFO neutron.services.segments.plugin [-] Segment d61d5839-14a7-49f7-a57f-8fcfcb276820 resource provider aggregate not found
2026-07-16 08:03:32.178 10 INFO neutron.services.segments.plugin [-] Segment d61d5839-14a7-49f7-a57f-8fcfcb276820 resource provider not found; error: Placement Client Error (4xx): {"errors": [{"status": 404, "title": "Not Found", "detail": "The resource could not be found.\n\n No resource provider with uuid d61d5839-14a7-49f7-a57f-8fcfcb276820 found for delete ", "request_id": "req-d3c4733c-d912-40c6-81da-64c182ba5991"}]}
2026-07-16 08:03:32.182 10 INFO neutron.services.segments.plugin [-] Segment d61d5839-14a7-49f7-a57f-8fcfcb276820 resource provider not found; error: Placement Client Error (4xx): {"errors": [{"status": 404, "title": "Not Found", "detail": "The resource could not be found.\n\n No resource provider with uuid d61d5839-14a7-49f7-a57f-8fcfcb276820 found for delete ", "request_id": "req-269cab65-6323-45ea-914f-338bdb1d18df"}]}
2026-07-16 08:03:32.287 10 INFO neutron.api.wsgi [req-66e05c13-d66c-4157-bc36-f0119b5dd124 req-a9974650-1b20-4b17-8b92-5e108d515c25 ceeacea81e504f44895c79b76062587e d058b34b1af441a98fbe9b4d9d45ffe6 - - default default] 10.0.0.17 "GET /v2.0/networks?id=d267897b-b429-4c7a-9d81-9f9cd157adc3 HTTP/1.1" status: 200 len: 877 time: 0.0536237
2026-07-16 08:03:32.301 10 INFO neutron.api.wsgi [req-66e05c13-d66c-4157-bc36-f0119b5dd124 req-41edf8af-9a88-4e81-a329-de48bdffee80 ceeacea81e504f44895c79b76062587e d058b34b1af441a98fbe9b4d9d45ffe6 - - default default] 10.0.0.17 "GET /v2.0/quotas/d058b34b1af441a98fbe9b4d9d45ffe6 HTTP/1.1" status: 200 len: 491 time: 0.0072675
2026-07-16 08:03:32.390 10 INFO neutron.api.wsgi [req-66e05c13-d66c-4157-bc36-f0119b5dd124 req-37f2b099-0695-4826-b382-dfce7992471c ceeacea81e504f44895c79b76062587e d058b34b1af441a98fbe9b4d9d45ffe6 - - default default] 10.0.0.17 "GET /v2.0/ports?tenant_id=d058b34b1af441a98fbe9b4d9d45ffe6&fields=id HTTP/1.1" status: 200 len: 302 time: 0.0841434
2026-07-16 08:03:32.445 10 INFO neutron.api.wsgi [req-66e05c13-d66c-4157-bc36-f0119b5dd124 req-9b8e80cf-aa7f-4ad9-a763-9744e182770c ffa3e627b4de4f94a723cdbe4373c377 5e17cd22ac7a410482bcc6c4d3c6e31a - - 69faa7a73d15429097d2f6940a1a579e 69faa7a73d15429097d2f6940a1a579e] 10.0.0.17 "GET /v2.0/networks/d267897b-b429-4c7a-9d81-9f9cd157adc3?fields=segments HTTP/1.1" status: 200 len: 212 time: 0.0470648
2026-07-16 08:03:32.489 10 INFO neutron.api.wsgi [req-66e05c13-d66c-4157-bc36-f0119b5dd124 req-7c960ff4-fe33-46bf-bdd9-4708a629d7e4 ffa3e627b4de4f94a723cdbe4373c377 5e17cd22ac7a410482bcc6c4d3c6e31a - - 69faa7a73d15429097d2f6940a1a579e 69faa7a73d15429097d2f6940a1a579e] 10.0.0.17 "GET /v2.0/networks/d267897b-b429-4c7a-9d81-9f9cd157adc3?fields=provider%3Aphysical_network&fields=provider%3Anetwork_type HTTP/1.1" status: 200 len: 277 time: 0.0400937
2026-07-16 08:03:32.493 10 INFO neutron.db.ovn_revision_numbers_db [None req-cd7d627b-d715-42e0-b2d8-ba3401b9a679 b9ce937a6031456c94b46a52e5f6e3d0 1ccb513f25fc44f4bd438183ad6c0ea8 - - default default] Successfully bumped revision number for resource e0e726b7-26ce-402b-b999-c927e39b59a9 (type: security_groups) to 1
2026-07-16 08:03:32.503 10 INFO neutron.db.ovn_revision_numbers_db [None req-cd7d627b-d715-42e0-b2d8-ba3401b9a679 b9ce937a6031456c94b46a52e5f6e3d0 1ccb513f25fc44f4bd438183ad6c0ea8 - - default default] Successfully bumped revision number for resource 05b47ff8-45dd-4ea1-8f45-919c1a6464d4 (type: security_group_rules) to 0
2026-07-16 08:03:32.515 10 INFO neutron.db.ovn_revision_numbers_db [None req-cd7d627b-d715-42e0-b2d8-ba3401b9a679 b9ce937a6031456c94b46a52e5f6e3d0 1ccb513f25fc44f4bd438183ad6c0ea8 - - default default] Successfully bumped revision number for resource 4903749b-dfb9-4037-9fff-d1da8023a8c9 (type: security_group_rules) to 0
2026-07-16 08:03:32.526 10 INFO neutron.db.ovn_revision_numbers_db [None req-cd7d627b-d715-42e0-b2d8-ba3401b9a679 b9ce937a6031456c94b46a52e5f6e3d0 1ccb513f25fc44f4bd438183ad6c0ea8 - - default default] Successfully bumped revision number for resource 62538fbb-a36b-4768-8cdc-9c18563f445f (type: security_group_rules) to 0
2026-07-16 08:03:32.539 10 INFO neutron.db.ovn_revision_numbers_db [None req-cd7d627b-d715-42e0-b2d8-ba3401b9a679 b9ce937a6031456c94b46a52e5f6e3d0 1ccb513f25fc44f4bd438183ad6c0ea8 - - default default] Successfully bumped revision number for resource c73f336f-e60c-4467-a5d0-24e3a83b67a1 (type: security_group_rules) to 0
2026-07-16 08:03:32.579 10 INFO neutron.api.wsgi [None req-cd7d627b-d715-42e0-b2d8-ba3401b9a679 b9ce937a6031456c94b46a52e5f6e3d0 1ccb513f25fc44f4bd438183ad6c0ea8 - - default default] 10.0.0.205 "GET /v2.0/security-groups?tenant_id=d63d6ba6eda049f9927208aab934c26d&name=default HTTP/1.1" status: 200 len: 3120 time: 0.3564579
2026-07-16 08:03:32.665 9 INFO neutron.api.wsgi [req-4e1c0ff7-a854-47a5-ba2a-b7a03ab92c52 req-17f66552-9ad8-4f26-9533-cb34654d15e4 ceeacea81e504f44895c79b76062587e d058b34b1af441a98fbe9b4d9d45ffe6 - - default default] 10.0.0.17 "GET /v2.0/ports?device_id=ade5b5e3-55fe-4f8d-b1c2-6d10e8c87b4e HTTP/1.1" status: 200 len: 210 time: 0.0253439
2026-07-16 08:03:32.866 9 INFO neutron.api.wsgi [None req-915c8832-1358-46aa-8617-4d4205e5baad b9ce937a6031456c94b46a52e5f6e3d0 1ccb513f25fc44f4bd438183ad6c0ea8 - - default default] 10.0.0.205 "DELETE /v2.0/security-groups/e0e726b7-26ce-402b-b999-c927e39b59a9 HTTP/1.1" status: 204 len: 168 time: 0.2766583
2026-07-16 08:03:32.984 9 INFO neutron.api.wsgi [None req-514c874a-9f1b-4c1f-b8f7-020df03702d6 b9ce937a6031456c94b46a52e5f6e3d0 1ccb513f25fc44f4bd438183ad6c0ea8 - - default default] 10.0.0.205 "GET /v2.0/security-groups?tenant_id=4742fdc28fa848349ed17eb04b36d36f&name=default HTTP/1.1" status: 200 len: 3120 time: 0.0288045
2026-07-16 08:03:33.034 10 INFO neutron.db.ovn_revision_numbers_db [None req-4e0d59c8-bf9d-4c15-87ea-11df4632bd65 b9ce937a6031456c94b46a52e5f6e3d0 1ccb513f25fc44f4bd438183ad6c0ea8 - - default default] Successfully bumped revision number for resource e44b792d-1c38-4ebb-9f27-ad31b2571905 (type: security_groups) to 1
2026-07-16 08:03:33.049 10 INFO neutron.db.ovn_revision_numbers_db [None req-4e0d59c8-bf9d-4c15-87ea-11df4632bd65 b9ce937a6031456c94b46a52e5f6e3d0 1ccb513f25fc44f4bd438183ad6c0ea8 - - default default] Successfully bumped revision number for resource 0c31d024-78ad-42dd-a8ab-b399a5fd8e36 (type: security_group_rules) to 0
2026-07-16 08:03:33.062 10 INFO neutron.db.ovn_revision_numbers_db [None req-4e0d59c8-bf9d-4c15-87ea-11df4632bd65 b9ce937a6031456c94b46a52e5f6e3d0 1ccb513f25fc44f4bd438183ad6c0ea8 - - default default] Successfully bumped revision number for resource 620df8e5-6df0-431b-a239-ae755dd5f03a (type: security_group_rules) to 0
2026-07-16 08:03:33.076 10 INFO neutron.db.ovn_revision_numbers_db [None req-4e0d59c8-bf9d-4c15-87ea-11df4632bd65 b9ce937a6031456c94b46a52e5f6e3d0 1ccb513f25fc44f4bd438183ad6c0ea8 - - default default] Successfully bumped revision number for resource 7ee5ce86-7de6-44dc-a0b0-6afd54a03f21 (type: security_group_rules) to 0
2026-07-16 08:03:33.088 10 INFO neutron.db.ovn_revision_numbers_db [None req-4e0d59c8-bf9d-4c15-87ea-11df4632bd65 b9ce937a6031456c94b46a52e5f6e3d0 1ccb513f25fc44f4bd438183ad6c0ea8 - - default default] Successfully bumped revision number for resource a674c964-7dd5-4daf-8feb-67a1b85b497a (type: security_group_rules) to 0
2026-07-16 08:03:33.119 10 INFO neutron.api.wsgi [None req-4e0d59c8-bf9d-4c15-87ea-11df4632bd65 b9ce937a6031456c94b46a52e5f6e3d0 1ccb513f25fc44f4bd438183ad6c0ea8 - - default default] 10.0.0.205 "GET /v2.0/security-groups?tenant_id=de487b32d8d2473a8af8e7939146db35&name=default HTTP/1.1" status: 200 len: 3120 time: 0.3321252
2026-07-16 08:03:33.240 9 INFO neutron.api.wsgi [None req-889b8e74-cf1f-49a1-85dd-236a6399571f b9ce937a6031456c94b46a52e5f6e3d0 1ccb513f25fc44f4bd438183ad6c0ea8 - - default default] 10.0.0.205 "DELETE /v2.0/security-groups/f2146756-475d-40e4-95f5-7c23eb21a100 HTTP/1.1" status: 204 len: 168 time: 0.2505283
2026-07-16 08:03:33.344 9 INFO neutron.api.wsgi [None req-f49e8ac4-e258-4982-93f8-bcb4649c711f b9ce937a6031456c94b46a52e5f6e3d0 1ccb513f25fc44f4bd438183ad6c0ea8 - - default default] 10.0.0.205 "DELETE /v2.0/security-groups/e44b792d-1c38-4ebb-9f27-ad31b2571905 HTTP/1.1" status: 204 len: 168 time: 0.2209160
2026-07-16 08:03:33.385 9 INFO neutron.services.segments.plugin [-] Segment 01ef1b31-017e-420b-b947-2c4d21a8fa8f resource provider aggregate not found
2026-07-16 08:03:33.389 9 INFO neutron.services.segments.plugin [-] Segment 01ef1b31-017e-420b-b947-2c4d21a8fa8f resource provider aggregate not found
2026-07-16 08:03:33.397 9 INFO neutron.services.segments.plugin [-] Segment 01ef1b31-017e-420b-b947-2c4d21a8fa8f resource provider not found; error: Placement Client Error (4xx): {"errors": [{"status": 404, "title": "Not Found", "detail": "The resource could not be found.\n\n No resource provider with uuid 01ef1b31-017e-420b-b947-2c4d21a8fa8f found for delete ", "request_id": "req-6e1c498d-7559-4eb2-862d-719a81e497d1"}]}
2026-07-16 08:03:33.401 9 INFO neutron.services.segments.plugin [-] Segment 01ef1b31-017e-420b-b947-2c4d21a8fa8f resource provider not found; error: Placement Client Error (4xx): {"errors": [{"status": 404, "title": "Not Found", "detail": "The resource could not be found.\n\n No resource provider with uuid 01ef1b31-017e-420b-b947-2c4d21a8fa8f found for delete ", "request_id": "req-869f6645-d50c-46ca-ad9d-b6543c8abf18"}]}
2026-07-16 08:03:33.484 9 INFO neutron.db.ovn_revision_numbers_db [None req-4c626829-2b63-4421-883f-9307572ccd62 b9ce937a6031456c94b46a52e5f6e3d0 1ccb513f25fc44f4bd438183ad6c0ea8 - - default default] Successfully bumped revision number for resource caf2b3b5-9f05-4284-b039-0debf8330ca8 (type: security_groups) to 1
2026-07-16 08:03:33.499 9 INFO neutron.db.ovn_revision_numbers_db [None req-4c626829-2b63-4421-883f-9307572ccd62 b9ce937a6031456c94b46a52e5f6e3d0 1ccb513f25fc44f4bd438183ad6c0ea8 - - default default] Successfully bumped revision number for resource 1d00209d-78f7-4090-a1c8-7fe0a564412f (type: security_group_rules) to 0
2026-07-16 08:03:33.511 9 INFO neutron.api.wsgi [None req-3890486d-cec0-478d-a482-06eb52242630 b9ce937a6031456c94b46a52e5f6e3d0 1ccb513f25fc44f4bd438183ad6c0ea8 - - default default] 10.0.0.205 "GET /v2.0/security-groups?tenant_id=e3050f5ff8a94a4f80cdce3f5675c223&name=default HTTP/1.1" status: 200 len: 3120 time: 0.0311780
2026-07-16 08:03:33.512 9 INFO neutron.db.ovn_revision_numbers_db [None req-4c626829-2b63-4421-883f-9307572ccd62 b9ce937a6031456c94b46a52e5f6e3d0 1ccb513f25fc44f4bd438183ad6c0ea8 - - default default] Successfully bumped revision number for resource 2b5a3424-6104-43f2-b31c-111d51b6df02 (type: security_group_rules) to 0
2026-07-16 08:03:33.522 9 INFO neutron.db.ovn_revision_numbers_db [None req-4c626829-2b63-4421-883f-9307572ccd62 b9ce937a6031456c94b46a52e5f6e3d0 1ccb513f25fc44f4bd438183ad6c0ea8 - - default default] Successfully bumped revision number for resource a1b8c3e4-550d-42de-8b03-5ed8c60b45ae (type: security_group_rules) to 0
2026-07-16 08:03:33.533 9 INFO neutron.db.ovn_revision_numbers_db [None req-4c626829-2b63-4421-883f-9307572ccd62 b9ce937a6031456c94b46a52e5f6e3d0 1ccb513f25fc44f4bd438183ad6c0ea8 - - default default] Successfully bumped revision number for resource f6deadca-a644-41fd-9951-90f2b3007139 (type: security_group_rules) to 0
2026-07-16 08:03:33.577 9 INFO neutron.api.wsgi [None req-4c626829-2b63-4421-883f-9307572ccd62 b9ce937a6031456c94b46a52e5f6e3d0 1ccb513f25fc44f4bd438183ad6c0ea8 - - default default] 10.0.0.205 "GET /v2.0/security-groups?tenant_id=9deeb5fbb9f54efbaa5ab436783ada4d&name=default HTTP/1.1" status: 200 len: 3120 time: 0.2003810
2026-07-16 08:03:33.717 10 INFO neutron.db.ovn_revision_numbers_db [None req-1334fb4a-f262-45aa-9e9e-f43db74d1960 b9ce937a6031456c94b46a52e5f6e3d0 1ccb513f25fc44f4bd438183ad6c0ea8 - - default default] Successfully bumped revision number for resource 59f7deae-5508-426f-ab96-0ce4e624d020 (type: security_groups) to 1
2026-07-16 08:03:33.739 10 INFO neutron.db.ovn_revision_numbers_db [None req-1334fb4a-f262-45aa-9e9e-f43db74d1960 b9ce937a6031456c94b46a52e5f6e3d0 1ccb513f25fc44f4bd438183ad6c0ea8 - - default default] Successfully bumped revision number for resource 14d70842-bd10-4612-9130-9bd37eada4be (type: security_group_rules) to 0
2026-07-16 08:03:33.757 10 INFO neutron.api.wsgi [req-9be5e984-1f4b-4e70-a934-a311f938a1fd req-2d0555b8-dac0-4e5e-9e45-d347775c2f23 ceeacea81e504f44895c79b76062587e d058b34b1af441a98fbe9b4d9d45ffe6 - - default default] 10.0.0.17 "GET /v2.0/ports?device_id=ade5b5e3-55fe-4f8d-b1c2-6d10e8c87b4e HTTP/1.1" status: 200 len: 210 time: 0.0212786
2026-07-16 08:03:33.763 10 INFO neutron.api.wsgi [None req-7459963f-ed2d-4d65-ac9e-e72d12fd626f b9ce937a6031456c94b46a52e5f6e3d0 1ccb513f25fc44f4bd438183ad6c0ea8 - - default default] 10.0.0.205 "DELETE /v2.0/security-groups/74011814-c527-479f-a229-5368a2c5cdad HTTP/1.1" status: 204 len: 168 time: 0.2478840
2026-07-16 08:03:33.763 10 INFO neutron.db.ovn_revision_numbers_db [None req-1334fb4a-f262-45aa-9e9e-f43db74d1960 b9ce937a6031456c94b46a52e5f6e3d0 1ccb513f25fc44f4bd438183ad6c0ea8 - - default default] Successfully bumped revision number for resource 4b375ff1-5f86-466e-a2cb-c8577984d0ac (type: security_group_rules) to 0
2026-07-16 08:03:33.775 10 INFO neutron.db.ovn_revision_numbers_db [None req-1334fb4a-f262-45aa-9e9e-f43db74d1960 b9ce937a6031456c94b46a52e5f6e3d0 1ccb513f25fc44f4bd438183ad6c0ea8 - - default default] Successfully bumped revision number for resource 7c6e4645-dd56-4efd-81a7-329c52bd4016 (type: security_group_rules) to 0
2026-07-16 08:03:33.788 10 INFO neutron.db.ovn_revision_numbers_db [None req-1334fb4a-f262-45aa-9e9e-f43db74d1960 b9ce937a6031456c94b46a52e5f6e3d0 1ccb513f25fc44f4bd438183ad6c0ea8 - - default default] Successfully bumped revision number for resource e91ad5cc-5dd6-409d-894d-1fd817fee748 (type: security_group_rules) to 0
2026-07-16 08:03:33.791 9 INFO neutron.api.wsgi [None req-be469feb-bd9c-4188-82e7-ce4afbde3dcc b9ce937a6031456c94b46a52e5f6e3d0 1ccb513f25fc44f4bd438183ad6c0ea8 - - default default] 10.0.0.205 "DELETE /v2.0/security-groups/caf2b3b5-9f05-4284-b039-0debf8330ca8 HTTP/1.1" status: 204 len: 168 time: 0.2086971
2026-07-16 08:03:33.828 10 INFO neutron.api.wsgi [None req-1334fb4a-f262-45aa-9e9e-f43db74d1960 b9ce937a6031456c94b46a52e5f6e3d0 1ccb513f25fc44f4bd438183ad6c0ea8 - - default default] 10.0.0.205 "GET /v2.0/security-groups?tenant_id=357f8c0790b94ebfa0c0d8a8564f5f96&name=default HTTP/1.1" status: 200 len: 3120 time: 0.4223216
2026-07-16 08:03:33.967 10 INFO neutron.db.ovn_revision_numbers_db [None req-c5cafe1e-5cf8-42a0-96ce-cd1bbc20aa76 b9ce937a6031456c94b46a52e5f6e3d0 1ccb513f25fc44f4bd438183ad6c0ea8 - - default default] Successfully bumped revision number for resource 8fd34cae-bc80-448c-b205-3f4775567c0e (type: security_groups) to 1
2026-07-16 08:03:33.981 10 INFO neutron.db.ovn_revision_numbers_db [None req-c5cafe1e-5cf8-42a0-96ce-cd1bbc20aa76 b9ce937a6031456c94b46a52e5f6e3d0 1ccb513f25fc44f4bd438183ad6c0ea8 - - default default] Successfully bumped revision number for resource 208c69f9-d529-425e-83e4-c42097a05a0d (type: security_group_rules) to 0
2026-07-16 08:03:33.998 10 INFO neutron.db.ovn_revision_numbers_db [None req-c5cafe1e-5cf8-42a0-96ce-cd1bbc20aa76 b9ce937a6031456c94b46a52e5f6e3d0 1ccb513f25fc44f4bd438183ad6c0ea8 - - default default] Successfully bumped revision number for resource 3fd5e3c2-45d9-4794-8f25-b53a3651581f (type: security_group_rules) to 0
2026-07-16 08:03:34.012 10 INFO neutron.db.ovn_revision_numbers_db [None req-c5cafe1e-5cf8-42a0-96ce-cd1bbc20aa76 b9ce937a6031456c94b46a52e5f6e3d0 1ccb513f25fc44f4bd438183ad6c0ea8 - - default default] Successfully bumped revision number for resource a5383c71-d521-426d-9e66-9ce17cd17277 (type: security_group_rules) to 0
2026-07-16 08:03:34.034 10 INFO neutron.db.ovn_revision_numbers_db [None req-c5cafe1e-5cf8-42a0-96ce-cd1bbc20aa76 b9ce937a6031456c94b46a52e5f6e3d0 1ccb513f25fc44f4bd438183ad6c0ea8 - - default default] Successfully bumped revision number for resource a7941ec0-46b1-48e2-ab87-fd2715d0ef64 (type: security_group_rules) to 0
2026-07-16 08:03:34.064 9 INFO neutron.api.wsgi [None req-cb1ac122-7fe0-4399-9870-31f19389f6fa b9ce937a6031456c94b46a52e5f6e3d0 1ccb513f25fc44f4bd438183ad6c0ea8 - - default default] 10.0.0.205 "DELETE /v2.0/security-groups/59f7deae-5508-426f-ab96-0ce4e624d020 HTTP/1.1" status: 204 len: 168 time: 0.2302365
2026-07-16 08:03:34.069 10 INFO neutron.api.wsgi [None req-c5cafe1e-5cf8-42a0-96ce-cd1bbc20aa76 b9ce937a6031456c94b46a52e5f6e3d0 1ccb513f25fc44f4bd438183ad6c0ea8 - - default default] 10.0.0.205 "GET /v2.0/security-groups?tenant_id=a57d2d62959844b385f7084bd69fe578&name=default HTTP/1.1" status: 200 len: 3120 time: 0.2198057
2026-07-16 08:03:34.268 10 INFO neutron.api.wsgi [None req-bbb8f85f-fb60-47c4-a9b6-2b7df738718c b9ce937a6031456c94b46a52e5f6e3d0 1ccb513f25fc44f4bd438183ad6c0ea8 - - default default] 10.0.0.205 "DELETE /v2.0/security-groups/8fd34cae-bc80-448c-b205-3f4775567c0e HTTP/1.1" status: 204 len: 168 time: 0.1925452
2026-07-16 08:03:34.975 9 INFO neutron.api.wsgi [req-e887daa7-7812-48e5-9a77-f5153faee787 req-2955a246-9022-40f9-9f11-e31c85b65213 ceeacea81e504f44895c79b76062587e d058b34b1af441a98fbe9b4d9d45ffe6 - - default default] 10.0.0.17 "GET /v2.0/ports?device_id=ade5b5e3-55fe-4f8d-b1c2-6d10e8c87b4e HTTP/1.1" status: 200 len: 210 time: 0.0234601
2026-07-16 08:03:35.749 10 INFO neutron.api.wsgi [None req-c5871983-896e-4017-9247-0803e153ab54 b9ce937a6031456c94b46a52e5f6e3d0 1ccb513f25fc44f4bd438183ad6c0ea8 - - default default] 10.0.0.37 "GET /v2.0/ports HTTP/1.1" status: 200 len: 8568 time: 0.2056198
2026-07-16 08:03:35.842 10 INFO neutron.api.wsgi [None req-53130706-c60e-481e-8cc0-178e1dd86012 b9ce937a6031456c94b46a52e5f6e3d0 1ccb513f25fc44f4bd438183ad6c0ea8 - - default default] 10.0.0.37 "GET /v2.0/routers HTTP/1.1" status: 200 len: 1155 time: 0.0850229
2026-07-16 08:03:35.873 10 INFO neutron.api.wsgi [None req-1ad366b8-ab25-40b9-8644-c1f040033be7 b9ce937a6031456c94b46a52e5f6e3d0 1ccb513f25fc44f4bd438183ad6c0ea8 - - default default] 10.0.0.37 "GET /v2.0/agents?binary=ovn-controller HTTP/1.1" status: 200 len: 591 time: 0.0296373
2026-07-16 08:03:35.886 10 INFO neutron.api.wsgi [None req-135763fe-5131-4b8b-b645-2a2afb11f202 b9ce937a6031456c94b46a52e5f6e3d0 1ccb513f25fc44f4bd438183ad6c0ea8 - - default default] 10.0.0.37 "GET /v2.0/agents HTTP/1.1" status: 200 len: 1390 time: 0.0124741
2026-07-16 08:03:35.919 10 INFO neutron.api.wsgi [None req-46be3435-3af1-4df3-bf98-0551bde8b875 b9ce937a6031456c94b46a52e5f6e3d0 1ccb513f25fc44f4bd438183ad6c0ea8 - - default default] 10.0.0.37 "GET /v2.0/security-groups HTTP/1.1" status: 200 len: 20474 time: 0.0318792
2026-07-16 08:03:35.939 10 INFO neutron.api.wsgi [None req-e00bdae0-19d8-4704-a3d1-8d536d952a4f b9ce937a6031456c94b46a52e5f6e3d0 1ccb513f25fc44f4bd438183ad6c0ea8 - - default default] 10.0.0.37 "GET /v2.0/network-ip-availabilities HTTP/1.1" status: 200 len: 1762 time: 0.0150328
2026-07-16 08:03:35.960 10 INFO neutron.api.wsgi [None req-b5404d75-f24c-4214-b853-2e8757e76db3 b9ce937a6031456c94b46a52e5f6e3d0 1ccb513f25fc44f4bd438183ad6c0ea8 - - default default] 10.0.0.37 "GET /v2.0/floatingips HTTP/1.1" status: 200 len: 193 time: 0.0204082
2026-07-16 08:03:35.988 10 INFO neutron.api.wsgi [None req-984f7583-431a-46b2-be17-fca191e349bb b9ce937a6031456c94b46a52e5f6e3d0 1ccb513f25fc44f4bd438183ad6c0ea8 - - default default] 10.0.0.37 "GET /v2.0/subnets HTTP/1.1" status: 200 len: 2167 time: 0.0268121
2026-07-16 08:03:35.997 10 INFO neutron.api.wsgi [None req-22aa9cfe-72f9-43d5-a2c6-72266d7713c3 b9ce937a6031456c94b46a52e5f6e3d0 1ccb513f25fc44f4bd438183ad6c0ea8 - - default default] 10.0.0.37 "GET /v2.0/subnetpools HTTP/1.1" status: 200 len: 193 time: 0.0081978
2026-07-16 08:03:36.047 10 INFO neutron.api.wsgi [None req-303a0945-e258-4e5c-a64c-7c1c13e928a2 b9ce937a6031456c94b46a52e5f6e3d0 1ccb513f25fc44f4bd438183ad6c0ea8 - - default default] 10.0.0.37 "GET /v2.0/networks HTTP/1.1" status: 200 len: 3113 time: 0.0489557
2026-07-16 08:03:36.063 9 INFO neutron.api.wsgi [req-ef5a05d3-49ee-495e-b53b-1a4a335af2c0 req-26e6007b-b7c5-4045-b360-53319db64201 ceeacea81e504f44895c79b76062587e d058b34b1af441a98fbe9b4d9d45ffe6 - - default default] 10.0.0.17 "GET /v2.0/ports?device_id=ade5b5e3-55fe-4f8d-b1c2-6d10e8c87b4e HTTP/1.1" status: 200 len: 210 time: 0.0310979
2026-07-16 08:03:36.095 10 INFO neutron.api.wsgi [None req-7b32a550-c6d1-40f0-bebe-fbc0cf09e08e b9ce937a6031456c94b46a52e5f6e3d0 1ccb513f25fc44f4bd438183ad6c0ea8 - - default default] 10.0.0.37 "GET /v2.0/subnets HTTP/1.1" status: 200 len: 2167 time: 0.0445871
2026-07-16 08:03:36.916 9 INFO neutron.api.wsgi [req-66e05c13-d66c-4157-bc36-f0119b5dd124 req-c697f467-fa9b-454b-8884-bf9083fa13ee ceeacea81e504f44895c79b76062587e d058b34b1af441a98fbe9b4d9d45ffe6 - - default default] 199.19.213.177 "GET /v2.0/networks?id=d267897b-b429-4c7a-9d81-9f9cd157adc3 HTTP/1.1" status: 200 len: 877 time: 0.0430934
2026-07-16 08:03:36.926 9 WARNING neutron_lib.context [req-66e05c13-d66c-4157-bc36-f0119b5dd124 req-94aa64d1-fc49-483e-86cc-9b2c3d112de2 ceeacea81e504f44895c79b76062587e d058b34b1af441a98fbe9b4d9d45ffe6 - - default default] Method 'is_advsvc' is deprecated since 2023.2 release (neutron-lib 3.8.0) and will be removed once support for the old RBAC API policies will be removed from Neutron. Please use method 'is_service_role' instead.
2026-07-16 08:03:37.142 10 INFO neutron.api.wsgi [req-25b410b0-5022-440f-acbf-c70d7fa99f45 req-ed4da62a-48a7-4475-9c84-883ff872541f ceeacea81e504f44895c79b76062587e d058b34b1af441a98fbe9b4d9d45ffe6 - - default default] 10.0.0.17 "GET /v2.0/ports?device_id=ade5b5e3-55fe-4f8d-b1c2-6d10e8c87b4e HTTP/1.1" status: 200 len: 210 time: 0.0231304
2026-07-16 08:03:37.191 9 WARNING neutron.scheduler.dhcp_agent_scheduler [req-66e05c13-d66c-4157-bc36-f0119b5dd124 req-94aa64d1-fc49-483e-86cc-9b2c3d112de2 ceeacea81e504f44895c79b76062587e d058b34b1af441a98fbe9b4d9d45ffe6 - - default default] No more DHCP agents
2026-07-16 08:03:37.193 9 WARNING neutron.api.rpc.agentnotifiers.dhcp_rpc_agent_api [req-66e05c13-d66c-4157-bc36-f0119b5dd124 req-94aa64d1-fc49-483e-86cc-9b2c3d112de2 ceeacea81e504f44895c79b76062587e d058b34b1af441a98fbe9b4d9d45ffe6 - - default default] Unable to schedule network d267897b-b429-4c7a-9d81-9f9cd157adc3: no agents available; will retry on subsequent port and subnet creation events.
2026-07-16 08:03:37.195 9 WARNING neutron.plugins.ml2.drivers.ovn.mech_driver.ovsdb.ovn_client [None req-77bb118b-b780-407e-9336-f81ca64fe8c2 - - - - - -] No hosting information found for port 3e57f7c6-9b09-4e84-9f76-f545e42a3e78: RuntimeError: No hosting information found for port 3e57f7c6-9b09-4e84-9f76-f545e42a3e78
2026-07-16 08:03:37.264 9 INFO neutron.db.ovn_revision_numbers_db [None req-77bb118b-b780-407e-9336-f81ca64fe8c2 - - - - - -] Successfully bumped revision number for resource 3e57f7c6-9b09-4e84-9f76-f545e42a3e78 (type: router_ports) to 2
2026-07-16 08:03:37.325 9 INFO neutron.db.ovn_revision_numbers_db [req-66e05c13-d66c-4157-bc36-f0119b5dd124 req-94aa64d1-fc49-483e-86cc-9b2c3d112de2 ceeacea81e504f44895c79b76062587e d058b34b1af441a98fbe9b4d9d45ffe6 - - default default] Successfully bumped revision number for resource 835dc6e8-83c2-432f-a784-441e77324fe6 (type: ports) to 1
2026-07-16 08:03:37.344 9 INFO neutron.api.wsgi [req-66e05c13-d66c-4157-bc36-f0119b5dd124 req-94aa64d1-fc49-483e-86cc-9b2c3d112de2 ceeacea81e504f44895c79b76062587e d058b34b1af441a98fbe9b4d9d45ffe6 - - default default] 199.19.213.177 "POST /v2.0/ports HTTP/1.1" status: 201 len: 1158 time: 0.4230578 /var/lib/openstack/lib/python3.12/site-packages/pycadf/identifier.py:71: UserWarning: Invalid uuid: neutron. To ensure interoperability, identifiers should be a valid uuid. warnings.warn(('Invalid uuid: %s. To ensure interoperability, '
2026-07-16 08:03:37.708 9 INFO neutron.db.ovn_revision_numbers_db [req-66e05c13-d66c-4157-bc36-f0119b5dd124 req-a9577cb0-f582-4660-8bfc-2334bfde2db1 ffa3e627b4de4f94a723cdbe4373c377 5e17cd22ac7a410482bcc6c4d3c6e31a - - 69faa7a73d15429097d2f6940a1a579e 69faa7a73d15429097d2f6940a1a579e] Successfully bumped revision number for resource 835dc6e8-83c2-432f-a784-441e77324fe6 (type: ports) to 2
2026-07-16 08:03:37.922 9 INFO neutron.db.ovn_revision_numbers_db [req-66e05c13-d66c-4157-bc36-f0119b5dd124 req-a9577cb0-f582-4660-8bfc-2334bfde2db1 ffa3e627b4de4f94a723cdbe4373c377 5e17cd22ac7a410482bcc6c4d3c6e31a - - 69faa7a73d15429097d2f6940a1a579e 69faa7a73d15429097d2f6940a1a579e] Successfully bumped revision number for resource 835dc6e8-83c2-432f-a784-441e77324fe6 (type: ports) to 4
2026-07-16 08:03:37.942 9 INFO neutron.api.wsgi [req-66e05c13-d66c-4157-bc36-f0119b5dd124 req-a9577cb0-f582-4660-8bfc-2334bfde2db1 ffa3e627b4de4f94a723cdbe4373c377 5e17cd22ac7a410482bcc6c4d3c6e31a - - 69faa7a73d15429097d2f6940a1a579e 69faa7a73d15429097d2f6940a1a579e] 199.19.213.177 "PUT /v2.0/ports/835dc6e8-83c2-432f-a784-441e77324fe6 HTTP/1.1" status: 200 len: 1404 time: 0.5879784
2026-07-16 08:03:37.986 9 INFO neutron.notifiers.nova [-] Nova event matching ['req-ded4c0c6-4dfb-4d1d-be2f-06c705a78f88'] response: {'name': 'network-changed', 'server_uuid': 'ade5b5e3-55fe-4f8d-b1c2-6d10e8c87b4e', 'tag': '835dc6e8-83c2-432f-a784-441e77324fe6', 'status': 'completed', 'code': 200} /var/lib/openstack/lib/python3.12/site-packages/pycadf/identifier.py:71: UserWarning: Invalid uuid: neutron. To ensure interoperability, identifiers should be a valid uuid. warnings.warn(('Invalid uuid: %s. To ensure interoperability, '
2026-07-16 08:03:38.131 9 WARNING neutron_lib.context [None req-c81b1c8f-42c8-4dbd-91d3-ca2e707c26e7 b2cf7df87dfa4ef98024da1adda2b1f7 dc857324ae19465c88ffe1ddad648d6f - - default default] Method 'is_advsvc' is deprecated since 2023.2 release (neutron-lib 3.8.0) and will be removed once support for the old RBAC API policies will be removed from Neutron. Please use method 'is_service_role' instead.
2026-07-16 08:03:38.240 9 INFO neutron.db.ovn_revision_numbers_db [None req-c81b1c8f-42c8-4dbd-91d3-ca2e707c26e7 b2cf7df87dfa4ef98024da1adda2b1f7 dc857324ae19465c88ffe1ddad648d6f - - default default] Successfully bumped revision number for resource b984d9dc-a366-41d4-ae51-c9f3f873ed11 (type: security_groups) to 1
2026-07-16 08:03:38.252 9 INFO neutron.db.ovn_revision_numbers_db [None req-c81b1c8f-42c8-4dbd-91d3-ca2e707c26e7 b2cf7df87dfa4ef98024da1adda2b1f7 dc857324ae19465c88ffe1ddad648d6f - - default default] Successfully bumped revision number for resource 18302188-477a-4678-9517-a94346126cdd (type: security_group_rules) to 0
2026-07-16 08:03:38.264 9 INFO neutron.db.ovn_revision_numbers_db [None req-c81b1c8f-42c8-4dbd-91d3-ca2e707c26e7 b2cf7df87dfa4ef98024da1adda2b1f7 dc857324ae19465c88ffe1ddad648d6f - - default default] Successfully bumped revision number for resource 43e0d05c-9f81-4165-a22d-8397c70d09f7 (type: security_group_rules) to 0
2026-07-16 08:03:38.272 10 INFO neutron.api.wsgi [req-e270ef74-2d08-4d26-bdfb-c3137af4f4d7 req-097161c4-3409-45ff-a813-cb5c2d2a74b0 ceeacea81e504f44895c79b76062587e d058b34b1af441a98fbe9b4d9d45ffe6 - - default default] 10.0.0.17 "GET /v2.0/ports?device_id=ade5b5e3-55fe-4f8d-b1c2-6d10e8c87b4e HTTP/1.1" status: 200 len: 1168 time: 0.0744619
2026-07-16 08:03:38.280 9 INFO neutron.db.ovn_revision_numbers_db [None req-c81b1c8f-42c8-4dbd-91d3-ca2e707c26e7 b2cf7df87dfa4ef98024da1adda2b1f7 dc857324ae19465c88ffe1ddad648d6f - - default default] Successfully bumped revision number for resource 84296336-5a65-4a0a-883c-4c1d045660a3 (type: security_group_rules) to 0
2026-07-16 08:03:38.310 9 INFO neutron.db.ovn_revision_numbers_db [None req-c81b1c8f-42c8-4dbd-91d3-ca2e707c26e7 b2cf7df87dfa4ef98024da1adda2b1f7 dc857324ae19465c88ffe1ddad648d6f - - default default] Successfully bumped revision number for resource f9735d1d-3b6d-420e-855f-9fb3c7f6ddc6 (type: security_group_rules) to 0
2026-07-16 08:03:38.321 10 INFO neutron.api.wsgi [req-e270ef74-2d08-4d26-bdfb-c3137af4f4d7 req-4db2646e-59c8-4e50-9309-2fe016004371 ceeacea81e504f44895c79b76062587e d058b34b1af441a98fbe9b4d9d45ffe6 - - default default] 10.0.0.17 "GET /v2.0/security-groups?id=7cce57c2-7297-45fc-af04-5a05eaeb5596&fields=id&fields=name HTTP/1.1" status: 200 len: 286 time: 0.0416980
2026-07-16 08:03:38.375 9 INFO neutron.db.segments_db [None req-c81b1c8f-42c8-4dbd-91d3-ca2e707c26e7 b2cf7df87dfa4ef98024da1adda2b1f7 dc857324ae19465c88ffe1ddad648d6f - - default default] Added segment 7dfc8dd1-c12d-4606-94e8-f44a12777588 of type geneve for network 848df84a-2b48-4881-a983-ca66f081638f
2026-07-16 08:03:38.489 9 INFO neutron.db.ovn_revision_numbers_db [None req-c81b1c8f-42c8-4dbd-91d3-ca2e707c26e7 b2cf7df87dfa4ef98024da1adda2b1f7 dc857324ae19465c88ffe1ddad648d6f - - default default] Successfully bumped revision number for resource 848df84a-2b48-4881-a983-ca66f081638f (type: networks) to 1
2026-07-16 08:03:38.550 9 INFO neutron.api.wsgi [req-e08f47de-9c32-4dbd-9651-34dfd588ea35 req-7b0fcd38-591f-4ab6-8ce6-d91a69944ba1 ffa3e627b4de4f94a723cdbe4373c377 5e17cd22ac7a410482bcc6c4d3c6e31a - - 69faa7a73d15429097d2f6940a1a579e 69faa7a73d15429097d2f6940a1a579e] 199.19.213.177 "GET /v2.0/ports?tenant_id=d058b34b1af441a98fbe9b4d9d45ffe6&device_id=ade5b5e3-55fe-4f8d-b1c2-6d10e8c87b4e HTTP/1.1" status: 200 len: 1407 time: 0.0533171
2026-07-16 08:03:38.619 9 INFO neutron.api.wsgi [req-e08f47de-9c32-4dbd-9651-34dfd588ea35 req-59542414-36b8-4f73-a77d-6fd9eef69c44 ffa3e627b4de4f94a723cdbe4373c377 5e17cd22ac7a410482bcc6c4d3c6e31a - - 69faa7a73d15429097d2f6940a1a579e 69faa7a73d15429097d2f6940a1a579e] 199.19.213.177 "GET /v2.0/networks?tenant_id=d058b34b1af441a98fbe9b4d9d45ffe6&shared=False HTTP/1.1" status: 200 len: 976 time: 0.0577109
2026-07-16 08:03:38.670 9 INFO neutron.api.wsgi [req-e08f47de-9c32-4dbd-9651-34dfd588ea35 req-24d9d766-9a73-42bf-9f59-12035743b83e ffa3e627b4de4f94a723cdbe4373c377 5e17cd22ac7a410482bcc6c4d3c6e31a - - 69faa7a73d15429097d2f6940a1a579e 69faa7a73d15429097d2f6940a1a579e] 199.19.213.177 "GET /v2.0/networks?shared=True HTTP/1.1" status: 200 len: 952 time: 0.0454242
2026-07-16 08:03:38.689 9 WARNING neutron.scheduler.dhcp_agent_scheduler [None req-c81b1c8f-42c8-4dbd-91d3-ca2e707c26e7 b2cf7df87dfa4ef98024da1adda2b1f7 dc857324ae19465c88ffe1ddad648d6f - - default default] No more DHCP agents
2026-07-16 08:03:38.690 9 WARNING neutron.api.rpc.agentnotifiers.dhcp_rpc_agent_api [None req-c81b1c8f-42c8-4dbd-91d3-ca2e707c26e7 b2cf7df87dfa4ef98024da1adda2b1f7 dc857324ae19465c88ffe1ddad648d6f - - default default] Unable to schedule network 848df84a-2b48-4881-a983-ca66f081638f: no agents available; will retry on subsequent port and subnet creation events.
2026-07-16 08:03:38.716 10 WARNING neutron_lib.context [None req-6777ec1b-2d2f-46b9-b5c4-277c2b58ca1b 25c37455438d4a11be1fbb6cebfeda0f 4f2ab21e00b2435eb8204e08fd3b228b - - default default] Method 'is_advsvc' is deprecated since 2023.2 release (neutron-lib 3.8.0) and will be removed once support for the old RBAC API policies will be removed from Neutron. Please use method 'is_service_role' instead.
2026-07-16 08:03:38.757 9 INFO neutron.db.ovn_revision_numbers_db [None req-c81b1c8f-42c8-4dbd-91d3-ca2e707c26e7 b2cf7df87dfa4ef98024da1adda2b1f7 dc857324ae19465c88ffe1ddad648d6f - - default default] Successfully bumped revision number for resource 628647fd-9d37-4c4b-850e-23ca5ce497d7 (type: ports) to 1
2026-07-16 08:03:38.780 9 INFO neutron.api.wsgi [None req-c81b1c8f-42c8-4dbd-91d3-ca2e707c26e7 b2cf7df87dfa4ef98024da1adda2b1f7 dc857324ae19465c88ffe1ddad648d6f - - default default] 10.0.0.205 "POST /v2.0/networks HTTP/1.1" status: 201 len: 830 time: 0.8101490
2026-07-16 08:03:38.782 10 INFO neutron.api.wsgi [None req-6777ec1b-2d2f-46b9-b5c4-277c2b58ca1b 25c37455438d4a11be1fbb6cebfeda0f 4f2ab21e00b2435eb8204e08fd3b228b - - default default] 10.0.0.205 "POST /v2.0/subnetpools HTTP/1.1" status: 201 len: 715 time: 0.1705375
2026-07-16 08:03:38.790 9 WARNING neutron_lib.context [None req-75eaca61-3dcc-4e18-8cc7-21612af83aca 25c37455438d4a11be1fbb6cebfeda0f 4f2ab21e00b2435eb8204e08fd3b228b - - default default] Method 'is_advsvc' is deprecated since 2023.2 release (neutron-lib 3.8.0) and will be removed once support for the old RBAC API policies will be removed from Neutron. Please use method 'is_service_role' instead.
2026-07-16 08:03:38.791 10 WARNING neutron_lib.context [None req-56011a95-a74d-4111-8a42-2bd672735029 b2cf7df87dfa4ef98024da1adda2b1f7 dc857324ae19465c88ffe1ddad648d6f - - default default] Method 'is_advsvc' is deprecated since 2023.2 release (neutron-lib 3.8.0) and will be removed once support for the old RBAC API policies will be removed from Neutron. Please use method 'is_service_role' instead.
2026-07-16 08:03:38.846 9 INFO neutron.api.wsgi [None req-75eaca61-3dcc-4e18-8cc7-21612af83aca 25c37455438d4a11be1fbb6cebfeda0f 4f2ab21e00b2435eb8204e08fd3b228b - - default default] 10.0.0.205 "POST /v2.0/subnetpools HTTP/1.1" status: 201 len: 715 time: 0.0599871
2026-07-16 08:03:38.856 9 WARNING neutron_lib.context [None req-0b56fc97-69fe-477a-8d14-7b2526db38e0 25c37455438d4a11be1fbb6cebfeda0f 4f2ab21e00b2435eb8204e08fd3b228b - - default default] Method 'is_advsvc' is deprecated since 2023.2 release (neutron-lib 3.8.0) and will be removed once support for the old RBAC API policies will be removed from Neutron. Please use method 'is_service_role' instead.
2026-07-16 08:03:38.900 10 INFO neutron.db.ovn_revision_numbers_db [None req-4e607513-dd31-4335-94ea-cb553425924d b9ce937a6031456c94b46a52e5f6e3d0 1ccb513f25fc44f4bd438183ad6c0ea8 - - default default] Successfully bumped revision number for resource c4873a59-3f76-46f1-aa13-d12927bd5abc (type: security_groups) to 1
2026-07-16 08:03:38.912 9 INFO neutron.api.wsgi [None req-0b56fc97-69fe-477a-8d14-7b2526db38e0 25c37455438d4a11be1fbb6cebfeda0f 4f2ab21e00b2435eb8204e08fd3b228b - - default default] 10.0.0.205 "POST /v2.0/subnetpools HTTP/1.1" status: 201 len: 715 time: 0.0612645
2026-07-16 08:03:38.920 9 WARNING neutron_lib.context [None req-af95ba4f-7424-408c-961f-3cc3a892e804 25c37455438d4a11be1fbb6cebfeda0f 4f2ab21e00b2435eb8204e08fd3b228b - - default default] Method 'is_advsvc' is deprecated since 2023.2 release (neutron-lib 3.8.0) and will be removed once support for the old RBAC API policies will be removed from Neutron. Please use method 'is_service_role' instead.
2026-07-16 08:03:38.928 10 INFO neutron.db.ovn_revision_numbers_db [None req-4e607513-dd31-4335-94ea-cb553425924d b9ce937a6031456c94b46a52e5f6e3d0 1ccb513f25fc44f4bd438183ad6c0ea8 - - default default] Successfully bumped revision number for resource bb810e38-52a6-4e5d-8373-24a8180380a7 (type: security_group_rules) to 0
2026-07-16 08:03:38.944 10 INFO neutron.db.ovn_revision_numbers_db [None req-4e607513-dd31-4335-94ea-cb553425924d b9ce937a6031456c94b46a52e5f6e3d0 1ccb513f25fc44f4bd438183ad6c0ea8 - - default default] Successfully bumped revision number for resource c3634c3a-a9e0-4947-95be-cff7f0da73a3 (type: security_group_rules) to 0
2026-07-16 08:03:38.961 10 INFO neutron.db.ovn_revision_numbers_db [None req-4e607513-dd31-4335-94ea-cb553425924d b9ce937a6031456c94b46a52e5f6e3d0 1ccb513f25fc44f4bd438183ad6c0ea8 - - default default] Successfully bumped revision number for resource ea3bfa2e-597d-4b43-9c69-d79c2aa1c3f7 (type: security_group_rules) to 0
2026-07-16 08:03:38.973 9 INFO neutron.api.wsgi [None req-af95ba4f-7424-408c-961f-3cc3a892e804 25c37455438d4a11be1fbb6cebfeda0f 4f2ab21e00b2435eb8204e08fd3b228b - - default default] 10.0.0.205 "POST /v2.0/subnetpools HTTP/1.1" status: 201 len: 715 time: 0.0564373
2026-07-16 08:03:38.981 9 WARNING neutron_lib.context [None req-c5650976-a778-4e70-9e33-f339f314103c 25c37455438d4a11be1fbb6cebfeda0f 4f2ab21e00b2435eb8204e08fd3b228b - - default default] Method 'is_advsvc' is deprecated since 2023.2 release (neutron-lib 3.8.0) and will be removed once support for the old RBAC API policies will be removed from Neutron. Please use method 'is_service_role' instead.
2026-07-16 08:03:38.983 10 INFO neutron.db.ovn_revision_numbers_db [None req-4e607513-dd31-4335-94ea-cb553425924d b9ce937a6031456c94b46a52e5f6e3d0 1ccb513f25fc44f4bd438183ad6c0ea8 - - default default] Successfully bumped revision number for resource fe5b559c-95ca-4d39-a35e-f743992c3d95 (type: security_group_rules) to 0
2026-07-16 08:03:39.023 10 INFO neutron.api.wsgi [None req-4e607513-dd31-4335-94ea-cb553425924d b9ce937a6031456c94b46a52e5f6e3d0 1ccb513f25fc44f4bd438183ad6c0ea8 - - default default] 10.0.0.205 "GET /v2.0/security-groups?tenant_id=df304c480dc64d8ba7fec383190bf4fd&name=default HTTP/1.1" status: 200 len: 3120 time: 0.3549769
2026-07-16 08:03:39.025 9 INFO neutron.api.wsgi [None req-c5650976-a778-4e70-9e33-f339f314103c 25c37455438d4a11be1fbb6cebfeda0f 4f2ab21e00b2435eb8204e08fd3b228b - - default default] 10.0.0.205 "POST /v2.0/subnetpools HTTP/1.1" status: 201 len: 715 time: 0.0486724
2026-07-16 08:03:39.028 10 WARNING neutron.scheduler.dhcp_agent_scheduler [None req-56011a95-a74d-4111-8a42-2bd672735029 b2cf7df87dfa4ef98024da1adda2b1f7 dc857324ae19465c88ffe1ddad648d6f - - default default] No more DHCP agents /var/lib/openstack/lib/python3.12/site-packages/pycadf/identifier.py:71: UserWarning: Invalid uuid: neutron. To ensure interoperability, identifiers should be a valid uuid. warnings.warn(('Invalid uuid: %s. To ensure interoperability, '
2026-07-16 08:03:39.031 10 WARNING neutron.api.rpc.agentnotifiers.dhcp_rpc_agent_api [None req-56011a95-a74d-4111-8a42-2bd672735029 b2cf7df87dfa4ef98024da1adda2b1f7 dc857324ae19465c88ffe1ddad648d6f - - default default] Unable to schedule network 848df84a-2b48-4881-a983-ca66f081638f: no agents available; will retry on subsequent port and subnet creation events.
2026-07-16 08:03:39.059 9 INFO neutron.api.wsgi [None req-1750c36c-4539-4424-ac39-6008ef13dfeb 25c37455438d4a11be1fbb6cebfeda0f 4f2ab21e00b2435eb8204e08fd3b228b - - default default] 10.0.0.205 "PUT /v2.0/subnetpools/e1be8181-b64b-41e0-8804-7118aaca8a70/tags HTTP/1.1" status: 200 len: 210 time: 0.0296581
2026-07-16 08:03:39.102 9 INFO neutron.api.wsgi [None req-9aa3f23d-ff3c-473a-8918-b849d738492d 25c37455438d4a11be1fbb6cebfeda0f 4f2ab21e00b2435eb8204e08fd3b228b - - default default] 10.0.0.205 "PUT /v2.0/subnetpools/c41e5c66-de7b-4635-9be2-cdc38daeef2d/tags HTTP/1.1" status: 200 len: 218 time: 0.0382411
2026-07-16 08:03:39.113 10 INFO neutron.db.ovn_revision_numbers_db [None req-56011a95-a74d-4111-8a42-2bd672735029 b2cf7df87dfa4ef98024da1adda2b1f7 dc857324ae19465c88ffe1ddad648d6f - - default default] Successfully bumped revision number for resource 426acf56-f938-4840-bf1e-2168f8448ee7 (type: ports) to 1
2026-07-16 08:03:39.136 10 INFO neutron.api.wsgi [None req-56011a95-a74d-4111-8a42-2bd672735029 b2cf7df87dfa4ef98024da1adda2b1f7 dc857324ae19465c88ffe1ddad648d6f - - default default] 10.0.0.205 "POST /v2.0/ports HTTP/1.1" status: 201 len: 942 time: 0.3500695
2026-07-16 08:03:39.138 9 INFO neutron.api.wsgi [None req-8dd9a971-254a-49ab-8df0-48a0711f564a 25c37455438d4a11be1fbb6cebfeda0f 4f2ab21e00b2435eb8204e08fd3b228b - - default default] 10.0.0.205 "PUT /v2.0/subnetpools/3a3c8cee-28e8-45ba-8584-ed6ca81fd7a7/tags HTTP/1.1" status: 200 len: 227 time: 0.0310357
2026-07-16 08:03:39.150 9 WARNING neutron_lib.context [None req-2fb1ec38-ce1c-4b2f-9a80-0eaf2389fe7c b2cf7df87dfa4ef98024da1adda2b1f7 dc857324ae19465c88ffe1ddad648d6f - - default default] Method 'is_advsvc' is deprecated since 2023.2 release (neutron-lib 3.8.0) and will be removed once support for the old RBAC API policies will be removed from Neutron. Please use method 'is_service_role' instead.
2026-07-16 08:03:39.181 9 INFO neutron.api.wsgi [None req-90eb50f6-5eab-4aad-9178-af337c38c105 25c37455438d4a11be1fbb6cebfeda0f 4f2ab21e00b2435eb8204e08fd3b228b - - default default] 10.0.0.205 "PUT /v2.0/subnetpools/8d6869d5-35c7-4141-bc7a-7822028cc1fb/tags HTTP/1.1" status: 200 len: 212 time: 0.0384324
2026-07-16 08:03:39.209 10 INFO neutron.api.wsgi [None req-dfd9ae52-22d7-4b52-9e9c-743f46601e33 25c37455438d4a11be1fbb6cebfeda0f 4f2ab21e00b2435eb8204e08fd3b228b - - default default] 10.0.0.205 "GET /v2.0/subnetpools?tags=red HTTP/1.1" status: 200 len: 1758 time: 0.0229399
2026-07-16 08:03:39.238 10 INFO neutron.api.wsgi [None req-3f139cb8-055a-400e-83a0-8a8736c4053e 25c37455438d4a11be1fbb6cebfeda0f 4f2ab21e00b2435eb8204e08fd3b228b - - default default] 10.0.0.205 "GET /v2.0/subnetpools?tags=red%2Cblue HTTP/1.1" status: 200 len: 1251 time: 0.0228817
2026-07-16 08:03:39.264 10 INFO neutron.api.wsgi [None req-322f56f4-f375-47c1-8fdd-8d0c82343fa0 25c37455438d4a11be1fbb6cebfeda0f 4f2ab21e00b2435eb8204e08fd3b228b - - default default] 10.0.0.205 "GET /v2.0/subnetpools?tags-any=blue HTTP/1.1" status: 200 len: 1251 time: 0.0213795
2026-07-16 08:03:39.268 10 INFO neutron.api.wsgi [None req-2af16e3c-0360-48b0-b2f7-83dab908dad2 b9ce937a6031456c94b46a52e5f6e3d0 1ccb513f25fc44f4bd438183ad6c0ea8 - - default default] 10.0.0.205 "DELETE /v2.0/security-groups/c4873a59-3f76-46f1-aa13-d12927bd5abc HTTP/1.1" status: 204 len: 168 time: 0.2402630
2026-07-16 08:03:39.284 10 INFO neutron.api.wsgi [None req-cc49e394-df27-4f03-976e-cab48e94a457 25c37455438d4a11be1fbb6cebfeda0f 4f2ab21e00b2435eb8204e08fd3b228b - - default default] 10.0.0.205 "GET /v2.0/subnetpools?tags-any=red%2Cblue HTTP/1.1" status: 200 len: 1758 time: 0.0144503
2026-07-16 08:03:39.339 9 INFO neutron.api.wsgi [None req-c6621fb9-17fe-4ace-bdea-b1c2b94b0d91 25c37455438d4a11be1fbb6cebfeda0f 4f2ab21e00b2435eb8204e08fd3b228b - - default default] 10.0.0.205 "GET /v2.0/subnetpools?not-tags=red HTTP/1.1" status: 200 len: 1223 time: 0.0422995
2026-07-16 08:03:39.363 10 INFO neutron.api.wsgi [None req-e3b692c4-e240-4ed3-9be0-1f58b94b54ec 25c37455438d4a11be1fbb6cebfeda0f 4f2ab21e00b2435eb8204e08fd3b228b - - default default] 10.0.0.205 "GET /v2.0/subnetpools?not-tags=red%2Cblue HTTP/1.1" status: 200 len: 1730 time: 0.0188000
2026-07-16 08:03:39.386 9 INFO neutron.api.wsgi [None req-2fb1ec38-ce1c-4b2f-9a80-0eaf2389fe7c b2cf7df87dfa4ef98024da1adda2b1f7 dc857324ae19465c88ffe1ddad648d6f - - default default] 10.0.0.205 "POST /v2.0/trunks HTTP/1.1" status: 201 len: 608 time: 0.2441113
2026-07-16 08:03:39.387 10 INFO neutron.api.wsgi [None req-c9af738e-c3a0-46a9-875a-970df7889086 25c37455438d4a11be1fbb6cebfeda0f 4f2ab21e00b2435eb8204e08fd3b228b - - default default] 10.0.0.205 "GET /v2.0/subnetpools?not-tags-any=blue HTTP/1.1" status: 200 len: 1730 time: 0.0187387
2026-07-16 08:03:39.396 10 WARNING neutron_lib.context [None req-42f59536-4109-4316-8843-90e4a2e44796 b2cf7df87dfa4ef98024da1adda2b1f7 dc857324ae19465c88ffe1ddad648d6f - - default default] Method 'is_advsvc' is deprecated since 2023.2 release (neutron-lib 3.8.0) and will be removed once support for the old RBAC API policies will be removed from Neutron. Please use method 'is_service_role' instead.
