2026-07-16 08:03:50.539 10 INFO neutron.db.ovn_revision_numbers_db [None req-f321731b-e118-448d-8398-cb068035a60f b9ce937a6031456c94b46a52e5f6e3d0 1ccb513f25fc44f4bd438183ad6c0ea8 - - default default] Successfully bumped revision number for resource 2d4503b8-821f-43e7-ba46-3b0cd913f7aa (type: security_groups) to 1
2026-07-16 08:03:50.560 10 INFO neutron.db.ovn_revision_numbers_db [None req-f321731b-e118-448d-8398-cb068035a60f b9ce937a6031456c94b46a52e5f6e3d0 1ccb513f25fc44f4bd438183ad6c0ea8 - - default default] Successfully bumped revision number for resource 4c688786-a9c6-496c-8cce-c564dd32a668 (type: security_group_rules) to 0
2026-07-16 08:03:50.578 10 INFO neutron.db.ovn_revision_numbers_db [None req-f321731b-e118-448d-8398-cb068035a60f b9ce937a6031456c94b46a52e5f6e3d0 1ccb513f25fc44f4bd438183ad6c0ea8 - - default default] Successfully bumped revision number for resource a90881af-5683-4aa6-aa23-f667c487c553 (type: security_group_rules) to 0
2026-07-16 08:03:50.600 10 INFO neutron.db.ovn_revision_numbers_db [None req-f321731b-e118-448d-8398-cb068035a60f b9ce937a6031456c94b46a52e5f6e3d0 1ccb513f25fc44f4bd438183ad6c0ea8 - - default default] Successfully bumped revision number for resource c04a18df-511e-45c1-b14b-f2339fda4923 (type: security_group_rules) to 0
2026-07-16 08:03:50.625 10 INFO neutron.db.ovn_revision_numbers_db [None req-f321731b-e118-448d-8398-cb068035a60f b9ce937a6031456c94b46a52e5f6e3d0 1ccb513f25fc44f4bd438183ad6c0ea8 - - default default] Successfully bumped revision number for resource c94715a5-451c-4dbb-aa8c-4fba8081efa2 (type: security_group_rules) to 0
2026-07-16 08:03:50.635 10 WARNING neutron.scheduler.dhcp_agent_scheduler [None req-69c58ad8-b089-4ac6-9dcb-28da2721eaab 195527d10b6d430997e8c28c04b01dff b9dcfd3d5aa54a3ead6124e7c0f82fa5 - - default default] No more DHCP agents
2026-07-16 08:03:50.642 10 WARNING neutron.api.rpc.agentnotifiers.dhcp_rpc_agent_api [None req-69c58ad8-b089-4ac6-9dcb-28da2721eaab 195527d10b6d430997e8c28c04b01dff b9dcfd3d5aa54a3ead6124e7c0f82fa5 - - default default] Unable to schedule network 8e3cdf17-1fbc-4739-81ce-2577f2397eca: no agents available; will retry on subsequent port and subnet creation events.
2026-07-16 08:03:50.688 10 INFO neutron.api.wsgi [None req-f321731b-e118-448d-8398-cb068035a60f b9ce937a6031456c94b46a52e5f6e3d0 1ccb513f25fc44f4bd438183ad6c0ea8 - - default default] 10.0.0.205 "GET /v2.0/security-groups?tenant_id=efe290213fdb4e068244e0080dd81794&name=default HTTP/1.1" status: 200 len: 3120 time: 0.4058518
2026-07-16 08:03:50.778 10 INFO neutron.db.ovn_revision_numbers_db [None req-69c58ad8-b089-4ac6-9dcb-28da2721eaab 195527d10b6d430997e8c28c04b01dff b9dcfd3d5aa54a3ead6124e7c0f82fa5 - - default default] Successfully bumped revision number for resource 07777249-ce7e-41b4-a8d2-7df58fd5800d (type: ports) to 1
2026-07-16 08:03:50.800 10 INFO neutron.api.wsgi [None req-69c58ad8-b089-4ac6-9dcb-28da2721eaab 195527d10b6d430997e8c28c04b01dff b9dcfd3d5aa54a3ead6124e7c0f82fa5 - - default default] 10.0.0.205 "POST /v2.0/networks HTTP/1.1" status: 201 len: 853 time: 0.6231084
2026-07-16 08:03:50.808 10 INFO neutron.api.wsgi [None req-c75c08b6-b930-4dce-a763-3bfe4821a8e6 b2cf7df87dfa4ef98024da1adda2b1f7 dc857324ae19465c88ffe1ddad648d6f - - default default] 10.0.0.205 "DELETE /v2.0/networks/0c75ae15-2a72-48ea-9cfc-dd9627bf4921 HTTP/1.1" status: 204 len: 168 time: 0.4953504
2026-07-16 08:03:50.811 10 WARNING neutron_lib.context [None req-5f550448-2c39-4412-9c9f-dd62d70eb05b 195527d10b6d430997e8c28c04b01dff b9dcfd3d5aa54a3ead6124e7c0f82fa5 - - default default] Method 'is_advsvc' is deprecated since 2023.2 release (neutron-lib 3.8.0) and will be removed once support for the old RBAC API policies will be removed from Neutron. Please use method 'is_service_role' instead.
2026-07-16 08:03:50.840 10 WARNING neutron_lib.context [None req-5f550448-2c39-4412-9c9f-dd62d70eb05b 195527d10b6d430997e8c28c04b01dff b9dcfd3d5aa54a3ead6124e7c0f82fa5 - - default default] Method 'is_advsvc' is deprecated since 2023.2 release (neutron-lib 3.8.0) and will be removed once support for the old RBAC API policies will be removed from Neutron. Please use method 'is_service_role' instead.
2026-07-16 08:03:50.976 10 INFO neutron.api.wsgi [None req-41a1d5c8-c4ee-4a83-a4a0-ec636cdd0850 b9ce937a6031456c94b46a52e5f6e3d0 1ccb513f25fc44f4bd438183ad6c0ea8 - - default default] 10.0.0.205 "DELETE /v2.0/security-groups/2d4503b8-821f-43e7-ba46-3b0cd913f7aa HTTP/1.1" status: 204 len: 168 time: 0.2777286
2026-07-16 08:03:51.140 9 INFO neutron.db.ovn_revision_numbers_db [None req-9149ae49-0d76-4212-828a-cd3019896abd b9ce937a6031456c94b46a52e5f6e3d0 1ccb513f25fc44f4bd438183ad6c0ea8 - - default default] Successfully bumped revision number for resource 96e0be70-da2a-412c-befe-fb3d8a8b91e8 (type: security_groups) to 1
2026-07-16 08:03:51.153 9 INFO neutron.db.ovn_revision_numbers_db [None req-9149ae49-0d76-4212-828a-cd3019896abd b9ce937a6031456c94b46a52e5f6e3d0 1ccb513f25fc44f4bd438183ad6c0ea8 - - default default] Successfully bumped revision number for resource 69ccda05-64be-4a79-9360-3133107ac8c7 (type: security_group_rules) to 0
2026-07-16 08:03:51.164 9 INFO neutron.db.ovn_revision_numbers_db [None req-9149ae49-0d76-4212-828a-cd3019896abd b9ce937a6031456c94b46a52e5f6e3d0 1ccb513f25fc44f4bd438183ad6c0ea8 - - default default] Successfully bumped revision number for resource 87c4072a-3a09-4076-8dfb-0f905f74a64c (type: security_group_rules) to 0
2026-07-16 08:03:51.177 9 INFO neutron.db.ovn_revision_numbers_db [None req-9149ae49-0d76-4212-828a-cd3019896abd b9ce937a6031456c94b46a52e5f6e3d0 1ccb513f25fc44f4bd438183ad6c0ea8 - - default default] Successfully bumped revision number for resource f430a531-c154-40e0-a4a2-79b3371ffa0b (type: security_group_rules) to 0
2026-07-16 08:03:51.189 9 INFO neutron.db.ovn_revision_numbers_db [None req-9149ae49-0d76-4212-828a-cd3019896abd b9ce937a6031456c94b46a52e5f6e3d0 1ccb513f25fc44f4bd438183ad6c0ea8 - - default default] Successfully bumped revision number for resource fbba525d-d704-4137-9413-3cbdbaeea302 (type: security_group_rules) to 0
2026-07-16 08:03:51.212 10 WARNING neutron.scheduler.dhcp_agent_scheduler [None req-5f550448-2c39-4412-9c9f-dd62d70eb05b 195527d10b6d430997e8c28c04b01dff b9dcfd3d5aa54a3ead6124e7c0f82fa5 - - default default] No more DHCP agents
2026-07-16 08:03:51.214 10 WARNING neutron.api.rpc.agentnotifiers.dhcp_rpc_agent_api [None req-5f550448-2c39-4412-9c9f-dd62d70eb05b 195527d10b6d430997e8c28c04b01dff b9dcfd3d5aa54a3ead6124e7c0f82fa5 - - default default] Unable to schedule network 675acb4a-c958-4e75-a636-33ae2294c241: no agents available; will retry on subsequent port and subnet creation events.
2026-07-16 08:03:51.214 9 INFO neutron.services.segments.plugin [-] Segment e06572dc-72c7-46ec-8fb6-ec3cfcb78b5a resource provider aggregate not found
2026-07-16 08:03:51.226 9 INFO neutron.services.segments.plugin [-] Segment e06572dc-72c7-46ec-8fb6-ec3cfcb78b5a resource provider aggregate not found
2026-07-16 08:03:51.231 9 INFO neutron.services.segments.plugin [-] Segment e06572dc-72c7-46ec-8fb6-ec3cfcb78b5a resource provider not found; error: Placement Client Error (4xx): {"errors": [{"status": 404, "title": "Not Found", "detail": "The resource could not be found.\n\n No resource provider with uuid e06572dc-72c7-46ec-8fb6-ec3cfcb78b5a found for delete ", "request_id": "req-85b50138-3a30-4af7-80ff-78cc9b7172e4"}]}
2026-07-16 08:03:51.236 9 INFO neutron.services.segments.plugin [-] Segment e06572dc-72c7-46ec-8fb6-ec3cfcb78b5a resource provider not found; error: Placement Client Error (4xx): {"errors": [{"status": 404, "title": "Not Found", "detail": "The resource could not be found.\n\n No resource provider with uuid e06572dc-72c7-46ec-8fb6-ec3cfcb78b5a found for delete ", "request_id": "req-05c3703f-dd60-442c-a81f-c5f027ea052f"}]}
2026-07-16 08:03:51.241 9 INFO neutron.api.wsgi [None req-9149ae49-0d76-4212-828a-cd3019896abd b9ce937a6031456c94b46a52e5f6e3d0 1ccb513f25fc44f4bd438183ad6c0ea8 - - default default] 10.0.0.205 "GET /v2.0/security-groups?tenant_id=73907b5051284eedb6e27b0951b511eb&name=default HTTP/1.1" status: 200 len: 3120 time: 0.1888592
2026-07-16 08:03:51.242 9 INFO neutron.services.segments.plugin [-] Segment 383ed6dc-c4e1-4096-bc4a-1afad9a8f3bd resource provider aggregate not found
2026-07-16 08:03:51.246 9 INFO neutron.services.segments.plugin [-] Segment 383ed6dc-c4e1-4096-bc4a-1afad9a8f3bd resource provider aggregate not found /var/lib/openstack/lib/python3.12/site-packages/pycadf/identifier.py:71: UserWarning: Invalid uuid: neutron. To ensure interoperability, identifiers should be a valid uuid. warnings.warn(('Invalid uuid: %s. To ensure interoperability, '
2026-07-16 08:03:51.257 9 INFO neutron.services.segments.plugin [-] Segment 383ed6dc-c4e1-4096-bc4a-1afad9a8f3bd resource provider not found; error: Placement Client Error (4xx): {"errors": [{"status": 404, "title": "Not Found", "detail": "The resource could not be found.\n\n No resource provider with uuid 383ed6dc-c4e1-4096-bc4a-1afad9a8f3bd found for delete ", "request_id": "req-8b271a22-fd8b-4e20-ac8c-dd3d7479f334"}]}
2026-07-16 08:03:51.261 10 INFO neutron.services.segments.plugin [-] Segment d5470010-e56e-43cf-9fce-60bf1ba53c97 resource provider aggregate not found
2026-07-16 08:03:51.266 9 INFO neutron.services.segments.plugin [-] Segment 383ed6dc-c4e1-4096-bc4a-1afad9a8f3bd resource provider not found; error: Placement Client Error (4xx): {"errors": [{"status": 404, "title": "Not Found", "detail": "The resource could not be found.\n\n No resource provider with uuid 383ed6dc-c4e1-4096-bc4a-1afad9a8f3bd found for delete ", "request_id": "req-dbea0439-3f88-4bc0-b9cd-8e72696de315"}]}
2026-07-16 08:03:51.267 10 INFO neutron.services.segments.plugin [-] Segment d5470010-e56e-43cf-9fce-60bf1ba53c97 resource provider aggregate not found
2026-07-16 08:03:51.271 10 INFO neutron.services.segments.plugin [-] Segment d5470010-e56e-43cf-9fce-60bf1ba53c97 resource provider not found; error: Placement Client Error (4xx): {"errors": [{"status": 404, "title": "Not Found", "detail": "The resource could not be found.\n\n No resource provider with uuid d5470010-e56e-43cf-9fce-60bf1ba53c97 found for delete ", "request_id": "req-4b5b4be4-5d01-4938-bf9f-8ab789ddda7f"}]}
2026-07-16 08:03:51.275 9 INFO neutron.services.segments.plugin [-] Segment fa115c54-05db-45f8-a951-929e19f05788 resource provider aggregate not found
2026-07-16 08:03:51.281 10 INFO neutron.services.segments.plugin [-] Segment d5470010-e56e-43cf-9fce-60bf1ba53c97 resource provider not found; error: Placement Client Error (4xx): {"errors": [{"status": 404, "title": "Not Found", "detail": "The resource could not be found.\n\n No resource provider with uuid d5470010-e56e-43cf-9fce-60bf1ba53c97 found for delete ", "request_id": "req-8a4d9d13-fdfb-4234-8de5-025ec69e5367"}]}
2026-07-16 08:03:51.281 9 INFO neutron.services.segments.plugin [-] Segment fa115c54-05db-45f8-a951-929e19f05788 resource provider aggregate not found
2026-07-16 08:03:51.285 9 INFO neutron.services.segments.plugin [-] Segment fa115c54-05db-45f8-a951-929e19f05788 resource provider not found; error: Placement Client Error (4xx): {"errors": [{"status": 404, "title": "Not Found", "detail": "The resource could not be found.\n\n No resource provider with uuid fa115c54-05db-45f8-a951-929e19f05788 found for delete ", "request_id": "req-72974a84-0307-462f-82aa-ff22fe2a86e0"}]}
2026-07-16 08:03:51.294 9 INFO neutron.services.segments.plugin [-] Segment fa115c54-05db-45f8-a951-929e19f05788 resource provider not found; error: Placement Client Error (4xx): {"errors": [{"status": 404, "title": "Not Found", "detail": "The resource could not be found.\n\n No resource provider with uuid fa115c54-05db-45f8-a951-929e19f05788 found for delete ", "request_id": "req-b85e8535-5c4d-47ac-93f7-a5a5d76c0c12"}]}
2026-07-16 08:03:51.295 10 INFO neutron.db.ovn_revision_numbers_db [None req-5f550448-2c39-4412-9c9f-dd62d70eb05b 195527d10b6d430997e8c28c04b01dff b9dcfd3d5aa54a3ead6124e7c0f82fa5 - - default default] Successfully bumped revision number for resource ce68d328-d92d-4bad-9fa5-d10495bcf9ae (type: ports) to 1
2026-07-16 08:03:51.298 9 INFO neutron.services.segments.plugin [-] Segment 882ab05f-44c2-4b67-a683-6c50d478e1ba resource provider aggregate not found
2026-07-16 08:03:51.306 9 INFO neutron.services.segments.plugin [-] Segment 882ab05f-44c2-4b67-a683-6c50d478e1ba resource provider not found; error: Placement Client Error (4xx): {"errors": [{"status": 404, "title": "Not Found", "detail": "The resource could not be found.\n\n No resource provider with uuid 882ab05f-44c2-4b67-a683-6c50d478e1ba found for delete ", "request_id": "req-95b14662-5ecd-4f0d-9e74-45a78e028d94"}]}
2026-07-16 08:03:51.313 9 INFO neutron.services.segments.plugin [-] Segment 882ab05f-44c2-4b67-a683-6c50d478e1ba resource provider aggregate not found
2026-07-16 08:03:51.327 9 INFO neutron.services.segments.plugin [-] Segment 882ab05f-44c2-4b67-a683-6c50d478e1ba resource provider not found; error: Placement Client Error (4xx): {"errors": [{"status": 404, "title": "Not Found", "detail": "The resource could not be found.\n\n No resource provider with uuid 882ab05f-44c2-4b67-a683-6c50d478e1ba found for delete ", "request_id": "req-a5979bcc-80df-4df9-81f9-f60467659616"}]}
2026-07-16 08:03:51.336 10 WARNING neutron.scheduler.dhcp_agent_scheduler [None req-5f550448-2c39-4412-9c9f-dd62d70eb05b 195527d10b6d430997e8c28c04b01dff b9dcfd3d5aa54a3ead6124e7c0f82fa5 - - default default] No more DHCP agents
2026-07-16 08:03:51.338 10 WARNING neutron.api.rpc.agentnotifiers.dhcp_rpc_agent_api [None req-5f550448-2c39-4412-9c9f-dd62d70eb05b 195527d10b6d430997e8c28c04b01dff b9dcfd3d5aa54a3ead6124e7c0f82fa5 - - default default] Unable to schedule network 8e3cdf17-1fbc-4739-81ce-2577f2397eca: no agents available; will retry on subsequent port and subnet creation events.
2026-07-16 08:03:51.411 10 INFO neutron.db.ovn_revision_numbers_db [None req-5f550448-2c39-4412-9c9f-dd62d70eb05b 195527d10b6d430997e8c28c04b01dff b9dcfd3d5aa54a3ead6124e7c0f82fa5 - - default default] Successfully bumped revision number for resource e3f5ebf6-f6b0-4a11-b11a-50f4b771460a (type: ports) to 1
2026-07-16 08:03:51.437 10 INFO neutron.api.wsgi [None req-5f550448-2c39-4412-9c9f-dd62d70eb05b 195527d10b6d430997e8c28c04b01dff b9dcfd3d5aa54a3ead6124e7c0f82fa5 - - default default] 10.0.0.205 "POST /v2.0/ports HTTP/1.1" status: 201 len: 1706 time: 0.6319153
2026-07-16 08:03:51.467 10 INFO neutron.api.wsgi [None req-31e4d405-66aa-43d5-a417-d0e294e27731 b9ce937a6031456c94b46a52e5f6e3d0 1ccb513f25fc44f4bd438183ad6c0ea8 - - default default] 10.0.0.205 "DELETE /v2.0/security-groups/96e0be70-da2a-412c-befe-fb3d8a8b91e8 HTTP/1.1" status: 204 len: 168 time: 0.2189565
2026-07-16 08:03:51.562 9 INFO neutron.api.wsgi [None req-e68a7386-c7d5-4000-b68f-58fed2918e90 195527d10b6d430997e8c28c04b01dff b9dcfd3d5aa54a3ead6124e7c0f82fa5 - - default default] 10.0.0.205 "GET /v2.0/ports HTTP/1.1" status: 200 len: 3213 time: 0.1200418
2026-07-16 08:03:51.612 9 INFO neutron.api.wsgi [req-446f344d-8338-4eea-ba41-098948c29d15 req-21b43219-5c71-4430-8170-d89ed3f87904 ceeacea81e504f44895c79b76062587e d058b34b1af441a98fbe9b4d9d45ffe6 - - default default] 10.0.0.17 "GET /v2.0/ports?device_id=ade5b5e3-55fe-4f8d-b1c2-6d10e8c87b4e HTTP/1.1" status: 200 len: 210 time: 0.0235529
2026-07-16 08:03:51.923 9 INFO neutron.api.wsgi [None req-03b6611a-a542-4be5-898d-7efb6d1f2393 195527d10b6d430997e8c28c04b01dff b9dcfd3d5aa54a3ead6124e7c0f82fa5 - - default default] 10.0.0.205 "DELETE /v2.0/ports/ce68d328-d92d-4bad-9fa5-d10495bcf9ae HTTP/1.1" status: 204 len: 168 time: 0.3542416
2026-07-16 08:03:52.003 9 INFO neutron.db.ovn_revision_numbers_db [None req-fc81b962-d60d-4d28-9eeb-1ba4ac416903 b9ce937a6031456c94b46a52e5f6e3d0 1ccb513f25fc44f4bd438183ad6c0ea8 - - default default] Successfully bumped revision number for resource 363042dd-64d1-4914-b828-7ae8f1fe274e (type: security_groups) to 1
2026-07-16 08:03:52.169 9 INFO neutron.db.ovn_revision_numbers_db [None req-fc81b962-d60d-4d28-9eeb-1ba4ac416903 b9ce937a6031456c94b46a52e5f6e3d0 1ccb513f25fc44f4bd438183ad6c0ea8 - - default default] Successfully bumped revision number for resource 557bc6ab-8f77-4ccc-bcb4-4dcd7c39c287 (type: security_group_rules) to 0
2026-07-16 08:03:52.397 9 INFO neutron.db.ovn_revision_numbers_db [None req-fc81b962-d60d-4d28-9eeb-1ba4ac416903 b9ce937a6031456c94b46a52e5f6e3d0 1ccb513f25fc44f4bd438183ad6c0ea8 - - default default] Successfully bumped revision number for resource 628f0642-f1ef-44cb-bd05-989325011f42 (type: security_group_rules) to 0
2026-07-16 08:03:52.432 9 INFO neutron.api.wsgi [None req-8946d6da-d490-487c-935d-158db100f207 195527d10b6d430997e8c28c04b01dff b9dcfd3d5aa54a3ead6124e7c0f82fa5 - - default default] 10.0.0.205 "DELETE /v2.0/ports/e3f5ebf6-f6b0-4a11-b11a-50f4b771460a HTTP/1.1" status: 204 len: 168 time: 0.5044909
2026-07-16 08:03:52.433 9 INFO neutron.db.ovn_revision_numbers_db [None req-fc81b962-d60d-4d28-9eeb-1ba4ac416903 b9ce937a6031456c94b46a52e5f6e3d0 1ccb513f25fc44f4bd438183ad6c0ea8 - - default default] Successfully bumped revision number for resource 74c78147-a877-45b4-a7db-1cb6f18265ec (type: security_group_rules) to 0
2026-07-16 08:03:52.459 9 INFO neutron.db.ovn_revision_numbers_db [None req-fc81b962-d60d-4d28-9eeb-1ba4ac416903 b9ce937a6031456c94b46a52e5f6e3d0 1ccb513f25fc44f4bd438183ad6c0ea8 - - default default] Successfully bumped revision number for resource 9e2bd5ab-9df8-4a3d-b2e2-78bb9c420fb9 (type: security_group_rules) to 0
2026-07-16 08:03:52.475 9 INFO neutron.api.wsgi [None req-021eff29-e36c-47ff-bd34-bd4aace70d76 195527d10b6d430997e8c28c04b01dff b9dcfd3d5aa54a3ead6124e7c0f82fa5 - - default default] 10.0.0.205 "GET /v2.0/ports HTTP/1.1" status: 200 len: 1718 time: 0.0378041
2026-07-16 08:03:52.485 9 WARNING neutron_lib.context [None req-35708854-b46d-4c53-b0fa-21c577c4f767 195527d10b6d430997e8c28c04b01dff b9dcfd3d5aa54a3ead6124e7c0f82fa5 - - default default] Method 'is_advsvc' is deprecated since 2023.2 release (neutron-lib 3.8.0) and will be removed once support for the old RBAC API policies will be removed from Neutron. Please use method 'is_service_role' instead.
2026-07-16 08:03:52.499 9 INFO neutron.api.wsgi [None req-fc81b962-d60d-4d28-9eeb-1ba4ac416903 b9ce937a6031456c94b46a52e5f6e3d0 1ccb513f25fc44f4bd438183ad6c0ea8 - - default default] 10.0.0.205 "GET /v2.0/security-groups?tenant_id=f372492d90db4eeba46b917eacca4f7e&name=default HTTP/1.1" status: 200 len: 3120 time: 0.9848356 /var/lib/openstack/lib/python3.12/site-packages/pycadf/identifier.py:71: UserWarning: Invalid uuid: neutron. To ensure interoperability, identifiers should be a valid uuid. warnings.warn(('Invalid uuid: %s. To ensure interoperability, '
2026-07-16 08:03:52.563 9 INFO neutron.db.segments_db [None req-35708854-b46d-4c53-b0fa-21c577c4f767 195527d10b6d430997e8c28c04b01dff b9dcfd3d5aa54a3ead6124e7c0f82fa5 - - default default] Added segment 4bc0ca5e-0304-4b83-b3fd-3718baf7326b of type geneve for network 1af2a185-062f-496f-bd9b-c7389acd3aca
2026-07-16 08:03:52.694 9 INFO neutron.db.ovn_revision_numbers_db [None req-35708854-b46d-4c53-b0fa-21c577c4f767 195527d10b6d430997e8c28c04b01dff b9dcfd3d5aa54a3ead6124e7c0f82fa5 - - default default] Successfully bumped revision number for resource 1af2a185-062f-496f-bd9b-c7389acd3aca (type: networks) to 1
2026-07-16 08:03:52.765 10 INFO neutron.api.wsgi [None req-eaf384ae-f079-41a5-85e0-ebe93b69b425 b9ce937a6031456c94b46a52e5f6e3d0 1ccb513f25fc44f4bd438183ad6c0ea8 - - default default] 10.0.0.205 "DELETE /v2.0/security-groups/363042dd-64d1-4914-b828-7ae8f1fe274e HTTP/1.1" status: 204 len: 168 time: 0.2590070
2026-07-16 08:03:52.844 9 WARNING neutron.scheduler.dhcp_agent_scheduler [None req-35708854-b46d-4c53-b0fa-21c577c4f767 195527d10b6d430997e8c28c04b01dff b9dcfd3d5aa54a3ead6124e7c0f82fa5 - - default default] No more DHCP agents
2026-07-16 08:03:52.845 9 WARNING neutron.api.rpc.agentnotifiers.dhcp_rpc_agent_api [None req-35708854-b46d-4c53-b0fa-21c577c4f767 195527d10b6d430997e8c28c04b01dff b9dcfd3d5aa54a3ead6124e7c0f82fa5 - - default default] Unable to schedule network 1af2a185-062f-496f-bd9b-c7389acd3aca: no agents available; will retry on subsequent port and subnet creation events.
2026-07-16 08:03:52.902 9 INFO neutron.db.ovn_revision_numbers_db [None req-35708854-b46d-4c53-b0fa-21c577c4f767 195527d10b6d430997e8c28c04b01dff b9dcfd3d5aa54a3ead6124e7c0f82fa5 - - default default] Successfully bumped revision number for resource 682f0fe5-6bb8-4273-b082-caf897df0ce7 (type: ports) to 1
2026-07-16 08:03:52.906 10 INFO neutron.api.wsgi [None req-aadcc9a7-1e14-4d52-8cdf-11beb644678d b9ce937a6031456c94b46a52e5f6e3d0 1ccb513f25fc44f4bd438183ad6c0ea8 - - default default] 10.0.0.205 "GET /v2.0/security-groups?tenant_id=dc857324ae19465c88ffe1ddad648d6f&name=default HTTP/1.1" status: 200 len: 3120 time: 0.0509939
2026-07-16 08:03:52.946 9 INFO neutron.api.wsgi [None req-35708854-b46d-4c53-b0fa-21c577c4f767 195527d10b6d430997e8c28c04b01dff b9dcfd3d5aa54a3ead6124e7c0f82fa5 - - default default] 10.0.0.205 "POST /v2.0/networks HTTP/1.1" status: 201 len: 852 time: 0.4637227
2026-07-16 08:03:52.958 9 WARNING neutron_lib.context [None req-839aa81c-6173-47be-9e86-bab0345b1b73 195527d10b6d430997e8c28c04b01dff b9dcfd3d5aa54a3ead6124e7c0f82fa5 - - default default] Method 'is_advsvc' is deprecated since 2023.2 release (neutron-lib 3.8.0) and will be removed once support for the old RBAC API policies will be removed from Neutron. Please use method 'is_service_role' instead.
2026-07-16 08:03:53.059 9 INFO neutron.db.segments_db [None req-839aa81c-6173-47be-9e86-bab0345b1b73 195527d10b6d430997e8c28c04b01dff b9dcfd3d5aa54a3ead6124e7c0f82fa5 - - default default] Added segment e8999624-8c4c-45bb-b232-c7fc4f4522c4 of type geneve for network bea2170b-53d6-4b45-9dda-bac7e4911a4b
2026-07-16 08:03:53.168 9 INFO neutron.api.wsgi [None req-db19ee5f-67f8-48fa-978f-c12bb97ba1dc b9ce937a6031456c94b46a52e5f6e3d0 1ccb513f25fc44f4bd438183ad6c0ea8 - - default default] 10.0.0.205 "DELETE /v2.0/security-groups/b984d9dc-a366-41d4-ae51-c9f3f873ed11 HTTP/1.1" status: 204 len: 168 time: 0.2573559
2026-07-16 08:03:53.215 9 INFO neutron.db.ovn_revision_numbers_db [None req-839aa81c-6173-47be-9e86-bab0345b1b73 195527d10b6d430997e8c28c04b01dff b9dcfd3d5aa54a3ead6124e7c0f82fa5 - - default default] Successfully bumped revision number for resource bea2170b-53d6-4b45-9dda-bac7e4911a4b (type: networks) to 1
2026-07-16 08:03:53.371 9 WARNING neutron.scheduler.dhcp_agent_scheduler [None req-839aa81c-6173-47be-9e86-bab0345b1b73 195527d10b6d430997e8c28c04b01dff b9dcfd3d5aa54a3ead6124e7c0f82fa5 - - default default] No more DHCP agents
2026-07-16 08:03:53.373 9 WARNING neutron.api.rpc.agentnotifiers.dhcp_rpc_agent_api [None req-839aa81c-6173-47be-9e86-bab0345b1b73 195527d10b6d430997e8c28c04b01dff b9dcfd3d5aa54a3ead6124e7c0f82fa5 - - default default] Unable to schedule network bea2170b-53d6-4b45-9dda-bac7e4911a4b: no agents available; will retry on subsequent port and subnet creation events.
2026-07-16 08:03:53.430 9 INFO neutron.db.ovn_revision_numbers_db [None req-839aa81c-6173-47be-9e86-bab0345b1b73 195527d10b6d430997e8c28c04b01dff b9dcfd3d5aa54a3ead6124e7c0f82fa5 - - default default] Successfully bumped revision number for resource 4381ec26-e529-43c4-91dd-50dbb2552a18 (type: ports) to 1
2026-07-16 08:03:53.447 10 INFO neutron.db.ovn_revision_numbers_db [None req-8f1934a9-2167-486e-bba3-7c231b5c8120 b9ce937a6031456c94b46a52e5f6e3d0 1ccb513f25fc44f4bd438183ad6c0ea8 - - default default] Successfully bumped revision number for resource c8014a53-0144-4672-8ea4-a87531e46164 (type: security_groups) to 1
2026-07-16 08:03:53.453 9 INFO neutron.api.wsgi [None req-839aa81c-6173-47be-9e86-bab0345b1b73 195527d10b6d430997e8c28c04b01dff b9dcfd3d5aa54a3ead6124e7c0f82fa5 - - default default] 10.0.0.205 "POST /v2.0/networks HTTP/1.1" status: 201 len: 853 time: 0.4987841
2026-07-16 08:03:53.472 10 INFO neutron.db.ovn_revision_numbers_db [None req-8f1934a9-2167-486e-bba3-7c231b5c8120 b9ce937a6031456c94b46a52e5f6e3d0 1ccb513f25fc44f4bd438183ad6c0ea8 - - default default] Successfully bumped revision number for resource 0f605a9a-ce38-4c7c-945b-c19ce363fefe (type: security_group_rules) to 0
2026-07-16 08:03:53.488 10 INFO neutron.db.ovn_revision_numbers_db [None req-8f1934a9-2167-486e-bba3-7c231b5c8120 b9ce937a6031456c94b46a52e5f6e3d0 1ccb513f25fc44f4bd438183ad6c0ea8 - - default default] Successfully bumped revision number for resource 194e8f8c-5fc8-4c4e-99ec-98a515726e85 (type: security_group_rules) to 0
2026-07-16 08:03:53.500 10 INFO neutron.db.ovn_revision_numbers_db [None req-8f1934a9-2167-486e-bba3-7c231b5c8120 b9ce937a6031456c94b46a52e5f6e3d0 1ccb513f25fc44f4bd438183ad6c0ea8 - - default default] Successfully bumped revision number for resource f7d83264-ef68-467d-909f-ee94f57757e8 (type: security_group_rules) to 0
2026-07-16 08:03:53.528 10 INFO neutron.db.ovn_revision_numbers_db [None req-8f1934a9-2167-486e-bba3-7c231b5c8120 b9ce937a6031456c94b46a52e5f6e3d0 1ccb513f25fc44f4bd438183ad6c0ea8 - - default default] Successfully bumped revision number for resource f97219a8-095f-440c-9c5d-915ff5b5b426 (type: security_group_rules) to 0
2026-07-16 08:03:53.557 10 INFO neutron.api.wsgi [None req-5f313740-3266-4f9c-821a-a6419ce548a2 b9ce937a6031456c94b46a52e5f6e3d0 1ccb513f25fc44f4bd438183ad6c0ea8 - - default default] 10.0.0.205 "PUT /v2.0/routers/4d999612-6232-466c-8c7d-5c802ed15915/remove_router_interface HTTP/1.1" status: 200 len: 503 time: 0.8848362
2026-07-16 08:03:53.577 10 INFO neutron.api.wsgi [None req-8f1934a9-2167-486e-bba3-7c231b5c8120 b9ce937a6031456c94b46a52e5f6e3d0 1ccb513f25fc44f4bd438183ad6c0ea8 - - default default] 10.0.0.205 "GET /v2.0/security-groups?tenant_id=f09530a4530345d0b70b8422703b3c2e&name=default HTTP/1.1" status: 200 len: 3120 time: 0.2741077 /var/lib/openstack/lib/python3.12/site-packages/pycadf/identifier.py:71: UserWarning: Invalid uuid: neutron. To ensure interoperability, identifiers should be a valid uuid. warnings.warn(('Invalid uuid: %s. To ensure interoperability, '
2026-07-16 08:03:53.787 10 INFO neutron.api.wsgi [None req-4d51a683-2e89-4b8f-8b3f-11c7b565f8e4 b9ce937a6031456c94b46a52e5f6e3d0 1ccb513f25fc44f4bd438183ad6c0ea8 - - default default] 10.0.0.205 "DELETE /v2.0/security-groups/c8014a53-0144-4672-8ea4-a87531e46164 HTTP/1.1" status: 204 len: 168 time: 0.2004967
2026-07-16 08:03:53.972 9 WARNING neutron_lib.context [None req-d3f02536-4381-4990-94fb-62a0a4f0259b 195527d10b6d430997e8c28c04b01dff b9dcfd3d5aa54a3ead6124e7c0f82fa5 - - default default] Method 'is_advsvc' is deprecated since 2023.2 release (neutron-lib 3.8.0) and will be removed once support for the old RBAC API policies will be removed from Neutron. Please use method 'is_service_role' instead.
2026-07-16 08:03:53.995 9 WARNING neutron_lib.context [None req-d3f02536-4381-4990-94fb-62a0a4f0259b 195527d10b6d430997e8c28c04b01dff b9dcfd3d5aa54a3ead6124e7c0f82fa5 - - default default] Method 'is_advsvc' is deprecated since 2023.2 release (neutron-lib 3.8.0) and will be removed once support for the old RBAC API policies will be removed from Neutron. Please use method 'is_service_role' instead.
2026-07-16 08:03:54.181 9 INFO neutron.api.wsgi [None req-39dc78a5-2a53-4aa5-849b-90c4255e6556 b9ce937a6031456c94b46a52e5f6e3d0 1ccb513f25fc44f4bd438183ad6c0ea8 - - default default] 10.0.0.205 "DELETE /v2.0/routers/4d999612-6232-466c-8c7d-5c802ed15915 HTTP/1.1" status: 204 len: 168 time: 0.6203027
2026-07-16 08:03:54.362 9 INFO neutron.api.wsgi [None req-0a6ac9f4-dcbe-4f1d-a56c-16781efd204f b9ce937a6031456c94b46a52e5f6e3d0 1ccb513f25fc44f4bd438183ad6c0ea8 - - default default] 10.0.0.205 "DELETE /v2.0/subnets/6e7e2126-29a6-4307-8020-31950f4b5e90 HTTP/1.1" status: 204 len: 168 time: 0.1768427
2026-07-16 08:03:54.362 9 WARNING neutron.scheduler.dhcp_agent_scheduler [None req-d3f02536-4381-4990-94fb-62a0a4f0259b 195527d10b6d430997e8c28c04b01dff b9dcfd3d5aa54a3ead6124e7c0f82fa5 - - default default] No more DHCP agents
2026-07-16 08:03:54.363 9 WARNING neutron.api.rpc.agentnotifiers.dhcp_rpc_agent_api [None req-d3f02536-4381-4990-94fb-62a0a4f0259b 195527d10b6d430997e8c28c04b01dff b9dcfd3d5aa54a3ead6124e7c0f82fa5 - - default default] Unable to schedule network 1af2a185-062f-496f-bd9b-c7389acd3aca: no agents available; will retry on subsequent port and subnet creation events.
2026-07-16 08:03:54.388 9 INFO neutron.db.ovn_revision_numbers_db [None req-d3f02536-4381-4990-94fb-62a0a4f0259b 195527d10b6d430997e8c28c04b01dff b9dcfd3d5aa54a3ead6124e7c0f82fa5 - - default default] Successfully bumped revision number for resource 68d09976-85a0-4eea-bdda-5b681dca5c85 (type: subnets) to 0
2026-07-16 08:03:54.412 9 WARNING neutron.scheduler.dhcp_agent_scheduler [None req-d3f02536-4381-4990-94fb-62a0a4f0259b 195527d10b6d430997e8c28c04b01dff b9dcfd3d5aa54a3ead6124e7c0f82fa5 - - default default] No more DHCP agents
2026-07-16 08:03:54.414 9 WARNING neutron.api.rpc.agentnotifiers.dhcp_rpc_agent_api [None req-d3f02536-4381-4990-94fb-62a0a4f0259b 195527d10b6d430997e8c28c04b01dff b9dcfd3d5aa54a3ead6124e7c0f82fa5 - - default default] Unable to schedule network bea2170b-53d6-4b45-9dda-bac7e4911a4b: no agents available; will retry on subsequent port and subnet creation events.
2026-07-16 08:03:54.448 9 INFO neutron.db.ovn_revision_numbers_db [None req-d3f02536-4381-4990-94fb-62a0a4f0259b 195527d10b6d430997e8c28c04b01dff b9dcfd3d5aa54a3ead6124e7c0f82fa5 - - default default] Successfully bumped revision number for resource 29e8614d-edb6-4394-9a1b-20d9da8a9956 (type: subnets) to 0
2026-07-16 08:03:54.464 9 INFO neutron.api.wsgi [None req-d3f02536-4381-4990-94fb-62a0a4f0259b 195527d10b6d430997e8c28c04b01dff b9dcfd3d5aa54a3ead6124e7c0f82fa5 - - default default] 10.0.0.205 "POST /v2.0/subnets HTTP/1.1" status: 201 len: 1523 time: 0.4972453
2026-07-16 08:03:54.504 9 INFO neutron.api.wsgi [None req-353a79eb-b254-40c7-84b9-2ddd755e1367 195527d10b6d430997e8c28c04b01dff b9dcfd3d5aa54a3ead6124e7c0f82fa5 - - default default] 10.0.0.205 "GET /v2.0/subnets HTTP/1.1" status: 200 len: 2154 time: 0.0345933
2026-07-16 08:03:54.648 10 INFO neutron.services.segments.plugin [-] Segment eedbafe4-b8e9-4a0a-9a71-cb25e8fe71fd resource provider aggregate not found
2026-07-16 08:03:54.653 10 INFO neutron.services.segments.plugin [-] Segment eedbafe4-b8e9-4a0a-9a71-cb25e8fe71fd resource provider aggregate not found
2026-07-16 08:03:54.669 10 INFO neutron.services.segments.plugin [-] Segment eedbafe4-b8e9-4a0a-9a71-cb25e8fe71fd resource provider not found; error: Placement Client Error (4xx): {"errors": [{"status": 404, "title": "Not Found", "detail": "The resource could not be found.\n\n No resource provider with uuid eedbafe4-b8e9-4a0a-9a71-cb25e8fe71fd found for delete ", "request_id": "req-4b11e49c-a94d-4673-8004-ef983c5bf2db"}]}
2026-07-16 08:03:54.671 10 INFO neutron.services.segments.plugin [-] Segment eedbafe4-b8e9-4a0a-9a71-cb25e8fe71fd resource provider not found; error: Placement Client Error (4xx): {"errors": [{"status": 404, "title": "Not Found", "detail": "The resource could not be found.\n\n No resource provider with uuid eedbafe4-b8e9-4a0a-9a71-cb25e8fe71fd found for delete ", "request_id": "req-2e63b7d4-80c9-4259-99c9-7886857d014a"}]}
2026-07-16 08:03:54.683 10 INFO neutron.api.wsgi [None req-98911f84-ebf2-4a99-99f4-c10117e2399a b9ce937a6031456c94b46a52e5f6e3d0 1ccb513f25fc44f4bd438183ad6c0ea8 - - default default] 10.0.0.205 "DELETE /v2.0/networks/d267897b-b429-4c7a-9d81-9f9cd157adc3 HTTP/1.1" status: 204 len: 168 time: 0.3146369
2026-07-16 08:03:54.686 9 INFO neutron.api.wsgi [None req-0bff677a-5f30-4ef6-a22e-e52ce552a02f 195527d10b6d430997e8c28c04b01dff b9dcfd3d5aa54a3ead6124e7c0f82fa5 - - default default] 10.0.0.205 "DELETE /v2.0/subnets/68d09976-85a0-4eea-bdda-5b681dca5c85 HTTP/1.1" status: 204 len: 168 time: 0.1691334
2026-07-16 08:03:54.841 9 INFO neutron.api.wsgi [None req-5c7272c9-220b-48fa-9fb0-aeae67ff45b3 195527d10b6d430997e8c28c04b01dff b9dcfd3d5aa54a3ead6124e7c0f82fa5 - - default default] 10.0.0.205 "DELETE /v2.0/subnets/29e8614d-edb6-4394-9a1b-20d9da8a9956 HTTP/1.1" status: 204 len: 168 time: 0.1491511
2026-07-16 08:03:54.868 10 INFO neutron.api.wsgi [None req-03b84098-b47e-4201-9f5c-80091dd4bf82 b9ce937a6031456c94b46a52e5f6e3d0 1ccb513f25fc44f4bd438183ad6c0ea8 - - default default] 10.0.0.205 "GET /v2.0/security-groups?tenant_id=d058b34b1af441a98fbe9b4d9d45ffe6&name=default HTTP/1.1" status: 200 len: 3120 time: 0.0334401
2026-07-16 08:03:55.106 9 WARNING neutron_lib.context [None req-c0521d68-5ecc-4aa9-87dd-82a8ea360a77 a2d02efedaa24be3b3d7758b9568225e 0b41f746229f406182067d0889967dd9 - - default default] Method 'is_advsvc' is deprecated since 2023.2 release (neutron-lib 3.8.0) and will be removed once support for the old RBAC API policies will be removed from Neutron. Please use method 'is_service_role' instead.
2026-07-16 08:03:55.123 9 INFO neutron.api.wsgi [None req-e88691d3-b17e-45b8-951b-e5ad60a650d1 195527d10b6d430997e8c28c04b01dff b9dcfd3d5aa54a3ead6124e7c0f82fa5 - - default default] 10.0.0.205 "GET /v2.0/subnets HTTP/1.1" status: 200 len: 843 time: 0.2782075
2026-07-16 08:03:55.162 10 INFO neutron.api.wsgi [None req-404750b8-83aa-4628-b81c-55f1000e3bfe b9ce937a6031456c94b46a52e5f6e3d0 1ccb513f25fc44f4bd438183ad6c0ea8 - - default default] 10.0.0.205 "DELETE /v2.0/security-groups/7cce57c2-7297-45fc-af04-5a05eaeb5596 HTTP/1.1" status: 204 len: 168 time: 0.2900004
2026-07-16 08:03:55.405 9 INFO neutron.db.ovn_revision_numbers_db [None req-c0521d68-5ecc-4aa9-87dd-82a8ea360a77 a2d02efedaa24be3b3d7758b9568225e 0b41f746229f406182067d0889967dd9 - - default default] Successfully bumped revision number for resource 097d13f0-c598-4dba-a58c-d1544d70d5a1 (type: security_groups) to 1
2026-07-16 08:03:55.417 9 INFO neutron.db.ovn_revision_numbers_db [None req-c0521d68-5ecc-4aa9-87dd-82a8ea360a77 a2d02efedaa24be3b3d7758b9568225e 0b41f746229f406182067d0889967dd9 - - default default] Successfully bumped revision number for resource 3b3164e1-0145-4f22-9057-3f6500e3440f (type: security_group_rules) to 0
2026-07-16 08:03:55.431 9 INFO neutron.db.ovn_revision_numbers_db [None req-c0521d68-5ecc-4aa9-87dd-82a8ea360a77 a2d02efedaa24be3b3d7758b9568225e 0b41f746229f406182067d0889967dd9 - - default default] Successfully bumped revision number for resource 4bdde7fe-a660-41ae-83dd-80549e5f9f36 (type: security_group_rules) to 0
2026-07-16 08:03:55.445 9 INFO neutron.db.ovn_revision_numbers_db [None req-c0521d68-5ecc-4aa9-87dd-82a8ea360a77 a2d02efedaa24be3b3d7758b9568225e 0b41f746229f406182067d0889967dd9 - - default default] Successfully bumped revision number for resource bc97dbc1-bd49-4989-aaad-673b325cc592 (type: security_group_rules) to 0
2026-07-16 08:03:55.465 9 INFO neutron.db.ovn_revision_numbers_db [None req-c0521d68-5ecc-4aa9-87dd-82a8ea360a77 a2d02efedaa24be3b3d7758b9568225e 0b41f746229f406182067d0889967dd9 - - default default] Successfully bumped revision number for resource d56955bb-f276-4906-9c36-1e0903766ebf (type: security_group_rules) to 0
2026-07-16 08:03:55.483 9 INFO neutron.services.segments.plugin [-] Segment e8999624-8c4c-45bb-b232-c7fc4f4522c4 resource provider aggregate not found
2026-07-16 08:03:55.489 9 INFO neutron.services.segments.plugin [-] Segment e8999624-8c4c-45bb-b232-c7fc4f4522c4 resource provider aggregate not found
2026-07-16 08:03:55.494 9 INFO neutron.services.segments.plugin [-] Segment e8999624-8c4c-45bb-b232-c7fc4f4522c4 resource provider not found; error: Placement Client Error (4xx): {"errors": [{"status": 404, "title": "Not Found", "detail": "The resource could not be found.\n\n No resource provider with uuid e8999624-8c4c-45bb-b232-c7fc4f4522c4 found for delete ", "request_id": "req-2bde75a5-e8ef-4219-ac36-28fd96575c5d"}]}
2026-07-16 08:03:55.504 9 INFO neutron.services.segments.plugin [-] Segment e8999624-8c4c-45bb-b232-c7fc4f4522c4 resource provider not found; error: Placement Client Error (4xx): {"errors": [{"status": 404, "title": "Not Found", "detail": "The resource could not be found.\n\n No resource provider with uuid e8999624-8c4c-45bb-b232-c7fc4f4522c4 found for delete ", "request_id": "req-bed2f31b-bcd0-41b9-83f4-f400936b042a"}]}
2026-07-16 08:03:55.515 9 INFO neutron.api.wsgi [None req-46470b4b-0838-4d99-8e74-a43feedc84c5 195527d10b6d430997e8c28c04b01dff b9dcfd3d5aa54a3ead6124e7c0f82fa5 - - default default] 10.0.0.205 "DELETE /v2.0/networks/bea2170b-53d6-4b45-9dda-bac7e4911a4b HTTP/1.1" status: 204 len: 168 time: 0.3872199
2026-07-16 08:03:55.543 9 INFO neutron.db.segments_db [None req-c0521d68-5ecc-4aa9-87dd-82a8ea360a77 a2d02efedaa24be3b3d7758b9568225e 0b41f746229f406182067d0889967dd9 - - default default] Added segment 93011bb5-66ba-45d4-b377-df276942c604 of type geneve for network 68128bf6-e0ce-498f-9fca-d82b93e172aa
2026-07-16 08:03:55.675 9 INFO neutron.db.ovn_revision_numbers_db [None req-c0521d68-5ecc-4aa9-87dd-82a8ea360a77 a2d02efedaa24be3b3d7758b9568225e 0b41f746229f406182067d0889967dd9 - - default default] Successfully bumped revision number for resource 68128bf6-e0ce-498f-9fca-d82b93e172aa (type: networks) to 1
2026-07-16 08:03:55.861 9 WARNING neutron.scheduler.dhcp_agent_scheduler [None req-c0521d68-5ecc-4aa9-87dd-82a8ea360a77 a2d02efedaa24be3b3d7758b9568225e 0b41f746229f406182067d0889967dd9 - - default default] No more DHCP agents
2026-07-16 08:03:55.864 9 WARNING neutron.api.rpc.agentnotifiers.dhcp_rpc_agent_api [None req-c0521d68-5ecc-4aa9-87dd-82a8ea360a77 a2d02efedaa24be3b3d7758b9568225e 0b41f746229f406182067d0889967dd9 - - default default] Unable to schedule network 68128bf6-e0ce-498f-9fca-d82b93e172aa: no agents available; will retry on subsequent port and subnet creation events.
2026-07-16 08:03:55.914 9 INFO neutron.api.wsgi [None req-34e82652-3537-40f3-b7aa-8abe0fe59b72 195527d10b6d430997e8c28c04b01dff b9dcfd3d5aa54a3ead6124e7c0f82fa5 - - default default] 10.0.0.205 "DELETE /v2.0/networks/1af2a185-062f-496f-bd9b-c7389acd3aca HTTP/1.1" status: 204 len: 168 time: 0.3944695
2026-07-16 08:03:55.929 9 INFO neutron.db.ovn_revision_numbers_db [None req-c0521d68-5ecc-4aa9-87dd-82a8ea360a77 a2d02efedaa24be3b3d7758b9568225e 0b41f746229f406182067d0889967dd9 - - default default] Successfully bumped revision number for resource 24ab5eae-af9a-418d-b171-7a357cf61905 (type: ports) to 1
2026-07-16 08:03:55.948 9 INFO neutron.api.wsgi [None req-c0521d68-5ecc-4aa9-87dd-82a8ea360a77 a2d02efedaa24be3b3d7758b9568225e 0b41f746229f406182067d0889967dd9 - - default default] 10.0.0.205 "POST /v2.0/networks HTTP/1.1" status: 201 len: 830 time: 1.1419291
2026-07-16 08:03:55.957 10 WARNING neutron_lib.context [None req-304409f1-f5f5-42de-876a-5c68e0fdd4a9 a2d02efedaa24be3b3d7758b9568225e 0b41f746229f406182067d0889967dd9 - - default default] Method 'is_advsvc' is deprecated since 2023.2 release (neutron-lib 3.8.0) and will be removed once support for the old RBAC API policies will be removed from Neutron. Please use method 'is_service_role' instead.
2026-07-16 08:03:56.169 10 WARNING neutron.scheduler.dhcp_agent_scheduler [None req-304409f1-f5f5-42de-876a-5c68e0fdd4a9 a2d02efedaa24be3b3d7758b9568225e 0b41f746229f406182067d0889967dd9 - - default default] No more DHCP agents
2026-07-16 08:03:56.171 10 WARNING neutron.api.rpc.agentnotifiers.dhcp_rpc_agent_api [None req-304409f1-f5f5-42de-876a-5c68e0fdd4a9 a2d02efedaa24be3b3d7758b9568225e 0b41f746229f406182067d0889967dd9 - - default default] Unable to schedule network 68128bf6-e0ce-498f-9fca-d82b93e172aa: no agents available; will retry on subsequent port and subnet creation events.
2026-07-16 08:03:56.252 10 INFO neutron.api.wsgi [None req-d54a0124-3a97-4ae2-adc7-7593def50677 195527d10b6d430997e8c28c04b01dff b9dcfd3d5aa54a3ead6124e7c0f82fa5 - - default default] 10.0.0.205 "DELETE /v2.0/networks/8e3cdf17-1fbc-4739-81ce-2577f2397eca HTTP/1.1" status: 204 len: 168 time: 0.3332441
2026-07-16 08:03:56.533 9 INFO neutron.api.wsgi [None req-8e0bfcb8-7b3f-4ca7-8a85-b74574e4c303 195527d10b6d430997e8c28c04b01dff b9dcfd3d5aa54a3ead6124e7c0f82fa5 - - default default] 10.0.0.205 "DELETE /v2.0/networks/675acb4a-c958-4e75-a636-33ae2294c241 HTTP/1.1" status: 204 len: 168 time: 0.2780013
2026-07-16 08:03:56.592 10 INFO neutron.db.ovn_revision_numbers_db [None req-b2cbe398-6888-41a1-8192-1df1da1bfcfa - - - - - -] Successfully bumped revision number for resource 24ab5eae-af9a-418d-b171-7a357cf61905 (type: ports) to 2
2026-07-16 08:03:56.620 10 INFO neutron.db.ovn_revision_numbers_db [None req-b2cbe398-6888-41a1-8192-1df1da1bfcfa - - - - - -] Successfully bumped revision number for resource 49f41def-af62-4445-8dd1-f3df2072266c (type: subnets) to 0
2026-07-16 08:03:56.638 10 INFO neutron.api.wsgi [None req-304409f1-f5f5-42de-876a-5c68e0fdd4a9 a2d02efedaa24be3b3d7758b9568225e 0b41f746229f406182067d0889967dd9 - - default default] 10.0.0.205 "POST /v2.0/subnets HTTP/1.1" status: 201 len: 825 time: 0.6851130
2026-07-16 08:03:56.698 10 INFO neutron.services.segments.plugin [-] Segment 140715c5-d2d2-49e1-8885-7c0eae1951af resource provider aggregate not found
2026-07-16 08:03:56.702 10 INFO neutron.services.segments.plugin [-] Segment 140715c5-d2d2-49e1-8885-7c0eae1951af resource provider aggregate not found
2026-07-16 08:03:56.711 10 INFO neutron.services.segments.plugin [-] Segment 140715c5-d2d2-49e1-8885-7c0eae1951af resource provider not found; error: Placement Client Error (4xx): {"errors": [{"status": 404, "title": "Not Found", "detail": "The resource could not be found.\n\n No resource provider with uuid 140715c5-d2d2-49e1-8885-7c0eae1951af found for delete ", "request_id": "req-b7477d6c-cd9a-4269-a6d0-25c0ff4790db"}]}
2026-07-16 08:03:56.713 10 INFO neutron.api.wsgi [None req-1e46f6a4-b05f-4a14-8fc1-f642cb0be7b1 a2d02efedaa24be3b3d7758b9568225e 0b41f746229f406182067d0889967dd9 - - default default] 10.0.0.205 "PUT /v2.0/subnets/49f41def-af62-4445-8dd1-f3df2072266c/tags HTTP/1.1" status: 200 len: 218 time: 0.0688076
2026-07-16 08:03:56.714 10 INFO neutron.services.segments.plugin [-] Segment 140715c5-d2d2-49e1-8885-7c0eae1951af resource provider not found; error: Placement Client Error (4xx): {"errors": [{"status": 404, "title": "Not Found", "detail": "The resource could not be found.\n\n No resource provider with uuid 140715c5-d2d2-49e1-8885-7c0eae1951af found for delete ", "request_id": "req-e21974b5-5ac0-4e1c-afa1-f341fa6118b7"}]}
2026-07-16 08:03:56.739 10 INFO neutron.api.wsgi [None req-e990e0b9-9776-4b2f-be74-bb4f4f0c06b9 a2d02efedaa24be3b3d7758b9568225e 0b41f746229f406182067d0889967dd9 - - default default] 10.0.0.205 "GET /v2.0/subnets/49f41def-af62-4445-8dd1-f3df2072266c/tags HTTP/1.1" status: 200 len: 218 time: 0.0221930
2026-07-16 08:03:56.775 10 INFO neutron.api.wsgi [None req-cd44553f-3ccc-496d-a28a-f686f4cd808a a2d02efedaa24be3b3d7758b9568225e 0b41f746229f406182067d0889967dd9 - - default default] 10.0.0.205 "PUT /v2.0/subnets/49f41def-af62-4445-8dd1-f3df2072266c/tags/green HTTP/1.1" status: 201 len: 201 time: 0.0321794
2026-07-16 08:03:56.801 10 INFO neutron.api.wsgi [None req-ce91260d-17eb-4cb8-a8db-768995f9d1d9 a2d02efedaa24be3b3d7758b9568225e 0b41f746229f406182067d0889967dd9 - - default default] 10.0.0.205 "GET /v2.0/subnets/49f41def-af62-4445-8dd1-f3df2072266c/tags HTTP/1.1" status: 200 len: 227 time: 0.0216117
2026-07-16 08:03:56.831 10 INFO neutron.api.wsgi [None req-8b36ed07-f95a-434e-be26-3a4ab3ac5026 a2d02efedaa24be3b3d7758b9568225e 0b41f746229f406182067d0889967dd9 - - default default] 10.0.0.205 "PUT /v2.0/subnets/49f41def-af62-4445-8dd1-f3df2072266c/tags/red HTTP/1.1" status: 201 len: 201 time: 0.0254834
2026-07-16 08:03:56.861 10 INFO neutron.api.wsgi [None req-1c6692dd-32e7-4687-b460-283653ad6277 a2d02efedaa24be3b3d7758b9568225e 0b41f746229f406182067d0889967dd9 - - default default] 10.0.0.205 "GET /v2.0/subnets/49f41def-af62-4445-8dd1-f3df2072266c/tags HTTP/1.1" status: 200 len: 227 time: 0.0255105
2026-07-16 08:03:56.901 10 INFO neutron.api.wsgi [None req-4fd73ce1-d8f6-4467-b0c0-2e21eba3fda9 a2d02efedaa24be3b3d7758b9568225e 0b41f746229f406182067d0889967dd9 - - default default] 10.0.0.205 "PUT /v2.0/subnets/49f41def-af62-4445-8dd1-f3df2072266c/tags/black.or.white HTTP/1.1" status: 201 len: 201 time: 0.0356951
2026-07-16 08:03:56.930 10 INFO neutron.api.wsgi [None req-ed7773f7-e5e7-4269-9d7f-5963b4f32ece a2d02efedaa24be3b3d7758b9568225e 0b41f746229f406182067d0889967dd9 - - default default] 10.0.0.205 "GET /v2.0/subnets/49f41def-af62-4445-8dd1-f3df2072266c/tags HTTP/1.1" status: 200 len: 245 time: 0.0243618
2026-07-16 08:03:56.970 10 INFO neutron.api.wsgi [None req-0dd22765-1346-4900-acb5-51cca856b12a a2d02efedaa24be3b3d7758b9568225e 0b41f746229f406182067d0889967dd9 - - default default] 10.0.0.205 "PUT /v2.0/subnets/49f41def-af62-4445-8dd1-f3df2072266c/tags HTTP/1.1" status: 200 len: 230 time: 0.0356407
2026-07-16 08:03:56.996 10 INFO neutron.api.wsgi [None req-28a8905a-a7c9-4b28-8807-6bbd05d3066d a2d02efedaa24be3b3d7758b9568225e 0b41f746229f406182067d0889967dd9 - - default default] 10.0.0.205 "GET /v2.0/subnets/49f41def-af62-4445-8dd1-f3df2072266c/tags HTTP/1.1" status: 200 len: 230 time: 0.0222862
2026-07-16 08:03:57.025 10 INFO neutron.api.wsgi [None req-6142ac37-3c3e-4d2b-87b2-b7a22718f0dd a2d02efedaa24be3b3d7758b9568225e 0b41f746229f406182067d0889967dd9 - - default default] 10.0.0.205 "GET /v2.0/subnets/49f41def-af62-4445-8dd1-f3df2072266c/tags/red HTTP/1.1" status: 204 len: 168 time: 0.0257852
2026-07-16 08:03:57.051 10 INFO neutron.api.v2.resource [None req-672d89b0-d1b7-4972-b423-4e1b0beb979d a2d02efedaa24be3b3d7758b9568225e 0b41f746229f406182067d0889967dd9 - - default default] show failed (client error): The resource could not be found.
2026-07-16 08:03:57.052 10 INFO neutron.api.wsgi [None req-672d89b0-d1b7-4972-b423-4e1b0beb979d a2d02efedaa24be3b3d7758b9568225e 0b41f746229f406182067d0889967dd9 - - default default] 10.0.0.205 "GET /v2.0/subnets/49f41def-af62-4445-8dd1-f3df2072266c/tags/green HTTP/1.1" status: 404 len: 299 time: 0.0222156
2026-07-16 08:03:57.091 10 INFO neutron.api.wsgi [None req-30140cf3-35b5-4253-92c5-5e3c595a7784 a2d02efedaa24be3b3d7758b9568225e 0b41f746229f406182067d0889967dd9 - - default default] 10.0.0.205 "DELETE /v2.0/subnets/49f41def-af62-4445-8dd1-f3df2072266c/tags/red HTTP/1.1" status: 204 len: 168 time: 0.0360065
2026-07-16 08:03:57.107 9 INFO neutron.api.wsgi [None req-6450b033-4478-4b19-9368-391663d0e21f b9ce937a6031456c94b46a52e5f6e3d0 1ccb513f25fc44f4bd438183ad6c0ea8 - - default default] 10.0.0.205 "GET /v2.0/security-groups?tenant_id=b9dcfd3d5aa54a3ead6124e7c0f82fa5&name=default HTTP/1.1" status: 200 len: 3120 time: 0.1030211
2026-07-16 08:03:57.133 10 INFO neutron.api.wsgi [None req-dae897cb-7795-4ee0-9617-3634629828b6 a2d02efedaa24be3b3d7758b9568225e 0b41f746229f406182067d0889967dd9 - - default default] 10.0.0.205 "GET /v2.0/subnets/49f41def-af62-4445-8dd1-f3df2072266c/tags HTTP/1.1" status: 200 len: 223 time: 0.0369272
2026-07-16 08:03:57.171 9 INFO neutron.api.v2.resource [None req-d98cba38-c7d6-4957-b154-7a60c0a72d42 a2d02efedaa24be3b3d7758b9568225e 0b41f746229f406182067d0889967dd9 - - default default] delete failed (client error): The resource could not be found.
2026-07-16 08:03:57.172 9 INFO neutron.api.wsgi [None req-d98cba38-c7d6-4957-b154-7a60c0a72d42 a2d02efedaa24be3b3d7758b9568225e 0b41f746229f406182067d0889967dd9 - - default default] 10.0.0.205 "DELETE /v2.0/subnets/49f41def-af62-4445-8dd1-f3df2072266c/tags/green HTTP/1.1" status: 404 len: 299 time: 0.0341988
2026-07-16 08:03:57.223 9 INFO neutron.api.wsgi [None req-4c61896c-5d98-4ca5-ac18-04688af6dd47 a2d02efedaa24be3b3d7758b9568225e 0b41f746229f406182067d0889967dd9 - - default default] 10.0.0.205 "DELETE /v2.0/subnets/49f41def-af62-4445-8dd1-f3df2072266c/tags HTTP/1.1" status: 204 len: 168 time: 0.0466197
2026-07-16 08:03:57.230 9 WARNING neutron_lib.context [None req-3bb138ee-70a8-4e60-bc43-f2ec3ac2abcf f93064d44c6c43d4ac839ced503a1797 2ad5669e60c44c8aaf917a66f87a5f64 - - default default] Method 'is_advsvc' is deprecated since 2023.2 release (neutron-lib 3.8.0) and will be removed once support for the old RBAC API policies will be removed from Neutron. Please use method 'is_service_role' instead.
2026-07-16 08:03:57.261 10 INFO neutron.api.wsgi [None req-23dcc73b-c5e6-4550-921f-938e62c8a2c2 a2d02efedaa24be3b3d7758b9568225e 0b41f746229f406182067d0889967dd9 - - default default] 10.0.0.205 "GET /v2.0/subnets/49f41def-af62-4445-8dd1-f3df2072266c/tags HTTP/1.1" status: 200 len: 205 time: 0.0315096
2026-07-16 08:03:57.514 9 INFO neutron.services.segments.plugin [-] Segment 4bc0ca5e-0304-4b83-b3fd-3718baf7326b resource provider aggregate not found
2026-07-16 08:03:57.520 9 INFO neutron.services.segments.plugin [-] Segment 4bc0ca5e-0304-4b83-b3fd-3718baf7326b resource provider aggregate not found
2026-07-16 08:03:57.534 9 INFO neutron.services.segments.plugin [-] Segment 4bc0ca5e-0304-4b83-b3fd-3718baf7326b resource provider not found; error: Placement Client Error (4xx): {"errors": [{"status": 404, "title": "Not Found", "detail": "The resource could not be found.\n\n No resource provider with uuid 4bc0ca5e-0304-4b83-b3fd-3718baf7326b found for delete ", "request_id": "req-e31fb91e-a9f1-452a-840a-f5c4317faf04"}]}
2026-07-16 08:03:57.538 9 INFO neutron.services.segments.plugin [-] Segment 4bc0ca5e-0304-4b83-b3fd-3718baf7326b resource provider not found; error: Placement Client Error (4xx): {"errors": [{"status": 404, "title": "Not Found", "detail": "The resource could not be found.\n\n No resource provider with uuid 4bc0ca5e-0304-4b83-b3fd-3718baf7326b found for delete ", "request_id": "req-413269d3-d831-4b79-ae27-2f71680dcb72"}]}
2026-07-16 08:03:57.549 9 INFO neutron.services.segments.plugin [-] Segment 18ff77ea-b75d-4153-bd8e-e0fea1bb8b63 resource provider aggregate not found
2026-07-16 08:03:57.555 9 INFO neutron.services.segments.plugin [-] Segment 18ff77ea-b75d-4153-bd8e-e0fea1bb8b63 resource provider aggregate not found
