2026-07-16 08:04:43.044 9 INFO neutron.db.ovn_revision_numbers_db [None req-b3cb11b6-8bcb-4a30-a239-b29e18ed6746 - - - - - -] Successfully bumped revision number for resource 07efa1fd-112f-4b10-ab9c-8d8a0c1a5086 (type: router_ports) to 2
2026-07-16 08:04:43.044 9 INFO neutron.plugins.ml2.drivers.ovn.mech_driver.mech_driver [None req-b3cb11b6-8bcb-4a30-a239-b29e18ed6746 - - - - - -] OVN reports status up for port: 80df5f5d-3a3f-4b1f-84cd-1ca64479cce5
2026-07-16 08:04:43.054 9 INFO neutron.plugins.ml2.plugin [None req-b3cb11b6-8bcb-4a30-a239-b29e18ed6746 - - - - - -] Attempt 1 to provision port 80df5f5d-3a3f-4b1f-84cd-1ca64479cce5
2026-07-16 08:04:43.141 9 INFO neutron.api.wsgi [req-ca14ac96-127f-4112-b334-044d1755bb18 req-cbc4cf46-5f7a-4ca4-9254-a671afc20f7c ffa3e627b4de4f94a723cdbe4373c377 5e17cd22ac7a410482bcc6c4d3c6e31a - - 69faa7a73d15429097d2f6940a1a579e 69faa7a73d15429097d2f6940a1a579e] 199.19.213.177 "GET /v2.0/ports?tenant_id=4ca6a637c5be47aea2d648ca9e5e127c&device_id=7f0f4f49-e5bc-41ae-a997-af660c13964b HTTP/1.1" status: 200 len: 1407 time: 0.0324087
2026-07-16 08:04:43.180 9 INFO neutron.api.wsgi [req-ca14ac96-127f-4112-b334-044d1755bb18 req-f7bdcb1a-2500-4292-a9fb-8a8c139036bd ffa3e627b4de4f94a723cdbe4373c377 5e17cd22ac7a410482bcc6c4d3c6e31a - - 69faa7a73d15429097d2f6940a1a579e 69faa7a73d15429097d2f6940a1a579e] 199.19.213.177 "GET /v2.0/floatingips?fixed_ip_address=10.100.0.7&port_id=630741df-5f60-47b1-9795-6907d20739f4 HTTP/1.1" status: 200 len: 217 time: 0.0323830
2026-07-16 08:04:43.228 9 INFO neutron.api.wsgi [req-ca14ac96-127f-4112-b334-044d1755bb18 req-d30d90d3-124e-4d6a-97a6-468134130248 ffa3e627b4de4f94a723cdbe4373c377 5e17cd22ac7a410482bcc6c4d3c6e31a - - 69faa7a73d15429097d2f6940a1a579e 69faa7a73d15429097d2f6940a1a579e] 199.19.213.177 "GET /v2.0/subnets?id=27ecb815-df40-4f4e-b340-347c54cac6e8 HTTP/1.1" status: 200 len: 876 time: 0.0388024
2026-07-16 08:04:43.271 9 INFO neutron.api.wsgi [req-ca14ac96-127f-4112-b334-044d1755bb18 req-b8ceb41a-590a-47f0-9256-730c034821e4 ffa3e627b4de4f94a723cdbe4373c377 5e17cd22ac7a410482bcc6c4d3c6e31a - - 69faa7a73d15429097d2f6940a1a579e 69faa7a73d15429097d2f6940a1a579e] 199.19.213.177 "GET /v2.0/ports?network_id=710c1120-e05c-4fd8-8c61-23b8df01a1dc&device_owner=network%3Adhcp HTTP/1.1" status: 200 len: 210 time: 0.0370598
2026-07-16 08:04:43.376 9 INFO neutron.api.wsgi [req-ca14ac96-127f-4112-b334-044d1755bb18 req-d1ac0d12-54b9-42b4-9c2f-046086627744 ffa3e627b4de4f94a723cdbe4373c377 5e17cd22ac7a410482bcc6c4d3c6e31a - - 69faa7a73d15429097d2f6940a1a579e 69faa7a73d15429097d2f6940a1a579e] 199.19.213.177 "GET /v2.0/networks/710c1120-e05c-4fd8-8c61-23b8df01a1dc?fields=segments HTTP/1.1" status: 200 len: 212 time: 0.1006126
2026-07-16 08:04:43.386 9 INFO neutron.db.ovn_revision_numbers_db [None req-5e06e858-59fe-48d6-804e-7de50a3bc624 b9ce937a6031456c94b46a52e5f6e3d0 1ccb513f25fc44f4bd438183ad6c0ea8 - - default default] Successfully bumped revision number for resource 5b3920f8-d335-4ef1-8c7c-19e08de38484 (type: security_groups) to 1
2026-07-16 08:04:43.410 9 INFO neutron.api.wsgi [req-6c57007c-5b27-44ca-8a8c-78b64eb9e66f req-8e6a9513-2a53-417d-9673-5fd548a33ab1 03e449e4cd3649c9ba58b0ae4a770ca8 4ca6a637c5be47aea2d648ca9e5e127c - - default default] 10.0.0.17 "GET /v2.0/ports?device_id=7f0f4f49-e5bc-41ae-a997-af660c13964b HTTP/1.1" status: 200 len: 1168 time: 0.1274748
2026-07-16 08:04:43.428 9 INFO neutron.db.ovn_revision_numbers_db [None req-5e06e858-59fe-48d6-804e-7de50a3bc624 b9ce937a6031456c94b46a52e5f6e3d0 1ccb513f25fc44f4bd438183ad6c0ea8 - - default default] Successfully bumped revision number for resource 24dd80ce-1dc5-419b-a7e7-975ea872bd0b (type: security_group_rules) to 0
2026-07-16 08:04:43.451 9 INFO neutron.api.wsgi [req-ca14ac96-127f-4112-b334-044d1755bb18 req-7915eb97-b18c-4225-b3ae-5e12de2bb85d ffa3e627b4de4f94a723cdbe4373c377 5e17cd22ac7a410482bcc6c4d3c6e31a - - 69faa7a73d15429097d2f6940a1a579e 69faa7a73d15429097d2f6940a1a579e] 199.19.213.177 "GET /v2.0/networks/710c1120-e05c-4fd8-8c61-23b8df01a1dc?fields=provider%3Aphysical_network&fields=provider%3Anetwork_type HTTP/1.1" status: 200 len: 277 time: 0.0677421
2026-07-16 08:04:43.454 9 INFO neutron.db.ovn_revision_numbers_db [None req-5e06e858-59fe-48d6-804e-7de50a3bc624 b9ce937a6031456c94b46a52e5f6e3d0 1ccb513f25fc44f4bd438183ad6c0ea8 - - default default] Successfully bumped revision number for resource 3f3c67ff-24d0-4703-9840-4238375752a7 (type: security_group_rules) to 0
2026-07-16 08:04:43.475 9 INFO neutron.db.ovn_revision_numbers_db [None req-5e06e858-59fe-48d6-804e-7de50a3bc624 b9ce937a6031456c94b46a52e5f6e3d0 1ccb513f25fc44f4bd438183ad6c0ea8 - - default default] Successfully bumped revision number for resource 590d94d8-d651-40a2-ac8b-184d8d518129 (type: security_group_rules) to 0
2026-07-16 08:04:43.480 9 INFO neutron.api.wsgi [req-6c57007c-5b27-44ca-8a8c-78b64eb9e66f req-9922d8a9-f006-4305-a2b2-6ad124bf0301 03e449e4cd3649c9ba58b0ae4a770ca8 4ca6a637c5be47aea2d648ca9e5e127c - - default default] 10.0.0.17 "GET /v2.0/security-groups?id=dc6488d6-acc8-4723-89f5-cf53a0b71621&fields=id&fields=name HTTP/1.1" status: 200 len: 313 time: 0.0611475
2026-07-16 08:04:43.497 9 INFO neutron.db.ovn_revision_numbers_db [None req-5e06e858-59fe-48d6-804e-7de50a3bc624 b9ce937a6031456c94b46a52e5f6e3d0 1ccb513f25fc44f4bd438183ad6c0ea8 - - default default] Successfully bumped revision number for resource 6f214db7-166a-4e0e-8f03-595779e9b1c4 (type: security_group_rules) to 0
2026-07-16 08:04:43.533 9 INFO neutron.api.wsgi [None req-5e06e858-59fe-48d6-804e-7de50a3bc624 b9ce937a6031456c94b46a52e5f6e3d0 1ccb513f25fc44f4bd438183ad6c0ea8 - - default default] 10.0.0.205 "GET /v2.0/security-groups?tenant_id=00579f4d7e3c40d48486d08f372bc798&name=default HTTP/1.1" status: 200 len: 3120 time: 0.4830737
2026-07-16 08:04:43.595 10 INFO neutron.plugins.ml2.drivers.ovn.mech_driver.ovsdb.commands [None req-4a2796f7-43ea-4b9f-99c4-0c7057cf0ab8 - - - - - -] Schedule LRP lrp-d58fe556-86c8-4189-aaf5-b74dc02a7a06 on gateway 4e1a191b-b295-4351-bdb7-e8b8e97723eb with priority 1
2026-07-16 08:04:43.648 9 INFO neutron.db.ovn_revision_numbers_db [None req-b3cb11b6-8bcb-4a30-a239-b29e18ed6746 - - - - - -] Successfully bumped revision number for resource 80df5f5d-3a3f-4b1f-84cd-1ca64479cce5 (type: ports) to 2
2026-07-16 08:04:43.650 10 INFO neutron.db.ovn_revision_numbers_db [None req-12c63baf-bff8-4d99-bb84-e897ba4ab491 fae944cd9cc8471faeb1df68a7a28c0f a67ca9ad4e0141b5a6002dc31e64602c - - default default] Successfully bumped revision number for resource d58fe556-86c8-4189-aaf5-b74dc02a7a06 (type: router_ports) to 1
2026-07-16 08:04:43.733 10 INFO neutron.db.ovn_revision_numbers_db [None req-12c63baf-bff8-4d99-bb84-e897ba4ab491 fae944cd9cc8471faeb1df68a7a28c0f a67ca9ad4e0141b5a6002dc31e64602c - - default default] Successfully bumped revision number for resource e4e30c74-2f0a-4d11-b366-9498c29e2b40 (type: routers) to 2
2026-07-16 08:04:43.748 10 INFO neutron.api.wsgi [None req-12c63baf-bff8-4d99-bb84-e897ba4ab491 fae944cd9cc8471faeb1df68a7a28c0f a67ca9ad4e0141b5a6002dc31e64602c - - default default] 10.0.0.205 "POST /v2.0/routers HTTP/1.1" status: 201 len: 1136 time: 1.2643209
2026-07-16 08:04:43.790 9 INFO neutron.api.wsgi [None req-e18a6b44-cb5f-44da-b35b-2270a431260a b9ce937a6031456c94b46a52e5f6e3d0 1ccb513f25fc44f4bd438183ad6c0ea8 - - default default] 10.0.0.205 "DELETE /v2.0/security-groups/5b3920f8-d335-4ef1-8c7c-19e08de38484 HTTP/1.1" status: 204 len: 168 time: 0.2523789
2026-07-16 08:04:44.608 10 INFO neutron.api.wsgi [req-7e7e6eff-d541-4a4b-928a-085cdb90256f req-bf4218a6-b7ec-460a-9df6-9098e68c6759 03e449e4cd3649c9ba58b0ae4a770ca8 4ca6a637c5be47aea2d648ca9e5e127c - - default default] 10.0.0.17 "GET /v2.0/ports?device_id=7f0f4f49-e5bc-41ae-a997-af660c13964b HTTP/1.1" status: 200 len: 1168 time: 0.0477681
2026-07-16 08:04:44.612 10 WARNING neutron.scheduler.dhcp_agent_scheduler [None req-f0e44899-d853-4975-ae48-034ed2b731dd fae944cd9cc8471faeb1df68a7a28c0f a67ca9ad4e0141b5a6002dc31e64602c - - default default] No more DHCP agents
2026-07-16 08:04:44.614 10 WARNING neutron.api.rpc.agentnotifiers.dhcp_rpc_agent_api [None req-f0e44899-d853-4975-ae48-034ed2b731dd fae944cd9cc8471faeb1df68a7a28c0f a67ca9ad4e0141b5a6002dc31e64602c - - default default] Unable to schedule network cc35f9cf-6a6e-402c-9f83-32dbbf573bfa: no agents available; will retry on subsequent port and subnet creation events.
2026-07-16 08:04:44.652 10 INFO neutron.api.wsgi [req-7e7e6eff-d541-4a4b-928a-085cdb90256f req-535ba1ca-8c06-4ff5-bf9d-862373f58209 03e449e4cd3649c9ba58b0ae4a770ca8 4ca6a637c5be47aea2d648ca9e5e127c - - default default] 10.0.0.17 "GET /v2.0/security-groups?id=dc6488d6-acc8-4723-89f5-cf53a0b71621&fields=id&fields=name HTTP/1.1" status: 200 len: 313 time: 0.0327859
2026-07-16 08:04:44.739 10 INFO neutron.db.ovn_revision_numbers_db [None req-f0e44899-d853-4975-ae48-034ed2b731dd fae944cd9cc8471faeb1df68a7a28c0f a67ca9ad4e0141b5a6002dc31e64602c - - default default] Successfully bumped revision number for resource e847ac3b-3ccd-4e15-b0f5-ec05972cb32d (type: ports) to 1
2026-07-16 08:04:44.808 10 INFO neutron.plugins.ml2.drivers.ovn.mech_driver.mech_driver [None req-c1a20674-8aeb-4e15-b590-8d906e884600 - - - - - -] OVN reports status up for port: a50e0185-f380-4837-8fe9-49a2b177008b
2026-07-16 08:04:44.825 10 INFO neutron.plugins.ml2.plugin [None req-c1a20674-8aeb-4e15-b590-8d906e884600 - - - - - -] Attempt 1 to provision port a50e0185-f380-4837-8fe9-49a2b177008b
2026-07-16 08:04:45.069 10 INFO neutron.db.ovn_revision_numbers_db [None req-c1a20674-8aeb-4e15-b590-8d906e884600 - - - - - -] Successfully bumped revision number for resource a50e0185-f380-4837-8fe9-49a2b177008b (type: ports) to 4
2026-07-16 08:04:45.364 10 INFO neutron.plugins.ml2.drivers.ovn.mech_driver.mech_driver [None req-37820ada-8a28-415d-aca1-4d8e3ba1f27d - - - - - -] OVN reports status up for port: e847ac3b-3ccd-4e15-b0f5-ec05972cb32d
2026-07-16 08:04:45.380 10 INFO neutron.plugins.ml2.plugin [None req-37820ada-8a28-415d-aca1-4d8e3ba1f27d - - - - - -] Attempt 1 to provision port e847ac3b-3ccd-4e15-b0f5-ec05972cb32d
2026-07-16 08:04:45.392 10 INFO neutron.db.ovn_revision_numbers_db [None req-f0e44899-d853-4975-ae48-034ed2b731dd fae944cd9cc8471faeb1df68a7a28c0f a67ca9ad4e0141b5a6002dc31e64602c - - default default] Successfully bumped revision number for resource e847ac3b-3ccd-4e15-b0f5-ec05972cb32d (type: ports) to 1
2026-07-16 08:04:45.450 10 WARNING neutron.scheduler.dhcp_agent_scheduler [None req-f0e44899-d853-4975-ae48-034ed2b731dd fae944cd9cc8471faeb1df68a7a28c0f a67ca9ad4e0141b5a6002dc31e64602c - - default default] No more DHCP agents
2026-07-16 08:04:45.452 10 WARNING neutron.api.rpc.agentnotifiers.dhcp_rpc_agent_api [None req-f0e44899-d853-4975-ae48-034ed2b731dd fae944cd9cc8471faeb1df68a7a28c0f a67ca9ad4e0141b5a6002dc31e64602c - - default default] Unable to schedule network cc35f9cf-6a6e-402c-9f83-32dbbf573bfa: no agents available; will retry on subsequent port and subnet creation events.
2026-07-16 08:04:45.761 9 INFO neutron.api.wsgi [req-7fecf37d-9bb7-4fb9-b15f-46ab9519cdd5 req-de4cd4f9-fe6b-4638-b3f3-51afc5bb00bc 03e449e4cd3649c9ba58b0ae4a770ca8 4ca6a637c5be47aea2d648ca9e5e127c - - default default] 10.0.0.17 "GET /v2.0/ports?device_id=7f0f4f49-e5bc-41ae-a997-af660c13964b HTTP/1.1" status: 200 len: 1168 time: 0.0461478
2026-07-16 08:04:45.777 9 INFO neutron.db.ovn_revision_numbers_db [None req-ec2cb2cf-8855-468e-bd46-dc08afaeb15e b9ce937a6031456c94b46a52e5f6e3d0 1ccb513f25fc44f4bd438183ad6c0ea8 - - default default] Successfully bumped revision number for resource 9259c730-2f44-4239-a3ab-ee2a874a2fc5 (type: security_groups) to 1
2026-07-16 08:04:45.798 9 INFO neutron.db.ovn_revision_numbers_db [None req-ec2cb2cf-8855-468e-bd46-dc08afaeb15e b9ce937a6031456c94b46a52e5f6e3d0 1ccb513f25fc44f4bd438183ad6c0ea8 - - default default] Successfully bumped revision number for resource 1ffb013c-4a5a-473e-a20b-339b71ca0da6 (type: security_group_rules) to 0
2026-07-16 08:04:45.808 9 INFO neutron.api.wsgi [req-7fecf37d-9bb7-4fb9-b15f-46ab9519cdd5 req-bdcf11d3-8052-4152-ba77-826b59a17273 03e449e4cd3649c9ba58b0ae4a770ca8 4ca6a637c5be47aea2d648ca9e5e127c - - default default] 10.0.0.17 "GET /v2.0/security-groups?id=dc6488d6-acc8-4723-89f5-cf53a0b71621&fields=id&fields=name HTTP/1.1" status: 200 len: 313 time: 0.0419514
2026-07-16 08:04:45.816 10 INFO neutron.db.ovn_revision_numbers_db [None req-37820ada-8a28-415d-aca1-4d8e3ba1f27d - - - - - -] Successfully bumped revision number for resource e847ac3b-3ccd-4e15-b0f5-ec05972cb32d (type: ports) to 2
2026-07-16 08:04:45.816 9 INFO neutron.db.ovn_revision_numbers_db [None req-ec2cb2cf-8855-468e-bd46-dc08afaeb15e b9ce937a6031456c94b46a52e5f6e3d0 1ccb513f25fc44f4bd438183ad6c0ea8 - - default default] Successfully bumped revision number for resource a73d26cb-d10c-4450-94c1-0e7dc425d210 (type: security_group_rules) to 0
2026-07-16 08:04:45.835 9 INFO neutron.db.ovn_revision_numbers_db [None req-ec2cb2cf-8855-468e-bd46-dc08afaeb15e b9ce937a6031456c94b46a52e5f6e3d0 1ccb513f25fc44f4bd438183ad6c0ea8 - - default default] Successfully bumped revision number for resource b48fe2f2-7ad7-4f38-b9c0-69301e1bb014 (type: security_group_rules) to 0
2026-07-16 08:04:45.852 9 INFO neutron.db.ovn_revision_numbers_db [None req-ec2cb2cf-8855-468e-bd46-dc08afaeb15e b9ce937a6031456c94b46a52e5f6e3d0 1ccb513f25fc44f4bd438183ad6c0ea8 - - default default] Successfully bumped revision number for resource db30d7c7-3856-4fa3-a4f2-d2908224ec93 (type: security_group_rules) to 0
2026-07-16 08:04:45.919 9 INFO neutron.db.segments_db [None req-ec2cb2cf-8855-468e-bd46-dc08afaeb15e b9ce937a6031456c94b46a52e5f6e3d0 1ccb513f25fc44f4bd438183ad6c0ea8 - - default default] Added segment ef940d42-7580-45c7-9840-3c31cfcd4871 of type geneve for network a8c2be82-b21a-4ed8-a679-1eed0fa55c53
2026-07-16 08:04:45.932 10 INFO neutron.db.ovn_revision_numbers_db [None req-f0e44899-d853-4975-ae48-034ed2b731dd fae944cd9cc8471faeb1df68a7a28c0f a67ca9ad4e0141b5a6002dc31e64602c - - default default] Successfully bumped revision number for resource e847ac3b-3ccd-4e15-b0f5-ec05972cb32d (type: router_ports) to 1
2026-07-16 08:04:45.937 10 INFO neutron.api.wsgi [None req-f0e44899-d853-4975-ae48-034ed2b731dd fae944cd9cc8471faeb1df68a7a28c0f a67ca9ad4e0141b5a6002dc31e64602c - - default default] 10.0.0.205 "PUT /v2.0/routers/e4e30c74-2f0a-4d11-b366-9498c29e2b40/add_router_interface HTTP/1.1" status: 200 len: 503 time: 2.1839623
2026-07-16 08:04:46.028 9 INFO neutron.db.ovn_revision_numbers_db [None req-ec2cb2cf-8855-468e-bd46-dc08afaeb15e b9ce937a6031456c94b46a52e5f6e3d0 1ccb513f25fc44f4bd438183ad6c0ea8 - - default default] Successfully bumped revision number for resource a8c2be82-b21a-4ed8-a679-1eed0fa55c53 (type: networks) to 1
2026-07-16 08:04:46.195 9 WARNING neutron.scheduler.dhcp_agent_scheduler [None req-ec2cb2cf-8855-468e-bd46-dc08afaeb15e b9ce937a6031456c94b46a52e5f6e3d0 1ccb513f25fc44f4bd438183ad6c0ea8 - - default default] No more DHCP agents
2026-07-16 08:04:46.196 9 WARNING neutron.api.rpc.agentnotifiers.dhcp_rpc_agent_api [None req-ec2cb2cf-8855-468e-bd46-dc08afaeb15e b9ce937a6031456c94b46a52e5f6e3d0 1ccb513f25fc44f4bd438183ad6c0ea8 - - default default] Unable to schedule network a8c2be82-b21a-4ed8-a679-1eed0fa55c53: no agents available; will retry on subsequent port and subnet creation events.
2026-07-16 08:04:46.259 9 INFO neutron.db.ovn_revision_numbers_db [None req-ec2cb2cf-8855-468e-bd46-dc08afaeb15e b9ce937a6031456c94b46a52e5f6e3d0 1ccb513f25fc44f4bd438183ad6c0ea8 - - default default] Successfully bumped revision number for resource 6f234d0b-1f87-431b-b28e-aa450def8086 (type: ports) to 1
2026-07-16 08:04:46.289 9 INFO neutron.api.wsgi [None req-ec2cb2cf-8855-468e-bd46-dc08afaeb15e b9ce937a6031456c94b46a52e5f6e3d0 1ccb513f25fc44f4bd438183ad6c0ea8 - - default default] 10.0.0.205 "POST /v2.0/networks HTTP/1.1" status: 201 len: 942 time: 0.8757100
2026-07-16 08:04:46.405 9 WARNING neutron.scheduler.dhcp_agent_scheduler [None req-8238aeb4-8c03-4f48-9d60-7b0c7f343fe6 b9ce937a6031456c94b46a52e5f6e3d0 1ccb513f25fc44f4bd438183ad6c0ea8 - - default default] No more DHCP agents
2026-07-16 08:04:46.406 10 WARNING neutron.scheduler.dhcp_agent_scheduler [None req-098d5690-0b12-4d5a-9d81-f60a9cfe0315 - - - - - -] No more DHCP agents
2026-07-16 08:04:46.406 9 WARNING neutron.api.rpc.agentnotifiers.dhcp_rpc_agent_api [None req-8238aeb4-8c03-4f48-9d60-7b0c7f343fe6 b9ce937a6031456c94b46a52e5f6e3d0 1ccb513f25fc44f4bd438183ad6c0ea8 - - default default] Unable to schedule network a8c2be82-b21a-4ed8-a679-1eed0fa55c53: no agents available; will retry on subsequent port and subnet creation events.
2026-07-16 08:04:46.407 10 WARNING neutron.api.rpc.agentnotifiers.dhcp_rpc_agent_api [None req-098d5690-0b12-4d5a-9d81-f60a9cfe0315 - - - - - -] Unable to schedule network 420e998d-ec99-4f47-a94b-9f1db35f8f08: no agents available; will retry on subsequent port and subnet creation events.
2026-07-16 08:04:46.561 10 INFO neutron.db.ovn_revision_numbers_db [None req-098d5690-0b12-4d5a-9d81-f60a9cfe0315 - - - - - -] Successfully bumped revision number for resource 158c511f-cdf9-49e7-9172-94473bdf543b (type: ports) to 1
2026-07-16 08:04:46.578 10 INFO neutron.api.wsgi [-] 10.0.0.197 "GET / HTTP/1.1" status: 200 len: 247 time: 0.0017226
2026-07-16 08:04:46.578 9 INFO neutron.api.wsgi [-] 10.0.0.197 "GET / HTTP/1.1" status: 200 len: 247 time: 0.0012763
2026-07-16 08:04:46.800 10 INFO neutron.db.ovn_revision_numbers_db [None req-098d5690-0b12-4d5a-9d81-f60a9cfe0315 - - - - - -] Successfully bumped revision number for resource 158c511f-cdf9-49e7-9172-94473bdf543b (type: ports) to 3
2026-07-16 08:04:46.816 9 INFO neutron.db.ovn_revision_numbers_db [None req-79d018a4-1f65-456d-885c-bd9a0042ace0 - - - - - -] Successfully bumped revision number for resource 6f234d0b-1f87-431b-b28e-aa450def8086 (type: ports) to 2
2026-07-16 08:04:46.846 9 INFO neutron.db.ovn_revision_numbers_db [None req-79d018a4-1f65-456d-885c-bd9a0042ace0 - - - - - -] Successfully bumped revision number for resource bbb03a02-dcea-456c-8483-2baa278e52e3 (type: subnets) to 0
2026-07-16 08:04:46.853 10 INFO neutron.db.segments_db [None req-098d5690-0b12-4d5a-9d81-f60a9cfe0315 - - - - - -] Added segment 7d30ba3a-c48f-47ae-a139-8ae28e47f081 of type geneve for network f934dec5-a12a-43a6-a0cc-7a3d3c63b249
2026-07-16 08:04:46.859 9 INFO neutron.api.wsgi [None req-8238aeb4-8c03-4f48-9d60-7b0c7f343fe6 b9ce937a6031456c94b46a52e5f6e3d0 1ccb513f25fc44f4bd438183ad6c0ea8 - - default default] 10.0.0.205 "POST /v2.0/subnets HTTP/1.1" status: 201 len: 886 time: 0.5642076
2026-07-16 08:04:46.977 10 INFO neutron.api.wsgi [req-7176b28c-3ded-485c-8cc8-cc9549c59429 req-46c24108-eb15-4b05-9bfb-daa090599104 03e449e4cd3649c9ba58b0ae4a770ca8 4ca6a637c5be47aea2d648ca9e5e127c - - default default] 10.0.0.17 "GET /v2.0/ports?device_id=7f0f4f49-e5bc-41ae-a997-af660c13964b HTTP/1.1" status: 200 len: 1168 time: 0.1073577
2026-07-16 08:04:47.054 10 INFO neutron.db.ovn_revision_numbers_db [None req-23aef342-f4d5-43fe-b100-d7a4fca0b11a - - - - - -] Successfully bumped revision number for resource f934dec5-a12a-43a6-a0cc-7a3d3c63b249 (type: networks) to 1
2026-07-16 08:04:47.059 10 INFO neutron.api.wsgi [req-7176b28c-3ded-485c-8cc8-cc9549c59429 req-c8a06ed6-bff9-4b42-927d-e73d45e5d755 03e449e4cd3649c9ba58b0ae4a770ca8 4ca6a637c5be47aea2d648ca9e5e127c - - default default] 10.0.0.17 "GET /v2.0/security-groups?id=dc6488d6-acc8-4723-89f5-cf53a0b71621&fields=id&fields=name HTTP/1.1" status: 200 len: 313 time: 0.0648222
2026-07-16 08:04:47.231 10 WARNING neutron.scheduler.dhcp_agent_scheduler [None req-23aef342-f4d5-43fe-b100-d7a4fca0b11a - - - - - -] No more DHCP agents
2026-07-16 08:04:47.232 10 WARNING neutron.api.rpc.agentnotifiers.dhcp_rpc_agent_api [None req-23aef342-f4d5-43fe-b100-d7a4fca0b11a - - - - - -] Unable to schedule network f934dec5-a12a-43a6-a0cc-7a3d3c63b249: no agents available; will retry on subsequent port and subnet creation events.
2026-07-16 08:04:47.300 10 INFO neutron.db.ovn_revision_numbers_db [None req-23aef342-f4d5-43fe-b100-d7a4fca0b11a - - - - - -] Successfully bumped revision number for resource bdb4e11c-d6e9-43f6-8672-401655acffcb (type: ports) to 1
2026-07-16 08:04:47.334 10 WARNING neutron.scheduler.dhcp_agent_scheduler [None req-b4a97dd3-f252-42d0-98e9-b7b2bb40ae02 b9ce937a6031456c94b46a52e5f6e3d0 1ccb513f25fc44f4bd438183ad6c0ea8 - - default default] No more DHCP agents
2026-07-16 08:04:47.336 10 WARNING neutron.api.rpc.agentnotifiers.dhcp_rpc_agent_api [None req-b4a97dd3-f252-42d0-98e9-b7b2bb40ae02 b9ce937a6031456c94b46a52e5f6e3d0 1ccb513f25fc44f4bd438183ad6c0ea8 - - default default] Unable to schedule network 420e998d-ec99-4f47-a94b-9f1db35f8f08: no agents available; will retry on subsequent port and subnet creation events.
2026-07-16 08:04:47.418 10 WARNING neutron.scheduler.dhcp_agent_scheduler [None req-23aef342-f4d5-43fe-b100-d7a4fca0b11a - - - - - -] No more DHCP agents
2026-07-16 08:04:47.419 10 WARNING neutron.api.rpc.agentnotifiers.dhcp_rpc_agent_api [None req-23aef342-f4d5-43fe-b100-d7a4fca0b11a - - - - - -] Unable to schedule network f934dec5-a12a-43a6-a0cc-7a3d3c63b249: no agents available; will retry on subsequent port and subnet creation events.
2026-07-16 08:04:47.446 10 INFO neutron.db.ovn_revision_numbers_db [None req-23aef342-f4d5-43fe-b100-d7a4fca0b11a - - - - - -] Successfully bumped revision number for resource 4d164caf-2bf0-48ae-99f3-599ddb758427 (type: subnets) to 0
2026-07-16 08:04:47.455 10 INFO neutron.db.ovn_revision_numbers_db [None req-b4a97dd3-f252-42d0-98e9-b7b2bb40ae02 b9ce937a6031456c94b46a52e5f6e3d0 1ccb513f25fc44f4bd438183ad6c0ea8 - - default default] Successfully bumped revision number for resource cbd5e225-bb89-40ae-8763-1b73e67b8603 (type: ports) to 1
2026-07-16 08:04:48.103 10 WARNING neutron.scheduler.dhcp_agent_scheduler [None req-23aef342-f4d5-43fe-b100-d7a4fca0b11a - - - - - -] No more DHCP agents
2026-07-16 08:04:48.105 10 WARNING neutron.api.rpc.agentnotifiers.dhcp_rpc_agent_api [None req-23aef342-f4d5-43fe-b100-d7a4fca0b11a - - - - - -] Unable to schedule network f934dec5-a12a-43a6-a0cc-7a3d3c63b249: no agents available; will retry on subsequent port and subnet creation events.
2026-07-16 08:04:48.154 9 INFO neutron.api.wsgi [req-39af536b-af01-4c55-a371-a0bd90b77373 req-1f649ed7-b5be-4e3f-820c-3cc6af2a1160 03e449e4cd3649c9ba58b0ae4a770ca8 4ca6a637c5be47aea2d648ca9e5e127c - - default default] 10.0.0.17 "GET /v2.0/ports?device_id=7f0f4f49-e5bc-41ae-a997-af660c13964b HTTP/1.1" status: 200 len: 1168 time: 0.0375698
2026-07-16 08:04:48.216 9 INFO neutron.api.wsgi [req-39af536b-af01-4c55-a371-a0bd90b77373 req-55e1f448-4c2a-4086-8eee-ef4ec142779a 03e449e4cd3649c9ba58b0ae4a770ca8 4ca6a637c5be47aea2d648ca9e5e127c - - default default] 10.0.0.17 "GET /v2.0/security-groups?id=dc6488d6-acc8-4723-89f5-cf53a0b71621&fields=id&fields=name HTTP/1.1" status: 200 len: 313 time: 0.0537868
2026-07-16 08:04:48.229 10 INFO neutron.db.ovn_revision_numbers_db [None req-23aef342-f4d5-43fe-b100-d7a4fca0b11a - - - - - -] Successfully bumped revision number for resource 3dfc138a-a8fe-4156-94b0-720320e3909c (type: ports) to 1
2026-07-16 08:04:48.273 10 INFO neutron.plugins.ml2.drivers.ovn.mech_driver.ovsdb.commands [None req-4a2796f7-43ea-4b9f-99c4-0c7057cf0ab8 - - - - - -] Schedule LRP lrp-cbd5e225-bb89-40ae-8763-1b73e67b8603 on gateway 4e1a191b-b295-4351-bdb7-e8b8e97723eb with priority 1
2026-07-16 08:04:48.301 9 INFO neutron.plugins.ml2.drivers.ovn.mech_driver.ovsdb.ovsdb_monitor [None req-160ed235-42b2-4156-8e47-ade57c9c5566 - - - - - -] Router 7b9be62f-d336-4c1c-8ab2-ecf775ed2755 is bound to host instance
2026-07-16 08:04:48.314 10 INFO neutron.db.ovn_revision_numbers_db [None req-b4a97dd3-f252-42d0-98e9-b7b2bb40ae02 b9ce937a6031456c94b46a52e5f6e3d0 1ccb513f25fc44f4bd438183ad6c0ea8 - - default default] Successfully bumped revision number for resource cbd5e225-bb89-40ae-8763-1b73e67b8603 (type: router_ports) to 1
2026-07-16 08:04:48.400 10 INFO neutron.db.ovn_revision_numbers_db [None req-b4a97dd3-f252-42d0-98e9-b7b2bb40ae02 b9ce937a6031456c94b46a52e5f6e3d0 1ccb513f25fc44f4bd438183ad6c0ea8 - - default default] Successfully bumped revision number for resource 7b9be62f-d336-4c1c-8ab2-ecf775ed2755 (type: routers) to 2
2026-07-16 08:04:48.417 10 INFO neutron.api.wsgi [None req-b4a97dd3-f252-42d0-98e9-b7b2bb40ae02 b9ce937a6031456c94b46a52e5f6e3d0 1ccb513f25fc44f4bd438183ad6c0ea8 - - default default] 10.0.0.205 "POST /v2.0/routers HTTP/1.1" status: 201 len: 1164 time: 1.5540879
2026-07-16 08:04:48.699 9 INFO neutron.db.ovn_revision_numbers_db [None req-9a7af9f5-a689-43a9-8c79-0d74c4e7eeb5 - - - - - -] Successfully bumped revision number for resource cbd5e225-bb89-40ae-8763-1b73e67b8603 (type: ports) to 1
2026-07-16 08:04:48.945 10 INFO neutron.db.ovn_revision_numbers_db [None req-23aef342-f4d5-43fe-b100-d7a4fca0b11a - - - - - -] Successfully bumped revision number for resource 3dfc138a-a8fe-4156-94b0-720320e3909c (type: ports) to 1
2026-07-16 08:04:48.949 10 WARNING neutron.scheduler.dhcp_agent_scheduler [None req-fd169da2-de83-49a2-847c-61634b90d32a b9ce937a6031456c94b46a52e5f6e3d0 1ccb513f25fc44f4bd438183ad6c0ea8 - - default default] No more DHCP agents
2026-07-16 08:04:48.951 10 WARNING neutron.api.rpc.agentnotifiers.dhcp_rpc_agent_api [None req-fd169da2-de83-49a2-847c-61634b90d32a b9ce937a6031456c94b46a52e5f6e3d0 1ccb513f25fc44f4bd438183ad6c0ea8 - - default default] Unable to schedule network a8c2be82-b21a-4ed8-a679-1eed0fa55c53: no agents available; will retry on subsequent port and subnet creation events.
2026-07-16 08:04:49.000 9 INFO neutron.db.ovn_revision_numbers_db [None req-9a7af9f5-a689-43a9-8c79-0d74c4e7eeb5 - - - - - -] Successfully bumped revision number for resource cbd5e225-bb89-40ae-8763-1b73e67b8603 (type: ports) to 4
2026-07-16 08:04:49.006 10 WARNING neutron.scheduler.dhcp_agent_scheduler [None req-23aef342-f4d5-43fe-b100-d7a4fca0b11a - - - - - -] No more DHCP agents
2026-07-16 08:04:49.008 10 WARNING neutron.api.rpc.agentnotifiers.dhcp_rpc_agent_api [None req-23aef342-f4d5-43fe-b100-d7a4fca0b11a - - - - - -] Unable to schedule network f934dec5-a12a-43a6-a0cc-7a3d3c63b249: no agents available; will retry on subsequent port and subnet creation events.
2026-07-16 08:04:49.102 10 INFO neutron.db.ovn_revision_numbers_db [None req-fd169da2-de83-49a2-847c-61634b90d32a b9ce937a6031456c94b46a52e5f6e3d0 1ccb513f25fc44f4bd438183ad6c0ea8 - - default default] Successfully bumped revision number for resource a385d700-61b0-4343-b4a3-bf2025f0ca55 (type: ports) to 1
2026-07-16 08:04:49.130 9 WARNING neutron.plugins.ml2.drivers.ovn.mech_driver.ovsdb.ovn_client [None req-b08e3c75-047b-469a-9191-cbc7fe83c803 - - - - - -] No hosting information found for port 80df5f5d-3a3f-4b1f-84cd-1ca64479cce5: RuntimeError: No hosting information found for port 80df5f5d-3a3f-4b1f-84cd-1ca64479cce5
2026-07-16 08:04:49.193 9 INFO neutron.db.ovn_revision_numbers_db [None req-b08e3c75-047b-469a-9191-cbc7fe83c803 - - - - - -] Successfully bumped revision number for resource 80df5f5d-3a3f-4b1f-84cd-1ca64479cce5 (type: router_ports) to 2
2026-07-16 08:04:49.193 9 INFO neutron.plugins.ml2.drivers.ovn.mech_driver.mech_driver [None req-b08e3c75-047b-469a-9191-cbc7fe83c803 - - - - - -] OVN reports status up for port: d821b57c-afbd-48d6-b7fb-db1435c42714
2026-07-16 08:04:49.199 9 INFO neutron.plugins.ml2.plugin [None req-b08e3c75-047b-469a-9191-cbc7fe83c803 - - - - - -] Attempt 1 to provision port d821b57c-afbd-48d6-b7fb-db1435c42714
2026-07-16 08:04:49.282 9 INFO neutron.db.ovn_revision_numbers_db [None req-9a7af9f5-a689-43a9-8c79-0d74c4e7eeb5 - - - - - -] Successfully bumped revision number for resource cbd5e225-bb89-40ae-8763-1b73e67b8603 (type: ports) to 5
2026-07-16 08:04:49.351 10 INFO neutron.api.wsgi [req-ded2d3ff-5233-4667-a748-6ca4e8dcb1ae req-a74972b4-2f53-49be-9fb3-b91cc706c215 03e449e4cd3649c9ba58b0ae4a770ca8 4ca6a637c5be47aea2d648ca9e5e127c - - default default] 10.0.0.17 "GET /v2.0/ports?device_id=7f0f4f49-e5bc-41ae-a997-af660c13964b HTTP/1.1" status: 200 len: 1168 time: 0.0501804
2026-07-16 08:04:49.414 10 INFO neutron.api.wsgi [req-ded2d3ff-5233-4667-a748-6ca4e8dcb1ae req-6317185b-28c6-429a-acf0-a9f005fd03b6 03e449e4cd3649c9ba58b0ae4a770ca8 4ca6a637c5be47aea2d648ca9e5e127c - - default default] 10.0.0.17 "GET /v2.0/security-groups?id=dc6488d6-acc8-4723-89f5-cf53a0b71621&fields=id&fields=name HTTP/1.1" status: 200 len: 313 time: 0.0572994
2026-07-16 08:04:49.613 9 INFO neutron.db.ovn_revision_numbers_db [None req-b08e3c75-047b-469a-9191-cbc7fe83c803 - - - - - -] Successfully bumped revision number for resource d821b57c-afbd-48d6-b7fb-db1435c42714 (type: ports) to 2
2026-07-16 08:04:49.845 10 INFO neutron.db.ovn_revision_numbers_db [None req-fd169da2-de83-49a2-847c-61634b90d32a b9ce937a6031456c94b46a52e5f6e3d0 1ccb513f25fc44f4bd438183ad6c0ea8 - - default default] Successfully bumped revision number for resource a385d700-61b0-4343-b4a3-bf2025f0ca55 (type: ports) to 1
2026-07-16 08:04:49.905 10 WARNING neutron.scheduler.dhcp_agent_scheduler [None req-fd169da2-de83-49a2-847c-61634b90d32a b9ce937a6031456c94b46a52e5f6e3d0 1ccb513f25fc44f4bd438183ad6c0ea8 - - default default] No more DHCP agents
2026-07-16 08:04:49.906 10 WARNING neutron.api.rpc.agentnotifiers.dhcp_rpc_agent_api [None req-fd169da2-de83-49a2-847c-61634b90d32a b9ce937a6031456c94b46a52e5f6e3d0 1ccb513f25fc44f4bd438183ad6c0ea8 - - default default] Unable to schedule network a8c2be82-b21a-4ed8-a679-1eed0fa55c53: no agents available; will retry on subsequent port and subnet creation events.
2026-07-16 08:04:49.919 10 INFO neutron.db.ovn_revision_numbers_db [None req-23aef342-f4d5-43fe-b100-d7a4fca0b11a - - - - - -] Successfully bumped revision number for resource 3dfc138a-a8fe-4156-94b0-720320e3909c (type: router_ports) to 1
2026-07-16 08:04:50.159 10 WARNING neutron.scheduler.dhcp_agent_scheduler [None req-23aef342-f4d5-43fe-b100-d7a4fca0b11a - - - - - -] No more DHCP agents
2026-07-16 08:04:50.162 10 WARNING neutron.api.rpc.agentnotifiers.dhcp_rpc_agent_api [None req-23aef342-f4d5-43fe-b100-d7a4fca0b11a - - - - - -] Unable to schedule network f934dec5-a12a-43a6-a0cc-7a3d3c63b249: no agents available; will retry on subsequent port and subnet creation events.
2026-07-16 08:04:50.335 10 INFO neutron.db.ovn_revision_numbers_db [None req-23aef342-f4d5-43fe-b100-d7a4fca0b11a - - - - - -] Successfully bumped revision number for resource 4a0f7eb7-c4ad-45e5-9292-038e73ba7341 (type: ports) to 1
2026-07-16 08:04:50.537 9 INFO neutron.api.wsgi [req-b1351aab-54d6-4f1d-aa31-411ca9f48492 req-ee50a320-9f2c-4fb5-b145-71d999b79afe 03e449e4cd3649c9ba58b0ae4a770ca8 4ca6a637c5be47aea2d648ca9e5e127c - - default default] 10.0.0.17 "GET /v2.0/ports?device_id=7f0f4f49-e5bc-41ae-a997-af660c13964b HTTP/1.1" status: 200 len: 1168 time: 0.0650268
2026-07-16 08:04:50.582 9 INFO neutron.api.wsgi [req-b1351aab-54d6-4f1d-aa31-411ca9f48492 req-d29bab14-3855-4518-a558-af70ce2646d7 03e449e4cd3649c9ba58b0ae4a770ca8 4ca6a637c5be47aea2d648ca9e5e127c - - default default] 10.0.0.17 "GET /v2.0/security-groups?id=dc6488d6-acc8-4723-89f5-cf53a0b71621&fields=id&fields=name HTTP/1.1" status: 200 len: 313 time: 0.0405972
2026-07-16 08:04:50.623 10 INFO neutron.db.ovn_revision_numbers_db [None req-23aef342-f4d5-43fe-b100-d7a4fca0b11a - - - - - -] Successfully bumped revision number for resource 4a0f7eb7-c4ad-45e5-9292-038e73ba7341 (type: ports) to 3
2026-07-16 08:04:50.779 10 WARNING neutron.plugins.ml2.drivers.ovn.mech_driver.ovsdb.ovn_client [None req-ade8b36a-91f3-4fc9-a57a-0fb6da9dbfd3 - - - - - -] No hosting information found for port e847ac3b-3ccd-4e15-b0f5-ec05972cb32d: RuntimeError: No hosting information found for port e847ac3b-3ccd-4e15-b0f5-ec05972cb32d
2026-07-16 08:04:50.779 10 INFO neutron.plugins.ml2.drivers.ovn.mech_driver.mech_driver [None req-ade8b36a-91f3-4fc9-a57a-0fb6da9dbfd3 - - - - - -] OVN reports status up for port: 630741df-5f60-47b1-9795-6907d20739f4
2026-07-16 08:04:50.802 10 INFO neutron.plugins.ml2.plugin [None req-ade8b36a-91f3-4fc9-a57a-0fb6da9dbfd3 - - - - - -] Attempt 1 to provision port 630741df-5f60-47b1-9795-6907d20739f4
2026-07-16 08:04:50.944 10 INFO neutron.api.wsgi [None req-71076e09-2a57-4c19-ad28-c2d8a734876a b8767e8bf52946379bf4df48bd67af1f 282f455f32234cd2b1a632f2f02d53be - - default default] 10.0.0.205 "POST /v2.0/vpn/vpnservices HTTP/1.1" status: 201 len: 656 time: 5.0021176
2026-07-16 08:04:50.962 9 INFO neutron.api.wsgi [None req-85b4db37-3ef7-41ea-a4a6-75a930699ece fae944cd9cc8471faeb1df68a7a28c0f a67ca9ad4e0141b5a6002dc31e64602c - - default default] 10.0.0.205 "GET /v2.0/vpn/vpnservices HTTP/1.1" status: 200 len: 1509 time: 0.0125563
2026-07-16 08:04:50.965 10 INFO neutron.db.ovn_revision_numbers_db [None req-fd169da2-de83-49a2-847c-61634b90d32a b9ce937a6031456c94b46a52e5f6e3d0 1ccb513f25fc44f4bd438183ad6c0ea8 - - default default] Successfully bumped revision number for resource a385d700-61b0-4343-b4a3-bf2025f0ca55 (type: router_ports) to 1
2026-07-16 08:04:50.974 10 INFO neutron.api.wsgi [None req-fd169da2-de83-49a2-847c-61634b90d32a b9ce937a6031456c94b46a52e5f6e3d0 1ccb513f25fc44f4bd438183ad6c0ea8 - - default default] 10.0.0.205 "PUT /v2.0/routers/7b9be62f-d336-4c1c-8ab2-ecf775ed2755/add_router_interface HTTP/1.1" status: 200 len: 503 time: 2.5477369
2026-07-16 08:04:50.977 10 INFO neutron.notifiers.nova [-] Nova event matching ['req-642efea1-de11-4bd0-8f49-48419b611047'] response: {'server_uuid': '7f0f4f49-e5bc-41ae-a997-af660c13964b', 'name': 'network-vif-plugged', 'status': 'completed', 'tag': '630741df-5f60-47b1-9795-6907d20739f4', 'code': 200}
2026-07-16 08:04:51.102 10 INFO neutron.db.ovn_revision_numbers_db [None req-ade8b36a-91f3-4fc9-a57a-0fb6da9dbfd3 - - - - - -] Successfully bumped revision number for resource 630741df-5f60-47b1-9795-6907d20739f4 (type: ports) to 5
2026-07-16 08:04:51.178 10 INFO neutron.plugins.ml2.drivers.ovn.mech_driver.mech_driver [None req-101b9714-30bd-4d1d-b726-2e0f02d21203 - - - - - -] OVN reports status up for port: aba2acc7-99c6-4733-bde3-691bbe6bc0cb
2026-07-16 08:04:51.189 10 INFO neutron.plugins.ml2.plugin [None req-101b9714-30bd-4d1d-b726-2e0f02d21203 - - - - - -] Attempt 1 to provision port aba2acc7-99c6-4733-bde3-691bbe6bc0cb
2026-07-16 08:04:51.376 10 INFO neutron.db.ovn_revision_numbers_db [None req-101b9714-30bd-4d1d-b726-2e0f02d21203 - - - - - -] Successfully bumped revision number for resource aba2acc7-99c6-4733-bde3-691bbe6bc0cb (type: ports) to 4
2026-07-16 08:04:51.568 10 INFO neutron.db.ovn_revision_numbers_db [None req-ab018dd0-23fe-4051-b87f-4dc2355ddc9f - - - - - -] Successfully bumped revision number for resource e847ac3b-3ccd-4e15-b0f5-ec05972cb32d (type: router_ports) to 2
2026-07-16 08:04:51.568 10 INFO neutron.plugins.ml2.drivers.ovn.mech_driver.mech_driver [None req-ab018dd0-23fe-4051-b87f-4dc2355ddc9f - - - - - -] OVN reports status up for port: cbd5e225-bb89-40ae-8763-1b73e67b8603
2026-07-16 08:04:51.583 10 INFO neutron.plugins.ml2.plugin [None req-ab018dd0-23fe-4051-b87f-4dc2355ddc9f - - - - - -] Attempt 1 to provision port cbd5e225-bb89-40ae-8763-1b73e67b8603
2026-07-16 08:04:51.678 10 INFO neutron.plugins.ml2.drivers.ovn.mech_driver.mech_driver [None req-ab018dd0-23fe-4051-b87f-4dc2355ddc9f - - - - - -] OVN reports status up for port: a385d700-61b0-4343-b4a3-bf2025f0ca55
2026-07-16 08:04:51.684 10 INFO neutron.plugins.ml2.plugin [None req-ab018dd0-23fe-4051-b87f-4dc2355ddc9f - - - - - -] Attempt 1 to provision port a385d700-61b0-4343-b4a3-bf2025f0ca55
2026-07-16 08:04:51.691 9 INFO neutron.api.wsgi [req-c3eb4528-130d-476e-bfeb-3a856b08d8ce req-1e517bc3-20cb-4d33-ad2d-61b4ebd28515 03e449e4cd3649c9ba58b0ae4a770ca8 4ca6a637c5be47aea2d648ca9e5e127c - - default default] 10.0.0.17 "GET /v2.0/ports?device_id=7f0f4f49-e5bc-41ae-a997-af660c13964b HTTP/1.1" status: 200 len: 1170 time: 0.0332708
2026-07-16 08:04:51.738 9 INFO neutron.api.wsgi [req-c3eb4528-130d-476e-bfeb-3a856b08d8ce req-ea23fd0f-7b9e-493c-a7f8-a4832d31d102 03e449e4cd3649c9ba58b0ae4a770ca8 4ca6a637c5be47aea2d648ca9e5e127c - - default default] 10.0.0.17 "GET /v2.0/security-groups?id=dc6488d6-acc8-4723-89f5-cf53a0b71621&fields=id&fields=name HTTP/1.1" status: 200 len: 313 time: 0.0397463
2026-07-16 08:04:52.106 10 INFO neutron.db.ovn_revision_numbers_db [None req-ab018dd0-23fe-4051-b87f-4dc2355ddc9f - - - - - -] Successfully bumped revision number for resource a385d700-61b0-4343-b4a3-bf2025f0ca55 (type: ports) to 2 /var/lib/openstack/lib/python3.12/site-packages/pycadf/identifier.py:71: UserWarning: Invalid uuid: neutron. To ensure interoperability, identifiers should be a valid uuid. warnings.warn(('Invalid uuid: %s. To ensure interoperability, '
2026-07-16 08:04:53.089 10 INFO neutron.notifiers.nova [-] Nova event matching ['req-74ffe875-78d6-4581-a3a1-d24a37cfb5fb'] response: {'server_uuid': '7f0f4f49-e5bc-41ae-a997-af660c13964b', 'name': 'network-vif-plugged', 'status': 'completed', 'tag': '630741df-5f60-47b1-9795-6907d20739f4', 'code': 200}
2026-07-16 08:04:53.108 10 INFO neutron.api.wsgi [req-b7c2a2d6-0a8b-4d35-ab7e-8e1e7899392d req-b7b978be-62b8-46d6-afdf-3ed49a42bd0b 03e449e4cd3649c9ba58b0ae4a770ca8 4ca6a637c5be47aea2d648ca9e5e127c - - default default] 10.0.0.17 "GET /v2.0/ports?device_id=7f0f4f49-e5bc-41ae-a997-af660c13964b HTTP/1.1" status: 200 len: 1170 time: 0.3008687
2026-07-16 08:04:53.143 10 INFO neutron.api.wsgi [req-b7c2a2d6-0a8b-4d35-ab7e-8e1e7899392d req-184b008b-e113-4067-91b6-19abaaa4caee 03e449e4cd3649c9ba58b0ae4a770ca8 4ca6a637c5be47aea2d648ca9e5e127c - - default default] 10.0.0.17 "GET /v2.0/security-groups?id=dc6488d6-acc8-4723-89f5-cf53a0b71621&fields=id&fields=name HTTP/1.1" status: 200 len: 313 time: 0.0318592 /var/lib/openstack/lib/python3.12/site-packages/pycadf/identifier.py:71: UserWarning: Invalid uuid: neutron. To ensure interoperability, identifiers should be a valid uuid. warnings.warn(('Invalid uuid: %s. To ensure interoperability, '
2026-07-16 08:04:53.227 9 INFO neutron.api.wsgi [req-59061137-8982-4ba1-9763-0e39376bd382 req-51734b00-4a80-47a8-9685-6e85b160b6df 03e449e4cd3649c9ba58b0ae4a770ca8 4ca6a637c5be47aea2d648ca9e5e127c - - default default] 10.0.0.17 "GET /v2.0/ports?device_id=7f0f4f49-e5bc-41ae-a997-af660c13964b HTTP/1.1" status: 200 len: 1170 time: 0.0401361
2026-07-16 08:04:53.285 9 INFO neutron.api.wsgi [req-59061137-8982-4ba1-9763-0e39376bd382 req-ece1a903-d273-48c3-900c-52767c9739d3 03e449e4cd3649c9ba58b0ae4a770ca8 4ca6a637c5be47aea2d648ca9e5e127c - - default default] 10.0.0.17 "GET /v2.0/security-groups?id=dc6488d6-acc8-4723-89f5-cf53a0b71621&fields=id&fields=name HTTP/1.1" status: 200 len: 313 time: 0.0543144
2026-07-16 08:04:53.362 10 INFO neutron.api.wsgi [None req-7e4a182c-6bf6-44ca-a859-ea73c08a1ea2 ea227742b5eb4f3cbc6d45021a9eb0fd 88fcf84db276408c99b8dc0d2df6ee98 - - default default] 10.0.0.205 "GET /v2.0/ports?device_id=7f0f4f49-e5bc-41ae-a997-af660c13964b HTTP/1.1" status: 200 len: 1404 time: 0.0551636
2026-07-16 08:04:53.373 9 WARNING neutron_lib.context [None req-f6136b2b-84af-4080-b2aa-ccc4765acded 03e449e4cd3649c9ba58b0ae4a770ca8 4ca6a637c5be47aea2d648ca9e5e127c - - default default] Method 'is_advsvc' is deprecated since 2023.2 release (neutron-lib 3.8.0) and will be removed once support for the old RBAC API policies will be removed from Neutron. Please use method 'is_service_role' instead.
2026-07-16 08:04:53.379 10 INFO neutron.api.wsgi [req-45cfdfe5-1a18-4beb-9f7d-42fb8aaca784 req-0c6db3bb-19d1-4fe1-9297-b94eade0d483 6dd10aaafa7d4d69b8caba41ff227cd0 b017e85a7eb74822bccdfe30cd9f7ace - - default default] 10.0.0.17 "GET /v2.0/networks?id=a8c2be82-b21a-4ed8-a679-1eed0fa55c53 HTTP/1.1" status: 200 len: 871 time: 0.0513489
2026-07-16 08:04:53.396 10 INFO neutron.api.wsgi [req-45cfdfe5-1a18-4beb-9f7d-42fb8aaca784 req-e1870731-4253-4e2f-816f-2d3d261ea181 6dd10aaafa7d4d69b8caba41ff227cd0 b017e85a7eb74822bccdfe30cd9f7ace - - default default] 10.0.0.17 "GET /v2.0/quotas/b017e85a7eb74822bccdfe30cd9f7ace HTTP/1.1" status: 200 len: 491 time: 0.0092697
2026-07-16 08:04:53.465 10 INFO neutron.api.wsgi [req-45cfdfe5-1a18-4beb-9f7d-42fb8aaca784 req-d8457671-3fc5-4b0f-8a09-96924b0b014d 6dd10aaafa7d4d69b8caba41ff227cd0 b017e85a7eb74822bccdfe30cd9f7ace - - default default] 10.0.0.17 "GET /v2.0/ports?tenant_id=b017e85a7eb74822bccdfe30cd9f7ace&fields=id HTTP/1.1" status: 200 len: 302 time: 0.0633380
2026-07-16 08:04:53.506 10 INFO neutron.api.wsgi [req-45cfdfe5-1a18-4beb-9f7d-42fb8aaca784 req-b13fc8c5-a9dc-4543-9394-a61c500c3212 ffa3e627b4de4f94a723cdbe4373c377 5e17cd22ac7a410482bcc6c4d3c6e31a - - 69faa7a73d15429097d2f6940a1a579e 69faa7a73d15429097d2f6940a1a579e] 10.0.0.17 "GET /v2.0/networks/a8c2be82-b21a-4ed8-a679-1eed0fa55c53?fields=segments HTTP/1.1" status: 200 len: 212 time: 0.0324962
2026-07-16 08:04:53.551 9 INFO neutron.services.segments.plugin [-] Segment 7d30ba3a-c48f-47ae-a139-8ae28e47f081 resource provider aggregate not found
2026-07-16 08:04:53.554 9 INFO neutron.services.segments.plugin [-] Segment 7d30ba3a-c48f-47ae-a139-8ae28e47f081 resource provider aggregate not found
2026-07-16 08:04:53.557 10 INFO neutron.api.wsgi [req-45cfdfe5-1a18-4beb-9f7d-42fb8aaca784 req-f8d47356-9037-4974-945d-172b1edce1bf ffa3e627b4de4f94a723cdbe4373c377 5e17cd22ac7a410482bcc6c4d3c6e31a - - 69faa7a73d15429097d2f6940a1a579e 69faa7a73d15429097d2f6940a1a579e] 10.0.0.17 "GET /v2.0/networks/a8c2be82-b21a-4ed8-a679-1eed0fa55c53?fields=provider%3Aphysical_network&fields=provider%3Anetwork_type HTTP/1.1" status: 200 len: 277 time: 0.0423150
2026-07-16 08:04:53.571 9 INFO neutron.services.segments.plugin [-] Segment 7d30ba3a-c48f-47ae-a139-8ae28e47f081 resource provider not found; error: Placement Client Error (4xx): {"errors": [{"status": 404, "title": "Not Found", "detail": "The resource could not be found.\n\n No resource provider with uuid 7d30ba3a-c48f-47ae-a139-8ae28e47f081 found for delete ", "request_id": "req-577aa981-0165-476a-a709-cedd08f46380"}]}
2026-07-16 08:04:53.582 9 INFO neutron.services.segments.plugin [-] Segment 7d30ba3a-c48f-47ae-a139-8ae28e47f081 resource provider not found; error: Placement Client Error (4xx): {"errors": [{"status": 404, "title": "Not Found", "detail": "The resource could not be found.\n\n No resource provider with uuid 7d30ba3a-c48f-47ae-a139-8ae28e47f081 found for delete ", "request_id": "req-0807251d-da10-4ecc-a281-899c114e98d7"}]}
2026-07-16 08:04:53.610 9 INFO neutron.api.wsgi [None req-f22f367b-7c3b-49db-9547-f990eabeb9a6 b8767e8bf52946379bf4df48bd67af1f 282f455f32234cd2b1a632f2f02d53be - - default default] 10.0.0.205 "DELETE /v2.0/vpn/vpnservices/921e7500-bb4e-4758-8f9d-ca5c1f8cdf17 HTTP/1.1" status: 204 len: 168 time: 2.6432269
2026-07-16 08:04:53.622 9 WARNING neutron_lib.context [None req-3aca7855-d229-4cd2-a88b-e886a7d56763 fae944cd9cc8471faeb1df68a7a28c0f a67ca9ad4e0141b5a6002dc31e64602c - - default default] Method 'is_advsvc' is deprecated since 2023.2 release (neutron-lib 3.8.0) and will be removed once support for the old RBAC API policies will be removed from Neutron. Please use method 'is_service_role' instead.
2026-07-16 08:04:53.708 9 INFO neutron.api.wsgi [req-f55b6e82-8d37-4212-99a2-c820db6db253 req-aa515702-2a04-4aec-aca1-7d7df25c40aa 6dd10aaafa7d4d69b8caba41ff227cd0 b017e85a7eb74822bccdfe30cd9f7ace - - default default] 10.0.0.17 "GET /v2.0/ports?device_id=05daaecc-49d8-4615-b7f2-f7a7725ff7d8 HTTP/1.1" status: 200 len: 210 time: 0.0174539
2026-07-16 08:04:53.709 9 WARNING neutron.scheduler.dhcp_agent_scheduler [None req-f6136b2b-84af-4080-b2aa-ccc4765acded 03e449e4cd3649c9ba58b0ae4a770ca8 4ca6a637c5be47aea2d648ca9e5e127c - - default default] No more DHCP agents
2026-07-16 08:04:53.710 9 WARNING neutron.api.rpc.agentnotifiers.dhcp_rpc_agent_api [None req-f6136b2b-84af-4080-b2aa-ccc4765acded 03e449e4cd3649c9ba58b0ae4a770ca8 4ca6a637c5be47aea2d648ca9e5e127c - - default default] Unable to schedule network 420e998d-ec99-4f47-a94b-9f1db35f8f08: no agents available; will retry on subsequent port and subnet creation events.
2026-07-16 08:04:53.714 9 INFO neutron.api.wsgi [None req-3aca7855-d229-4cd2-a88b-e886a7d56763 fae944cd9cc8471faeb1df68a7a28c0f a67ca9ad4e0141b5a6002dc31e64602c - - default default] 10.0.0.205 "POST /v2.0/vpn/endpoint-groups HTTP/1.1" status: 201 len: 500 time: 0.0961306
2026-07-16 08:04:53.721 9 WARNING neutron_lib.context [None req-be1e46e4-9ee2-4885-9e16-61672f83ffe1 fae944cd9cc8471faeb1df68a7a28c0f a67ca9ad4e0141b5a6002dc31e64602c - - default default] Method 'is_advsvc' is deprecated since 2023.2 release (neutron-lib 3.8.0) and will be removed once support for the old RBAC API policies will be removed from Neutron. Please use method 'is_service_role' instead.
2026-07-16 08:04:53.755 9 INFO neutron.api.wsgi [None req-be1e46e4-9ee2-4885-9e16-61672f83ffe1 fae944cd9cc8471faeb1df68a7a28c0f a67ca9ad4e0141b5a6002dc31e64602c - - default default] 10.0.0.205 "POST /v2.0/vpn/endpoint-groups HTTP/1.1" status: 201 len: 492 time: 0.0377765
2026-07-16 08:04:53.775 10 WARNING neutron.api.v2.base [None req-4ac02a66-5281-4873-81ce-3c60476cad33 fae944cd9cc8471faeb1df68a7a28c0f a67ca9ad4e0141b5a6002dc31e64602c - - default default] An exception happened while processing the request body. The exception message is [Unrecognized attribute(s) 'peer_cidr'].: webob.exc.HTTPBadRequest: Unrecognized attribute(s) 'peer_cidr'
2026-07-16 08:04:53.776 10 INFO neutron.api.v2.resource [None req-4ac02a66-5281-4873-81ce-3c60476cad33 fae944cd9cc8471faeb1df68a7a28c0f a67ca9ad4e0141b5a6002dc31e64602c - - default default] create failed (client error): Unrecognized attribute(s) 'peer_cidr'
2026-07-16 08:04:53.776 10 INFO neutron.api.wsgi [None req-4ac02a66-5281-4873-81ce-3c60476cad33 fae944cd9cc8471faeb1df68a7a28c0f a67ca9ad4e0141b5a6002dc31e64602c - - default default] 10.0.0.205 "POST /v2.0/vpn/ipsec-site-connections HTTP/1.1" status: 400 len: 313 time: 0.0114946
2026-07-16 08:04:53.801 9 INFO neutron.api.wsgi [None req-bbcf93e0-4238-4506-974a-036a24055394 fae944cd9cc8471faeb1df68a7a28c0f a67ca9ad4e0141b5a6002dc31e64602c - - default default] 10.0.0.205 "GET /v2.0/vpn/endpoint-groups HTTP/1.1" status: 200 len: 1385 time: 0.0207310
2026-07-16 08:04:53.834 10 INFO neutron.api.wsgi [None req-2173ba57-a09c-4cd0-b189-768a66732dc9 fae944cd9cc8471faeb1df68a7a28c0f a67ca9ad4e0141b5a6002dc31e64602c - - default default] 10.0.0.205 "DELETE /v2.0/vpn/endpoint-groups/e796e56b-4485-4444-8353-b674435205d1 HTTP/1.1" status: 204 len: 168 time: 0.0298419
2026-07-16 08:04:53.849 9 INFO neutron.api.wsgi [None req-ccc04d31-49d0-4396-a31b-436fca4b4b76 fae944cd9cc8471faeb1df68a7a28c0f a67ca9ad4e0141b5a6002dc31e64602c - - default default] 10.0.0.205 "GET /v2.0/vpn/endpoint-groups HTTP/1.1" status: 200 len: 1109 time: 0.0112896
2026-07-16 08:04:53.862 10 INFO neutron.api.wsgi [None req-790a1467-8944-4088-8735-036a6f0601dc fae944cd9cc8471faeb1df68a7a28c0f a67ca9ad4e0141b5a6002dc31e64602c - - default default] 10.0.0.205 "GET /v2.0/vpn/endpoint-groups HTTP/1.1" status: 200 len: 1109 time: 0.0098169
2026-07-16 08:04:53.884 10 INFO neutron.api.wsgi [None req-0f55b38b-dcea-4fdf-84f2-117260939c75 fae944cd9cc8471faeb1df68a7a28c0f a67ca9ad4e0141b5a6002dc31e64602c - - default default] 10.0.0.205 "DELETE /v2.0/vpn/endpoint-groups/5d89bd6c-dc28-42ac-826e-1c860d71c9bc HTTP/1.1" status: 204 len: 168 time: 0.0187390
2026-07-16 08:04:53.897 10 INFO neutron.api.wsgi [None req-8ef46abe-a801-4203-bd70-1c4c9c4cbd9c fae944cd9cc8471faeb1df68a7a28c0f a67ca9ad4e0141b5a6002dc31e64602c - - default default] 10.0.0.205 "GET /v2.0/vpn/endpoint-groups HTTP/1.1" status: 200 len: 826 time: 0.0077822
2026-07-16 08:04:53.905 10 WARNING neutron_lib.context [None req-ce133071-e9d4-4ab5-b921-476bac682daf fae944cd9cc8471faeb1df68a7a28c0f a67ca9ad4e0141b5a6002dc31e64602c - - default default] Method 'is_advsvc' is deprecated since 2023.2 release (neutron-lib 3.8.0) and will be removed once support for the old RBAC API policies will be removed from Neutron. Please use method 'is_service_role' instead.
2026-07-16 08:04:53.949 10 INFO neutron.api.wsgi [None req-ce133071-e9d4-4ab5-b921-476bac682daf fae944cd9cc8471faeb1df68a7a28c0f a67ca9ad4e0141b5a6002dc31e64602c - - default default] 10.0.0.205 "POST /v2.0/vpn/endpoint-groups HTTP/1.1" status: 201 len: 501 time: 0.0480330
2026-07-16 08:04:53.957 9 WARNING neutron_lib.context [None req-1252351e-6c11-47fc-bf60-cd4cbae9804c fae944cd9cc8471faeb1df68a7a28c0f a67ca9ad4e0141b5a6002dc31e64602c - - default default] Method 'is_advsvc' is deprecated since 2023.2 release (neutron-lib 3.8.0) and will be removed once support for the old RBAC API policies will be removed from Neutron. Please use method 'is_service_role' instead.
2026-07-16 08:04:54.010 9 INFO neutron.api.wsgi [None req-1252351e-6c11-47fc-bf60-cd4cbae9804c fae944cd9cc8471faeb1df68a7a28c0f a67ca9ad4e0141b5a6002dc31e64602c - - default default] 10.0.0.205 "POST /v2.0/vpn/endpoint-groups HTTP/1.1" status: 201 len: 493 time: 0.0570681
2026-07-16 08:04:54.019 10 WARNING neutron_lib.context [None req-a31776fd-13a4-46f1-a8c4-4cc3c2ce30ee fae944cd9cc8471faeb1df68a7a28c0f a67ca9ad4e0141b5a6002dc31e64602c - - default default] Method 'is_advsvc' is deprecated since 2023.2 release (neutron-lib 3.8.0) and will be removed once support for the old RBAC API policies will be removed from Neutron. Please use method 'is_service_role' instead.
2026-07-16 08:04:54.054 10 INFO neutron.api.v2.resource [None req-a31776fd-13a4-46f1-a8c4-4cc3c2ce30ee fae944cd9cc8471faeb1df68a7a28c0f a67ca9ad4e0141b5a6002dc31e64602c - - default default] create failed (client error): The server could not comply with the request since it is either malformed or otherwise incorrect.
2026-07-16 08:04:54.055 10 INFO neutron.api.wsgi [None req-a31776fd-13a4-46f1-a8c4-4cc3c2ce30ee fae944cd9cc8471faeb1df68a7a28c0f a67ca9ad4e0141b5a6002dc31e64602c - - default default] 10.0.0.205 "POST /v2.0/vpn/ipsec-site-connections HTTP/1.1" status: 400 len: 373 time: 0.0408206
