2026-07-16 08:02:21.034 9 WARNING neutron.scheduler.dhcp_agent_scheduler [None req-91b8199d-7886-4dde-ac39-09e2a7a49892 efd43a563cfe482ebd4fbf13190d1a73 0ea7014751594bf5b00e8690ee1980b6 - - default default] No more DHCP agents
2026-07-16 08:02:21.035 9 WARNING neutron.api.rpc.agentnotifiers.dhcp_rpc_agent_api [None req-91b8199d-7886-4dde-ac39-09e2a7a49892 efd43a563cfe482ebd4fbf13190d1a73 0ea7014751594bf5b00e8690ee1980b6 - - default default] Unable to schedule network 70e647d3-dafd-4ee5-a6f6-2a6f2e11c7c9: no agents available; will retry on subsequent port and subnet creation events.
2026-07-16 08:02:21.096 9 INFO neutron.db.ovn_revision_numbers_db [None req-91b8199d-7886-4dde-ac39-09e2a7a49892 efd43a563cfe482ebd4fbf13190d1a73 0ea7014751594bf5b00e8690ee1980b6 - - default default] Successfully bumped revision number for resource fad7a270-b58c-4c11-a7fa-c61856e85790 (type: ports) to 1
2026-07-16 08:02:21.119 9 INFO neutron.api.wsgi [None req-91b8199d-7886-4dde-ac39-09e2a7a49892 efd43a563cfe482ebd4fbf13190d1a73 0ea7014751594bf5b00e8690ee1980b6 - - default default] 10.0.0.205 "POST /v2.0/ports HTTP/1.1" status: 201 len: 974 time: 0.3573844 /var/lib/openstack/lib/python3.12/site-packages/pycadf/identifier.py:71: UserWarning: Invalid uuid: neutron. To ensure interoperability, identifiers should be a valid uuid. warnings.warn(('Invalid uuid: %s. To ensure interoperability, '
2026-07-16 08:02:21.130 9 WARNING neutron_lib.context [None req-1c5c3071-c21e-4fbc-90f8-0a3ce394f01f efd43a563cfe482ebd4fbf13190d1a73 0ea7014751594bf5b00e8690ee1980b6 - - default default] Method 'is_advsvc' is deprecated since 2023.2 release (neutron-lib 3.8.0) and will be removed once support for the old RBAC API policies will be removed from Neutron. Please use method 'is_service_role' instead.
2026-07-16 08:02:21.227 9 INFO neutron.db.segments_db [None req-1c5c3071-c21e-4fbc-90f8-0a3ce394f01f efd43a563cfe482ebd4fbf13190d1a73 0ea7014751594bf5b00e8690ee1980b6 - - default default] Added segment 6c972161-2655-49d0-9944-7013f48a6ad9 of type geneve for network 7d3a2c8d-21aa-40cc-b94e-3c009bf01f6f
2026-07-16 08:02:21.333 9 INFO neutron.db.ovn_revision_numbers_db [None req-1c5c3071-c21e-4fbc-90f8-0a3ce394f01f efd43a563cfe482ebd4fbf13190d1a73 0ea7014751594bf5b00e8690ee1980b6 - - default default] Successfully bumped revision number for resource 7d3a2c8d-21aa-40cc-b94e-3c009bf01f6f (type: networks) to 1
2026-07-16 08:02:21.489 9 WARNING neutron.scheduler.dhcp_agent_scheduler [None req-1c5c3071-c21e-4fbc-90f8-0a3ce394f01f efd43a563cfe482ebd4fbf13190d1a73 0ea7014751594bf5b00e8690ee1980b6 - - default default] No more DHCP agents
2026-07-16 08:02:21.491 9 WARNING neutron.api.rpc.agentnotifiers.dhcp_rpc_agent_api [None req-1c5c3071-c21e-4fbc-90f8-0a3ce394f01f efd43a563cfe482ebd4fbf13190d1a73 0ea7014751594bf5b00e8690ee1980b6 - - default default] Unable to schedule network 7d3a2c8d-21aa-40cc-b94e-3c009bf01f6f: no agents available; will retry on subsequent port and subnet creation events.
2026-07-16 08:02:21.577 9 INFO neutron.db.ovn_revision_numbers_db [None req-1c5c3071-c21e-4fbc-90f8-0a3ce394f01f efd43a563cfe482ebd4fbf13190d1a73 0ea7014751594bf5b00e8690ee1980b6 - - default default] Successfully bumped revision number for resource 12fb64db-7f3e-4113-a81d-dab4acb5122c (type: ports) to 1
2026-07-16 08:02:21.588 10 INFO neutron.api.wsgi [req-78f38ac1-2bf3-4b2a-a567-ba2dff23fb9b req-8141efb9-1a71-43b4-b3f3-be698a8abe69 95eabeb72ab549059c105fa38092a50b 658b421f5dfd4e75997d213197ae1c58 - - default default] 10.0.0.17 "GET /v2.0/ports?device_id=ce28cf8b-8436-4198-bf39-6adf260695e3 HTTP/1.1" status: 200 len: 1170 time: 0.1170833
2026-07-16 08:02:21.603 9 INFO neutron.api.wsgi [None req-1c5c3071-c21e-4fbc-90f8-0a3ce394f01f efd43a563cfe482ebd4fbf13190d1a73 0ea7014751594bf5b00e8690ee1980b6 - - default default] 10.0.0.205 "POST /v2.0/networks HTTP/1.1" status: 201 len: 831 time: 0.4779696
2026-07-16 08:02:21.611 9 WARNING neutron_lib.context [None req-b8927a51-b9d0-4b72-8d2c-51e4798c5cc3 efd43a563cfe482ebd4fbf13190d1a73 0ea7014751594bf5b00e8690ee1980b6 - - default default] Method 'is_advsvc' is deprecated since 2023.2 release (neutron-lib 3.8.0) and will be removed once support for the old RBAC API policies will be removed from Neutron. Please use method 'is_service_role' instead.
2026-07-16 08:02:21.714 15 INFO neutron.plugins.ml2.drivers.ovn.mech_driver.ovsdb.maintenance [None req-bbea8f1e-6cdd-4df8-ad78-279769eda177 - - - - - -] OVN maintenance task check_for_inconsistencies finished in 0.473 seconds
2026-07-16 08:02:21.736 9 INFO neutron.api.wsgi [req-98757626-1acb-4a47-a76e-bb354dcfb8a9 req-7669ee17-ac01-4d69-aa82-0852ebce31bf 95eabeb72ab549059c105fa38092a50b 658b421f5dfd4e75997d213197ae1c58 - - default default] 10.0.0.17 "GET /v2.0/ports/8aeaf0cf-eea5-4bfe-9eff-c81f1e8cb4b6 HTTP/1.1" status: 200 len: 1167 time: 0.0905781
2026-07-16 08:02:21.843 9 WARNING neutron.scheduler.dhcp_agent_scheduler [None req-b8927a51-b9d0-4b72-8d2c-51e4798c5cc3 efd43a563cfe482ebd4fbf13190d1a73 0ea7014751594bf5b00e8690ee1980b6 - - default default] No more DHCP agents
2026-07-16 08:02:21.844 9 WARNING neutron.api.rpc.agentnotifiers.dhcp_rpc_agent_api [None req-b8927a51-b9d0-4b72-8d2c-51e4798c5cc3 efd43a563cfe482ebd4fbf13190d1a73 0ea7014751594bf5b00e8690ee1980b6 - - default default] Unable to schedule network 7d3a2c8d-21aa-40cc-b94e-3c009bf01f6f: no agents available; will retry on subsequent port and subnet creation events.
2026-07-16 08:02:22.079 9 INFO neutron.api.wsgi [req-250c859e-a575-4482-8145-fcf4700527cd req-4c28a146-5b5f-4fbe-b714-228bc905d422 69d5bcd5b8524d09bb10e1f3e4d6c705 1e2ce196b7ab42b29f3cfed6f32a021c - - default default] 10.0.0.17 "GET /v2.0/ports?device_id=10eefc4b-34db-4e25-a1fc-8b9c2bb470ad HTTP/1.1" status: 200 len: 210 time: 0.0258687
2026-07-16 08:02:22.088 9 WARNING neutron.plugins.ml2.drivers.ovn.mech_driver.ovsdb.ovn_client [None req-6c110577-1c0c-47ec-9987-f60f042365ba - - - - - -] No hosting information found for port c720326b-194b-4751-94c2-02b142d3e88a: RuntimeError: No hosting information found for port c720326b-194b-4751-94c2-02b142d3e88a
2026-07-16 08:02:22.174 9 INFO neutron.db.ovn_revision_numbers_db [None req-6c110577-1c0c-47ec-9987-f60f042365ba - - - - - -] Successfully bumped revision number for resource c720326b-194b-4751-94c2-02b142d3e88a (type: router_ports) to 2
2026-07-16 08:02:22.287 9 INFO neutron.db.ovn_revision_numbers_db [None req-000c7ed7-e92b-45d1-b3b4-0890b39697f1 - - - - - -] Successfully bumped revision number for resource 12fb64db-7f3e-4113-a81d-dab4acb5122c (type: ports) to 2
2026-07-16 08:02:22.314 9 INFO neutron.db.ovn_revision_numbers_db [None req-000c7ed7-e92b-45d1-b3b4-0890b39697f1 - - - - - -] Successfully bumped revision number for resource a73498d9-080b-4ff3-a053-e97c6cf06cff (type: subnets) to 0
2026-07-16 08:02:22.350 9 INFO neutron.api.wsgi [None req-b8927a51-b9d0-4b72-8d2c-51e4798c5cc3 efd43a563cfe482ebd4fbf13190d1a73 0ea7014751594bf5b00e8690ee1980b6 - - default default] 10.0.0.205 "POST /v2.0/subnets HTTP/1.1" status: 201 len: 825 time: 0.7436669
2026-07-16 08:02:22.359 9 WARNING neutron_lib.context [None req-bc7adfe3-71e9-4531-9ea4-a056e91ca206 efd43a563cfe482ebd4fbf13190d1a73 0ea7014751594bf5b00e8690ee1980b6 - - default default] Method 'is_advsvc' is deprecated since 2023.2 release (neutron-lib 3.8.0) and will be removed once support for the old RBAC API policies will be removed from Neutron. Please use method 'is_service_role' instead.
2026-07-16 08:02:22.369 9 INFO neutron.api.wsgi [req-008efcef-205a-4a0e-bd35-4eedac4d566c req-fcbdc26c-1f4d-466c-ba5c-766bde4a12c4 95eabeb72ab549059c105fa38092a50b 658b421f5dfd4e75997d213197ae1c58 - - default default] 199.19.213.177 "GET /v2.0/subnets?network_id=ec0e22ab-4daa-4168-9468-fcc0a25d6f91 HTTP/1.1" status: 200 len: 883 time: 0.0367293
2026-07-16 08:02:22.418 9 INFO neutron.api.wsgi [req-008efcef-205a-4a0e-bd35-4eedac4d566c req-3c4bac00-1574-495f-ae72-ec93fdb5ba74 95eabeb72ab549059c105fa38092a50b 658b421f5dfd4e75997d213197ae1c58 - - default default] 199.19.213.177 "GET /v2.0/ports?device_id=ce28cf8b-8436-4198-bf39-6adf260695e3&device_owner=compute%3Anova&network_id=ec0e22ab-4daa-4168-9468-fcc0a25d6f91 HTTP/1.1" status: 200 len: 1170 time: 0.0451322
2026-07-16 08:02:22.690 9 WARNING neutron.scheduler.dhcp_agent_scheduler [None req-bc7adfe3-71e9-4531-9ea4-a056e91ca206 efd43a563cfe482ebd4fbf13190d1a73 0ea7014751594bf5b00e8690ee1980b6 - - default default] No more DHCP agents
2026-07-16 08:02:22.691 9 WARNING neutron.api.rpc.agentnotifiers.dhcp_rpc_agent_api [None req-bc7adfe3-71e9-4531-9ea4-a056e91ca206 efd43a563cfe482ebd4fbf13190d1a73 0ea7014751594bf5b00e8690ee1980b6 - - default default] Unable to schedule network 7d3a2c8d-21aa-40cc-b94e-3c009bf01f6f: no agents available; will retry on subsequent port and subnet creation events.
2026-07-16 08:02:22.862 9 INFO neutron.db.ovn_revision_numbers_db [None req-bc7adfe3-71e9-4531-9ea4-a056e91ca206 efd43a563cfe482ebd4fbf13190d1a73 0ea7014751594bf5b00e8690ee1980b6 - - default default] Successfully bumped revision number for resource 53d928bc-5f1f-4a41-b1df-f9569cdfbd0e (type: ports) to 1
2026-07-16 08:02:22.885 9 INFO neutron.api.wsgi [None req-bc7adfe3-71e9-4531-9ea4-a056e91ca206 efd43a563cfe482ebd4fbf13190d1a73 0ea7014751594bf5b00e8690ee1980b6 - - default default] 10.0.0.205 "POST /v2.0/ports HTTP/1.1" status: 201 len: 1151 time: 0.5293117
2026-07-16 08:02:23.051 9 INFO neutron.db.ovn_revision_numbers_db [req-008efcef-205a-4a0e-bd35-4eedac4d566c req-589f2a71-7557-4619-8360-3db6cb66da80 95eabeb72ab549059c105fa38092a50b 658b421f5dfd4e75997d213197ae1c58 - - default default] Successfully bumped revision number for resource 8aeaf0cf-eea5-4bfe-9eff-c81f1e8cb4b6 (type: ports) to 6
2026-07-16 08:02:23.063 9 INFO neutron.api.wsgi [req-008efcef-205a-4a0e-bd35-4eedac4d566c req-589f2a71-7557-4619-8360-3db6cb66da80 95eabeb72ab549059c105fa38092a50b 658b421f5dfd4e75997d213197ae1c58 - - default default] 199.19.213.177 "PUT /v2.0/ports/8aeaf0cf-eea5-4bfe-9eff-c81f1e8cb4b6 HTTP/1.1" status: 200 len: 1345 time: 0.6412606
2026-07-16 08:02:23.096 9 INFO neutron.notifiers.nova [-] Nova event matching ['req-8a02a464-2192-422c-997d-ee64842d7515'] response: {'name': 'network-changed', 'server_uuid': 'ce28cf8b-8436-4198-bf39-6adf260695e3', 'tag': '8aeaf0cf-eea5-4bfe-9eff-c81f1e8cb4b6', 'status': 'completed', 'code': 200}
2026-07-16 08:02:23.104 10 INFO neutron.api.wsgi [req-7b0a0604-c614-444d-85b4-c6148294d5f4 req-73629ae9-ec96-46cb-bddb-82f3ecb54829 69d5bcd5b8524d09bb10e1f3e4d6c705 1e2ce196b7ab42b29f3cfed6f32a021c - - default default] 199.19.213.177 "GET /v2.0/networks?id=4d8fac8d-2443-4af9-9f77-e67efeab87ae HTTP/1.1" status: 200 len: 875 time: 0.0671046
2026-07-16 08:02:23.157 10 INFO neutron.api.wsgi [req-7b0a0604-c614-444d-85b4-c6148294d5f4 req-96a8f221-8e66-48d9-ada3-a11f09f9d785 69d5bcd5b8524d09bb10e1f3e4d6c705 1e2ce196b7ab42b29f3cfed6f32a021c - - default default] 199.19.213.177 "GET /v2.0/security-groups?fields=id&fields=name&tenant_id=1e2ce196b7ab42b29f3cfed6f32a021c HTTP/1.1" status: 200 len: 380 time: 0.0490062
2026-07-16 08:02:23.167 10 WARNING neutron_lib.context [req-7b0a0604-c614-444d-85b4-c6148294d5f4 req-6cc47151-b168-44a6-bfad-e0eb36b321b5 69d5bcd5b8524d09bb10e1f3e4d6c705 1e2ce196b7ab42b29f3cfed6f32a021c - - default default] Method 'is_advsvc' is deprecated since 2023.2 release (neutron-lib 3.8.0) and will be removed once support for the old RBAC API policies will be removed from Neutron. Please use method 'is_service_role' instead.
2026-07-16 08:02:23.171 10 INFO neutron.api.wsgi [req-493da12f-9bbb-414b-ad12-0bdf17fdba05 req-f6d53a41-88da-4e26-85a8-81fcc7633215 69d5bcd5b8524d09bb10e1f3e4d6c705 1e2ce196b7ab42b29f3cfed6f32a021c - - default default] 10.0.0.17 "GET /v2.0/ports?device_id=10eefc4b-34db-4e25-a1fc-8b9c2bb470ad HTTP/1.1" status: 200 len: 210 time: 0.0227420
2026-07-16 08:02:23.182 10 INFO neutron.db.ovn_revision_numbers_db [None req-a7c849e7-f64a-46e4-b73b-a8a718942ff7 b9ce937a6031456c94b46a52e5f6e3d0 1ccb513f25fc44f4bd438183ad6c0ea8 - - default default] Successfully bumped revision number for resource 39ea728c-c84e-434c-ae37-6a6082ec0ac9 (type: security_groups) to 1
2026-07-16 08:02:23.207 10 INFO neutron.db.ovn_revision_numbers_db [None req-a7c849e7-f64a-46e4-b73b-a8a718942ff7 b9ce937a6031456c94b46a52e5f6e3d0 1ccb513f25fc44f4bd438183ad6c0ea8 - - default default] Successfully bumped revision number for resource 1f696120-5336-4f9e-bf5d-e766a3cbb503 (type: security_group_rules) to 0
2026-07-16 08:02:23.227 10 INFO neutron.db.ovn_revision_numbers_db [None req-a7c849e7-f64a-46e4-b73b-a8a718942ff7 b9ce937a6031456c94b46a52e5f6e3d0 1ccb513f25fc44f4bd438183ad6c0ea8 - - default default] Successfully bumped revision number for resource 5fb28340-9dd7-4b3d-b2c9-bcaa3c84c08c (type: security_group_rules) to 0
2026-07-16 08:02:23.267 10 INFO neutron.db.ovn_revision_numbers_db [None req-a7c849e7-f64a-46e4-b73b-a8a718942ff7 b9ce937a6031456c94b46a52e5f6e3d0 1ccb513f25fc44f4bd438183ad6c0ea8 - - default default] Successfully bumped revision number for resource 600ceaeb-1def-468f-9175-005e2dd71b24 (type: security_group_rules) to 0
2026-07-16 08:02:23.333 10 INFO neutron.db.ovn_revision_numbers_db [None req-a7c849e7-f64a-46e4-b73b-a8a718942ff7 b9ce937a6031456c94b46a52e5f6e3d0 1ccb513f25fc44f4bd438183ad6c0ea8 - - default default] Successfully bumped revision number for resource 9f79142e-0e75-4a48-bb11-b62276a6a2c7 (type: security_group_rules) to 0
2026-07-16 08:02:23.339 10 INFO neutron.api.wsgi [None req-5c81f9f2-2731-4533-9ee6-d42d27f376fa efd43a563cfe482ebd4fbf13190d1a73 0ea7014751594bf5b00e8690ee1980b6 - - default default] 10.0.0.205 "DELETE /v2.0/ports/53d928bc-5f1f-4a41-b1df-f9569cdfbd0e HTTP/1.1" status: 204 len: 168 time: 0.4501176 /var/lib/openstack/lib/python3.12/site-packages/pycadf/identifier.py:71: UserWarning: Invalid uuid: neutron. To ensure interoperability, identifiers should be a valid uuid. warnings.warn(('Invalid uuid: %s. To ensure interoperability, '
2026-07-16 08:02:23.358 9 INFO neutron.pecan_wsgi.hooks.translation [None req-89ed5f0e-06e4-49a9-b0ef-e9e6282e76d4 efd43a563cfe482ebd4fbf13190d1a73 0ea7014751594bf5b00e8690ee1980b6 - - default default] DELETE failed (client error): The resource could not be found.
2026-07-16 08:02:23.362 9 INFO neutron.api.wsgi [None req-89ed5f0e-06e4-49a9-b0ef-e9e6282e76d4 efd43a563cfe482ebd4fbf13190d1a73 0ea7014751594bf5b00e8690ee1980b6 - - default default] 10.0.0.205 "DELETE /v2.0/ports/53d928bc-5f1f-4a41-b1df-f9569cdfbd0e HTTP/1.1" status: 404 len: 333 time: 0.0158710
2026-07-16 08:02:23.377 10 INFO neutron.api.wsgi [None req-a7c849e7-f64a-46e4-b73b-a8a718942ff7 b9ce937a6031456c94b46a52e5f6e3d0 1ccb513f25fc44f4bd438183ad6c0ea8 - - default default] 10.0.0.205 "GET /v2.0/security-groups?tenant_id=d4a3ebfcb79d44e4bd6669e6a211a62d&name=default HTTP/1.1" status: 200 len: 3120 time: 0.5176775
2026-07-16 08:02:23.383 9 INFO neutron.pecan_wsgi.hooks.translation [None req-a132d66f-72a9-408c-a331-192a4d114c9b efd43a563cfe482ebd4fbf13190d1a73 0ea7014751594bf5b00e8690ee1980b6 - - default default] GET failed (client error): The resource could not be found.
2026-07-16 08:02:23.384 9 INFO neutron.api.wsgi [None req-a132d66f-72a9-408c-a331-192a4d114c9b efd43a563cfe482ebd4fbf13190d1a73 0ea7014751594bf5b00e8690ee1980b6 - - default default] 10.0.0.205 "GET /v2.0/ports/53d928bc-5f1f-4a41-b1df-f9569cdfbd0e HTTP/1.1" status: 404 len: 333 time: 0.0174856
2026-07-16 08:02:23.578 10 WARNING neutron.scheduler.dhcp_agent_scheduler [req-7b0a0604-c614-444d-85b4-c6148294d5f4 req-6cc47151-b168-44a6-bfad-e0eb36b321b5 69d5bcd5b8524d09bb10e1f3e4d6c705 1e2ce196b7ab42b29f3cfed6f32a021c - - default default] No more DHCP agents
2026-07-16 08:02:23.580 10 WARNING neutron.api.rpc.agentnotifiers.dhcp_rpc_agent_api [req-7b0a0604-c614-444d-85b4-c6148294d5f4 req-6cc47151-b168-44a6-bfad-e0eb36b321b5 69d5bcd5b8524d09bb10e1f3e4d6c705 1e2ce196b7ab42b29f3cfed6f32a021c - - default default] Unable to schedule network 4d8fac8d-2443-4af9-9f77-e67efeab87ae: no agents available; will retry on subsequent port and subnet creation events.
2026-07-16 08:02:23.614 9 INFO neutron.api.wsgi [None req-be901f30-fb5e-49e5-bf26-936e1b343769 efd43a563cfe482ebd4fbf13190d1a73 0ea7014751594bf5b00e8690ee1980b6 - - default default] 10.0.0.205 "DELETE /v2.0/subnets/a73498d9-080b-4ff3-a053-e97c6cf06cff HTTP/1.1" status: 204 len: 168 time: 0.2248499
2026-07-16 08:02:23.621 9 INFO neutron.api.wsgi [req-008efcef-205a-4a0e-bd35-4eedac4d566c req-c4d04cd0-5706-48e5-8703-b6cd6189f2ca ffa3e627b4de4f94a723cdbe4373c377 5e17cd22ac7a410482bcc6c4d3c6e31a - - 69faa7a73d15429097d2f6940a1a579e 69faa7a73d15429097d2f6940a1a579e] 199.19.213.177 "GET /v2.0/ports?tenant_id=658b421f5dfd4e75997d213197ae1c58&device_id=ce28cf8b-8436-4198-bf39-6adf260695e3 HTTP/1.1" status: 200 len: 1586 time: 0.0505042
2026-07-16 08:02:23.677 9 INFO neutron.api.wsgi [req-008efcef-205a-4a0e-bd35-4eedac4d566c req-6c055c16-8600-413d-94b8-f2b28f75b3f8 ffa3e627b4de4f94a723cdbe4373c377 5e17cd22ac7a410482bcc6c4d3c6e31a - - 69faa7a73d15429097d2f6940a1a579e 69faa7a73d15429097d2f6940a1a579e] 199.19.213.177 "GET /v2.0/networks?id=ec0e22ab-4daa-4168-9468-fcc0a25d6f91 HTTP/1.1" status: 200 len: 982 time: 0.0489829
2026-07-16 08:02:23.687 10 INFO neutron.api.wsgi [None req-436cb00a-ba3e-4821-80f0-967ee4df55eb b9ce937a6031456c94b46a52e5f6e3d0 1ccb513f25fc44f4bd438183ad6c0ea8 - - default default] 10.0.0.205 "DELETE /v2.0/security-groups/39ea728c-c84e-434c-ae37-6a6082ec0ac9 HTTP/1.1" status: 204 len: 168 time: 0.3044367
2026-07-16 08:02:23.726 9 INFO neutron.api.wsgi [req-008efcef-205a-4a0e-bd35-4eedac4d566c req-bc5109fd-f3ca-465c-9344-0b4790afaf36 ffa3e627b4de4f94a723cdbe4373c377 5e17cd22ac7a410482bcc6c4d3c6e31a - - 69faa7a73d15429097d2f6940a1a579e 69faa7a73d15429097d2f6940a1a579e] 199.19.213.177 "GET /v2.0/floatingips?fixed_ip_address=10.100.0.5&port_id=8aeaf0cf-eea5-4bfe-9eff-c81f1e8cb4b6 HTTP/1.1" status: 200 len: 1059 time: 0.0469275
2026-07-16 08:02:23.738 10 INFO neutron.db.ovn_revision_numbers_db [req-7b0a0604-c614-444d-85b4-c6148294d5f4 req-6cc47151-b168-44a6-bfad-e0eb36b321b5 69d5bcd5b8524d09bb10e1f3e4d6c705 1e2ce196b7ab42b29f3cfed6f32a021c - - default default] Successfully bumped revision number for resource 69d87b4e-c000-4258-9d93-4a8c633935c1 (type: ports) to 1
2026-07-16 08:02:23.746 9 INFO neutron.api.wsgi [req-008efcef-205a-4a0e-bd35-4eedac4d566c req-4dcda31d-2e6e-4a1d-bdc6-c6d85b7f06b3 ffa3e627b4de4f94a723cdbe4373c377 5e17cd22ac7a410482bcc6c4d3c6e31a - - 69faa7a73d15429097d2f6940a1a579e 69faa7a73d15429097d2f6940a1a579e] 199.19.213.177 "GET /v2.0/floatingips?fixed_ip_address=10.100.0.8&port_id=8aeaf0cf-eea5-4bfe-9eff-c81f1e8cb4b6 HTTP/1.1" status: 200 len: 217 time: 0.0168381
2026-07-16 08:02:23.757 10 INFO neutron.api.wsgi [req-7b0a0604-c614-444d-85b4-c6148294d5f4 req-6cc47151-b168-44a6-bfad-e0eb36b321b5 69d5bcd5b8524d09bb10e1f3e4d6c705 1e2ce196b7ab42b29f3cfed6f32a021c - - default default] 199.19.213.177 "POST /v2.0/ports HTTP/1.1" status: 201 len: 1162 time: 0.5943747 /var/lib/openstack/lib/python3.12/site-packages/pycadf/identifier.py:71: UserWarning: Invalid uuid: neutron. To ensure interoperability, identifiers should be a valid uuid. warnings.warn(('Invalid uuid: %s. To ensure interoperability, '
2026-07-16 08:02:23.775 9 INFO neutron.api.wsgi [req-008efcef-205a-4a0e-bd35-4eedac4d566c req-42f0bff7-9e4c-4c4e-8796-b46e20c58d18 ffa3e627b4de4f94a723cdbe4373c377 5e17cd22ac7a410482bcc6c4d3c6e31a - - 69faa7a73d15429097d2f6940a1a579e 69faa7a73d15429097d2f6940a1a579e] 199.19.213.177 "GET /v2.0/subnets?id=20ed8729-4381-440b-9879-1069c31368eb HTTP/1.1" status: 200 len: 901 time: 0.0251591
2026-07-16 08:02:23.792 9 INFO neutron.api.wsgi [req-008efcef-205a-4a0e-bd35-4eedac4d566c req-e45f76c2-9fec-466f-99ab-93359e3db72e ffa3e627b4de4f94a723cdbe4373c377 5e17cd22ac7a410482bcc6c4d3c6e31a - - 69faa7a73d15429097d2f6940a1a579e 69faa7a73d15429097d2f6940a1a579e] 199.19.213.177 "GET /v2.0/ports?network_id=ec0e22ab-4daa-4168-9468-fcc0a25d6f91&device_owner=network%3Adhcp HTTP/1.1" status: 200 len: 210 time: 0.0143654
2026-07-16 08:02:23.835 9 INFO neutron.api.wsgi [req-008efcef-205a-4a0e-bd35-4eedac4d566c req-7cb72856-eea7-45f8-bb88-da75e099b885 ffa3e627b4de4f94a723cdbe4373c377 5e17cd22ac7a410482bcc6c4d3c6e31a - - 69faa7a73d15429097d2f6940a1a579e 69faa7a73d15429097d2f6940a1a579e] 199.19.213.177 "GET /v2.0/networks/ec0e22ab-4daa-4168-9468-fcc0a25d6f91?fields=segments HTTP/1.1" status: 200 len: 212 time: 0.0399365
2026-07-16 08:02:23.891 9 INFO neutron.api.wsgi [req-008efcef-205a-4a0e-bd35-4eedac4d566c req-66043ad9-1bc5-4637-8d49-9feaf684f374 ffa3e627b4de4f94a723cdbe4373c377 5e17cd22ac7a410482bcc6c4d3c6e31a - - 69faa7a73d15429097d2f6940a1a579e 69faa7a73d15429097d2f6940a1a579e] 199.19.213.177 "GET /v2.0/networks/ec0e22ab-4daa-4168-9468-fcc0a25d6f91?fields=provider%3Aphysical_network&fields=provider%3Anetwork_type HTTP/1.1" status: 200 len: 277 time: 0.0543330
2026-07-16 08:02:23.971 9 INFO neutron.services.segments.plugin [-] Segment 6c972161-2655-49d0-9944-7013f48a6ad9 resource provider aggregate not found
2026-07-16 08:02:23.977 9 INFO neutron.services.segments.plugin [-] Segment 6c972161-2655-49d0-9944-7013f48a6ad9 resource provider aggregate not found
2026-07-16 08:02:23.988 9 INFO neutron.services.segments.plugin [-] Segment 6c972161-2655-49d0-9944-7013f48a6ad9 resource provider not found; error: Placement Client Error (4xx): {"errors": [{"status": 404, "title": "Not Found", "detail": "The resource could not be found.\n\n No resource provider with uuid 6c972161-2655-49d0-9944-7013f48a6ad9 found for delete ", "request_id": "req-8e212095-001e-480e-a533-d3202079017c"}]}
2026-07-16 08:02:23.988 9 INFO neutron.services.segments.plugin [-] Segment 6c972161-2655-49d0-9944-7013f48a6ad9 resource provider not found; error: Placement Client Error (4xx): {"errors": [{"status": 404, "title": "Not Found", "detail": "The resource could not be found.\n\n No resource provider with uuid 6c972161-2655-49d0-9944-7013f48a6ad9 found for delete ", "request_id": "req-3259d265-d354-440a-b180-47a8ff816c0a"}]} /var/lib/openstack/lib/python3.12/site-packages/pycadf/identifier.py:71: UserWarning: Invalid uuid: neutron. To ensure interoperability, identifiers should be a valid uuid. warnings.warn(('Invalid uuid: %s. To ensure interoperability, '
2026-07-16 08:02:24.013 9 INFO neutron.api.wsgi [None req-18c0493e-9d38-4c45-82f6-0fe2f793a83d efd43a563cfe482ebd4fbf13190d1a73 0ea7014751594bf5b00e8690ee1980b6 - - default default] 10.0.0.205 "DELETE /v2.0/networks/7d3a2c8d-21aa-40cc-b94e-3c009bf01f6f HTTP/1.1" status: 204 len: 168 time: 0.3913639
2026-07-16 08:02:24.025 9 WARNING neutron_lib.context [None req-23955629-923f-4469-96b9-9c3d4146ff70 efd43a563cfe482ebd4fbf13190d1a73 0ea7014751594bf5b00e8690ee1980b6 - - default default] Method 'is_advsvc' is deprecated since 2023.2 release (neutron-lib 3.8.0) and will be removed once support for the old RBAC API policies will be removed from Neutron. Please use method 'is_service_role' instead.
2026-07-16 08:02:24.029 10 INFO neutron.api.wsgi [req-574ac244-1bbc-4de6-b829-35ebd9d0c000 req-6a690f67-3a04-4325-895b-6f8a54a71c37 95eabeb72ab549059c105fa38092a50b 658b421f5dfd4e75997d213197ae1c58 - - default default] 10.0.0.17 "GET /v2.0/ports?device_id=ce28cf8b-8436-4198-bf39-6adf260695e3 HTTP/1.1" status: 200 len: 1348 time: 0.0393939
2026-07-16 08:02:24.068 10 INFO neutron.api.wsgi [req-574ac244-1bbc-4de6-b829-35ebd9d0c000 req-7874a930-be8a-4450-9892-8252896201aa 95eabeb72ab549059c105fa38092a50b 658b421f5dfd4e75997d213197ae1c58 - - default default] 10.0.0.17 "GET /v2.0/security-groups?id=da60f89b-1659-4dfe-9e38-c7a2809ca936&fields=id&fields=name HTTP/1.1" status: 200 len: 313 time: 0.0334373
2026-07-16 08:02:24.099 10 INFO neutron.db.ovn_revision_numbers_db [req-7b0a0604-c614-444d-85b4-c6148294d5f4 req-05575d4e-5630-40ea-90d4-314f8c10f54e ffa3e627b4de4f94a723cdbe4373c377 5e17cd22ac7a410482bcc6c4d3c6e31a - - 69faa7a73d15429097d2f6940a1a579e 69faa7a73d15429097d2f6940a1a579e] Successfully bumped revision number for resource 69d87b4e-c000-4258-9d93-4a8c633935c1 (type: ports) to 2
2026-07-16 08:02:24.118 9 INFO neutron.db.segments_db [None req-23955629-923f-4469-96b9-9c3d4146ff70 efd43a563cfe482ebd4fbf13190d1a73 0ea7014751594bf5b00e8690ee1980b6 - - default default] Added segment 366f9f1b-fe91-405b-b5fe-1177571ef2ec of type geneve for network 9a34e648-6bab-492d-809a-99ccf63d9c5f
2026-07-16 08:02:24.231 9 INFO neutron.db.ovn_revision_numbers_db [None req-23955629-923f-4469-96b9-9c3d4146ff70 efd43a563cfe482ebd4fbf13190d1a73 0ea7014751594bf5b00e8690ee1980b6 - - default default] Successfully bumped revision number for resource 9a34e648-6bab-492d-809a-99ccf63d9c5f (type: networks) to 1
2026-07-16 08:02:24.325 10 INFO neutron.db.ovn_revision_numbers_db [req-7b0a0604-c614-444d-85b4-c6148294d5f4 req-05575d4e-5630-40ea-90d4-314f8c10f54e ffa3e627b4de4f94a723cdbe4373c377 5e17cd22ac7a410482bcc6c4d3c6e31a - - 69faa7a73d15429097d2f6940a1a579e 69faa7a73d15429097d2f6940a1a579e] Successfully bumped revision number for resource 69d87b4e-c000-4258-9d93-4a8c633935c1 (type: ports) to 4
2026-07-16 08:02:24.342 10 INFO neutron.api.wsgi [req-7b0a0604-c614-444d-85b4-c6148294d5f4 req-05575d4e-5630-40ea-90d4-314f8c10f54e ffa3e627b4de4f94a723cdbe4373c377 5e17cd22ac7a410482bcc6c4d3c6e31a - - 69faa7a73d15429097d2f6940a1a579e 69faa7a73d15429097d2f6940a1a579e] 199.19.213.177 "PUT /v2.0/ports/69d87b4e-c000-4258-9d93-4a8c633935c1 HTTP/1.1" status: 200 len: 1408 time: 0.5825741
2026-07-16 08:02:24.378 10 INFO neutron.notifiers.nova [-] Nova event matching ['req-8939bc89-0690-4bbd-8349-8fe3cf44dd15'] response: {'name': 'network-changed', 'server_uuid': '10eefc4b-34db-4e25-a1fc-8b9c2bb470ad', 'tag': '69d87b4e-c000-4258-9d93-4a8c633935c1', 'status': 'completed', 'code': 200}
2026-07-16 08:02:24.543 9 INFO neutron.api.wsgi [req-8e4a659f-5ffb-45df-8850-6f37314ce479 req-ab6da868-7adf-4d99-99ea-eef6842f9dd6 69d5bcd5b8524d09bb10e1f3e4d6c705 1e2ce196b7ab42b29f3cfed6f32a021c - - default default] 10.0.0.17 "GET /v2.0/ports?device_id=10eefc4b-34db-4e25-a1fc-8b9c2bb470ad HTTP/1.1" status: 200 len: 1172 time: 0.3099976
2026-07-16 08:02:24.588 9 INFO neutron.api.wsgi [req-8e4a659f-5ffb-45df-8850-6f37314ce479 req-8aae35b5-6f37-411a-ae94-a24efd7635f8 69d5bcd5b8524d09bb10e1f3e4d6c705 1e2ce196b7ab42b29f3cfed6f32a021c - - default default] 10.0.0.17 "GET /v2.0/security-groups?id=91488e0a-a88c-428a-ba9b-07227d4dd54e&fields=id&fields=name HTTP/1.1" status: 200 len: 313 time: 0.0353794
2026-07-16 08:02:24.653 9 WARNING neutron.scheduler.dhcp_agent_scheduler [None req-23955629-923f-4469-96b9-9c3d4146ff70 efd43a563cfe482ebd4fbf13190d1a73 0ea7014751594bf5b00e8690ee1980b6 - - default default] No more DHCP agents
2026-07-16 08:02:24.654 9 WARNING neutron.api.rpc.agentnotifiers.dhcp_rpc_agent_api [None req-23955629-923f-4469-96b9-9c3d4146ff70 efd43a563cfe482ebd4fbf13190d1a73 0ea7014751594bf5b00e8690ee1980b6 - - default default] Unable to schedule network 9a34e648-6bab-492d-809a-99ccf63d9c5f: no agents available; will retry on subsequent port and subnet creation events.
2026-07-16 08:02:24.729 9 INFO neutron.db.ovn_revision_numbers_db [None req-23955629-923f-4469-96b9-9c3d4146ff70 efd43a563cfe482ebd4fbf13190d1a73 0ea7014751594bf5b00e8690ee1980b6 - - default default] Successfully bumped revision number for resource e1d8cd9a-5e55-4010-9ecc-a9ee2766bc26 (type: ports) to 1
2026-07-16 08:02:24.748 9 INFO neutron.api.wsgi [None req-23955629-923f-4469-96b9-9c3d4146ff70 efd43a563cfe482ebd4fbf13190d1a73 0ea7014751594bf5b00e8690ee1980b6 - - default default] 10.0.0.205 "POST /v2.0/networks HTTP/1.1" status: 201 len: 831 time: 0.7272503
2026-07-16 08:02:24.756 9 WARNING neutron_lib.context [None req-11533e6d-ad3a-4c89-8ee5-3c8f7ab51514 efd43a563cfe482ebd4fbf13190d1a73 0ea7014751594bf5b00e8690ee1980b6 - - default default] Method 'is_advsvc' is deprecated since 2023.2 release (neutron-lib 3.8.0) and will be removed once support for the old RBAC API policies will be removed from Neutron. Please use method 'is_service_role' instead. /var/lib/openstack/lib/python3.12/site-packages/pycadf/identifier.py:71: UserWarning: Invalid uuid: neutron. To ensure interoperability, identifiers should be a valid uuid. warnings.warn(('Invalid uuid: %s. To ensure interoperability, '
2026-07-16 08:02:24.908 9 WARNING neutron.scheduler.dhcp_agent_scheduler [None req-11533e6d-ad3a-4c89-8ee5-3c8f7ab51514 efd43a563cfe482ebd4fbf13190d1a73 0ea7014751594bf5b00e8690ee1980b6 - - default default] No more DHCP agents
2026-07-16 08:02:24.915 9 WARNING neutron.api.rpc.agentnotifiers.dhcp_rpc_agent_api [None req-11533e6d-ad3a-4c89-8ee5-3c8f7ab51514 efd43a563cfe482ebd4fbf13190d1a73 0ea7014751594bf5b00e8690ee1980b6 - - default default] Unable to schedule network 9a34e648-6bab-492d-809a-99ccf63d9c5f: no agents available; will retry on subsequent port and subnet creation events.
2026-07-16 08:02:24.917 10 INFO neutron.api.wsgi [req-0037d18e-e7a7-4be4-8528-0b4c5caaa25d req-1fe07817-cf9a-4f99-96b1-74dd5240f687 ffa3e627b4de4f94a723cdbe4373c377 5e17cd22ac7a410482bcc6c4d3c6e31a - - 69faa7a73d15429097d2f6940a1a579e 69faa7a73d15429097d2f6940a1a579e] 199.19.213.177 "GET /v2.0/ports?tenant_id=1e2ce196b7ab42b29f3cfed6f32a021c&device_id=10eefc4b-34db-4e25-a1fc-8b9c2bb470ad HTTP/1.1" status: 200 len: 1411 time: 0.0306554
2026-07-16 08:02:24.943 9 INFO neutron.api.wsgi [req-568398b8-b997-4eb5-9601-db668668847b req-5a2f0cbe-7725-42b6-a615-0e0884aa4a85 ffa3e627b4de4f94a723cdbe4373c377 5e17cd22ac7a410482bcc6c4d3c6e31a - - 69faa7a73d15429097d2f6940a1a579e 69faa7a73d15429097d2f6940a1a579e] 199.19.213.177 "GET /v2.0/ports?tenant_id=658b421f5dfd4e75997d213197ae1c58&device_id=ce28cf8b-8436-4198-bf39-6adf260695e3 HTTP/1.1" status: 200 len: 1586 time: 0.0354517
2026-07-16 08:02:24.962 10 INFO neutron.api.wsgi [req-0037d18e-e7a7-4be4-8528-0b4c5caaa25d req-70e01351-aeee-42b8-8d81-06f974f852ac ffa3e627b4de4f94a723cdbe4373c377 5e17cd22ac7a410482bcc6c4d3c6e31a - - 69faa7a73d15429097d2f6940a1a579e 69faa7a73d15429097d2f6940a1a579e] 199.19.213.177 "GET /v2.0/networks?tenant_id=1e2ce196b7ab42b29f3cfed6f32a021c&shared=False HTTP/1.1" status: 200 len: 974 time: 0.0407608
2026-07-16 08:02:24.999 9 INFO neutron.api.wsgi [req-568398b8-b997-4eb5-9601-db668668847b req-7ae0312e-5a16-414b-9688-dd782352eec3 ffa3e627b4de4f94a723cdbe4373c377 5e17cd22ac7a410482bcc6c4d3c6e31a - - 69faa7a73d15429097d2f6940a1a579e 69faa7a73d15429097d2f6940a1a579e] 199.19.213.177 "GET /v2.0/networks?id=ec0e22ab-4daa-4168-9468-fcc0a25d6f91 HTTP/1.1" status: 200 len: 982 time: 0.0485024
2026-07-16 08:02:25.014 10 INFO neutron.api.wsgi [req-0037d18e-e7a7-4be4-8528-0b4c5caaa25d req-dc48ef14-8ef0-4641-b179-565b42726567 ffa3e627b4de4f94a723cdbe4373c377 5e17cd22ac7a410482bcc6c4d3c6e31a - - 69faa7a73d15429097d2f6940a1a579e 69faa7a73d15429097d2f6940a1a579e] 199.19.213.177 "GET /v2.0/networks?shared=True HTTP/1.1" status: 200 len: 952 time: 0.0460527
2026-07-16 08:02:25.049 9 INFO neutron.api.wsgi [req-568398b8-b997-4eb5-9601-db668668847b req-c9955c00-7f4b-45e8-a617-a534e00520d5 ffa3e627b4de4f94a723cdbe4373c377 5e17cd22ac7a410482bcc6c4d3c6e31a - - 69faa7a73d15429097d2f6940a1a579e 69faa7a73d15429097d2f6940a1a579e] 199.19.213.177 "GET /v2.0/floatingips?fixed_ip_address=10.100.0.5&port_id=8aeaf0cf-eea5-4bfe-9eff-c81f1e8cb4b6 HTTP/1.1" status: 200 len: 1059 time: 0.0441961
2026-07-16 08:02:25.086 9 INFO neutron.api.wsgi [req-568398b8-b997-4eb5-9601-db668668847b req-0cd40921-53aa-429a-972e-6d82d2d80bf9 ffa3e627b4de4f94a723cdbe4373c377 5e17cd22ac7a410482bcc6c4d3c6e31a - - 69faa7a73d15429097d2f6940a1a579e 69faa7a73d15429097d2f6940a1a579e] 199.19.213.177 "GET /v2.0/floatingips?fixed_ip_address=10.100.0.8&port_id=8aeaf0cf-eea5-4bfe-9eff-c81f1e8cb4b6 HTTP/1.1" status: 200 len: 217 time: 0.0225563
2026-07-16 08:02:25.137 9 INFO neutron.api.wsgi [req-568398b8-b997-4eb5-9601-db668668847b req-2f9b1d2d-15be-4fd2-9db3-d7ca2a915035 ffa3e627b4de4f94a723cdbe4373c377 5e17cd22ac7a410482bcc6c4d3c6e31a - - 69faa7a73d15429097d2f6940a1a579e 69faa7a73d15429097d2f6940a1a579e] 199.19.213.177 "GET /v2.0/subnets?id=20ed8729-4381-440b-9879-1069c31368eb HTTP/1.1" status: 200 len: 901 time: 0.0414536
2026-07-16 08:02:25.165 9 INFO neutron.api.wsgi [req-568398b8-b997-4eb5-9601-db668668847b req-20fd7d40-853b-4ddb-9421-4c8df62bec95 ffa3e627b4de4f94a723cdbe4373c377 5e17cd22ac7a410482bcc6c4d3c6e31a - - 69faa7a73d15429097d2f6940a1a579e 69faa7a73d15429097d2f6940a1a579e] 199.19.213.177 "GET /v2.0/ports?network_id=ec0e22ab-4daa-4168-9468-fcc0a25d6f91&device_owner=network%3Adhcp HTTP/1.1" status: 200 len: 210 time: 0.0204196
2026-07-16 08:02:25.213 9 INFO neutron.api.wsgi [req-568398b8-b997-4eb5-9601-db668668847b req-6cc2f1e5-4c65-4d0f-bcb6-41e86acf6ed3 ffa3e627b4de4f94a723cdbe4373c377 5e17cd22ac7a410482bcc6c4d3c6e31a - - 69faa7a73d15429097d2f6940a1a579e 69faa7a73d15429097d2f6940a1a579e] 199.19.213.177 "GET /v2.0/networks/ec0e22ab-4daa-4168-9468-fcc0a25d6f91?fields=segments HTTP/1.1" status: 200 len: 212 time: 0.0443668
2026-07-16 08:02:25.282 9 INFO neutron.api.wsgi [req-568398b8-b997-4eb5-9601-db668668847b req-14bb040f-dfc0-4d7f-9a57-48bb6c2b89de ffa3e627b4de4f94a723cdbe4373c377 5e17cd22ac7a410482bcc6c4d3c6e31a - - 69faa7a73d15429097d2f6940a1a579e 69faa7a73d15429097d2f6940a1a579e] 199.19.213.177 "GET /v2.0/networks/ec0e22ab-4daa-4168-9468-fcc0a25d6f91?fields=provider%3Aphysical_network&fields=provider%3Anetwork_type HTTP/1.1" status: 200 len: 277 time: 0.0619876
2026-07-16 08:02:25.450 9 INFO neutron.db.ovn_revision_numbers_db [None req-b5b3dcc1-74a7-4f45-80e0-68022674d66d - - - - - -] Successfully bumped revision number for resource e1d8cd9a-5e55-4010-9ecc-a9ee2766bc26 (type: ports) to 2
2026-07-16 08:02:25.476 9 INFO neutron.db.ovn_revision_numbers_db [None req-b5b3dcc1-74a7-4f45-80e0-68022674d66d - - - - - -] Successfully bumped revision number for resource 641d68a1-df55-4922-9bf1-e877f032d782 (type: subnets) to 0
2026-07-16 08:02:25.490 9 INFO neutron.api.wsgi [None req-11533e6d-ad3a-4c89-8ee5-3c8f7ab51514 efd43a563cfe482ebd4fbf13190d1a73 0ea7014751594bf5b00e8690ee1980b6 - - default default] 10.0.0.205 "POST /v2.0/subnets HTTP/1.1" status: 201 len: 825 time: 0.7371814
2026-07-16 08:02:25.499 9 WARNING neutron_lib.context [None req-0eb211e2-0d93-4fe6-9c41-3478dfe42481 efd43a563cfe482ebd4fbf13190d1a73 0ea7014751594bf5b00e8690ee1980b6 - - default default] Method 'is_advsvc' is deprecated since 2023.2 release (neutron-lib 3.8.0) and will be removed once support for the old RBAC API policies will be removed from Neutron. Please use method 'is_service_role' instead.
2026-07-16 08:02:25.709 9 INFO neutron.api.wsgi [req-ab174d38-7b4f-420f-9b38-bdb0aa25d601 req-4fd8b976-278c-4cd5-9bba-d7d414939606 69d5bcd5b8524d09bb10e1f3e4d6c705 1e2ce196b7ab42b29f3cfed6f32a021c - - default default] 10.0.0.17 "GET /v2.0/ports?device_id=10eefc4b-34db-4e25-a1fc-8b9c2bb470ad HTTP/1.1" status: 200 len: 1172 time: 0.0630262
2026-07-16 08:02:25.758 9 INFO neutron.api.wsgi [req-ab174d38-7b4f-420f-9b38-bdb0aa25d601 req-0dba2dea-a269-44f1-a892-b3f81658cda3 69d5bcd5b8524d09bb10e1f3e4d6c705 1e2ce196b7ab42b29f3cfed6f32a021c - - default default] 10.0.0.17 "GET /v2.0/security-groups?id=91488e0a-a88c-428a-ba9b-07227d4dd54e&fields=id&fields=name HTTP/1.1" status: 200 len: 313 time: 0.0430253
2026-07-16 08:02:25.842 9 WARNING neutron.scheduler.dhcp_agent_scheduler [None req-0eb211e2-0d93-4fe6-9c41-3478dfe42481 efd43a563cfe482ebd4fbf13190d1a73 0ea7014751594bf5b00e8690ee1980b6 - - default default] No more DHCP agents
2026-07-16 08:02:25.843 9 WARNING neutron.api.rpc.agentnotifiers.dhcp_rpc_agent_api [None req-0eb211e2-0d93-4fe6-9c41-3478dfe42481 efd43a563cfe482ebd4fbf13190d1a73 0ea7014751594bf5b00e8690ee1980b6 - - default default] Unable to schedule network 9a34e648-6bab-492d-809a-99ccf63d9c5f: no agents available; will retry on subsequent port and subnet creation events.
2026-07-16 08:02:25.859 9 INFO neutron.api.wsgi [req-eaadbedb-604f-45fa-a12d-8e857ef5eb31 req-bf264d45-7b02-4795-9d80-47aad0f5377a 95eabeb72ab549059c105fa38092a50b 658b421f5dfd4e75997d213197ae1c58 - - default default] 199.19.213.177 "GET /v2.0/ports?device_id=ce28cf8b-8436-4198-bf39-6adf260695e3&device_owner=compute%3Anova&fixed_ips=ip_address%3D10.100.0.8 HTTP/1.1" status: 200 len: 1348 time: 0.0636454
2026-07-16 08:02:26.012 9 INFO neutron.db.ovn_revision_numbers_db [None req-0eb211e2-0d93-4fe6-9c41-3478dfe42481 efd43a563cfe482ebd4fbf13190d1a73 0ea7014751594bf5b00e8690ee1980b6 - - default default] Successfully bumped revision number for resource 98559dfc-a36a-4127-a15c-1b44fd64aeba (type: ports) to 1
2026-07-16 08:02:26.037 9 INFO neutron.api.wsgi [None req-0eb211e2-0d93-4fe6-9c41-3478dfe42481 efd43a563cfe482ebd4fbf13190d1a73 0ea7014751594bf5b00e8690ee1980b6 - - default default] 10.0.0.205 "POST /v2.0/ports HTTP/1.1" status: 201 len: 1114 time: 0.5419919
2026-07-16 08:02:26.067 10 INFO neutron.api.wsgi [req-7b0a0604-c614-444d-85b4-c6148294d5f4 req-93d7aa06-a252-4900-b0c7-b9630341b4a7 ffa3e627b4de4f94a723cdbe4373c377 5e17cd22ac7a410482bcc6c4d3c6e31a - - 69faa7a73d15429097d2f6940a1a579e 69faa7a73d15429097d2f6940a1a579e] 199.19.213.177 "GET /v2.0/ports?tenant_id=1e2ce196b7ab42b29f3cfed6f32a021c&device_id=10eefc4b-34db-4e25-a1fc-8b9c2bb470ad HTTP/1.1" status: 200 len: 1411 time: 0.0368478
2026-07-16 08:02:26.089 10 INFO neutron.api.wsgi [req-7b0a0604-c614-444d-85b4-c6148294d5f4 req-e55692ca-82dd-4243-b2d6-960a97959b4b ffa3e627b4de4f94a723cdbe4373c377 5e17cd22ac7a410482bcc6c4d3c6e31a - - 69faa7a73d15429097d2f6940a1a579e 69faa7a73d15429097d2f6940a1a579e] 199.19.213.177 "GET /v2.0/floatingips?fixed_ip_address=10.100.0.13&port_id=69d87b4e-c000-4258-9d93-4a8c633935c1 HTTP/1.1" status: 200 len: 217 time: 0.0152206
2026-07-16 08:02:26.118 10 INFO neutron.api.wsgi [req-7b0a0604-c614-444d-85b4-c6148294d5f4 req-ec1fabf0-51d1-4a02-959b-5968358b5778 ffa3e627b4de4f94a723cdbe4373c377 5e17cd22ac7a410482bcc6c4d3c6e31a - - 69faa7a73d15429097d2f6940a1a579e 69faa7a73d15429097d2f6940a1a579e] 199.19.213.177 "GET /v2.0/subnets?id=b00d52c2-d537-4ccd-baec-d710c1d6de55 HTTP/1.1" status: 200 len: 893 time: 0.0242364
2026-07-16 08:02:26.139 10 INFO neutron.api.wsgi [req-7b0a0604-c614-444d-85b4-c6148294d5f4 req-a20f6cdc-e3db-4505-a422-cdd5c5c4bf45 ffa3e627b4de4f94a723cdbe4373c377 5e17cd22ac7a410482bcc6c4d3c6e31a - - 69faa7a73d15429097d2f6940a1a579e 69faa7a73d15429097d2f6940a1a579e] 199.19.213.177 "GET /v2.0/ports?network_id=4d8fac8d-2443-4af9-9f77-e67efeab87ae&device_owner=network%3Adhcp HTTP/1.1" status: 200 len: 210 time: 0.0148938
2026-07-16 08:02:26.183 10 INFO neutron.api.wsgi [req-7b0a0604-c614-444d-85b4-c6148294d5f4 req-d163309c-ad80-4f0c-a1de-329898941c5b ffa3e627b4de4f94a723cdbe4373c377 5e17cd22ac7a410482bcc6c4d3c6e31a - - 69faa7a73d15429097d2f6940a1a579e 69faa7a73d15429097d2f6940a1a579e] 199.19.213.177 "GET /v2.0/networks/4d8fac8d-2443-4af9-9f77-e67efeab87ae?fields=segments HTTP/1.1" status: 200 len: 212 time: 0.0365715
2026-07-16 08:02:26.234 10 INFO neutron.api.wsgi [req-7b0a0604-c614-444d-85b4-c6148294d5f4 req-702f5a71-27a7-4bb6-acb5-8122d663d59a ffa3e627b4de4f94a723cdbe4373c377 5e17cd22ac7a410482bcc6c4d3c6e31a - - 69faa7a73d15429097d2f6940a1a579e 69faa7a73d15429097d2f6940a1a579e] 199.19.213.177 "GET /v2.0/networks/4d8fac8d-2443-4af9-9f77-e67efeab87ae?fields=provider%3Aphysical_network&fields=provider%3Anetwork_type HTTP/1.1" status: 200 len: 277 time: 0.0466070
2026-07-16 08:02:26.421 9 INFO neutron.db.ovn_revision_numbers_db [req-eaadbedb-604f-45fa-a12d-8e857ef5eb31 req-565aded0-53e7-4762-8443-91b1119b6656 95eabeb72ab549059c105fa38092a50b 658b421f5dfd4e75997d213197ae1c58 - - default default] Successfully bumped revision number for resource 8aeaf0cf-eea5-4bfe-9eff-c81f1e8cb4b6 (type: ports) to 7
2026-07-16 08:02:26.433 9 INFO neutron.api.wsgi [req-eaadbedb-604f-45fa-a12d-8e857ef5eb31 req-565aded0-53e7-4762-8443-91b1119b6656 95eabeb72ab549059c105fa38092a50b 658b421f5dfd4e75997d213197ae1c58 - - default default] 199.19.213.177 "PUT /v2.0/ports/8aeaf0cf-eea5-4bfe-9eff-c81f1e8cb4b6 HTTP/1.1" status: 200 len: 1167 time: 0.5670965
2026-07-16 08:02:26.452 9 INFO neutron.api.wsgi [None req-192c1666-750e-4710-b569-5a1aad69ef30 efd43a563cfe482ebd4fbf13190d1a73 0ea7014751594bf5b00e8690ee1980b6 - - default default] 10.0.0.205 "DELETE /v2.0/ports/98559dfc-a36a-4127-a15c-1b44fd64aeba HTTP/1.1" status: 204 len: 168 time: 0.4086938
2026-07-16 08:02:26.462 9 INFO neutron.notifiers.nova [-] Nova event matching ['req-0cd39801-6ebf-487a-893f-40add40e19a5'] response: {'name': 'network-changed', 'server_uuid': 'ce28cf8b-8436-4198-bf39-6adf260695e3', 'tag': '8aeaf0cf-eea5-4bfe-9eff-c81f1e8cb4b6', 'status': 'completed', 'code': 200}
2026-07-16 08:02:26.468 10 INFO neutron.pecan_wsgi.hooks.translation [None req-478cd20b-358a-46e9-8d98-e67c76bfdb76 efd43a563cfe482ebd4fbf13190d1a73 0ea7014751594bf5b00e8690ee1980b6 - - default default] GET failed (client error): The resource could not be found.
2026-07-16 08:02:26.469 10 INFO neutron.api.wsgi [None req-478cd20b-358a-46e9-8d98-e67c76bfdb76 efd43a563cfe482ebd4fbf13190d1a73 0ea7014751594bf5b00e8690ee1980b6 - - default default] 10.0.0.205 "GET /v2.0/ports/98559dfc-a36a-4127-a15c-1b44fd64aeba HTTP/1.1" status: 404 len: 333 time: 0.0128269
2026-07-16 08:02:26.623 10 INFO neutron.api.wsgi [None req-aff723d4-5517-43ef-8bd8-f7ac93594372 efd43a563cfe482ebd4fbf13190d1a73 0ea7014751594bf5b00e8690ee1980b6 - - default default] 10.0.0.205 "DELETE /v2.0/subnets/641d68a1-df55-4922-9bf1-e877f032d782 HTTP/1.1" status: 204 len: 168 time: 0.1476421
2026-07-16 08:02:26.917 10 INFO neutron.api.wsgi [req-c596f87a-1cc8-495b-85b9-ed938e3ba11c req-f8d44109-3962-453c-b20b-f481a33be13b 69d5bcd5b8524d09bb10e1f3e4d6c705 1e2ce196b7ab42b29f3cfed6f32a021c - - default default] 10.0.0.17 "GET /v2.0/ports?device_id=10eefc4b-34db-4e25-a1fc-8b9c2bb470ad HTTP/1.1" status: 200 len: 1172 time: 0.0965419
2026-07-16 08:02:26.920 10 INFO neutron.services.segments.plugin [-] Segment 366f9f1b-fe91-405b-b5fe-1177571ef2ec resource provider aggregate not found
2026-07-16 08:02:26.924 10 INFO neutron.services.segments.plugin [-] Segment 366f9f1b-fe91-405b-b5fe-1177571ef2ec resource provider aggregate not found
2026-07-16 08:02:26.937 10 INFO neutron.services.segments.plugin [-] Segment 366f9f1b-fe91-405b-b5fe-1177571ef2ec resource provider not found; error: Placement Client Error (4xx): {"errors": [{"status": 404, "title": "Not Found", "detail": "The resource could not be found.\n\n No resource provider with uuid 366f9f1b-fe91-405b-b5fe-1177571ef2ec found for delete ", "request_id": "req-e3baf11d-0645-43f1-8920-fb85c8bee292"}]}
2026-07-16 08:02:26.940 10 INFO neutron.services.segments.plugin [-] Segment 366f9f1b-fe91-405b-b5fe-1177571ef2ec resource provider not found; error: Placement Client Error (4xx): {"errors": [{"status": 404, "title": "Not Found", "detail": "The resource could not be found.\n\n No resource provider with uuid 366f9f1b-fe91-405b-b5fe-1177571ef2ec found for delete ", "request_id": "req-502d7076-1ee5-49f8-bcfd-7eac360fd6f4"}]} /var/lib/openstack/lib/python3.12/site-packages/pycadf/identifier.py:71: UserWarning: Invalid uuid: neutron. To ensure interoperability, identifiers should be a valid uuid. warnings.warn(('Invalid uuid: %s. To ensure interoperability, '
2026-07-16 08:02:26.964 10 INFO neutron.api.wsgi [req-c596f87a-1cc8-495b-85b9-ed938e3ba11c req-2b40859f-378f-4ea6-b2c1-fc2c36c97edb 69d5bcd5b8524d09bb10e1f3e4d6c705 1e2ce196b7ab42b29f3cfed6f32a021c - - default default] 10.0.0.17 "GET /v2.0/security-groups?id=91488e0a-a88c-428a-ba9b-07227d4dd54e&fields=id&fields=name HTTP/1.1" status: 200 len: 313 time: 0.0376687
2026-07-16 08:02:26.968 10 INFO neutron.api.wsgi [None req-4a9078b2-7fa5-4d6d-b6c9-c568196d395e efd43a563cfe482ebd4fbf13190d1a73 0ea7014751594bf5b00e8690ee1980b6 - - default default] 10.0.0.205 "DELETE /v2.0/networks/9a34e648-6bab-492d-809a-99ccf63d9c5f HTTP/1.1" status: 204 len: 168 time: 0.3390524
2026-07-16 08:02:26.975 9 INFO neutron.api.wsgi [req-eaadbedb-604f-45fa-a12d-8e857ef5eb31 req-4bc939ba-4668-4280-8853-669e7b1cda0f ffa3e627b4de4f94a723cdbe4373c377 5e17cd22ac7a410482bcc6c4d3c6e31a - - 69faa7a73d15429097d2f6940a1a579e 69faa7a73d15429097d2f6940a1a579e] 199.19.213.177 "GET /v2.0/ports?tenant_id=658b421f5dfd4e75997d213197ae1c58&device_id=ce28cf8b-8436-4198-bf39-6adf260695e3 HTTP/1.1" status: 200 len: 1409 time: 0.0326235
2026-07-16 08:02:26.979 10 WARNING neutron_lib.context [None req-5754201e-68dd-4b9f-b4d6-add63dd1740e efd43a563cfe482ebd4fbf13190d1a73 0ea7014751594bf5b00e8690ee1980b6 - - default default] Method 'is_advsvc' is deprecated since 2023.2 release (neutron-lib 3.8.0) and will be removed once support for the old RBAC API policies will be removed from Neutron. Please use method 'is_service_role' instead.
2026-07-16 08:02:27.023 9 INFO neutron.api.wsgi [req-eaadbedb-604f-45fa-a12d-8e857ef5eb31 req-36326ac4-d36a-44e5-a0c0-f26b1b93b245 ffa3e627b4de4f94a723cdbe4373c377 5e17cd22ac7a410482bcc6c4d3c6e31a - - 69faa7a73d15429097d2f6940a1a579e 69faa7a73d15429097d2f6940a1a579e] 199.19.213.177 "GET /v2.0/networks?id=ec0e22ab-4daa-4168-9468-fcc0a25d6f91 HTTP/1.1" status: 200 len: 982 time: 0.0416558
2026-07-16 08:02:27.060 9 INFO neutron.api.wsgi [req-eaadbedb-604f-45fa-a12d-8e857ef5eb31 req-d2312df9-43f6-408e-af72-b58a226e975a ffa3e627b4de4f94a723cdbe4373c377 5e17cd22ac7a410482bcc6c4d3c6e31a - - 69faa7a73d15429097d2f6940a1a579e 69faa7a73d15429097d2f6940a1a579e] 199.19.213.177 "GET /v2.0/floatingips?fixed_ip_address=10.100.0.5&port_id=8aeaf0cf-eea5-4bfe-9eff-c81f1e8cb4b6 HTTP/1.1" status: 200 len: 1059 time: 0.0320504
2026-07-16 08:02:27.087 9 INFO neutron.api.wsgi [req-eaadbedb-604f-45fa-a12d-8e857ef5eb31 req-2f3439db-9715-4552-adcb-0f610b71eddb ffa3e627b4de4f94a723cdbe4373c377 5e17cd22ac7a410482bcc6c4d3c6e31a - - 69faa7a73d15429097d2f6940a1a579e 69faa7a73d15429097d2f6940a1a579e] 199.19.213.177 "GET /v2.0/subnets?id=20ed8729-4381-440b-9879-1069c31368eb HTTP/1.1" status: 200 len: 901 time: 0.0220194
2026-07-16 08:02:27.107 9 INFO neutron.api.wsgi [req-eaadbedb-604f-45fa-a12d-8e857ef5eb31 req-6d96c33a-5306-4bdb-81ba-745bf6930537 ffa3e627b4de4f94a723cdbe4373c377 5e17cd22ac7a410482bcc6c4d3c6e31a - - 69faa7a73d15429097d2f6940a1a579e 69faa7a73d15429097d2f6940a1a579e] 199.19.213.177 "GET /v2.0/ports?network_id=ec0e22ab-4daa-4168-9468-fcc0a25d6f91&device_owner=network%3Adhcp HTTP/1.1" status: 200 len: 210 time: 0.0144372
2026-07-16 08:02:27.113 10 INFO neutron.db.ovn_revision_numbers_db [None req-658dee41-d500-49f0-a9ea-ec9fd0329da9 b9ce937a6031456c94b46a52e5f6e3d0 1ccb513f25fc44f4bd438183ad6c0ea8 - - default default] Successfully bumped revision number for resource c684618f-61e5-41dc-9a00-d01af7313888 (type: security_groups) to 1
2026-07-16 08:02:27.125 10 INFO neutron.db.ovn_revision_numbers_db [None req-658dee41-d500-49f0-a9ea-ec9fd0329da9 b9ce937a6031456c94b46a52e5f6e3d0 1ccb513f25fc44f4bd438183ad6c0ea8 - - default default] Successfully bumped revision number for resource 11de8c22-7cb9-483f-8a27-19d5780e077b (type: security_group_rules) to 0
2026-07-16 08:02:27.140 10 INFO neutron.db.ovn_revision_numbers_db [None req-658dee41-d500-49f0-a9ea-ec9fd0329da9 b9ce937a6031456c94b46a52e5f6e3d0 1ccb513f25fc44f4bd438183ad6c0ea8 - - default default] Successfully bumped revision number for resource 384fefbc-faa8-4c91-93ee-eb0ed774262f (type: security_group_rules) to 0
2026-07-16 08:02:27.150 9 INFO neutron.api.wsgi [req-eaadbedb-604f-45fa-a12d-8e857ef5eb31 req-f1a9706a-6f27-44e2-93c3-01e8e93298f5 ffa3e627b4de4f94a723cdbe4373c377 5e17cd22ac7a410482bcc6c4d3c6e31a - - 69faa7a73d15429097d2f6940a1a579e 69faa7a73d15429097d2f6940a1a579e] 199.19.213.177 "GET /v2.0/networks/ec0e22ab-4daa-4168-9468-fcc0a25d6f91?fields=segments HTTP/1.1" status: 200 len: 212 time: 0.0382497
2026-07-16 08:02:27.155 10 INFO neutron.db.ovn_revision_numbers_db [None req-658dee41-d500-49f0-a9ea-ec9fd0329da9 b9ce937a6031456c94b46a52e5f6e3d0 1ccb513f25fc44f4bd438183ad6c0ea8 - - default default] Successfully bumped revision number for resource 454d1184-93c4-4e6f-8f3a-6b4704248dac (type: security_group_rules) to 0
2026-07-16 08:02:27.170 10 INFO neutron.db.ovn_revision_numbers_db [None req-658dee41-d500-49f0-a9ea-ec9fd0329da9 b9ce937a6031456c94b46a52e5f6e3d0 1ccb513f25fc44f4bd438183ad6c0ea8 - - default default] Successfully bumped revision number for resource dfb10507-898d-4d75-accb-ecaacb489a3a (type: security_group_rules) to 0
2026-07-16 08:02:27.186 10 WARNING neutron.scheduler.dhcp_agent_scheduler [None req-5754201e-68dd-4b9f-b4d6-add63dd1740e efd43a563cfe482ebd4fbf13190d1a73 0ea7014751594bf5b00e8690ee1980b6 - - default default] No more DHCP agents
2026-07-16 08:02:27.188 10 WARNING neutron.api.rpc.agentnotifiers.dhcp_rpc_agent_api [None req-5754201e-68dd-4b9f-b4d6-add63dd1740e efd43a563cfe482ebd4fbf13190d1a73 0ea7014751594bf5b00e8690ee1980b6 - - default default] Unable to schedule network 70e647d3-dafd-4ee5-a6f6-2a6f2e11c7c9: no agents available; will retry on subsequent port and subnet creation events.
2026-07-16 08:02:27.196 9 INFO neutron.api.wsgi [req-eaadbedb-604f-45fa-a12d-8e857ef5eb31 req-3cd36493-40b7-446d-b33c-d75a768f9e9f ffa3e627b4de4f94a723cdbe4373c377 5e17cd22ac7a410482bcc6c4d3c6e31a - - 69faa7a73d15429097d2f6940a1a579e 69faa7a73d15429097d2f6940a1a579e] 199.19.213.177 "GET /v2.0/networks/ec0e22ab-4daa-4168-9468-fcc0a25d6f91?fields=provider%3Aphysical_network&fields=provider%3Anetwork_type HTTP/1.1" status: 200 len: 277 time: 0.0372043
2026-07-16 08:02:27.200 10 INFO neutron.api.wsgi [None req-658dee41-d500-49f0-a9ea-ec9fd0329da9 b9ce937a6031456c94b46a52e5f6e3d0 1ccb513f25fc44f4bd438183ad6c0ea8 - - default default] 10.0.0.205 "GET /v2.0/security-groups?tenant_id=022b8ddbf4384491b0b71e811a7f9b7b&name=default HTTP/1.1" status: 200 len: 3120 time: 0.3894856 /var/lib/openstack/lib/python3.12/site-packages/pycadf/identifier.py:71: UserWarning: Invalid uuid: neutron. To ensure interoperability, identifiers should be a valid uuid. warnings.warn(('Invalid uuid: %s. To ensure interoperability, '
