2026-07-16 08:03:42.258 9 INFO neutron.api.wsgi [None req-e74985c6-f37c-44cb-84f1-e178fd39c62d b2cf7df87dfa4ef98024da1adda2b1f7 dc857324ae19465c88ffe1ddad648d6f - - default default] 10.0.0.205 "POST /v2.0/networks HTTP/1.1" status: 201 len: 831 time: 0.6798341
2026-07-16 08:03:42.266 10 WARNING neutron_lib.context [None req-3df60fbe-7775-4e71-9340-d28cd3dd8e94 b2cf7df87dfa4ef98024da1adda2b1f7 dc857324ae19465c88ffe1ddad648d6f - - default default] Method 'is_advsvc' is deprecated since 2023.2 release (neutron-lib 3.8.0) and will be removed once support for the old RBAC API policies will be removed from Neutron. Please use method 'is_service_role' instead.
2026-07-16 08:03:42.320 10 INFO neutron.db.ovn_revision_numbers_db [None req-eca73d10-836e-4d10-b84e-1a5e0f9aabc5 b9ce937a6031456c94b46a52e5f6e3d0 1ccb513f25fc44f4bd438183ad6c0ea8 - - default default] Successfully bumped revision number for resource c7ce16b9-2850-4154-8304-398d6d72ce02 (type: security_groups) to 1
2026-07-16 08:03:42.345 10 INFO neutron.db.ovn_revision_numbers_db [None req-eca73d10-836e-4d10-b84e-1a5e0f9aabc5 b9ce937a6031456c94b46a52e5f6e3d0 1ccb513f25fc44f4bd438183ad6c0ea8 - - default default] Successfully bumped revision number for resource 3fd4deee-6f65-4404-b539-a237a027fc70 (type: security_group_rules) to 0
2026-07-16 08:03:42.385 10 INFO neutron.db.ovn_revision_numbers_db [None req-eca73d10-836e-4d10-b84e-1a5e0f9aabc5 b9ce937a6031456c94b46a52e5f6e3d0 1ccb513f25fc44f4bd438183ad6c0ea8 - - default default] Successfully bumped revision number for resource 5ce8f9f7-142e-441e-8296-e3420b4e98af (type: security_group_rules) to 0
2026-07-16 08:03:42.426 10 INFO neutron.db.ovn_revision_numbers_db [None req-eca73d10-836e-4d10-b84e-1a5e0f9aabc5 b9ce937a6031456c94b46a52e5f6e3d0 1ccb513f25fc44f4bd438183ad6c0ea8 - - default default] Successfully bumped revision number for resource 6b0032ae-f59e-4d33-96d8-92f70b135b2b (type: security_group_rules) to 0
2026-07-16 08:03:42.444 10 INFO neutron.db.ovn_revision_numbers_db [None req-1aa741e0-07f8-470b-90fb-656dfd3b1501 - - - - - -] Successfully bumped revision number for resource 835dc6e8-83c2-432f-a784-441e77324fe6 (type: ports) to 5
2026-07-16 08:03:42.451 10 INFO neutron.db.ovn_revision_numbers_db [None req-eca73d10-836e-4d10-b84e-1a5e0f9aabc5 b9ce937a6031456c94b46a52e5f6e3d0 1ccb513f25fc44f4bd438183ad6c0ea8 - - default default] Successfully bumped revision number for resource cf0d7f9b-1347-4274-87e2-5530d70be780 (type: security_group_rules) to 0
2026-07-16 08:03:42.498 10 INFO neutron.api.wsgi [None req-eca73d10-836e-4d10-b84e-1a5e0f9aabc5 b9ce937a6031456c94b46a52e5f6e3d0 1ccb513f25fc44f4bd438183ad6c0ea8 - - default default] 10.0.0.205 "GET /v2.0/security-groups?tenant_id=1df93bfeb12045258d87fc65f1e36a17&name=default HTTP/1.1" status: 200 len: 3120 time: 0.3708827
2026-07-16 08:03:42.523 10 WARNING neutron.scheduler.dhcp_agent_scheduler [None req-3df60fbe-7775-4e71-9340-d28cd3dd8e94 b2cf7df87dfa4ef98024da1adda2b1f7 dc857324ae19465c88ffe1ddad648d6f - - default default] No more DHCP agents
2026-07-16 08:03:42.524 10 WARNING neutron.api.rpc.agentnotifiers.dhcp_rpc_agent_api [None req-3df60fbe-7775-4e71-9340-d28cd3dd8e94 b2cf7df87dfa4ef98024da1adda2b1f7 dc857324ae19465c88ffe1ddad648d6f - - default default] Unable to schedule network 2e87c460-1041-403a-b582-8a5f5cdbf17d: no agents available; will retry on subsequent port and subnet creation events.
2026-07-16 08:03:42.623 10 INFO neutron.db.ovn_revision_numbers_db [None req-3df60fbe-7775-4e71-9340-d28cd3dd8e94 b2cf7df87dfa4ef98024da1adda2b1f7 dc857324ae19465c88ffe1ddad648d6f - - default default] Successfully bumped revision number for resource 2f2bec47-4c91-402d-b044-87a74b284c95 (type: ports) to 1
2026-07-16 08:03:42.654 10 INFO neutron.api.wsgi [None req-3df60fbe-7775-4e71-9340-d28cd3dd8e94 b2cf7df87dfa4ef98024da1adda2b1f7 dc857324ae19465c88ffe1ddad648d6f - - default default] 10.0.0.205 "POST /v2.0/ports HTTP/1.1" status: 201 len: 942 time: 0.3921041 /var/lib/openstack/lib/python3.12/site-packages/pycadf/identifier.py:71: UserWarning: Invalid uuid: neutron. To ensure interoperability, identifiers should be a valid uuid. warnings.warn(('Invalid uuid: %s. To ensure interoperability, '
2026-07-16 08:03:42.664 10 WARNING neutron_lib.context [None req-742fbc50-2751-4b09-aba8-f5ccbb28b020 b2cf7df87dfa4ef98024da1adda2b1f7 dc857324ae19465c88ffe1ddad648d6f - - default default] Method 'is_advsvc' is deprecated since 2023.2 release (neutron-lib 3.8.0) and will be removed once support for the old RBAC API policies will be removed from Neutron. Please use method 'is_service_role' instead.
2026-07-16 08:03:42.865 9 INFO neutron.api.wsgi [None req-e2f41fca-aab6-45b0-a452-5040aff6d878 b9ce937a6031456c94b46a52e5f6e3d0 1ccb513f25fc44f4bd438183ad6c0ea8 - - default default] 10.0.0.205 "DELETE /v2.0/security-groups/c7ce16b9-2850-4154-8304-398d6d72ce02 HTTP/1.1" status: 204 len: 168 time: 0.3610184
2026-07-16 08:03:42.945 9 INFO neutron.api.wsgi [req-dffbec04-5df5-4cc3-9e88-12780c92559e req-aad3e0d9-7f5e-4277-99ca-102c8495dbe1 ceeacea81e504f44895c79b76062587e d058b34b1af441a98fbe9b4d9d45ffe6 - - default default] 10.0.0.17 "GET /v2.0/ports?device_id=ade5b5e3-55fe-4f8d-b1c2-6d10e8c87b4e HTTP/1.1" status: 200 len: 1170 time: 0.0517328
2026-07-16 08:03:42.954 10 INFO neutron.db.ovn_revision_numbers_db [None req-6615a177-78b4-40a9-9a39-3b9c87d8a1b3 b9ce937a6031456c94b46a52e5f6e3d0 1ccb513f25fc44f4bd438183ad6c0ea8 - - default default] Successfully bumped revision number for resource 82b40d8a-239c-4fd8-87f3-b2d6b6110280 (type: security_groups) to 1
2026-07-16 08:03:42.994 9 INFO neutron.api.wsgi [req-dffbec04-5df5-4cc3-9e88-12780c92559e req-98b149ed-e286-425e-9aa0-2a5d265eb212 ceeacea81e504f44895c79b76062587e d058b34b1af441a98fbe9b4d9d45ffe6 - - default default] 10.0.0.17 "GET /v2.0/security-groups?id=7cce57c2-7297-45fc-af04-5a05eaeb5596&fields=id&fields=name HTTP/1.1" status: 200 len: 286 time: 0.0418391
2026-07-16 08:03:43.004 10 INFO neutron.db.ovn_revision_numbers_db [None req-6615a177-78b4-40a9-9a39-3b9c87d8a1b3 b9ce937a6031456c94b46a52e5f6e3d0 1ccb513f25fc44f4bd438183ad6c0ea8 - - default default] Successfully bumped revision number for resource 1992157d-3f64-4990-a2c5-d866a6e2c15c (type: security_group_rules) to 0
2026-07-16 08:03:43.018 10 INFO neutron.api.wsgi [None req-742fbc50-2751-4b09-aba8-f5ccbb28b020 b2cf7df87dfa4ef98024da1adda2b1f7 dc857324ae19465c88ffe1ddad648d6f - - default default] 10.0.0.205 "POST /v2.0/trunks HTTP/1.1" status: 201 len: 608 time: 0.3579719
2026-07-16 08:03:43.025 10 WARNING neutron_lib.context [None req-ee95cfb6-0622-444a-8eab-3b827886a9aa b2cf7df87dfa4ef98024da1adda2b1f7 dc857324ae19465c88ffe1ddad648d6f - - default default] Method 'is_advsvc' is deprecated since 2023.2 release (neutron-lib 3.8.0) and will be removed once support for the old RBAC API policies will be removed from Neutron. Please use method 'is_service_role' instead.
2026-07-16 08:03:43.031 10 INFO neutron.db.ovn_revision_numbers_db [None req-6615a177-78b4-40a9-9a39-3b9c87d8a1b3 b9ce937a6031456c94b46a52e5f6e3d0 1ccb513f25fc44f4bd438183ad6c0ea8 - - default default] Successfully bumped revision number for resource 32d69f35-bd41-432e-a1dc-fb3ac3857354 (type: security_group_rules) to 0
2026-07-16 08:03:43.058 10 INFO neutron.db.ovn_revision_numbers_db [None req-6615a177-78b4-40a9-9a39-3b9c87d8a1b3 b9ce937a6031456c94b46a52e5f6e3d0 1ccb513f25fc44f4bd438183ad6c0ea8 - - default default] Successfully bumped revision number for resource 73365619-63bd-4b07-9d7c-9606d54230e9 (type: security_group_rules) to 0
2026-07-16 08:03:43.101 10 INFO neutron.db.ovn_revision_numbers_db [None req-6615a177-78b4-40a9-9a39-3b9c87d8a1b3 b9ce937a6031456c94b46a52e5f6e3d0 1ccb513f25fc44f4bd438183ad6c0ea8 - - default default] Successfully bumped revision number for resource f225afe2-71cf-47a8-a61b-7fda7f642c77 (type: security_group_rules) to 0
2026-07-16 08:03:43.134 10 INFO neutron.db.segments_db [None req-ee95cfb6-0622-444a-8eab-3b827886a9aa b2cf7df87dfa4ef98024da1adda2b1f7 dc857324ae19465c88ffe1ddad648d6f - - default default] Added segment d5470010-e56e-43cf-9fce-60bf1ba53c97 of type geneve for network 0c75ae15-2a72-48ea-9cfc-dd9627bf4921
2026-07-16 08:03:43.148 10 INFO neutron.api.wsgi [None req-6615a177-78b4-40a9-9a39-3b9c87d8a1b3 b9ce937a6031456c94b46a52e5f6e3d0 1ccb513f25fc44f4bd438183ad6c0ea8 - - default default] 10.0.0.205 "GET /v2.0/security-groups?tenant_id=2a1dedc188544f6ca2108237fe1e9ef8&name=default HTTP/1.1" status: 200 len: 3120 time: 0.5593889
2026-07-16 08:03:43.269 10 INFO neutron.db.ovn_revision_numbers_db [None req-ee95cfb6-0622-444a-8eab-3b827886a9aa b2cf7df87dfa4ef98024da1adda2b1f7 dc857324ae19465c88ffe1ddad648d6f - - default default] Successfully bumped revision number for resource 0c75ae15-2a72-48ea-9cfc-dd9627bf4921 (type: networks) to 1
2026-07-16 08:03:43.384 9 INFO neutron.api.wsgi [None req-891ba388-0c1c-48f2-a7be-03f1066ab119 b9ce937a6031456c94b46a52e5f6e3d0 1ccb513f25fc44f4bd438183ad6c0ea8 - - default default] 10.0.0.205 "DELETE /v2.0/security-groups/82b40d8a-239c-4fd8-87f3-b2d6b6110280 HTTP/1.1" status: 204 len: 168 time: 0.2302818
2026-07-16 08:03:43.452 10 WARNING neutron.scheduler.dhcp_agent_scheduler [None req-ee95cfb6-0622-444a-8eab-3b827886a9aa b2cf7df87dfa4ef98024da1adda2b1f7 dc857324ae19465c88ffe1ddad648d6f - - default default] No more DHCP agents
2026-07-16 08:03:43.453 10 WARNING neutron.api.rpc.agentnotifiers.dhcp_rpc_agent_api [None req-ee95cfb6-0622-444a-8eab-3b827886a9aa b2cf7df87dfa4ef98024da1adda2b1f7 dc857324ae19465c88ffe1ddad648d6f - - default default] Unable to schedule network 0c75ae15-2a72-48ea-9cfc-dd9627bf4921: no agents available; will retry on subsequent port and subnet creation events.
2026-07-16 08:03:43.544 10 INFO neutron.db.ovn_revision_numbers_db [None req-ee95cfb6-0622-444a-8eab-3b827886a9aa b2cf7df87dfa4ef98024da1adda2b1f7 dc857324ae19465c88ffe1ddad648d6f - - default default] Successfully bumped revision number for resource 61f41c6f-f66e-4cdd-99f1-4c391b365aa5 (type: ports) to 1
2026-07-16 08:03:43.574 10 INFO neutron.api.wsgi [None req-ee95cfb6-0622-444a-8eab-3b827886a9aa b2cf7df87dfa4ef98024da1adda2b1f7 dc857324ae19465c88ffe1ddad648d6f - - default default] 10.0.0.205 "POST /v2.0/networks HTTP/1.1" status: 201 len: 830 time: 0.5532227
2026-07-16 08:03:43.586 9 WARNING neutron_lib.context [None req-6e6a657b-07e8-49c5-b0c2-889097547cfd b2cf7df87dfa4ef98024da1adda2b1f7 dc857324ae19465c88ffe1ddad648d6f - - default default] Method 'is_advsvc' is deprecated since 2023.2 release (neutron-lib 3.8.0) and will be removed once support for the old RBAC API policies will be removed from Neutron. Please use method 'is_service_role' instead.
2026-07-16 08:03:43.814 9 WARNING neutron.scheduler.dhcp_agent_scheduler [None req-6e6a657b-07e8-49c5-b0c2-889097547cfd b2cf7df87dfa4ef98024da1adda2b1f7 dc857324ae19465c88ffe1ddad648d6f - - default default] No more DHCP agents
2026-07-16 08:03:43.815 9 WARNING neutron.api.rpc.agentnotifiers.dhcp_rpc_agent_api [None req-6e6a657b-07e8-49c5-b0c2-889097547cfd b2cf7df87dfa4ef98024da1adda2b1f7 dc857324ae19465c88ffe1ddad648d6f - - default default] Unable to schedule network 0c75ae15-2a72-48ea-9cfc-dd9627bf4921: no agents available; will retry on subsequent port and subnet creation events.
2026-07-16 08:03:43.880 9 INFO neutron.db.ovn_revision_numbers_db [None req-6e6a657b-07e8-49c5-b0c2-889097547cfd b2cf7df87dfa4ef98024da1adda2b1f7 dc857324ae19465c88ffe1ddad648d6f - - default default] Successfully bumped revision number for resource 4537d3b8-ccdd-4ae8-be43-fc17a7e59e5b (type: ports) to 1
2026-07-16 08:03:43.900 9 INFO neutron.api.wsgi [None req-6e6a657b-07e8-49c5-b0c2-889097547cfd b2cf7df87dfa4ef98024da1adda2b1f7 dc857324ae19465c88ffe1ddad648d6f - - default default] 10.0.0.205 "POST /v2.0/ports HTTP/1.1" status: 201 len: 942 time: 0.3188055 /var/lib/openstack/lib/python3.12/site-packages/pycadf/identifier.py:71: UserWarning: Invalid uuid: neutron. To ensure interoperability, identifiers should be a valid uuid. warnings.warn(('Invalid uuid: %s. To ensure interoperability, '
2026-07-16 08:03:43.910 9 WARNING neutron_lib.context [None req-a28c8dd1-059c-4fcb-8b60-d77c4c9cd40b b2cf7df87dfa4ef98024da1adda2b1f7 dc857324ae19465c88ffe1ddad648d6f - - default default] Method 'is_advsvc' is deprecated since 2023.2 release (neutron-lib 3.8.0) and will be removed once support for the old RBAC API policies will be removed from Neutron. Please use method 'is_service_role' instead.
2026-07-16 08:03:44.093 9 INFO neutron.api.wsgi [None req-a28c8dd1-059c-4fcb-8b60-d77c4c9cd40b b2cf7df87dfa4ef98024da1adda2b1f7 dc857324ae19465c88ffe1ddad648d6f - - default default] 10.0.0.205 "POST /v2.0/trunks HTTP/1.1" status: 201 len: 608 time: 0.1879697
2026-07-16 08:03:44.135 10 INFO neutron.api.wsgi [req-cdcf5cea-a9a2-4d88-bea2-f2c57bdfe0a0 req-75fd1bb3-ab68-4994-aac6-3385740bf46d ceeacea81e504f44895c79b76062587e d058b34b1af441a98fbe9b4d9d45ffe6 - - default default] 10.0.0.17 "GET /v2.0/ports?device_id=ade5b5e3-55fe-4f8d-b1c2-6d10e8c87b4e HTTP/1.1" status: 200 len: 1170 time: 0.0707400
2026-07-16 08:03:44.174 10 INFO neutron.api.wsgi [req-cdcf5cea-a9a2-4d88-bea2-f2c57bdfe0a0 req-b1557efb-9c44-44bc-bd8e-e00ed683c942 ceeacea81e504f44895c79b76062587e d058b34b1af441a98fbe9b4d9d45ffe6 - - default default] 10.0.0.17 "GET /v2.0/security-groups?id=7cce57c2-7297-45fc-af04-5a05eaeb5596&fields=id&fields=name HTTP/1.1" status: 200 len: 286 time: 0.0306401
2026-07-16 08:03:44.197 10 INFO neutron.api.wsgi [None req-06527fc9-454f-4265-b1fe-89b0e1ade17a b2cf7df87dfa4ef98024da1adda2b1f7 dc857324ae19465c88ffe1ddad648d6f - - default default] 10.0.0.205 "PUT /v2.0/trunks/2854c023-d9cc-4356-a205-0fe0f203558b/tags HTTP/1.1" status: 200 len: 210 time: 0.1009076
2026-07-16 08:03:44.283 10 INFO neutron.api.wsgi [None req-975557df-1aec-4afb-99f9-e98777225274 b2cf7df87dfa4ef98024da1adda2b1f7 dc857324ae19465c88ffe1ddad648d6f - - default default] 10.0.0.205 "PUT /v2.0/trunks/045e5e5b-6a21-493c-b39c-933c2a520c09/tags HTTP/1.1" status: 200 len: 218 time: 0.0792046
2026-07-16 08:03:44.284 10 INFO neutron.notifiers.nova [-] Nova event matching ['req-db454460-8545-4af9-bb76-fba9eaee7e63'] response: {'server_uuid': 'ade5b5e3-55fe-4f8d-b1c2-6d10e8c87b4e', 'name': 'network-vif-plugged', 'status': 'completed', 'tag': '835dc6e8-83c2-432f-a784-441e77324fe6', 'code': 200}
2026-07-16 08:03:44.555 10 INFO neutron.api.wsgi [None req-ff18d442-9998-4611-ab0d-135c59a7ec47 b2cf7df87dfa4ef98024da1adda2b1f7 dc857324ae19465c88ffe1ddad648d6f - - default default] 10.0.0.205 "PUT /v2.0/trunks/9044e1f1-c761-4dc7-b2a6-6e452ffdf405/tags HTTP/1.1" status: 200 len: 227 time: 0.2686577
2026-07-16 08:03:44.599 10 INFO neutron.api.wsgi [None req-6960a49a-25da-46ed-bc48-904860428276 b2cf7df87dfa4ef98024da1adda2b1f7 dc857324ae19465c88ffe1ddad648d6f - - default default] 10.0.0.205 "PUT /v2.0/trunks/ea51b7f4-ff30-4f4d-8cab-e0ffd83d93ec/tags HTTP/1.1" status: 200 len: 212 time: 0.0374348
2026-07-16 08:03:44.629 10 INFO neutron.api.wsgi [None req-7d508373-fd68-492d-be7c-3efa0cc96d81 b2cf7df87dfa4ef98024da1adda2b1f7 dc857324ae19465c88ffe1ddad648d6f - - default default] 10.0.0.205 "GET /v2.0/trunks?tags=red HTTP/1.1" status: 200 len: 1447 time: 0.0225468
2026-07-16 08:03:44.661 10 INFO neutron.api.wsgi [None req-8df4a818-b772-42e6-b294-9cc2aa47860a b2cf7df87dfa4ef98024da1adda2b1f7 dc857324ae19465c88ffe1ddad648d6f - - default default] 10.0.0.205 "GET /v2.0/trunks?tags=red%2Cblue HTTP/1.1" status: 200 len: 1041 time: 0.0277984
2026-07-16 08:03:44.698 9 INFO neutron.api.wsgi [None req-3042a9bd-a7cd-4b1f-b715-a67c982e94d7 b2cf7df87dfa4ef98024da1adda2b1f7 dc857324ae19465c88ffe1ddad648d6f - - default default] 10.0.0.205 "GET /v2.0/trunks?tags-any=blue HTTP/1.1" status: 200 len: 1041 time: 0.0298166
2026-07-16 08:03:44.726 10 INFO neutron.api.wsgi [None req-26e43707-de88-45e3-8d34-5977c88a7cfa b2cf7df87dfa4ef98024da1adda2b1f7 dc857324ae19465c88ffe1ddad648d6f - - default default] 10.0.0.205 "GET /v2.0/trunks?tags-any=red%2Cblue HTTP/1.1" status: 200 len: 1447 time: 0.0183725
2026-07-16 08:03:44.747 10 INFO neutron.api.wsgi [None req-5dcc82e7-6e69-4737-947d-4d14d136d257 b2cf7df87dfa4ef98024da1adda2b1f7 dc857324ae19465c88ffe1ddad648d6f - - default default] 10.0.0.205 "GET /v2.0/trunks?not-tags=red HTTP/1.1" status: 200 len: 1013 time: 0.0138378
2026-07-16 08:03:44.764 10 INFO neutron.api.wsgi [None req-263d5fe8-4a34-443d-814d-16d2386aaef4 b2cf7df87dfa4ef98024da1adda2b1f7 dc857324ae19465c88ffe1ddad648d6f - - default default] 10.0.0.205 "GET /v2.0/trunks?not-tags=red%2Cblue HTTP/1.1" status: 200 len: 1419 time: 0.0135789
2026-07-16 08:03:44.782 10 INFO neutron.api.wsgi [None req-46a11f68-5123-403f-b912-353d1f048a06 b2cf7df87dfa4ef98024da1adda2b1f7 dc857324ae19465c88ffe1ddad648d6f - - default default] 10.0.0.205 "GET /v2.0/trunks?not-tags-any=blue HTTP/1.1" status: 200 len: 1419 time: 0.0131934
2026-07-16 08:03:44.797 10 INFO neutron.api.wsgi [None req-b82a3606-c672-4438-aa30-e2cafd7ef2d7 b2cf7df87dfa4ef98024da1adda2b1f7 dc857324ae19465c88ffe1ddad648d6f - - default default] 10.0.0.205 "GET /v2.0/trunks?not-tags-any=red%2Cblue HTTP/1.1" status: 200 len: 1013 time: 0.0114446
2026-07-16 08:03:44.813 9 INFO neutron.api.wsgi [None req-1bad2bb1-f412-4c94-afcd-c6cf24423809 b2cf7df87dfa4ef98024da1adda2b1f7 dc857324ae19465c88ffe1ddad648d6f - - default default] 10.0.0.205 "GET /v2.0/trunks/2854c023-d9cc-4356-a205-0fe0f203558b HTTP/1.1" status: 200 len: 608 time: 0.0115161
2026-07-16 08:03:45.133 10 INFO neutron.api.wsgi [None req-863d3509-3282-4fa9-969a-6e4b3dec1cf1 b2cf7df87dfa4ef98024da1adda2b1f7 dc857324ae19465c88ffe1ddad648d6f - - default default] 10.0.0.205 "GET /v2.0/ports/426acf56-f938-4840-bf1e-2168f8448ee7 HTTP/1.1" status: 200 len: 1020 time: 0.3120606
2026-07-16 08:03:45.252 10 INFO neutron.api.wsgi [req-186c24c3-443b-4e94-84f7-782ec6082fa5 req-85de8ff5-8ae9-46d3-8c9e-d2fd611e9348 ceeacea81e504f44895c79b76062587e d058b34b1af441a98fbe9b4d9d45ffe6 - - default default] 10.0.0.17 "GET /v2.0/ports?device_id=ade5b5e3-55fe-4f8d-b1c2-6d10e8c87b4e HTTP/1.1" status: 200 len: 1170 time: 0.0263560
2026-07-16 08:03:45.283 10 INFO neutron.api.wsgi [req-186c24c3-443b-4e94-84f7-782ec6082fa5 req-0e4300ce-d0fb-40ee-89ae-3432dd1b4883 ceeacea81e504f44895c79b76062587e d058b34b1af441a98fbe9b4d9d45ffe6 - - default default] 10.0.0.17 "GET /v2.0/security-groups?id=7cce57c2-7297-45fc-af04-5a05eaeb5596&fields=id&fields=name HTTP/1.1" status: 200 len: 286 time: 0.0254564
2026-07-16 08:03:45.298 10 INFO neutron.api.wsgi [None req-03f8c6ce-7d2f-488a-9dbc-1be6287801ae b2cf7df87dfa4ef98024da1adda2b1f7 dc857324ae19465c88ffe1ddad648d6f - - default default] 10.0.0.205 "DELETE /v2.0/trunks/2854c023-d9cc-4356-a205-0fe0f203558b HTTP/1.1" status: 204 len: 168 time: 0.1596982
2026-07-16 08:03:45.316 10 INFO neutron.api.wsgi [None req-b25123a7-39b8-4e6d-8540-7954cba445eb b2cf7df87dfa4ef98024da1adda2b1f7 dc857324ae19465c88ffe1ddad648d6f - - default default] 10.0.0.205 "GET /v2.0/trunks/045e5e5b-6a21-493c-b39c-933c2a520c09 HTTP/1.1" status: 200 len: 616 time: 0.0111086
2026-07-16 08:03:45.374 10 INFO neutron.api.wsgi [None req-1b2062ae-b89e-4049-815c-9b400f7a5830 b2cf7df87dfa4ef98024da1adda2b1f7 dc857324ae19465c88ffe1ddad648d6f - - default default] 10.0.0.205 "GET /v2.0/ports/b225d0e0-3dd8-4f1d-b3c9-f894e0b4adca HTTP/1.1" status: 200 len: 1020 time: 0.0535631
2026-07-16 08:03:45.548 10 INFO neutron.api.wsgi [None req-3fe896d3-5edd-496c-8285-01c2430be140 b2cf7df87dfa4ef98024da1adda2b1f7 dc857324ae19465c88ffe1ddad648d6f - - default default] 10.0.0.205 "DELETE /v2.0/trunks/045e5e5b-6a21-493c-b39c-933c2a520c09 HTTP/1.1" status: 204 len: 168 time: 0.1681309
2026-07-16 08:03:45.566 10 INFO neutron.api.wsgi [None req-66509684-0d6b-46ad-8584-87ef04eefb75 b2cf7df87dfa4ef98024da1adda2b1f7 dc857324ae19465c88ffe1ddad648d6f - - default default] 10.0.0.205 "GET /v2.0/trunks/9044e1f1-c761-4dc7-b2a6-6e452ffdf405 HTTP/1.1" status: 200 len: 625 time: 0.0127733
2026-07-16 08:03:45.643 10 INFO neutron.api.wsgi [None req-aa16c601-e3d5-4af9-9d43-697014a75bc2 b2cf7df87dfa4ef98024da1adda2b1f7 dc857324ae19465c88ffe1ddad648d6f - - default default] 10.0.0.205 "GET /v2.0/ports/232b549e-f285-4b88-951a-a0261ccbac6d HTTP/1.1" status: 200 len: 1020 time: 0.0704727
2026-07-16 08:03:45.736 10 WARNING neutron_lib.context [None req-481be017-3756-462a-8429-97f995a03268 195527d10b6d430997e8c28c04b01dff b9dcfd3d5aa54a3ead6124e7c0f82fa5 - - default default] Method 'is_advsvc' is deprecated since 2023.2 release (neutron-lib 3.8.0) and will be removed once support for the old RBAC API policies will be removed from Neutron. Please use method 'is_service_role' instead.
2026-07-16 08:03:45.736 10 WARNING neutron_lib.context [None req-481be017-3756-462a-8429-97f995a03268 195527d10b6d430997e8c28c04b01dff b9dcfd3d5aa54a3ead6124e7c0f82fa5 - - default default] Method 'is_advsvc' is deprecated since 2023.2 release (neutron-lib 3.8.0) and will be removed once support for the old RBAC API policies will be removed from Neutron. Please use method 'is_service_role' instead.
2026-07-16 08:03:45.806 10 INFO neutron.api.wsgi [None req-204ee9bd-ffb1-4754-8bd6-585039709a7e b2cf7df87dfa4ef98024da1adda2b1f7 dc857324ae19465c88ffe1ddad648d6f - - default default] 10.0.0.205 "DELETE /v2.0/trunks/9044e1f1-c761-4dc7-b2a6-6e452ffdf405 HTTP/1.1" status: 204 len: 168 time: 0.1581523
2026-07-16 08:03:45.827 10 INFO neutron.api.wsgi [None req-49fd4f53-9ab2-44a2-937e-fb1f106c7bb6 b2cf7df87dfa4ef98024da1adda2b1f7 dc857324ae19465c88ffe1ddad648d6f - - default default] 10.0.0.205 "GET /v2.0/trunks/ea51b7f4-ff30-4f4d-8cab-e0ffd83d93ec HTTP/1.1" status: 200 len: 610 time: 0.0148840
2026-07-16 08:03:45.935 9 INFO neutron.api.wsgi [None req-8827d590-5387-442e-9d1a-9f7720b4967a b2cf7df87dfa4ef98024da1adda2b1f7 dc857324ae19465c88ffe1ddad648d6f - - default default] 10.0.0.205 "GET /v2.0/ports/2f2bec47-4c91-402d-b044-87a74b284c95 HTTP/1.1" status: 200 len: 1020 time: 0.0967987
2026-07-16 08:03:45.960 9 INFO neutron.api.wsgi [req-b32152f1-b520-4032-897b-489ae2068ec8 req-1e5a037b-b1c8-4fa7-9167-0a643567ed4f ceeacea81e504f44895c79b76062587e d058b34b1af441a98fbe9b4d9d45ffe6 - - default default] 10.0.0.17 "GET /v2.0/ports?device_id=ade5b5e3-55fe-4f8d-b1c2-6d10e8c87b4e HTTP/1.1" status: 200 len: 1170 time: 0.0913653
2026-07-16 08:03:46.010 9 INFO neutron.api.wsgi [req-b32152f1-b520-4032-897b-489ae2068ec8 req-c609cef6-1bcb-4b16-b4e9-fce81bad4f27 ceeacea81e504f44895c79b76062587e d058b34b1af441a98fbe9b4d9d45ffe6 - - default default] 10.0.0.17 "GET /v2.0/security-groups?id=7cce57c2-7297-45fc-af04-5a05eaeb5596&fields=id&fields=name HTTP/1.1" status: 200 len: 286 time: 0.0433149
2026-07-16 08:03:46.114 10 INFO neutron.api.wsgi [None req-f5db2a1e-8c87-450a-a600-910f55e099d8 b2cf7df87dfa4ef98024da1adda2b1f7 dc857324ae19465c88ffe1ddad648d6f - - default default] 10.0.0.205 "DELETE /v2.0/trunks/ea51b7f4-ff30-4f4d-8cab-e0ffd83d93ec HTTP/1.1" status: 204 len: 168 time: 0.1730485
2026-07-16 08:03:46.115 10 INFO neutron.db.ovn_revision_numbers_db [None req-481be017-3756-462a-8429-97f995a03268 195527d10b6d430997e8c28c04b01dff b9dcfd3d5aa54a3ead6124e7c0f82fa5 - - default default] Successfully bumped revision number for resource a0c222c7-9ca7-40e5-a437-9ec5c9789722 (type: security_groups) to 1
2026-07-16 08:03:46.141 9 INFO neutron.api.wsgi [None req-3af23a0a-d236-47fa-888f-ec95e49694c2 b2cf7df87dfa4ef98024da1adda2b1f7 dc857324ae19465c88ffe1ddad648d6f - - default default] 10.0.0.205 "GET /v2.0/trunks/6b59c9a6-504c-4712-86bb-04737fd3cdc0 HTTP/1.1" status: 200 len: 603 time: 0.0215044
2026-07-16 08:03:46.145 10 INFO neutron.db.ovn_revision_numbers_db [None req-481be017-3756-462a-8429-97f995a03268 195527d10b6d430997e8c28c04b01dff b9dcfd3d5aa54a3ead6124e7c0f82fa5 - - default default] Successfully bumped revision number for resource 2e58f70c-1e4b-49a2-9d99-3cfa3b577d39 (type: security_group_rules) to 0
2026-07-16 08:03:46.210 9 INFO neutron.api.wsgi [None req-a6884681-6609-4396-888c-c9e10b72b0e9 b2cf7df87dfa4ef98024da1adda2b1f7 dc857324ae19465c88ffe1ddad648d6f - - default default] 10.0.0.205 "GET /v2.0/ports/4537d3b8-ccdd-4ae8-be43-fc17a7e59e5b HTTP/1.1" status: 200 len: 1020 time: 0.0649669
2026-07-16 08:03:46.241 10 INFO neutron.db.ovn_revision_numbers_db [None req-481be017-3756-462a-8429-97f995a03268 195527d10b6d430997e8c28c04b01dff b9dcfd3d5aa54a3ead6124e7c0f82fa5 - - default default] Successfully bumped revision number for resource 36ec7f0b-7366-44d3-be3d-1ac53d46df8a (type: security_group_rules) to 0
2026-07-16 08:03:46.300 10 INFO neutron.plugins.ml2.drivers.ovn.mech_driver.mech_driver [None req-c85ab941-778d-4534-89c4-bb30a9ac42ab - - - - - -] OVN reports status down for port: 835dc6e8-83c2-432f-a784-441e77324fe6
2026-07-16 08:03:46.382 10 INFO neutron.db.ovn_revision_numbers_db [None req-481be017-3756-462a-8429-97f995a03268 195527d10b6d430997e8c28c04b01dff b9dcfd3d5aa54a3ead6124e7c0f82fa5 - - default default] Successfully bumped revision number for resource 9b9a66cf-f2a9-4f9f-98d1-e13985978abc (type: security_group_rules) to 0
2026-07-16 08:03:46.386 9 INFO neutron.api.wsgi [None req-88d67fa0-884c-4486-b329-9b22689a97d7 b2cf7df87dfa4ef98024da1adda2b1f7 dc857324ae19465c88ffe1ddad648d6f - - default default] 10.0.0.205 "DELETE /v2.0/trunks/6b59c9a6-504c-4712-86bb-04737fd3cdc0 HTTP/1.1" status: 204 len: 168 time: 0.1718335
2026-07-16 08:03:46.522 10 INFO neutron.notifiers.nova [-] Nova event matching ['req-381ad2dd-7b1e-411d-ab44-e6bcd34462d9'] response: {'server_uuid': 'ade5b5e3-55fe-4f8d-b1c2-6d10e8c87b4e', 'name': 'network-vif-unplugged', 'status': 'completed', 'tag': '835dc6e8-83c2-432f-a784-441e77324fe6', 'code': 200}
2026-07-16 08:03:46.578 9 INFO neutron.api.wsgi [-] 10.0.0.197 "GET / HTTP/1.1" status: 200 len: 247 time: 0.0018394
2026-07-16 08:03:46.580 10 INFO neutron.api.wsgi [-] 10.0.0.197 "GET / HTTP/1.1" status: 200 len: 247 time: 0.0037057
2026-07-16 08:03:46.588 10 INFO neutron.db.ovn_revision_numbers_db [None req-481be017-3756-462a-8429-97f995a03268 195527d10b6d430997e8c28c04b01dff b9dcfd3d5aa54a3ead6124e7c0f82fa5 - - default default] Successfully bumped revision number for resource a81d092a-c761-4a20-bbca-92bf2b6c0f47 (type: security_group_rules) to 0
2026-07-16 08:03:46.687 10 INFO neutron.db.segments_db [None req-481be017-3756-462a-8429-97f995a03268 195527d10b6d430997e8c28c04b01dff b9dcfd3d5aa54a3ead6124e7c0f82fa5 - - default default] Added segment dfee4910-7682-49a7-8151-fd446fbaa241 of type geneve for network e31d9118-bc4b-4980-9880-0ffe2e6a6034
2026-07-16 08:03:46.795 10 INFO neutron.db.segments_db [None req-481be017-3756-462a-8429-97f995a03268 195527d10b6d430997e8c28c04b01dff b9dcfd3d5aa54a3ead6124e7c0f82fa5 - - default default] Added segment 383ed6dc-c4e1-4096-bc4a-1afad9a8f3bd of type geneve for network 59dc3931-d59e-4004-94d6-25bb53a3661d
2026-07-16 08:03:47.080 9 INFO neutron.api.wsgi [None req-af317f50-67c3-4cf9-9194-b8409deb37ac b2cf7df87dfa4ef98024da1adda2b1f7 dc857324ae19465c88ffe1ddad648d6f - - default default] 10.0.0.205 "DELETE /v2.0/ports/426acf56-f938-4840-bf1e-2168f8448ee7 HTTP/1.1" status: 204 len: 168 time: 0.6905944
2026-07-16 08:03:47.113 9 INFO neutron.api.wsgi [req-977bb3c9-fe93-4816-8dba-5c0478aa01fa req-1c0d01cb-be8b-4ecd-be43-f63797f77337 ceeacea81e504f44895c79b76062587e d058b34b1af441a98fbe9b4d9d45ffe6 - - default default] 10.0.0.17 "GET /v2.0/ports?device_id=ade5b5e3-55fe-4f8d-b1c2-6d10e8c87b4e HTTP/1.1" status: 200 len: 1168 time: 0.0479987
2026-07-16 08:03:47.155 9 INFO neutron.api.wsgi [req-977bb3c9-fe93-4816-8dba-5c0478aa01fa req-38e23b08-8278-4e65-8cfe-e6c24e27dcd2 ceeacea81e504f44895c79b76062587e d058b34b1af441a98fbe9b4d9d45ffe6 - - default default] 10.0.0.17 "GET /v2.0/security-groups?id=7cce57c2-7297-45fc-af04-5a05eaeb5596&fields=id&fields=name HTTP/1.1" status: 200 len: 286 time: 0.0362961
2026-07-16 08:03:47.333 10 INFO neutron.db.ovn_revision_numbers_db [None req-c85ab941-778d-4534-89c4-bb30a9ac42ab - - - - - -] Successfully bumped revision number for resource 835dc6e8-83c2-432f-a784-441e77324fe6 (type: ports) to 6 /var/lib/openstack/lib/python3.12/site-packages/pycadf/identifier.py:71: UserWarning: Invalid uuid: neutron. To ensure interoperability, identifiers should be a valid uuid. warnings.warn(('Invalid uuid: %s. To ensure interoperability, '
2026-07-16 08:03:47.438 10 WARNING neutron_lib.context [None req-e7f6af71-e2ff-40b9-b45b-a4e939b60190 45ffda0dad69409eaac25bc018d208fe 73907b5051284eedb6e27b0951b511eb - - default default] Method 'is_advsvc' is deprecated since 2023.2 release (neutron-lib 3.8.0) and will be removed once support for the old RBAC API policies will be removed from Neutron. Please use method 'is_service_role' instead.
2026-07-16 08:03:47.537 10 INFO neutron.db.ovn_revision_numbers_db [None req-481be017-3756-462a-8429-97f995a03268 195527d10b6d430997e8c28c04b01dff b9dcfd3d5aa54a3ead6124e7c0f82fa5 - - default default] Successfully bumped revision number for resource e31d9118-bc4b-4980-9880-0ffe2e6a6034 (type: networks) to 1
2026-07-16 08:03:47.635 9 INFO neutron.api.wsgi [None req-41139677-a7af-4612-a875-c6cbe4a10a0e b2cf7df87dfa4ef98024da1adda2b1f7 dc857324ae19465c88ffe1ddad648d6f - - default default] 10.0.0.205 "DELETE /v2.0/ports/b225d0e0-3dd8-4f1d-b3c9-f894e0b4adca HTTP/1.1" status: 204 len: 168 time: 0.5504906
2026-07-16 08:03:47.883 10 WARNING neutron.scheduler.dhcp_agent_scheduler [None req-481be017-3756-462a-8429-97f995a03268 195527d10b6d430997e8c28c04b01dff b9dcfd3d5aa54a3ead6124e7c0f82fa5 - - default default] No more DHCP agents
2026-07-16 08:03:47.884 10 WARNING neutron.api.rpc.agentnotifiers.dhcp_rpc_agent_api [None req-481be017-3756-462a-8429-97f995a03268 195527d10b6d430997e8c28c04b01dff b9dcfd3d5aa54a3ead6124e7c0f82fa5 - - default default] Unable to schedule network e31d9118-bc4b-4980-9880-0ffe2e6a6034: no agents available; will retry on subsequent port and subnet creation events.
2026-07-16 08:03:47.945 10 WARNING neutron.scheduler.dhcp_agent_scheduler [None req-e7f6af71-e2ff-40b9-b45b-a4e939b60190 45ffda0dad69409eaac25bc018d208fe 73907b5051284eedb6e27b0951b511eb - - default default] No more DHCP agents
2026-07-16 08:03:47.947 10 WARNING neutron.api.rpc.agentnotifiers.dhcp_rpc_agent_api [None req-e7f6af71-e2ff-40b9-b45b-a4e939b60190 45ffda0dad69409eaac25bc018d208fe 73907b5051284eedb6e27b0951b511eb - - default default] Unable to schedule network 420e998d-ec99-4f47-a94b-9f1db35f8f08: no agents available; will retry on subsequent port and subnet creation events.
2026-07-16 08:03:47.951 9 INFO neutron.api.wsgi [None req-bf136b30-3e7b-46a9-a2a8-5e86bd6c2c7b b2cf7df87dfa4ef98024da1adda2b1f7 dc857324ae19465c88ffe1ddad648d6f - - default default] 10.0.0.205 "DELETE /v2.0/ports/232b549e-f285-4b88-951a-a0261ccbac6d HTTP/1.1" status: 204 len: 168 time: 0.3105674
2026-07-16 08:03:48.033 10 INFO neutron.db.ovn_revision_numbers_db [None req-481be017-3756-462a-8429-97f995a03268 195527d10b6d430997e8c28c04b01dff b9dcfd3d5aa54a3ead6124e7c0f82fa5 - - default default] Successfully bumped revision number for resource 04a03600-1702-4f62-84af-c1f7ffddcc1e (type: ports) to 1
2026-07-16 08:03:48.154 9 INFO neutron.api.wsgi [req-6bb1ace8-416a-4559-ad2c-cc6701ccacd8 req-6471b5b3-b102-4b8f-94fb-82defb1fd557 ceeacea81e504f44895c79b76062587e d058b34b1af441a98fbe9b4d9d45ffe6 - - default default] 199.19.213.177 "GET /v2.0/ports?device_id=ade5b5e3-55fe-4f8d-b1c2-6d10e8c87b4e HTTP/1.1" status: 200 len: 1168 time: 0.0427890
2026-07-16 08:03:48.183 10 INFO neutron.db.ovn_revision_numbers_db [None req-481be017-3756-462a-8429-97f995a03268 195527d10b6d430997e8c28c04b01dff b9dcfd3d5aa54a3ead6124e7c0f82fa5 - - default default] Successfully bumped revision number for resource 59dc3931-d59e-4004-94d6-25bb53a3661d (type: networks) to 1
2026-07-16 08:03:48.258 10 INFO neutron.api.wsgi [req-7d44f9a8-7758-4df2-910a-0dff7da5d8c1 req-351fbfd5-2499-416f-b06d-aff947f0c038 ceeacea81e504f44895c79b76062587e d058b34b1af441a98fbe9b4d9d45ffe6 - - default default] 10.0.0.17 "GET /v2.0/ports?device_id=ade5b5e3-55fe-4f8d-b1c2-6d10e8c87b4e HTTP/1.1" status: 200 len: 1168 time: 0.0435410
2026-07-16 08:03:48.319 10 INFO neutron.api.wsgi [req-7d44f9a8-7758-4df2-910a-0dff7da5d8c1 req-62d4991b-2501-4469-8fda-a34033a2e077 ceeacea81e504f44895c79b76062587e d058b34b1af441a98fbe9b4d9d45ffe6 - - default default] 10.0.0.17 "GET /v2.0/security-groups?id=7cce57c2-7297-45fc-af04-5a05eaeb5596&fields=id&fields=name HTTP/1.1" status: 200 len: 286 time: 0.0556479
2026-07-16 08:03:48.388 10 INFO neutron.api.wsgi [None req-3808ece1-c189-49bb-9006-8fbfaa0de070 b2cf7df87dfa4ef98024da1adda2b1f7 dc857324ae19465c88ffe1ddad648d6f - - default default] 10.0.0.205 "DELETE /v2.0/ports/2f2bec47-4c91-402d-b044-87a74b284c95 HTTP/1.1" status: 204 len: 168 time: 0.4313505
2026-07-16 08:03:48.475 10 WARNING neutron.scheduler.dhcp_agent_scheduler [None req-481be017-3756-462a-8429-97f995a03268 195527d10b6d430997e8c28c04b01dff b9dcfd3d5aa54a3ead6124e7c0f82fa5 - - default default] No more DHCP agents
2026-07-16 08:03:48.481 10 WARNING neutron.api.rpc.agentnotifiers.dhcp_rpc_agent_api [None req-481be017-3756-462a-8429-97f995a03268 195527d10b6d430997e8c28c04b01dff b9dcfd3d5aa54a3ead6124e7c0f82fa5 - - default default] Unable to schedule network 59dc3931-d59e-4004-94d6-25bb53a3661d: no agents available; will retry on subsequent port and subnet creation events.
2026-07-16 08:03:48.506 9 INFO neutron.api.wsgi [req-6bb1ace8-416a-4559-ad2c-cc6701ccacd8 req-06dd9169-4c3b-4732-bef6-f86d593a0096 ceeacea81e504f44895c79b76062587e d058b34b1af441a98fbe9b4d9d45ffe6 - - default default] 199.19.213.177 "DELETE /v2.0/ports/835dc6e8-83c2-432f-a784-441e77324fe6 HTTP/1.1" status: 204 len: 173 time: 0.3470874
2026-07-16 08:03:48.543 9 INFO neutron.notifiers.nova [-] Nova event matching ['req-39ae7314-5de7-4500-8e47-67b4a1525edc'] response: {'server_uuid': 'ade5b5e3-55fe-4f8d-b1c2-6d10e8c87b4e', 'name': 'network-vif-deleted', 'tag': '835dc6e8-83c2-432f-a784-441e77324fe6', 'status': 'completed', 'code': 200}
2026-07-16 08:03:48.564 10 INFO neutron.notifiers.nova [-] Nova event matching ['req-06834e60-9e1a-4406-bd63-049fcfd8c405'] response: {'server_uuid': 'ade5b5e3-55fe-4f8d-b1c2-6d10e8c87b4e', 'name': 'network-vif-unplugged', 'status': 'completed', 'tag': '835dc6e8-83c2-432f-a784-441e77324fe6', 'code': 200}
2026-07-16 08:03:48.593 10 INFO neutron.api.wsgi [None req-e7f6af71-e2ff-40b9-b45b-a4e939b60190 45ffda0dad69409eaac25bc018d208fe 73907b5051284eedb6e27b0951b511eb - - default default] 10.0.0.205 "POST /v2.0/floatingips HTTP/1.1" status: 201 len: 751 time: 1.4038272
2026-07-16 08:03:48.670 10 INFO neutron.db.ovn_revision_numbers_db [None req-481be017-3756-462a-8429-97f995a03268 195527d10b6d430997e8c28c04b01dff b9dcfd3d5aa54a3ead6124e7c0f82fa5 - - default default] Successfully bumped revision number for resource 3f232893-73ec-4ff7-9eff-d8f4ea6c380b (type: ports) to 1
2026-07-16 08:03:48.691 10 INFO neutron.api.wsgi [None req-076413e7-96e7-47bd-b510-7ed395bcaf76 45ffda0dad69409eaac25bc018d208fe 73907b5051284eedb6e27b0951b511eb - - default default] 10.0.0.205 "PUT /v2.0/floatingips/94ec2704-bc6b-42eb-be3f-7d3269b387ea/tags HTTP/1.1" status: 200 len: 218 time: 0.0919187
2026-07-16 08:03:48.715 10 INFO neutron.api.wsgi [None req-62921b52-80d5-4534-9c93-e2b0f354760f 45ffda0dad69409eaac25bc018d208fe 73907b5051284eedb6e27b0951b511eb - - default default] 10.0.0.205 "GET /v2.0/floatingips/94ec2704-bc6b-42eb-be3f-7d3269b387ea/tags HTTP/1.1" status: 200 len: 218 time: 0.0199466
2026-07-16 08:03:48.810 10 INFO neutron.api.wsgi [None req-481be017-3756-462a-8429-97f995a03268 195527d10b6d430997e8c28c04b01dff b9dcfd3d5aa54a3ead6124e7c0f82fa5 - - default default] 10.0.0.205 "POST /v2.0/networks HTTP/1.1" status: 201 len: 1444 time: 3.1924796
2026-07-16 08:03:48.812 10 INFO neutron.api.wsgi [None req-b1c15161-3aae-4b67-9e9b-a5d4c1282349 45ffda0dad69409eaac25bc018d208fe 73907b5051284eedb6e27b0951b511eb - - default default] 10.0.0.205 "PUT /v2.0/floatingips/94ec2704-bc6b-42eb-be3f-7d3269b387ea/tags/green HTTP/1.1" status: 201 len: 201 time: 0.0920677
2026-07-16 08:03:48.841 10 INFO neutron.api.wsgi [None req-b3f03982-1a63-4a13-bd5f-9b563df1b05d b2cf7df87dfa4ef98024da1adda2b1f7 dc857324ae19465c88ffe1ddad648d6f - - default default] 10.0.0.205 "DELETE /v2.0/ports/4537d3b8-ccdd-4ae8-be43-fc17a7e59e5b HTTP/1.1" status: 204 len: 168 time: 0.4360890
2026-07-16 08:03:48.857 10 INFO neutron.api.wsgi [None req-9037315c-cae2-4eee-a0a2-61c18d3e719c 45ffda0dad69409eaac25bc018d208fe 73907b5051284eedb6e27b0951b511eb - - default default] 10.0.0.205 "GET /v2.0/floatingips/94ec2704-bc6b-42eb-be3f-7d3269b387ea/tags HTTP/1.1" status: 200 len: 227 time: 0.0344546
2026-07-16 08:03:48.879 10 INFO neutron.api.wsgi [None req-20cb9e44-cd6a-40c0-860e-26f2be591949 195527d10b6d430997e8c28c04b01dff b9dcfd3d5aa54a3ead6124e7c0f82fa5 - - default default] 10.0.0.205 "GET /v2.0/networks HTTP/1.1" status: 200 len: 2050 time: 0.0630419
2026-07-16 08:03:48.895 9 INFO neutron.api.wsgi [None req-881e4751-ff53-4ab5-8d01-048b9db0b703 45ffda0dad69409eaac25bc018d208fe 73907b5051284eedb6e27b0951b511eb - - default default] 10.0.0.205 "PUT /v2.0/floatingips/94ec2704-bc6b-42eb-be3f-7d3269b387ea/tags/red HTTP/1.1" status: 201 len: 201 time: 0.0286810
2026-07-16 08:03:48.923 10 INFO neutron.api.wsgi [None req-644e2775-0cd1-4b3a-b905-4d04dfed89ae 45ffda0dad69409eaac25bc018d208fe 73907b5051284eedb6e27b0951b511eb - - default default] 10.0.0.205 "GET /v2.0/floatingips/94ec2704-bc6b-42eb-be3f-7d3269b387ea/tags HTTP/1.1" status: 200 len: 227 time: 0.0246544
2026-07-16 08:03:49.013 10 INFO neutron.api.wsgi [None req-ba3a7d8a-ee24-47a1-9bbb-19de202a6d02 45ffda0dad69409eaac25bc018d208fe 73907b5051284eedb6e27b0951b511eb - - default default] 10.0.0.205 "PUT /v2.0/floatingips/94ec2704-bc6b-42eb-be3f-7d3269b387ea/tags/black.or.white HTTP/1.1" status: 201 len: 201 time: 0.0860977
2026-07-16 08:03:49.040 9 INFO neutron.api.wsgi [None req-e83ec557-fc25-4037-be39-ef983f2b091f 45ffda0dad69409eaac25bc018d208fe 73907b5051284eedb6e27b0951b511eb - - default default] 10.0.0.205 "GET /v2.0/floatingips/94ec2704-bc6b-42eb-be3f-7d3269b387ea/tags HTTP/1.1" status: 200 len: 245 time: 0.0215044
2026-07-16 08:03:49.086 10 INFO neutron.api.wsgi [None req-ed4955c7-9ccb-4882-bff4-30d2984c991a 45ffda0dad69409eaac25bc018d208fe 73907b5051284eedb6e27b0951b511eb - - default default] 10.0.0.205 "PUT /v2.0/floatingips/94ec2704-bc6b-42eb-be3f-7d3269b387ea/tags HTTP/1.1" status: 200 len: 230 time: 0.0413506
2026-07-16 08:03:49.115 9 INFO neutron.api.wsgi [None req-e7cecfe7-a000-4653-a8bd-49f8fb5d9881 45ffda0dad69409eaac25bc018d208fe 73907b5051284eedb6e27b0951b511eb - - default default] 10.0.0.205 "GET /v2.0/floatingips/94ec2704-bc6b-42eb-be3f-7d3269b387ea/tags HTTP/1.1" status: 200 len: 230 time: 0.0242121
2026-07-16 08:03:49.149 10 INFO neutron.api.wsgi [None req-bbfed3c7-d73e-4c4e-8f7b-879b69e6ca42 45ffda0dad69409eaac25bc018d208fe 73907b5051284eedb6e27b0951b511eb - - default default] 10.0.0.205 "GET /v2.0/floatingips/94ec2704-bc6b-42eb-be3f-7d3269b387ea/tags/red HTTP/1.1" status: 204 len: 168 time: 0.0267935
2026-07-16 08:03:49.176 10 INFO neutron.api.v2.resource [None req-2b52e655-85e0-4c34-b88c-336d2ef1d43e 45ffda0dad69409eaac25bc018d208fe 73907b5051284eedb6e27b0951b511eb - - default default] show failed (client error): The resource could not be found.
2026-07-16 08:03:49.177 10 INFO neutron.api.wsgi [None req-2b52e655-85e0-4c34-b88c-336d2ef1d43e 45ffda0dad69409eaac25bc018d208fe 73907b5051284eedb6e27b0951b511eb - - default default] 10.0.0.205 "GET /v2.0/floatingips/94ec2704-bc6b-42eb-be3f-7d3269b387ea/tags/green HTTP/1.1" status: 404 len: 299 time: 0.0236762
2026-07-16 08:03:49.184 9 INFO neutron.services.segments.plugin [-] Segment 7dfc8dd1-c12d-4606-94e8-f44a12777588 resource provider aggregate not found
2026-07-16 08:03:49.192 9 INFO neutron.services.segments.plugin [-] Segment 7dfc8dd1-c12d-4606-94e8-f44a12777588 resource provider aggregate not found
2026-07-16 08:03:49.196 9 INFO neutron.services.segments.plugin [-] Segment 7dfc8dd1-c12d-4606-94e8-f44a12777588 resource provider not found; error: Placement Client Error (4xx): {"errors": [{"status": 404, "title": "Not Found", "detail": "The resource could not be found.\n\n No resource provider with uuid 7dfc8dd1-c12d-4606-94e8-f44a12777588 found for delete ", "request_id": "req-3029cea3-4c0c-4ee4-acf0-f853e6fcd9b6"}]}
2026-07-16 08:03:49.209 9 INFO neutron.services.segments.plugin [-] Segment 7dfc8dd1-c12d-4606-94e8-f44a12777588 resource provider not found; error: Placement Client Error (4xx): {"errors": [{"status": 404, "title": "Not Found", "detail": "The resource could not be found.\n\n No resource provider with uuid 7dfc8dd1-c12d-4606-94e8-f44a12777588 found for delete ", "request_id": "req-e2b90937-7fe7-4258-81e9-ada812750d2c"}]}
2026-07-16 08:03:49.224 9 INFO neutron.api.wsgi [None req-fe4c89ec-68d2-498e-9ea1-b4de57efa932 b2cf7df87dfa4ef98024da1adda2b1f7 dc857324ae19465c88ffe1ddad648d6f - - default default] 10.0.0.205 "DELETE /v2.0/networks/848df84a-2b48-4881-a983-ca66f081638f HTTP/1.1" status: 204 len: 168 time: 0.3729315
2026-07-16 08:03:49.227 10 INFO neutron.services.segments.plugin [-] Segment dfee4910-7682-49a7-8151-fd446fbaa241 resource provider aggregate not found
2026-07-16 08:03:49.229 9 INFO neutron.api.wsgi [None req-ff4799a5-9782-4f75-ae86-d6d0b31a81a1 45ffda0dad69409eaac25bc018d208fe 73907b5051284eedb6e27b0951b511eb - - default default] 10.0.0.205 "DELETE /v2.0/floatingips/94ec2704-bc6b-42eb-be3f-7d3269b387ea/tags/red HTTP/1.1" status: 204 len: 168 time: 0.0454054
2026-07-16 08:03:49.231 10 INFO neutron.services.segments.plugin [-] Segment dfee4910-7682-49a7-8151-fd446fbaa241 resource provider aggregate not found
2026-07-16 08:03:49.238 10 INFO neutron.services.segments.plugin [-] Segment dfee4910-7682-49a7-8151-fd446fbaa241 resource provider not found; error: Placement Client Error (4xx): {"errors": [{"status": 404, "title": "Not Found", "detail": "The resource could not be found.\n\n No resource provider with uuid dfee4910-7682-49a7-8151-fd446fbaa241 found for delete ", "request_id": "req-d8deda4f-17dd-4f13-a102-697af7868c9d"}]}
2026-07-16 08:03:49.245 10 INFO neutron.services.segments.plugin [-] Segment dfee4910-7682-49a7-8151-fd446fbaa241 resource provider not found; error: Placement Client Error (4xx): {"errors": [{"status": 404, "title": "Not Found", "detail": "The resource could not be found.\n\n No resource provider with uuid dfee4910-7682-49a7-8151-fd446fbaa241 found for delete ", "request_id": "req-7f5621d6-f130-4acd-891d-6688879afce8"}]}
2026-07-16 08:03:49.257 9 INFO neutron.api.wsgi [None req-81d55bb4-fdd7-49ef-8a4d-6ea1bfbcbace 45ffda0dad69409eaac25bc018d208fe 73907b5051284eedb6e27b0951b511eb - - default default] 10.0.0.205 "GET /v2.0/floatingips/94ec2704-bc6b-42eb-be3f-7d3269b387ea/tags HTTP/1.1" status: 200 len: 223 time: 0.0230696
2026-07-16 08:03:49.258 10 INFO neutron.api.wsgi [None req-1e854025-b35b-4c82-b7bf-020cf6c4929b 195527d10b6d430997e8c28c04b01dff b9dcfd3d5aa54a3ead6124e7c0f82fa5 - - default default] 10.0.0.205 "DELETE /v2.0/networks/e31d9118-bc4b-4980-9880-0ffe2e6a6034 HTTP/1.1" status: 204 len: 168 time: 0.3746197
2026-07-16 08:03:49.286 10 INFO neutron.api.v2.resource [None req-bea7dc6d-1fb6-4d7f-8086-2f9365d0967d 45ffda0dad69409eaac25bc018d208fe 73907b5051284eedb6e27b0951b511eb - - default default] delete failed (client error): The resource could not be found.
2026-07-16 08:03:49.288 10 INFO neutron.api.wsgi [None req-bea7dc6d-1fb6-4d7f-8086-2f9365d0967d 45ffda0dad69409eaac25bc018d208fe 73907b5051284eedb6e27b0951b511eb - - default default] 10.0.0.205 "DELETE /v2.0/floatingips/94ec2704-bc6b-42eb-be3f-7d3269b387ea/tags/green HTTP/1.1" status: 404 len: 299 time: 0.0260346
2026-07-16 08:03:49.336 10 INFO neutron.api.wsgi [None req-2bf1a586-ce66-4bce-84cf-a673be8ac24a 45ffda0dad69409eaac25bc018d208fe 73907b5051284eedb6e27b0951b511eb - - default default] 10.0.0.205 "DELETE /v2.0/floatingips/94ec2704-bc6b-42eb-be3f-7d3269b387ea/tags HTTP/1.1" status: 204 len: 168 time: 0.0424955
2026-07-16 08:03:49.362 10 INFO neutron.api.wsgi [None req-efeae2ff-cdec-4a52-87b1-8cc250657e6b 45ffda0dad69409eaac25bc018d208fe 73907b5051284eedb6e27b0951b511eb - - default default] 10.0.0.205 "GET /v2.0/floatingips/94ec2704-bc6b-42eb-be3f-7d3269b387ea/tags HTTP/1.1" status: 200 len: 205 time: 0.0220110
2026-07-16 08:03:49.426 9 INFO neutron.api.wsgi [req-bb984f43-e49a-4d4e-9aaa-b90a01b43eb8 req-6cb48a06-a38c-41ac-8a29-023413489ef3 ceeacea81e504f44895c79b76062587e d058b34b1af441a98fbe9b4d9d45ffe6 - - default default] 10.0.0.17 "GET /v2.0/ports?device_id=ade5b5e3-55fe-4f8d-b1c2-6d10e8c87b4e HTTP/1.1" status: 200 len: 210 time: 0.0244896
2026-07-16 08:03:49.551 9 INFO neutron.api.wsgi [None req-a85f8b5b-a8e9-4433-980a-e6eee4baf8d0 b2cf7df87dfa4ef98024da1adda2b1f7 dc857324ae19465c88ffe1ddad648d6f - - default default] 10.0.0.205 "DELETE /v2.0/networks/0a650478-2dae-456b-abf8-94450ae7f773 HTTP/1.1" status: 204 len: 168 time: 0.3212481
2026-07-16 08:03:49.585 9 INFO neutron.api.wsgi [None req-52f0f6d3-cdcd-4440-8d50-c839d4ed9582 195527d10b6d430997e8c28c04b01dff b9dcfd3d5aa54a3ead6124e7c0f82fa5 - - default default] 10.0.0.205 "DELETE /v2.0/networks/59dc3931-d59e-4004-94d6-25bb53a3661d HTTP/1.1" status: 204 len: 168 time: 0.3213990
2026-07-16 08:03:49.654 10 INFO neutron.api.wsgi [None req-f67058d5-cc73-44d6-9b90-f76bf4989207 45ffda0dad69409eaac25bc018d208fe 73907b5051284eedb6e27b0951b511eb - - default default] 10.0.0.205 "DELETE /v2.0/floatingips/94ec2704-bc6b-42eb-be3f-7d3269b387ea HTTP/1.1" status: 204 len: 168 time: 0.2857316
2026-07-16 08:03:49.664 9 INFO neutron.api.wsgi [None req-272bd79d-bfca-4cc2-b544-628c687fd7e2 195527d10b6d430997e8c28c04b01dff b9dcfd3d5aa54a3ead6124e7c0f82fa5 - - default default] 10.0.0.205 "GET /v2.0/networks HTTP/1.1" status: 200 len: 845 time: 0.0743012
2026-07-16 08:03:49.674 9 WARNING neutron_lib.context [None req-0c7a3697-e1a3-4c57-80b3-ac15dd905c2d 195527d10b6d430997e8c28c04b01dff b9dcfd3d5aa54a3ead6124e7c0f82fa5 - - default default] Method 'is_advsvc' is deprecated since 2023.2 release (neutron-lib 3.8.0) and will be removed once support for the old RBAC API policies will be removed from Neutron. Please use method 'is_service_role' instead.
2026-07-16 08:03:49.764 9 INFO neutron.db.segments_db [None req-0c7a3697-e1a3-4c57-80b3-ac15dd905c2d 195527d10b6d430997e8c28c04b01dff b9dcfd3d5aa54a3ead6124e7c0f82fa5 - - default default] Added segment 18ff77ea-b75d-4153-bd8e-e0fea1bb8b63 of type geneve for network 675acb4a-c958-4e75-a636-33ae2294c241
2026-07-16 08:03:49.889 9 INFO neutron.db.ovn_revision_numbers_db [None req-0c7a3697-e1a3-4c57-80b3-ac15dd905c2d 195527d10b6d430997e8c28c04b01dff b9dcfd3d5aa54a3ead6124e7c0f82fa5 - - default default] Successfully bumped revision number for resource 675acb4a-c958-4e75-a636-33ae2294c241 (type: networks) to 1
2026-07-16 08:03:49.926 9 INFO neutron.api.wsgi [None req-bdc75329-93ed-4a37-834a-030c232f360c b2cf7df87dfa4ef98024da1adda2b1f7 dc857324ae19465c88ffe1ddad648d6f - - default default] 10.0.0.205 "DELETE /v2.0/networks/a88e61c5-7297-4303-a69a-94033f4527de HTTP/1.1" status: 204 len: 168 time: 0.3704395
2026-07-16 08:03:50.070 9 WARNING neutron.scheduler.dhcp_agent_scheduler [None req-0c7a3697-e1a3-4c57-80b3-ac15dd905c2d 195527d10b6d430997e8c28c04b01dff b9dcfd3d5aa54a3ead6124e7c0f82fa5 - - default default] No more DHCP agents
2026-07-16 08:03:50.072 9 WARNING neutron.api.rpc.agentnotifiers.dhcp_rpc_agent_api [None req-0c7a3697-e1a3-4c57-80b3-ac15dd905c2d 195527d10b6d430997e8c28c04b01dff b9dcfd3d5aa54a3ead6124e7c0f82fa5 - - default default] Unable to schedule network 675acb4a-c958-4e75-a636-33ae2294c241: no agents available; will retry on subsequent port and subnet creation events.
2026-07-16 08:03:50.146 9 INFO neutron.db.ovn_revision_numbers_db [None req-0c7a3697-e1a3-4c57-80b3-ac15dd905c2d 195527d10b6d430997e8c28c04b01dff b9dcfd3d5aa54a3ead6124e7c0f82fa5 - - default default] Successfully bumped revision number for resource 5947fae9-8364-4457-935e-9636cfa65f50 (type: ports) to 1
2026-07-16 08:03:50.172 9 INFO neutron.api.wsgi [None req-0c7a3697-e1a3-4c57-80b3-ac15dd905c2d 195527d10b6d430997e8c28c04b01dff b9dcfd3d5aa54a3ead6124e7c0f82fa5 - - default default] 10.0.0.205 "POST /v2.0/networks HTTP/1.1" status: 201 len: 852 time: 0.5021551
2026-07-16 08:03:50.182 10 WARNING neutron_lib.context [None req-69c58ad8-b089-4ac6-9dcb-28da2721eaab 195527d10b6d430997e8c28c04b01dff b9dcfd3d5aa54a3ead6124e7c0f82fa5 - - default default] Method 'is_advsvc' is deprecated since 2023.2 release (neutron-lib 3.8.0) and will be removed once support for the old RBAC API policies will be removed from Neutron. Please use method 'is_service_role' instead.
2026-07-16 08:03:50.263 10 INFO neutron.db.segments_db [None req-69c58ad8-b089-4ac6-9dcb-28da2721eaab 195527d10b6d430997e8c28c04b01dff b9dcfd3d5aa54a3ead6124e7c0f82fa5 - - default default] Added segment 140715c5-d2d2-49e1-8885-7c0eae1951af of type geneve for network 8e3cdf17-1fbc-4739-81ce-2577f2397eca
2026-07-16 08:03:50.307 9 INFO neutron.api.wsgi [None req-a46fa2be-bb9b-4a2d-885a-7f65177b8c39 b2cf7df87dfa4ef98024da1adda2b1f7 dc857324ae19465c88ffe1ddad648d6f - - default default] 10.0.0.205 "DELETE /v2.0/networks/2e87c460-1041-403a-b582-8a5f5cdbf17d HTTP/1.1" status: 204 len: 168 time: 0.3760726
2026-07-16 08:03:50.399 10 INFO neutron.db.ovn_revision_numbers_db [None req-69c58ad8-b089-4ac6-9dcb-28da2721eaab 195527d10b6d430997e8c28c04b01dff b9dcfd3d5aa54a3ead6124e7c0f82fa5 - - default default] Successfully bumped revision number for resource 8e3cdf17-1fbc-4739-81ce-2577f2397eca (type: networks) to 1
2026-07-16 08:03:50.509 10 INFO neutron.api.wsgi [req-bc7b9000-4b0f-42cf-bd07-c00d0940a0f1 req-631ed736-b54e-484c-845e-2b53b45e41a3 ceeacea81e504f44895c79b76062587e d058b34b1af441a98fbe9b4d9d45ffe6 - - default default] 10.0.0.17 "GET /v2.0/ports?device_id=ade5b5e3-55fe-4f8d-b1c2-6d10e8c87b4e HTTP/1.1" status: 200 len: 210 time: 0.0185609
