2026-07-16 08:02:02.303 9 WARNING neutron.plugins.ml2.drivers.ovn.mech_driver.ovsdb.ovn_client [None req-e2419d68-4b6f-4204-8643-0489d24bf187 - - - - - -] No port found with ID d27f989a-8c87-4a2b-a1f7-74d9bbaa5483: RuntimeError: No port found with ID d27f989a-8c87-4a2b-a1f7-74d9bbaa5483
2026-07-16 08:02:02.311 9 INFO neutron.plugins.ml2.drivers.ovn.mech_driver.mech_driver [None req-e2419d68-4b6f-4204-8643-0489d24bf187 - - - - - -] OVN reports status up for port: 8aeaf0cf-eea5-4bfe-9eff-c81f1e8cb4b6
2026-07-16 08:02:02.319 9 INFO neutron.plugins.ml2.plugin [None req-e2419d68-4b6f-4204-8643-0489d24bf187 - - - - - -] Attempt 1 to provision port 8aeaf0cf-eea5-4bfe-9eff-c81f1e8cb4b6
2026-07-16 08:02:02.372 10 INFO neutron.db.ovn_revision_numbers_db [None req-832c40b3-0f72-4d88-ac04-5e387a1350a6 12502aff65234f6b9d88005062aa021d e1428de6d5914b108ad23f9e70f72d30 - - default default] Successfully bumped revision number for resource 20dda805-59ca-4672-9bbe-fd03b0e024ad (type: routers) to 1
2026-07-16 08:02:02.386 10 INFO neutron.api.wsgi [None req-832c40b3-0f72-4d88-ac04-5e387a1350a6 12502aff65234f6b9d88005062aa021d e1428de6d5914b108ad23f9e70f72d30 - - default default] 10.0.0.205 "POST /v2.0/routers HTTP/1.1" status: 201 len: 802 time: 0.0988042
2026-07-16 08:02:02.394 10 WARNING neutron_lib.context [None req-ae8ff078-4fb5-4f73-8451-7488b3b41b00 12502aff65234f6b9d88005062aa021d e1428de6d5914b108ad23f9e70f72d30 - - default default] Method 'is_advsvc' is deprecated since 2023.2 release (neutron-lib 3.8.0) and will be removed once support for the old RBAC API policies will be removed from Neutron. Please use method 'is_service_role' instead.
2026-07-16 08:02:02.426 9 INFO neutron.api.wsgi [req-f0432efe-fd51-4aff-9bb1-547c6eaece4d req-44e7bb2f-8793-4fb6-9acb-eac487ab07b2 95eabeb72ab549059c105fa38092a50b 658b421f5dfd4e75997d213197ae1c58 - - default default] 10.0.0.17 "GET /v2.0/ports?device_id=ce28cf8b-8436-4198-bf39-6adf260695e3 HTTP/1.1" status: 200 len: 1170 time: 0.0319607
2026-07-16 08:02:02.444 10 INFO neutron.api.wsgi [req-195f81f6-6249-4513-8ed6-81d183785d40 req-f3b3d4b3-8a10-4608-863f-b3bb6fc7ed95 8ae83b2531124ab0964b64aee2dfb464 488ed89d0c7e4b328e1e015c6db0f50f - - default default] 10.0.0.17 "GET /v2.0/ports?device_id=70a34912-e21e-4ea8-baf5-a7e9dda66f18 HTTP/1.1" status: 200 len: 210 time: 0.0170767
2026-07-16 08:02:02.466 9 INFO neutron.api.wsgi [req-f0432efe-fd51-4aff-9bb1-547c6eaece4d req-16828e59-0593-4e66-ba6b-2727a3f48f1e 95eabeb72ab549059c105fa38092a50b 658b421f5dfd4e75997d213197ae1c58 - - default default] 10.0.0.17 "GET /v2.0/security-groups?id=da60f89b-1659-4dfe-9e38-c7a2809ca936&fields=id&fields=name HTTP/1.1" status: 200 len: 313 time: 0.0340722
2026-07-16 08:02:02.524 9 INFO neutron.db.ovn_revision_numbers_db [None req-e2419d68-4b6f-4204-8643-0489d24bf187 - - - - - -] Successfully bumped revision number for resource 8aeaf0cf-eea5-4bfe-9eff-c81f1e8cb4b6 (type: ports) to 5
2026-07-16 08:02:02.652 9 INFO neutron.notifiers.nova [-] Nova event matching ['req-c6f74942-eb75-4dc0-a3e3-7cff7b3ba1f1'] response: {'server_uuid': 'd78e8192-1b07-488e-b431-d7fd8c19d7a8', 'name': 'network-vif-deleted', 'tag': '21d1eaba-1600-48ca-b7b6-46fdb27b054e', 'status': 'completed', 'code': 200}
2026-07-16 08:02:02.653 9 INFO neutron.notifiers.nova [-] Nova event matching ['req-c6f74942-eb75-4dc0-a3e3-7cff7b3ba1f1'] response: {'server_uuid': 'ce28cf8b-8436-4198-bf39-6adf260695e3', 'name': 'network-vif-plugged', 'status': 'completed', 'tag': '8aeaf0cf-eea5-4bfe-9eff-c81f1e8cb4b6', 'code': 200}
2026-07-16 08:02:02.653 9 INFO neutron.notifiers.nova [-] Nova event matching ['req-c6f74942-eb75-4dc0-a3e3-7cff7b3ba1f1'] response: {'server_uuid': 'ce28cf8b-8436-4198-bf39-6adf260695e3', 'name': 'network-vif-plugged', 'status': 'completed', 'tag': '8aeaf0cf-eea5-4bfe-9eff-c81f1e8cb4b6', 'code': 200}
2026-07-16 08:02:02.705 9 INFO neutron.plugins.ml2.drivers.ovn.mech_driver.mech_driver [None req-c37871c4-0ffa-4b36-9b72-6acba1507765 - - - - - -] OVN reports status down for port: 21d1eaba-1600-48ca-b7b6-46fdb27b054e
2026-07-16 08:02:02.713 10 WARNING neutron.scheduler.dhcp_agent_scheduler [None req-ae8ff078-4fb5-4f73-8451-7488b3b41b00 12502aff65234f6b9d88005062aa021d e1428de6d5914b108ad23f9e70f72d30 - - default default] No more DHCP agents
2026-07-16 08:02:02.714 10 WARNING neutron.api.rpc.agentnotifiers.dhcp_rpc_agent_api [None req-ae8ff078-4fb5-4f73-8451-7488b3b41b00 12502aff65234f6b9d88005062aa021d e1428de6d5914b108ad23f9e70f72d30 - - default default] Unable to schedule network 4c915458-1f0e-4a74-840b-ca3d000de99d: no agents available; will retry on subsequent port and subnet creation events.
2026-07-16 08:02:02.832 10 INFO neutron.db.ovn_revision_numbers_db [None req-ae8ff078-4fb5-4f73-8451-7488b3b41b00 12502aff65234f6b9d88005062aa021d e1428de6d5914b108ad23f9e70f72d30 - - default default] Successfully bumped revision number for resource c6a85e1a-662d-45b6-88ee-acd10bf7187d (type: ports) to 1
2026-07-16 08:02:02.850 10 INFO neutron.api.wsgi [None req-ae8ff078-4fb5-4f73-8451-7488b3b41b00 12502aff65234f6b9d88005062aa021d e1428de6d5914b108ad23f9e70f72d30 - - default default] 10.0.0.205 "POST /v2.0/ports HTTP/1.1" status: 201 len: 1146 time: 0.4598408 /var/lib/openstack/lib/python3.12/site-packages/pycadf/identifier.py:71: UserWarning: Invalid uuid: neutron. To ensure interoperability, identifiers should be a valid uuid. warnings.warn(('Invalid uuid: %s. To ensure interoperability, ' /var/lib/openstack/lib/python3.12/site-packages/pycadf/identifier.py:71: UserWarning: Invalid uuid: neutron. To ensure interoperability, identifiers should be a valid uuid. warnings.warn(('Invalid uuid: %s. To ensure interoperability, '
2026-07-16 08:02:03.148 9 INFO neutron.api.wsgi [req-a114cec7-05ef-4562-97cf-0c32a3b85d69 req-841fe5bc-5ad5-40a7-a84b-12e4d7f03c28 cb49488cfd98443685bb3030f0263157 f6e4e39fc5fc4fa7ab4075e4feb14c4d - - default default] 10.0.0.17 "GET /v2.0/ports?device_id=d78e8192-1b07-488e-b431-d7fd8c19d7a8 HTTP/1.1" status: 200 len: 210 time: 0.0207429
2026-07-16 08:02:03.269 9 INFO neutron.plugins.ml2.drivers.ovn.mech_driver.mech_driver [None req-c37871c4-0ffa-4b36-9b72-6acba1507765 - - - - - -] OVN reports status up for port: c6a85e1a-662d-45b6-88ee-acd10bf7187d
2026-07-16 08:02:03.278 9 INFO neutron.plugins.ml2.plugin [None req-c37871c4-0ffa-4b36-9b72-6acba1507765 - - - - - -] Attempt 1 to provision port c6a85e1a-662d-45b6-88ee-acd10bf7187d
2026-07-16 08:02:03.290 10 INFO neutron.db.ovn_revision_numbers_db [None req-7562f327-6f91-43af-9257-6d3d5ffd9727 12502aff65234f6b9d88005062aa021d e1428de6d5914b108ad23f9e70f72d30 - - default default] Successfully bumped revision number for resource c6a85e1a-662d-45b6-88ee-acd10bf7187d (type: ports) to 2 /var/lib/openstack/lib/python3.12/site-packages/pycadf/identifier.py:71: UserWarning: Invalid uuid: neutron. To ensure interoperability, identifiers should be a valid uuid. warnings.warn(('Invalid uuid: %s. To ensure interoperability, '
2026-07-16 08:02:03.528 10 INFO neutron.api.wsgi [req-03ee761b-2a1c-4fa4-bb11-6d782ec5905b req-7161ac30-39c8-495e-8862-ecb367509778 8ae83b2531124ab0964b64aee2dfb464 488ed89d0c7e4b328e1e015c6db0f50f - - default default] 10.0.0.17 "GET /v2.0/ports?device_id=70a34912-e21e-4ea8-baf5-a7e9dda66f18 HTTP/1.1" status: 200 len: 210 time: 0.0185804
2026-07-16 08:02:03.564 9 INFO neutron.api.wsgi [req-df437c68-7a09-48c6-9bf7-7648a01eb576 req-9d242212-7626-4d46-a26f-45d9c86f6b56 95eabeb72ab549059c105fa38092a50b 658b421f5dfd4e75997d213197ae1c58 - - default default] 10.0.0.17 "GET /v2.0/ports?device_id=ce28cf8b-8436-4198-bf39-6adf260695e3 HTTP/1.1" status: 200 len: 1170 time: 0.0375876
2026-07-16 08:02:03.605 9 INFO neutron.db.ovn_revision_numbers_db [None req-c37871c4-0ffa-4b36-9b72-6acba1507765 - - - - - -] Successfully bumped revision number for resource c6a85e1a-662d-45b6-88ee-acd10bf7187d (type: ports) to 3
2026-07-16 08:02:03.610 9 INFO neutron.api.wsgi [req-df437c68-7a09-48c6-9bf7-7648a01eb576 req-af0216cf-34a3-48d8-b8af-b083d658b45f 95eabeb72ab549059c105fa38092a50b 658b421f5dfd4e75997d213197ae1c58 - - default default] 10.0.0.17 "GET /v2.0/security-groups?id=da60f89b-1659-4dfe-9e38-c7a2809ca936&fields=id&fields=name HTTP/1.1" status: 200 len: 313 time: 0.0388134
2026-07-16 08:02:03.790 10 INFO neutron.db.ovn_revision_numbers_db [None req-7562f327-6f91-43af-9257-6d3d5ffd9727 12502aff65234f6b9d88005062aa021d e1428de6d5914b108ad23f9e70f72d30 - - default default] Successfully bumped revision number for resource c6a85e1a-662d-45b6-88ee-acd10bf7187d (type: ports) to 3
2026-07-16 08:02:03.842 10 WARNING neutron.scheduler.dhcp_agent_scheduler [None req-7562f327-6f91-43af-9257-6d3d5ffd9727 12502aff65234f6b9d88005062aa021d e1428de6d5914b108ad23f9e70f72d30 - - default default] No more DHCP agents
2026-07-16 08:02:03.843 10 WARNING neutron.api.rpc.agentnotifiers.dhcp_rpc_agent_api [None req-7562f327-6f91-43af-9257-6d3d5ffd9727 12502aff65234f6b9d88005062aa021d e1428de6d5914b108ad23f9e70f72d30 - - default default] Unable to schedule network 4c915458-1f0e-4a74-840b-ca3d000de99d: no agents available; will retry on subsequent port and subnet creation events.
2026-07-16 08:02:04.014 10 INFO neutron.db.ovn_revision_numbers_db [None req-7562f327-6f91-43af-9257-6d3d5ffd9727 12502aff65234f6b9d88005062aa021d e1428de6d5914b108ad23f9e70f72d30 - - default default] Successfully bumped revision number for resource c6a85e1a-662d-45b6-88ee-acd10bf7187d (type: router_ports) to 3
2026-07-16 08:02:04.018 10 INFO neutron.api.wsgi [None req-7562f327-6f91-43af-9257-6d3d5ffd9727 12502aff65234f6b9d88005062aa021d e1428de6d5914b108ad23f9e70f72d30 - - default default] 10.0.0.205 "PUT /v2.0/routers/20dda805-59ca-4672-9bbe-fd03b0e024ad/add_router_interface HTTP/1.1" status: 200 len: 503 time: 1.1620767 /var/lib/openstack/lib/python3.12/site-packages/pycadf/identifier.py:71: UserWarning: Invalid uuid: neutron. To ensure interoperability, identifiers should be a valid uuid. warnings.warn(('Invalid uuid: %s. To ensure interoperability, '
2026-07-16 08:02:04.078 9 INFO neutron.api.wsgi [None req-b3badb53-78a7-47b6-b3fd-8e6f3fd82270 12502aff65234f6b9d88005062aa021d e1428de6d5914b108ad23f9e70f72d30 - - default default] 10.0.0.205 "GET /v2.0/ports/c6a85e1a-662d-45b6-88ee-acd10bf7187d HTTP/1.1" status: 200 len: 1204 time: 0.0543206 /var/lib/openstack/lib/python3.12/site-packages/pycadf/identifier.py:71: UserWarning: Invalid uuid: neutron. To ensure interoperability, identifiers should be a valid uuid. warnings.warn(('Invalid uuid: %s. To ensure interoperability, '
2026-07-16 08:02:04.227 10 INFO neutron.api.wsgi [req-3af11e21-26df-4df2-9e00-0d20f2b0cd69 req-24ae0781-1b20-4027-bb6b-0877f93530be cb49488cfd98443685bb3030f0263157 f6e4e39fc5fc4fa7ab4075e4feb14c4d - - default default] 10.0.0.17 "GET /v2.0/ports?device_id=d78e8192-1b07-488e-b431-d7fd8c19d7a8 HTTP/1.1" status: 200 len: 210 time: 0.0153294
2026-07-16 08:02:04.588 9 INFO neutron.api.wsgi [None req-fe07b7a6-dd63-4bf2-a35a-99f28fcc8f7b 12502aff65234f6b9d88005062aa021d e1428de6d5914b108ad23f9e70f72d30 - - default default] 10.0.0.205 "PUT /v2.0/routers/20dda805-59ca-4672-9bbe-fd03b0e024ad/remove_router_interface HTTP/1.1" status: 200 len: 503 time: 0.5045366 /var/lib/openstack/lib/python3.12/site-packages/pycadf/identifier.py:71: UserWarning: Invalid uuid: neutron. To ensure interoperability, identifiers should be a valid uuid. warnings.warn(('Invalid uuid: %s. To ensure interoperability, '
2026-07-16 08:02:04.639 9 INFO neutron.api.v2.resource [None req-5f85c0e7-6479-44a7-b117-71a8fcf470d0 12502aff65234f6b9d88005062aa021d e1428de6d5914b108ad23f9e70f72d30 - - default default] remove_router_interface failed (client error): The resource could not be found.
2026-07-16 08:02:04.640 9 INFO neutron.api.wsgi [None req-5f85c0e7-6479-44a7-b117-71a8fcf470d0 12502aff65234f6b9d88005062aa021d e1428de6d5914b108ad23f9e70f72d30 - - default default] 10.0.0.205 "PUT /v2.0/routers/20dda805-59ca-4672-9bbe-fd03b0e024ad/remove_router_interface HTTP/1.1" status: 404 len: 398 time: 0.0476928
2026-07-16 08:02:04.664 9 INFO neutron.api.wsgi [None req-7803afb4-673d-4137-96e6-1d2f4883f781 12502aff65234f6b9d88005062aa021d e1428de6d5914b108ad23f9e70f72d30 - - default default] 10.0.0.205 "GET /v2.0/ports?device_id=20dda805-59ca-4672-9bbe-fd03b0e024ad HTTP/1.1" status: 200 len: 205 time: 0.0200419
2026-07-16 08:02:04.756 10 INFO neutron.api.wsgi [None req-ccfa977b-83f5-4341-9a31-2de698250a6a 8ae83b2531124ab0964b64aee2dfb464 488ed89d0c7e4b328e1e015c6db0f50f - - default default] 10.0.0.205 "DELETE /v2.0/security-groups/4e3223cf-def6-4ac3-b1f8-d242e30dd92f HTTP/1.1" status: 204 len: 168 time: 0.1294382
2026-07-16 08:02:04.769 10 INFO neutron.api.v2.resource [None req-2a406aad-8f65-4ca8-b399-ed8bf1215eae 8ae83b2531124ab0964b64aee2dfb464 488ed89d0c7e4b328e1e015c6db0f50f - - default default] show failed (client error): The resource could not be found.
2026-07-16 08:02:04.770 10 INFO neutron.api.wsgi [None req-2a406aad-8f65-4ca8-b399-ed8bf1215eae 8ae83b2531124ab0964b64aee2dfb464 488ed89d0c7e4b328e1e015c6db0f50f - - default default] 10.0.0.205 "GET /v2.0/security-groups/4e3223cf-def6-4ac3-b1f8-d242e30dd92f HTTP/1.1" status: 404 len: 347 time: 0.0092447
2026-07-16 08:02:04.802 9 INFO neutron.api.wsgi [req-bc1913e1-eb9e-42e6-acc7-6e9f1d9dc756 req-fba7602e-2097-4ddf-b64c-faefefa3f160 95eabeb72ab549059c105fa38092a50b 658b421f5dfd4e75997d213197ae1c58 - - default default] 10.0.0.17 "GET /v2.0/ports?device_id=ce28cf8b-8436-4198-bf39-6adf260695e3 HTTP/1.1" status: 200 len: 1170 time: 0.1285062
2026-07-16 08:02:04.859 9 INFO neutron.api.wsgi [req-bc1913e1-eb9e-42e6-acc7-6e9f1d9dc756 req-1f81ce00-66e0-4e08-9bcc-92ecd1423908 95eabeb72ab549059c105fa38092a50b 658b421f5dfd4e75997d213197ae1c58 - - default default] 10.0.0.17 "GET /v2.0/security-groups?id=da60f89b-1659-4dfe-9e38-c7a2809ca936&fields=id&fields=name HTTP/1.1" status: 200 len: 313 time: 0.0489941
2026-07-16 08:02:04.866 9 INFO neutron.api.wsgi [None req-9bb01f97-2076-465a-a48b-ae172024d55c 12502aff65234f6b9d88005062aa021d e1428de6d5914b108ad23f9e70f72d30 - - default default] 10.0.0.205 "DELETE /v2.0/routers/20dda805-59ca-4672-9bbe-fd03b0e024ad HTTP/1.1" status: 204 len: 168 time: 0.1966476
2026-07-16 08:02:04.945 10 INFO neutron.api.wsgi [req-70b04000-00ae-45d0-9db3-75779a381b49 req-b34888a6-cc9f-4e1d-aaf5-859eec39c477 95eabeb72ab549059c105fa38092a50b 658b421f5dfd4e75997d213197ae1c58 - - default default] 10.0.0.17 "GET /v2.0/ports?device_id=ce28cf8b-8436-4198-bf39-6adf260695e3 HTTP/1.1" status: 200 len: 1170 time: 0.0301151
2026-07-16 08:02:05.038 10 INFO neutron.api.wsgi [None req-8e5d378a-9663-4a84-93ae-9658a149f98e 12502aff65234f6b9d88005062aa021d e1428de6d5914b108ad23f9e70f72d30 - - default default] 10.0.0.205 "DELETE /v2.0/subnets/2a7b237f-2656-48c2-bd31-1cff727372f3 HTTP/1.1" status: 204 len: 168 time: 0.1660235
2026-07-16 08:02:05.153 9 INFO neutron.api.wsgi [None req-8fd7df65-6f48-4cf3-ab54-006494298213 8ae83b2531124ab0964b64aee2dfb464 488ed89d0c7e4b328e1e015c6db0f50f - - default default] 10.0.0.205 "DELETE /v2.0/floatingips/e675ce83-1157-4a36-945e-2fbecb375a97 HTTP/1.1" status: 204 len: 168 time: 0.3799849
2026-07-16 08:02:05.307 9 INFO neutron.api.wsgi [req-3581b71c-0ad3-4ff9-bd8b-4736d2ec3f93 req-e58f3728-ed61-4047-bf3a-fbb60aa8718f cb49488cfd98443685bb3030f0263157 f6e4e39fc5fc4fa7ab4075e4feb14c4d - - default default] 10.0.0.17 "GET /v2.0/ports?device_id=d78e8192-1b07-488e-b431-d7fd8c19d7a8 HTTP/1.1" status: 200 len: 210 time: 0.0192127
2026-07-16 08:02:05.462 9 INFO neutron.services.segments.plugin [-] Segment 0e4c5f71-2a30-4dfe-9ec3-06ba93788e33 resource provider aggregate not found
2026-07-16 08:02:05.465 9 INFO neutron.services.segments.plugin [-] Segment 0e4c5f71-2a30-4dfe-9ec3-06ba93788e33 resource provider aggregate not found
2026-07-16 08:02:05.484 9 INFO neutron.services.segments.plugin [-] Segment 0e4c5f71-2a30-4dfe-9ec3-06ba93788e33 resource provider not found; error: Placement Client Error (4xx): {"errors": [{"status": 404, "title": "Not Found", "detail": "The resource could not be found.\n\n No resource provider with uuid 0e4c5f71-2a30-4dfe-9ec3-06ba93788e33 found for delete ", "request_id": "req-729331b2-65a6-48b2-a32d-262f281d9622"}]}
2026-07-16 08:02:05.488 9 INFO neutron.services.segments.plugin [-] Segment 0e4c5f71-2a30-4dfe-9ec3-06ba93788e33 resource provider not found; error: Placement Client Error (4xx): {"errors": [{"status": 404, "title": "Not Found", "detail": "The resource could not be found.\n\n No resource provider with uuid 0e4c5f71-2a30-4dfe-9ec3-06ba93788e33 found for delete ", "request_id": "req-0066b5c0-4208-41df-9974-9ce5a22808e9"}]}
2026-07-16 08:02:05.523 9 INFO neutron.api.wsgi [None req-681bfd37-b50b-413a-9c37-90a0207667eb 12502aff65234f6b9d88005062aa021d e1428de6d5914b108ad23f9e70f72d30 - - default default] 10.0.0.205 "DELETE /v2.0/networks/4c915458-1f0e-4a74-840b-ca3d000de99d HTTP/1.1" status: 204 len: 168 time: 0.4803996 /var/lib/openstack/lib/python3.12/site-packages/pycadf/identifier.py:71: UserWarning: Invalid uuid: neutron. To ensure interoperability, identifiers should be a valid uuid. warnings.warn(('Invalid uuid: %s. To ensure interoperability, '
2026-07-16 08:02:05.542 10 WARNING neutron_lib.context [None req-270970df-315c-40e0-8fa3-51e2ccc918b9 12502aff65234f6b9d88005062aa021d e1428de6d5914b108ad23f9e70f72d30 - - default default] Method 'is_advsvc' is deprecated since 2023.2 release (neutron-lib 3.8.0) and will be removed once support for the old RBAC API policies will be removed from Neutron. Please use method 'is_service_role' instead.
2026-07-16 08:02:05.555 9 INFO neutron.db.ovn_revision_numbers_db [None req-170a7665-6e6a-47be-8c19-65f6cc833371 95eabeb72ab549059c105fa38092a50b 658b421f5dfd4e75997d213197ae1c58 - - default default] Successfully bumped revision number for resource 660302e7-4b38-48af-8b78-6cfdb950277f (type: floatingips) to 1
2026-07-16 08:02:05.677 10 INFO neutron.db.segments_db [None req-270970df-315c-40e0-8fa3-51e2ccc918b9 12502aff65234f6b9d88005062aa021d e1428de6d5914b108ad23f9e70f72d30 - - default default] Added segment 7f44aa55-3b32-420a-ab01-b5628f0183a3 of type geneve for network bad364a9-d648-4720-947c-0500cb6f9105
2026-07-16 08:02:05.689 9 INFO neutron.db.ovn_revision_numbers_db [None req-170a7665-6e6a-47be-8c19-65f6cc833371 95eabeb72ab549059c105fa38092a50b 658b421f5dfd4e75997d213197ae1c58 - - default default] Successfully bumped revision number for resource 660302e7-4b38-48af-8b78-6cfdb950277f (type: floatingips) to 2
2026-07-16 08:02:05.690 9 INFO neutron.db.l3_db [None req-170a7665-6e6a-47be-8c19-65f6cc833371 95eabeb72ab549059c105fa38092a50b 658b421f5dfd4e75997d213197ae1c58 - - default default] Floating IP 660302e7-4b38-48af-8b78-6cfdb950277f associated. External IP: 10.96.250.209, port: 8aeaf0cf-eea5-4bfe-9eff-c81f1e8cb4b6.
2026-07-16 08:02:05.718 9 INFO neutron.api.wsgi [None req-170a7665-6e6a-47be-8c19-65f6cc833371 95eabeb72ab549059c105fa38092a50b 658b421f5dfd4e75997d213197ae1c58 - - default default] 10.0.0.205 "PUT /v2.0/floatingips/660302e7-4b38-48af-8b78-6cfdb950277f HTTP/1.1" status: 200 len: 1049 time: 0.7586977
2026-07-16 08:02:05.759 9 INFO neutron.notifiers.nova [-] Nova event matching ['req-d4d85df9-4931-4843-8511-9f35c78dbef2'] response: {'name': 'network-changed', 'server_uuid': 'ce28cf8b-8436-4198-bf39-6adf260695e3', 'tag': '8aeaf0cf-eea5-4bfe-9eff-c81f1e8cb4b6', 'status': 'completed', 'code': 200}
2026-07-16 08:02:05.807 9 INFO neutron.api.wsgi [req-183db368-cb97-48f3-a484-78991afaacaf req-09a66596-5815-4fa6-ac21-41a0af5ca0fe 95eabeb72ab549059c105fa38092a50b 658b421f5dfd4e75997d213197ae1c58 - - default default] 10.0.0.17 "GET /v2.0/ports?device_id=ce28cf8b-8436-4198-bf39-6adf260695e3 HTTP/1.1" status: 200 len: 1170 time: 0.0537555
2026-07-16 08:02:05.833 10 INFO neutron.db.ovn_revision_numbers_db [None req-270970df-315c-40e0-8fa3-51e2ccc918b9 12502aff65234f6b9d88005062aa021d e1428de6d5914b108ad23f9e70f72d30 - - default default] Successfully bumped revision number for resource bad364a9-d648-4720-947c-0500cb6f9105 (type: networks) to 1
2026-07-16 08:02:05.853 9 INFO neutron.api.wsgi [req-183db368-cb97-48f3-a484-78991afaacaf req-f70a999c-faa2-4bfb-b174-34b85505c266 95eabeb72ab549059c105fa38092a50b 658b421f5dfd4e75997d213197ae1c58 - - default default] 10.0.0.17 "GET /v2.0/security-groups?id=da60f89b-1659-4dfe-9e38-c7a2809ca936&fields=id&fields=name HTTP/1.1" status: 200 len: 313 time: 0.0417254
2026-07-16 08:02:06.024 10 WARNING neutron.scheduler.dhcp_agent_scheduler [None req-270970df-315c-40e0-8fa3-51e2ccc918b9 12502aff65234f6b9d88005062aa021d e1428de6d5914b108ad23f9e70f72d30 - - default default] No more DHCP agents
2026-07-16 08:02:06.026 10 WARNING neutron.api.rpc.agentnotifiers.dhcp_rpc_agent_api [None req-270970df-315c-40e0-8fa3-51e2ccc918b9 12502aff65234f6b9d88005062aa021d e1428de6d5914b108ad23f9e70f72d30 - - default default] Unable to schedule network bad364a9-d648-4720-947c-0500cb6f9105: no agents available; will retry on subsequent port and subnet creation events.
2026-07-16 08:02:06.117 10 INFO neutron.db.ovn_revision_numbers_db [None req-270970df-315c-40e0-8fa3-51e2ccc918b9 12502aff65234f6b9d88005062aa021d e1428de6d5914b108ad23f9e70f72d30 - - default default] Successfully bumped revision number for resource 657319f7-53d1-436b-bec8-917ef40a83f7 (type: ports) to 1
2026-07-16 08:02:06.141 10 INFO neutron.api.wsgi [None req-270970df-315c-40e0-8fa3-51e2ccc918b9 12502aff65234f6b9d88005062aa021d e1428de6d5914b108ad23f9e70f72d30 - - default default] 10.0.0.205 "POST /v2.0/networks HTTP/1.1" status: 201 len: 829 time: 0.6084702
2026-07-16 08:02:06.155 9 WARNING neutron_lib.context [None req-74ab9890-b453-490b-acf0-3f85573f1b16 12502aff65234f6b9d88005062aa021d e1428de6d5914b108ad23f9e70f72d30 - - default default] Method 'is_advsvc' is deprecated since 2023.2 release (neutron-lib 3.8.0) and will be removed once support for the old RBAC API policies will be removed from Neutron. Please use method 'is_service_role' instead.
2026-07-16 08:02:06.321 9 INFO neutron.api.wsgi [req-2f891c13-a3d0-4de7-acf2-35850741795f req-3bd004d6-7fad-4203-97a2-a9e9c999dad6 ffa3e627b4de4f94a723cdbe4373c377 5e17cd22ac7a410482bcc6c4d3c6e31a - - 69faa7a73d15429097d2f6940a1a579e 69faa7a73d15429097d2f6940a1a579e] 199.19.213.177 "GET /v2.0/ports?tenant_id=658b421f5dfd4e75997d213197ae1c58&device_id=ce28cf8b-8436-4198-bf39-6adf260695e3 HTTP/1.1" status: 200 len: 1409 time: 0.0449023
2026-07-16 08:02:06.376 9 WARNING neutron.scheduler.dhcp_agent_scheduler [None req-74ab9890-b453-490b-acf0-3f85573f1b16 12502aff65234f6b9d88005062aa021d e1428de6d5914b108ad23f9e70f72d30 - - default default] No more DHCP agents
2026-07-16 08:02:06.378 9 WARNING neutron.api.rpc.agentnotifiers.dhcp_rpc_agent_api [None req-74ab9890-b453-490b-acf0-3f85573f1b16 12502aff65234f6b9d88005062aa021d e1428de6d5914b108ad23f9e70f72d30 - - default default] Unable to schedule network bad364a9-d648-4720-947c-0500cb6f9105: no agents available; will retry on subsequent port and subnet creation events.
2026-07-16 08:02:06.384 9 INFO neutron.api.wsgi [req-2f891c13-a3d0-4de7-acf2-35850741795f req-7160910e-ba17-4a4f-8d04-2f67f0361da2 ffa3e627b4de4f94a723cdbe4373c377 5e17cd22ac7a410482bcc6c4d3c6e31a - - 69faa7a73d15429097d2f6940a1a579e 69faa7a73d15429097d2f6940a1a579e] 199.19.213.177 "GET /v2.0/networks?id=ec0e22ab-4daa-4168-9468-fcc0a25d6f91 HTTP/1.1" status: 200 len: 982 time: 0.0569236
2026-07-16 08:02:06.434 10 INFO neutron.api.wsgi [None req-bd20baa3-fbfc-40b9-9709-86f6c270f405 b9ce937a6031456c94b46a52e5f6e3d0 1ccb513f25fc44f4bd438183ad6c0ea8 - - default default] 10.0.0.205 "PUT /v2.0/routers/35cda76e-aa89-4822-835e-1c552007db0e/remove_router_interface HTTP/1.1" status: 200 len: 503 time: 1.2760694 /var/lib/openstack/lib/python3.12/site-packages/pycadf/identifier.py:71: UserWarning: Invalid uuid: neutron. To ensure interoperability, identifiers should be a valid uuid. warnings.warn(('Invalid uuid: %s. To ensure interoperability, '
2026-07-16 08:02:06.445 9 INFO neutron.api.wsgi [req-2f891c13-a3d0-4de7-acf2-35850741795f req-e2fb6889-9f60-4811-81a4-f79f7684059a ffa3e627b4de4f94a723cdbe4373c377 5e17cd22ac7a410482bcc6c4d3c6e31a - - 69faa7a73d15429097d2f6940a1a579e 69faa7a73d15429097d2f6940a1a579e] 199.19.213.177 "GET /v2.0/floatingips?fixed_ip_address=10.100.0.5&port_id=8aeaf0cf-eea5-4bfe-9eff-c81f1e8cb4b6 HTTP/1.1" status: 200 len: 1059 time: 0.0540280
2026-07-16 08:02:06.482 9 INFO neutron.api.wsgi [req-2f891c13-a3d0-4de7-acf2-35850741795f req-9c9e8fb0-84a7-440d-b8c4-95b9df172625 ffa3e627b4de4f94a723cdbe4373c377 5e17cd22ac7a410482bcc6c4d3c6e31a - - 69faa7a73d15429097d2f6940a1a579e 69faa7a73d15429097d2f6940a1a579e] 199.19.213.177 "GET /v2.0/subnets?id=20ed8729-4381-440b-9879-1069c31368eb HTTP/1.1" status: 200 len: 901 time: 0.0284789
2026-07-16 08:02:06.508 9 INFO neutron.api.wsgi [req-2f891c13-a3d0-4de7-acf2-35850741795f req-e294eb94-29f1-40d6-ab9c-7ebf8dc19863 ffa3e627b4de4f94a723cdbe4373c377 5e17cd22ac7a410482bcc6c4d3c6e31a - - 69faa7a73d15429097d2f6940a1a579e 69faa7a73d15429097d2f6940a1a579e] 199.19.213.177 "GET /v2.0/ports?network_id=ec0e22ab-4daa-4168-9468-fcc0a25d6f91&device_owner=network%3Adhcp HTTP/1.1" status: 200 len: 210 time: 0.0169876
2026-07-16 08:02:06.578 9 INFO neutron.api.wsgi [req-2f891c13-a3d0-4de7-acf2-35850741795f req-073562d6-be03-4caf-a3f1-a68a92a79a3f ffa3e627b4de4f94a723cdbe4373c377 5e17cd22ac7a410482bcc6c4d3c6e31a - - 69faa7a73d15429097d2f6940a1a579e 69faa7a73d15429097d2f6940a1a579e] 199.19.213.177 "GET /v2.0/networks/ec0e22ab-4daa-4168-9468-fcc0a25d6f91?fields=segments HTTP/1.1" status: 200 len: 212 time: 0.0542443
2026-07-16 08:02:06.601 9 INFO neutron.api.wsgi [None req-2368774e-1ef2-4929-aec7-3930bcceaaf5 cb49488cfd98443685bb3030f0263157 f6e4e39fc5fc4fa7ab4075e4feb14c4d - - default default] 10.0.0.205 "DELETE /v2.0/security-groups/8e69694e-f1a3-4c94-a6f9-1772d15a6c8e HTTP/1.1" status: 204 len: 168 time: 0.1942956
2026-07-16 08:02:06.620 10 INFO neutron.api.v2.resource [None req-8f8d481a-f636-4ea9-8d5d-deb2d518b106 cb49488cfd98443685bb3030f0263157 f6e4e39fc5fc4fa7ab4075e4feb14c4d - - default default] show failed (client error): The resource could not be found.
2026-07-16 08:02:06.621 10 INFO neutron.api.wsgi [None req-8f8d481a-f636-4ea9-8d5d-deb2d518b106 cb49488cfd98443685bb3030f0263157 f6e4e39fc5fc4fa7ab4075e4feb14c4d - - default default] 10.0.0.205 "GET /v2.0/security-groups/8e69694e-f1a3-4c94-a6f9-1772d15a6c8e HTTP/1.1" status: 404 len: 347 time: 0.0128121
2026-07-16 08:02:06.662 9 INFO neutron.api.wsgi [req-2f891c13-a3d0-4de7-acf2-35850741795f req-d0e1e661-3c66-4251-bfbd-b943ee6d843a ffa3e627b4de4f94a723cdbe4373c377 5e17cd22ac7a410482bcc6c4d3c6e31a - - 69faa7a73d15429097d2f6940a1a579e 69faa7a73d15429097d2f6940a1a579e] 199.19.213.177 "GET /v2.0/networks/ec0e22ab-4daa-4168-9468-fcc0a25d6f91?fields=provider%3Aphysical_network&fields=provider%3Anetwork_type HTTP/1.1" status: 200 len: 277 time: 0.0769219
2026-07-16 08:02:06.902 9 INFO neutron.db.ovn_revision_numbers_db [None req-286fe4bb-3657-4e51-9aef-804d3cb1003d - - - - - -] Successfully bumped revision number for resource 657319f7-53d1-436b-bec8-917ef40a83f7 (type: ports) to 2
2026-07-16 08:02:06.928 9 INFO neutron.api.wsgi [None req-b94042e0-9af2-40a1-94aa-620f6a3f776b cb49488cfd98443685bb3030f0263157 f6e4e39fc5fc4fa7ab4075e4feb14c4d - - default default] 10.0.0.205 "DELETE /v2.0/floatingips/1534b768-3e37-4cdf-bac0-8f5f7d7dbd8d HTTP/1.1" status: 204 len: 168 time: 0.2961996
2026-07-16 08:02:06.929 9 INFO neutron.db.ovn_revision_numbers_db [None req-286fe4bb-3657-4e51-9aef-804d3cb1003d - - - - - -] Successfully bumped revision number for resource ed0dedf2-311d-43ea-b9e6-8f6daa17d54d (type: subnets) to 0
2026-07-16 08:02:06.951 9 INFO neutron.api.wsgi [None req-74ab9890-b453-490b-acf0-3f85573f1b16 12502aff65234f6b9d88005062aa021d e1428de6d5914b108ad23f9e70f72d30 - - default default] 10.0.0.205 "POST /v2.0/subnets HTTP/1.1" status: 201 len: 825 time: 0.8027816
2026-07-16 08:02:06.958 9 WARNING neutron_lib.context [None req-5576a252-6292-4379-a111-619cb822c2fb 12502aff65234f6b9d88005062aa021d e1428de6d5914b108ad23f9e70f72d30 - - default default] Method 'is_advsvc' is deprecated since 2023.2 release (neutron-lib 3.8.0) and will be removed once support for the old RBAC API policies will be removed from Neutron. Please use method 'is_service_role' instead.
2026-07-16 08:02:07.065 9 INFO neutron.db.ovn_revision_numbers_db [None req-5576a252-6292-4379-a111-619cb822c2fb 12502aff65234f6b9d88005062aa021d e1428de6d5914b108ad23f9e70f72d30 - - default default] Successfully bumped revision number for resource 66289fcc-6b00-4719-983f-f1a662b2a465 (type: routers) to 1
2026-07-16 08:02:07.096 9 INFO neutron.api.wsgi [None req-5576a252-6292-4379-a111-619cb822c2fb 12502aff65234f6b9d88005062aa021d e1428de6d5914b108ad23f9e70f72d30 - - default default] 10.0.0.205 "POST /v2.0/routers HTTP/1.1" status: 201 len: 802 time: 0.1411467
2026-07-16 08:02:07.117 10 INFO neutron.api.wsgi [None req-e8b0fb07-9d55-4d9c-85fe-d66fde2e6778 b9ce937a6031456c94b46a52e5f6e3d0 1ccb513f25fc44f4bd438183ad6c0ea8 - - default default] 10.0.0.205 "DELETE /v2.0/routers/35cda76e-aa89-4822-835e-1c552007db0e HTTP/1.1" status: 204 len: 168 time: 0.6773088
2026-07-16 08:02:07.471 10 INFO neutron.api.wsgi [None req-642e329a-7ff8-4cdc-a193-b20641cbe0bc b9ce937a6031456c94b46a52e5f6e3d0 1ccb513f25fc44f4bd438183ad6c0ea8 - - default default] 10.0.0.205 "DELETE /v2.0/subnets/c06dcb3e-bf1b-42dd-a533-ddd25237fd9a HTTP/1.1" status: 204 len: 168 time: 0.3485196
2026-07-16 08:02:07.850 9 WARNING neutron.scheduler.dhcp_agent_scheduler [None req-bae99e26-279a-4a7e-bffd-cef0d45e40c6 12502aff65234f6b9d88005062aa021d e1428de6d5914b108ad23f9e70f72d30 - - default default] No more DHCP agents
2026-07-16 08:02:07.851 9 WARNING neutron.api.rpc.agentnotifiers.dhcp_rpc_agent_api [None req-bae99e26-279a-4a7e-bffd-cef0d45e40c6 12502aff65234f6b9d88005062aa021d e1428de6d5914b108ad23f9e70f72d30 - - default default] Unable to schedule network bad364a9-d648-4720-947c-0500cb6f9105: no agents available; will retry on subsequent port and subnet creation events.
2026-07-16 08:02:07.918 10 INFO neutron.services.segments.plugin [-] Segment aba479ea-6334-4f19-af00-5451761728e0 resource provider aggregate not found
2026-07-16 08:02:07.923 10 INFO neutron.services.segments.plugin [-] Segment aba479ea-6334-4f19-af00-5451761728e0 resource provider aggregate not found
2026-07-16 08:02:07.934 10 INFO neutron.services.segments.plugin [-] Segment aba479ea-6334-4f19-af00-5451761728e0 resource provider not found; error: Placement Client Error (4xx): {"errors": [{"status": 404, "title": "Not Found", "detail": "The resource could not be found.\n\n No resource provider with uuid aba479ea-6334-4f19-af00-5451761728e0 found for delete ", "request_id": "req-d02b958d-5edd-4c4d-8cde-0d6a2a54f03d"}]}
2026-07-16 08:02:07.936 10 INFO neutron.services.segments.plugin [-] Segment aba479ea-6334-4f19-af00-5451761728e0 resource provider not found; error: Placement Client Error (4xx): {"errors": [{"status": 404, "title": "Not Found", "detail": "The resource could not be found.\n\n No resource provider with uuid aba479ea-6334-4f19-af00-5451761728e0 found for delete ", "request_id": "req-2280ad31-5fc2-4f49-8e90-9dc5286e4b06"}]}
2026-07-16 08:02:07.942 10 INFO neutron.api.wsgi [None req-c986ada3-2f8b-4997-be9f-c1eee997b467 b9ce937a6031456c94b46a52e5f6e3d0 1ccb513f25fc44f4bd438183ad6c0ea8 - - default default] 10.0.0.205 "DELETE /v2.0/networks/4b83bad2-3e20-4f02-8dde-92a2b491c1bd HTTP/1.1" status: 204 len: 168 time: 0.4673302
2026-07-16 08:02:08.009 9 INFO neutron.db.ovn_revision_numbers_db [None req-bae99e26-279a-4a7e-bffd-cef0d45e40c6 12502aff65234f6b9d88005062aa021d e1428de6d5914b108ad23f9e70f72d30 - - default default] Successfully bumped revision number for resource 5498ab59-2e9d-4577-8360-0944e2bc2d39 (type: ports) to 1
2026-07-16 08:02:08.104 10 INFO neutron.api.wsgi [None req-19dd8859-280b-4e0f-ba62-394b014e787c b9ce937a6031456c94b46a52e5f6e3d0 1ccb513f25fc44f4bd438183ad6c0ea8 - - default default] 10.0.0.205 "GET /v2.0/security-groups?tenant_id=488ed89d0c7e4b328e1e015c6db0f50f&name=default HTTP/1.1" status: 200 len: 3120 time: 0.0348542
2026-07-16 08:02:08.340 10 INFO neutron.api.wsgi [None req-f3b5e47a-95ef-426b-b0a4-8e07fb477543 b9ce937a6031456c94b46a52e5f6e3d0 1ccb513f25fc44f4bd438183ad6c0ea8 - - default default] 10.0.0.205 "DELETE /v2.0/security-groups/5b131fcb-8468-452d-89cd-c3fb7fda73e4 HTTP/1.1" status: 204 len: 168 time: 0.2315729
2026-07-16 08:02:08.477 9 INFO neutron.api.wsgi [None req-5aadb952-45c3-43bb-8b10-acfcd9d4fc6b b9ce937a6031456c94b46a52e5f6e3d0 1ccb513f25fc44f4bd438183ad6c0ea8 - - default default] 10.0.0.205 "PUT /v2.0/routers/212407e1-5a18-4c7f-949b-6042c192291f/remove_router_interface HTTP/1.1" status: 200 len: 503 time: 1.5415108 /var/lib/openstack/lib/python3.12/site-packages/pycadf/identifier.py:71: UserWarning: Invalid uuid: neutron. To ensure interoperability, identifiers should be a valid uuid. warnings.warn(('Invalid uuid: %s. To ensure interoperability, '
2026-07-16 08:02:08.541 10 INFO neutron.plugins.ml2.drivers.ovn.mech_driver.mech_driver [None req-8d119846-89e4-4ddc-8b04-cdf65ef3f629 - - - - - -] OVN reports status up for port: 5498ab59-2e9d-4577-8360-0944e2bc2d39
2026-07-16 08:02:08.548 10 INFO neutron.plugins.ml2.plugin [None req-8d119846-89e4-4ddc-8b04-cdf65ef3f629 - - - - - -] Attempt 1 to provision port 5498ab59-2e9d-4577-8360-0944e2bc2d39
2026-07-16 08:02:08.578 9 INFO neutron.db.ovn_revision_numbers_db [None req-bae99e26-279a-4a7e-bffd-cef0d45e40c6 12502aff65234f6b9d88005062aa021d e1428de6d5914b108ad23f9e70f72d30 - - default default] Successfully bumped revision number for resource 5498ab59-2e9d-4577-8360-0944e2bc2d39 (type: ports) to 1
2026-07-16 08:02:08.639 9 WARNING neutron.scheduler.dhcp_agent_scheduler [None req-bae99e26-279a-4a7e-bffd-cef0d45e40c6 12502aff65234f6b9d88005062aa021d e1428de6d5914b108ad23f9e70f72d30 - - default default] No more DHCP agents
2026-07-16 08:02:08.640 9 WARNING neutron.api.rpc.agentnotifiers.dhcp_rpc_agent_api [None req-bae99e26-279a-4a7e-bffd-cef0d45e40c6 12502aff65234f6b9d88005062aa021d e1428de6d5914b108ad23f9e70f72d30 - - default default] Unable to schedule network bad364a9-d648-4720-947c-0500cb6f9105: no agents available; will retry on subsequent port and subnet creation events.
2026-07-16 08:02:08.821 9 WARNING neutron.plugins.ml2.drivers.ovn.mech_driver.ovsdb.ovn_client [None req-71113cf2-4732-44bf-940a-6c2d5081de42 - - - - - -] No port found with ID c6a85e1a-662d-45b6-88ee-acd10bf7187d: RuntimeError: No port found with ID c6a85e1a-662d-45b6-88ee-acd10bf7187d
2026-07-16 08:02:08.833 9 INFO neutron.db.ovn_revision_numbers_db [None req-bae99e26-279a-4a7e-bffd-cef0d45e40c6 12502aff65234f6b9d88005062aa021d e1428de6d5914b108ad23f9e70f72d30 - - default default] Successfully bumped revision number for resource 5498ab59-2e9d-4577-8360-0944e2bc2d39 (type: router_ports) to 1
2026-07-16 08:02:08.841 9 INFO neutron.api.wsgi [None req-bae99e26-279a-4a7e-bffd-cef0d45e40c6 12502aff65234f6b9d88005062aa021d e1428de6d5914b108ad23f9e70f72d30 - - default default] 10.0.0.205 "PUT /v2.0/routers/66289fcc-6b00-4719-983f-f1a662b2a465/add_router_interface HTTP/1.1" status: 200 len: 503 time: 1.7381999
2026-07-16 08:02:08.870 9 INFO neutron.api.wsgi [None req-1c17b499-9f17-4932-9458-cdeb05d2f441 12502aff65234f6b9d88005062aa021d e1428de6d5914b108ad23f9e70f72d30 - - default default] 10.0.0.205 "GET /v2.0/ports/5498ab59-2e9d-4577-8360-0944e2bc2d39 HTTP/1.1" status: 200 len: 1137 time: 0.0255785
2026-07-16 08:02:08.906 9 INFO neutron.api.wsgi [None req-a1b584cd-70b6-493a-9910-f96f62652489 12502aff65234f6b9d88005062aa021d e1428de6d5914b108ad23f9e70f72d30 - - default default] 10.0.0.205 "GET /v2.0/ports/5498ab59-2e9d-4577-8360-0944e2bc2d39 HTTP/1.1" status: 200 len: 1137 time: 0.0293038
2026-07-16 08:02:09.109 10 INFO neutron.db.ovn_revision_numbers_db [None req-8d119846-89e4-4ddc-8b04-cdf65ef3f629 - - - - - -] Successfully bumped revision number for resource 5498ab59-2e9d-4577-8360-0944e2bc2d39 (type: ports) to 2
2026-07-16 08:02:09.161 9 INFO neutron.api.wsgi [None req-6e55b99f-f1a0-481f-ab33-a76414645172 b9ce937a6031456c94b46a52e5f6e3d0 1ccb513f25fc44f4bd438183ad6c0ea8 - - default default] 10.0.0.205 "DELETE /v2.0/routers/212407e1-5a18-4c7f-949b-6042c192291f HTTP/1.1" status: 204 len: 168 time: 0.6793821
2026-07-16 08:02:09.287 10 INFO neutron.api.wsgi [None req-b978a531-2520-4682-a150-b392cbc5fab6 b9ce937a6031456c94b46a52e5f6e3d0 1ccb513f25fc44f4bd438183ad6c0ea8 - - default default] 10.0.0.205 "DELETE /v2.0/subnets/abc07eec-7515-4869-813a-8b918457d967 HTTP/1.1" status: 204 len: 168 time: 0.1203382
2026-07-16 08:02:09.463 9 INFO neutron.api.wsgi [None req-258dcddd-b059-46f4-8b1b-0e211f0a531d 12502aff65234f6b9d88005062aa021d e1428de6d5914b108ad23f9e70f72d30 - - default default] 10.0.0.205 "PUT /v2.0/routers/66289fcc-6b00-4719-983f-f1a662b2a465/remove_router_interface HTTP/1.1" status: 200 len: 503 time: 0.5527599 /var/lib/openstack/lib/python3.12/site-packages/pycadf/identifier.py:71: UserWarning: Invalid uuid: neutron. To ensure interoperability, identifiers should be a valid uuid. warnings.warn(('Invalid uuid: %s. To ensure interoperability, '
2026-07-16 08:02:09.484 9 INFO neutron.api.wsgi [None req-895808ec-b689-4c97-83dc-7812f92dcb24 12502aff65234f6b9d88005062aa021d e1428de6d5914b108ad23f9e70f72d30 - - default default] 10.0.0.205 "GET /v2.0/ports?device_id=66289fcc-6b00-4719-983f-f1a662b2a465 HTTP/1.1" status: 200 len: 205 time: 0.0164788
2026-07-16 08:02:09.569 10 INFO neutron.api.wsgi [None req-b5d52ecd-c3f7-43b6-a7fa-da54cd018e3b b9ce937a6031456c94b46a52e5f6e3d0 1ccb513f25fc44f4bd438183ad6c0ea8 - - default default] 10.0.0.205 "DELETE /v2.0/networks/1513bbd2-30a1-49bb-bef8-299d10831964 HTTP/1.1" status: 204 len: 168 time: 0.2763405
2026-07-16 08:02:09.688 9 INFO neutron.api.wsgi [None req-16a99036-1729-412c-9a93-e562103ddf36 12502aff65234f6b9d88005062aa021d e1428de6d5914b108ad23f9e70f72d30 - - default default] 10.0.0.205 "DELETE /v2.0/routers/66289fcc-6b00-4719-983f-f1a662b2a465 HTTP/1.1" status: 204 len: 168 time: 0.2005332
2026-07-16 08:02:09.713 9 INFO neutron.api.wsgi [None req-5c8d8e5e-e511-43a9-b404-d70dbc8de0f4 b9ce937a6031456c94b46a52e5f6e3d0 1ccb513f25fc44f4bd438183ad6c0ea8 - - default default] 10.0.0.205 "GET /v2.0/security-groups?tenant_id=f6e4e39fc5fc4fa7ab4075e4feb14c4d&name=default HTTP/1.1" status: 200 len: 3116 time: 0.0400150
2026-07-16 08:02:09.857 9 INFO neutron.api.wsgi [None req-7663bc79-9959-47c8-a3ed-98b7afcb5bb1 12502aff65234f6b9d88005062aa021d e1428de6d5914b108ad23f9e70f72d30 - - default default] 10.0.0.205 "DELETE /v2.0/subnets/ed0dedf2-311d-43ea-b9e6-8f6daa17d54d HTTP/1.1" status: 204 len: 168 time: 0.1641657
2026-07-16 08:02:09.905 10 INFO neutron.api.wsgi [None req-2acc2ead-7331-4dc7-b2c9-1d3fbfee015c b9ce937a6031456c94b46a52e5f6e3d0 1ccb513f25fc44f4bd438183ad6c0ea8 - - default default] 10.0.0.205 "DELETE /v2.0/security-groups/92d9ceb2-a375-46e3-b8b7-9fcc544898e2 HTTP/1.1" status: 204 len: 168 time: 0.1880498
2026-07-16 08:02:09.960 10 INFO neutron.services.segments.plugin [-] Segment 0d1a8fc7-88bc-476d-a860-d463b8fa75f9 resource provider aggregate not found
2026-07-16 08:02:09.963 10 INFO neutron.services.segments.plugin [-] Segment 0d1a8fc7-88bc-476d-a860-d463b8fa75f9 resource provider aggregate not found
2026-07-16 08:02:09.972 10 INFO neutron.services.segments.plugin [-] Segment 0d1a8fc7-88bc-476d-a860-d463b8fa75f9 resource provider not found; error: Placement Client Error (4xx): {"errors": [{"status": 404, "title": "Not Found", "detail": "The resource could not be found.\n\n No resource provider with uuid 0d1a8fc7-88bc-476d-a860-d463b8fa75f9 found for delete ", "request_id": "req-05213e3a-87d8-4362-96af-dffc3030b061"}]}
2026-07-16 08:02:09.973 10 INFO neutron.services.segments.plugin [-] Segment 0d1a8fc7-88bc-476d-a860-d463b8fa75f9 resource provider not found; error: Placement Client Error (4xx): {"errors": [{"status": 404, "title": "Not Found", "detail": "The resource could not be found.\n\n No resource provider with uuid 0d1a8fc7-88bc-476d-a860-d463b8fa75f9 found for delete ", "request_id": "req-a962f801-90b0-4e84-b2f9-3aae7da187ad"}]}
2026-07-16 08:02:10.124 9 INFO neutron.services.segments.plugin [-] Segment 7f44aa55-3b32-420a-ab01-b5628f0183a3 resource provider aggregate not found
2026-07-16 08:02:10.127 9 INFO neutron.services.segments.plugin [-] Segment 7f44aa55-3b32-420a-ab01-b5628f0183a3 resource provider aggregate not found
2026-07-16 08:02:10.134 9 INFO neutron.services.segments.plugin [-] Segment 7f44aa55-3b32-420a-ab01-b5628f0183a3 resource provider not found; error: Placement Client Error (4xx): {"errors": [{"status": 404, "title": "Not Found", "detail": "The resource could not be found.\n\n No resource provider with uuid 7f44aa55-3b32-420a-ab01-b5628f0183a3 found for delete ", "request_id": "req-881931a3-9dfe-44a5-97ed-a1f5f1849520"}]}
2026-07-16 08:02:10.139 9 INFO neutron.services.segments.plugin [-] Segment 7f44aa55-3b32-420a-ab01-b5628f0183a3 resource provider not found; error: Placement Client Error (4xx): {"errors": [{"status": 404, "title": "Not Found", "detail": "The resource could not be found.\n\n No resource provider with uuid 7f44aa55-3b32-420a-ab01-b5628f0183a3 found for delete ", "request_id": "req-aee0a110-3b6a-47c0-abb2-8f2665b8c81f"}]}
2026-07-16 08:02:10.151 9 INFO neutron.api.wsgi [None req-59352fb7-abdf-4829-9b3b-994ce36695ff 12502aff65234f6b9d88005062aa021d e1428de6d5914b108ad23f9e70f72d30 - - default default] 10.0.0.205 "DELETE /v2.0/networks/bad364a9-d648-4720-947c-0500cb6f9105 HTTP/1.1" status: 204 len: 168 time: 0.2878726
2026-07-16 08:02:10.167 9 WARNING neutron_lib.context [None req-cc298d61-0885-463c-9b26-02a5198d8932 12502aff65234f6b9d88005062aa021d e1428de6d5914b108ad23f9e70f72d30 - - default default] Method 'is_advsvc' is deprecated since 2023.2 release (neutron-lib 3.8.0) and will be removed once support for the old RBAC API policies will be removed from Neutron. Please use method 'is_service_role' instead.
2026-07-16 08:02:10.526 9 WARNING neutron.scheduler.dhcp_agent_scheduler [None req-cc298d61-0885-463c-9b26-02a5198d8932 12502aff65234f6b9d88005062aa021d e1428de6d5914b108ad23f9e70f72d30 - - default default] No more DHCP agents
2026-07-16 08:02:10.527 9 WARNING neutron.api.rpc.agentnotifiers.dhcp_rpc_agent_api [None req-cc298d61-0885-463c-9b26-02a5198d8932 12502aff65234f6b9d88005062aa021d e1428de6d5914b108ad23f9e70f72d30 - - default default] Unable to schedule network 420e998d-ec99-4f47-a94b-9f1db35f8f08: no agents available; will retry on subsequent port and subnet creation events.
2026-07-16 08:02:10.667 9 INFO neutron.db.ovn_revision_numbers_db [None req-cc298d61-0885-463c-9b26-02a5198d8932 12502aff65234f6b9d88005062aa021d e1428de6d5914b108ad23f9e70f72d30 - - default default] Successfully bumped revision number for resource 558ab07e-5ac6-4767-a89b-23672b0095f6 (type: ports) to 1
2026-07-16 08:02:11.160 9 INFO neutron.plugins.ml2.drivers.ovn.mech_driver.ovsdb.commands [None req-a207a6eb-9d58-454e-8502-69258408eab9 - - - - - -] Schedule LRP lrp-558ab07e-5ac6-4767-a89b-23672b0095f6 on gateway 4e1a191b-b295-4351-bdb7-e8b8e97723eb with priority 1
2026-07-16 08:02:11.169 9 INFO neutron.plugins.ml2.drivers.ovn.mech_driver.mech_driver [None req-71113cf2-4732-44bf-940a-6c2d5081de42 - - - - - -] OVN reports status up for port: 558ab07e-5ac6-4767-a89b-23672b0095f6
2026-07-16 08:02:11.182 9 INFO neutron.plugins.ml2.plugin [None req-71113cf2-4732-44bf-940a-6c2d5081de42 - - - - - -] Attempt 1 to provision port 558ab07e-5ac6-4767-a89b-23672b0095f6
2026-07-16 08:02:11.199 9 INFO neutron.db.ovn_revision_numbers_db [None req-cc298d61-0885-463c-9b26-02a5198d8932 12502aff65234f6b9d88005062aa021d e1428de6d5914b108ad23f9e70f72d30 - - default default] Successfully bumped revision number for resource 558ab07e-5ac6-4767-a89b-23672b0095f6 (type: router_ports) to 1
2026-07-16 08:02:11.270 9 INFO neutron.db.ovn_revision_numbers_db [None req-cc298d61-0885-463c-9b26-02a5198d8932 12502aff65234f6b9d88005062aa021d e1428de6d5914b108ad23f9e70f72d30 - - default default] Successfully bumped revision number for resource 8f53ec0a-0a38-4f34-8cdd-f32c12b39b86 (type: routers) to 2
2026-07-16 08:02:11.284 9 INFO neutron.api.wsgi [None req-cc298d61-0885-463c-9b26-02a5198d8932 12502aff65234f6b9d88005062aa021d e1428de6d5914b108ad23f9e70f72d30 - - default default] 10.0.0.205 "POST /v2.0/routers HTTP/1.1" status: 201 len: 1146 time: 1.1228509
2026-07-16 08:02:11.347 9 INFO neutron.api.wsgi [None req-6c70389f-1c2e-4988-b4b5-5e21998ad85d 12502aff65234f6b9d88005062aa021d e1428de6d5914b108ad23f9e70f72d30 - - default default] 10.0.0.205 "GET /v2.0/routers/8f53ec0a-0a38-4f34-8cdd-f32c12b39b86 HTTP/1.1" status: 200 len: 1147 time: 0.0557544
2026-07-16 08:02:11.440 9 INFO neutron.api.wsgi [None req-33de7645-5b56-47af-8e06-2489cad539e0 12502aff65234f6b9d88005062aa021d e1428de6d5914b108ad23f9e70f72d30 - - default default] 10.0.0.205 "GET /v2.0/routers HTTP/1.1" status: 200 len: 1150 time: 0.0872536
2026-07-16 08:02:11.859 9 INFO neutron.db.ovn_revision_numbers_db [None req-8f7f8982-2797-4840-82a3-86f33a71ffa8 12502aff65234f6b9d88005062aa021d e1428de6d5914b108ad23f9e70f72d30 - - default default] Successfully bumped revision number for resource 8f53ec0a-0a38-4f34-8cdd-f32c12b39b86 (type: routers) to 3
2026-07-16 08:02:11.864 9 INFO neutron.api.wsgi [None req-8f7f8982-2797-4840-82a3-86f33a71ffa8 12502aff65234f6b9d88005062aa021d e1428de6d5914b108ad23f9e70f72d30 - - default default] 10.0.0.205 "PUT /v2.0/routers/8f53ec0a-0a38-4f34-8cdd-f32c12b39b86 HTTP/1.1" status: 200 len: 1154 time: 0.4136777
2026-07-16 08:02:11.929 9 INFO neutron.api.wsgi [None req-5a853a26-caf8-476a-8b28-234595d0b9e4 12502aff65234f6b9d88005062aa021d e1428de6d5914b108ad23f9e70f72d30 - - default default] 10.0.0.205 "GET /v2.0/routers/8f53ec0a-0a38-4f34-8cdd-f32c12b39b86 HTTP/1.1" status: 200 len: 1154 time: 0.0601122
2026-07-16 08:02:11.949 9 INFO neutron.api.wsgi [None req-bd98323b-b236-46f7-86c4-3e8714fbaaaf 12502aff65234f6b9d88005062aa021d e1428de6d5914b108ad23f9e70f72d30 - - default default] 10.0.0.205 "GET /v2.0/ports?device_id=8f53ec0a-0a38-4f34-8cdd-f32c12b39b86 HTTP/1.1" status: 200 len: 205 time: 0.0152967
2026-07-16 08:02:12.025 10 INFO neutron.db.ovn_revision_numbers_db [None req-58a3005b-0297-4b34-91dc-393e81a026d6 b9ce937a6031456c94b46a52e5f6e3d0 1ccb513f25fc44f4bd438183ad6c0ea8 - - default default] Successfully bumped revision number for resource 8d0bcd42-9da5-4427-a900-cc808cac47ea (type: security_groups) to 1
2026-07-16 08:02:12.048 10 INFO neutron.db.ovn_revision_numbers_db [None req-58a3005b-0297-4b34-91dc-393e81a026d6 b9ce937a6031456c94b46a52e5f6e3d0 1ccb513f25fc44f4bd438183ad6c0ea8 - - default default] Successfully bumped revision number for resource 18cd6d77-42f7-43d6-afcb-c802a07a5135 (type: security_group_rules) to 0
2026-07-16 08:02:12.060 10 INFO neutron.db.ovn_revision_numbers_db [None req-58a3005b-0297-4b34-91dc-393e81a026d6 b9ce937a6031456c94b46a52e5f6e3d0 1ccb513f25fc44f4bd438183ad6c0ea8 - - default default] Successfully bumped revision number for resource 30072148-04d2-4dab-9eff-129392aa6bc2 (type: security_group_rules) to 0
2026-07-16 08:02:12.069 10 INFO neutron.db.ovn_revision_numbers_db [None req-58a3005b-0297-4b34-91dc-393e81a026d6 b9ce937a6031456c94b46a52e5f6e3d0 1ccb513f25fc44f4bd438183ad6c0ea8 - - default default] Successfully bumped revision number for resource 5e3851c3-56b0-4e51-8a24-528ace944b41 (type: security_group_rules) to 0
2026-07-16 08:02:12.079 10 INFO neutron.db.ovn_revision_numbers_db [None req-58a3005b-0297-4b34-91dc-393e81a026d6 b9ce937a6031456c94b46a52e5f6e3d0 1ccb513f25fc44f4bd438183ad6c0ea8 - - default default] Successfully bumped revision number for resource 6f367e5a-cb74-495d-a85f-c705c620b25a (type: security_group_rules) to 0
2026-07-16 08:02:12.142 10 INFO neutron.db.segments_db [None req-58a3005b-0297-4b34-91dc-393e81a026d6 b9ce937a6031456c94b46a52e5f6e3d0 1ccb513f25fc44f4bd438183ad6c0ea8 - - default default] Added segment e16a1c45-eefd-4b7a-bd40-7ac662f06df1 of type geneve for network 4d8fac8d-2443-4af9-9f77-e67efeab87ae
2026-07-16 08:02:12.236 10 INFO neutron.db.ovn_revision_numbers_db [None req-58a3005b-0297-4b34-91dc-393e81a026d6 b9ce937a6031456c94b46a52e5f6e3d0 1ccb513f25fc44f4bd438183ad6c0ea8 - - default default] Successfully bumped revision number for resource 4d8fac8d-2443-4af9-9f77-e67efeab87ae (type: networks) to 1
2026-07-16 08:02:12.376 10 WARNING neutron.scheduler.dhcp_agent_scheduler [None req-58a3005b-0297-4b34-91dc-393e81a026d6 b9ce937a6031456c94b46a52e5f6e3d0 1ccb513f25fc44f4bd438183ad6c0ea8 - - default default] No more DHCP agents
2026-07-16 08:02:12.377 10 WARNING neutron.api.rpc.agentnotifiers.dhcp_rpc_agent_api [None req-58a3005b-0297-4b34-91dc-393e81a026d6 b9ce937a6031456c94b46a52e5f6e3d0 1ccb513f25fc44f4bd438183ad6c0ea8 - - default default] Unable to schedule network 4d8fac8d-2443-4af9-9f77-e67efeab87ae: no agents available; will retry on subsequent port and subnet creation events.
2026-07-16 08:02:12.436 10 INFO neutron.db.ovn_revision_numbers_db [None req-58a3005b-0297-4b34-91dc-393e81a026d6 b9ce937a6031456c94b46a52e5f6e3d0 1ccb513f25fc44f4bd438183ad6c0ea8 - - default default] Successfully bumped revision number for resource e66cd6d7-ac09-4802-95ef-9e118672ff31 (type: ports) to 1
2026-07-16 08:02:12.452 10 INFO neutron.api.wsgi [None req-58a3005b-0297-4b34-91dc-393e81a026d6 b9ce937a6031456c94b46a52e5f6e3d0 1ccb513f25fc44f4bd438183ad6c0ea8 - - default default] 10.0.0.205 "POST /v2.0/networks HTTP/1.1" status: 201 len: 946 time: 0.7318757
2026-07-16 08:02:12.588 10 WARNING neutron.scheduler.dhcp_agent_scheduler [None req-80f59f99-786b-40fd-ae08-e9cb94469955 b9ce937a6031456c94b46a52e5f6e3d0 1ccb513f25fc44f4bd438183ad6c0ea8 - - default default] No more DHCP agents
