2026-07-16 08:03:24.134 10 INFO neutron.db.ovn_revision_numbers_db [None req-7da2375a-0f8f-4b46-9619-573aed313712 b9ce937a6031456c94b46a52e5f6e3d0 1ccb513f25fc44f4bd438183ad6c0ea8 - - default default] Successfully bumped revision number for resource d5d47cf1-f62d-405e-979f-0900a3374e3a (type: security_group_rules) to 0
2026-07-16 08:03:24.164 10 INFO neutron.api.wsgi [None req-7da2375a-0f8f-4b46-9619-573aed313712 b9ce937a6031456c94b46a52e5f6e3d0 1ccb513f25fc44f4bd438183ad6c0ea8 - - default default] 10.0.0.205 "GET /v2.0/security-groups?tenant_id=e780c85e27e74e26a88f8b865cd87c16&name=default HTTP/1.1" status: 200 len: 3120 time: 0.3422890
2026-07-16 08:03:24.246 9 INFO neutron.db.ovn_revision_numbers_db [None req-458614fd-5362-401f-9838-e3dd2b95b314 881965f628fc492a80617ba362420736 e3050f5ff8a94a4f80cdce3f5675c223 - - default default] Successfully bumped revision number for resource 96911644-3bcc-45ed-b368-d79cf218c768 (type: networks) to 1
2026-07-16 08:03:24.406 9 INFO neutron.api.wsgi [None req-604a4d58-f15b-48cf-8cc4-8737b829b17a b9ce937a6031456c94b46a52e5f6e3d0 1ccb513f25fc44f4bd438183ad6c0ea8 - - default default] 10.0.0.205 "DELETE /v2.0/security-groups/773a0478-afbb-4c27-90d8-7a7efd180e1c HTTP/1.1" status: 204 len: 168 time: 0.2360015
2026-07-16 08:03:24.420 9 WARNING neutron.scheduler.dhcp_agent_scheduler [None req-458614fd-5362-401f-9838-e3dd2b95b314 881965f628fc492a80617ba362420736 e3050f5ff8a94a4f80cdce3f5675c223 - - default default] No more DHCP agents
2026-07-16 08:03:24.421 9 WARNING neutron.api.rpc.agentnotifiers.dhcp_rpc_agent_api [None req-458614fd-5362-401f-9838-e3dd2b95b314 881965f628fc492a80617ba362420736 e3050f5ff8a94a4f80cdce3f5675c223 - - default default] Unable to schedule network 96911644-3bcc-45ed-b368-d79cf218c768: no agents available; will retry on subsequent port and subnet creation events.
2026-07-16 08:03:24.471 9 INFO neutron.db.ovn_revision_numbers_db [None req-458614fd-5362-401f-9838-e3dd2b95b314 881965f628fc492a80617ba362420736 e3050f5ff8a94a4f80cdce3f5675c223 - - default default] Successfully bumped revision number for resource 1b5e8783-40c2-419d-947f-3b09d12b0535 (type: ports) to 1
2026-07-16 08:03:24.494 9 INFO neutron.api.wsgi [None req-458614fd-5362-401f-9838-e3dd2b95b314 881965f628fc492a80617ba362420736 e3050f5ff8a94a4f80cdce3f5675c223 - - default default] 10.0.0.205 "POST /v2.0/networks HTTP/1.1" status: 201 len: 831 time: 0.4463303
2026-07-16 08:03:24.503 9 WARNING neutron_lib.context [None req-860d9347-a5e5-4401-8c85-94654f062c27 881965f628fc492a80617ba362420736 e3050f5ff8a94a4f80cdce3f5675c223 - - default default] Method 'is_advsvc' is deprecated since 2023.2 release (neutron-lib 3.8.0) and will be removed once support for the old RBAC API policies will be removed from Neutron. Please use method 'is_service_role' instead.
2026-07-16 08:03:24.720 9 WARNING neutron.scheduler.dhcp_agent_scheduler [None req-860d9347-a5e5-4401-8c85-94654f062c27 881965f628fc492a80617ba362420736 e3050f5ff8a94a4f80cdce3f5675c223 - - default default] No more DHCP agents
2026-07-16 08:03:24.726 9 WARNING neutron.api.rpc.agentnotifiers.dhcp_rpc_agent_api [None req-860d9347-a5e5-4401-8c85-94654f062c27 881965f628fc492a80617ba362420736 e3050f5ff8a94a4f80cdce3f5675c223 - - default default] Unable to schedule network 96911644-3bcc-45ed-b368-d79cf218c768: no agents available; will retry on subsequent port and subnet creation events.
2026-07-16 08:03:24.841 10 INFO neutron.db.ovn_revision_numbers_db [None req-1ff82a38-d203-4fe4-96de-4c3652de4f92 b9ce937a6031456c94b46a52e5f6e3d0 1ccb513f25fc44f4bd438183ad6c0ea8 - - default default] Successfully bumped revision number for resource 944970bc-2ba0-4a90-9123-88387fa47f1f (type: security_groups) to 1
2026-07-16 08:03:24.854 10 INFO neutron.db.ovn_revision_numbers_db [None req-1ff82a38-d203-4fe4-96de-4c3652de4f92 b9ce937a6031456c94b46a52e5f6e3d0 1ccb513f25fc44f4bd438183ad6c0ea8 - - default default] Successfully bumped revision number for resource 291540d4-1910-40cf-8a1b-bdaa1efc0cd7 (type: security_group_rules) to 0
2026-07-16 08:03:24.864 10 INFO neutron.db.ovn_revision_numbers_db [None req-1ff82a38-d203-4fe4-96de-4c3652de4f92 b9ce937a6031456c94b46a52e5f6e3d0 1ccb513f25fc44f4bd438183ad6c0ea8 - - default default] Successfully bumped revision number for resource 74b3bca8-e73d-4088-8e46-b2cbe1225e78 (type: security_group_rules) to 0
2026-07-16 08:03:24.878 10 INFO neutron.db.ovn_revision_numbers_db [None req-1ff82a38-d203-4fe4-96de-4c3652de4f92 b9ce937a6031456c94b46a52e5f6e3d0 1ccb513f25fc44f4bd438183ad6c0ea8 - - default default] Successfully bumped revision number for resource 8bbedc2b-7856-47a4-a66c-d62433605a69 (type: security_group_rules) to 0
2026-07-16 08:03:24.889 10 INFO neutron.db.ovn_revision_numbers_db [None req-1ff82a38-d203-4fe4-96de-4c3652de4f92 b9ce937a6031456c94b46a52e5f6e3d0 1ccb513f25fc44f4bd438183ad6c0ea8 - - default default] Successfully bumped revision number for resource 9ba51beb-4ea7-4ba7-9f8d-a5b87afbc0e2 (type: security_group_rules) to 0
2026-07-16 08:03:24.932 10 INFO neutron.api.wsgi [None req-1ff82a38-d203-4fe4-96de-4c3652de4f92 b9ce937a6031456c94b46a52e5f6e3d0 1ccb513f25fc44f4bd438183ad6c0ea8 - - default default] 10.0.0.205 "GET /v2.0/security-groups?tenant_id=2102fa0673d841438274508e837a5f31&name=default HTTP/1.1" status: 200 len: 3120 time: 0.3243902
2026-07-16 08:03:25.134 9 INFO neutron.db.ovn_revision_numbers_db [None req-200c16f9-3f82-43c2-b236-bbfcfee5fcc9 - - - - - -] Successfully bumped revision number for resource 1b5e8783-40c2-419d-947f-3b09d12b0535 (type: ports) to 2
2026-07-16 08:03:25.162 9 INFO neutron.db.ovn_revision_numbers_db [None req-200c16f9-3f82-43c2-b236-bbfcfee5fcc9 - - - - - -] Successfully bumped revision number for resource 3a4c2c04-3218-4c69-b42e-bb39960162fc (type: subnets) to 0
2026-07-16 08:03:25.171 10 INFO neutron.api.wsgi [None req-ed71b257-b4d3-4c52-96ca-b4a63197fb51 b9ce937a6031456c94b46a52e5f6e3d0 1ccb513f25fc44f4bd438183ad6c0ea8 - - default default] 10.0.0.205 "DELETE /v2.0/security-groups/944970bc-2ba0-4a90-9123-88387fa47f1f HTTP/1.1" status: 204 len: 168 time: 0.2357831
2026-07-16 08:03:25.176 9 INFO neutron.api.wsgi [None req-860d9347-a5e5-4401-8c85-94654f062c27 881965f628fc492a80617ba362420736 e3050f5ff8a94a4f80cdce3f5675c223 - - default default] 10.0.0.205 "POST /v2.0/subnets HTTP/1.1" status: 201 len: 828 time: 0.6764708
2026-07-16 08:03:25.188 9 WARNING neutron_lib.context [None req-e41714ca-0acf-45eb-9f37-4ec7bb0a9147 881965f628fc492a80617ba362420736 e3050f5ff8a94a4f80cdce3f5675c223 - - default default] Method 'is_advsvc' is deprecated since 2023.2 release (neutron-lib 3.8.0) and will be removed once support for the old RBAC API policies will be removed from Neutron. Please use method 'is_service_role' instead.
2026-07-16 08:03:25.280 9 INFO neutron.db.segments_db [None req-e41714ca-0acf-45eb-9f37-4ec7bb0a9147 881965f628fc492a80617ba362420736 e3050f5ff8a94a4f80cdce3f5675c223 - - default default] Added segment 20025b29-ab68-4f58-960d-43e545eeccb4 of type geneve for network 6e16d258-1d2c-4680-a86c-8427fc9e57e8
2026-07-16 08:03:25.372 9 INFO neutron.db.ovn_revision_numbers_db [None req-3b81f903-836d-4d02-8768-ca6fa4ee1535 b9ce937a6031456c94b46a52e5f6e3d0 1ccb513f25fc44f4bd438183ad6c0ea8 - - default default] Successfully bumped revision number for resource 303f6fb9-d428-4e01-9b43-9b17da8d4463 (type: security_groups) to 1
2026-07-16 08:03:25.389 9 INFO neutron.db.ovn_revision_numbers_db [None req-3b81f903-836d-4d02-8768-ca6fa4ee1535 b9ce937a6031456c94b46a52e5f6e3d0 1ccb513f25fc44f4bd438183ad6c0ea8 - - default default] Successfully bumped revision number for resource 05e9b086-f6ed-400e-bf31-b20919f80bfe (type: security_group_rules) to 0
2026-07-16 08:03:25.394 9 INFO neutron.db.ovn_revision_numbers_db [None req-e41714ca-0acf-45eb-9f37-4ec7bb0a9147 881965f628fc492a80617ba362420736 e3050f5ff8a94a4f80cdce3f5675c223 - - default default] Successfully bumped revision number for resource 6e16d258-1d2c-4680-a86c-8427fc9e57e8 (type: networks) to 1
2026-07-16 08:03:25.402 9 INFO neutron.db.ovn_revision_numbers_db [None req-3b81f903-836d-4d02-8768-ca6fa4ee1535 b9ce937a6031456c94b46a52e5f6e3d0 1ccb513f25fc44f4bd438183ad6c0ea8 - - default default] Successfully bumped revision number for resource 0d720c56-1686-436c-a27a-3d384c9bd9d2 (type: security_group_rules) to 0
2026-07-16 08:03:25.418 9 INFO neutron.db.ovn_revision_numbers_db [None req-3b81f903-836d-4d02-8768-ca6fa4ee1535 b9ce937a6031456c94b46a52e5f6e3d0 1ccb513f25fc44f4bd438183ad6c0ea8 - - default default] Successfully bumped revision number for resource 3d30dd94-6d13-4002-842a-4a45e5268794 (type: security_group_rules) to 0
2026-07-16 08:03:25.432 9 INFO neutron.db.ovn_revision_numbers_db [None req-3b81f903-836d-4d02-8768-ca6fa4ee1535 b9ce937a6031456c94b46a52e5f6e3d0 1ccb513f25fc44f4bd438183ad6c0ea8 - - default default] Successfully bumped revision number for resource 5071214c-5246-43ea-af47-b308240075e4 (type: security_group_rules) to 0
2026-07-16 08:03:25.468 9 INFO neutron.api.wsgi [None req-3b81f903-836d-4d02-8768-ca6fa4ee1535 b9ce937a6031456c94b46a52e5f6e3d0 1ccb513f25fc44f4bd438183ad6c0ea8 - - default default] 10.0.0.205 "GET /v2.0/security-groups?tenant_id=2c4c16bc1cdc429887fe65d594a0d25a&name=default HTTP/1.1" status: 200 len: 3120 time: 0.2127278
2026-07-16 08:03:25.547 9 WARNING neutron.scheduler.dhcp_agent_scheduler [None req-e41714ca-0acf-45eb-9f37-4ec7bb0a9147 881965f628fc492a80617ba362420736 e3050f5ff8a94a4f80cdce3f5675c223 - - default default] No more DHCP agents
2026-07-16 08:03:25.548 9 WARNING neutron.api.rpc.agentnotifiers.dhcp_rpc_agent_api [None req-e41714ca-0acf-45eb-9f37-4ec7bb0a9147 881965f628fc492a80617ba362420736 e3050f5ff8a94a4f80cdce3f5675c223 - - default default] Unable to schedule network 6e16d258-1d2c-4680-a86c-8427fc9e57e8: no agents available; will retry on subsequent port and subnet creation events.
2026-07-16 08:03:25.617 9 INFO neutron.db.ovn_revision_numbers_db [None req-e41714ca-0acf-45eb-9f37-4ec7bb0a9147 881965f628fc492a80617ba362420736 e3050f5ff8a94a4f80cdce3f5675c223 - - default default] Successfully bumped revision number for resource b215fe52-02a3-4296-aee6-a0cda4795609 (type: ports) to 1
2026-07-16 08:03:25.659 9 INFO neutron.api.wsgi [None req-e41714ca-0acf-45eb-9f37-4ec7bb0a9147 881965f628fc492a80617ba362420736 e3050f5ff8a94a4f80cdce3f5675c223 - - default default] 10.0.0.205 "POST /v2.0/networks HTTP/1.1" status: 201 len: 831 time: 0.4741158
2026-07-16 08:03:25.667 10 WARNING neutron_lib.context [None req-4c749ade-8f2e-4be2-bd1d-db74fd0ef8d3 881965f628fc492a80617ba362420736 e3050f5ff8a94a4f80cdce3f5675c223 - - default default] Method 'is_advsvc' is deprecated since 2023.2 release (neutron-lib 3.8.0) and will be removed once support for the old RBAC API policies will be removed from Neutron. Please use method 'is_service_role' instead.
2026-07-16 08:03:25.685 10 INFO neutron.api.wsgi [None req-02e93174-9521-4d23-b90c-2d95e9740629 b9ce937a6031456c94b46a52e5f6e3d0 1ccb513f25fc44f4bd438183ad6c0ea8 - - default default] 10.0.0.205 "DELETE /v2.0/security-groups/303f6fb9-d428-4e01-9b43-9b17da8d4463 HTTP/1.1" status: 204 len: 168 time: 0.2125137
2026-07-16 08:03:25.845 9 INFO neutron.db.ovn_revision_numbers_db [None req-33a28e5d-1a38-4b19-a9d6-cf69bf7df849 b9ce937a6031456c94b46a52e5f6e3d0 1ccb513f25fc44f4bd438183ad6c0ea8 - - default default] Successfully bumped revision number for resource 7cce57c2-7297-45fc-af04-5a05eaeb5596 (type: security_groups) to 1
2026-07-16 08:03:25.920 9 INFO neutron.db.ovn_revision_numbers_db [None req-33a28e5d-1a38-4b19-a9d6-cf69bf7df849 b9ce937a6031456c94b46a52e5f6e3d0 1ccb513f25fc44f4bd438183ad6c0ea8 - - default default] Successfully bumped revision number for resource 05a62040-4708-430b-8956-57b3e9db59de (type: security_group_rules) to 0
2026-07-16 08:03:25.958 9 INFO neutron.db.ovn_revision_numbers_db [None req-33a28e5d-1a38-4b19-a9d6-cf69bf7df849 b9ce937a6031456c94b46a52e5f6e3d0 1ccb513f25fc44f4bd438183ad6c0ea8 - - default default] Successfully bumped revision number for resource 117c66bc-31f7-4425-87eb-c02342d5782e (type: security_group_rules) to 0
2026-07-16 08:03:25.986 10 WARNING neutron.scheduler.dhcp_agent_scheduler [None req-4c749ade-8f2e-4be2-bd1d-db74fd0ef8d3 881965f628fc492a80617ba362420736 e3050f5ff8a94a4f80cdce3f5675c223 - - default default] No more DHCP agents
2026-07-16 08:03:25.987 10 WARNING neutron.api.rpc.agentnotifiers.dhcp_rpc_agent_api [None req-4c749ade-8f2e-4be2-bd1d-db74fd0ef8d3 881965f628fc492a80617ba362420736 e3050f5ff8a94a4f80cdce3f5675c223 - - default default] Unable to schedule network 6e16d258-1d2c-4680-a86c-8427fc9e57e8: no agents available; will retry on subsequent port and subnet creation events.
2026-07-16 08:03:26.012 9 INFO neutron.db.ovn_revision_numbers_db [None req-33a28e5d-1a38-4b19-a9d6-cf69bf7df849 b9ce937a6031456c94b46a52e5f6e3d0 1ccb513f25fc44f4bd438183ad6c0ea8 - - default default] Successfully bumped revision number for resource 185bd07e-c741-4015-afb4-8129d073d9ba (type: security_group_rules) to 0
2026-07-16 08:03:26.087 9 INFO neutron.db.ovn_revision_numbers_db [None req-33a28e5d-1a38-4b19-a9d6-cf69bf7df849 b9ce937a6031456c94b46a52e5f6e3d0 1ccb513f25fc44f4bd438183ad6c0ea8 - - default default] Successfully bumped revision number for resource 8d38eb7d-aaf6-40af-b552-c1f9a4d7de5f (type: security_group_rules) to 0
2026-07-16 08:03:26.152 9 INFO neutron.db.segments_db [None req-33a28e5d-1a38-4b19-a9d6-cf69bf7df849 b9ce937a6031456c94b46a52e5f6e3d0 1ccb513f25fc44f4bd438183ad6c0ea8 - - default default] Added segment eedbafe4-b8e9-4a0a-9a71-cb25e8fe71fd of type geneve for network d267897b-b429-4c7a-9d81-9f9cd157adc3
2026-07-16 08:03:26.251 9 INFO neutron.db.ovn_revision_numbers_db [None req-33a28e5d-1a38-4b19-a9d6-cf69bf7df849 b9ce937a6031456c94b46a52e5f6e3d0 1ccb513f25fc44f4bd438183ad6c0ea8 - - default default] Successfully bumped revision number for resource d267897b-b429-4c7a-9d81-9f9cd157adc3 (type: networks) to 1
2026-07-16 08:03:26.412 9 WARNING neutron.scheduler.dhcp_agent_scheduler [None req-33a28e5d-1a38-4b19-a9d6-cf69bf7df849 b9ce937a6031456c94b46a52e5f6e3d0 1ccb513f25fc44f4bd438183ad6c0ea8 - - default default] No more DHCP agents
2026-07-16 08:03:26.415 9 WARNING neutron.api.rpc.agentnotifiers.dhcp_rpc_agent_api [None req-33a28e5d-1a38-4b19-a9d6-cf69bf7df849 b9ce937a6031456c94b46a52e5f6e3d0 1ccb513f25fc44f4bd438183ad6c0ea8 - - default default] Unable to schedule network d267897b-b429-4c7a-9d81-9f9cd157adc3: no agents available; will retry on subsequent port and subnet creation events.
2026-07-16 08:03:26.452 10 INFO neutron.db.ovn_revision_numbers_db [None req-8933a4d3-0dc1-4859-8a06-f60120c853b9 - - - - - -] Successfully bumped revision number for resource b215fe52-02a3-4296-aee6-a0cda4795609 (type: ports) to 2
2026-07-16 08:03:26.467 9 INFO neutron.db.ovn_revision_numbers_db [None req-33a28e5d-1a38-4b19-a9d6-cf69bf7df849 b9ce937a6031456c94b46a52e5f6e3d0 1ccb513f25fc44f4bd438183ad6c0ea8 - - default default] Successfully bumped revision number for resource 84e77d16-0eb3-40df-ad2e-d2952aa26235 (type: ports) to 1
2026-07-16 08:03:26.485 9 INFO neutron.api.wsgi [None req-33a28e5d-1a38-4b19-a9d6-cf69bf7df849 b9ce937a6031456c94b46a52e5f6e3d0 1ccb513f25fc44f4bd438183ad6c0ea8 - - default default] 10.0.0.205 "POST /v2.0/networks HTTP/1.1" status: 201 len: 948 time: 1.0718861
2026-07-16 08:03:26.485 10 INFO neutron.db.ovn_revision_numbers_db [None req-8933a4d3-0dc1-4859-8a06-f60120c853b9 - - - - - -] Successfully bumped revision number for resource 818f5b56-b926-411c-9d07-3b6f7e8fed70 (type: subnets) to 0
2026-07-16 08:03:26.504 10 INFO neutron.api.wsgi [None req-4c749ade-8f2e-4be2-bd1d-db74fd0ef8d3 881965f628fc492a80617ba362420736 e3050f5ff8a94a4f80cdce3f5675c223 - - default default] 10.0.0.205 "POST /v2.0/subnets HTTP/1.1" status: 201 len: 828 time: 0.8415072
2026-07-16 08:03:26.512 9 WARNING neutron_lib.context [None req-adfa1828-1f83-4fb6-a100-8f98ac52f958 881965f628fc492a80617ba362420736 e3050f5ff8a94a4f80cdce3f5675c223 - - default default] Method 'is_advsvc' is deprecated since 2023.2 release (neutron-lib 3.8.0) and will be removed once support for the old RBAC API policies will be removed from Neutron. Please use method 'is_service_role' instead.
2026-07-16 08:03:26.608 9 INFO neutron.db.segments_db [None req-adfa1828-1f83-4fb6-a100-8f98ac52f958 881965f628fc492a80617ba362420736 e3050f5ff8a94a4f80cdce3f5675c223 - - default default] Added segment 01ef1b31-017e-420b-b947-2c4d21a8fa8f of type geneve for network 4d99131c-5dd4-4862-81b8-08f442736411
2026-07-16 08:03:26.683 9 WARNING neutron.scheduler.dhcp_agent_scheduler [None req-8e6cf365-99b7-4516-8363-7d98545a43b4 b9ce937a6031456c94b46a52e5f6e3d0 1ccb513f25fc44f4bd438183ad6c0ea8 - - default default] No more DHCP agents
2026-07-16 08:03:26.686 9 WARNING neutron.api.rpc.agentnotifiers.dhcp_rpc_agent_api [None req-8e6cf365-99b7-4516-8363-7d98545a43b4 b9ce937a6031456c94b46a52e5f6e3d0 1ccb513f25fc44f4bd438183ad6c0ea8 - - default default] Unable to schedule network d267897b-b429-4c7a-9d81-9f9cd157adc3: no agents available; will retry on subsequent port and subnet creation events.
2026-07-16 08:03:26.758 9 INFO neutron.db.ovn_revision_numbers_db [None req-adfa1828-1f83-4fb6-a100-8f98ac52f958 881965f628fc492a80617ba362420736 e3050f5ff8a94a4f80cdce3f5675c223 - - default default] Successfully bumped revision number for resource 4d99131c-5dd4-4862-81b8-08f442736411 (type: networks) to 1
2026-07-16 08:03:26.955 9 WARNING neutron.scheduler.dhcp_agent_scheduler [None req-adfa1828-1f83-4fb6-a100-8f98ac52f958 881965f628fc492a80617ba362420736 e3050f5ff8a94a4f80cdce3f5675c223 - - default default] No more DHCP agents
2026-07-16 08:03:26.957 9 WARNING neutron.api.rpc.agentnotifiers.dhcp_rpc_agent_api [None req-adfa1828-1f83-4fb6-a100-8f98ac52f958 881965f628fc492a80617ba362420736 e3050f5ff8a94a4f80cdce3f5675c223 - - default default] Unable to schedule network 4d99131c-5dd4-4862-81b8-08f442736411: no agents available; will retry on subsequent port and subnet creation events.
2026-07-16 08:03:27.021 9 INFO neutron.db.ovn_revision_numbers_db [None req-adfa1828-1f83-4fb6-a100-8f98ac52f958 881965f628fc492a80617ba362420736 e3050f5ff8a94a4f80cdce3f5675c223 - - default default] Successfully bumped revision number for resource bfa87734-e829-4b45-997e-0c8495557434 (type: ports) to 1
2026-07-16 08:03:27.040 9 INFO neutron.api.wsgi [None req-adfa1828-1f83-4fb6-a100-8f98ac52f958 881965f628fc492a80617ba362420736 e3050f5ff8a94a4f80cdce3f5675c223 - - default default] 10.0.0.205 "POST /v2.0/networks HTTP/1.1" status: 201 len: 831 time: 0.5319455
2026-07-16 08:03:27.054 10 WARNING neutron_lib.context [None req-73c34310-5e11-4f8a-961d-a1790110e3f7 881965f628fc492a80617ba362420736 e3050f5ff8a94a4f80cdce3f5675c223 - - default default] Method 'is_advsvc' is deprecated since 2023.2 release (neutron-lib 3.8.0) and will be removed once support for the old RBAC API policies will be removed from Neutron. Please use method 'is_service_role' instead.
2026-07-16 08:03:27.187 9 INFO neutron.db.ovn_revision_numbers_db [None req-5d488a92-27f2-4fb2-880a-2df75aae70ab - - - - - -] Successfully bumped revision number for resource 84e77d16-0eb3-40df-ad2e-d2952aa26235 (type: ports) to 2
2026-07-16 08:03:27.219 9 INFO neutron.db.ovn_revision_numbers_db [None req-5d488a92-27f2-4fb2-880a-2df75aae70ab - - - - - -] Successfully bumped revision number for resource 6e7e2126-29a6-4307-8020-31950f4b5e90 (type: subnets) to 0
2026-07-16 08:03:27.234 9 INFO neutron.api.wsgi [None req-8e6cf365-99b7-4516-8363-7d98545a43b4 b9ce937a6031456c94b46a52e5f6e3d0 1ccb513f25fc44f4bd438183ad6c0ea8 - - default default] 10.0.0.205 "POST /v2.0/subnets HTTP/1.1" status: 201 len: 892 time: 0.7446198
2026-07-16 08:03:27.253 10 WARNING neutron.scheduler.dhcp_agent_scheduler [None req-73c34310-5e11-4f8a-961d-a1790110e3f7 881965f628fc492a80617ba362420736 e3050f5ff8a94a4f80cdce3f5675c223 - - default default] No more DHCP agents
2026-07-16 08:03:27.255 10 WARNING neutron.api.rpc.agentnotifiers.dhcp_rpc_agent_api [None req-73c34310-5e11-4f8a-961d-a1790110e3f7 881965f628fc492a80617ba362420736 e3050f5ff8a94a4f80cdce3f5675c223 - - default default] Unable to schedule network 4d99131c-5dd4-4862-81b8-08f442736411: no agents available; will retry on subsequent port and subnet creation events.
2026-07-16 08:03:27.970 10 WARNING neutron.scheduler.dhcp_agent_scheduler [None req-8a361e74-cf50-4af8-9b38-91b533c6dbdf b9ce937a6031456c94b46a52e5f6e3d0 1ccb513f25fc44f4bd438183ad6c0ea8 - - default default] No more DHCP agents
2026-07-16 08:03:27.978 10 WARNING neutron.api.rpc.agentnotifiers.dhcp_rpc_agent_api [None req-8a361e74-cf50-4af8-9b38-91b533c6dbdf b9ce937a6031456c94b46a52e5f6e3d0 1ccb513f25fc44f4bd438183ad6c0ea8 - - default default] Unable to schedule network 420e998d-ec99-4f47-a94b-9f1db35f8f08: no agents available; will retry on subsequent port and subnet creation events.
2026-07-16 08:03:28.082 10 INFO neutron.db.ovn_revision_numbers_db [None req-a2c0a62f-d2c9-4c31-8b97-b6ad35996cd7 - - - - - -] Successfully bumped revision number for resource bfa87734-e829-4b45-997e-0c8495557434 (type: ports) to 2
2026-07-16 08:03:28.111 10 INFO neutron.db.ovn_revision_numbers_db [None req-8a361e74-cf50-4af8-9b38-91b533c6dbdf b9ce937a6031456c94b46a52e5f6e3d0 1ccb513f25fc44f4bd438183ad6c0ea8 - - default default] Successfully bumped revision number for resource 68429daa-33bd-4ea6-af53-33e4e053012c (type: ports) to 1
2026-07-16 08:03:28.117 10 INFO neutron.db.ovn_revision_numbers_db [None req-a2c0a62f-d2c9-4c31-8b97-b6ad35996cd7 - - - - - -] Successfully bumped revision number for resource 8039e34d-bb3c-4d11-b543-325487e82b22 (type: subnets) to 0
2026-07-16 08:03:28.137 10 INFO neutron.api.wsgi [None req-73c34310-5e11-4f8a-961d-a1790110e3f7 881965f628fc492a80617ba362420736 e3050f5ff8a94a4f80cdce3f5675c223 - - default default] 10.0.0.205 "POST /v2.0/subnets HTTP/1.1" status: 201 len: 828 time: 1.0908711
2026-07-16 08:03:28.194 9 INFO neutron.api.wsgi [None req-560b05d4-ea83-4599-84f5-050ae51ad71e 881965f628fc492a80617ba362420736 e3050f5ff8a94a4f80cdce3f5675c223 - - default default] 10.0.0.205 "PUT /v2.0/subnets/fbbc39b0-bc7b-4583-87b0-a74c7fe73dda/tags HTTP/1.1" status: 200 len: 210 time: 0.0504782
2026-07-16 08:03:28.240 9 INFO neutron.api.wsgi [None req-7672fdce-be85-4ed2-9106-ad15bac84b96 881965f628fc492a80617ba362420736 e3050f5ff8a94a4f80cdce3f5675c223 - - default default] 10.0.0.205 "PUT /v2.0/subnets/019d0425-3cd3-4a4f-afe0-f021b2d8c368/tags HTTP/1.1" status: 200 len: 218 time: 0.0423310
2026-07-16 08:03:28.277 9 INFO neutron.api.wsgi [None req-bbb5a867-00d7-4607-b73a-a060064d257c 881965f628fc492a80617ba362420736 e3050f5ff8a94a4f80cdce3f5675c223 - - default default] 10.0.0.205 "PUT /v2.0/subnets/3a4c2c04-3218-4c69-b42e-bb39960162fc/tags HTTP/1.1" status: 200 len: 227 time: 0.0325265
2026-07-16 08:03:28.322 9 INFO neutron.api.wsgi [None req-8612b1b1-f464-463f-9616-d3f5fc924475 881965f628fc492a80617ba362420736 e3050f5ff8a94a4f80cdce3f5675c223 - - default default] 10.0.0.205 "PUT /v2.0/subnets/818f5b56-b926-411c-9d07-3b6f7e8fed70/tags HTTP/1.1" status: 200 len: 212 time: 0.0404491
2026-07-16 08:03:28.374 9 INFO neutron.api.wsgi [None req-89d0c3c0-789d-45f0-980f-1fb1eb3099a1 881965f628fc492a80617ba362420736 e3050f5ff8a94a4f80cdce3f5675c223 - - default default] 10.0.0.205 "GET /v2.0/subnets?tags=red HTTP/1.1" status: 200 len: 2099 time: 0.0462964
2026-07-16 08:03:28.425 10 INFO neutron.api.wsgi [None req-a3603f3f-628f-44ad-9ccd-e267b1fb60dc 881965f628fc492a80617ba362420736 e3050f5ff8a94a4f80cdce3f5675c223 - - default default] 10.0.0.205 "GET /v2.0/subnets?tags=red%2Cblue HTTP/1.1" status: 200 len: 1478 time: 0.0463257
2026-07-16 08:03:28.466 10 INFO neutron.api.wsgi [None req-9123288c-fad4-4302-bd2a-97924d748b87 881965f628fc492a80617ba362420736 e3050f5ff8a94a4f80cdce3f5675c223 - - default default] 10.0.0.205 "GET /v2.0/subnets?tags-any=blue HTTP/1.1" status: 200 len: 1478 time: 0.0376732
2026-07-16 08:03:28.500 10 INFO neutron.api.wsgi [None req-7db82351-e6e2-4f66-8b41-a1dc79508a8b 881965f628fc492a80617ba362420736 e3050f5ff8a94a4f80cdce3f5675c223 - - default default] 10.0.0.205 "GET /v2.0/subnets?tags-any=red%2Cblue HTTP/1.1" status: 200 len: 2099 time: 0.0292892
2026-07-16 08:03:28.546 10 INFO neutron.api.wsgi [None req-cb1fa9fe-f9e4-4a21-89f5-b7c5d8779be5 881965f628fc492a80617ba362420736 e3050f5ff8a94a4f80cdce3f5675c223 - - default default] 10.0.0.205 "GET /v2.0/subnets?not-tags=red HTTP/1.1" status: 200 len: 2089 time: 0.0421858
2026-07-16 08:03:28.600 9 INFO neutron.api.wsgi [None req-2afa240a-6be0-4977-b185-cf00528b8c31 881965f628fc492a80617ba362420736 e3050f5ff8a94a4f80cdce3f5675c223 - - default default] 10.0.0.205 "GET /v2.0/subnets?not-tags=red%2Cblue HTTP/1.1" status: 200 len: 2710 time: 0.0463941
2026-07-16 08:03:28.662 9 INFO neutron.api.wsgi [None req-741f044e-d2dd-4451-987d-0be050b58f67 881965f628fc492a80617ba362420736 e3050f5ff8a94a4f80cdce3f5675c223 - - default default] 10.0.0.205 "GET /v2.0/subnets?not-tags-any=blue HTTP/1.1" status: 200 len: 2710 time: 0.0577998
2026-07-16 08:03:28.699 9 INFO neutron.api.wsgi [None req-73a60919-506b-4ed9-9562-8dbfb27ad2d9 881965f628fc492a80617ba362420736 e3050f5ff8a94a4f80cdce3f5675c223 - - default default] 10.0.0.205 "GET /v2.0/subnets?not-tags-any=red%2Cblue HTTP/1.1" status: 200 len: 2089 time: 0.0311499
2026-07-16 08:03:28.736 10 INFO neutron.plugins.ml2.drivers.ovn.mech_driver.ovsdb.commands [None req-4a2796f7-43ea-4b9f-99c4-0c7057cf0ab8 - - - - - -] Schedule LRP lrp-68429daa-33bd-4ea6-af53-33e4e053012c on gateway 4e1a191b-b295-4351-bdb7-e8b8e97723eb with priority 1
2026-07-16 08:03:28.746 9 INFO neutron.plugins.ml2.drivers.ovn.mech_driver.mech_driver [None req-78897705-3e21-4ba3-aac1-d0d33c3b78f6 - - - - - -] OVN reports status up for port: 68429daa-33bd-4ea6-af53-33e4e053012c
2026-07-16 08:03:28.758 9 INFO neutron.plugins.ml2.plugin [None req-78897705-3e21-4ba3-aac1-d0d33c3b78f6 - - - - - -] Attempt 1 to provision port 68429daa-33bd-4ea6-af53-33e4e053012c
2026-07-16 08:03:28.760 9 INFO neutron.plugins.ml2.drivers.ovn.mech_driver.ovsdb.ovsdb_monitor [None req-58680010-b398-40e6-9000-ad28b6b12841 - - - - - -] Router 4d999612-6232-466c-8c7d-5c802ed15915 is bound to host instance
2026-07-16 08:03:28.772 10 INFO neutron.db.ovn_revision_numbers_db [None req-8a361e74-cf50-4af8-9b38-91b533c6dbdf b9ce937a6031456c94b46a52e5f6e3d0 1ccb513f25fc44f4bd438183ad6c0ea8 - - default default] Successfully bumped revision number for resource 68429daa-33bd-4ea6-af53-33e4e053012c (type: router_ports) to 1
2026-07-16 08:03:28.805 10 WARNING neutron_lib.context [None req-bc623c36-dafd-438e-b8d2-fc11603fa422 367e2159acda4e419429295f4f7791d4 4742fdc28fa848349ed17eb04b36d36f - - default default] Method 'is_advsvc' is deprecated since 2023.2 release (neutron-lib 3.8.0) and will be removed once support for the old RBAC API policies will be removed from Neutron. Please use method 'is_service_role' instead.
2026-07-16 08:03:28.840 10 INFO neutron.db.ovn_revision_numbers_db [None req-8a361e74-cf50-4af8-9b38-91b533c6dbdf b9ce937a6031456c94b46a52e5f6e3d0 1ccb513f25fc44f4bd438183ad6c0ea8 - - default default] Successfully bumped revision number for resource 4d999612-6232-466c-8c7d-5c802ed15915 (type: routers) to 2
2026-07-16 08:03:28.855 10 INFO neutron.api.wsgi [None req-8a361e74-cf50-4af8-9b38-91b533c6dbdf b9ce937a6031456c94b46a52e5f6e3d0 1ccb513f25fc44f4bd438183ad6c0ea8 - - default default] 10.0.0.205 "POST /v2.0/routers HTTP/1.1" status: 201 len: 1170 time: 1.6159477
2026-07-16 08:03:28.909 9 INFO neutron.api.wsgi [None req-d5de420b-ebf9-4069-bd39-a0fdd9d8b652 881965f628fc492a80617ba362420736 e3050f5ff8a94a4f80cdce3f5675c223 - - default default] 10.0.0.205 "DELETE /v2.0/subnets/fbbc39b0-bc7b-4583-87b0-a74c7fe73dda HTTP/1.1" status: 204 len: 168 time: 0.2023492
2026-07-16 08:03:28.927 10 INFO neutron.db.ovn_revision_numbers_db [None req-bc623c36-dafd-438e-b8d2-fc11603fa422 367e2159acda4e419429295f4f7791d4 4742fdc28fa848349ed17eb04b36d36f - - default default] Successfully bumped revision number for resource f2146756-475d-40e4-95f5-7c23eb21a100 (type: security_groups) to 1
2026-07-16 08:03:28.940 10 INFO neutron.db.ovn_revision_numbers_db [None req-bc623c36-dafd-438e-b8d2-fc11603fa422 367e2159acda4e419429295f4f7791d4 4742fdc28fa848349ed17eb04b36d36f - - default default] Successfully bumped revision number for resource 4edfcb8c-e69a-4915-b3da-9f7aef592d8a (type: security_group_rules) to 0
2026-07-16 08:03:28.954 10 INFO neutron.db.ovn_revision_numbers_db [None req-bc623c36-dafd-438e-b8d2-fc11603fa422 367e2159acda4e419429295f4f7791d4 4742fdc28fa848349ed17eb04b36d36f - - default default] Successfully bumped revision number for resource 5610f406-6b8e-490d-8d11-9a47f177b99a (type: security_group_rules) to 0
2026-07-16 08:03:28.967 10 INFO neutron.db.ovn_revision_numbers_db [None req-bc623c36-dafd-438e-b8d2-fc11603fa422 367e2159acda4e419429295f4f7791d4 4742fdc28fa848349ed17eb04b36d36f - - default default] Successfully bumped revision number for resource 78e7514f-4e48-4530-944d-b08c2504a2a6 (type: security_group_rules) to 0
2026-07-16 08:03:28.980 10 INFO neutron.db.ovn_revision_numbers_db [None req-bc623c36-dafd-438e-b8d2-fc11603fa422 367e2159acda4e419429295f4f7791d4 4742fdc28fa848349ed17eb04b36d36f - - default default] Successfully bumped revision number for resource 8733c100-0950-4316-8a82-eb8e015502f3 (type: security_group_rules) to 0
2026-07-16 08:03:29.081 10 INFO neutron.db.ovn_revision_numbers_db [None req-bc623c36-dafd-438e-b8d2-fc11603fa422 367e2159acda4e419429295f4f7791d4 4742fdc28fa848349ed17eb04b36d36f - - default default] Successfully bumped revision number for resource 42d9adc2-82af-4fd4-84b0-1b0c6530d47a (type: security_groups) to 1
2026-07-16 08:03:29.094 10 INFO neutron.db.ovn_revision_numbers_db [None req-bc623c36-dafd-438e-b8d2-fc11603fa422 367e2159acda4e419429295f4f7791d4 4742fdc28fa848349ed17eb04b36d36f - - default default] Successfully bumped revision number for resource 465f4c58-9ca4-4b8d-9f75-2afd84c61fda (type: security_group_rules) to 0
2026-07-16 08:03:29.108 10 INFO neutron.db.ovn_revision_numbers_db [None req-bc623c36-dafd-438e-b8d2-fc11603fa422 367e2159acda4e419429295f4f7791d4 4742fdc28fa848349ed17eb04b36d36f - - default default] Successfully bumped revision number for resource a3338423-4f6d-44a4-af3d-fb432341c959 (type: security_group_rules) to 0
2026-07-16 08:03:29.133 9 INFO neutron.api.wsgi [None req-005e8034-754b-4cbd-b957-6b886b040924 881965f628fc492a80617ba362420736 e3050f5ff8a94a4f80cdce3f5675c223 - - default default] 10.0.0.205 "DELETE /v2.0/subnets/019d0425-3cd3-4a4f-afe0-f021b2d8c368 HTTP/1.1" status: 204 len: 168 time: 0.2183645
2026-07-16 08:03:29.141 10 INFO neutron.api.wsgi [None req-bc623c36-dafd-438e-b8d2-fc11603fa422 367e2159acda4e419429295f4f7791d4 4742fdc28fa848349ed17eb04b36d36f - - default default] 10.0.0.205 "POST /v2.0/security-groups HTTP/1.1" status: 201 len: 1801 time: 0.5252612
2026-07-16 08:03:29.149 10 WARNING neutron_lib.context [None req-cb593c7d-9b94-44a5-9c07-7758b678688e 367e2159acda4e419429295f4f7791d4 4742fdc28fa848349ed17eb04b36d36f - - default default] Method 'is_advsvc' is deprecated since 2023.2 release (neutron-lib 3.8.0) and will be removed once support for the old RBAC API policies will be removed from Neutron. Please use method 'is_service_role' instead.
2026-07-16 08:03:29.258 10 INFO neutron.db.ovn_revision_numbers_db [None req-cb593c7d-9b94-44a5-9c07-7758b678688e 367e2159acda4e419429295f4f7791d4 4742fdc28fa848349ed17eb04b36d36f - - default default] Successfully bumped revision number for resource a6e49da0-0933-4cc2-886f-89bf7336f2d0 (type: security_groups) to 1
2026-07-16 08:03:29.269 10 INFO neutron.db.ovn_revision_numbers_db [None req-cb593c7d-9b94-44a5-9c07-7758b678688e 367e2159acda4e419429295f4f7791d4 4742fdc28fa848349ed17eb04b36d36f - - default default] Successfully bumped revision number for resource df19e661-a99d-4d09-bc8e-acc43c612166 (type: security_group_rules) to 0
2026-07-16 08:03:29.281 10 INFO neutron.db.ovn_revision_numbers_db [None req-cb593c7d-9b94-44a5-9c07-7758b678688e 367e2159acda4e419429295f4f7791d4 4742fdc28fa848349ed17eb04b36d36f - - default default] Successfully bumped revision number for resource f668509a-b312-48b3-b40e-59f9052336d5 (type: security_group_rules) to 0
2026-07-16 08:03:29.316 10 INFO neutron.api.wsgi [None req-cb593c7d-9b94-44a5-9c07-7758b678688e 367e2159acda4e419429295f4f7791d4 4742fdc28fa848349ed17eb04b36d36f - - default default] 10.0.0.205 "POST /v2.0/security-groups HTTP/1.1" status: 201 len: 1801 time: 0.1700253
2026-07-16 08:03:29.329 10 WARNING neutron_lib.context [None req-a9857c2a-d094-4420-beaf-5475a8bc3946 367e2159acda4e419429295f4f7791d4 4742fdc28fa848349ed17eb04b36d36f - - default default] Method 'is_advsvc' is deprecated since 2023.2 release (neutron-lib 3.8.0) and will be removed once support for the old RBAC API policies will be removed from Neutron. Please use method 'is_service_role' instead.
2026-07-16 08:03:29.364 9 INFO neutron.db.ovn_revision_numbers_db [None req-160ed235-42b2-4156-8e47-ade57c9c5566 - - - - - -] Successfully bumped revision number for resource 68429daa-33bd-4ea6-af53-33e4e053012c (type: ports) to 1
2026-07-16 08:03:29.385 9 INFO neutron.api.wsgi [None req-d3f56933-b801-4b3b-863e-06239ddfadb3 881965f628fc492a80617ba362420736 e3050f5ff8a94a4f80cdce3f5675c223 - - default default] 10.0.0.205 "DELETE /v2.0/subnets/3a4c2c04-3218-4c69-b42e-bb39960162fc HTTP/1.1" status: 204 len: 168 time: 0.2427015
2026-07-16 08:03:29.421 9 WARNING neutron.scheduler.dhcp_agent_scheduler [None req-052b65bd-dd99-4d1a-8779-8ee0e1f4f102 b9ce937a6031456c94b46a52e5f6e3d0 1ccb513f25fc44f4bd438183ad6c0ea8 - - default default] No more DHCP agents
2026-07-16 08:03:29.423 9 WARNING neutron.api.rpc.agentnotifiers.dhcp_rpc_agent_api [None req-052b65bd-dd99-4d1a-8779-8ee0e1f4f102 b9ce937a6031456c94b46a52e5f6e3d0 1ccb513f25fc44f4bd438183ad6c0ea8 - - default default] Unable to schedule network d267897b-b429-4c7a-9d81-9f9cd157adc3: no agents available; will retry on subsequent port and subnet creation events.
2026-07-16 08:03:29.460 10 INFO neutron.db.ovn_revision_numbers_db [None req-a9857c2a-d094-4420-beaf-5475a8bc3946 367e2159acda4e419429295f4f7791d4 4742fdc28fa848349ed17eb04b36d36f - - default default] Successfully bumped revision number for resource 4796e724-f840-4921-9459-12fc40fdf927 (type: security_groups) to 1
2026-07-16 08:03:29.476 10 INFO neutron.db.ovn_revision_numbers_db [None req-a9857c2a-d094-4420-beaf-5475a8bc3946 367e2159acda4e419429295f4f7791d4 4742fdc28fa848349ed17eb04b36d36f - - default default] Successfully bumped revision number for resource 3bb4e2ac-2202-4e62-aa35-89e9ac2963a7 (type: security_group_rules) to 0
2026-07-16 08:03:29.491 10 INFO neutron.db.ovn_revision_numbers_db [None req-a9857c2a-d094-4420-beaf-5475a8bc3946 367e2159acda4e419429295f4f7791d4 4742fdc28fa848349ed17eb04b36d36f - - default default] Successfully bumped revision number for resource 66e81b0d-8209-4fcb-928f-8f713bff7170 (type: security_group_rules) to 0
2026-07-16 08:03:29.531 10 INFO neutron.api.wsgi [None req-a9857c2a-d094-4420-beaf-5475a8bc3946 367e2159acda4e419429295f4f7791d4 4742fdc28fa848349ed17eb04b36d36f - - default default] 10.0.0.205 "POST /v2.0/security-groups HTTP/1.1" status: 201 len: 1801 time: 0.2081327
2026-07-16 08:03:29.542 9 WARNING neutron_lib.context [None req-d911c062-003c-44b1-9a36-2fdaec3b93a8 367e2159acda4e419429295f4f7791d4 4742fdc28fa848349ed17eb04b36d36f - - default default] Method 'is_advsvc' is deprecated since 2023.2 release (neutron-lib 3.8.0) and will be removed once support for the old RBAC API policies will be removed from Neutron. Please use method 'is_service_role' instead.
2026-07-16 08:03:29.560 9 INFO neutron.db.ovn_revision_numbers_db [None req-052b65bd-dd99-4d1a-8779-8ee0e1f4f102 b9ce937a6031456c94b46a52e5f6e3d0 1ccb513f25fc44f4bd438183ad6c0ea8 - - default default] Successfully bumped revision number for resource 3e57f7c6-9b09-4e84-9f76-f545e42a3e78 (type: ports) to 1
2026-07-16 08:03:29.575 10 INFO neutron.api.wsgi [None req-2b3cecd1-c021-462a-aace-ab6c2f580eaf 881965f628fc492a80617ba362420736 e3050f5ff8a94a4f80cdce3f5675c223 - - default default] 10.0.0.205 "DELETE /v2.0/subnets/818f5b56-b926-411c-9d07-3b6f7e8fed70 HTTP/1.1" status: 204 len: 168 time: 0.1836283
2026-07-16 08:03:29.650 10 INFO neutron.db.ovn_revision_numbers_db [None req-a75a06a0-68a1-456d-9e88-3a433a871e6b b9ce937a6031456c94b46a52e5f6e3d0 1ccb513f25fc44f4bd438183ad6c0ea8 - - default default] Successfully bumped revision number for resource 80aebd67-7b25-4dfe-a416-f3aa5a372229 (type: security_groups) to 1
2026-07-16 08:03:29.664 10 INFO neutron.db.ovn_revision_numbers_db [None req-a75a06a0-68a1-456d-9e88-3a433a871e6b b9ce937a6031456c94b46a52e5f6e3d0 1ccb513f25fc44f4bd438183ad6c0ea8 - - default default] Successfully bumped revision number for resource 06386781-a1e2-4223-92f5-205d01cc6a19 (type: security_group_rules) to 0
2026-07-16 08:03:29.684 10 INFO neutron.db.ovn_revision_numbers_db [None req-a75a06a0-68a1-456d-9e88-3a433a871e6b b9ce937a6031456c94b46a52e5f6e3d0 1ccb513f25fc44f4bd438183ad6c0ea8 - - default default] Successfully bumped revision number for resource 88f16599-6c31-47de-99d6-6a7fe44820d3 (type: security_group_rules) to 0
2026-07-16 08:03:29.704 10 INFO neutron.db.ovn_revision_numbers_db [None req-a75a06a0-68a1-456d-9e88-3a433a871e6b b9ce937a6031456c94b46a52e5f6e3d0 1ccb513f25fc44f4bd438183ad6c0ea8 - - default default] Successfully bumped revision number for resource 9386d7f9-ba1a-4974-a56b-d46b1e40a721 (type: security_group_rules) to 0
2026-07-16 08:03:29.720 10 INFO neutron.db.ovn_revision_numbers_db [None req-a75a06a0-68a1-456d-9e88-3a433a871e6b b9ce937a6031456c94b46a52e5f6e3d0 1ccb513f25fc44f4bd438183ad6c0ea8 - - default default] Successfully bumped revision number for resource f4c8fb4a-84f8-443a-8c9c-e5c906aadee8 (type: security_group_rules) to 0
2026-07-16 08:03:29.732 9 INFO neutron.db.ovn_revision_numbers_db [None req-d911c062-003c-44b1-9a36-2fdaec3b93a8 367e2159acda4e419429295f4f7791d4 4742fdc28fa848349ed17eb04b36d36f - - default default] Successfully bumped revision number for resource 87138b7a-ee4b-4cbe-87fb-4bd8b4612ed3 (type: security_groups) to 1
2026-07-16 08:03:29.758 10 INFO neutron.api.wsgi [None req-a75a06a0-68a1-456d-9e88-3a433a871e6b b9ce937a6031456c94b46a52e5f6e3d0 1ccb513f25fc44f4bd438183ad6c0ea8 - - default default] 10.0.0.205 "GET /v2.0/security-groups?tenant_id=1b86b39d5deb44aa94081a126feea90f&name=default HTTP/1.1" status: 200 len: 3120 time: 0.3507264
2026-07-16 08:03:29.766 9 INFO neutron.db.ovn_revision_numbers_db [None req-d911c062-003c-44b1-9a36-2fdaec3b93a8 367e2159acda4e419429295f4f7791d4 4742fdc28fa848349ed17eb04b36d36f - - default default] Successfully bumped revision number for resource 94bc448a-97fc-4eff-8c2b-ec87f1504841 (type: security_group_rules) to 0
2026-07-16 08:03:29.787 10 INFO neutron.api.wsgi [None req-6e16d70d-99a7-41d0-87fc-c623e121545c 881965f628fc492a80617ba362420736 e3050f5ff8a94a4f80cdce3f5675c223 - - default default] 10.0.0.205 "DELETE /v2.0/subnets/8039e34d-bb3c-4d11-b543-325487e82b22 HTTP/1.1" status: 204 len: 168 time: 0.2076163
2026-07-16 08:03:29.789 9 INFO neutron.db.ovn_revision_numbers_db [None req-d911c062-003c-44b1-9a36-2fdaec3b93a8 367e2159acda4e419429295f4f7791d4 4742fdc28fa848349ed17eb04b36d36f - - default default] Successfully bumped revision number for resource d4d5e3e8-f88f-4c31-9a9b-4f1b6010e5ab (type: security_group_rules) to 0
2026-07-16 08:03:29.819 9 INFO neutron.db.ovn_revision_numbers_db [None req-160ed235-42b2-4156-8e47-ade57c9c5566 - - - - - -] Successfully bumped revision number for resource 68429daa-33bd-4ea6-af53-33e4e053012c (type: ports) to 4
2026-07-16 08:03:29.860 9 INFO neutron.api.wsgi [None req-d911c062-003c-44b1-9a36-2fdaec3b93a8 367e2159acda4e419429295f4f7791d4 4742fdc28fa848349ed17eb04b36d36f - - default default] 10.0.0.205 "POST /v2.0/security-groups HTTP/1.1" status: 201 len: 1801 time: 0.3227870
2026-07-16 08:03:29.870 9 WARNING neutron_lib.context [None req-bbf4dfdd-7433-4231-80d4-559906d8bc7b 367e2159acda4e419429295f4f7791d4 4742fdc28fa848349ed17eb04b36d36f - - default default] Method 'is_advsvc' is deprecated since 2023.2 release (neutron-lib 3.8.0) and will be removed once support for the old RBAC API policies will be removed from Neutron. Please use method 'is_service_role' instead.
2026-07-16 08:03:30.090 10 INFO neutron.services.segments.plugin [-] Segment a4b48af6-09b2-471b-9157-6277fbe86ff4 resource provider aggregate not found
2026-07-16 08:03:30.093 10 INFO neutron.services.segments.plugin [-] Segment a4b48af6-09b2-471b-9157-6277fbe86ff4 resource provider aggregate not found
2026-07-16 08:03:30.102 9 INFO neutron.db.ovn_revision_numbers_db [None req-bbf4dfdd-7433-4231-80d4-559906d8bc7b 367e2159acda4e419429295f4f7791d4 4742fdc28fa848349ed17eb04b36d36f - - default default] Successfully bumped revision number for resource c59cc98c-f508-4471-a609-230383ff4f9e (type: security_groups) to 1
2026-07-16 08:03:30.104 10 INFO neutron.services.segments.plugin [-] Segment a4b48af6-09b2-471b-9157-6277fbe86ff4 resource provider not found; error: Placement Client Error (4xx): {"errors": [{"status": 404, "title": "Not Found", "detail": "The resource could not be found.\n\n No resource provider with uuid a4b48af6-09b2-471b-9157-6277fbe86ff4 found for delete ", "request_id": "req-68ee78f8-6882-4442-ab17-e6dcb5960be0"}]}
2026-07-16 08:03:30.104 10 INFO neutron.services.segments.plugin [-] Segment a4b48af6-09b2-471b-9157-6277fbe86ff4 resource provider not found; error: Placement Client Error (4xx): {"errors": [{"status": 404, "title": "Not Found", "detail": "The resource could not be found.\n\n No resource provider with uuid a4b48af6-09b2-471b-9157-6277fbe86ff4 found for delete ", "request_id": "req-1968f93a-2997-4414-b84a-afd616f6c760"}]}
2026-07-16 08:03:30.126 10 INFO neutron.api.wsgi [None req-32abf181-3afa-4919-9df7-1fb7d09ea47b 881965f628fc492a80617ba362420736 e3050f5ff8a94a4f80cdce3f5675c223 - - default default] 10.0.0.205 "DELETE /v2.0/networks/aa4ab7af-adf0-4536-a473-d405fb28650c HTTP/1.1" status: 204 len: 168 time: 0.3344572
2026-07-16 08:03:30.128 9 INFO neutron.db.ovn_revision_numbers_db [None req-bbf4dfdd-7433-4231-80d4-559906d8bc7b 367e2159acda4e419429295f4f7791d4 4742fdc28fa848349ed17eb04b36d36f - - default default] Successfully bumped revision number for resource 9746b113-2acf-48f9-b62d-60d1a3480b2c (type: security_group_rules) to 0
2026-07-16 08:03:30.153 9 INFO neutron.db.ovn_revision_numbers_db [None req-bbf4dfdd-7433-4231-80d4-559906d8bc7b 367e2159acda4e419429295f4f7791d4 4742fdc28fa848349ed17eb04b36d36f - - default default] Successfully bumped revision number for resource ae4831b2-d7b2-41e3-890b-c18649b540fb (type: security_group_rules) to 0
2026-07-16 08:03:30.183 9 INFO neutron.api.wsgi [None req-9e480d6d-5b44-4770-9dd4-2af30b46ccac b9ce937a6031456c94b46a52e5f6e3d0 1ccb513f25fc44f4bd438183ad6c0ea8 - - default default] 10.0.0.205 "DELETE /v2.0/security-groups/80aebd67-7b25-4dfe-a416-f3aa5a372229 HTTP/1.1" status: 204 len: 168 time: 0.4217432
2026-07-16 08:03:30.204 9 INFO neutron.api.wsgi [None req-bbf4dfdd-7433-4231-80d4-559906d8bc7b 367e2159acda4e419429295f4f7791d4 4742fdc28fa848349ed17eb04b36d36f - - default default] 10.0.0.205 "POST /v2.0/security-groups HTTP/1.1" status: 201 len: 1801 time: 0.3378928
2026-07-16 08:03:30.262 9 INFO neutron.api.wsgi [None req-599a6379-da44-4b06-b3b6-3459ae8d1185 367e2159acda4e419429295f4f7791d4 4742fdc28fa848349ed17eb04b36d36f - - default default] 10.0.0.205 "PUT /v2.0/security-groups/42d9adc2-82af-4fd4-84b0-1b0c6530d47a/tags HTTP/1.1" status: 200 len: 210 time: 0.0518043
2026-07-16 08:03:30.313 9 INFO neutron.db.ovn_revision_numbers_db [None req-160ed235-42b2-4156-8e47-ade57c9c5566 - - - - - -] Successfully bumped revision number for resource 68429daa-33bd-4ea6-af53-33e4e053012c (type: ports) to 5
2026-07-16 08:03:30.320 10 INFO neutron.api.wsgi [None req-ab022956-721c-4412-907b-fba8bb8f8166 367e2159acda4e419429295f4f7791d4 4742fdc28fa848349ed17eb04b36d36f - - default default] 10.0.0.205 "PUT /v2.0/security-groups/a6e49da0-0933-4cc2-886f-89bf7336f2d0/tags HTTP/1.1" status: 200 len: 218 time: 0.0442510
2026-07-16 08:03:30.369 9 INFO neutron.api.wsgi [None req-28438a41-46d6-4808-8bbf-e5d9120aaa0b 367e2159acda4e419429295f4f7791d4 4742fdc28fa848349ed17eb04b36d36f - - default default] 10.0.0.205 "PUT /v2.0/security-groups/4796e724-f840-4921-9459-12fc40fdf927/tags HTTP/1.1" status: 200 len: 227 time: 0.0444179
2026-07-16 08:03:30.396 9 INFO neutron.db.ovn_revision_numbers_db [None req-052b65bd-dd99-4d1a-8779-8ee0e1f4f102 b9ce937a6031456c94b46a52e5f6e3d0 1ccb513f25fc44f4bd438183ad6c0ea8 - - default default] Successfully bumped revision number for resource 3e57f7c6-9b09-4e84-9f76-f545e42a3e78 (type: ports) to 1
2026-07-16 08:03:30.408 10 INFO neutron.db.ovn_revision_numbers_db [None req-75c570a7-e86d-479a-a9df-76781607455d b9ce937a6031456c94b46a52e5f6e3d0 1ccb513f25fc44f4bd438183ad6c0ea8 - - default default] Successfully bumped revision number for resource 5c5a8394-962c-4d0c-836e-6c655816f10f (type: security_groups) to 1
2026-07-16 08:03:30.413 10 INFO neutron.api.wsgi [None req-644c4743-f1f6-4468-836b-e3b929080b16 367e2159acda4e419429295f4f7791d4 4742fdc28fa848349ed17eb04b36d36f - - default default] 10.0.0.205 "PUT /v2.0/security-groups/87138b7a-ee4b-4cbe-87fb-4bd8b4612ed3/tags HTTP/1.1" status: 200 len: 212 time: 0.0385466
2026-07-16 08:03:30.425 10 INFO neutron.db.ovn_revision_numbers_db [None req-75c570a7-e86d-479a-a9df-76781607455d b9ce937a6031456c94b46a52e5f6e3d0 1ccb513f25fc44f4bd438183ad6c0ea8 - - default default] Successfully bumped revision number for resource 0e3ecbc3-04b9-4e35-aedd-9ac16e1910d9 (type: security_group_rules) to 0
2026-07-16 08:03:30.440 10 INFO neutron.db.ovn_revision_numbers_db [None req-75c570a7-e86d-479a-a9df-76781607455d b9ce937a6031456c94b46a52e5f6e3d0 1ccb513f25fc44f4bd438183ad6c0ea8 - - default default] Successfully bumped revision number for resource 0fae232a-c019-46fc-b750-ab12d9bd3250 (type: security_group_rules) to 0
2026-07-16 08:03:30.455 10 INFO neutron.db.ovn_revision_numbers_db [None req-75c570a7-e86d-479a-a9df-76781607455d b9ce937a6031456c94b46a52e5f6e3d0 1ccb513f25fc44f4bd438183ad6c0ea8 - - default default] Successfully bumped revision number for resource 15656d28-4a01-45a9-bc33-460d3b0e282d (type: security_group_rules) to 0
2026-07-16 08:03:30.455 9 INFO neutron.api.wsgi [None req-027eff0a-91e6-41f1-b220-987120b832ac 367e2159acda4e419429295f4f7791d4 4742fdc28fa848349ed17eb04b36d36f - - default default] 10.0.0.205 "GET /v2.0/security-groups?tags=red HTTP/1.1" status: 200 len: 4999 time: 0.0366366
2026-07-16 08:03:30.459 9 WARNING neutron.scheduler.dhcp_agent_scheduler [None req-052b65bd-dd99-4d1a-8779-8ee0e1f4f102 b9ce937a6031456c94b46a52e5f6e3d0 1ccb513f25fc44f4bd438183ad6c0ea8 - - default default] No more DHCP agents
2026-07-16 08:03:30.460 9 WARNING neutron.api.rpc.agentnotifiers.dhcp_rpc_agent_api [None req-052b65bd-dd99-4d1a-8779-8ee0e1f4f102 b9ce937a6031456c94b46a52e5f6e3d0 1ccb513f25fc44f4bd438183ad6c0ea8 - - default default] Unable to schedule network d267897b-b429-4c7a-9d81-9f9cd157adc3: no agents available; will retry on subsequent port and subnet creation events.
2026-07-16 08:03:30.471 10 INFO neutron.db.ovn_revision_numbers_db [None req-75c570a7-e86d-479a-a9df-76781607455d b9ce937a6031456c94b46a52e5f6e3d0 1ccb513f25fc44f4bd438183ad6c0ea8 - - default default] Successfully bumped revision number for resource d5414f18-d475-4208-af05-84bb7762f9ab (type: security_group_rules) to 0
2026-07-16 08:03:30.501 10 INFO neutron.api.wsgi [None req-f34de333-a57a-4fc8-a14d-3d280115c3c0 881965f628fc492a80617ba362420736 e3050f5ff8a94a4f80cdce3f5675c223 - - default default] 10.0.0.205 "DELETE /v2.0/networks/8d3c8165-d17c-4162-82c5-c9fb15b975a5 HTTP/1.1" status: 204 len: 168 time: 0.3699384
2026-07-16 08:03:30.508 10 INFO neutron.api.wsgi [None req-ff80a04d-7bd0-46ef-aef9-2fa0915b2302 367e2159acda4e419429295f4f7791d4 4742fdc28fa848349ed17eb04b36d36f - - default default] 10.0.0.205 "GET /v2.0/security-groups?tags=red%2Cblue HTTP/1.1" status: 200 len: 3413 time: 0.0490985
2026-07-16 08:03:30.525 10 INFO neutron.api.wsgi [None req-75c570a7-e86d-479a-a9df-76781607455d b9ce937a6031456c94b46a52e5f6e3d0 1ccb513f25fc44f4bd438183ad6c0ea8 - - default default] 10.0.0.205 "GET /v2.0/security-groups?tenant_id=56f21e879660427aa2596f5cdf40fbaa&name=default HTTP/1.1" status: 200 len: 3120 time: 0.2633622
2026-07-16 08:03:30.569 10 INFO neutron.api.wsgi [None req-bc355a5f-41cd-4cda-ba08-24c502f45276 367e2159acda4e419429295f4f7791d4 4742fdc28fa848349ed17eb04b36d36f - - default default] 10.0.0.205 "GET /v2.0/security-groups?tags-any=blue HTTP/1.1" status: 200 len: 3413 time: 0.0537176
2026-07-16 08:03:30.627 10 INFO neutron.api.wsgi [None req-ed07e2c9-f327-46b8-815c-13d6efedeec9 367e2159acda4e419429295f4f7791d4 4742fdc28fa848349ed17eb04b36d36f - - default default] 10.0.0.205 "GET /v2.0/security-groups?tags-any=red%2Cblue HTTP/1.1" status: 200 len: 4999 time: 0.0513306
2026-07-16 08:03:30.685 10 INFO neutron.api.wsgi [None req-edbf74e9-7fb7-47f2-af8c-45e7fd065cfc 367e2159acda4e419429295f4f7791d4 4742fdc28fa848349ed17eb04b36d36f - - default default] 10.0.0.205 "GET /v2.0/security-groups?not-tags=red HTTP/1.1" status: 200 len: 6289 time: 0.0539422
2026-07-16 08:03:30.753 10 INFO neutron.api.wsgi [None req-20757cbd-17b2-453f-9faf-ec6a8ba7d0fa 367e2159acda4e419429295f4f7791d4 4742fdc28fa848349ed17eb04b36d36f - - default default] 10.0.0.205 "GET /v2.0/security-groups?not-tags=red%2Cblue HTTP/1.1" status: 200 len: 7875 time: 0.0603850
2026-07-16 08:03:30.812 10 INFO neutron.api.wsgi [None req-e2fa324b-9c9d-437f-af91-e27d56321a0e 367e2159acda4e419429295f4f7791d4 4742fdc28fa848349ed17eb04b36d36f - - default default] 10.0.0.205 "GET /v2.0/security-groups?not-tags-any=blue HTTP/1.1" status: 200 len: 7875 time: 0.0486782
