2026-07-16 08:02:27.263 10 INFO neutron.db.ovn_revision_numbers_db [None req-5754201e-68dd-4b9f-b4d6-add63dd1740e efd43a563cfe482ebd4fbf13190d1a73 0ea7014751594bf5b00e8690ee1980b6 - - default default] Successfully bumped revision number for resource 322417ae-3fd4-4822-b355-cde439dad6c4 (type: ports) to 1
2026-07-16 08:02:27.291 10 INFO neutron.api.wsgi [None req-5754201e-68dd-4b9f-b4d6-add63dd1740e efd43a563cfe482ebd4fbf13190d1a73 0ea7014751594bf5b00e8690ee1980b6 - - default default] 10.0.0.205 "POST /v2.0/ports HTTP/1.1" status: 201 len: 974 time: 0.3154378
2026-07-16 08:02:27.434 10 INFO neutron.api.wsgi [None req-dae08784-dd0a-4f6c-97b2-9449f884d501 b9ce937a6031456c94b46a52e5f6e3d0 1ccb513f25fc44f4bd438183ad6c0ea8 - - default default] 10.0.0.205 "DELETE /v2.0/security-groups/c684618f-61e5-41dc-9a00-d01af7313888 HTTP/1.1" status: 204 len: 168 time: 0.2281723
2026-07-16 08:02:27.500 10 INFO neutron.plugins.ml2.drivers.ovn.mech_driver.mech_driver [None req-9c6c66c0-eb5b-40f0-abb5-0fa186a937b7 - - - - - -] OVN reports status down for port: 322417ae-3fd4-4822-b355-cde439dad6c4
2026-07-16 08:02:27.532 10 INFO neutron.db.ovn_revision_numbers_db [None req-420f3eac-85eb-4fe9-a5b4-6184aa8f47a1 efd43a563cfe482ebd4fbf13190d1a73 0ea7014751594bf5b00e8690ee1980b6 - - default default] Successfully bumped revision number for resource 322417ae-3fd4-4822-b355-cde439dad6c4 (type: ports) to 2
2026-07-16 08:02:27.545 10 INFO neutron.api.wsgi [None req-420f3eac-85eb-4fe9-a5b4-6184aa8f47a1 efd43a563cfe482ebd4fbf13190d1a73 0ea7014751594bf5b00e8690ee1980b6 - - default default] 10.0.0.205 "PUT /v2.0/ports/322417ae-3fd4-4822-b355-cde439dad6c4 HTTP/1.1" status: 200 len: 946 time: 0.2501931 /var/lib/openstack/lib/python3.12/site-packages/pycadf/identifier.py:71: UserWarning: Invalid uuid: neutron. To ensure interoperability, identifiers should be a valid uuid. warnings.warn(('Invalid uuid: %s. To ensure interoperability, '
2026-07-16 08:02:27.703 9 INFO neutron.api.wsgi [req-176a967a-7302-49dd-a412-e1b7763122a0 req-9d61f148-7a01-4df0-803a-5786f722448f 95eabeb72ab549059c105fa38092a50b 658b421f5dfd4e75997d213197ae1c58 - - default default] 10.0.0.17 "GET /v2.0/ports?device_id=ce28cf8b-8436-4198-bf39-6adf260695e3 HTTP/1.1" status: 200 len: 1170 time: 0.0719297
2026-07-16 08:02:27.766 9 INFO neutron.api.wsgi [req-176a967a-7302-49dd-a412-e1b7763122a0 req-6175f6c2-37ca-4d7f-9053-67bb32aea7a9 95eabeb72ab549059c105fa38092a50b 658b421f5dfd4e75997d213197ae1c58 - - default default] 10.0.0.17 "GET /v2.0/security-groups?id=da60f89b-1659-4dfe-9e38-c7a2809ca936&fields=id&fields=name HTTP/1.1" status: 200 len: 313 time: 0.0558739
2026-07-16 08:02:27.821 10 INFO neutron.api.wsgi [None req-f0e6294a-35b2-482c-92dc-9c049a1db6ba efd43a563cfe482ebd4fbf13190d1a73 0ea7014751594bf5b00e8690ee1980b6 - - default default] 10.0.0.205 "DELETE /v2.0/ports/322417ae-3fd4-4822-b355-cde439dad6c4 HTTP/1.1" status: 204 len: 168 time: 0.2689540
2026-07-16 08:02:27.890 10 INFO neutron.api.wsgi [None req-c0eabbd0-8ce0-4578-a2af-43066a8135d2 efd43a563cfe482ebd4fbf13190d1a73 0ea7014751594bf5b00e8690ee1980b6 - - default default] 10.0.0.205 "GET /v2.0/ports HTTP/1.1" status: 200 len: 1729 time: 0.0643167
2026-07-16 08:02:27.910 10 INFO neutron.pecan_wsgi.hooks.translation [None req-75e204fb-7ca5-4a6b-8459-5a54c99527d8 efd43a563cfe482ebd4fbf13190d1a73 0ea7014751594bf5b00e8690ee1980b6 - - default default] GET failed (client error): The resource could not be found.
2026-07-16 08:02:27.912 10 INFO neutron.api.wsgi [None req-75e204fb-7ca5-4a6b-8459-5a54c99527d8 efd43a563cfe482ebd4fbf13190d1a73 0ea7014751594bf5b00e8690ee1980b6 - - default default] 10.0.0.205 "GET /v2.0/ports/322417ae-3fd4-4822-b355-cde439dad6c4 HTTP/1.1" status: 404 len: 333 time: 0.0170941
2026-07-16 08:02:27.950 10 INFO neutron.api.wsgi [None req-7553ad99-e63c-4ac7-a498-d5bb3c1db731 efd43a563cfe482ebd4fbf13190d1a73 0ea7014751594bf5b00e8690ee1980b6 - - default default] 10.0.0.205 "GET /v2.0/ports HTTP/1.1" status: 200 len: 1729 time: 0.0331523
2026-07-16 08:02:27.981 10 INFO neutron.api.wsgi [None req-8650de25-0fed-4e99-8929-c0f7739fea50 efd43a563cfe482ebd4fbf13190d1a73 0ea7014751594bf5b00e8690ee1980b6 - - default default] 10.0.0.205 "GET /v2.0/ports/fad7a270-b58c-4c11-a7fa-c61856e85790 HTTP/1.1" status: 200 len: 969 time: 0.0262535
2026-07-16 08:02:27.998 10 INFO neutron.pecan_wsgi.hooks.translation [None req-a4078650-c144-439b-95df-cf2491e84f61 efd43a563cfe482ebd4fbf13190d1a73 0ea7014751594bf5b00e8690ee1980b6 - - default default] DELETE failed (client error): The resource could not be found.
2026-07-16 08:02:28.001 10 INFO neutron.api.wsgi [None req-a4078650-c144-439b-95df-cf2491e84f61 efd43a563cfe482ebd4fbf13190d1a73 0ea7014751594bf5b00e8690ee1980b6 - - default default] 10.0.0.205 "DELETE /v2.0/ports/98559dfc-a36a-4127-a15c-1b44fd64aeba HTTP/1.1" status: 404 len: 333 time: 0.0146072
2026-07-16 08:02:28.017 10 INFO neutron.pecan_wsgi.hooks.translation [None req-c6caa058-db96-4a23-a635-4a35b91c6289 efd43a563cfe482ebd4fbf13190d1a73 0ea7014751594bf5b00e8690ee1980b6 - - default default] DELETE failed (client error): The resource could not be found.
2026-07-16 08:02:28.019 10 INFO neutron.api.wsgi [None req-c6caa058-db96-4a23-a635-4a35b91c6289 efd43a563cfe482ebd4fbf13190d1a73 0ea7014751594bf5b00e8690ee1980b6 - - default default] 10.0.0.205 "DELETE /v2.0/subnets/641d68a1-df55-4922-9bf1-e877f032d782 HTTP/1.1" status: 404 len: 337 time: 0.0147409
2026-07-16 08:02:28.039 9 INFO neutron.pecan_wsgi.hooks.translation [None req-d504393b-39c7-4b2a-8ba1-8e8932b76750 efd43a563cfe482ebd4fbf13190d1a73 0ea7014751594bf5b00e8690ee1980b6 - - default default] DELETE failed (client error): The resource could not be found.
2026-07-16 08:02:28.042 9 INFO neutron.api.wsgi [None req-d504393b-39c7-4b2a-8ba1-8e8932b76750 efd43a563cfe482ebd4fbf13190d1a73 0ea7014751594bf5b00e8690ee1980b6 - - default default] 10.0.0.205 "DELETE /v2.0/subnets/a73498d9-080b-4ff3-a053-e97c6cf06cff HTTP/1.1" status: 404 len: 337 time: 0.0171926
2026-07-16 08:02:28.055 10 INFO neutron.api.wsgi [req-b60592f4-209d-4c0d-8130-0d89f2510d5b req-9611bdd9-9ef1-49a5-a588-3dd8e24a0d6f 69d5bcd5b8524d09bb10e1f3e4d6c705 1e2ce196b7ab42b29f3cfed6f32a021c - - default default] 10.0.0.17 "GET /v2.0/ports?device_id=10eefc4b-34db-4e25-a1fc-8b9c2bb470ad HTTP/1.1" status: 200 len: 1172 time: 0.0339134
2026-07-16 08:02:28.095 10 INFO neutron.api.wsgi [req-b60592f4-209d-4c0d-8130-0d89f2510d5b req-bb49ccf5-a53b-4296-b732-8d6c986a8d7f 69d5bcd5b8524d09bb10e1f3e4d6c705 1e2ce196b7ab42b29f3cfed6f32a021c - - default default] 10.0.0.17 "GET /v2.0/security-groups?id=91488e0a-a88c-428a-ba9b-07227d4dd54e&fields=id&fields=name HTTP/1.1" status: 200 len: 313 time: 0.0343935
2026-07-16 08:02:28.210 9 INFO neutron.plugins.ml2.drivers.ovn.mech_driver.mech_driver [None req-6c110577-1c0c-47ec-9987-f60f042365ba - - - - - -] OVN reports status down for port: 8aeaf0cf-eea5-4bfe-9eff-c81f1e8cb4b6
2026-07-16 08:02:28.274 9 INFO neutron.api.wsgi [req-bf729e30-9f58-4d8f-a5c8-ce0dcc0b9e0c req-819cc39a-f340-40f8-a57b-92fd68b192ff ffa3e627b4de4f94a723cdbe4373c377 5e17cd22ac7a410482bcc6c4d3c6e31a - - 69faa7a73d15429097d2f6940a1a579e 69faa7a73d15429097d2f6940a1a579e] 199.19.213.177 "GET /v2.0/ports?tenant_id=658b421f5dfd4e75997d213197ae1c58&device_id=ce28cf8b-8436-4198-bf39-6adf260695e3 HTTP/1.1" status: 200 len: 1409 time: 0.0533197
2026-07-16 08:02:28.339 9 INFO neutron.api.wsgi [req-bf729e30-9f58-4d8f-a5c8-ce0dcc0b9e0c req-b2d92577-c25b-4cee-826d-93a9d6c3aeca ffa3e627b4de4f94a723cdbe4373c377 5e17cd22ac7a410482bcc6c4d3c6e31a - - 69faa7a73d15429097d2f6940a1a579e 69faa7a73d15429097d2f6940a1a579e] 199.19.213.177 "GET /v2.0/networks?id=ec0e22ab-4daa-4168-9468-fcc0a25d6f91 HTTP/1.1" status: 200 len: 982 time: 0.0597267
2026-07-16 08:02:28.416 9 INFO neutron.api.wsgi [req-bf729e30-9f58-4d8f-a5c8-ce0dcc0b9e0c req-da89d188-bac5-474c-9b02-5b5aed36d980 ffa3e627b4de4f94a723cdbe4373c377 5e17cd22ac7a410482bcc6c4d3c6e31a - - 69faa7a73d15429097d2f6940a1a579e 69faa7a73d15429097d2f6940a1a579e] 199.19.213.177 "GET /v2.0/floatingips?fixed_ip_address=10.100.0.5&port_id=8aeaf0cf-eea5-4bfe-9eff-c81f1e8cb4b6 HTTP/1.1" status: 200 len: 1059 time: 0.0669513
2026-07-16 08:02:28.424 9 INFO neutron.api.wsgi [None req-26027c74-88b0-4322-aeb1-f3d6297be4a9 efd43a563cfe482ebd4fbf13190d1a73 0ea7014751594bf5b00e8690ee1980b6 - - default default] 10.0.0.205 "DELETE /v2.0/ports/fad7a270-b58c-4c11-a7fa-c61856e85790 HTTP/1.1" status: 204 len: 168 time: 0.3785601
2026-07-16 08:02:28.454 9 INFO neutron.api.wsgi [req-bf729e30-9f58-4d8f-a5c8-ce0dcc0b9e0c req-99da4057-c618-4f81-9c3f-72bb761fe97d ffa3e627b4de4f94a723cdbe4373c377 5e17cd22ac7a410482bcc6c4d3c6e31a - - 69faa7a73d15429097d2f6940a1a579e 69faa7a73d15429097d2f6940a1a579e] 199.19.213.177 "GET /v2.0/subnets?id=20ed8729-4381-440b-9879-1069c31368eb HTTP/1.1" status: 200 len: 901 time: 0.0294373
2026-07-16 08:02:28.480 9 INFO neutron.api.wsgi [req-bf729e30-9f58-4d8f-a5c8-ce0dcc0b9e0c req-0c5eee4d-dff6-4f88-881b-05200ede20e7 ffa3e627b4de4f94a723cdbe4373c377 5e17cd22ac7a410482bcc6c4d3c6e31a - - 69faa7a73d15429097d2f6940a1a579e 69faa7a73d15429097d2f6940a1a579e] 199.19.213.177 "GET /v2.0/ports?network_id=ec0e22ab-4daa-4168-9468-fcc0a25d6f91&device_owner=network%3Adhcp HTTP/1.1" status: 200 len: 210 time: 0.0130301
2026-07-16 08:02:28.494 9 INFO neutron.notifiers.nova [-] Nova event matching ['req-61122488-5230-48de-ac69-bc0d28099345'] response: {'server_uuid': 'ce28cf8b-8436-4198-bf39-6adf260695e3', 'name': 'network-vif-unplugged', 'status': 'completed', 'tag': '8aeaf0cf-eea5-4bfe-9eff-c81f1e8cb4b6', 'code': 200}
2026-07-16 08:02:28.543 9 INFO neutron.api.wsgi [req-bf729e30-9f58-4d8f-a5c8-ce0dcc0b9e0c req-4b18ffdb-1885-45d9-9b35-1e9b6f28319e ffa3e627b4de4f94a723cdbe4373c377 5e17cd22ac7a410482bcc6c4d3c6e31a - - 69faa7a73d15429097d2f6940a1a579e 69faa7a73d15429097d2f6940a1a579e] 199.19.213.177 "GET /v2.0/networks/ec0e22ab-4daa-4168-9468-fcc0a25d6f91?fields=segments HTTP/1.1" status: 200 len: 212 time: 0.0576999
2026-07-16 08:02:28.565 9 INFO neutron.db.ovn_revision_numbers_db [None req-6c110577-1c0c-47ec-9987-f60f042365ba - - - - - -] Successfully bumped revision number for resource 8aeaf0cf-eea5-4bfe-9eff-c81f1e8cb4b6 (type: ports) to 8
2026-07-16 08:02:28.608 9 INFO neutron.api.wsgi [req-bf729e30-9f58-4d8f-a5c8-ce0dcc0b9e0c req-de94bbd2-cef0-4b25-b2f8-48c60c044d20 ffa3e627b4de4f94a723cdbe4373c377 5e17cd22ac7a410482bcc6c4d3c6e31a - - 69faa7a73d15429097d2f6940a1a579e 69faa7a73d15429097d2f6940a1a579e] 199.19.213.177 "GET /v2.0/networks/ec0e22ab-4daa-4168-9468-fcc0a25d6f91?fields=provider%3Aphysical_network&fields=provider%3Anetwork_type HTTP/1.1" status: 200 len: 277 time: 0.0562384
2026-07-16 08:02:28.616 9 INFO neutron.plugins.ml2.drivers.ovn.mech_driver.mech_driver [None req-efa6d5b8-22b9-49f8-944f-3642698cac45 - - - - - -] OVN reports status up for port: 69d87b4e-c000-4258-9d93-4a8c633935c1
2026-07-16 08:02:28.626 9 INFO neutron.plugins.ml2.plugin [None req-efa6d5b8-22b9-49f8-944f-3642698cac45 - - - - - -] Attempt 1 to provision port 69d87b4e-c000-4258-9d93-4a8c633935c1
2026-07-16 08:02:28.831 9 INFO neutron.db.ovn_revision_numbers_db [None req-efa6d5b8-22b9-49f8-944f-3642698cac45 - - - - - -] Successfully bumped revision number for resource 69d87b4e-c000-4258-9d93-4a8c633935c1 (type: ports) to 5
2026-07-16 08:02:28.938 10 INFO neutron.api.wsgi [req-4af56732-b5fd-4df4-81cc-4ae9ea603884 req-d2a6c08a-da75-4d3b-8df1-a59e397aaf6c 95eabeb72ab549059c105fa38092a50b 658b421f5dfd4e75997d213197ae1c58 - - default default] 10.0.0.17 "GET /v2.0/ports?device_id=ce28cf8b-8436-4198-bf39-6adf260695e3 HTTP/1.1" status: 200 len: 1168 time: 0.0830157
2026-07-16 08:02:28.976 10 INFO neutron.api.wsgi [req-4af56732-b5fd-4df4-81cc-4ae9ea603884 req-db0bac86-e2a4-49ce-a39a-9b4a9560d53a 95eabeb72ab549059c105fa38092a50b 658b421f5dfd4e75997d213197ae1c58 - - default default] 10.0.0.17 "GET /v2.0/security-groups?id=da60f89b-1659-4dfe-9e38-c7a2809ca936&fields=id&fields=name HTTP/1.1" status: 200 len: 313 time: 0.0324113
2026-07-16 08:02:29.149 10 INFO neutron.services.segments.plugin [-] Segment 2fd5350d-0ad7-44f3-adc5-021daa5f1f21 resource provider aggregate not found
2026-07-16 08:02:29.153 10 INFO neutron.services.segments.plugin [-] Segment 2fd5350d-0ad7-44f3-adc5-021daa5f1f21 resource provider aggregate not found
2026-07-16 08:02:29.161 10 INFO neutron.services.segments.plugin [-] Segment 2fd5350d-0ad7-44f3-adc5-021daa5f1f21 resource provider not found; error: Placement Client Error (4xx): {"errors": [{"status": 404, "title": "Not Found", "detail": "The resource could not be found.\n\n No resource provider with uuid 2fd5350d-0ad7-44f3-adc5-021daa5f1f21 found for delete ", "request_id": "req-54e1addc-c5a2-476a-9f00-68bb0b21daa6"}]}
2026-07-16 08:02:29.167 10 INFO neutron.services.segments.plugin [-] Segment 2fd5350d-0ad7-44f3-adc5-021daa5f1f21 resource provider not found; error: Placement Client Error (4xx): {"errors": [{"status": 404, "title": "Not Found", "detail": "The resource could not be found.\n\n No resource provider with uuid 2fd5350d-0ad7-44f3-adc5-021daa5f1f21 found for delete ", "request_id": "req-fdfd2c72-0a16-4569-8ad5-bfab82aa4ea1"}]} /var/lib/openstack/lib/python3.12/site-packages/pycadf/identifier.py:71: UserWarning: Invalid uuid: neutron. To ensure interoperability, identifiers should be a valid uuid. warnings.warn(('Invalid uuid: %s. To ensure interoperability, '
2026-07-16 08:02:29.178 10 INFO neutron.api.wsgi [None req-bbc7e8cd-99b9-45d3-bebd-f5820a3e9934 efd43a563cfe482ebd4fbf13190d1a73 0ea7014751594bf5b00e8690ee1980b6 - - default default] 10.0.0.205 "DELETE /v2.0/networks/70e647d3-dafd-4ee5-a6f6-2a6f2e11c7c9 HTTP/1.1" status: 204 len: 168 time: 0.7479031
2026-07-16 08:02:29.216 9 INFO neutron.api.wsgi [req-f043b524-3bd0-4021-9466-864b96059cfe req-d7e72271-350a-4fd2-a98b-ebc28f99bb43 69d5bcd5b8524d09bb10e1f3e4d6c705 1e2ce196b7ab42b29f3cfed6f32a021c - - default default] 10.0.0.17 "GET /v2.0/ports?device_id=10eefc4b-34db-4e25-a1fc-8b9c2bb470ad HTTP/1.1" status: 200 len: 1174 time: 0.0441678
2026-07-16 08:02:29.257 9 INFO neutron.api.wsgi [req-f043b524-3bd0-4021-9466-864b96059cfe req-c2c88357-efa2-4a35-a02d-15e5f56c7282 69d5bcd5b8524d09bb10e1f3e4d6c705 1e2ce196b7ab42b29f3cfed6f32a021c - - default default] 10.0.0.17 "GET /v2.0/security-groups?id=91488e0a-a88c-428a-ba9b-07227d4dd54e&fields=id&fields=name HTTP/1.1" status: 200 len: 313 time: 0.0360432
2026-07-16 08:02:29.455 9 INFO neutron.api.wsgi [req-a932c1a7-575e-4520-bc25-e7ced3c785fe req-b4bc391b-4273-4291-83e3-81461c0a63ef 95eabeb72ab549059c105fa38092a50b 658b421f5dfd4e75997d213197ae1c58 - - default default] 199.19.213.177 "GET /v2.0/ports?device_id=ce28cf8b-8436-4198-bf39-6adf260695e3 HTTP/1.1" status: 200 len: 1168 time: 0.0358648 /var/lib/openstack/lib/python3.12/site-packages/pycadf/identifier.py:71: UserWarning: Invalid uuid: neutron. To ensure interoperability, identifiers should be a valid uuid. warnings.warn(('Invalid uuid: %s. To ensure interoperability, '
2026-07-16 08:02:29.758 9 INFO neutron.db.l3_db [req-a932c1a7-575e-4520-bc25-e7ced3c785fe req-7dcf86bd-be11-4cd0-b813-c35ee3bbaa1a 95eabeb72ab549059c105fa38092a50b 658b421f5dfd4e75997d213197ae1c58 - - default default] Floating IP 660302e7-4b38-48af-8b78-6cfdb950277f disassociated. External IP: 10.96.250.209, port: 8aeaf0cf-eea5-4bfe-9eff-c81f1e8cb4b6.
2026-07-16 08:02:29.787 10 INFO neutron.api.wsgi [None req-0f0a0378-6fd5-406e-9925-ac8d8dffbc74 b9ce937a6031456c94b46a52e5f6e3d0 1ccb513f25fc44f4bd438183ad6c0ea8 - - default default] 10.0.0.205 "GET /v2.0/security-groups?tenant_id=0ea7014751594bf5b00e8690ee1980b6&name=default HTTP/1.1" status: 200 len: 3120 time: 0.1322072
2026-07-16 08:02:29.863 9 INFO neutron.api.wsgi [req-a932c1a7-575e-4520-bc25-e7ced3c785fe req-7dcf86bd-be11-4cd0-b813-c35ee3bbaa1a 95eabeb72ab549059c105fa38092a50b 658b421f5dfd4e75997d213197ae1c58 - - default default] 199.19.213.177 "DELETE /v2.0/ports/8aeaf0cf-eea5-4bfe-9eff-c81f1e8cb4b6 HTTP/1.1" status: 204 len: 173 time: 0.4058077
2026-07-16 08:02:29.897 10 INFO neutron.db.ovn_revision_numbers_db [None req-60dfc085-e41a-49d0-be69-9af01c4f21d4 b9ce937a6031456c94b46a52e5f6e3d0 1ccb513f25fc44f4bd438183ad6c0ea8 - - default default] Successfully bumped revision number for resource 313aa4b6-3174-4b2c-81c4-820edd383126 (type: security_groups) to 1
2026-07-16 08:02:29.912 10 INFO neutron.db.ovn_revision_numbers_db [None req-60dfc085-e41a-49d0-be69-9af01c4f21d4 b9ce937a6031456c94b46a52e5f6e3d0 1ccb513f25fc44f4bd438183ad6c0ea8 - - default default] Successfully bumped revision number for resource 333b6fce-9ec3-4957-aaa0-d82e37cd3652 (type: security_group_rules) to 0
2026-07-16 08:02:29.926 10 INFO neutron.db.ovn_revision_numbers_db [None req-60dfc085-e41a-49d0-be69-9af01c4f21d4 b9ce937a6031456c94b46a52e5f6e3d0 1ccb513f25fc44f4bd438183ad6c0ea8 - - default default] Successfully bumped revision number for resource 5781fc85-3122-4df6-8790-f014bdcd2b03 (type: security_group_rules) to 0
2026-07-16 08:02:29.941 10 INFO neutron.db.ovn_revision_numbers_db [None req-60dfc085-e41a-49d0-be69-9af01c4f21d4 b9ce937a6031456c94b46a52e5f6e3d0 1ccb513f25fc44f4bd438183ad6c0ea8 - - default default] Successfully bumped revision number for resource 5d96916f-913d-46e4-98fb-dc2bfd9e7bbb (type: security_group_rules) to 0
2026-07-16 08:02:29.967 10 INFO neutron.db.ovn_revision_numbers_db [None req-60dfc085-e41a-49d0-be69-9af01c4f21d4 b9ce937a6031456c94b46a52e5f6e3d0 1ccb513f25fc44f4bd438183ad6c0ea8 - - default default] Successfully bumped revision number for resource 87e788aa-59e3-492f-9ed5-65276220e4ea (type: security_group_rules) to 0
2026-07-16 08:02:29.996 10 INFO neutron.api.wsgi [None req-60dfc085-e41a-49d0-be69-9af01c4f21d4 b9ce937a6031456c94b46a52e5f6e3d0 1ccb513f25fc44f4bd438183ad6c0ea8 - - default default] 10.0.0.205 "GET /v2.0/security-groups?tenant_id=4ac4f68e968040489c6d0f79f5cb9978&name=default HTTP/1.1" status: 200 len: 3120 time: 0.3303146
2026-07-16 08:02:30.010 10 INFO neutron.api.wsgi [None req-39c5418e-5550-4295-98a5-d01be2a586c0 b9ce937a6031456c94b46a52e5f6e3d0 1ccb513f25fc44f4bd438183ad6c0ea8 - - default default] 10.0.0.205 "DELETE /v2.0/security-groups/7c7f4983-59c2-49f0-8ef2-5566b5d87f36 HTTP/1.1" status: 204 len: 168 time: 0.2164874
2026-07-16 08:02:30.053 10 INFO neutron.api.wsgi [req-e9a75a38-e223-463b-ba3c-7182bf2bc25d req-ba7a0a17-8d9e-4ac1-b349-c06fc70f046e 95eabeb72ab549059c105fa38092a50b 658b421f5dfd4e75997d213197ae1c58 - - default default] 10.0.0.17 "GET /v2.0/ports?device_id=ce28cf8b-8436-4198-bf39-6adf260695e3 HTTP/1.1" status: 200 len: 210 time: 0.0180135
2026-07-16 08:02:30.211 9 INFO neutron.api.wsgi [None req-67352a6c-3cbe-408b-b8de-f07739d52809 b9ce937a6031456c94b46a52e5f6e3d0 1ccb513f25fc44f4bd438183ad6c0ea8 - - default default] 10.0.0.205 "DELETE /v2.0/security-groups/313aa4b6-3174-4b2c-81c4-820edd383126 HTTP/1.1" status: 204 len: 168 time: 0.2090032
2026-07-16 08:02:30.426 9 INFO neutron.api.wsgi [req-4d0b5257-e2de-40ac-9567-bb939b8549b4 req-cb7fbf22-4ecf-4f89-ac8f-650576fb5b12 69d5bcd5b8524d09bb10e1f3e4d6c705 1e2ce196b7ab42b29f3cfed6f32a021c - - default default] 10.0.0.17 "GET /v2.0/ports?device_id=10eefc4b-34db-4e25-a1fc-8b9c2bb470ad HTTP/1.1" status: 200 len: 1174 time: 0.0723460
2026-07-16 08:02:30.457 9 INFO neutron.api.wsgi [req-4d0b5257-e2de-40ac-9567-bb939b8549b4 req-2c0e3c15-cb0a-4bd0-a054-bee111bd5ae2 69d5bcd5b8524d09bb10e1f3e4d6c705 1e2ce196b7ab42b29f3cfed6f32a021c - - default default] 10.0.0.17 "GET /v2.0/security-groups?id=91488e0a-a88c-428a-ba9b-07227d4dd54e&fields=id&fields=name HTTP/1.1" status: 200 len: 313 time: 0.0255153
2026-07-16 08:02:30.542 9 INFO neutron.notifiers.nova [-] Nova event matching ['req-87329903-bb8e-4ae0-abce-907fe37b1a6e'] response: {'server_uuid': 'ce28cf8b-8436-4198-bf39-6adf260695e3', 'name': 'network-vif-unplugged', 'status': 'completed', 'tag': '8aeaf0cf-eea5-4bfe-9eff-c81f1e8cb4b6', 'code': 200}
2026-07-16 08:02:30.542 9 INFO neutron.notifiers.nova [-] Nova event matching ['req-87329903-bb8e-4ae0-abce-907fe37b1a6e'] response: {'server_uuid': '10eefc4b-34db-4e25-a1fc-8b9c2bb470ad', 'name': 'network-vif-plugged', 'status': 'completed', 'tag': '69d87b4e-c000-4258-9d93-4a8c633935c1', 'code': 200}
2026-07-16 08:02:30.542 9 INFO neutron.notifiers.nova [-] Nova event matching ['req-87329903-bb8e-4ae0-abce-907fe37b1a6e'] response: {'server_uuid': '10eefc4b-34db-4e25-a1fc-8b9c2bb470ad', 'name': 'network-vif-plugged', 'status': 'completed', 'tag': '69d87b4e-c000-4258-9d93-4a8c633935c1', 'code': 200}
2026-07-16 08:02:30.542 9 INFO neutron.notifiers.nova [-] Nova event matching ['req-87329903-bb8e-4ae0-abce-907fe37b1a6e'] response: {'server_uuid': 'ce28cf8b-8436-4198-bf39-6adf260695e3', 'name': 'network-vif-deleted', 'tag': '8aeaf0cf-eea5-4bfe-9eff-c81f1e8cb4b6', 'status': 'completed', 'code': 200}
2026-07-16 08:02:31.140 9 INFO neutron.api.wsgi [req-a26b0c88-d94d-406d-8f46-149e83ec5719 req-af00754b-64c6-4456-bcc9-be9576de1616 95eabeb72ab549059c105fa38092a50b 658b421f5dfd4e75997d213197ae1c58 - - default default] 10.0.0.17 "GET /v2.0/ports?device_id=ce28cf8b-8436-4198-bf39-6adf260695e3 HTTP/1.1" status: 200 len: 210 time: 0.0192335
2026-07-16 08:02:31.552 10 INFO neutron.api.wsgi [req-7e674200-7bfc-415e-883b-763ca1358755 req-044c8c1c-7e2d-451a-93d4-82484158b668 69d5bcd5b8524d09bb10e1f3e4d6c705 1e2ce196b7ab42b29f3cfed6f32a021c - - default default] 10.0.0.17 "GET /v2.0/ports?device_id=10eefc4b-34db-4e25-a1fc-8b9c2bb470ad HTTP/1.1" status: 200 len: 1174 time: 0.0399055
2026-07-16 08:02:31.580 10 INFO neutron.api.wsgi [-] 10.0.0.197 "GET / HTTP/1.1" status: 200 len: 247 time: 0.0035441
2026-07-16 08:02:31.583 10 INFO neutron.api.wsgi [-] 10.0.0.197 "GET / HTTP/1.1" status: 200 len: 247 time: 0.0012922
2026-07-16 08:02:31.617 10 INFO neutron.api.wsgi [req-7e674200-7bfc-415e-883b-763ca1358755 req-0cb97f6b-7ef3-4e7d-a745-d4d8a7fc9ac9 69d5bcd5b8524d09bb10e1f3e4d6c705 1e2ce196b7ab42b29f3cfed6f32a021c - - default default] 10.0.0.17 "GET /v2.0/security-groups?id=91488e0a-a88c-428a-ba9b-07227d4dd54e&fields=id&fields=name HTTP/1.1" status: 200 len: 313 time: 0.0585289
2026-07-16 08:02:31.809 10 WARNING neutron_lib.context [None req-e00ae973-802f-40ac-85f1-93b2909fb829 238096565f1649a091715cb7f3af4865 ee43f98f18984c708f925a1dae3ff3e4 - - default default] Method 'is_advsvc' is deprecated since 2023.2 release (neutron-lib 3.8.0) and will be removed once support for the old RBAC API policies will be removed from Neutron. Please use method 'is_service_role' instead.
2026-07-16 08:02:31.949 10 INFO neutron.db.ovn_revision_numbers_db [None req-e00ae973-802f-40ac-85f1-93b2909fb829 238096565f1649a091715cb7f3af4865 ee43f98f18984c708f925a1dae3ff3e4 - - default default] Successfully bumped revision number for resource a82b0c3b-ea51-4d57-b750-a59c9f9a431d (type: security_groups) to 1
2026-07-16 08:02:31.963 10 INFO neutron.db.ovn_revision_numbers_db [None req-e00ae973-802f-40ac-85f1-93b2909fb829 238096565f1649a091715cb7f3af4865 ee43f98f18984c708f925a1dae3ff3e4 - - default default] Successfully bumped revision number for resource 076fb276-44af-4a54-9512-e16a6add52f1 (type: security_group_rules) to 0
2026-07-16 08:02:31.981 10 INFO neutron.db.ovn_revision_numbers_db [None req-e00ae973-802f-40ac-85f1-93b2909fb829 238096565f1649a091715cb7f3af4865 ee43f98f18984c708f925a1dae3ff3e4 - - default default] Successfully bumped revision number for resource 2010afa5-1bae-4ccd-9384-7d4953227da7 (type: security_group_rules) to 0
2026-07-16 08:02:31.997 10 INFO neutron.db.ovn_revision_numbers_db [None req-e00ae973-802f-40ac-85f1-93b2909fb829 238096565f1649a091715cb7f3af4865 ee43f98f18984c708f925a1dae3ff3e4 - - default default] Successfully bumped revision number for resource c58c05f7-ebbb-4e06-870b-de08bf680878 (type: security_group_rules) to 0
2026-07-16 08:02:32.009 10 INFO neutron.db.ovn_revision_numbers_db [None req-e00ae973-802f-40ac-85f1-93b2909fb829 238096565f1649a091715cb7f3af4865 ee43f98f18984c708f925a1dae3ff3e4 - - default default] Successfully bumped revision number for resource d23224b9-dd7b-45f0-a344-3ad9f2019d45 (type: security_group_rules) to 0
2026-07-16 08:02:32.086 10 INFO neutron.db.segments_db [None req-e00ae973-802f-40ac-85f1-93b2909fb829 238096565f1649a091715cb7f3af4865 ee43f98f18984c708f925a1dae3ff3e4 - - default default] Added segment 41778bda-4f9f-4616-a95d-59d89077a675 of type geneve for network 4e221e0a-b5ad-47aa-a68a-4f3cf53d81e6
2026-07-16 08:02:32.224 10 INFO neutron.db.ovn_revision_numbers_db [None req-e00ae973-802f-40ac-85f1-93b2909fb829 238096565f1649a091715cb7f3af4865 ee43f98f18984c708f925a1dae3ff3e4 - - default default] Successfully bumped revision number for resource 4e221e0a-b5ad-47aa-a68a-4f3cf53d81e6 (type: networks) to 1
2026-07-16 08:02:32.238 9 INFO neutron.api.wsgi [req-6d85d8eb-0062-477b-97b5-8b89e93d9913 req-ed1ce69f-22f0-4b96-9523-57e55a0272f3 95eabeb72ab549059c105fa38092a50b 658b421f5dfd4e75997d213197ae1c58 - - default default] 10.0.0.17 "GET /v2.0/ports?device_id=ce28cf8b-8436-4198-bf39-6adf260695e3 HTTP/1.1" status: 200 len: 210 time: 0.0191905
2026-07-16 08:02:32.343 10 WARNING neutron.scheduler.dhcp_agent_scheduler [None req-e00ae973-802f-40ac-85f1-93b2909fb829 238096565f1649a091715cb7f3af4865 ee43f98f18984c708f925a1dae3ff3e4 - - default default] No more DHCP agents
2026-07-16 08:02:32.344 10 WARNING neutron.api.rpc.agentnotifiers.dhcp_rpc_agent_api [None req-e00ae973-802f-40ac-85f1-93b2909fb829 238096565f1649a091715cb7f3af4865 ee43f98f18984c708f925a1dae3ff3e4 - - default default] Unable to schedule network 4e221e0a-b5ad-47aa-a68a-4f3cf53d81e6: no agents available; will retry on subsequent port and subnet creation events.
2026-07-16 08:02:32.407 10 INFO neutron.db.ovn_revision_numbers_db [None req-e00ae973-802f-40ac-85f1-93b2909fb829 238096565f1649a091715cb7f3af4865 ee43f98f18984c708f925a1dae3ff3e4 - - default default] Successfully bumped revision number for resource e1a72ce1-80d7-4344-8efc-0fafab2459a3 (type: ports) to 1
2026-07-16 08:02:32.423 10 INFO neutron.api.wsgi [None req-e00ae973-802f-40ac-85f1-93b2909fb829 238096565f1649a091715cb7f3af4865 ee43f98f18984c708f925a1dae3ff3e4 - - default default] 10.0.0.205 "POST /v2.0/networks HTTP/1.1" status: 201 len: 833 time: 0.7860007
2026-07-16 08:02:32.431 10 WARNING neutron_lib.context [None req-f59eafc2-c620-4cdf-afbd-2a600c078e49 238096565f1649a091715cb7f3af4865 ee43f98f18984c708f925a1dae3ff3e4 - - default default] Method 'is_advsvc' is deprecated since 2023.2 release (neutron-lib 3.8.0) and will be removed once support for the old RBAC API policies will be removed from Neutron. Please use method 'is_service_role' instead.
2026-07-16 08:02:32.494 10 INFO neutron.db.segments_db [None req-f59eafc2-c620-4cdf-afbd-2a600c078e49 238096565f1649a091715cb7f3af4865 ee43f98f18984c708f925a1dae3ff3e4 - - default default] Added segment 1cd1a6fe-3849-4ca7-89a5-5aa9d0ceb2da of type geneve for network 4e393b4d-8f58-4263-a340-43afe5278ab3
2026-07-16 08:02:32.599 10 INFO neutron.db.ovn_revision_numbers_db [None req-f59eafc2-c620-4cdf-afbd-2a600c078e49 238096565f1649a091715cb7f3af4865 ee43f98f18984c708f925a1dae3ff3e4 - - default default] Successfully bumped revision number for resource 4e393b4d-8f58-4263-a340-43afe5278ab3 (type: networks) to 1
2026-07-16 08:02:32.756 10 WARNING neutron.scheduler.dhcp_agent_scheduler [None req-f59eafc2-c620-4cdf-afbd-2a600c078e49 238096565f1649a091715cb7f3af4865 ee43f98f18984c708f925a1dae3ff3e4 - - default default] No more DHCP agents
2026-07-16 08:02:32.761 10 INFO neutron.api.wsgi [req-157e561b-a0bf-4ecf-8467-507ac59de1f0 req-9788f00d-e70b-4da0-a0f3-a0133907edb4 69d5bcd5b8524d09bb10e1f3e4d6c705 1e2ce196b7ab42b29f3cfed6f32a021c - - default default] 10.0.0.17 "GET /v2.0/ports?device_id=10eefc4b-34db-4e25-a1fc-8b9c2bb470ad HTTP/1.1" status: 200 len: 1174 time: 0.0715299
2026-07-16 08:02:32.761 10 WARNING neutron.api.rpc.agentnotifiers.dhcp_rpc_agent_api [None req-f59eafc2-c620-4cdf-afbd-2a600c078e49 238096565f1649a091715cb7f3af4865 ee43f98f18984c708f925a1dae3ff3e4 - - default default] Unable to schedule network 4e393b4d-8f58-4263-a340-43afe5278ab3: no agents available; will retry on subsequent port and subnet creation events.
2026-07-16 08:02:32.801 10 INFO neutron.api.wsgi [req-157e561b-a0bf-4ecf-8467-507ac59de1f0 req-5d1335ec-d3d1-4543-8504-c607e9f339c3 69d5bcd5b8524d09bb10e1f3e4d6c705 1e2ce196b7ab42b29f3cfed6f32a021c - - default default] 10.0.0.17 "GET /v2.0/security-groups?id=91488e0a-a88c-428a-ba9b-07227d4dd54e&fields=id&fields=name HTTP/1.1" status: 200 len: 313 time: 0.0340934
2026-07-16 08:02:32.814 10 INFO neutron.db.ovn_revision_numbers_db [None req-f59eafc2-c620-4cdf-afbd-2a600c078e49 238096565f1649a091715cb7f3af4865 ee43f98f18984c708f925a1dae3ff3e4 - - default default] Successfully bumped revision number for resource c7da495d-27c8-43b0-bbe1-86f1d7931d12 (type: ports) to 1
2026-07-16 08:02:32.836 10 INFO neutron.api.wsgi [None req-f59eafc2-c620-4cdf-afbd-2a600c078e49 238096565f1649a091715cb7f3af4865 ee43f98f18984c708f925a1dae3ff3e4 - - default default] 10.0.0.205 "POST /v2.0/networks HTTP/1.1" status: 201 len: 833 time: 0.4077353
2026-07-16 08:02:32.845 10 WARNING neutron_lib.context [None req-1f32f79f-aef8-43dd-a988-c1eff9dbd3e1 238096565f1649a091715cb7f3af4865 ee43f98f18984c708f925a1dae3ff3e4 - - default default] Method 'is_advsvc' is deprecated since 2023.2 release (neutron-lib 3.8.0) and will be removed once support for the old RBAC API policies will be removed from Neutron. Please use method 'is_service_role' instead.
2026-07-16 08:02:32.893 9 INFO neutron.api.wsgi [req-755beabd-47ec-42db-9683-c626cb68bb88 req-39cb64f6-8c2b-4135-82c7-c68acde9fbe0 69d5bcd5b8524d09bb10e1f3e4d6c705 1e2ce196b7ab42b29f3cfed6f32a021c - - default default] 10.0.0.17 "GET /v2.0/ports?device_id=10eefc4b-34db-4e25-a1fc-8b9c2bb470ad HTTP/1.1" status: 200 len: 1174 time: 0.0358357
2026-07-16 08:02:32.999 10 WARNING neutron.scheduler.dhcp_agent_scheduler [None req-1f32f79f-aef8-43dd-a988-c1eff9dbd3e1 238096565f1649a091715cb7f3af4865 ee43f98f18984c708f925a1dae3ff3e4 - - default default] No more DHCP agents
2026-07-16 08:02:33.000 10 WARNING neutron.api.rpc.agentnotifiers.dhcp_rpc_agent_api [None req-1f32f79f-aef8-43dd-a988-c1eff9dbd3e1 238096565f1649a091715cb7f3af4865 ee43f98f18984c708f925a1dae3ff3e4 - - default default] Unable to schedule network 4e221e0a-b5ad-47aa-a68a-4f3cf53d81e6: no agents available; will retry on subsequent port and subnet creation events.
2026-07-16 08:02:33.024 10 INFO neutron.db.ovn_revision_numbers_db [None req-1f32f79f-aef8-43dd-a988-c1eff9dbd3e1 238096565f1649a091715cb7f3af4865 ee43f98f18984c708f925a1dae3ff3e4 - - default default] Successfully bumped revision number for resource fb5387e6-b782-4af6-ba1e-4ac9ea98b42c (type: subnets) to 0
2026-07-16 08:02:33.044 10 INFO neutron.api.wsgi [None req-1f32f79f-aef8-43dd-a988-c1eff9dbd3e1 238096565f1649a091715cb7f3af4865 ee43f98f18984c708f925a1dae3ff3e4 - - default default] 10.0.0.205 "POST /v2.0/subnets HTTP/1.1" status: 201 len: 845 time: 0.2028477
2026-07-16 08:02:33.052 10 WARNING neutron_lib.context [None req-f9960a04-339c-4b44-a749-016ca584cdef 238096565f1649a091715cb7f3af4865 ee43f98f18984c708f925a1dae3ff3e4 - - default default] Method 'is_advsvc' is deprecated since 2023.2 release (neutron-lib 3.8.0) and will be removed once support for the old RBAC API policies will be removed from Neutron. Please use method 'is_service_role' instead.
2026-07-16 08:02:33.207 10 WARNING neutron.scheduler.dhcp_agent_scheduler [None req-f9960a04-339c-4b44-a749-016ca584cdef 238096565f1649a091715cb7f3af4865 ee43f98f18984c708f925a1dae3ff3e4 - - default default] No more DHCP agents
2026-07-16 08:02:33.208 10 WARNING neutron.api.rpc.agentnotifiers.dhcp_rpc_agent_api [None req-f9960a04-339c-4b44-a749-016ca584cdef 238096565f1649a091715cb7f3af4865 ee43f98f18984c708f925a1dae3ff3e4 - - default default] Unable to schedule network 4e393b4d-8f58-4263-a340-43afe5278ab3: no agents available; will retry on subsequent port and subnet creation events.
2026-07-16 08:02:33.232 10 INFO neutron.db.ovn_revision_numbers_db [None req-f9960a04-339c-4b44-a749-016ca584cdef 238096565f1649a091715cb7f3af4865 ee43f98f18984c708f925a1dae3ff3e4 - - default default] Successfully bumped revision number for resource 6329d239-093b-4d52-9e9c-87a47caa7698 (type: subnets) to 0
2026-07-16 08:02:33.246 10 INFO neutron.api.wsgi [None req-f9960a04-339c-4b44-a749-016ca584cdef 238096565f1649a091715cb7f3af4865 ee43f98f18984c708f925a1dae3ff3e4 - - default default] 10.0.0.205 "POST /v2.0/subnets HTTP/1.1" status: 201 len: 854 time: 0.1983337
2026-07-16 08:02:33.264 10 WARNING neutron_lib.context [None req-e20bb413-303c-4c7f-b83d-2b72a950d907 238096565f1649a091715cb7f3af4865 ee43f98f18984c708f925a1dae3ff3e4 - - default default] Method 'is_advsvc' is deprecated since 2023.2 release (neutron-lib 3.8.0) and will be removed once support for the old RBAC API policies will be removed from Neutron. Please use method 'is_service_role' instead.
2026-07-16 08:02:33.337 9 INFO neutron.db.ovn_revision_numbers_db [None req-4fdcb269-64a2-475b-ac06-d29bacf1cace 69d5bcd5b8524d09bb10e1f3e4d6c705 1e2ce196b7ab42b29f3cfed6f32a021c - - default default] Successfully bumped revision number for resource 87790f23-5a53-4db4-b828-a7c600d1e023 (type: floatingips) to 1
2026-07-16 08:02:33.388 10 INFO neutron.db.ovn_revision_numbers_db [None req-e20bb413-303c-4c7f-b83d-2b72a950d907 238096565f1649a091715cb7f3af4865 ee43f98f18984c708f925a1dae3ff3e4 - - default default] Successfully bumped revision number for resource 1739b4e9-1989-480b-8d03-bfa6e4374678 (type: routers) to 1
2026-07-16 08:02:33.405 10 INFO neutron.api.wsgi [None req-e20bb413-303c-4c7f-b83d-2b72a950d907 238096565f1649a091715cb7f3af4865 ee43f98f18984c708f925a1dae3ff3e4 - - default default] 10.0.0.205 "POST /v2.0/routers HTTP/1.1" status: 201 len: 806 time: 0.1495368 /var/lib/openstack/lib/python3.12/site-packages/pycadf/identifier.py:71: UserWarning: Invalid uuid: neutron. To ensure interoperability, identifiers should be a valid uuid. warnings.warn(('Invalid uuid: %s. To ensure interoperability, '
2026-07-16 08:02:33.465 9 INFO neutron.db.ovn_revision_numbers_db [None req-4fdcb269-64a2-475b-ac06-d29bacf1cace 69d5bcd5b8524d09bb10e1f3e4d6c705 1e2ce196b7ab42b29f3cfed6f32a021c - - default default] Successfully bumped revision number for resource 87790f23-5a53-4db4-b828-a7c600d1e023 (type: floatingips) to 2
2026-07-16 08:02:33.466 9 INFO neutron.db.l3_db [None req-4fdcb269-64a2-475b-ac06-d29bacf1cace 69d5bcd5b8524d09bb10e1f3e4d6c705 1e2ce196b7ab42b29f3cfed6f32a021c - - default default] Floating IP 87790f23-5a53-4db4-b828-a7c600d1e023 associated. External IP: 10.96.250.203, port: 69d87b4e-c000-4258-9d93-4a8c633935c1.
2026-07-16 08:02:33.490 9 INFO neutron.api.wsgi [None req-01f6b3dd-204c-4a72-81ea-bc42e5433365 95eabeb72ab549059c105fa38092a50b 658b421f5dfd4e75997d213197ae1c58 - - default default] 10.0.0.205 "DELETE /v2.0/security-groups/da60f89b-1659-4dfe-9e38-c7a2809ca936 HTTP/1.1" status: 204 len: 168 time: 0.1638203
2026-07-16 08:02:33.493 9 INFO neutron.api.wsgi [None req-4fdcb269-64a2-475b-ac06-d29bacf1cace 69d5bcd5b8524d09bb10e1f3e4d6c705 1e2ce196b7ab42b29f3cfed6f32a021c - - default default] 10.0.0.205 "PUT /v2.0/floatingips/87790f23-5a53-4db4-b828-a7c600d1e023 HTTP/1.1" status: 200 len: 1050 time: 0.5871375
2026-07-16 08:02:33.508 9 INFO neutron.api.v2.resource [None req-32d68fd4-4aee-42b9-8acd-eb05492a1266 95eabeb72ab549059c105fa38092a50b 658b421f5dfd4e75997d213197ae1c58 - - default default] show failed (client error): The resource could not be found.
2026-07-16 08:02:33.509 9 INFO neutron.api.wsgi [None req-32d68fd4-4aee-42b9-8acd-eb05492a1266 95eabeb72ab549059c105fa38092a50b 658b421f5dfd4e75997d213197ae1c58 - - default default] 10.0.0.205 "GET /v2.0/security-groups/da60f89b-1659-4dfe-9e38-c7a2809ca936 HTTP/1.1" status: 404 len: 347 time: 0.0103853
2026-07-16 08:02:33.528 9 INFO neutron.notifiers.nova [-] Nova event matching ['req-44efc671-2650-46af-8774-9fff2262c9d4'] response: {'name': 'network-changed', 'server_uuid': '10eefc4b-34db-4e25-a1fc-8b9c2bb470ad', 'tag': '69d87b4e-c000-4258-9d93-4a8c633935c1', 'status': 'completed', 'code': 200}
2026-07-16 08:02:33.755 10 WARNING neutron.scheduler.dhcp_agent_scheduler [None req-623bf508-7592-4580-8c4d-f3178dcc4238 238096565f1649a091715cb7f3af4865 ee43f98f18984c708f925a1dae3ff3e4 - - default default] No more DHCP agents
2026-07-16 08:02:33.756 10 WARNING neutron.api.rpc.agentnotifiers.dhcp_rpc_agent_api [None req-623bf508-7592-4580-8c4d-f3178dcc4238 238096565f1649a091715cb7f3af4865 ee43f98f18984c708f925a1dae3ff3e4 - - default default] Unable to schedule network 4e221e0a-b5ad-47aa-a68a-4f3cf53d81e6: no agents available; will retry on subsequent port and subnet creation events.
2026-07-16 08:02:33.762 9 INFO neutron.api.wsgi [None req-edb87f31-497d-4c83-8644-d10fad3a8cf8 95eabeb72ab549059c105fa38092a50b 658b421f5dfd4e75997d213197ae1c58 - - default default] 10.0.0.205 "DELETE /v2.0/floatingips/660302e7-4b38-48af-8b78-6cfdb950277f HTTP/1.1" status: 204 len: 168 time: 0.2460942
2026-07-16 08:02:33.844 10 INFO neutron.db.ovn_revision_numbers_db [None req-623bf508-7592-4580-8c4d-f3178dcc4238 238096565f1649a091715cb7f3af4865 ee43f98f18984c708f925a1dae3ff3e4 - - default default] Successfully bumped revision number for resource 9ab00c85-bb80-4758-8fba-2734dca742c3 (type: ports) to 1
2026-07-16 08:02:34.066 9 INFO neutron.api.wsgi [req-7aa43cff-3549-4307-bb40-8becbbac6920 req-ca82461b-7f67-47c6-b73b-d3b7eb8e2feb ffa3e627b4de4f94a723cdbe4373c377 5e17cd22ac7a410482bcc6c4d3c6e31a - - 69faa7a73d15429097d2f6940a1a579e 69faa7a73d15429097d2f6940a1a579e] 199.19.213.177 "GET /v2.0/ports?tenant_id=1e2ce196b7ab42b29f3cfed6f32a021c&device_id=10eefc4b-34db-4e25-a1fc-8b9c2bb470ad HTTP/1.1" status: 200 len: 1413 time: 0.0366049
2026-07-16 08:02:34.113 9 INFO neutron.api.wsgi [req-7aa43cff-3549-4307-bb40-8becbbac6920 req-af3b8ee5-9d04-4917-a25a-8d0d2ed7f28c ffa3e627b4de4f94a723cdbe4373c377 5e17cd22ac7a410482bcc6c4d3c6e31a - - 69faa7a73d15429097d2f6940a1a579e 69faa7a73d15429097d2f6940a1a579e] 199.19.213.177 "GET /v2.0/networks?id=4d8fac8d-2443-4af9-9f77-e67efeab87ae HTTP/1.1" status: 200 len: 974 time: 0.0424659
2026-07-16 08:02:34.158 9 INFO neutron.api.wsgi [req-7aa43cff-3549-4307-bb40-8becbbac6920 req-6043044f-c742-43d0-8c9e-24215f5a47d9 ffa3e627b4de4f94a723cdbe4373c377 5e17cd22ac7a410482bcc6c4d3c6e31a - - 69faa7a73d15429097d2f6940a1a579e 69faa7a73d15429097d2f6940a1a579e] 199.19.213.177 "GET /v2.0/floatingips?fixed_ip_address=10.100.0.13&port_id=69d87b4e-c000-4258-9d93-4a8c633935c1 HTTP/1.1" status: 200 len: 1060 time: 0.0383224
2026-07-16 08:02:34.194 9 INFO neutron.api.wsgi [req-7aa43cff-3549-4307-bb40-8becbbac6920 req-5a365ffa-2124-4923-8b56-1a5062688a0a ffa3e627b4de4f94a723cdbe4373c377 5e17cd22ac7a410482bcc6c4d3c6e31a - - 69faa7a73d15429097d2f6940a1a579e 69faa7a73d15429097d2f6940a1a579e] 199.19.213.177 "GET /v2.0/subnets?id=b00d52c2-d537-4ccd-baec-d710c1d6de55 HTTP/1.1" status: 200 len: 893 time: 0.0291667
2026-07-16 08:02:34.220 9 INFO neutron.api.wsgi [req-7aa43cff-3549-4307-bb40-8becbbac6920 req-2fc56b97-e810-4908-906b-2725766a51eb ffa3e627b4de4f94a723cdbe4373c377 5e17cd22ac7a410482bcc6c4d3c6e31a - - 69faa7a73d15429097d2f6940a1a579e 69faa7a73d15429097d2f6940a1a579e] 199.19.213.177 "GET /v2.0/ports?network_id=4d8fac8d-2443-4af9-9f77-e67efeab87ae&device_owner=network%3Adhcp HTTP/1.1" status: 200 len: 210 time: 0.0177970
2026-07-16 08:02:34.260 9 INFO neutron.plugins.ml2.drivers.ovn.mech_driver.mech_driver [None req-38460345-09d7-49b6-878a-42d7a5d271dc - - - - - -] OVN reports status up for port: 9ab00c85-bb80-4758-8fba-2734dca742c3
2026-07-16 08:02:34.273 9 INFO neutron.plugins.ml2.plugin [None req-38460345-09d7-49b6-878a-42d7a5d271dc - - - - - -] Attempt 1 to provision port 9ab00c85-bb80-4758-8fba-2734dca742c3
2026-07-16 08:02:34.275 10 INFO neutron.db.ovn_revision_numbers_db [None req-623bf508-7592-4580-8c4d-f3178dcc4238 238096565f1649a091715cb7f3af4865 ee43f98f18984c708f925a1dae3ff3e4 - - default default] Successfully bumped revision number for resource 9ab00c85-bb80-4758-8fba-2734dca742c3 (type: ports) to 1
2026-07-16 08:02:34.281 9 INFO neutron.api.wsgi [req-7aa43cff-3549-4307-bb40-8becbbac6920 req-6667a038-f5ad-4fc2-8776-71a77ca0a919 ffa3e627b4de4f94a723cdbe4373c377 5e17cd22ac7a410482bcc6c4d3c6e31a - - 69faa7a73d15429097d2f6940a1a579e 69faa7a73d15429097d2f6940a1a579e] 199.19.213.177 "GET /v2.0/networks/4d8fac8d-2443-4af9-9f77-e67efeab87ae?fields=segments HTTP/1.1" status: 200 len: 212 time: 0.0572543
2026-07-16 08:02:34.326 10 WARNING neutron.scheduler.dhcp_agent_scheduler [None req-623bf508-7592-4580-8c4d-f3178dcc4238 238096565f1649a091715cb7f3af4865 ee43f98f18984c708f925a1dae3ff3e4 - - default default] No more DHCP agents
2026-07-16 08:02:34.327 10 WARNING neutron.api.rpc.agentnotifiers.dhcp_rpc_agent_api [None req-623bf508-7592-4580-8c4d-f3178dcc4238 238096565f1649a091715cb7f3af4865 ee43f98f18984c708f925a1dae3ff3e4 - - default default] Unable to schedule network 4e221e0a-b5ad-47aa-a68a-4f3cf53d81e6: no agents available; will retry on subsequent port and subnet creation events.
2026-07-16 08:02:34.340 9 INFO neutron.api.wsgi [req-7aa43cff-3549-4307-bb40-8becbbac6920 req-67ecc768-43f1-461e-83ad-15c148ebf197 ffa3e627b4de4f94a723cdbe4373c377 5e17cd22ac7a410482bcc6c4d3c6e31a - - 69faa7a73d15429097d2f6940a1a579e 69faa7a73d15429097d2f6940a1a579e] 199.19.213.177 "GET /v2.0/networks/4d8fac8d-2443-4af9-9f77-e67efeab87ae?fields=provider%3Aphysical_network&fields=provider%3Anetwork_type HTTP/1.1" status: 200 len: 277 time: 0.0514288
2026-07-16 08:02:34.507 10 INFO neutron.db.ovn_revision_numbers_db [None req-623bf508-7592-4580-8c4d-f3178dcc4238 238096565f1649a091715cb7f3af4865 ee43f98f18984c708f925a1dae3ff3e4 - - default default] Successfully bumped revision number for resource 9ab00c85-bb80-4758-8fba-2734dca742c3 (type: router_ports) to 1
2026-07-16 08:02:34.512 10 INFO neutron.api.wsgi [None req-623bf508-7592-4580-8c4d-f3178dcc4238 238096565f1649a091715cb7f3af4865 ee43f98f18984c708f925a1dae3ff3e4 - - default default] 10.0.0.205 "PUT /v2.0/routers/1739b4e9-1989-480b-8d03-bfa6e4374678/add_router_interface HTTP/1.1" status: 200 len: 503 time: 1.1022289
2026-07-16 08:02:34.534 10 WARNING neutron_lib.context [None req-9539bb04-6861-43a5-8c89-2f1629a3b33e 3761e68b93db4d5aa642639f900f1cba f33675de763f4e3aa3728de77885554b - - default default] Method 'is_advsvc' is deprecated since 2023.2 release (neutron-lib 3.8.0) and will be removed once support for the old RBAC API policies will be removed from Neutron. Please use method 'is_service_role' instead.
2026-07-16 08:02:34.561 10 INFO neutron.api.wsgi [None req-e98daebb-340e-4cf7-a01c-05bef82b54bf 238096565f1649a091715cb7f3af4865 ee43f98f18984c708f925a1dae3ff3e4 - - default default] 10.0.0.205 "GET /v2.0/ports/9ab00c85-bb80-4758-8fba-2734dca742c3 HTTP/1.1" status: 200 len: 1141 time: 0.0435174
2026-07-16 08:02:34.710 9 INFO neutron.db.ovn_revision_numbers_db [None req-38460345-09d7-49b6-878a-42d7a5d271dc - - - - - -] Successfully bumped revision number for resource 9ab00c85-bb80-4758-8fba-2734dca742c3 (type: ports) to 2
2026-07-16 08:02:34.823 10 WARNING neutron.scheduler.dhcp_agent_scheduler [None req-9539bb04-6861-43a5-8c89-2f1629a3b33e 3761e68b93db4d5aa642639f900f1cba f33675de763f4e3aa3728de77885554b - - default default] No more DHCP agents
2026-07-16 08:02:34.825 10 WARNING neutron.api.rpc.agentnotifiers.dhcp_rpc_agent_api [None req-9539bb04-6861-43a5-8c89-2f1629a3b33e 3761e68b93db4d5aa642639f900f1cba f33675de763f4e3aa3728de77885554b - - default default] Unable to schedule network 420e998d-ec99-4f47-a94b-9f1db35f8f08: no agents available; will retry on subsequent port and subnet creation events.
2026-07-16 08:02:34.936 9 INFO neutron.api.wsgi [None req-1e517249-4a81-4cd5-9497-da2d3f38c436 b9ce937a6031456c94b46a52e5f6e3d0 1ccb513f25fc44f4bd438183ad6c0ea8 - - default default] 10.0.0.205 "PUT /v2.0/routers/071491c1-b868-489d-9388-624fe90df526/remove_router_interface HTTP/1.1" status: 200 len: 503 time: 1.1047165 /var/lib/openstack/lib/python3.12/site-packages/pycadf/identifier.py:71: UserWarning: Invalid uuid: neutron. To ensure interoperability, identifiers should be a valid uuid. warnings.warn(('Invalid uuid: %s. To ensure interoperability, '
2026-07-16 08:02:35.007 10 WARNING neutron.scheduler.dhcp_agent_scheduler [None req-83c288be-f428-4e42-a9db-b798c8cf2b97 238096565f1649a091715cb7f3af4865 ee43f98f18984c708f925a1dae3ff3e4 - - default default] No more DHCP agents
2026-07-16 08:02:35.009 10 WARNING neutron.api.rpc.agentnotifiers.dhcp_rpc_agent_api [None req-83c288be-f428-4e42-a9db-b798c8cf2b97 238096565f1649a091715cb7f3af4865 ee43f98f18984c708f925a1dae3ff3e4 - - default default] Unable to schedule network 4e393b4d-8f58-4263-a340-43afe5278ab3: no agents available; will retry on subsequent port and subnet creation events.
2026-07-16 08:02:35.101 10 INFO neutron.db.ovn_revision_numbers_db [None req-83c288be-f428-4e42-a9db-b798c8cf2b97 238096565f1649a091715cb7f3af4865 ee43f98f18984c708f925a1dae3ff3e4 - - default default] Successfully bumped revision number for resource 91f3efb8-4395-4f00-9b86-f66dda756c95 (type: ports) to 1
2026-07-16 08:02:35.120 10 INFO neutron.api.wsgi [None req-9539bb04-6861-43a5-8c89-2f1629a3b33e 3761e68b93db4d5aa642639f900f1cba f33675de763f4e3aa3728de77885554b - - default default] 10.0.0.205 "POST /v2.0/floatingips HTTP/1.1" status: 201 len: 751 time: 0.7539923
2026-07-16 08:02:35.129 9 WARNING neutron_lib.context [None req-d65ce94f-1f7c-469c-b621-8a42fc40635a 3761e68b93db4d5aa642639f900f1cba f33675de763f4e3aa3728de77885554b - - default default] Method 'is_advsvc' is deprecated since 2023.2 release (neutron-lib 3.8.0) and will be removed once support for the old RBAC API policies will be removed from Neutron. Please use method 'is_service_role' instead.
2026-07-16 08:02:35.355 9 WARNING neutron.scheduler.dhcp_agent_scheduler [None req-d65ce94f-1f7c-469c-b621-8a42fc40635a 3761e68b93db4d5aa642639f900f1cba f33675de763f4e3aa3728de77885554b - - default default] No more DHCP agents
2026-07-16 08:02:35.357 9 WARNING neutron.api.rpc.agentnotifiers.dhcp_rpc_agent_api [None req-d65ce94f-1f7c-469c-b621-8a42fc40635a 3761e68b93db4d5aa642639f900f1cba f33675de763f4e3aa3728de77885554b - - default default] Unable to schedule network 420e998d-ec99-4f47-a94b-9f1db35f8f08: no agents available; will retry on subsequent port and subnet creation events.
2026-07-16 08:02:35.571 10 INFO neutron.plugins.ml2.drivers.ovn.mech_driver.mech_driver [None req-9c6c66c0-eb5b-40f0-abb5-0fa186a937b7 - - - - - -] OVN reports status up for port: 91f3efb8-4395-4f00-9b86-f66dda756c95
2026-07-16 08:02:35.592 10 INFO neutron.plugins.ml2.plugin [None req-9c6c66c0-eb5b-40f0-abb5-0fa186a937b7 - - - - - -] Attempt 1 to provision port 91f3efb8-4395-4f00-9b86-f66dda756c95
2026-07-16 08:02:35.613 10 INFO neutron.db.ovn_revision_numbers_db [None req-83c288be-f428-4e42-a9db-b798c8cf2b97 238096565f1649a091715cb7f3af4865 ee43f98f18984c708f925a1dae3ff3e4 - - default default] Successfully bumped revision number for resource 91f3efb8-4395-4f00-9b86-f66dda756c95 (type: ports) to 1
2026-07-16 08:02:35.697 10 INFO neutron.api.wsgi [None req-b8bd5db4-0ca7-40d4-bb04-d8cd8c306565 b9ce937a6031456c94b46a52e5f6e3d0 1ccb513f25fc44f4bd438183ad6c0ea8 - - default default] 10.0.0.37 "GET /v2.0/floatingips HTTP/1.1" status: 200 len: 2113 time: 0.1162207
2026-07-16 08:02:35.732 10 WARNING neutron.scheduler.dhcp_agent_scheduler [None req-83c288be-f428-4e42-a9db-b798c8cf2b97 238096565f1649a091715cb7f3af4865 ee43f98f18984c708f925a1dae3ff3e4 - - default default] No more DHCP agents
2026-07-16 08:02:35.734 10 WARNING neutron.api.rpc.agentnotifiers.dhcp_rpc_agent_api [None req-83c288be-f428-4e42-a9db-b798c8cf2b97 238096565f1649a091715cb7f3af4865 ee43f98f18984c708f925a1dae3ff3e4 - - default default] Unable to schedule network 4e393b4d-8f58-4263-a340-43afe5278ab3: no agents available; will retry on subsequent port and subnet creation events.
2026-07-16 08:02:35.818 10 INFO neutron.api.wsgi [None req-bdc4061a-53b4-42dc-9bc5-99bde7b4cfa5 b9ce937a6031456c94b46a52e5f6e3d0 1ccb513f25fc44f4bd438183ad6c0ea8 - - default default] 10.0.0.37 "GET /v2.0/routers HTTP/1.1" status: 200 len: 2397 time: 0.1193163
2026-07-16 08:02:35.844 10 INFO neutron.api.wsgi [None req-812bc56f-c79b-4742-83af-604aa13bc062 b9ce937a6031456c94b46a52e5f6e3d0 1ccb513f25fc44f4bd438183ad6c0ea8 - - default default] 10.0.0.37 "GET /v2.0/agents?binary=ovn-controller HTTP/1.1" status: 200 len: 591 time: 0.0245740
2026-07-16 08:02:35.865 9 INFO neutron.api.wsgi [None req-9a7f0aa7-1346-4a82-a66d-9c3c1cab247d b9ce937a6031456c94b46a52e5f6e3d0 1ccb513f25fc44f4bd438183ad6c0ea8 - - default default] 10.0.0.205 "DELETE /v2.0/routers/071491c1-b868-489d-9388-624fe90df526 HTTP/1.1" status: 204 len: 168 time: 0.9216065
2026-07-16 08:02:35.919 10 INFO neutron.api.wsgi [None req-9786892a-1dea-47f1-8306-40b79a6ede1e b9ce937a6031456c94b46a52e5f6e3d0 1ccb513f25fc44f4bd438183ad6c0ea8 - - default default] 10.0.0.37 "GET /v2.0/ports HTTP/1.1" status: 200 len: 17653 time: 0.0725892
2026-07-16 08:02:35.950 10 INFO neutron.api.wsgi [None req-50e04404-eaec-4bc5-b9b8-2f6021becf7f b9ce937a6031456c94b46a52e5f6e3d0 1ccb513f25fc44f4bd438183ad6c0ea8 - - default default] 10.0.0.37 "GET /v2.0/agents HTTP/1.1" status: 200 len: 1390 time: 0.0150599
2026-07-16 08:02:35.967 10 INFO neutron.api.wsgi [None req-6711292c-b1e0-48c2-923d-e06560307e57 b9ce937a6031456c94b46a52e5f6e3d0 1ccb513f25fc44f4bd438183ad6c0ea8 - - default default] 10.0.0.37 "GET /v2.0/network-ip-availabilities HTTP/1.1" status: 200 len: 3160 time: 0.0152984
2026-07-16 08:02:35.984 9 INFO neutron.api.wsgi [None req-d65ce94f-1f7c-469c-b621-8a42fc40635a 3761e68b93db4d5aa642639f900f1cba f33675de763f4e3aa3728de77885554b - - default default] 10.0.0.205 "POST /v2.0/floatingips HTTP/1.1" status: 201 len: 751 time: 0.8588619
