2026-07-16 07:51:35.727 10 INFO neutron.api.wsgi [None req-80e0e112-485f-4375-a3d8-7350f01b6a58 b9ce937a6031456c94b46a52e5f6e3d0 1ccb513f25fc44f4bd438183ad6c0ea8 - - default default] 10.0.0.37 "GET /v2.0/subnets HTTP/1.1" status: 200 len: 1484 time: 0.0228233
2026-07-16 07:51:35.734 10 INFO neutron.api.wsgi [None req-8488d060-dd38-46f6-b689-ccf05dd5bc80 b9ce937a6031456c94b46a52e5f6e3d0 1ccb513f25fc44f4bd438183ad6c0ea8 - - default default] 10.0.0.37 "GET /v2.0/subnetpools HTTP/1.1" status: 200 len: 193 time: 0.0062511
2026-07-16 07:51:35.749 10 INFO neutron.api.wsgi [None req-3ac021d2-8745-4abf-b22e-9d3c78e91da2 b9ce937a6031456c94b46a52e5f6e3d0 1ccb513f25fc44f4bd438183ad6c0ea8 - - default default] 10.0.0.37 "GET /v2.0/routers HTTP/1.1" status: 200 len: 189 time: 0.0132811
2026-07-16 07:51:35.760 10 INFO neutron.api.wsgi [None req-b66733bb-d732-4108-a3b1-1ab7465ce285 b9ce937a6031456c94b46a52e5f6e3d0 1ccb513f25fc44f4bd438183ad6c0ea8 - - default default] 10.0.0.37 "GET /v2.0/agents?binary=ovn-controller HTTP/1.1" status: 200 len: 591 time: 0.0107098
2026-07-16 07:51:35.803 10 INFO neutron.api.wsgi [None req-29534168-1994-453d-ab81-de8a31023318 b9ce937a6031456c94b46a52e5f6e3d0 1ccb513f25fc44f4bd438183ad6c0ea8 - - default default] 10.0.0.37 "GET /v2.0/networks HTTP/1.1" status: 200 len: 2350 time: 0.0425837
2026-07-16 07:51:35.831 10 INFO neutron.api.wsgi [None req-e992c388-3ddf-47cf-ae3a-4c9265fce63a b9ce937a6031456c94b46a52e5f6e3d0 1ccb513f25fc44f4bd438183ad6c0ea8 - - default default] 10.0.0.37 "GET /v2.0/subnets HTTP/1.1" status: 200 len: 1484 time: 0.0261538
2026-07-16 07:51:46.579 9 INFO neutron.api.wsgi [-] 10.0.0.197 "GET / HTTP/1.1" status: 200 len: 247 time: 0.0016179
2026-07-16 07:51:46.580 9 INFO neutron.api.wsgi [-] 10.0.0.197 "GET / HTTP/1.1" status: 200 len: 247 time: 0.0011806
2026-07-16 07:52:01.579 9 INFO neutron.api.wsgi [-] 10.0.0.197 "GET / HTTP/1.1" status: 200 len: 247 time: 0.0015237
2026-07-16 07:52:01.581 10 INFO neutron.api.wsgi [-] 10.0.0.197 "GET / HTTP/1.1" status: 200 len: 247 time: 0.0039253
2026-07-16 07:52:16.582 9 INFO neutron.api.wsgi [-] 10.0.0.197 "GET / HTTP/1.1" status: 200 len: 247 time: 0.0023370
2026-07-16 07:52:16.584 9 INFO neutron.api.wsgi [-] 10.0.0.197 "GET / HTTP/1.1" status: 200 len: 247 time: 0.0014341
2026-07-16 07:52:21.228 15 INFO neutron.plugins.ml2.drivers.ovn.mech_driver.ovsdb.maintenance [None req-bbea8f1e-6cdd-4df8-ad78-279769eda177 - - - - - -] OVN maintenance task check_for_inconsistencies finished in 0.019 seconds
2026-07-16 07:52:31.578 9 INFO neutron.api.wsgi [-] 10.0.0.197 "GET / HTTP/1.1" status: 200 len: 247 time: 0.0016088
2026-07-16 07:52:31.580 9 INFO neutron.api.wsgi [-] 10.0.0.197 "GET / HTTP/1.1" status: 200 len: 247 time: 0.0015302
2026-07-16 07:52:35.589 10 INFO neutron.api.wsgi [None req-9027ba6d-5745-4371-a764-c460e4419297 b9ce937a6031456c94b46a52e5f6e3d0 1ccb513f25fc44f4bd438183ad6c0ea8 - - default default] 10.0.0.37 "GET /v2.0/floatingips HTTP/1.1" status: 200 len: 193 time: 0.0851135
2026-07-16 07:52:35.621 10 INFO neutron.api.wsgi [None req-2ce6cd8e-bd62-49e4-be1f-b1344b60a2ad b9ce937a6031456c94b46a52e5f6e3d0 1ccb513f25fc44f4bd438183ad6c0ea8 - - default default] 10.0.0.37 "GET /v2.0/subnets HTTP/1.1" status: 200 len: 1484 time: 0.0309036
2026-07-16 07:52:35.686 10 INFO neutron.api.wsgi [None req-b081395a-8cfe-4222-9f7f-a83fda77570e b9ce937a6031456c94b46a52e5f6e3d0 1ccb513f25fc44f4bd438183ad6c0ea8 - - default default] 10.0.0.37 "GET /v2.0/networks HTTP/1.1" status: 200 len: 2350 time: 0.0644040
2026-07-16 07:52:35.726 10 INFO neutron.api.wsgi [None req-aae4e3c6-2a92-41d3-bedc-a038de61c7b3 b9ce937a6031456c94b46a52e5f6e3d0 1ccb513f25fc44f4bd438183ad6c0ea8 - - default default] 10.0.0.37 "GET /v2.0/security-groups HTTP/1.1" status: 200 len: 17570 time: 0.0351217
2026-07-16 07:52:35.751 10 INFO neutron.api.wsgi [None req-5f993ee1-af66-4544-8ef3-60877cf60966 b9ce937a6031456c94b46a52e5f6e3d0 1ccb513f25fc44f4bd438183ad6c0ea8 - - default default] 10.0.0.37 "GET /v2.0/routers HTTP/1.1" status: 200 len: 189 time: 0.0166967
2026-07-16 07:52:35.790 10 INFO neutron.api.wsgi [None req-cfa04eea-e852-442f-a46e-ab3a745e2d62 b9ce937a6031456c94b46a52e5f6e3d0 1ccb513f25fc44f4bd438183ad6c0ea8 - - default default] 10.0.0.37 "GET /v2.0/agents?binary=ovn-controller HTTP/1.1" status: 200 len: 591 time: 0.0382898
2026-07-16 07:52:35.802 10 INFO neutron.api.wsgi [None req-e01d9465-8ea7-4ac6-99b9-2c2a6eab49e4 b9ce937a6031456c94b46a52e5f6e3d0 1ccb513f25fc44f4bd438183ad6c0ea8 - - default default] 10.0.0.37 "GET /v2.0/agents HTTP/1.1" status: 200 len: 1390 time: 0.0106006
2026-07-16 07:52:35.818 10 INFO neutron.api.wsgi [None req-add82850-d961-475d-a3b9-14fc41d914c0 b9ce937a6031456c94b46a52e5f6e3d0 1ccb513f25fc44f4bd438183ad6c0ea8 - - default default] 10.0.0.37 "GET /v2.0/network-ip-availabilities HTTP/1.1" status: 200 len: 1280 time: 0.0152893
2026-07-16 07:52:35.865 10 INFO neutron.api.wsgi [None req-c8f8cf86-b515-469a-b5c5-b123bd8fbd96 b9ce937a6031456c94b46a52e5f6e3d0 1ccb513f25fc44f4bd438183ad6c0ea8 - - default default] 10.0.0.37 "GET /v2.0/ports HTTP/1.1" status: 200 len: 5343 time: 0.0459907
2026-07-16 07:52:35.897 10 INFO neutron.api.wsgi [None req-e6c3598b-a1ce-4818-805b-db314abd3f81 b9ce937a6031456c94b46a52e5f6e3d0 1ccb513f25fc44f4bd438183ad6c0ea8 - - default default] 10.0.0.37 "GET /v2.0/subnets HTTP/1.1" status: 200 len: 1484 time: 0.0274894
2026-07-16 07:52:35.908 10 INFO neutron.api.wsgi [None req-a4af2e3f-b03e-4b8c-af57-2bc1292d135c b9ce937a6031456c94b46a52e5f6e3d0 1ccb513f25fc44f4bd438183ad6c0ea8 - - default default] 10.0.0.37 "GET /v2.0/subnetpools HTTP/1.1" status: 200 len: 193 time: 0.0097594
2026-07-16 07:52:46.580 9 INFO neutron.api.wsgi [-] 10.0.0.197 "GET / HTTP/1.1" status: 200 len: 247 time: 0.0025783
2026-07-16 07:52:46.581 10 INFO neutron.api.wsgi [-] 10.0.0.197 "GET / HTTP/1.1" status: 200 len: 247 time: 0.0033636
2026-07-16 07:53:01.579 10 INFO neutron.api.wsgi [-] 10.0.0.197 "GET / HTTP/1.1" status: 200 len: 247 time: 0.0025198
2026-07-16 07:53:01.582 10 INFO neutron.api.wsgi [-] 10.0.0.197 "GET / HTTP/1.1" status: 200 len: 247 time: 0.0016580
2026-07-16 07:53:16.578 9 INFO neutron.api.wsgi [-] 10.0.0.197 "GET / HTTP/1.1" status: 200 len: 247 time: 0.0013351
2026-07-16 07:53:16.579 10 INFO neutron.api.wsgi [-] 10.0.0.197 "GET / HTTP/1.1" status: 200 len: 247 time: 0.0015037
2026-07-16 07:53:31.579 10 INFO neutron.api.wsgi [-] 10.0.0.197 "GET / HTTP/1.1" status: 200 len: 247 time: 0.0023091
2026-07-16 07:53:31.583 9 INFO neutron.api.wsgi [-] 10.0.0.197 "GET / HTTP/1.1" status: 200 len: 247 time: 0.0041771
2026-07-16 07:53:35.926 10 INFO neutron.api.wsgi [None req-d663c557-52a1-4c3c-9c7a-f0c6bc055c79 b9ce937a6031456c94b46a52e5f6e3d0 1ccb513f25fc44f4bd438183ad6c0ea8 - - default default] 10.0.0.37 "GET /v2.0/agents HTTP/1.1" status: 200 len: 1390 time: 0.4061801
2026-07-16 07:53:35.942 10 INFO neutron.api.wsgi [None req-c9614650-985c-481e-8e5b-2bd9342f383a b9ce937a6031456c94b46a52e5f6e3d0 1ccb513f25fc44f4bd438183ad6c0ea8 - - default default] 10.0.0.37 "GET /v2.0/floatingips HTTP/1.1" status: 200 len: 193 time: 0.0143335
2026-07-16 07:53:35.996 10 INFO neutron.api.wsgi [None req-7a93e6c7-6453-4f80-bf14-0be1873d4f72 b9ce937a6031456c94b46a52e5f6e3d0 1ccb513f25fc44f4bd438183ad6c0ea8 - - default default] 10.0.0.37 "GET /v2.0/networks HTTP/1.1" status: 200 len: 2350 time: 0.0529282
2026-07-16 07:53:36.037 10 INFO neutron.api.wsgi [None req-e6d6b60b-a594-4c8d-88d4-6d296543e992 b9ce937a6031456c94b46a52e5f6e3d0 1ccb513f25fc44f4bd438183ad6c0ea8 - - default default] 10.0.0.37 "GET /v2.0/ports HTTP/1.1" status: 200 len: 5343 time: 0.0384791
2026-07-16 07:53:36.073 10 INFO neutron.api.wsgi [None req-04df94a6-bb2f-4ea3-b40f-04134246ca9c b9ce937a6031456c94b46a52e5f6e3d0 1ccb513f25fc44f4bd438183ad6c0ea8 - - default default] 10.0.0.37 "GET /v2.0/security-groups HTTP/1.1" status: 200 len: 17570 time: 0.0318840
2026-07-16 07:53:36.093 10 INFO neutron.api.wsgi [None req-e5c0db12-7944-4341-9921-d554d6161e27 b9ce937a6031456c94b46a52e5f6e3d0 1ccb513f25fc44f4bd438183ad6c0ea8 - - default default] 10.0.0.37 "GET /v2.0/network-ip-availabilities HTTP/1.1" status: 200 len: 1280 time: 0.0123942
2026-07-16 07:53:36.120 10 INFO neutron.api.wsgi [None req-6822c2ba-8e48-46a6-96fc-4728dc5285e9 b9ce937a6031456c94b46a52e5f6e3d0 1ccb513f25fc44f4bd438183ad6c0ea8 - - default default] 10.0.0.37 "GET /v2.0/subnets HTTP/1.1" status: 200 len: 1484 time: 0.0257776
2026-07-16 07:53:36.127 10 INFO neutron.api.wsgi [None req-132e4068-0924-4e2a-a9b0-728b8f938fc5 b9ce937a6031456c94b46a52e5f6e3d0 1ccb513f25fc44f4bd438183ad6c0ea8 - - default default] 10.0.0.37 "GET /v2.0/subnetpools HTTP/1.1" status: 200 len: 193 time: 0.0066929
2026-07-16 07:53:36.148 10 INFO neutron.api.wsgi [None req-2b75f26a-aba0-4db1-9183-063949ba4ed5 b9ce937a6031456c94b46a52e5f6e3d0 1ccb513f25fc44f4bd438183ad6c0ea8 - - default default] 10.0.0.37 "GET /v2.0/subnets HTTP/1.1" status: 200 len: 1484 time: 0.0200372
2026-07-16 07:53:36.164 10 INFO neutron.api.wsgi [None req-f09ac5a4-ab37-4f15-8064-d5e60629eda5 b9ce937a6031456c94b46a52e5f6e3d0 1ccb513f25fc44f4bd438183ad6c0ea8 - - default default] 10.0.0.37 "GET /v2.0/routers HTTP/1.1" status: 200 len: 189 time: 0.0148966
2026-07-16 07:53:36.173 10 INFO neutron.api.wsgi [None req-b130fc1b-ae29-4c09-ab0b-2a890368653b b9ce937a6031456c94b46a52e5f6e3d0 1ccb513f25fc44f4bd438183ad6c0ea8 - - default default] 10.0.0.37 "GET /v2.0/agents?binary=ovn-controller HTTP/1.1" status: 200 len: 591 time: 0.0079486
2026-07-16 07:53:46.580 10 INFO neutron.api.wsgi [-] 10.0.0.197 "GET / HTTP/1.1" status: 200 len: 247 time: 0.0022950
2026-07-16 07:53:46.582 9 INFO neutron.api.wsgi [-] 10.0.0.197 "GET / HTTP/1.1" status: 200 len: 247 time: 0.0037849
2026-07-16 07:54:01.582 10 INFO neutron.api.wsgi [-] 10.0.0.197 "GET / HTTP/1.1" status: 200 len: 247 time: 0.0049233
2026-07-16 07:54:01.584 10 INFO neutron.api.wsgi [-] 10.0.0.197 "GET / HTTP/1.1" status: 200 len: 247 time: 0.0013216
2026-07-16 07:54:16.578 10 INFO neutron.api.wsgi [-] 10.0.0.197 "GET / HTTP/1.1" status: 200 len: 247 time: 0.0017524
2026-07-16 07:54:16.578 9 INFO neutron.api.wsgi [-] 10.0.0.197 "GET / HTTP/1.1" status: 200 len: 247 time: 0.0014706
2026-07-16 07:54:31.579 9 INFO neutron.api.wsgi [-] 10.0.0.197 "GET / HTTP/1.1" status: 200 len: 247 time: 0.0016918
2026-07-16 07:54:31.581 9 INFO neutron.api.wsgi [-] 10.0.0.197 "GET / HTTP/1.1" status: 200 len: 247 time: 0.0016828
2026-07-16 07:54:35.696 10 INFO neutron.api.wsgi [None req-ff9accd9-1883-4823-849f-1269d441dc3f b9ce937a6031456c94b46a52e5f6e3d0 1ccb513f25fc44f4bd438183ad6c0ea8 - - default default] 10.0.0.37 "GET /v2.0/agents HTTP/1.1" status: 200 len: 1390 time: 0.1632340
2026-07-16 07:54:35.731 10 INFO neutron.api.wsgi [None req-c8d95fd5-0a9e-4e63-beb9-3d8da2704125 b9ce937a6031456c94b46a52e5f6e3d0 1ccb513f25fc44f4bd438183ad6c0ea8 - - default default] 10.0.0.37 "GET /v2.0/security-groups HTTP/1.1" status: 200 len: 17570 time: 0.0340900
2026-07-16 07:54:35.752 10 INFO neutron.api.wsgi [None req-f9b555cf-1da6-4882-87fc-54667d810d37 b9ce937a6031456c94b46a52e5f6e3d0 1ccb513f25fc44f4bd438183ad6c0ea8 - - default default] 10.0.0.37 "GET /v2.0/routers HTTP/1.1" status: 200 len: 189 time: 0.0152075
2026-07-16 07:54:35.762 10 INFO neutron.api.wsgi [None req-1b5af8fd-e5ad-4624-9d24-0416b557864a b9ce937a6031456c94b46a52e5f6e3d0 1ccb513f25fc44f4bd438183ad6c0ea8 - - default default] 10.0.0.37 "GET /v2.0/agents?binary=ovn-controller HTTP/1.1" status: 200 len: 591 time: 0.0086195
2026-07-16 07:54:35.775 10 INFO neutron.api.wsgi [None req-7c750087-8080-4ad9-b352-53634a8d35c3 b9ce937a6031456c94b46a52e5f6e3d0 1ccb513f25fc44f4bd438183ad6c0ea8 - - default default] 10.0.0.37 "GET /v2.0/network-ip-availabilities HTTP/1.1" status: 200 len: 1280 time: 0.0116451
2026-07-16 07:54:35.826 10 INFO neutron.api.wsgi [None req-f9f6777e-b9cb-4379-8efe-f1da3354da8e b9ce937a6031456c94b46a52e5f6e3d0 1ccb513f25fc44f4bd438183ad6c0ea8 - - default default] 10.0.0.37 "GET /v2.0/networks HTTP/1.1" status: 200 len: 2350 time: 0.0496955
2026-07-16 07:54:35.853 10 INFO neutron.api.wsgi [None req-b170e4ef-13a4-47cc-925d-9f6e124a496f b9ce937a6031456c94b46a52e5f6e3d0 1ccb513f25fc44f4bd438183ad6c0ea8 - - default default] 10.0.0.37 "GET /v2.0/subnets HTTP/1.1" status: 200 len: 1484 time: 0.0231357
2026-07-16 07:54:35.907 10 INFO neutron.api.wsgi [None req-23dbfca6-fea3-4311-9eb3-141e16653418 b9ce937a6031456c94b46a52e5f6e3d0 1ccb513f25fc44f4bd438183ad6c0ea8 - - default default] 10.0.0.37 "GET /v2.0/ports HTTP/1.1" status: 200 len: 5343 time: 0.0526500
2026-07-16 07:54:35.970 10 INFO neutron.api.wsgi [None req-a99e4d89-5373-407a-a32f-66da4fb9222f b9ce937a6031456c94b46a52e5f6e3d0 1ccb513f25fc44f4bd438183ad6c0ea8 - - default default] 10.0.0.37 "GET /v2.0/floatingips HTTP/1.1" status: 200 len: 193 time: 0.0608101
2026-07-16 07:54:35.989 10 INFO neutron.api.wsgi [None req-913bda09-939a-4a2c-bdc2-bce323f48b3d b9ce937a6031456c94b46a52e5f6e3d0 1ccb513f25fc44f4bd438183ad6c0ea8 - - default default] 10.0.0.37 "GET /v2.0/subnets HTTP/1.1" status: 200 len: 1484 time: 0.0186255
2026-07-16 07:54:35.996 10 INFO neutron.api.wsgi [None req-405ab29b-5aed-42b0-844e-e2c2f13d0bf6 b9ce937a6031456c94b46a52e5f6e3d0 1ccb513f25fc44f4bd438183ad6c0ea8 - - default default] 10.0.0.37 "GET /v2.0/subnetpools HTTP/1.1" status: 200 len: 193 time: 0.0055597
2026-07-16 07:54:46.578 9 INFO neutron.api.wsgi [-] 10.0.0.197 "GET / HTTP/1.1" status: 200 len: 247 time: 0.0013149
2026-07-16 07:54:46.580 9 INFO neutron.api.wsgi [-] 10.0.0.197 "GET / HTTP/1.1" status: 200 len: 247 time: 0.0015664
2026-07-16 07:55:01.578 10 INFO neutron.api.wsgi [-] 10.0.0.197 "GET / HTTP/1.1" status: 200 len: 247 time: 0.0016282
2026-07-16 07:55:01.581 10 INFO neutron.api.wsgi [-] 10.0.0.197 "GET / HTTP/1.1" status: 200 len: 247 time: 0.0021379
2026-07-16 07:55:16.579 10 INFO neutron.api.wsgi [-] 10.0.0.197 "GET / HTTP/1.1" status: 200 len: 247 time: 0.0022783
2026-07-16 07:55:16.579 9 INFO neutron.api.wsgi [-] 10.0.0.197 "GET / HTTP/1.1" status: 200 len: 247 time: 0.0024252
2026-07-16 07:55:31.579 10 INFO neutron.api.wsgi [-] 10.0.0.197 "GET / HTTP/1.1" status: 200 len: 247 time: 0.0020988
2026-07-16 07:55:31.579 9 INFO neutron.api.wsgi [-] 10.0.0.197 "GET / HTTP/1.1" status: 200 len: 247 time: 0.0026078
2026-07-16 07:55:35.630 10 INFO neutron.api.wsgi [None req-6dbaf0a2-f719-4653-95d6-7da4b8662ccf b9ce937a6031456c94b46a52e5f6e3d0 1ccb513f25fc44f4bd438183ad6c0ea8 - - default default] 10.0.0.37 "GET /v2.0/floatingips HTTP/1.1" status: 200 len: 193 time: 0.1283441
2026-07-16 07:55:35.660 10 INFO neutron.api.wsgi [None req-6f39038b-c79e-4871-a51f-594fbd92336a b9ce937a6031456c94b46a52e5f6e3d0 1ccb513f25fc44f4bd438183ad6c0ea8 - - default default] 10.0.0.37 "GET /v2.0/subnets HTTP/1.1" status: 200 len: 1484 time: 0.0295758
2026-07-16 07:55:35.714 10 INFO neutron.api.wsgi [None req-47f054ef-4ded-4555-8125-d265ed132240 b9ce937a6031456c94b46a52e5f6e3d0 1ccb513f25fc44f4bd438183ad6c0ea8 - - default default] 10.0.0.37 "GET /v2.0/agents HTTP/1.1" status: 200 len: 1390 time: 0.0479007
2026-07-16 07:55:35.767 10 INFO neutron.api.wsgi [None req-b60f2197-8ac4-439e-8b5b-ba29f8fae017 b9ce937a6031456c94b46a52e5f6e3d0 1ccb513f25fc44f4bd438183ad6c0ea8 - - default default] 10.0.0.37 "GET /v2.0/networks HTTP/1.1" status: 200 len: 2350 time: 0.0523806
2026-07-16 07:55:35.785 10 INFO neutron.api.wsgi [None req-7f973d56-1e6f-477a-8d0e-60e16c397ef9 b9ce937a6031456c94b46a52e5f6e3d0 1ccb513f25fc44f4bd438183ad6c0ea8 - - default default] 10.0.0.37 "GET /v2.0/routers HTTP/1.1" status: 200 len: 189 time: 0.0146186
2026-07-16 07:55:35.795 10 INFO neutron.api.wsgi [None req-74166474-5dcd-4b25-a74a-2b08d7df0c45 b9ce937a6031456c94b46a52e5f6e3d0 1ccb513f25fc44f4bd438183ad6c0ea8 - - default default] 10.0.0.37 "GET /v2.0/agents?binary=ovn-controller HTTP/1.1" status: 200 len: 591 time: 0.0089123
2026-07-16 07:55:35.805 10 INFO neutron.api.wsgi [None req-eb1a0ba1-a12a-4859-8e84-a0d22fbcdefb b9ce937a6031456c94b46a52e5f6e3d0 1ccb513f25fc44f4bd438183ad6c0ea8 - - default default] 10.0.0.37 "GET /v2.0/network-ip-availabilities HTTP/1.1" status: 200 len: 1280 time: 0.0091558
2026-07-16 07:55:35.829 10 INFO neutron.api.wsgi [None req-4835879e-2e9c-4a62-afb6-734d2b762264 b9ce937a6031456c94b46a52e5f6e3d0 1ccb513f25fc44f4bd438183ad6c0ea8 - - default default] 10.0.0.37 "GET /v2.0/subnets HTTP/1.1" status: 200 len: 1484 time: 0.0238330
2026-07-16 07:55:35.837 10 INFO neutron.api.wsgi [None req-f50b0881-43b3-4119-94d6-55e1b32ec580 b9ce937a6031456c94b46a52e5f6e3d0 1ccb513f25fc44f4bd438183ad6c0ea8 - - default default] 10.0.0.37 "GET /v2.0/subnetpools HTTP/1.1" status: 200 len: 193 time: 0.0064635
2026-07-16 07:55:35.868 10 INFO neutron.api.wsgi [None req-bac77312-7cd1-40bb-9a31-17dfae92861a b9ce937a6031456c94b46a52e5f6e3d0 1ccb513f25fc44f4bd438183ad6c0ea8 - - default default] 10.0.0.37 "GET /v2.0/security-groups HTTP/1.1" status: 200 len: 17570 time: 0.0300760
2026-07-16 07:55:35.915 10 INFO neutron.api.wsgi [None req-c20f54ba-c5d0-470e-8a78-f9ccd78bb032 b9ce937a6031456c94b46a52e5f6e3d0 1ccb513f25fc44f4bd438183ad6c0ea8 - - default default] 10.0.0.37 "GET /v2.0/ports HTTP/1.1" status: 200 len: 5343 time: 0.0419240
2026-07-16 07:55:46.578 9 INFO neutron.api.wsgi [-] 10.0.0.197 "GET / HTTP/1.1" status: 200 len: 247 time: 0.0016692
2026-07-16 07:55:46.580 9 INFO neutron.api.wsgi [-] 10.0.0.197 "GET / HTTP/1.1" status: 200 len: 247 time: 0.0008886
2026-07-16 07:56:01.582 10 INFO neutron.api.wsgi [-] 10.0.0.197 "GET / HTTP/1.1" status: 200 len: 247 time: 0.0060179
2026-07-16 07:56:01.584 10 INFO neutron.api.wsgi [-] 10.0.0.197 "GET / HTTP/1.1" status: 200 len: 247 time: 0.0011950
2026-07-16 07:56:16.580 9 INFO neutron.api.wsgi [-] 10.0.0.197 "GET / HTTP/1.1" status: 200 len: 247 time: 0.0024431
2026-07-16 07:56:16.582 9 INFO neutron.api.wsgi [-] 10.0.0.197 "GET / HTTP/1.1" status: 200 len: 247 time: 0.0017507
2026-07-16 07:56:31.579 10 INFO neutron.api.wsgi [-] 10.0.0.197 "GET / HTTP/1.1" status: 200 len: 247 time: 0.0018125
2026-07-16 07:56:31.580 9 INFO neutron.api.wsgi [-] 10.0.0.197 "GET / HTTP/1.1" status: 200 len: 247 time: 0.0031302
2026-07-16 07:56:35.584 10 INFO neutron.api.wsgi [None req-474157e4-4ab5-4643-bd50-716646caa160 b9ce937a6031456c94b46a52e5f6e3d0 1ccb513f25fc44f4bd438183ad6c0ea8 - - default default] 10.0.0.37 "GET /v2.0/routers HTTP/1.1" status: 200 len: 189 time: 0.0810080
2026-07-16 07:56:35.620 10 INFO neutron.api.wsgi [None req-3c252bef-c422-4168-8c19-ec8585498fc9 b9ce937a6031456c94b46a52e5f6e3d0 1ccb513f25fc44f4bd438183ad6c0ea8 - - default default] 10.0.0.37 "GET /v2.0/agents?binary=ovn-controller HTTP/1.1" status: 200 len: 591 time: 0.0358145
2026-07-16 07:56:35.653 10 INFO neutron.api.wsgi [None req-a95356b5-e8cf-461c-95e5-323c90e6ea59 b9ce937a6031456c94b46a52e5f6e3d0 1ccb513f25fc44f4bd438183ad6c0ea8 - - default default] 10.0.0.37 "GET /v2.0/subnets HTTP/1.1" status: 200 len: 1484 time: 0.0327530
2026-07-16 07:56:35.660 10 INFO neutron.api.wsgi [None req-2c7d3cf9-448a-4f7a-9fc1-c32d1560ece4 b9ce937a6031456c94b46a52e5f6e3d0 1ccb513f25fc44f4bd438183ad6c0ea8 - - default default] 10.0.0.37 "GET /v2.0/subnetpools HTTP/1.1" status: 200 len: 193 time: 0.0054123
2026-07-16 07:56:35.671 10 INFO neutron.api.wsgi [None req-affe9135-d9b3-44c9-9887-e9c21d492639 b9ce937a6031456c94b46a52e5f6e3d0 1ccb513f25fc44f4bd438183ad6c0ea8 - - default default] 10.0.0.37 "GET /v2.0/floatingips HTTP/1.1" status: 200 len: 193 time: 0.0107281
2026-07-16 07:56:35.712 10 INFO neutron.api.wsgi [None req-1e83d71d-cb00-4066-83dc-65bc45781644 b9ce937a6031456c94b46a52e5f6e3d0 1ccb513f25fc44f4bd438183ad6c0ea8 - - default default] 10.0.0.37 "GET /v2.0/ports HTTP/1.1" status: 200 len: 5343 time: 0.0402853
2026-07-16 07:56:35.751 10 INFO neutron.api.wsgi [None req-e56783fa-e7f7-4244-89cc-03a979b086f3 b9ce937a6031456c94b46a52e5f6e3d0 1ccb513f25fc44f4bd438183ad6c0ea8 - - default default] 10.0.0.37 "GET /v2.0/security-groups HTTP/1.1" status: 200 len: 17570 time: 0.0352223
2026-07-16 07:56:35.783 10 INFO neutron.api.wsgi [None req-a48aa272-e1ca-4237-915b-5b99e7ccd299 b9ce937a6031456c94b46a52e5f6e3d0 1ccb513f25fc44f4bd438183ad6c0ea8 - - default default] 10.0.0.37 "GET /v2.0/subnets HTTP/1.1" status: 200 len: 1484 time: 0.0249093
2026-07-16 07:56:35.794 10 INFO neutron.api.wsgi [None req-02f1ea84-57fd-4e05-9c38-5d32f0bf29c2 b9ce937a6031456c94b46a52e5f6e3d0 1ccb513f25fc44f4bd438183ad6c0ea8 - - default default] 10.0.0.37 "GET /v2.0/agents HTTP/1.1" status: 200 len: 1390 time: 0.0094163
2026-07-16 07:56:35.803 10 INFO neutron.api.wsgi [None req-9c965f48-ecc7-49c2-8e98-c478ba80d374 b9ce937a6031456c94b46a52e5f6e3d0 1ccb513f25fc44f4bd438183ad6c0ea8 - - default default] 10.0.0.37 "GET /v2.0/network-ip-availabilities HTTP/1.1" status: 200 len: 1280 time: 0.0074160
2026-07-16 07:56:35.847 10 INFO neutron.api.wsgi [None req-51c86a24-9c8e-4f2c-8744-8b1861b1b084 b9ce937a6031456c94b46a52e5f6e3d0 1ccb513f25fc44f4bd438183ad6c0ea8 - - default default] 10.0.0.37 "GET /v2.0/networks HTTP/1.1" status: 200 len: 2350 time: 0.0429282
2026-07-16 07:56:46.579 10 INFO neutron.api.wsgi [-] 10.0.0.197 "GET / HTTP/1.1" status: 200 len: 247 time: 0.0018671
2026-07-16 07:56:46.579 9 INFO neutron.api.wsgi [-] 10.0.0.197 "GET / HTTP/1.1" status: 200 len: 247 time: 0.0022719
2026-07-16 07:57:01.578 9 INFO neutron.api.wsgi [-] 10.0.0.197 "GET / HTTP/1.1" status: 200 len: 247 time: 0.0017037
2026-07-16 07:57:01.581 10 INFO neutron.api.wsgi [-] 10.0.0.197 "GET / HTTP/1.1" status: 200 len: 247 time: 0.0038493
2026-07-16 07:57:16.579 9 INFO neutron.api.wsgi [-] 10.0.0.197 "GET / HTTP/1.1" status: 200 len: 247 time: 0.0022669
2026-07-16 07:57:16.582 10 INFO neutron.api.wsgi [-] 10.0.0.197 "GET / HTTP/1.1" status: 200 len: 247 time: 0.0049503
2026-07-16 07:57:17.077 9 INFO neutron.pecan_wsgi.hooks.translation [None req-a34f778e-8fce-4884-a9e2-5c750eaafdd0 b9ce937a6031456c94b46a52e5f6e3d0 1ccb513f25fc44f4bd438183ad6c0ea8 - - default default] GET failed (client error): The resource could not be found.
2026-07-16 07:57:17.078 9 INFO neutron.api.wsgi [None req-a34f778e-8fce-4884-a9e2-5c750eaafdd0 b9ce937a6031456c94b46a52e5f6e3d0 1ccb513f25fc44f4bd438183ad6c0ea8 - - default default] 199.19.213.177,10.0.0.197 "GET /v2.0/networks/public HTTP/1.1" status: 404 len: 290 time: 0.0538659
2026-07-16 07:57:17.126 9 INFO neutron.api.wsgi [None req-dbade541-f6c4-4026-82ea-86a2fdb7ba4d b9ce937a6031456c94b46a52e5f6e3d0 1ccb513f25fc44f4bd438183ad6c0ea8 - - default default] 199.19.213.177,10.0.0.197 "GET /v2.0/networks?name=public HTTP/1.1" status: 200 len: 928 time: 0.0439451
2026-07-16 07:57:18.303 9 INFO neutron.pecan_wsgi.hooks.translation [None req-df928fdf-9a0b-4462-b3f9-364406362118 b9ce937a6031456c94b46a52e5f6e3d0 1ccb513f25fc44f4bd438183ad6c0ea8 - - default default] GET failed (client error): The resource could not be found.
2026-07-16 07:57:18.304 9 INFO neutron.api.wsgi [None req-df928fdf-9a0b-4462-b3f9-364406362118 b9ce937a6031456c94b46a52e5f6e3d0 1ccb513f25fc44f4bd438183ad6c0ea8 - - default default] 199.19.213.177,10.0.0.197 "GET /v2.0/networks/public HTTP/1.1" status: 404 len: 290 time: 0.0387120
2026-07-16 07:57:18.339 9 INFO neutron.api.wsgi [None req-17782bea-26e8-4070-8011-7157ac11ba5a b9ce937a6031456c94b46a52e5f6e3d0 1ccb513f25fc44f4bd438183ad6c0ea8 - - default default] 199.19.213.177,10.0.0.197 "GET /v2.0/networks?name=public HTTP/1.1" status: 200 len: 928 time: 0.0318229
2026-07-16 07:57:18.354 9 INFO neutron.pecan_wsgi.hooks.translation [None req-3efd4354-86f7-45c1-9cf4-8baf33a438df b9ce937a6031456c94b46a52e5f6e3d0 1ccb513f25fc44f4bd438183ad6c0ea8 - - default default] GET failed (client error): The resource could not be found.
2026-07-16 07:57:18.355 9 INFO neutron.api.wsgi [None req-3efd4354-86f7-45c1-9cf4-8baf33a438df b9ce937a6031456c94b46a52e5f6e3d0 1ccb513f25fc44f4bd438183ad6c0ea8 - - default default] 199.19.213.177,10.0.0.197 "GET /v2.0/subnets/public-subnet?network_id=420e998d-ec99-4f47-a94b-9f1db35f8f08 HTTP/1.1" status: 404 len: 295 time: 0.0080392
2026-07-16 07:57:18.375 9 INFO neutron.api.wsgi [None req-ef483d24-b0c9-4a45-925d-a49757c31dbe b9ce937a6031456c94b46a52e5f6e3d0 1ccb513f25fc44f4bd438183ad6c0ea8 - - default default] 199.19.213.177,10.0.0.197 "GET /v2.0/subnets?name=public-subnet&network_id=420e998d-ec99-4f47-a94b-9f1db35f8f08 HTTP/1.1" status: 200 len: 842 time: 0.0172093
2026-07-16 07:57:21.254 15 INFO neutron.plugins.ml2.drivers.ovn.mech_driver.ovsdb.maintenance [None req-bbea8f1e-6cdd-4df8-ad78-279769eda177 - - - - - -] OVN maintenance task check_for_inconsistencies finished in 0.017 seconds
2026-07-16 07:57:31.579 9 INFO neutron.api.wsgi [-] 10.0.0.197 "GET / HTTP/1.1" status: 200 len: 247 time: 0.0028157
2026-07-16 07:57:31.579 10 INFO neutron.api.wsgi [-] 10.0.0.197 "GET / HTTP/1.1" status: 200 len: 247 time: 0.0025930
2026-07-16 07:57:35.596 10 INFO neutron.api.wsgi [None req-c9386785-b7f7-4d55-a194-cffeb60bba1f b9ce937a6031456c94b46a52e5f6e3d0 1ccb513f25fc44f4bd438183ad6c0ea8 - - default default] 10.0.0.37 "GET /v2.0/subnets HTTP/1.1" status: 200 len: 1484 time: 0.0895238
2026-07-16 07:57:35.607 10 INFO neutron.api.wsgi [None req-37b47c97-f318-4561-a8d1-4a63f7b96172 b9ce937a6031456c94b46a52e5f6e3d0 1ccb513f25fc44f4bd438183ad6c0ea8 - - default default] 10.0.0.37 "GET /v2.0/subnetpools HTTP/1.1" status: 200 len: 193 time: 0.0103855
2026-07-16 07:57:35.628 10 INFO neutron.api.wsgi [None req-453d2a1e-bee3-4885-9e22-5503fd2b1ae8 b9ce937a6031456c94b46a52e5f6e3d0 1ccb513f25fc44f4bd438183ad6c0ea8 - - default default] 10.0.0.37 "GET /v2.0/routers HTTP/1.1" status: 200 len: 189 time: 0.0199184
2026-07-16 07:57:35.671 10 INFO neutron.api.wsgi [None req-276c9e2a-5bae-41f2-80ca-b4049da8dcc3 b9ce937a6031456c94b46a52e5f6e3d0 1ccb513f25fc44f4bd438183ad6c0ea8 - - default default] 10.0.0.37 "GET /v2.0/agents?binary=ovn-controller HTTP/1.1" status: 200 len: 591 time: 0.0419228
2026-07-16 07:57:35.697 10 INFO neutron.api.wsgi [None req-14b0e43e-db24-4749-b93d-8b213e81228d b9ce937a6031456c94b46a52e5f6e3d0 1ccb513f25fc44f4bd438183ad6c0ea8 - - default default] 10.0.0.37 "GET /v2.0/network-ip-availabilities HTTP/1.1" status: 200 len: 1280 time: 0.0248911
2026-07-16 07:57:35.735 10 INFO neutron.api.wsgi [None req-95855b7b-4813-4616-9ae8-eb8c4e2965ea b9ce937a6031456c94b46a52e5f6e3d0 1ccb513f25fc44f4bd438183ad6c0ea8 - - default default] 10.0.0.37 "GET /v2.0/networks HTTP/1.1" status: 200 len: 2350 time: 0.0370770
2026-07-16 07:57:35.746 10 INFO neutron.api.wsgi [None req-19735ca6-e05e-44e7-94f4-4db1bd2bcd51 b9ce937a6031456c94b46a52e5f6e3d0 1ccb513f25fc44f4bd438183ad6c0ea8 - - default default] 10.0.0.37 "GET /v2.0/agents HTTP/1.1" status: 200 len: 1390 time: 0.0089779
2026-07-16 07:57:35.759 10 INFO neutron.api.wsgi [None req-f68ab14f-367a-4033-9045-8c52b193e17e b9ce937a6031456c94b46a52e5f6e3d0 1ccb513f25fc44f4bd438183ad6c0ea8 - - default default] 10.0.0.37 "GET /v2.0/floatingips HTTP/1.1" status: 200 len: 193 time: 0.0122435
2026-07-16 07:57:35.800 10 INFO neutron.api.wsgi [None req-2b0feeb3-111a-4d57-97a4-5553c8f1b058 b9ce937a6031456c94b46a52e5f6e3d0 1ccb513f25fc44f4bd438183ad6c0ea8 - - default default] 10.0.0.37 "GET /v2.0/security-groups HTTP/1.1" status: 200 len: 17570 time: 0.0402949
2026-07-16 07:57:35.830 10 INFO neutron.api.wsgi [None req-12a601e8-c375-4700-9706-54f13b7041fa b9ce937a6031456c94b46a52e5f6e3d0 1ccb513f25fc44f4bd438183ad6c0ea8 - - default default] 10.0.0.37 "GET /v2.0/subnets HTTP/1.1" status: 200 len: 1484 time: 0.0230038
2026-07-16 07:57:35.861 10 INFO neutron.api.wsgi [None req-df081424-6849-4e50-93c9-a248ba075c51 b9ce937a6031456c94b46a52e5f6e3d0 1ccb513f25fc44f4bd438183ad6c0ea8 - - default default] 10.0.0.37 "GET /v2.0/ports HTTP/1.1" status: 200 len: 5343 time: 0.0297310
2026-07-16 07:57:45.024 9 INFO neutron.pecan_wsgi.hooks.translation [None req-3a1e4526-ed78-40c7-af9a-7dc1b79e89b1 b9ce937a6031456c94b46a52e5f6e3d0 1ccb513f25fc44f4bd438183ad6c0ea8 - - default default] GET failed (client error): The resource could not be found.
2026-07-16 07:57:45.025 9 INFO neutron.api.wsgi [None req-3a1e4526-ed78-40c7-af9a-7dc1b79e89b1 b9ce937a6031456c94b46a52e5f6e3d0 1ccb513f25fc44f4bd438183ad6c0ea8 - - default default] 199.19.213.177,10.0.0.197 "GET /v2.0/networks/lb-mgmt-net HTTP/1.1" status: 404 len: 295 time: 0.0432358
2026-07-16 07:57:45.064 9 INFO neutron.api.wsgi [None req-8e0cd2ac-eb3c-4598-93d5-a62fb263cafa b9ce937a6031456c94b46a52e5f6e3d0 1ccb513f25fc44f4bd438183ad6c0ea8 - - default default] 199.19.213.177,10.0.0.197 "GET /v2.0/networks?name=lb-mgmt-net HTTP/1.1" status: 200 len: 913 time: 0.0355282
2026-07-16 07:57:46.000 9 INFO neutron.pecan_wsgi.hooks.translation [None req-21a9fb84-287c-4dc1-a91c-fb201197ebd5 b9ce937a6031456c94b46a52e5f6e3d0 1ccb513f25fc44f4bd438183ad6c0ea8 - - default default] GET failed (client error): The resource could not be found.
2026-07-16 07:57:46.001 9 INFO neutron.api.wsgi [None req-21a9fb84-287c-4dc1-a91c-fb201197ebd5 b9ce937a6031456c94b46a52e5f6e3d0 1ccb513f25fc44f4bd438183ad6c0ea8 - - default default] 199.19.213.177,10.0.0.197 "GET /v2.0/networks/lb-mgmt-net HTTP/1.1" status: 404 len: 295 time: 0.0436571
2026-07-16 07:57:46.041 9 INFO neutron.api.wsgi [None req-7f3a7109-aa7d-4c18-b30a-7e35d9010f07 b9ce937a6031456c94b46a52e5f6e3d0 1ccb513f25fc44f4bd438183ad6c0ea8 - - default default] 199.19.213.177,10.0.0.197 "GET /v2.0/networks?name=lb-mgmt-net HTTP/1.1" status: 200 len: 913 time: 0.0364914
2026-07-16 07:57:46.063 9 INFO neutron.pecan_wsgi.hooks.translation [None req-2b81607d-bfe9-4e82-a68b-1087a4afbf11 b9ce937a6031456c94b46a52e5f6e3d0 1ccb513f25fc44f4bd438183ad6c0ea8 - - default default] GET failed (client error): The resource could not be found.
2026-07-16 07:57:46.064 9 INFO neutron.api.wsgi [None req-2b81607d-bfe9-4e82-a68b-1087a4afbf11 b9ce937a6031456c94b46a52e5f6e3d0 1ccb513f25fc44f4bd438183ad6c0ea8 - - default default] 199.19.213.177,10.0.0.197 "GET /v2.0/subnets/lb-mgmt-subnet?network_id=5f2ee4e4-29bb-4bf6-8d59-918899165bd0 HTTP/1.1" status: 404 len: 296 time: 0.0141335
2026-07-16 07:57:46.089 9 INFO neutron.api.wsgi [None req-b2190627-3491-4d68-97c5-547da2484235 b9ce937a6031456c94b46a52e5f6e3d0 1ccb513f25fc44f4bd438183ad6c0ea8 - - default default] 199.19.213.177,10.0.0.197 "GET /v2.0/subnets?name=lb-mgmt-subnet&network_id=5f2ee4e4-29bb-4bf6-8d59-918899165bd0 HTTP/1.1" status: 200 len: 829 time: 0.0217347
2026-07-16 07:57:46.578 10 INFO neutron.api.wsgi [-] 10.0.0.197 "GET / HTTP/1.1" status: 200 len: 247 time: 0.0015714
2026-07-16 07:57:46.580 10 INFO neutron.api.wsgi [-] 10.0.0.197 "GET / HTTP/1.1" status: 200 len: 247 time: 0.0011711
2026-07-16 07:57:47.220 9 INFO neutron.api.v2.resource [None req-8873112e-4f38-44ac-8d02-c41aff6e6d65 b9ce937a6031456c94b46a52e5f6e3d0 1ccb513f25fc44f4bd438183ad6c0ea8 - - default default] show failed (client error): The resource could not be found.
2026-07-16 07:57:47.221 9 INFO neutron.api.wsgi [None req-8873112e-4f38-44ac-8d02-c41aff6e6d65 b9ce937a6031456c94b46a52e5f6e3d0 1ccb513f25fc44f4bd438183ad6c0ea8 - - default default] 199.19.213.177,10.0.0.197 "GET /v2.0/security-groups/lb-health-mgr-sec-grp HTTP/1.1" status: 404 len: 313 time: 0.0395880
2026-07-16 07:57:47.256 9 INFO neutron.api.wsgi [None req-6d09eb50-c4d2-4a3b-aa07-90e5436c6ac1 b9ce937a6031456c94b46a52e5f6e3d0 1ccb513f25fc44f4bd438183ad6c0ea8 - - default default] 199.19.213.177,10.0.0.197 "GET /v2.0/security-groups?name=lb-health-mgr-sec-grp HTTP/1.1" status: 200 len: 4866 time: 0.0308337
2026-07-16 07:57:48.459 9 INFO neutron.api.wsgi [None req-4771f798-71a1-4b49-bdd1-8f7461b2c10b b9ce937a6031456c94b46a52e5f6e3d0 1ccb513f25fc44f4bd438183ad6c0ea8 - - default default] 199.19.213.177,10.0.0.197 "GET /v2.0/security-groups/aa9f8353-815a-4977-b5c9-2bf879884888 HTTP/1.1" status: 200 len: 4870 time: 0.0588372
2026-07-16 07:57:48.503 9 INFO neutron.api.wsgi [None req-28b69c1c-c702-46b8-a2e2-7a03c02a0a9e b9ce937a6031456c94b46a52e5f6e3d0 1ccb513f25fc44f4bd438183ad6c0ea8 - - default default] 199.19.213.177,10.0.0.197 "GET /v2.0/security-groups/aa9f8353-815a-4977-b5c9-2bf879884888 HTTP/1.1" status: 200 len: 4870 time: 0.0351546
2026-07-16 07:57:48.524 9 INFO neutron.api.wsgi [None req-2a02b5bd-b104-4fc8-bf21-11629bee71fe b9ce937a6031456c94b46a52e5f6e3d0 1ccb513f25fc44f4bd438183ad6c0ea8 - - default default] 199.19.213.177,10.0.0.197 "GET /v2.0/security-group-rules/c57a3f59-cd18-4472-9367-f9e9565b81f5 HTTP/1.1" status: 200 len: 776 time: 0.0162375
2026-07-16 07:57:49.387 9 INFO neutron.api.wsgi [None req-647ed30e-89e7-449b-8537-cd0ad3b0508c b9ce937a6031456c94b46a52e5f6e3d0 1ccb513f25fc44f4bd438183ad6c0ea8 - - default default] 199.19.213.177,10.0.0.197 "GET /v2.0/security-groups/aa9f8353-815a-4977-b5c9-2bf879884888 HTTP/1.1" status: 200 len: 4870 time: 0.0505490
2026-07-16 07:57:49.420 9 INFO neutron.api.wsgi [None req-1f684f66-c621-480e-85fa-b52bfb545c52 b9ce937a6031456c94b46a52e5f6e3d0 1ccb513f25fc44f4bd438183ad6c0ea8 - - default default] 199.19.213.177,10.0.0.197 "GET /v2.0/security-groups/aa9f8353-815a-4977-b5c9-2bf879884888 HTTP/1.1" status: 200 len: 4870 time: 0.0276692
2026-07-16 07:57:49.443 9 INFO neutron.api.wsgi [None req-399fca2a-391f-4e52-9bed-7aa06c3579cf b9ce937a6031456c94b46a52e5f6e3d0 1ccb513f25fc44f4bd438183ad6c0ea8 - - default default] 199.19.213.177,10.0.0.197 "GET /v2.0/security-group-rules/3108c7d1-daa0-408e-9e18-b2bc679c3ba5 HTTP/1.1" status: 200 len: 778 time: 0.0150018
2026-07-16 07:57:50.327 9 INFO neutron.api.wsgi [None req-65761dc2-7111-4a84-836f-898862fbbfd4 b9ce937a6031456c94b46a52e5f6e3d0 1ccb513f25fc44f4bd438183ad6c0ea8 - - default default] 199.19.213.177,10.0.0.197 "GET /v2.0/security-groups/aa9f8353-815a-4977-b5c9-2bf879884888 HTTP/1.1" status: 200 len: 4870 time: 0.0583422
2026-07-16 07:57:50.366 9 INFO neutron.api.wsgi [None req-1cecb070-5412-4be8-afcb-3d88ee079df8 b9ce937a6031456c94b46a52e5f6e3d0 1ccb513f25fc44f4bd438183ad6c0ea8 - - default default] 199.19.213.177,10.0.0.197 "GET /v2.0/security-groups/aa9f8353-815a-4977-b5c9-2bf879884888 HTTP/1.1" status: 200 len: 4870 time: 0.0328565
2026-07-16 07:57:50.448 9 INFO neutron.api.wsgi [None req-65f73b8c-665c-4d68-ba87-a056922d4609 b9ce937a6031456c94b46a52e5f6e3d0 1ccb513f25fc44f4bd438183ad6c0ea8 - - default default] 199.19.213.177,10.0.0.197 "GET /v2.0/security-group-rules/e4ff84b6-0c5c-472b-8694-cacaccc43301 HTTP/1.1" status: 200 len: 778 time: 0.0744686
2026-07-16 07:57:51.341 9 INFO neutron.api.wsgi [None req-72cf7eb8-8eae-4028-9400-1a36bc05e6ac b9ce937a6031456c94b46a52e5f6e3d0 1ccb513f25fc44f4bd438183ad6c0ea8 - - default default] 199.19.213.177,10.0.0.197 "GET /v2.0/security-groups/aa9f8353-815a-4977-b5c9-2bf879884888 HTTP/1.1" status: 200 len: 4870 time: 0.0634787
2026-07-16 07:57:51.381 9 INFO neutron.api.wsgi [None req-a4177a6a-b6d1-4d73-8653-36064ce8132d b9ce937a6031456c94b46a52e5f6e3d0 1ccb513f25fc44f4bd438183ad6c0ea8 - - default default] 199.19.213.177,10.0.0.197 "GET /v2.0/security-groups/aa9f8353-815a-4977-b5c9-2bf879884888 HTTP/1.1" status: 200 len: 4870 time: 0.0332780
2026-07-16 07:57:51.404 9 INFO neutron.api.wsgi [None req-0aff6b0a-a6c6-415a-b420-9b82ef5938be b9ce937a6031456c94b46a52e5f6e3d0 1ccb513f25fc44f4bd438183ad6c0ea8 - - default default] 199.19.213.177,10.0.0.197 "GET /v2.0/security-group-rules/f1a49d92-b008-45ab-93e3-b6d1571bd19a HTTP/1.1" status: 200 len: 778 time: 0.0151694
2026-07-16 07:57:52.269 9 INFO neutron.api.wsgi [None req-fbdb2d2a-f28e-47ac-aeed-369881b06bc7 b9ce937a6031456c94b46a52e5f6e3d0 1ccb513f25fc44f4bd438183ad6c0ea8 - - default default] 199.19.213.177,10.0.0.197 "GET /v2.0/security-groups/aa9f8353-815a-4977-b5c9-2bf879884888 HTTP/1.1" status: 200 len: 4870 time: 0.0562401
2026-07-16 07:57:52.305 9 INFO neutron.api.wsgi [None req-fd6d684a-82ea-4b61-be0f-d6653cad23eb b9ce937a6031456c94b46a52e5f6e3d0 1ccb513f25fc44f4bd438183ad6c0ea8 - - default default] 199.19.213.177,10.0.0.197 "GET /v2.0/security-groups/aa9f8353-815a-4977-b5c9-2bf879884888 HTTP/1.1" status: 200 len: 4870 time: 0.0278635
2026-07-16 07:57:52.327 9 INFO neutron.api.wsgi [None req-f90ea59c-c998-42e0-ad82-c5f1df88f732 b9ce937a6031456c94b46a52e5f6e3d0 1ccb513f25fc44f4bd438183ad6c0ea8 - - default default] 199.19.213.177,10.0.0.197 "GET /v2.0/security-group-rules/473fd5e1-d518-4a9b-b329-cc7b7cea6161 HTTP/1.1" status: 200 len: 778 time: 0.0141206
2026-07-16 07:57:53.560 9 INFO neutron.api.wsgi [None req-caddcad5-b9d2-4915-ae57-8615dc9831d7 b9ce937a6031456c94b46a52e5f6e3d0 1ccb513f25fc44f4bd438183ad6c0ea8 - - default default] 199.19.213.177,10.0.0.197 "GET /v2.0/networks/5f2ee4e4-29bb-4bf6-8d59-918899165bd0 HTTP/1.1" status: 200 len: 910 time: 0.0676768
2026-07-16 07:57:53.588 9 INFO neutron.pecan_wsgi.hooks.translation [None req-e521ff34-fbd6-445b-bca6-370298524e59 b9ce937a6031456c94b46a52e5f6e3d0 1ccb513f25fc44f4bd438183ad6c0ea8 - - default default] GET failed (client error): The resource could not be found.
2026-07-16 07:57:53.589 9 INFO neutron.api.wsgi [None req-e521ff34-fbd6-445b-bca6-370298524e59 b9ce937a6031456c94b46a52e5f6e3d0 1ccb513f25fc44f4bd438183ad6c0ea8 - - default default] 199.19.213.177,10.0.0.197 "GET /v2.0/ports/octavia-health-manager-port-instance?network_id=5f2ee4e4-29bb-4bf6-8d59-918899165bd0 HTTP/1.1" status: 404 len: 314 time: 0.0215778
2026-07-16 07:57:53.635 9 INFO neutron.api.wsgi [None req-325992d5-44dd-4177-a88f-7c03a341d973 b9ce937a6031456c94b46a52e5f6e3d0 1ccb513f25fc44f4bd438183ad6c0ea8 - - default default] 199.19.213.177,10.0.0.197 "GET /v2.0/ports?name=octavia-health-manager-port-instance&network_id=5f2ee4e4-29bb-4bf6-8d59-918899165bd0 HTTP/1.1" status: 200 len: 1391 time: 0.0420055
2026-07-16 07:57:53.680 9 INFO neutron.api.wsgi [None req-7ea4b0b2-6680-4557-86a1-be5a6e40289b b9ce937a6031456c94b46a52e5f6e3d0 1ccb513f25fc44f4bd438183ad6c0ea8 - - default default] 199.19.213.177,10.0.0.197 "GET /v2.0/security-groups/aa9f8353-815a-4977-b5c9-2bf879884888 HTTP/1.1" status: 200 len: 4870 time: 0.0382621
2026-07-16 07:58:00.396 9 INFO neutron.pecan_wsgi.hooks.translation [None req-b530ad29-d323-49d9-94a4-e13c3492fbd9 b9ce937a6031456c94b46a52e5f6e3d0 1ccb513f25fc44f4bd438183ad6c0ea8 - - default default] GET failed (client error): The resource could not be found.
2026-07-16 07:58:00.397 9 INFO neutron.api.wsgi [None req-b530ad29-d323-49d9-94a4-e13c3492fbd9 b9ce937a6031456c94b46a52e5f6e3d0 1ccb513f25fc44f4bd438183ad6c0ea8 - - default default] 199.19.213.177,10.0.0.197 "GET /v2.0/ports/octavia-health-manager-port-instance HTTP/1.1" status: 404 len: 314 time: 0.0554583
2026-07-16 07:58:00.423 9 INFO neutron.api.wsgi [None req-87fbfa4b-ea02-4e54-ae97-6b8b06bb5b2d b9ce937a6031456c94b46a52e5f6e3d0 1ccb513f25fc44f4bd438183ad6c0ea8 - - default default] 199.19.213.177,10.0.0.197 "GET /v2.0/ports?name=octavia-health-manager-port-instance HTTP/1.1" status: 200 len: 1391 time: 0.0228987
2026-07-16 07:58:01.579 9 INFO neutron.api.wsgi [-] 10.0.0.197 "GET / HTTP/1.1" status: 200 len: 247 time: 0.0014637
2026-07-16 07:58:01.580 10 INFO neutron.api.wsgi [-] 10.0.0.197 "GET / HTTP/1.1" status: 200 len: 247 time: 0.0024643
2026-07-16 07:58:01.799 9 INFO neutron.api.wsgi [None req-e2c0ebd0-0c91-4a2c-8896-fb372e130268 b9ce937a6031456c94b46a52e5f6e3d0 1ccb513f25fc44f4bd438183ad6c0ea8 - - default default] 199.19.213.177,10.0.0.197 "GET /v2.0/ports HTTP/1.1" status: 200 len: 5343 time: 0.0769837
2026-07-16 07:58:02.836 9 INFO neutron.api.v2.resource [None req-1e8f03b0-d418-4ae6-9031-9ae2b7e1134f b9ce937a6031456c94b46a52e5f6e3d0 1ccb513f25fc44f4bd438183ad6c0ea8 - - default default] show failed (client error): The resource could not be found.
2026-07-16 07:58:02.837 9 INFO neutron.api.wsgi [None req-1e8f03b0-d418-4ae6-9031-9ae2b7e1134f b9ce937a6031456c94b46a52e5f6e3d0 1ccb513f25fc44f4bd438183ad6c0ea8 - - default default] 199.19.213.177,10.0.0.197 "GET /v2.0/security-groups/lb-mgmt-sec-grp HTTP/1.1" status: 404 len: 307 time: 0.0367534
2026-07-16 07:58:02.869 9 INFO neutron.api.wsgi [None req-b31a5958-7519-4f0c-bb72-921748de92a8 b9ce937a6031456c94b46a52e5f6e3d0 1ccb513f25fc44f4bd438183ad6c0ea8 - - default default] 199.19.213.177,10.0.0.197 "GET /v2.0/security-groups?name=lb-mgmt-sec-grp HTTP/1.1" status: 200 len: 3053 time: 0.0293407
2026-07-16 07:58:03.796 9 INFO neutron.api.wsgi [None req-da4544fe-cd3d-4ebb-91ef-fb5670449a66 b9ce937a6031456c94b46a52e5f6e3d0 1ccb513f25fc44f4bd438183ad6c0ea8 - - default default] 199.19.213.177,10.0.0.197 "GET /v2.0/security-groups/67e1d12a-52d7-46fa-966a-c5b743515333 HTTP/1.1" status: 200 len: 3054 time: 0.0488710
2026-07-16 07:58:03.833 9 INFO neutron.api.wsgi [None req-72e28c08-2429-4b0e-9a95-e625b362e202 b9ce937a6031456c94b46a52e5f6e3d0 1ccb513f25fc44f4bd438183ad6c0ea8 - - default default] 199.19.213.177,10.0.0.197 "GET /v2.0/security-groups/67e1d12a-52d7-46fa-966a-c5b743515333 HTTP/1.1" status: 200 len: 3054 time: 0.0301793
2026-07-16 07:58:03.857 9 INFO neutron.api.wsgi [None req-b05cf6af-886c-47ea-a939-76c7e40983b4 b9ce937a6031456c94b46a52e5f6e3d0 1ccb513f25fc44f4bd438183ad6c0ea8 - - default default] 199.19.213.177,10.0.0.197 "GET /v2.0/security-group-rules/8d7e7631-6303-4b18-badc-d1c510a3f096 HTTP/1.1" status: 200 len: 794 time: 0.0172064
2026-07-16 07:58:04.705 9 INFO neutron.api.wsgi [None req-cb54270e-8d2c-4c2d-bc9d-8bf11d708a3b b9ce937a6031456c94b46a52e5f6e3d0 1ccb513f25fc44f4bd438183ad6c0ea8 - - default default] 199.19.213.177,10.0.0.197 "GET /v2.0/security-groups/67e1d12a-52d7-46fa-966a-c5b743515333 HTTP/1.1" status: 200 len: 3054 time: 0.0613441
2026-07-16 07:58:04.738 9 INFO neutron.api.wsgi [None req-5119aea2-5352-4a4c-bc11-a5678596f575 b9ce937a6031456c94b46a52e5f6e3d0 1ccb513f25fc44f4bd438183ad6c0ea8 - - default default] 199.19.213.177,10.0.0.197 "GET /v2.0/security-groups/67e1d12a-52d7-46fa-966a-c5b743515333 HTTP/1.1" status: 200 len: 3054 time: 0.0246220
2026-07-16 07:58:04.757 9 INFO neutron.api.wsgi [None req-c6ecfbda-8ff6-4afc-94ee-712a4e380d77 b9ce937a6031456c94b46a52e5f6e3d0 1ccb513f25fc44f4bd438183ad6c0ea8 - - default default] 199.19.213.177,10.0.0.197 "GET /v2.0/security-group-rules/9ff159ee-e420-4b87-a9e7-fe4db34bd2ac HTTP/1.1" status: 200 len: 798 time: 0.0122933
2026-07-16 07:58:16.578 10 INFO neutron.api.wsgi [-] 10.0.0.197 "GET / HTTP/1.1" status: 200 len: 247 time: 0.0012350
2026-07-16 07:58:16.580 9 INFO neutron.api.wsgi [-] 10.0.0.197 "GET / HTTP/1.1" status: 200 len: 247 time: 0.0026860
2026-07-16 07:58:16.777 9 INFO neutron.api.wsgi [None req-566ef047-8cfe-41db-8679-c14a3f7e7fe2 b9ce937a6031456c94b46a52e5f6e3d0 1ccb513f25fc44f4bd438183ad6c0ea8 - - default default] 199.19.213.177,10.0.0.197 "GET /v2.0/quotas/1ccb513f25fc44f4bd438183ad6c0ea8 HTTP/1.1" status: 200 len: 466 time: 0.0087185
2026-07-16 07:58:31.579 9 INFO neutron.api.wsgi [-] 10.0.0.197 "GET / HTTP/1.1" status: 200 len: 247 time: 0.0027997
2026-07-16 07:58:31.583 9 INFO neutron.api.wsgi [-] 10.0.0.197 "GET / HTTP/1.1" status: 200 len: 247 time: 0.0022640
2026-07-16 07:58:35.573 10 INFO neutron.api.wsgi [None req-2c8f952d-9718-4082-a2ac-4d6d7fa30b53 b9ce937a6031456c94b46a52e5f6e3d0 1ccb513f25fc44f4bd438183ad6c0ea8 - - default default] 10.0.0.37 "GET /v2.0/floatingips HTTP/1.1" status: 200 len: 193 time: 0.0614305
2026-07-16 07:58:35.629 10 INFO neutron.api.wsgi [None req-c1af8479-9bf3-468d-916b-644c93a432ff b9ce937a6031456c94b46a52e5f6e3d0 1ccb513f25fc44f4bd438183ad6c0ea8 - - default default] 10.0.0.37 "GET /v2.0/networks HTTP/1.1" status: 200 len: 2350 time: 0.0556121
2026-07-16 07:58:35.661 10 INFO neutron.api.wsgi [None req-3e69332b-caec-4bc0-8256-cb98092dd796 b9ce937a6031456c94b46a52e5f6e3d0 1ccb513f25fc44f4bd438183ad6c0ea8 - - default default] 10.0.0.37 "GET /v2.0/subnets HTTP/1.1" status: 200 len: 1484 time: 0.0301378
2026-07-16 07:58:35.679 10 INFO neutron.api.wsgi [None req-3574f2c7-bf55-4f4a-a95d-dccbbf28b8ae b9ce937a6031456c94b46a52e5f6e3d0 1ccb513f25fc44f4bd438183ad6c0ea8 - - default default] 10.0.0.37 "GET /v2.0/routers HTTP/1.1" status: 200 len: 189 time: 0.0163076
2026-07-16 07:58:35.704 10 INFO neutron.api.wsgi [None req-469b69e6-b0e5-4c53-97db-4b2c6ab79c88 b9ce937a6031456c94b46a52e5f6e3d0 1ccb513f25fc44f4bd438183ad6c0ea8 - - default default] 10.0.0.37 "GET /v2.0/agents?binary=ovn-controller HTTP/1.1" status: 200 len: 591 time: 0.0240283
2026-07-16 07:58:35.741 10 INFO neutron.api.wsgi [None req-0917aaea-956a-478b-a36b-e9215fe7b972 b9ce937a6031456c94b46a52e5f6e3d0 1ccb513f25fc44f4bd438183ad6c0ea8 - - default default] 10.0.0.37 "GET /v2.0/security-groups HTTP/1.1" status: 200 len: 17570 time: 0.0354862
2026-07-16 07:58:35.797 10 INFO neutron.api.wsgi [None req-98f420dc-7b03-44ad-b513-43880047fa7c b9ce937a6031456c94b46a52e5f6e3d0 1ccb513f25fc44f4bd438183ad6c0ea8 - - default default] 10.0.0.37 "GET /v2.0/ports HTTP/1.1" status: 200 len: 5343 time: 0.0499661
2026-07-16 07:58:35.827 10 INFO neutron.api.wsgi [None req-a3786c5b-250a-4e8c-829a-0ec071ed0758 b9ce937a6031456c94b46a52e5f6e3d0 1ccb513f25fc44f4bd438183ad6c0ea8 - - default default] 10.0.0.37 "GET /v2.0/subnets HTTP/1.1" status: 200 len: 1484 time: 0.0267060
2026-07-16 07:58:35.835 10 INFO neutron.api.wsgi [None req-88b8aa95-288a-46c4-ace4-df6da7244044 b9ce937a6031456c94b46a52e5f6e3d0 1ccb513f25fc44f4bd438183ad6c0ea8 - - default default] 10.0.0.37 "GET /v2.0/subnetpools HTTP/1.1" status: 200 len: 193 time: 0.0071495
2026-07-16 07:58:35.844 10 INFO neutron.api.wsgi [None req-b84c034d-de2d-4738-97cb-b14b83f0c2e9 b9ce937a6031456c94b46a52e5f6e3d0 1ccb513f25fc44f4bd438183ad6c0ea8 - - default default] 10.0.0.37 "GET /v2.0/agents HTTP/1.1" status: 200 len: 1390 time: 0.0079582
2026-07-16 07:58:35.864 10 INFO neutron.api.wsgi [None req-23a15241-71aa-4f5b-97f3-5aef4de00255 b9ce937a6031456c94b46a52e5f6e3d0 1ccb513f25fc44f4bd438183ad6c0ea8 - - default default] 10.0.0.37 "GET /v2.0/network-ip-availabilities HTTP/1.1" status: 200 len: 1280 time: 0.0196214
2026-07-16 07:58:46.579 9 INFO neutron.api.wsgi [-] 10.0.0.197 "GET / HTTP/1.1" status: 200 len: 247 time: 0.0018127
2026-07-16 07:58:46.582 9 INFO neutron.api.wsgi [-] 10.0.0.197 "GET / HTTP/1.1" status: 200 len: 247 time: 0.0023432
2026-07-16 07:59:01.580 9 INFO neutron.api.wsgi [-] 10.0.0.197 "GET / HTTP/1.1" status: 200 len: 247 time: 0.0031927
2026-07-16 07:59:01.580 10 INFO neutron.api.wsgi [-] 10.0.0.197 "GET / HTTP/1.1" status: 200 len: 247 time: 0.0023766
2026-07-16 07:59:08.559 9 INFO neutron.api.v2.resource [None req-e120eef1-ab62-473e-b463-ce35f210628c b9ce937a6031456c94b46a52e5f6e3d0 1ccb513f25fc44f4bd438183ad6c0ea8 - - default default] show failed (client error): The resource could not be found.
2026-07-16 07:59:08.561 9 INFO neutron.api.wsgi [None req-e120eef1-ab62-473e-b463-ce35f210628c b9ce937a6031456c94b46a52e5f6e3d0 1ccb513f25fc44f4bd438183ad6c0ea8 - - default default] 199.19.213.177,10.0.0.197 "GET /v2.0/security-groups/manila-service-security-group?project_id=5e17cd22ac7a410482bcc6c4d3c6e31a HTTP/1.1" status: 404 len: 321 time: 0.0550189
2026-07-16 07:59:08.595 9 INFO neutron.api.wsgi [None req-c66f8716-299f-40e6-a04e-577964b3c802 b9ce937a6031456c94b46a52e5f6e3d0 1ccb513f25fc44f4bd438183ad6c0ea8 - - default default] 199.19.213.177,10.0.0.197 "GET /v2.0/security-groups?name=manila-service-security-group&project_id=5e17cd22ac7a410482bcc6c4d3c6e31a HTTP/1.1" status: 200 len: 4248 time: 0.0304115
2026-07-16 07:59:09.614 9 INFO neutron.api.wsgi [None req-c50b22a8-7495-4655-83d1-75e186083537 b9ce937a6031456c94b46a52e5f6e3d0 1ccb513f25fc44f4bd438183ad6c0ea8 - - default default] 199.19.213.177,10.0.0.197 "GET /v2.0/security-groups/bf759984-d089-4dd8-b2e7-d0593194d7b2?project_id=5e17cd22ac7a410482bcc6c4d3c6e31a HTTP/1.1" status: 200 len: 4251 time: 0.0569158
2026-07-16 07:59:09.649 9 INFO neutron.api.wsgi [None req-6ec3f8e9-e0e4-4696-ad4a-6315cf155c8f b9ce937a6031456c94b46a52e5f6e3d0 1ccb513f25fc44f4bd438183ad6c0ea8 - - default default] 199.19.213.177,10.0.0.197 "GET /v2.0/security-groups/bf759984-d089-4dd8-b2e7-d0593194d7b2 HTTP/1.1" status: 200 len: 4251 time: 0.0309346
2026-07-16 07:59:09.676 9 INFO neutron.api.wsgi [None req-6ac3187b-623d-4e65-a4dd-7aa85de4f1ba b9ce937a6031456c94b46a52e5f6e3d0 1ccb513f25fc44f4bd438183ad6c0ea8 - - default default] 199.19.213.177,10.0.0.197 "GET /v2.0/security-group-rules/caec343a-3d98-4cb8-a50a-41e7b76b4a89 HTTP/1.1" status: 200 len: 772 time: 0.0207241
2026-07-16 07:59:10.600 9 INFO neutron.api.wsgi [None req-2eb49290-0f29-42ce-bc56-6911c2ea9c97 b9ce937a6031456c94b46a52e5f6e3d0 1ccb513f25fc44f4bd438183ad6c0ea8 - - default default] 199.19.213.177,10.0.0.197 "GET /v2.0/security-groups/bf759984-d089-4dd8-b2e7-d0593194d7b2?project_id=5e17cd22ac7a410482bcc6c4d3c6e31a HTTP/1.1" status: 200 len: 4251 time: 0.0738153
2026-07-16 07:59:10.635 9 INFO neutron.api.wsgi [None req-fab9edb6-a8b4-41f0-9200-b57e9f170e7c b9ce937a6031456c94b46a52e5f6e3d0 1ccb513f25fc44f4bd438183ad6c0ea8 - - default default] 199.19.213.177,10.0.0.197 "GET /v2.0/security-groups/bf759984-d089-4dd8-b2e7-d0593194d7b2 HTTP/1.1" status: 200 len: 4251 time: 0.0301163
2026-07-16 07:59:10.657 9 INFO neutron.api.wsgi [None req-7785baec-3f8a-467f-abe4-cafc13c7b105 b9ce937a6031456c94b46a52e5f6e3d0 1ccb513f25fc44f4bd438183ad6c0ea8 - - default default] 199.19.213.177,10.0.0.197 "GET /v2.0/security-group-rules/7a28ee67-a3cf-41c4-a1b2-0e3259ade4bb HTTP/1.1" status: 200 len: 774 time: 0.0142195
2026-07-16 07:59:11.606 9 INFO neutron.api.wsgi [None req-839d89c8-eabe-47da-8957-fffdfaa79e88 b9ce937a6031456c94b46a52e5f6e3d0 1ccb513f25fc44f4bd438183ad6c0ea8 - - default default] 199.19.213.177,10.0.0.197 "GET /v2.0/security-groups/bf759984-d089-4dd8-b2e7-d0593194d7b2?project_id=5e17cd22ac7a410482bcc6c4d3c6e31a HTTP/1.1" status: 200 len: 4251 time: 0.0634859
2026-07-16 07:59:11.647 9 INFO neutron.api.wsgi [None req-890906d1-f179-4020-b8b0-757e8176b4c4 b9ce937a6031456c94b46a52e5f6e3d0 1ccb513f25fc44f4bd438183ad6c0ea8 - - default default] 199.19.213.177,10.0.0.197 "GET /v2.0/security-groups/bf759984-d089-4dd8-b2e7-d0593194d7b2 HTTP/1.1" status: 200 len: 4251 time: 0.0363524
