2026-07-16 08:02:57.460 10 INFO neutron.db.ovn_revision_numbers_db [None req-f915059c-aac8-4a17-bcfd-843ef9e01c03 b9ce937a6031456c94b46a52e5f6e3d0 1ccb513f25fc44f4bd438183ad6c0ea8 - - default default] Successfully bumped revision number for resource 37a53836-7265-45cd-8fb2-70e193ea997c (type: security_group_rules) to 0
2026-07-16 08:02:57.473 10 INFO neutron.db.ovn_revision_numbers_db [None req-f915059c-aac8-4a17-bcfd-843ef9e01c03 b9ce937a6031456c94b46a52e5f6e3d0 1ccb513f25fc44f4bd438183ad6c0ea8 - - default default] Successfully bumped revision number for resource dfed87f1-ba95-4239-9311-d11196153b13 (type: security_group_rules) to 0
2026-07-16 08:02:57.513 10 INFO neutron.api.wsgi [None req-f915059c-aac8-4a17-bcfd-843ef9e01c03 b9ce937a6031456c94b46a52e5f6e3d0 1ccb513f25fc44f4bd438183ad6c0ea8 - - default default] 10.0.0.205 "GET /v2.0/security-groups?tenant_id=cd964083d1a54dd8a1c46a1eb4fe2769&name=default HTTP/1.1" status: 200 len: 3120 time: 0.2055264
2026-07-16 08:02:57.726 10 INFO neutron.api.wsgi [None req-bb45bbb4-933e-4eb5-a305-09b518bb2d9c b9ce937a6031456c94b46a52e5f6e3d0 1ccb513f25fc44f4bd438183ad6c0ea8 - - default default] 10.0.0.205 "DELETE /v2.0/security-groups/89cce96e-f832-4f7c-bf2f-102f4c2b2341 HTTP/1.1" status: 204 len: 168 time: 0.2083569
2026-07-16 08:02:57.869 10 INFO neutron.api.wsgi [None req-803633e7-dfc6-4185-8980-7b02a419c98a b9ce937a6031456c94b46a52e5f6e3d0 1ccb513f25fc44f4bd438183ad6c0ea8 - - default default] 10.0.0.205 "GET /v2.0/security-groups?tenant_id=2fe20680bd71473db9e3674fc4ca382f&name=default HTTP/1.1" status: 200 len: 3120 time: 0.0378726
2026-07-16 08:02:57.878 10 INFO neutron.api.wsgi [req-2de8ff14-9d39-41f4-9960-8c58ca6f5061 req-dba5a2ed-5fc1-462b-b740-03bb2e4e903d 69d5bcd5b8524d09bb10e1f3e4d6c705 1e2ce196b7ab42b29f3cfed6f32a021c - - default default] 10.0.0.17 "GET /v2.0/ports?device_id=10eefc4b-34db-4e25-a1fc-8b9c2bb470ad HTTP/1.1" status: 200 len: 1172 time: 0.0972855
2026-07-16 08:02:57.923 10 INFO neutron.api.wsgi [req-2de8ff14-9d39-41f4-9960-8c58ca6f5061 req-89143397-82b4-4e30-9dba-797acbad2869 69d5bcd5b8524d09bb10e1f3e4d6c705 1e2ce196b7ab42b29f3cfed6f32a021c - - default default] 10.0.0.17 "GET /v2.0/security-groups?id=91488e0a-a88c-428a-ba9b-07227d4dd54e&fields=id&fields=name HTTP/1.1" status: 200 len: 313 time: 0.0372143
2026-07-16 08:02:58.012 9 INFO neutron.api.wsgi [req-f9e3d500-6818-4d35-ae7b-a8b3c574b813 req-0b40f7ac-50a3-4d41-958d-f87612be6a2d 80602e9fd8ca4ef3b6c20207293c8859 ebbb9c4d376d4aff98f857360cd8b39e - - default default] 10.0.0.17 "GET /v2.0/ports?device_id=3d4dae0c-6475-491d-9cc7-163a2530c779 HTTP/1.1" status: 200 len: 1170 time: 0.0905070
2026-07-16 08:02:58.058 9 INFO neutron.api.wsgi [req-f9e3d500-6818-4d35-ae7b-a8b3c574b813 req-7ae6d955-3214-4bab-af96-dd46bd6784f2 80602e9fd8ca4ef3b6c20207293c8859 ebbb9c4d376d4aff98f857360cd8b39e - - default default] 10.0.0.17 "GET /v2.0/security-groups?id=6770ac67-0de9-4427-a404-b44f18428532&fields=id&fields=name HTTP/1.1" status: 200 len: 313 time: 0.0419300
2026-07-16 08:02:58.149 9 INFO neutron.api.wsgi [None req-d740fa33-320b-46a9-8ba5-7be232ed1240 b9ce937a6031456c94b46a52e5f6e3d0 1ccb513f25fc44f4bd438183ad6c0ea8 - - default default] 10.0.0.205 "DELETE /v2.0/security-groups/f7e13804-ed6e-484c-9a9f-0a12614d27a2 HTTP/1.1" status: 204 len: 168 time: 0.2747619
2026-07-16 08:02:58.767 10 INFO neutron.api.wsgi [-] 10.0.0.205 "GET / HTTP/1.1" status: 200 len: 279 time: 0.0018308
2026-07-16 08:02:58.894 9 INFO neutron.api.wsgi [None req-f5a4c509-a209-4309-b47d-eb5c422c3370 3eca787dae3147c799d6c7ce70bc936d 95be062720d448c89045b6a7f50ba4bb - - default default] 10.0.0.205 "GET /v2.0/ HTTP/1.1" status: 200 len: 826 time: 0.1195452
2026-07-16 08:02:58.919 10 INFO neutron.notifiers.nova [-] Nova event matching ['req-5548fd1c-4ece-496d-a567-911019cbc83c'] response: {'server_uuid': '3d4dae0c-6475-491d-9cc7-163a2530c779', 'name': 'network-vif-plugged', 'status': 'completed', 'tag': '97dee17e-8bae-4f34-a42d-d89d46378abd', 'code': 200}
2026-07-16 08:02:59.017 9 WARNING neutron.plugins.ml2.drivers.ovn.mech_driver.ovsdb.ovn_client [None req-e9d328bc-4fbc-466b-9b9c-ce3b7f1eb261 - - - - - -] No port found with ID c0b449b8-5f59-4c8f-a360-6c7254db70fe: RuntimeError: No port found with ID c0b449b8-5f59-4c8f-a360-6c7254db70fe
2026-07-16 08:02:59.017 9 INFO neutron.plugins.ml2.drivers.ovn.mech_driver.mech_driver [None req-e9d328bc-4fbc-466b-9b9c-ce3b7f1eb261 - - - - - -] OVN reports status up for port: 69d87b4e-c000-4258-9d93-4a8c633935c1
2026-07-16 08:02:59.026 9 INFO neutron.plugins.ml2.plugin [None req-e9d328bc-4fbc-466b-9b9c-ce3b7f1eb261 - - - - - -] Attempt 1 to provision port 69d87b4e-c000-4258-9d93-4a8c633935c1
2026-07-16 08:02:59.128 9 INFO neutron.notifiers.nova [-] Nova event matching ['req-367f1daa-afcf-4e98-9831-c1a08c296a3e'] response: {'server_uuid': '10eefc4b-34db-4e25-a1fc-8b9c2bb470ad', 'name': 'network-vif-plugged', 'status': 'completed', 'tag': '69d87b4e-c000-4258-9d93-4a8c633935c1', 'code': 200}
2026-07-16 08:02:59.153 9 INFO neutron.api.wsgi [req-af71073b-cf31-47dd-82c1-04028d1eaaea req-ba648aee-a998-4295-b5df-15bda9199ecf 80602e9fd8ca4ef3b6c20207293c8859 ebbb9c4d376d4aff98f857360cd8b39e - - default default] 10.0.0.17 "GET /v2.0/ports?device_id=3d4dae0c-6475-491d-9cc7-163a2530c779 HTTP/1.1" status: 200 len: 1170 time: 0.0338399
2026-07-16 08:02:59.190 9 INFO neutron.api.wsgi [req-af71073b-cf31-47dd-82c1-04028d1eaaea req-707117cd-1e03-4115-b761-e8addd4842b5 80602e9fd8ca4ef3b6c20207293c8859 ebbb9c4d376d4aff98f857360cd8b39e - - default default] 10.0.0.17 "GET /v2.0/security-groups?id=6770ac67-0de9-4427-a404-b44f18428532&fields=id&fields=name HTTP/1.1" status: 200 len: 313 time: 0.0326428
2026-07-16 08:02:59.241 9 INFO neutron.db.ovn_revision_numbers_db [None req-e9d328bc-4fbc-466b-9b9c-ce3b7f1eb261 - - - - - -] Successfully bumped revision number for resource 69d87b4e-c000-4258-9d93-4a8c633935c1 (type: ports) to 7
2026-07-16 08:02:59.315 10 INFO neutron.api.wsgi [req-5e84e4b1-7776-4bd9-b58c-606cf449b42f req-cfddc9b5-6b6e-471f-a7ea-160e8e3d2348 80602e9fd8ca4ef3b6c20207293c8859 ebbb9c4d376d4aff98f857360cd8b39e - - default default] 10.0.0.17 "GET /v2.0/ports?device_id=3d4dae0c-6475-491d-9cc7-163a2530c779 HTTP/1.1" status: 200 len: 1170 time: 0.0652077
2026-07-16 08:02:59.627 10 INFO neutron.db.ovn_revision_numbers_db [None req-a30f01fa-4f32-4989-be82-0866e5495604 b9ce937a6031456c94b46a52e5f6e3d0 1ccb513f25fc44f4bd438183ad6c0ea8 - - default default] Successfully bumped revision number for resource c67f109d-de1e-45cf-a75a-9ec23af5c94c (type: security_groups) to 1
2026-07-16 08:02:59.644 10 INFO neutron.db.ovn_revision_numbers_db [None req-a30f01fa-4f32-4989-be82-0866e5495604 b9ce937a6031456c94b46a52e5f6e3d0 1ccb513f25fc44f4bd438183ad6c0ea8 - - default default] Successfully bumped revision number for resource 176c9dc9-536b-4307-b645-84ee042cf150 (type: security_group_rules) to 0
2026-07-16 08:02:59.666 10 INFO neutron.db.ovn_revision_numbers_db [None req-a30f01fa-4f32-4989-be82-0866e5495604 b9ce937a6031456c94b46a52e5f6e3d0 1ccb513f25fc44f4bd438183ad6c0ea8 - - default default] Successfully bumped revision number for resource 6c1ca7ac-2a85-4d10-99dd-c419a8c74af2 (type: security_group_rules) to 0
2026-07-16 08:02:59.683 10 INFO neutron.db.ovn_revision_numbers_db [None req-a30f01fa-4f32-4989-be82-0866e5495604 b9ce937a6031456c94b46a52e5f6e3d0 1ccb513f25fc44f4bd438183ad6c0ea8 - - default default] Successfully bumped revision number for resource b4414d08-50ea-4629-aff2-3e38394e3ac7 (type: security_group_rules) to 0
2026-07-16 08:02:59.706 10 INFO neutron.db.ovn_revision_numbers_db [None req-a30f01fa-4f32-4989-be82-0866e5495604 b9ce937a6031456c94b46a52e5f6e3d0 1ccb513f25fc44f4bd438183ad6c0ea8 - - default default] Successfully bumped revision number for resource bc054ee2-726e-4962-8c5d-fef2e7bf7cbb (type: security_group_rules) to 0
2026-07-16 08:02:59.745 10 INFO neutron.api.wsgi [None req-a30f01fa-4f32-4989-be82-0866e5495604 b9ce937a6031456c94b46a52e5f6e3d0 1ccb513f25fc44f4bd438183ad6c0ea8 - - default default] 10.0.0.205 "GET /v2.0/security-groups?tenant_id=95be062720d448c89045b6a7f50ba4bb&name=default HTTP/1.1" status: 200 len: 3120 time: 0.4756825
2026-07-16 08:02:59.853 10 INFO neutron.db.ovn_revision_numbers_db [None req-b07fd4d3-ce9b-4089-a31d-c21bad10b76b 80602e9fd8ca4ef3b6c20207293c8859 ebbb9c4d376d4aff98f857360cd8b39e - - default default] Successfully bumped revision number for resource 43102607-6677-411c-b9c3-d8fa4812232c (type: floatingips) to 1
2026-07-16 08:02:59.972 10 INFO neutron.db.ovn_revision_numbers_db [None req-b07fd4d3-ce9b-4089-a31d-c21bad10b76b 80602e9fd8ca4ef3b6c20207293c8859 ebbb9c4d376d4aff98f857360cd8b39e - - default default] Successfully bumped revision number for resource 43102607-6677-411c-b9c3-d8fa4812232c (type: floatingips) to 2
2026-07-16 08:02:59.972 10 INFO neutron.db.l3_db [None req-b07fd4d3-ce9b-4089-a31d-c21bad10b76b 80602e9fd8ca4ef3b6c20207293c8859 ebbb9c4d376d4aff98f857360cd8b39e - - default default] Floating IP 43102607-6677-411c-b9c3-d8fa4812232c associated. External IP: 10.96.250.211, port: 97dee17e-8bae-4f34-a42d-d89d46378abd.
2026-07-16 08:03:00.003 10 INFO neutron.api.wsgi [None req-b07fd4d3-ce9b-4089-a31d-c21bad10b76b 80602e9fd8ca4ef3b6c20207293c8859 ebbb9c4d376d4aff98f857360cd8b39e - - default default] 10.0.0.205 "PUT /v2.0/floatingips/43102607-6677-411c-b9c3-d8fa4812232c HTTP/1.1" status: 200 len: 1049 time: 0.6773093
2026-07-16 08:03:00.009 10 INFO neutron.api.wsgi [None req-a8ae6a33-573e-4408-be44-209071258bbb b9ce937a6031456c94b46a52e5f6e3d0 1ccb513f25fc44f4bd438183ad6c0ea8 - - default default] 10.0.0.205 "DELETE /v2.0/security-groups/c67f109d-de1e-45cf-a75a-9ec23af5c94c HTTP/1.1" status: 204 len: 168 time: 0.2585821 /var/lib/openstack/lib/python3.12/site-packages/pycadf/identifier.py:71: UserWarning: Invalid uuid: neutron. To ensure interoperability, identifiers should be a valid uuid. warnings.warn(('Invalid uuid: %s. To ensure interoperability, '
2026-07-16 08:03:00.076 9 INFO neutron.api.wsgi [req-73d3283a-7808-474f-be24-0145425099cf req-06898573-7f36-4f5b-ab0a-15776f5bc581 80602e9fd8ca4ef3b6c20207293c8859 ebbb9c4d376d4aff98f857360cd8b39e - - default default] 10.0.0.17 "GET /v2.0/ports?device_id=3d4dae0c-6475-491d-9cc7-163a2530c779 HTTP/1.1" status: 200 len: 1170 time: 0.0325956
2026-07-16 08:03:00.112 9 INFO neutron.api.wsgi [req-73d3283a-7808-474f-be24-0145425099cf req-efdf0628-b1f7-45d7-9ff4-9c6d2ce0e193 80602e9fd8ca4ef3b6c20207293c8859 ebbb9c4d376d4aff98f857360cd8b39e - - default default] 10.0.0.17 "GET /v2.0/security-groups?id=6770ac67-0de9-4427-a404-b44f18428532&fields=id&fields=name HTTP/1.1" status: 200 len: 313 time: 0.0313597 /var/lib/openstack/lib/python3.12/site-packages/pycadf/identifier.py:71: UserWarning: Invalid uuid: neutron. To ensure interoperability, identifiers should be a valid uuid. warnings.warn(('Invalid uuid: %s. To ensure interoperability, '
2026-07-16 08:03:00.368 10 INFO neutron.api.wsgi [req-93eae54e-9a1e-4f6e-857a-09ae2f116e3f req-cc71d26e-a2e6-4518-a9ca-b93de6e11f07 80602e9fd8ca4ef3b6c20207293c8859 ebbb9c4d376d4aff98f857360cd8b39e - - default default] 10.0.0.17 "GET /v2.0/ports?device_id=3d4dae0c-6475-491d-9cc7-163a2530c779 HTTP/1.1" status: 200 len: 1170 time: 0.0442641
2026-07-16 08:03:00.407 10 INFO neutron.api.wsgi [req-93eae54e-9a1e-4f6e-857a-09ae2f116e3f req-b3c29130-c719-40e6-8796-aadf608657d3 80602e9fd8ca4ef3b6c20207293c8859 ebbb9c4d376d4aff98f857360cd8b39e - - default default] 10.0.0.17 "GET /v2.0/security-groups?id=6770ac67-0de9-4427-a404-b44f18428532&fields=id&fields=name HTTP/1.1" status: 200 len: 313 time: 0.0343392
2026-07-16 08:03:00.883 10 INFO neutron.plugins.ml2.drivers.ovn.mech_driver.mech_driver [None req-ad761bf3-4059-45e3-aee3-4ec9838059d1 - - - - - -] OVN reports status down for port: 97dee17e-8bae-4f34-a42d-d89d46378abd
2026-07-16 08:03:00.953 10 INFO neutron.notifiers.nova [-] Nova event matching ['req-b89ce766-8495-41eb-9376-b5261876bbe8'] response: {'name': 'network-changed', 'server_uuid': '3d4dae0c-6475-491d-9cc7-163a2530c779', 'tag': '97dee17e-8bae-4f34-a42d-d89d46378abd', 'status': 'completed', 'code': 200}
2026-07-16 08:03:01.109 10 INFO neutron.db.ovn_revision_numbers_db [None req-ad761bf3-4059-45e3-aee3-4ec9838059d1 - - - - - -] Successfully bumped revision number for resource 97dee17e-8bae-4f34-a42d-d89d46378abd (type: ports) to 6
2026-07-16 08:03:01.164 9 INFO neutron.notifiers.nova [-] Nova event matching ['req-08d66233-2cf9-43d7-8932-da571590c1dc'] response: {'server_uuid': '10eefc4b-34db-4e25-a1fc-8b9c2bb470ad', 'name': 'network-vif-plugged', 'status': 'completed', 'tag': '69d87b4e-c000-4258-9d93-4a8c633935c1', 'code': 200}
2026-07-16 08:03:01.509 9 INFO neutron.api.wsgi [req-314aa030-8e48-420a-b060-a7059789b822 req-b2f16007-9d03-41ef-b611-3e3b0f5daeea ffa3e627b4de4f94a723cdbe4373c377 5e17cd22ac7a410482bcc6c4d3c6e31a - - 69faa7a73d15429097d2f6940a1a579e 69faa7a73d15429097d2f6940a1a579e] 199.19.213.177 "GET /v2.0/ports?tenant_id=ebbb9c4d376d4aff98f857360cd8b39e&device_id=3d4dae0c-6475-491d-9cc7-163a2530c779 HTTP/1.1" status: 200 len: 1407 time: 0.0457876
2026-07-16 08:03:01.517 9 INFO neutron.api.wsgi [req-548a8e7f-2a6f-4fb7-8764-a890dda16a51 req-ab9a11cc-fc44-4189-ade6-cb6e5c38c54b 80602e9fd8ca4ef3b6c20207293c8859 ebbb9c4d376d4aff98f857360cd8b39e - - default default] 10.0.0.17 "GET /v2.0/ports?device_id=3d4dae0c-6475-491d-9cc7-163a2530c779 HTTP/1.1" status: 200 len: 1168 time: 0.0449386
2026-07-16 08:03:01.560 9 INFO neutron.api.wsgi [req-548a8e7f-2a6f-4fb7-8764-a890dda16a51 req-604a9d74-5464-46ae-9159-22b63fa914d2 80602e9fd8ca4ef3b6c20207293c8859 ebbb9c4d376d4aff98f857360cd8b39e - - default default] 10.0.0.17 "GET /v2.0/security-groups?id=6770ac67-0de9-4427-a404-b44f18428532&fields=id&fields=name HTTP/1.1" status: 200 len: 313 time: 0.0376751
2026-07-16 08:03:01.567 9 INFO neutron.api.wsgi [req-314aa030-8e48-420a-b060-a7059789b822 req-167e5ba9-96e8-4a48-b725-84ebf4364bc9 ffa3e627b4de4f94a723cdbe4373c377 5e17cd22ac7a410482bcc6c4d3c6e31a - - 69faa7a73d15429097d2f6940a1a579e 69faa7a73d15429097d2f6940a1a579e] 199.19.213.177 "GET /v2.0/networks?id=3ecdfcaf-e713-4276-9f55-87f504147541 HTTP/1.1" status: 200 len: 974 time: 0.0486598
2026-07-16 08:03:01.578 9 INFO neutron.api.wsgi [-] 10.0.0.197 "GET / HTTP/1.1" status: 200 len: 247 time: 0.0019093
2026-07-16 08:03:01.579 10 INFO neutron.api.wsgi [-] 10.0.0.197 "GET / HTTP/1.1" status: 200 len: 247 time: 0.0023406
2026-07-16 08:03:01.615 9 INFO neutron.api.wsgi [req-314aa030-8e48-420a-b060-a7059789b822 req-df8838b6-e150-4322-9688-1d12a992ffc4 ffa3e627b4de4f94a723cdbe4373c377 5e17cd22ac7a410482bcc6c4d3c6e31a - - 69faa7a73d15429097d2f6940a1a579e 69faa7a73d15429097d2f6940a1a579e] 199.19.213.177 "GET /v2.0/floatingips?fixed_ip_address=10.100.0.8&port_id=97dee17e-8bae-4f34-a42d-d89d46378abd HTTP/1.1" status: 200 len: 1057 time: 0.0454776
2026-07-16 08:03:01.643 9 INFO neutron.api.wsgi [req-314aa030-8e48-420a-b060-a7059789b822 req-6cc8a4a5-1e60-4061-8fa7-5ffc53b7df73 ffa3e627b4de4f94a723cdbe4373c377 5e17cd22ac7a410482bcc6c4d3c6e31a - - 69faa7a73d15429097d2f6940a1a579e 69faa7a73d15429097d2f6940a1a579e] 199.19.213.177 "GET /v2.0/subnets?id=4d031c39-8a82-4a21-87a0-6fca0112fd1f HTTP/1.1" status: 200 len: 893 time: 0.0238285
2026-07-16 08:03:01.754 9 INFO neutron.api.wsgi [req-314aa030-8e48-420a-b060-a7059789b822 req-bf0d94be-7ec1-4c6b-aa9f-43966370442f ffa3e627b4de4f94a723cdbe4373c377 5e17cd22ac7a410482bcc6c4d3c6e31a - - 69faa7a73d15429097d2f6940a1a579e 69faa7a73d15429097d2f6940a1a579e] 199.19.213.177 "GET /v2.0/ports?network_id=3ecdfcaf-e713-4276-9f55-87f504147541&device_owner=network%3Adhcp HTTP/1.1" status: 200 len: 210 time: 0.0760894
2026-07-16 08:03:01.791 9 INFO neutron.api.wsgi [req-314aa030-8e48-420a-b060-a7059789b822 req-d7f9cfec-861c-4583-a5cd-b1bdef7a39ef ffa3e627b4de4f94a723cdbe4373c377 5e17cd22ac7a410482bcc6c4d3c6e31a - - 69faa7a73d15429097d2f6940a1a579e 69faa7a73d15429097d2f6940a1a579e] 199.19.213.177 "GET /v2.0/networks/3ecdfcaf-e713-4276-9f55-87f504147541?fields=segments HTTP/1.1" status: 200 len: 212 time: 0.0307322
2026-07-16 08:03:01.832 9 INFO neutron.api.wsgi [req-314aa030-8e48-420a-b060-a7059789b822 req-4c2c822e-b0ca-4567-b1a0-d5301f1384ca ffa3e627b4de4f94a723cdbe4373c377 5e17cd22ac7a410482bcc6c4d3c6e31a - - 69faa7a73d15429097d2f6940a1a579e 69faa7a73d15429097d2f6940a1a579e] 199.19.213.177 "GET /v2.0/networks/3ecdfcaf-e713-4276-9f55-87f504147541?fields=provider%3Aphysical_network&fields=provider%3Anetwork_type HTTP/1.1" status: 200 len: 277 time: 0.0351741
2026-07-16 08:03:02.128 9 INFO neutron.api.wsgi [req-3570c154-2ba3-484c-afc8-7cab55516bfc req-0e9cb408-08c1-4fb4-b00f-da39ddb48ed2 80602e9fd8ca4ef3b6c20207293c8859 ebbb9c4d376d4aff98f857360cd8b39e - - default default] 199.19.213.177 "GET /v2.0/ports?device_id=3d4dae0c-6475-491d-9cc7-163a2530c779 HTTP/1.1" status: 200 len: 1168 time: 0.0349610
2026-07-16 08:03:02.436 9 INFO neutron.db.l3_db [req-3570c154-2ba3-484c-afc8-7cab55516bfc req-71800506-4b99-443a-a062-f7982d79ac51 80602e9fd8ca4ef3b6c20207293c8859 ebbb9c4d376d4aff98f857360cd8b39e - - default default] Floating IP 43102607-6677-411c-b9c3-d8fa4812232c disassociated. External IP: 10.96.250.211, port: 97dee17e-8bae-4f34-a42d-d89d46378abd.
2026-07-16 08:03:02.527 9 INFO neutron.api.wsgi [req-3570c154-2ba3-484c-afc8-7cab55516bfc req-71800506-4b99-443a-a062-f7982d79ac51 80602e9fd8ca4ef3b6c20207293c8859 ebbb9c4d376d4aff98f857360cd8b39e - - default default] 199.19.213.177 "DELETE /v2.0/ports/97dee17e-8bae-4f34-a42d-d89d46378abd HTTP/1.1" status: 204 len: 173 time: 0.3935051 /var/lib/openstack/lib/python3.12/site-packages/pycadf/identifier.py:71: UserWarning: Invalid uuid: neutron. To ensure interoperability, identifiers should be a valid uuid. warnings.warn(('Invalid uuid: %s. To ensure interoperability, '
2026-07-16 08:03:02.655 9 INFO neutron.api.wsgi [None req-590ab1a2-a0a1-4b29-9e32-1b62b6ae8d46 375af14d023c441fb426eb6440595beb c94ef5c2fd374bed94606dcf78461115 - - default default] 10.0.0.205 "POST /v2.0/qos/policies HTTP/1.1" status: 201 len: 558 time: 0.2769191
2026-07-16 08:03:02.668 10 INFO neutron.api.wsgi [req-8b522508-d546-404e-a24b-5c712069a4a0 req-83cbe6b9-cd70-4b71-9d22-c1d636e28ed3 80602e9fd8ca4ef3b6c20207293c8859 ebbb9c4d376d4aff98f857360cd8b39e - - default default] 10.0.0.17 "GET /v2.0/ports?device_id=3d4dae0c-6475-491d-9cc7-163a2530c779 HTTP/1.1" status: 200 len: 210 time: 0.0296071
2026-07-16 08:03:02.699 9 INFO neutron.api.wsgi [None req-d805d341-d82f-4f0f-86c1-c195bf7226da 375af14d023c441fb426eb6440595beb c94ef5c2fd374bed94606dcf78461115 - - default default] 10.0.0.205 "POST /v2.0/qos/policies HTTP/1.1" status: 201 len: 558 time: 0.0356624
2026-07-16 08:03:02.737 9 INFO neutron.api.wsgi [None req-094f7f29-7c4e-498b-a90c-58d81d0bfb9e 375af14d023c441fb426eb6440595beb c94ef5c2fd374bed94606dcf78461115 - - default default] 10.0.0.205 "POST /v2.0/qos/policies HTTP/1.1" status: 201 len: 558 time: 0.0319135
2026-07-16 08:03:02.774 9 INFO neutron.api.wsgi [None req-61b85617-44cb-4bd2-bd6a-1266c40b54ee 375af14d023c441fb426eb6440595beb c94ef5c2fd374bed94606dcf78461115 - - default default] 10.0.0.205 "POST /v2.0/qos/policies HTTP/1.1" status: 201 len: 558 time: 0.0323956
2026-07-16 08:03:02.809 9 INFO neutron.api.wsgi [None req-6d392f5e-1d98-4697-b3ec-5078c2cc256e 375af14d023c441fb426eb6440595beb c94ef5c2fd374bed94606dcf78461115 - - default default] 10.0.0.205 "POST /v2.0/qos/policies HTTP/1.1" status: 201 len: 558 time: 0.0305421
2026-07-16 08:03:02.840 9 INFO neutron.api.wsgi [None req-6f4c50d5-2f04-404b-82da-73386f529fa1 375af14d023c441fb426eb6440595beb c94ef5c2fd374bed94606dcf78461115 - - default default] 10.0.0.205 "PUT /v2.0/policies/061c0467-eb7d-4907-a9a7-e2369a7e358c/tags HTTP/1.1" status: 200 len: 210 time: 0.0255013
2026-07-16 08:03:02.870 9 INFO neutron.api.wsgi [None req-8863f362-cf90-4367-9555-8e8d801e47d4 375af14d023c441fb426eb6440595beb c94ef5c2fd374bed94606dcf78461115 - - default default] 10.0.0.205 "PUT /v2.0/policies/8385c2c4-521d-4131-a3ec-6ead709d7e25/tags HTTP/1.1" status: 200 len: 218 time: 0.0256765
2026-07-16 08:03:02.913 9 INFO neutron.api.wsgi [None req-345b8f64-ef8e-4216-a009-9616e3a88817 375af14d023c441fb426eb6440595beb c94ef5c2fd374bed94606dcf78461115 - - default default] 10.0.0.205 "PUT /v2.0/policies/a1ea41bd-936b-46bd-a129-7e66665ad910/tags HTTP/1.1" status: 200 len: 227 time: 0.0383277
2026-07-16 08:03:02.939 9 INFO neutron.api.wsgi [None req-083ff619-2fed-468b-92ce-cb3d1a10a11f 375af14d023c441fb426eb6440595beb c94ef5c2fd374bed94606dcf78461115 - - default default] 10.0.0.205 "PUT /v2.0/policies/cf71916a-2945-4de0-943b-503e54d9047b/tags HTTP/1.1" status: 200 len: 212 time: 0.0204265
2026-07-16 08:03:02.981 10 INFO neutron.notifiers.nova [-] Nova event matching ['req-12572162-4b2e-49ab-a9e5-7075437991c9'] response: {'server_uuid': '3d4dae0c-6475-491d-9cc7-163a2530c779', 'name': 'network-vif-unplugged', 'status': 'completed', 'tag': '97dee17e-8bae-4f34-a42d-d89d46378abd', 'code': 200}
2026-07-16 08:03:02.981 10 INFO neutron.notifiers.nova [-] Nova event matching ['req-12572162-4b2e-49ab-a9e5-7075437991c9'] response: {'server_uuid': '3d4dae0c-6475-491d-9cc7-163a2530c779', 'name': 'network-vif-unplugged', 'status': 'completed', 'tag': '97dee17e-8bae-4f34-a42d-d89d46378abd', 'code': 200}
2026-07-16 08:03:03.203 9 INFO neutron.notifiers.nova [-] Nova event matching ['req-309f495e-8ab4-4cb4-8608-077ea6ceed5e'] response: {'server_uuid': '3d4dae0c-6475-491d-9cc7-163a2530c779', 'name': 'network-vif-deleted', 'tag': '97dee17e-8bae-4f34-a42d-d89d46378abd', 'status': 'completed', 'code': 200}
2026-07-16 08:03:03.405 9 INFO neutron.api.wsgi [None req-a075360b-4736-46c3-a392-07b337bf9b08 a0c24f59445947718087cd6fa21b243b 5b78b6c007f44fbca270bf932e1536df - - default default] 10.0.0.205 "GET /v2.0/qos/policies?tags=red HTTP/1.1" status: 200 len: 1296 time: 0.1038043
2026-07-16 08:03:03.452 9 INFO neutron.api.wsgi [None req-fe2c5c99-d146-4dff-97ac-736a4471100e a0c24f59445947718087cd6fa21b243b 5b78b6c007f44fbca270bf932e1536df - - default default] 10.0.0.205 "GET /v2.0/qos/policies?tags=red%2Cblue HTTP/1.1" status: 200 len: 941 time: 0.0440109
2026-07-16 08:03:03.504 9 INFO neutron.api.wsgi [None req-da71fd3f-1a11-4ebb-89ca-11c2adbbc035 a0c24f59445947718087cd6fa21b243b 5b78b6c007f44fbca270bf932e1536df - - default default] 10.0.0.205 "GET /v2.0/qos/policies?tags-any=blue HTTP/1.1" status: 200 len: 941 time: 0.0461395
2026-07-16 08:03:03.578 9 INFO neutron.api.wsgi [None req-3080ee50-a4c4-472e-8cdd-550b617bdc37 a0c24f59445947718087cd6fa21b243b 5b78b6c007f44fbca270bf932e1536df - - default default] 10.0.0.205 "GET /v2.0/qos/policies?tags-any=red%2Cblue HTTP/1.1" status: 200 len: 1296 time: 0.0694885
2026-07-16 08:03:03.625 9 INFO neutron.api.wsgi [None req-7daacd48-11ff-4ae5-ab8b-c56274f6f7f5 a0c24f59445947718087cd6fa21b243b 5b78b6c007f44fbca270bf932e1536df - - default default] 10.0.0.205 "GET /v2.0/qos/policies?not-tags=red HTTP/1.1" status: 200 len: 913 time: 0.0417528
2026-07-16 08:03:03.699 9 INFO neutron.api.wsgi [None req-1ccb8d16-7f70-4fcb-b5a3-d882a9b128db a0c24f59445947718087cd6fa21b243b 5b78b6c007f44fbca270bf932e1536df - - default default] 10.0.0.205 "GET /v2.0/qos/policies?not-tags=red%2Cblue HTTP/1.1" status: 200 len: 1268 time: 0.0663922
2026-07-16 08:03:03.744 9 INFO neutron.api.wsgi [req-57425388-dc5b-4579-8664-d244cadef363 req-341508f5-63ea-4acc-b81e-c7c98d8d36f6 80602e9fd8ca4ef3b6c20207293c8859 ebbb9c4d376d4aff98f857360cd8b39e - - default default] 10.0.0.17 "GET /v2.0/ports?device_id=3d4dae0c-6475-491d-9cc7-163a2530c779 HTTP/1.1" status: 200 len: 210 time: 0.0160921
2026-07-16 08:03:03.771 9 INFO neutron.api.wsgi [None req-c5789c5c-036a-43ea-9fa6-0900f0775905 a0c24f59445947718087cd6fa21b243b 5b78b6c007f44fbca270bf932e1536df - - default default] 10.0.0.205 "GET /v2.0/qos/policies?not-tags-any=blue HTTP/1.1" status: 200 len: 1268 time: 0.0679386
2026-07-16 08:03:03.811 9 INFO neutron.api.wsgi [None req-d56f79aa-28c0-441e-b5b4-5426fd379a12 a0c24f59445947718087cd6fa21b243b 5b78b6c007f44fbca270bf932e1536df - - default default] 10.0.0.205 "GET /v2.0/qos/policies?not-tags-any=red%2Cblue HTTP/1.1" status: 200 len: 913 time: 0.0367680
2026-07-16 08:03:03.864 9 INFO neutron.api.wsgi [None req-19dc2221-6c70-40dd-906c-e654a7ebbd81 375af14d023c441fb426eb6440595beb c94ef5c2fd374bed94606dcf78461115 - - default default] 10.0.0.205 "DELETE /v2.0/qos/policies/061c0467-eb7d-4907-a9a7-e2369a7e358c HTTP/1.1" status: 204 len: 168 time: 0.0460727
2026-07-16 08:03:03.953 10 INFO neutron.api.wsgi [None req-026fcc91-18d3-4b9e-a83f-49d5e5755935 375af14d023c441fb426eb6440595beb c94ef5c2fd374bed94606dcf78461115 - - default default] 10.0.0.205 "DELETE /v2.0/qos/policies/8385c2c4-521d-4131-a3ec-6ead709d7e25 HTTP/1.1" status: 204 len: 168 time: 0.0793607
2026-07-16 08:03:04.234 10 INFO neutron.api.wsgi [None req-45c1ebbb-577a-44ce-a98d-84a7a2d89495 375af14d023c441fb426eb6440595beb c94ef5c2fd374bed94606dcf78461115 - - default default] 10.0.0.205 "DELETE /v2.0/qos/policies/a1ea41bd-936b-46bd-a129-7e66665ad910 HTTP/1.1" status: 204 len: 168 time: 0.2741833
2026-07-16 08:03:04.277 10 INFO neutron.api.wsgi [None req-b07fc5ed-e127-43ae-8d42-56a2d6255f5c 375af14d023c441fb426eb6440595beb c94ef5c2fd374bed94606dcf78461115 - - default default] 10.0.0.205 "DELETE /v2.0/qos/policies/cf71916a-2945-4de0-943b-503e54d9047b HTTP/1.1" status: 204 len: 168 time: 0.0380521
2026-07-16 08:03:04.318 10 INFO neutron.api.wsgi [None req-0edd9b28-6eb8-456a-b45b-526054e89bb6 375af14d023c441fb426eb6440595beb c94ef5c2fd374bed94606dcf78461115 - - default default] 10.0.0.205 "DELETE /v2.0/qos/policies/d614ee6c-a971-4621-b9b8-af9cc49a8f65 HTTP/1.1" status: 204 len: 168 time: 0.0361869
2026-07-16 08:03:04.390 9 INFO neutron.db.ovn_revision_numbers_db [None req-af7fda25-4a37-41f3-95b8-0eeb0a25f416 b9ce937a6031456c94b46a52e5f6e3d0 1ccb513f25fc44f4bd438183ad6c0ea8 - - default default] Successfully bumped revision number for resource cba244ce-ae71-41f2-a6f3-fe04f14af88c (type: security_groups) to 1
2026-07-16 08:03:04.402 9 INFO neutron.db.ovn_revision_numbers_db [None req-af7fda25-4a37-41f3-95b8-0eeb0a25f416 b9ce937a6031456c94b46a52e5f6e3d0 1ccb513f25fc44f4bd438183ad6c0ea8 - - default default] Successfully bumped revision number for resource 163a7cbf-b954-4e6d-9aa6-a85ea4c8b1f2 (type: security_group_rules) to 0
2026-07-16 08:03:04.414 9 INFO neutron.db.ovn_revision_numbers_db [None req-af7fda25-4a37-41f3-95b8-0eeb0a25f416 b9ce937a6031456c94b46a52e5f6e3d0 1ccb513f25fc44f4bd438183ad6c0ea8 - - default default] Successfully bumped revision number for resource 25fa44fe-4b77-48d2-aa52-de6ca61b7595 (type: security_group_rules) to 0
2026-07-16 08:03:04.428 9 INFO neutron.db.ovn_revision_numbers_db [None req-af7fda25-4a37-41f3-95b8-0eeb0a25f416 b9ce937a6031456c94b46a52e5f6e3d0 1ccb513f25fc44f4bd438183ad6c0ea8 - - default default] Successfully bumped revision number for resource 70ce1c1f-5a42-4c5a-8a05-9cb674e7dcb2 (type: security_group_rules) to 0
2026-07-16 08:03:04.439 9 INFO neutron.db.ovn_revision_numbers_db [None req-af7fda25-4a37-41f3-95b8-0eeb0a25f416 b9ce937a6031456c94b46a52e5f6e3d0 1ccb513f25fc44f4bd438183ad6c0ea8 - - default default] Successfully bumped revision number for resource b868a161-335e-4722-bb15-7d7547e288e0 (type: security_group_rules) to 0
2026-07-16 08:03:04.471 9 INFO neutron.api.wsgi [None req-af7fda25-4a37-41f3-95b8-0eeb0a25f416 b9ce937a6031456c94b46a52e5f6e3d0 1ccb513f25fc44f4bd438183ad6c0ea8 - - default default] 10.0.0.205 "GET /v2.0/security-groups?tenant_id=f4a35f94c6c74904a3c92e0fdb9f79dc&name=default HTTP/1.1" status: 200 len: 3120 time: 0.2644560
2026-07-16 08:03:04.703 9 INFO neutron.api.wsgi [None req-d2c52e5b-7b1e-4c5f-b62b-9d91884a1cb0 b9ce937a6031456c94b46a52e5f6e3d0 1ccb513f25fc44f4bd438183ad6c0ea8 - - default default] 10.0.0.205 "DELETE /v2.0/security-groups/cba244ce-ae71-41f2-a6f3-fe04f14af88c HTTP/1.1" status: 204 len: 168 time: 0.2283182
2026-07-16 08:03:04.823 10 INFO neutron.api.wsgi [req-596d0628-5f09-4802-8d57-0860679e9f9f req-5b5ccb34-06b4-4528-b62b-9612e18234ca 80602e9fd8ca4ef3b6c20207293c8859 ebbb9c4d376d4aff98f857360cd8b39e - - default default] 10.0.0.17 "GET /v2.0/ports?device_id=3d4dae0c-6475-491d-9cc7-163a2530c779 HTTP/1.1" status: 200 len: 210 time: 0.0167661
2026-07-16 08:03:04.934 9 INFO neutron.db.ovn_revision_numbers_db [None req-b8c5b102-ef0a-4fd7-b9ee-5199eadb07d0 b9ce937a6031456c94b46a52e5f6e3d0 1ccb513f25fc44f4bd438183ad6c0ea8 - - default default] Successfully bumped revision number for resource 84d72eed-ee69-4de9-a13a-fc89282a02fc (type: security_groups) to 1
2026-07-16 08:03:04.947 9 INFO neutron.db.ovn_revision_numbers_db [None req-b8c5b102-ef0a-4fd7-b9ee-5199eadb07d0 b9ce937a6031456c94b46a52e5f6e3d0 1ccb513f25fc44f4bd438183ad6c0ea8 - - default default] Successfully bumped revision number for resource 6bdb3741-cfb6-4830-b6fa-b8a23abbf7de (type: security_group_rules) to 0
2026-07-16 08:03:04.959 9 INFO neutron.db.ovn_revision_numbers_db [None req-b8c5b102-ef0a-4fd7-b9ee-5199eadb07d0 b9ce937a6031456c94b46a52e5f6e3d0 1ccb513f25fc44f4bd438183ad6c0ea8 - - default default] Successfully bumped revision number for resource bf9575b6-7cc4-4ef8-a9d4-03999b82bd37 (type: security_group_rules) to 0
2026-07-16 08:03:04.972 9 INFO neutron.db.ovn_revision_numbers_db [None req-b8c5b102-ef0a-4fd7-b9ee-5199eadb07d0 b9ce937a6031456c94b46a52e5f6e3d0 1ccb513f25fc44f4bd438183ad6c0ea8 - - default default] Successfully bumped revision number for resource db26bdb9-b1f6-435e-bdeb-b0e5cecb5031 (type: security_group_rules) to 0
2026-07-16 08:03:04.984 9 INFO neutron.db.ovn_revision_numbers_db [None req-b8c5b102-ef0a-4fd7-b9ee-5199eadb07d0 b9ce937a6031456c94b46a52e5f6e3d0 1ccb513f25fc44f4bd438183ad6c0ea8 - - default default] Successfully bumped revision number for resource edb9272a-15c7-47d9-9fff-0861d9f3aa01 (type: security_group_rules) to 0
2026-07-16 08:03:05.023 9 INFO neutron.api.wsgi [None req-b8c5b102-ef0a-4fd7-b9ee-5199eadb07d0 b9ce937a6031456c94b46a52e5f6e3d0 1ccb513f25fc44f4bd438183ad6c0ea8 - - default default] 10.0.0.205 "GET /v2.0/security-groups?tenant_id=9c2e2a7aec8d410da45ac40ccc2f45f2&name=default HTTP/1.1" status: 200 len: 3120 time: 0.2123315
2026-07-16 08:03:05.411 9 INFO neutron.db.ovn_revision_numbers_db [None req-7a403f8c-c49f-416b-9ca4-d90618acf36c b9ce937a6031456c94b46a52e5f6e3d0 1ccb513f25fc44f4bd438183ad6c0ea8 - - default default] Successfully bumped revision number for resource c389b994-e03d-40c9-b41b-b970821a6072 (type: security_groups) to 1
2026-07-16 08:03:05.422 9 INFO neutron.db.ovn_revision_numbers_db [None req-7a403f8c-c49f-416b-9ca4-d90618acf36c b9ce937a6031456c94b46a52e5f6e3d0 1ccb513f25fc44f4bd438183ad6c0ea8 - - default default] Successfully bumped revision number for resource 040ab8cd-093a-47b6-81fd-f2ce45d0f766 (type: security_group_rules) to 0
2026-07-16 08:03:05.434 9 INFO neutron.db.ovn_revision_numbers_db [None req-7a403f8c-c49f-416b-9ca4-d90618acf36c b9ce937a6031456c94b46a52e5f6e3d0 1ccb513f25fc44f4bd438183ad6c0ea8 - - default default] Successfully bumped revision number for resource 0bdc2f79-d245-4ea4-8559-40f6c3da09c8 (type: security_group_rules) to 0
2026-07-16 08:03:05.444 9 INFO neutron.db.ovn_revision_numbers_db [None req-7a403f8c-c49f-416b-9ca4-d90618acf36c b9ce937a6031456c94b46a52e5f6e3d0 1ccb513f25fc44f4bd438183ad6c0ea8 - - default default] Successfully bumped revision number for resource 16e39d0c-fff7-45b5-98b8-47bcebf3535f (type: security_group_rules) to 0
2026-07-16 08:03:05.460 9 INFO neutron.db.ovn_revision_numbers_db [None req-7a403f8c-c49f-416b-9ca4-d90618acf36c b9ce937a6031456c94b46a52e5f6e3d0 1ccb513f25fc44f4bd438183ad6c0ea8 - - default default] Successfully bumped revision number for resource 23448f52-d01f-4058-a307-1abd9a512f3c (type: security_group_rules) to 0
2026-07-16 08:03:05.480 9 INFO neutron.api.wsgi [None req-c497dc0d-8246-4fde-b986-0115bfc85c1d b9ce937a6031456c94b46a52e5f6e3d0 1ccb513f25fc44f4bd438183ad6c0ea8 - - default default] 10.0.0.205 "DELETE /v2.0/security-groups/84d72eed-ee69-4de9-a13a-fc89282a02fc HTTP/1.1" status: 204 len: 168 time: 0.4532356
2026-07-16 08:03:05.495 9 INFO neutron.api.wsgi [None req-7a403f8c-c49f-416b-9ca4-d90618acf36c b9ce937a6031456c94b46a52e5f6e3d0 1ccb513f25fc44f4bd438183ad6c0ea8 - - default default] 10.0.0.205 "GET /v2.0/security-groups?tenant_id=f0518e108f034d8b9deafc64a66bde39&name=default HTTP/1.1" status: 200 len: 3120 time: 0.4997354
2026-07-16 08:03:05.699 9 INFO neutron.api.wsgi [None req-76c243a6-50d0-4718-87a2-ab322c3f3237 b9ce937a6031456c94b46a52e5f6e3d0 1ccb513f25fc44f4bd438183ad6c0ea8 - - default default] 10.0.0.205 "DELETE /v2.0/security-groups/c389b994-e03d-40c9-b41b-b970821a6072 HTTP/1.1" status: 204 len: 168 time: 0.1996598
2026-07-16 08:03:05.904 10 INFO neutron.db.ovn_revision_numbers_db [None req-a540a6f5-66a8-4ede-9a00-d675974b4d83 b9ce937a6031456c94b46a52e5f6e3d0 1ccb513f25fc44f4bd438183ad6c0ea8 - - default default] Successfully bumped revision number for resource 07032395-162e-44bf-bf12-7aa99fd92dee (type: security_groups) to 1
2026-07-16 08:03:05.923 10 INFO neutron.db.ovn_revision_numbers_db [None req-a540a6f5-66a8-4ede-9a00-d675974b4d83 b9ce937a6031456c94b46a52e5f6e3d0 1ccb513f25fc44f4bd438183ad6c0ea8 - - default default] Successfully bumped revision number for resource 3f948686-890a-4327-ac65-9274a7883523 (type: security_group_rules) to 0
2026-07-16 08:03:05.940 10 INFO neutron.db.ovn_revision_numbers_db [None req-a540a6f5-66a8-4ede-9a00-d675974b4d83 b9ce937a6031456c94b46a52e5f6e3d0 1ccb513f25fc44f4bd438183ad6c0ea8 - - default default] Successfully bumped revision number for resource 52c1ecf2-0b1e-4263-85cd-e8f533e18a57 (type: security_group_rules) to 0
2026-07-16 08:03:05.953 10 INFO neutron.db.ovn_revision_numbers_db [None req-a540a6f5-66a8-4ede-9a00-d675974b4d83 b9ce937a6031456c94b46a52e5f6e3d0 1ccb513f25fc44f4bd438183ad6c0ea8 - - default default] Successfully bumped revision number for resource 7ae646d8-1b38-4aad-9acb-a8ae5ee207dc (type: security_group_rules) to 0
2026-07-16 08:03:05.974 10 INFO neutron.db.ovn_revision_numbers_db [None req-a540a6f5-66a8-4ede-9a00-d675974b4d83 b9ce937a6031456c94b46a52e5f6e3d0 1ccb513f25fc44f4bd438183ad6c0ea8 - - default default] Successfully bumped revision number for resource ca150ffd-7444-4a27-a8db-8a40b98c4815 (type: security_group_rules) to 0
2026-07-16 08:03:06.007 10 INFO neutron.api.wsgi [None req-a540a6f5-66a8-4ede-9a00-d675974b4d83 b9ce937a6031456c94b46a52e5f6e3d0 1ccb513f25fc44f4bd438183ad6c0ea8 - - default default] 10.0.0.205 "GET /v2.0/security-groups?tenant_id=5b78b6c007f44fbca270bf932e1536df&name=default HTTP/1.1" status: 200 len: 3120 time: 0.2036870
2026-07-16 08:03:06.027 10 INFO neutron.api.wsgi [None req-708c2313-5e7e-4a5f-8e13-bc10f7ab9831 80602e9fd8ca4ef3b6c20207293c8859 ebbb9c4d376d4aff98f857360cd8b39e - - default default] 10.0.0.205 "DELETE /v2.0/security-groups/6770ac67-0de9-4427-a404-b44f18428532 HTTP/1.1" status: 204 len: 168 time: 0.1193407
2026-07-16 08:03:06.055 9 INFO neutron.api.v2.resource [None req-fc980e75-51f6-4367-87e1-a4e3fe03a56b 80602e9fd8ca4ef3b6c20207293c8859 ebbb9c4d376d4aff98f857360cd8b39e - - default default] show failed (client error): The resource could not be found.
2026-07-16 08:03:06.056 9 INFO neutron.api.wsgi [None req-fc980e75-51f6-4367-87e1-a4e3fe03a56b 80602e9fd8ca4ef3b6c20207293c8859 ebbb9c4d376d4aff98f857360cd8b39e - - default default] 10.0.0.205 "GET /v2.0/security-groups/6770ac67-0de9-4427-a404-b44f18428532 HTTP/1.1" status: 404 len: 347 time: 0.0160515
2026-07-16 08:03:06.241 9 INFO neutron.api.wsgi [None req-2a9da145-8de8-41e7-b911-682c16d9cb4b b9ce937a6031456c94b46a52e5f6e3d0 1ccb513f25fc44f4bd438183ad6c0ea8 - - default default] 10.0.0.205 "DELETE /v2.0/security-groups/07032395-162e-44bf-bf12-7aa99fd92dee HTTP/1.1" status: 204 len: 168 time: 0.2252176
2026-07-16 08:03:06.307 10 INFO neutron.api.wsgi [None req-5f6016b6-9267-416d-bdc2-2cd65f35f4f1 80602e9fd8ca4ef3b6c20207293c8859 ebbb9c4d376d4aff98f857360cd8b39e - - default default] 10.0.0.205 "DELETE /v2.0/floatingips/43102607-6677-411c-b9c3-d8fa4812232c HTTP/1.1" status: 204 len: 168 time: 0.2426131
2026-07-16 08:03:06.494 10 INFO neutron.db.ovn_revision_numbers_db [None req-b589458f-2b42-4dea-85f6-49615ba600c9 b9ce937a6031456c94b46a52e5f6e3d0 1ccb513f25fc44f4bd438183ad6c0ea8 - - default default] Successfully bumped revision number for resource 62d01435-7c0c-49f3-b959-5090d10cdefb (type: security_groups) to 1
2026-07-16 08:03:06.512 10 INFO neutron.db.ovn_revision_numbers_db [None req-b589458f-2b42-4dea-85f6-49615ba600c9 b9ce937a6031456c94b46a52e5f6e3d0 1ccb513f25fc44f4bd438183ad6c0ea8 - - default default] Successfully bumped revision number for resource 6ec20e93-0482-4bc6-841d-212136a3f4ce (type: security_group_rules) to 0
2026-07-16 08:03:06.527 10 INFO neutron.db.ovn_revision_numbers_db [None req-b589458f-2b42-4dea-85f6-49615ba600c9 b9ce937a6031456c94b46a52e5f6e3d0 1ccb513f25fc44f4bd438183ad6c0ea8 - - default default] Successfully bumped revision number for resource b7f7e17a-c736-4fb5-aae0-fc2b6721d0c3 (type: security_group_rules) to 0
2026-07-16 08:03:06.542 10 INFO neutron.db.ovn_revision_numbers_db [None req-b589458f-2b42-4dea-85f6-49615ba600c9 b9ce937a6031456c94b46a52e5f6e3d0 1ccb513f25fc44f4bd438183ad6c0ea8 - - default default] Successfully bumped revision number for resource c709f717-3b4f-46d9-bc84-d6f321a80ae8 (type: security_group_rules) to 0
2026-07-16 08:03:06.556 10 INFO neutron.db.ovn_revision_numbers_db [None req-b589458f-2b42-4dea-85f6-49615ba600c9 b9ce937a6031456c94b46a52e5f6e3d0 1ccb513f25fc44f4bd438183ad6c0ea8 - - default default] Successfully bumped revision number for resource db322ce4-26c1-43f4-b029-74aa31092847 (type: security_group_rules) to 0
2026-07-16 08:03:06.595 10 INFO neutron.api.wsgi [None req-b589458f-2b42-4dea-85f6-49615ba600c9 b9ce937a6031456c94b46a52e5f6e3d0 1ccb513f25fc44f4bd438183ad6c0ea8 - - default default] 10.0.0.205 "GET /v2.0/security-groups?tenant_id=c94ef5c2fd374bed94606dcf78461115&name=default HTTP/1.1" status: 200 len: 3120 time: 0.2451894
2026-07-16 08:03:06.808 9 INFO neutron.api.wsgi [None req-5c95987d-ea0a-43be-a88a-b602d067f2aa b9ce937a6031456c94b46a52e5f6e3d0 1ccb513f25fc44f4bd438183ad6c0ea8 - - default default] 10.0.0.205 "DELETE /v2.0/security-groups/62d01435-7c0c-49f3-b959-5090d10cdefb HTTP/1.1" status: 204 len: 168 time: 0.2087331
2026-07-16 08:03:07.260 10 INFO neutron.api.wsgi [None req-b8a3fe07-524c-4115-a5ce-83fe39a6b12f b9ce937a6031456c94b46a52e5f6e3d0 1ccb513f25fc44f4bd438183ad6c0ea8 - - default default] 10.0.0.205 "PUT /v2.0/routers/f0106c07-0fae-4593-83f4-a5dead813126/remove_router_interface HTTP/1.1" status: 200 len: 503 time: 0.9487765
2026-07-16 08:03:07.897 9 INFO neutron.api.wsgi [None req-f5b03d84-9c6d-4341-9128-9eb1d2a197ac b9ce937a6031456c94b46a52e5f6e3d0 1ccb513f25fc44f4bd438183ad6c0ea8 - - default default] 10.0.0.205 "DELETE /v2.0/routers/f0106c07-0fae-4593-83f4-a5dead813126 HTTP/1.1" status: 204 len: 168 time: 0.6317027
2026-07-16 08:03:08.074 9 INFO neutron.api.wsgi [None req-84957a8f-4d1c-4921-b8e7-feaa7564de99 b9ce937a6031456c94b46a52e5f6e3d0 1ccb513f25fc44f4bd438183ad6c0ea8 - - default default] 10.0.0.205 "DELETE /v2.0/subnets/4d031c39-8a82-4a21-87a0-6fca0112fd1f HTTP/1.1" status: 204 len: 168 time: 0.1715589
2026-07-16 08:03:08.368 9 INFO neutron.services.segments.plugin [-] Segment 77332d16-7e67-4545-861b-1d2e8aa4d2f3 resource provider aggregate not found
2026-07-16 08:03:08.381 9 INFO neutron.services.segments.plugin [-] Segment 77332d16-7e67-4545-861b-1d2e8aa4d2f3 resource provider aggregate not found
2026-07-16 08:03:08.386 9 INFO neutron.services.segments.plugin [-] Segment 77332d16-7e67-4545-861b-1d2e8aa4d2f3 resource provider not found; error: Placement Client Error (4xx): {"errors": [{"status": 404, "title": "Not Found", "detail": "The resource could not be found.\n\n No resource provider with uuid 77332d16-7e67-4545-861b-1d2e8aa4d2f3 found for delete ", "request_id": "req-6b5e168c-cd1b-40e1-b12f-b2e07741b12e"}]}
2026-07-16 08:03:08.411 9 INFO neutron.api.wsgi [None req-238651bd-fd63-4cb9-b162-7313dc0a023e b9ce937a6031456c94b46a52e5f6e3d0 1ccb513f25fc44f4bd438183ad6c0ea8 - - default default] 10.0.0.205 "DELETE /v2.0/networks/3ecdfcaf-e713-4276-9f55-87f504147541 HTTP/1.1" status: 204 len: 168 time: 0.3298399
2026-07-16 08:03:08.415 9 INFO neutron.services.segments.plugin [-] Segment 77332d16-7e67-4545-861b-1d2e8aa4d2f3 resource provider not found; error: Placement Client Error (4xx): {"errors": [{"status": 404, "title": "Not Found", "detail": "The resource could not be found.\n\n No resource provider with uuid 77332d16-7e67-4545-861b-1d2e8aa4d2f3 found for delete ", "request_id": "req-78a26866-094b-4ef3-a97c-3c0d8163fe04"}]}
2026-07-16 08:03:08.634 9 INFO neutron.api.wsgi [None req-b54f27f5-4081-46a0-9b7f-4e41d1c6028b b9ce937a6031456c94b46a52e5f6e3d0 1ccb513f25fc44f4bd438183ad6c0ea8 - - default default] 10.0.0.205 "GET /v2.0/security-groups?tenant_id=ebbb9c4d376d4aff98f857360cd8b39e&name=default HTTP/1.1" status: 200 len: 3120 time: 0.0403554
2026-07-16 08:03:08.849 9 INFO neutron.api.wsgi [None req-ba2ee6b6-a819-4351-af3f-9c394c77b7be b9ce937a6031456c94b46a52e5f6e3d0 1ccb513f25fc44f4bd438183ad6c0ea8 - - default default] 10.0.0.205 "DELETE /v2.0/security-groups/d42ba2f8-ce3f-4573-9a41-e7e9b23cfa5e HTTP/1.1" status: 204 len: 168 time: 0.2100344
2026-07-16 08:03:10.184 9 INFO neutron.api.wsgi [req-83a6fb09-be90-47e8-8d79-7f69392d34f4 req-0e0f887b-65e8-494e-9dc9-f37e27d46405 ffa3e627b4de4f94a723cdbe4373c377 5e17cd22ac7a410482bcc6c4d3c6e31a - - 69faa7a73d15429097d2f6940a1a579e 69faa7a73d15429097d2f6940a1a579e] 10.0.0.136 "GET /v2.0/ports?device_id=10eefc4b-34db-4e25-a1fc-8b9c2bb470ad HTTP/1.1" status: 200 len: 1413 time: 0.3261619
2026-07-16 08:03:10.225 9 INFO neutron.api.wsgi [req-83a6fb09-be90-47e8-8d79-7f69392d34f4 req-cc482016-ef62-4f22-b34f-e69c957f4aca ffa3e627b4de4f94a723cdbe4373c377 5e17cd22ac7a410482bcc6c4d3c6e31a - - 69faa7a73d15429097d2f6940a1a579e 69faa7a73d15429097d2f6940a1a579e] 10.0.0.136 "GET /v2.0/security-groups?id=91488e0a-a88c-428a-ba9b-07227d4dd54e&fields=id&fields=name HTTP/1.1" status: 200 len: 313 time: 0.0358419
2026-07-16 08:03:11.027 9 WARNING neutron_lib.context [None req-8f1c59cf-36ef-4dbb-965a-3a3fc42e3a53 9d07fd78445d48f7912cb990c941eee6 efc4a9e230e74f14bcdb4d8bf1a255eb - - default default] Method 'is_advsvc' is deprecated since 2023.2 release (neutron-lib 3.8.0) and will be removed once support for the old RBAC API policies will be removed from Neutron. Please use method 'is_service_role' instead.
2026-07-16 08:03:11.123 9 INFO neutron.db.ovn_revision_numbers_db [None req-8f1c59cf-36ef-4dbb-965a-3a3fc42e3a53 9d07fd78445d48f7912cb990c941eee6 efc4a9e230e74f14bcdb4d8bf1a255eb - - default default] Successfully bumped revision number for resource 0758b6a6-cd78-4d9e-9507-421c5ba9e72d (type: routers) to 1
2026-07-16 08:03:11.137 9 INFO neutron.api.wsgi [None req-8f1c59cf-36ef-4dbb-965a-3a3fc42e3a53 9d07fd78445d48f7912cb990c941eee6 efc4a9e230e74f14bcdb4d8bf1a255eb - - default default] 10.0.0.205 "POST /v2.0/routers HTTP/1.1" status: 201 len: 769 time: 0.2413707
2026-07-16 08:03:11.147 9 WARNING neutron_lib.context [None req-dc33df17-8427-4817-bbae-21827d5badee 9d07fd78445d48f7912cb990c941eee6 efc4a9e230e74f14bcdb4d8bf1a255eb - - default default] Method 'is_advsvc' is deprecated since 2023.2 release (neutron-lib 3.8.0) and will be removed once support for the old RBAC API policies will be removed from Neutron. Please use method 'is_service_role' instead.
2026-07-16 08:03:11.254 9 INFO neutron.db.ovn_revision_numbers_db [None req-dc33df17-8427-4817-bbae-21827d5badee 9d07fd78445d48f7912cb990c941eee6 efc4a9e230e74f14bcdb4d8bf1a255eb - - default default] Successfully bumped revision number for resource 68876f8e-041a-4546-8872-976c0f071908 (type: routers) to 1
2026-07-16 08:03:11.275 9 INFO neutron.api.wsgi [None req-dc33df17-8427-4817-bbae-21827d5badee 9d07fd78445d48f7912cb990c941eee6 efc4a9e230e74f14bcdb4d8bf1a255eb - - default default] 10.0.0.205 "POST /v2.0/routers HTTP/1.1" status: 201 len: 769 time: 0.1328347
2026-07-16 08:03:11.283 9 WARNING neutron_lib.context [None req-15f2eef5-3d10-468b-86ea-38e8bea8d587 9d07fd78445d48f7912cb990c941eee6 efc4a9e230e74f14bcdb4d8bf1a255eb - - default default] Method 'is_advsvc' is deprecated since 2023.2 release (neutron-lib 3.8.0) and will be removed once support for the old RBAC API policies will be removed from Neutron. Please use method 'is_service_role' instead.
2026-07-16 08:03:11.365 9 INFO neutron.db.ovn_revision_numbers_db [None req-15f2eef5-3d10-468b-86ea-38e8bea8d587 9d07fd78445d48f7912cb990c941eee6 efc4a9e230e74f14bcdb4d8bf1a255eb - - default default] Successfully bumped revision number for resource 52c6ede1-7795-46cb-a791-9774abe00a7d (type: routers) to 1
2026-07-16 08:03:11.379 9 INFO neutron.api.wsgi [None req-15f2eef5-3d10-468b-86ea-38e8bea8d587 9d07fd78445d48f7912cb990c941eee6 efc4a9e230e74f14bcdb4d8bf1a255eb - - default default] 10.0.0.205 "POST /v2.0/routers HTTP/1.1" status: 201 len: 769 time: 0.0999367
2026-07-16 08:03:11.387 9 WARNING neutron_lib.context [None req-db2c5985-7179-42c6-a072-786f6bd55d93 9d07fd78445d48f7912cb990c941eee6 efc4a9e230e74f14bcdb4d8bf1a255eb - - default default] Method 'is_advsvc' is deprecated since 2023.2 release (neutron-lib 3.8.0) and will be removed once support for the old RBAC API policies will be removed from Neutron. Please use method 'is_service_role' instead.
2026-07-16 08:03:11.478 9 INFO neutron.db.ovn_revision_numbers_db [None req-db2c5985-7179-42c6-a072-786f6bd55d93 9d07fd78445d48f7912cb990c941eee6 efc4a9e230e74f14bcdb4d8bf1a255eb - - default default] Successfully bumped revision number for resource e8ac8fbe-1937-42f4-9a12-f0e2fd3b27b2 (type: routers) to 1
2026-07-16 08:03:11.494 9 INFO neutron.api.wsgi [None req-db2c5985-7179-42c6-a072-786f6bd55d93 9d07fd78445d48f7912cb990c941eee6 efc4a9e230e74f14bcdb4d8bf1a255eb - - default default] 10.0.0.205 "POST /v2.0/routers HTTP/1.1" status: 201 len: 769 time: 0.1112874
2026-07-16 08:03:11.504 9 WARNING neutron_lib.context [None req-3b47c9f1-b616-49c2-8b84-79eb569aea78 9d07fd78445d48f7912cb990c941eee6 efc4a9e230e74f14bcdb4d8bf1a255eb - - default default] Method 'is_advsvc' is deprecated since 2023.2 release (neutron-lib 3.8.0) and will be removed once support for the old RBAC API policies will be removed from Neutron. Please use method 'is_service_role' instead.
2026-07-16 08:03:11.610 9 INFO neutron.db.ovn_revision_numbers_db [None req-3b47c9f1-b616-49c2-8b84-79eb569aea78 9d07fd78445d48f7912cb990c941eee6 efc4a9e230e74f14bcdb4d8bf1a255eb - - default default] Successfully bumped revision number for resource 0aa6b85e-4ee1-40c0-ab4a-b62d6871ff69 (type: routers) to 1
2026-07-16 08:03:11.623 9 INFO neutron.api.wsgi [None req-3b47c9f1-b616-49c2-8b84-79eb569aea78 9d07fd78445d48f7912cb990c941eee6 efc4a9e230e74f14bcdb4d8bf1a255eb - - default default] 10.0.0.205 "POST /v2.0/routers HTTP/1.1" status: 201 len: 769 time: 0.1238339
2026-07-16 08:03:11.689 9 INFO neutron.api.wsgi [None req-75127972-7e4b-4659-a298-b810859be2bc 9d07fd78445d48f7912cb990c941eee6 efc4a9e230e74f14bcdb4d8bf1a255eb - - default default] 10.0.0.205 "PUT /v2.0/routers/0758b6a6-cd78-4d9e-9507-421c5ba9e72d/tags HTTP/1.1" status: 200 len: 210 time: 0.0591569
2026-07-16 08:03:11.747 9 INFO neutron.api.wsgi [None req-efb09129-d0ce-4f9f-b691-d44ec71cb353 9d07fd78445d48f7912cb990c941eee6 efc4a9e230e74f14bcdb4d8bf1a255eb - - default default] 10.0.0.205 "PUT /v2.0/routers/68876f8e-041a-4546-8872-976c0f071908/tags HTTP/1.1" status: 200 len: 218 time: 0.0541720
2026-07-16 08:03:11.804 9 INFO neutron.api.wsgi [None req-f5d3cdb6-7f09-4581-a60a-01547c235af6 9d07fd78445d48f7912cb990c941eee6 efc4a9e230e74f14bcdb4d8bf1a255eb - - default default] 10.0.0.205 "PUT /v2.0/routers/52c6ede1-7795-46cb-a791-9774abe00a7d/tags HTTP/1.1" status: 200 len: 227 time: 0.0490706 /var/lib/openstack/lib/python3.12/site-packages/pycadf/identifier.py:71: UserWarning: Invalid uuid: neutron. To ensure interoperability, identifiers should be a valid uuid. warnings.warn(('Invalid uuid: %s. To ensure interoperability, '
2026-07-16 08:03:11.862 10 INFO neutron.api.wsgi [None req-433ab492-5f0f-4c94-bf43-31cc5352a2da 9d07fd78445d48f7912cb990c941eee6 efc4a9e230e74f14bcdb4d8bf1a255eb - - default default] 10.0.0.205 "PUT /v2.0/routers/e8ac8fbe-1937-42f4-9a12-f0e2fd3b27b2/tags HTTP/1.1" status: 200 len: 212 time: 0.0538886
2026-07-16 08:03:11.925 10 INFO neutron.api.wsgi [None req-ef2ad5bc-6973-474b-9e83-c02252c33739 9d07fd78445d48f7912cb990c941eee6 efc4a9e230e74f14bcdb4d8bf1a255eb - - default default] 10.0.0.205 "GET /v2.0/routers?tags=red HTTP/1.1" status: 200 len: 1946 time: 0.0576560
2026-07-16 08:03:11.980 10 INFO neutron.api.wsgi [None req-1aa30d9d-1379-4fc0-ae04-454a3268ca83 9d07fd78445d48f7912cb990c941eee6 efc4a9e230e74f14bcdb4d8bf1a255eb - - default default] 10.0.0.205 "GET /v2.0/routers?tags=red%2Cblue HTTP/1.1" status: 200 len: 1375 time: 0.0500543
2026-07-16 08:03:12.042 10 INFO neutron.api.wsgi [None req-dab62961-690d-4c0d-ae64-3e36a63254d0 9d07fd78445d48f7912cb990c941eee6 efc4a9e230e74f14bcdb4d8bf1a255eb - - default default] 10.0.0.205 "GET /v2.0/routers?tags-any=blue HTTP/1.1" status: 200 len: 1375 time: 0.0577457
2026-07-16 08:03:12.084 10 INFO neutron.api.wsgi [None req-7f714694-f256-4ecd-89de-7ad641a11f54 9d07fd78445d48f7912cb990c941eee6 efc4a9e230e74f14bcdb4d8bf1a255eb - - default default] 10.0.0.205 "GET /v2.0/routers?tags-any=red%2Cblue HTTP/1.1" status: 200 len: 1946 time: 0.0359459
2026-07-16 08:03:12.132 10 INFO neutron.api.wsgi [None req-0f34435e-503d-4b58-88d7-64a52414d960 9d07fd78445d48f7912cb990c941eee6 efc4a9e230e74f14bcdb4d8bf1a255eb - - default default] 10.0.0.205 "GET /v2.0/routers?not-tags=red HTTP/1.1" status: 200 len: 1347 time: 0.0430293
