2026-07-16 08:03:39.415 9 INFO neutron.api.wsgi [None req-0ee52d91-da09-433c-be99-180cdf63ef33 25c37455438d4a11be1fbb6cebfeda0f 4f2ab21e00b2435eb8204e08fd3b228b - - default default] 10.0.0.205 "GET /v2.0/subnetpools?not-tags-any=red%2Cblue HTTP/1.1" status: 200 len: 1223 time: 0.0209961
2026-07-16 08:03:39.463 9 INFO neutron.api.wsgi [req-5decd66a-5808-4855-90a2-cc32c8c760a3 req-879424dc-56e5-442c-9f09-6de9b342926e ceeacea81e504f44895c79b76062587e d058b34b1af441a98fbe9b4d9d45ffe6 - - default default] 10.0.0.17 "GET /v2.0/ports?device_id=ade5b5e3-55fe-4f8d-b1c2-6d10e8c87b4e HTTP/1.1" status: 200 len: 1168 time: 0.0881662
2026-07-16 08:03:39.469 9 INFO neutron.api.wsgi [None req-33daaa5f-8d4a-475b-b399-4497dd69589a 25c37455438d4a11be1fbb6cebfeda0f 4f2ab21e00b2435eb8204e08fd3b228b - - default default] 10.0.0.205 "DELETE /v2.0/subnetpools/e1be8181-b64b-41e0-8804-7118aaca8a70 HTTP/1.1" status: 204 len: 168 time: 0.0481405
2026-07-16 08:03:39.470 10 INFO neutron.db.segments_db [None req-42f59536-4109-4316-8843-90e4a2e44796 b2cf7df87dfa4ef98024da1adda2b1f7 dc857324ae19465c88ffe1ddad648d6f - - default default] Added segment e06572dc-72c7-46ec-8fb6-ec3cfcb78b5a of type geneve for network 0a650478-2dae-456b-abf8-94450ae7f773
2026-07-16 08:03:39.502 9 INFO neutron.api.wsgi [req-5decd66a-5808-4855-90a2-cc32c8c760a3 req-3fc0ac85-a99e-4b19-b271-dea1a2781fb4 ceeacea81e504f44895c79b76062587e d058b34b1af441a98fbe9b4d9d45ffe6 - - default default] 10.0.0.17 "GET /v2.0/security-groups?id=7cce57c2-7297-45fc-af04-5a05eaeb5596&fields=id&fields=name HTTP/1.1" status: 200 len: 286 time: 0.0326231
2026-07-16 08:03:39.529 10 INFO neutron.api.wsgi [None req-833750d9-5f60-4c4c-93b7-8cb2745a75cf 25c37455438d4a11be1fbb6cebfeda0f 4f2ab21e00b2435eb8204e08fd3b228b - - default default] 10.0.0.205 "DELETE /v2.0/subnetpools/c41e5c66-de7b-4635-9be2-cdc38daeef2d HTTP/1.1" status: 204 len: 168 time: 0.0545886
2026-07-16 08:03:39.592 10 INFO neutron.api.wsgi [None req-ffd874da-13b5-4a06-a72a-931450d288b8 25c37455438d4a11be1fbb6cebfeda0f 4f2ab21e00b2435eb8204e08fd3b228b - - default default] 10.0.0.205 "DELETE /v2.0/subnetpools/3a3c8cee-28e8-45ba-8584-ed6ca81fd7a7 HTTP/1.1" status: 204 len: 168 time: 0.0594704
2026-07-16 08:03:39.600 10 INFO neutron.db.ovn_revision_numbers_db [None req-42f59536-4109-4316-8843-90e4a2e44796 b2cf7df87dfa4ef98024da1adda2b1f7 dc857324ae19465c88ffe1ddad648d6f - - default default] Successfully bumped revision number for resource 0a650478-2dae-456b-abf8-94450ae7f773 (type: networks) to 1
2026-07-16 08:03:39.649 10 INFO neutron.api.wsgi [None req-e055e038-e4cc-4a45-bfed-2570408082e3 25c37455438d4a11be1fbb6cebfeda0f 4f2ab21e00b2435eb8204e08fd3b228b - - default default] 10.0.0.205 "DELETE /v2.0/subnetpools/8d6869d5-35c7-4141-bc7a-7822028cc1fb HTTP/1.1" status: 204 len: 168 time: 0.0531836
2026-07-16 08:03:39.723 9 INFO neutron.api.wsgi [req-66e05c13-d66c-4157-bc36-f0119b5dd124 req-fe7244c1-818d-4340-8a1e-c83a5aaaeaff ffa3e627b4de4f94a723cdbe4373c377 5e17cd22ac7a410482bcc6c4d3c6e31a - - 69faa7a73d15429097d2f6940a1a579e 69faa7a73d15429097d2f6940a1a579e] 199.19.213.177 "GET /v2.0/ports?tenant_id=d058b34b1af441a98fbe9b4d9d45ffe6&device_id=ade5b5e3-55fe-4f8d-b1c2-6d10e8c87b4e HTTP/1.1" status: 200 len: 1407 time: 0.0341616
2026-07-16 08:03:39.726 9 INFO neutron.api.wsgi [None req-73fed670-d00b-4810-8ede-12172332098c 25c37455438d4a11be1fbb6cebfeda0f 4f2ab21e00b2435eb8204e08fd3b228b - - default default] 10.0.0.205 "DELETE /v2.0/subnetpools/a1192312-a604-4b32-bde2-9e8eda606b9e HTTP/1.1" status: 204 len: 168 time: 0.0723588
2026-07-16 08:03:39.748 9 INFO neutron.api.wsgi [req-66e05c13-d66c-4157-bc36-f0119b5dd124 req-b1301f91-6ed4-427e-a983-2bfd662000b5 ffa3e627b4de4f94a723cdbe4373c377 5e17cd22ac7a410482bcc6c4d3c6e31a - - 69faa7a73d15429097d2f6940a1a579e 69faa7a73d15429097d2f6940a1a579e] 199.19.213.177 "GET /v2.0/floatingips?fixed_ip_address=10.100.0.5&port_id=835dc6e8-83c2-432f-a784-441e77324fe6 HTTP/1.1" status: 200 len: 217 time: 0.0201237
2026-07-16 08:03:39.773 9 INFO neutron.api.wsgi [req-66e05c13-d66c-4157-bc36-f0119b5dd124 req-ece8bb39-6f5a-4cc3-8b68-87f01e59ffa2 ffa3e627b4de4f94a723cdbe4373c377 5e17cd22ac7a410482bcc6c4d3c6e31a - - 69faa7a73d15429097d2f6940a1a579e 69faa7a73d15429097d2f6940a1a579e] 199.19.213.177 "GET /v2.0/subnets?id=6e7e2126-29a6-4307-8020-31950f4b5e90 HTTP/1.1" status: 200 len: 895 time: 0.0207198
2026-07-16 08:03:39.781 10 WARNING neutron.scheduler.dhcp_agent_scheduler [None req-42f59536-4109-4316-8843-90e4a2e44796 b2cf7df87dfa4ef98024da1adda2b1f7 dc857324ae19465c88ffe1ddad648d6f - - default default] No more DHCP agents
2026-07-16 08:03:39.782 10 WARNING neutron.api.rpc.agentnotifiers.dhcp_rpc_agent_api [None req-42f59536-4109-4316-8843-90e4a2e44796 b2cf7df87dfa4ef98024da1adda2b1f7 dc857324ae19465c88ffe1ddad648d6f - - default default] Unable to schedule network 0a650478-2dae-456b-abf8-94450ae7f773: no agents available; will retry on subsequent port and subnet creation events.
2026-07-16 08:03:39.794 9 INFO neutron.api.wsgi [req-66e05c13-d66c-4157-bc36-f0119b5dd124 req-1b0f7ba2-1096-45c3-8065-56e03ea36244 ffa3e627b4de4f94a723cdbe4373c377 5e17cd22ac7a410482bcc6c4d3c6e31a - - 69faa7a73d15429097d2f6940a1a579e 69faa7a73d15429097d2f6940a1a579e] 199.19.213.177 "GET /v2.0/ports?network_id=d267897b-b429-4c7a-9d81-9f9cd157adc3&device_owner=network%3Adhcp HTTP/1.1" status: 200 len: 210 time: 0.0157878
2026-07-16 08:03:39.836 9 INFO neutron.api.wsgi [req-66e05c13-d66c-4157-bc36-f0119b5dd124 req-058f1cb0-682c-48af-9317-7bc780f0a843 ffa3e627b4de4f94a723cdbe4373c377 5e17cd22ac7a410482bcc6c4d3c6e31a - - 69faa7a73d15429097d2f6940a1a579e 69faa7a73d15429097d2f6940a1a579e] 199.19.213.177 "GET /v2.0/networks/d267897b-b429-4c7a-9d81-9f9cd157adc3?fields=segments HTTP/1.1" status: 200 len: 212 time: 0.0365500
2026-07-16 08:03:39.839 10 INFO neutron.db.ovn_revision_numbers_db [None req-42f59536-4109-4316-8843-90e4a2e44796 b2cf7df87dfa4ef98024da1adda2b1f7 dc857324ae19465c88ffe1ddad648d6f - - default default] Successfully bumped revision number for resource 37677068-d13d-4341-aeab-7f9373295e7c (type: ports) to 1
2026-07-16 08:03:39.861 10 INFO neutron.api.wsgi [None req-42f59536-4109-4316-8843-90e4a2e44796 b2cf7df87dfa4ef98024da1adda2b1f7 dc857324ae19465c88ffe1ddad648d6f - - default default] 10.0.0.205 "POST /v2.0/networks HTTP/1.1" status: 201 len: 831 time: 0.4691684
2026-07-16 08:03:39.872 10 WARNING neutron_lib.context [None req-3afa1d4e-f3dc-4edc-8259-d99b5b5e63c2 b2cf7df87dfa4ef98024da1adda2b1f7 dc857324ae19465c88ffe1ddad648d6f - - default default] Method 'is_advsvc' is deprecated since 2023.2 release (neutron-lib 3.8.0) and will be removed once support for the old RBAC API policies will be removed from Neutron. Please use method 'is_service_role' instead.
2026-07-16 08:03:39.884 9 INFO neutron.api.wsgi [req-66e05c13-d66c-4157-bc36-f0119b5dd124 req-0be54509-53d6-4bf8-822b-c86cb1f8c53e ffa3e627b4de4f94a723cdbe4373c377 5e17cd22ac7a410482bcc6c4d3c6e31a - - 69faa7a73d15429097d2f6940a1a579e 69faa7a73d15429097d2f6940a1a579e] 199.19.213.177 "GET /v2.0/networks/d267897b-b429-4c7a-9d81-9f9cd157adc3?fields=provider%3Aphysical_network&fields=provider%3Anetwork_type HTTP/1.1" status: 200 len: 277 time: 0.0417988
2026-07-16 08:03:40.074 10 WARNING neutron.scheduler.dhcp_agent_scheduler [None req-3afa1d4e-f3dc-4edc-8259-d99b5b5e63c2 b2cf7df87dfa4ef98024da1adda2b1f7 dc857324ae19465c88ffe1ddad648d6f - - default default] No more DHCP agents
2026-07-16 08:03:40.076 10 WARNING neutron.api.rpc.agentnotifiers.dhcp_rpc_agent_api [None req-3afa1d4e-f3dc-4edc-8259-d99b5b5e63c2 b2cf7df87dfa4ef98024da1adda2b1f7 dc857324ae19465c88ffe1ddad648d6f - - default default] Unable to schedule network 0a650478-2dae-456b-abf8-94450ae7f773: no agents available; will retry on subsequent port and subnet creation events.
2026-07-16 08:03:40.142 10 INFO neutron.db.ovn_revision_numbers_db [None req-3afa1d4e-f3dc-4edc-8259-d99b5b5e63c2 b2cf7df87dfa4ef98024da1adda2b1f7 dc857324ae19465c88ffe1ddad648d6f - - default default] Successfully bumped revision number for resource b225d0e0-3dd8-4f1d-b3c9-f894e0b4adca (type: ports) to 1
2026-07-16 08:03:40.164 10 INFO neutron.api.wsgi [None req-3afa1d4e-f3dc-4edc-8259-d99b5b5e63c2 b2cf7df87dfa4ef98024da1adda2b1f7 dc857324ae19465c88ffe1ddad648d6f - - default default] 10.0.0.205 "POST /v2.0/ports HTTP/1.1" status: 201 len: 942 time: 0.2973878 /var/lib/openstack/lib/python3.12/site-packages/pycadf/identifier.py:71: UserWarning: Invalid uuid: neutron. To ensure interoperability, identifiers should be a valid uuid. warnings.warn(('Invalid uuid: %s. To ensure interoperability, '
2026-07-16 08:03:40.173 10 WARNING neutron_lib.context [None req-b806b755-eda2-4610-ba4e-f23730448c4c b2cf7df87dfa4ef98024da1adda2b1f7 dc857324ae19465c88ffe1ddad648d6f - - default default] Method 'is_advsvc' is deprecated since 2023.2 release (neutron-lib 3.8.0) and will be removed once support for the old RBAC API policies will be removed from Neutron. Please use method 'is_service_role' instead.
2026-07-16 08:03:40.374 10 INFO neutron.api.wsgi [None req-b806b755-eda2-4610-ba4e-f23730448c4c b2cf7df87dfa4ef98024da1adda2b1f7 dc857324ae19465c88ffe1ddad648d6f - - default default] 10.0.0.205 "POST /v2.0/trunks HTTP/1.1" status: 201 len: 608 time: 0.2053919
2026-07-16 08:03:40.382 10 WARNING neutron_lib.context [None req-b3f30954-bea6-47c7-b802-9e01ea3884d9 b2cf7df87dfa4ef98024da1adda2b1f7 dc857324ae19465c88ffe1ddad648d6f - - default default] Method 'is_advsvc' is deprecated since 2023.2 release (neutron-lib 3.8.0) and will be removed once support for the old RBAC API policies will be removed from Neutron. Please use method 'is_service_role' instead.
2026-07-16 08:03:40.472 10 INFO neutron.db.segments_db [None req-b3f30954-bea6-47c7-b802-9e01ea3884d9 b2cf7df87dfa4ef98024da1adda2b1f7 dc857324ae19465c88ffe1ddad648d6f - - default default] Added segment fa115c54-05db-45f8-a951-929e19f05788 of type geneve for network a88e61c5-7297-4303-a69a-94033f4527de
2026-07-16 08:03:40.625 10 INFO neutron.api.wsgi [req-ec5c2a6d-a577-4f60-b00d-4c1cf99229b5 req-98b205b9-d128-4b51-991d-265b32432d47 ceeacea81e504f44895c79b76062587e d058b34b1af441a98fbe9b4d9d45ffe6 - - default default] 10.0.0.17 "GET /v2.0/ports?device_id=ade5b5e3-55fe-4f8d-b1c2-6d10e8c87b4e HTTP/1.1" status: 200 len: 1168 time: 0.0672071
2026-07-16 08:03:40.646 10 INFO neutron.db.ovn_revision_numbers_db [None req-b3f30954-bea6-47c7-b802-9e01ea3884d9 b2cf7df87dfa4ef98024da1adda2b1f7 dc857324ae19465c88ffe1ddad648d6f - - default default] Successfully bumped revision number for resource a88e61c5-7297-4303-a69a-94033f4527de (type: networks) to 1
2026-07-16 08:03:40.686 10 INFO neutron.api.wsgi [req-ec5c2a6d-a577-4f60-b00d-4c1cf99229b5 req-18307eaa-489e-4db5-ae19-dbf2a0a35087 ceeacea81e504f44895c79b76062587e d058b34b1af441a98fbe9b4d9d45ffe6 - - default default] 10.0.0.17 "GET /v2.0/security-groups?id=7cce57c2-7297-45fc-af04-5a05eaeb5596&fields=id&fields=name HTTP/1.1" status: 200 len: 286 time: 0.0480092
2026-07-16 08:03:40.734 10 INFO neutron.db.ovn_revision_numbers_db [None req-bb44c7cf-f5f3-47fa-86d2-44a2c1c874bd b9ce937a6031456c94b46a52e5f6e3d0 1ccb513f25fc44f4bd438183ad6c0ea8 - - default default] Successfully bumped revision number for resource a0ed9d10-528c-4bb3-8310-542934386afb (type: security_groups) to 1
2026-07-16 08:03:40.753 10 INFO neutron.db.ovn_revision_numbers_db [None req-bb44c7cf-f5f3-47fa-86d2-44a2c1c874bd b9ce937a6031456c94b46a52e5f6e3d0 1ccb513f25fc44f4bd438183ad6c0ea8 - - default default] Successfully bumped revision number for resource 1b45c3eb-9d12-4169-b988-19abbbfb9a0b (type: security_group_rules) to 0
2026-07-16 08:03:40.775 10 INFO neutron.db.ovn_revision_numbers_db [None req-bb44c7cf-f5f3-47fa-86d2-44a2c1c874bd b9ce937a6031456c94b46a52e5f6e3d0 1ccb513f25fc44f4bd438183ad6c0ea8 - - default default] Successfully bumped revision number for resource 43a8d2ca-041c-4d5b-a9da-6a0608a5ef44 (type: security_group_rules) to 0
2026-07-16 08:03:40.790 10 INFO neutron.db.ovn_revision_numbers_db [None req-bb44c7cf-f5f3-47fa-86d2-44a2c1c874bd b9ce937a6031456c94b46a52e5f6e3d0 1ccb513f25fc44f4bd438183ad6c0ea8 - - default default] Successfully bumped revision number for resource 92994362-3831-4443-87b0-1cf889475aed (type: security_group_rules) to 0
2026-07-16 08:03:40.814 10 INFO neutron.db.ovn_revision_numbers_db [None req-bb44c7cf-f5f3-47fa-86d2-44a2c1c874bd b9ce937a6031456c94b46a52e5f6e3d0 1ccb513f25fc44f4bd438183ad6c0ea8 - - default default] Successfully bumped revision number for resource ec9162a2-b5e8-4dec-898e-b55412c226f4 (type: security_group_rules) to 0
2026-07-16 08:03:40.819 10 WARNING neutron.scheduler.dhcp_agent_scheduler [None req-b3f30954-bea6-47c7-b802-9e01ea3884d9 b2cf7df87dfa4ef98024da1adda2b1f7 dc857324ae19465c88ffe1ddad648d6f - - default default] No more DHCP agents
2026-07-16 08:03:40.822 10 WARNING neutron.api.rpc.agentnotifiers.dhcp_rpc_agent_api [None req-b3f30954-bea6-47c7-b802-9e01ea3884d9 b2cf7df87dfa4ef98024da1adda2b1f7 dc857324ae19465c88ffe1ddad648d6f - - default default] Unable to schedule network a88e61c5-7297-4303-a69a-94033f4527de: no agents available; will retry on subsequent port and subnet creation events.
2026-07-16 08:03:40.853 10 INFO neutron.api.wsgi [None req-bb44c7cf-f5f3-47fa-86d2-44a2c1c874bd b9ce937a6031456c94b46a52e5f6e3d0 1ccb513f25fc44f4bd438183ad6c0ea8 - - default default] 10.0.0.205 "GET /v2.0/security-groups?tenant_id=4f2ab21e00b2435eb8204e08fd3b228b&name=default HTTP/1.1" status: 200 len: 3120 time: 0.4647446
2026-07-16 08:03:40.893 10 INFO neutron.db.ovn_revision_numbers_db [None req-b3f30954-bea6-47c7-b802-9e01ea3884d9 b2cf7df87dfa4ef98024da1adda2b1f7 dc857324ae19465c88ffe1ddad648d6f - - default default] Successfully bumped revision number for resource 607d4ede-cd1f-4203-9586-8db3769e9848 (type: ports) to 1
2026-07-16 08:03:40.928 10 INFO neutron.api.wsgi [None req-b3f30954-bea6-47c7-b802-9e01ea3884d9 b2cf7df87dfa4ef98024da1adda2b1f7 dc857324ae19465c88ffe1ddad648d6f - - default default] 10.0.0.205 "POST /v2.0/networks HTTP/1.1" status: 201 len: 831 time: 0.5491815
2026-07-16 08:03:40.940 10 WARNING neutron_lib.context [None req-320456eb-8d90-4c40-95eb-0ad80463321e b2cf7df87dfa4ef98024da1adda2b1f7 dc857324ae19465c88ffe1ddad648d6f - - default default] Method 'is_advsvc' is deprecated since 2023.2 release (neutron-lib 3.8.0) and will be removed once support for the old RBAC API policies will be removed from Neutron. Please use method 'is_service_role' instead.
2026-07-16 08:03:41.084 9 INFO neutron.api.wsgi [None req-94ff3148-248c-4753-9988-0c00b7f27a16 b9ce937a6031456c94b46a52e5f6e3d0 1ccb513f25fc44f4bd438183ad6c0ea8 - - default default] 10.0.0.205 "DELETE /v2.0/security-groups/a0ed9d10-528c-4bb3-8310-542934386afb HTTP/1.1" status: 204 len: 168 time: 0.2211211 /var/lib/openstack/lib/python3.12/site-packages/pycadf/identifier.py:71: UserWarning: Invalid uuid: neutron. To ensure interoperability, identifiers should be a valid uuid. warnings.warn(('Invalid uuid: %s. To ensure interoperability, '
2026-07-16 08:03:41.159 10 INFO neutron.api.wsgi [None req-bb42ac3e-7b02-4334-a879-ad80925bce0b 66ecaa6e5d2e49d4946649af6e65f0af 2a1dedc188544f6ca2108237fe1e9ef8 - - default default] 10.0.0.205 "GET /v2.0/extensions HTTP/1.1" status: 200 len: 19293 time: 0.0903211
2026-07-16 08:03:41.170 9 INFO neutron.api.wsgi [None req-131df861-c2e8-49b5-965c-48f85331f15e 66ecaa6e5d2e49d4946649af6e65f0af 2a1dedc188544f6ca2108237fe1e9ef8 - - default default] 10.0.0.205 "GET /v2.0/extensions/address-group HTTP/1.1" status: 200 len: 353 time: 0.0058067
2026-07-16 08:03:41.176 10 WARNING neutron.scheduler.dhcp_agent_scheduler [None req-320456eb-8d90-4c40-95eb-0ad80463321e b2cf7df87dfa4ef98024da1adda2b1f7 dc857324ae19465c88ffe1ddad648d6f - - default default] No more DHCP agents
2026-07-16 08:03:41.178 10 WARNING neutron.api.rpc.agentnotifiers.dhcp_rpc_agent_api [None req-320456eb-8d90-4c40-95eb-0ad80463321e b2cf7df87dfa4ef98024da1adda2b1f7 dc857324ae19465c88ffe1ddad648d6f - - default default] Unable to schedule network a88e61c5-7297-4303-a69a-94033f4527de: no agents available; will retry on subsequent port and subnet creation events.
2026-07-16 08:03:41.179 9 INFO neutron.api.wsgi [None req-381cb350-b7d1-4bc2-b46e-68e738436fc7 66ecaa6e5d2e49d4946649af6e65f0af 2a1dedc188544f6ca2108237fe1e9ef8 - - default default] 10.0.0.205 "GET /v2.0/extensions/address-scope HTTP/1.1" status: 200 len: 357 time: 0.0045378
2026-07-16 08:03:41.187 9 INFO neutron.api.wsgi [None req-385bc447-6f2f-4c6f-9729-609240049bb4 66ecaa6e5d2e49d4946649af6e65f0af 2a1dedc188544f6ca2108237fe1e9ef8 - - default default] 10.0.0.205 "GET /v2.0/extensions/agent HTTP/1.1" status: 200 len: 347 time: 0.0043283
2026-07-16 08:03:41.196 9 INFO neutron.api.wsgi [None req-31f99041-c32f-4b6e-b8cf-2813743164d2 66ecaa6e5d2e49d4946649af6e65f0af 2a1dedc188544f6ca2108237fe1e9ef8 - - default default] 10.0.0.205 "GET /v2.0/extensions/allowed-address-pairs HTTP/1.1" status: 200 len: 378 time: 0.0046458
2026-07-16 08:03:41.207 9 INFO neutron.api.wsgi [None req-ff3d9c73-5d82-4317-941e-1015d3aab73a 66ecaa6e5d2e49d4946649af6e65f0af 2a1dedc188544f6ca2108237fe1e9ef8 - - default default] 10.0.0.205 "GET /v2.0/extensions/auto-allocated-topology HTTP/1.1" status: 200 len: 394 time: 0.0071526
2026-07-16 08:03:41.221 9 INFO neutron.api.wsgi [None req-afb31131-05be-477d-8b9f-c289979753c6 66ecaa6e5d2e49d4946649af6e65f0af 2a1dedc188544f6ca2108237fe1e9ef8 - - default default] 10.0.0.205 "GET /v2.0/extensions/availability_zone HTTP/1.1" status: 200 len: 372 time: 0.0059912 /var/lib/openstack/lib/python3.12/site-packages/pycadf/identifier.py:71: UserWarning: Invalid uuid: neutron. To ensure interoperability, identifiers should be a valid uuid. warnings.warn(('Invalid uuid: %s. To ensure interoperability, '
2026-07-16 08:03:41.231 10 INFO neutron.api.wsgi [None req-6165decd-ae03-442c-bb5c-90ecbef070cf 66ecaa6e5d2e49d4946649af6e65f0af 2a1dedc188544f6ca2108237fe1e9ef8 - - default default] 10.0.0.205 "GET /v2.0/extensions/default-subnetpools HTTP/1.1" status: 200 len: 405 time: 0.0052390
2026-07-16 08:03:41.239 10 INFO neutron.api.wsgi [None req-70929c95-cf88-4665-8b0c-628dfe0338f7 66ecaa6e5d2e49d4946649af6e65f0af 2a1dedc188544f6ca2108237fe1e9ef8 - - default default] 10.0.0.205 "GET /v2.0/extensions/dhcp_agent_scheduler HTTP/1.1" status: 200 len: 381 time: 0.0039568
2026-07-16 08:03:41.245 10 INFO neutron.api.wsgi [None req-4a70b3c1-6a0d-4fda-8c67-46630331c03a 66ecaa6e5d2e49d4946649af6e65f0af 2a1dedc188544f6ca2108237fe1e9ef8 - - default default] 10.0.0.205 "GET /v2.0/extensions/dns-integration HTTP/1.1" status: 200 len: 366 time: 0.0024905
2026-07-16 08:03:41.250 10 INFO neutron.api.wsgi [None req-4bd8ad3b-657d-48c3-bb56-37cd72cb6848 66ecaa6e5d2e49d4946649af6e65f0af 2a1dedc188544f6ca2108237fe1e9ef8 - - default default] 10.0.0.205 "GET /v2.0/extensions/dns-domain-ports HTTP/1.1" status: 200 len: 399 time: 0.0023875
2026-07-16 08:03:41.256 10 INFO neutron.api.wsgi [None req-91228528-f773-47dc-b5d1-025911e8f5cd 66ecaa6e5d2e49d4946649af6e65f0af 2a1dedc188544f6ca2108237fe1e9ef8 - - default default] 10.0.0.205 "GET /v2.0/extensions/dns-integration-domain-keywords HTTP/1.1" status: 200 len: 477 time: 0.0023973
2026-07-16 08:03:41.263 10 INFO neutron.api.wsgi [None req-7c8b0472-daa2-4a19-8fde-cd06a24a7b9d 66ecaa6e5d2e49d4946649af6e65f0af 2a1dedc188544f6ca2108237fe1e9ef8 - - default default] 10.0.0.205 "GET /v2.0/extensions/empty-string-filtering HTTP/1.1" status: 200 len: 413 time: 0.0029204
2026-07-16 08:03:41.270 10 INFO neutron.api.wsgi [None req-b423fa74-b159-4ff1-ad1e-2d8efc6e84bc 66ecaa6e5d2e49d4946649af6e65f0af 2a1dedc188544f6ca2108237fe1e9ef8 - - default default] 10.0.0.205 "GET /v2.0/extensions/external-net HTTP/1.1" status: 200 len: 394 time: 0.0038340
2026-07-16 08:03:41.276 10 INFO neutron.api.wsgi [None req-4d4e5492-7a7d-468c-be8d-8b3b1cd48684 66ecaa6e5d2e49d4946649af6e65f0af 2a1dedc188544f6ca2108237fe1e9ef8 - - default default] 10.0.0.205 "GET /v2.0/extensions/extra_dhcp_opt HTTP/1.1" status: 200 len: 498 time: 0.0028999
2026-07-16 08:03:41.281 10 INFO neutron.api.wsgi [None req-38342f2d-31e1-4629-9e02-2aef5c3a7702 66ecaa6e5d2e49d4946649af6e65f0af 2a1dedc188544f6ca2108237fe1e9ef8 - - default default] 10.0.0.205 "GET /v2.0/extensions/extraroute HTTP/1.1" status: 200 len: 375 time: 0.0024252
2026-07-16 08:03:41.288 10 INFO neutron.api.wsgi [None req-87bdbcf3-acf7-4f9b-81ef-cfb955bf0759 66ecaa6e5d2e49d4946649af6e65f0af 2a1dedc188544f6ca2108237fe1e9ef8 - - default default] 10.0.0.205 "GET /v2.0/extensions/floating-ip-port-forwarding-detail HTTP/1.1" status: 200 len: 465 time: 0.0029933
2026-07-16 08:03:41.288 10 INFO neutron.db.ovn_revision_numbers_db [None req-320456eb-8d90-4c40-95eb-0ad80463321e b2cf7df87dfa4ef98024da1adda2b1f7 dc857324ae19465c88ffe1ddad648d6f - - default default] Successfully bumped revision number for resource 232b549e-f285-4b88-951a-a0261ccbac6d (type: ports) to 1
2026-07-16 08:03:41.294 10 INFO neutron.api.wsgi [None req-e4fc1df8-536a-4e5b-9d06-d0b0c30c2e2c 66ecaa6e5d2e49d4946649af6e65f0af 2a1dedc188544f6ca2108237fe1e9ef8 - - default default] 10.0.0.205 "GET /v2.0/extensions/fip-port-details HTTP/1.1" status: 200 len: 406 time: 0.0029895
2026-07-16 08:03:41.301 10 INFO neutron.api.wsgi [None req-1dc727b4-39be-4753-b7ec-b22046526344 66ecaa6e5d2e49d4946649af6e65f0af 2a1dedc188544f6ca2108237fe1e9ef8 - - default default] 10.0.0.205 "GET /v2.0/extensions/flavors HTTP/1.1" status: 200 len: 387 time: 0.0028057
2026-07-16 08:03:41.307 10 INFO neutron.api.wsgi [None req-97530e2e-21db-4667-837d-6283d9af5d1a 66ecaa6e5d2e49d4946649af6e65f0af 2a1dedc188544f6ca2108237fe1e9ef8 - - default default] 10.0.0.205 "GET /v2.0/extensions/floatingip-pools HTTP/1.1" status: 200 len: 382 time: 0.0027268
2026-07-16 08:03:41.314 10 INFO neutron.api.wsgi [None req-90dfe4ab-555c-466c-b624-350c2412ee4d 66ecaa6e5d2e49d4946649af6e65f0af 2a1dedc188544f6ca2108237fe1e9ef8 - - default default] 10.0.0.205 "GET /v2.0/extensions/ip_allocation HTTP/1.1" status: 200 len: 356 time: 0.0027518
2026-07-16 08:03:41.318 10 INFO neutron.api.wsgi [None req-320456eb-8d90-4c40-95eb-0ad80463321e b2cf7df87dfa4ef98024da1adda2b1f7 dc857324ae19465c88ffe1ddad648d6f - - default default] 10.0.0.205 "POST /v2.0/ports HTTP/1.1" status: 201 len: 942 time: 0.3822007
2026-07-16 08:03:41.322 9 INFO neutron.api.wsgi [None req-dd3a072f-78ed-430c-b2ff-a3285a24f9d4 66ecaa6e5d2e49d4946649af6e65f0af 2a1dedc188544f6ca2108237fe1e9ef8 - - default default] 10.0.0.205 "GET /v2.0/extensions/l2_adjacency HTTP/1.1" status: 200 len: 372 time: 0.0044031
2026-07-16 08:03:41.329 10 WARNING neutron_lib.context [None req-45efb881-2568-4344-8963-7359045b5cf3 b2cf7df87dfa4ef98024da1adda2b1f7 dc857324ae19465c88ffe1ddad648d6f - - default default] Method 'is_advsvc' is deprecated since 2023.2 release (neutron-lib 3.8.0) and will be removed once support for the old RBAC API policies will be removed from Neutron. Please use method 'is_service_role' instead.
2026-07-16 08:03:41.331 9 INFO neutron.api.wsgi [None req-62777a65-7e04-4dd7-b200-9ad92feb4a30 66ecaa6e5d2e49d4946649af6e65f0af 2a1dedc188544f6ca2108237fe1e9ef8 - - default default] 10.0.0.205 "GET /v2.0/extensions/router HTTP/1.1" status: 200 len: 450 time: 0.0045681
2026-07-16 08:03:41.338 10 INFO neutron.api.wsgi [None req-000db9a0-9124-4061-a9ab-ea1d962ec489 66ecaa6e5d2e49d4946649af6e65f0af 2a1dedc188544f6ca2108237fe1e9ef8 - - default default] 10.0.0.205 "GET /v2.0/extensions/enable-default-route-bfd HTTP/1.1" status: 200 len: 406 time: 0.0036490
2026-07-16 08:03:41.347 9 INFO neutron.api.wsgi [None req-eedfc40d-5b6f-43f4-b0ca-0acaac8cb7e7 66ecaa6e5d2e49d4946649af6e65f0af 2a1dedc188544f6ca2108237fe1e9ef8 - - default default] 10.0.0.205 "GET /v2.0/extensions/enable-default-route-ecmp HTTP/1.1" status: 200 len: 409 time: 0.0053558
2026-07-16 08:03:41.355 9 INFO neutron.api.wsgi [None req-ad1a559a-6c36-4b3c-93f0-afb9b1bc57cc 66ecaa6e5d2e49d4946649af6e65f0af 2a1dedc188544f6ca2108237fe1e9ef8 - - default default] 10.0.0.205 "GET /v2.0/extensions/ext-gw-mode HTTP/1.1" status: 200 len: 462 time: 0.0049584
2026-07-16 08:03:41.364 10 INFO neutron.api.wsgi [None req-15b0df48-d1bc-476c-a8a8-547503021a72 66ecaa6e5d2e49d4946649af6e65f0af 2a1dedc188544f6ca2108237fe1e9ef8 - - default default] 10.0.0.205 "GET /v2.0/extensions/l3-ha HTTP/1.1" status: 200 len: 360 time: 0.0049498
2026-07-16 08:03:41.371 10 INFO neutron.api.wsgi [None req-10dd260d-2741-481a-a1e0-7690cbd7ff14 66ecaa6e5d2e49d4946649af6e65f0af 2a1dedc188544f6ca2108237fe1e9ef8 - - default default] 10.0.0.205 "GET /v2.0/extensions/external-gateway-multihoming HTTP/1.1" status: 200 len: 421 time: 0.0033896
2026-07-16 08:03:41.378 9 INFO neutron.api.wsgi [None req-f215a7e8-b23c-4296-b533-f8b2c80e6b70 66ecaa6e5d2e49d4946649af6e65f0af 2a1dedc188544f6ca2108237fe1e9ef8 - - default default] 10.0.0.205 "GET /v2.0/extensions/l3-flavors HTTP/1.1" status: 200 len: 366 time: 0.0034931
2026-07-16 08:03:41.390 10 INFO neutron.api.wsgi [None req-cb4636be-258a-443f-8b86-27af19092142 66ecaa6e5d2e49d4946649af6e65f0af 2a1dedc188544f6ca2108237fe1e9ef8 - - default default] 10.0.0.205 "GET /v2.0/extensions/logging HTTP/1.1" status: 200 len: 407 time: 0.0094383
2026-07-16 08:03:41.398 10 INFO neutron.api.wsgi [None req-19cb8ce1-322c-4554-bfc0-d7e6f49ae7c0 66ecaa6e5d2e49d4946649af6e65f0af 2a1dedc188544f6ca2108237fe1e9ef8 - - default default] 10.0.0.205 "GET /v2.0/extensions/multi-provider HTTP/1.1" status: 200 len: 406 time: 0.0038464
2026-07-16 08:03:41.405 10 INFO neutron.api.wsgi [None req-f0f343af-b212-4e9c-bc64-f8661ce5062a 66ecaa6e5d2e49d4946649af6e65f0af 2a1dedc188544f6ca2108237fe1e9ef8 - - default default] 10.0.0.205 "GET /v2.0/extensions/net-mtu HTTP/1.1" status: 200 len: 370 time: 0.0035124
2026-07-16 08:03:41.410 10 INFO neutron.api.wsgi [None req-090d0e8a-0ae3-450e-bf70-8d89e3a44a67 66ecaa6e5d2e49d4946649af6e65f0af 2a1dedc188544f6ca2108237fe1e9ef8 - - default default] 10.0.0.205 "GET /v2.0/extensions/net-mtu-writable HTTP/1.1" status: 200 len: 401 time: 0.0025401
2026-07-16 08:03:41.413 9 INFO neutron.db.ovn_revision_numbers_db [None req-79704259-5bcd-45c3-9a67-7b54b9b26bf1 b9ce937a6031456c94b46a52e5f6e3d0 1ccb513f25fc44f4bd438183ad6c0ea8 - - default default] Successfully bumped revision number for resource b81ba119-b682-45e9-9c2c-a2a3247b60fe (type: security_groups) to 1
2026-07-16 08:03:41.418 10 INFO neutron.api.wsgi [None req-a6648e96-9c78-413f-afb5-91cef84f0e74 66ecaa6e5d2e49d4946649af6e65f0af 2a1dedc188544f6ca2108237fe1e9ef8 - - default default] 10.0.0.205 "GET /v2.0/extensions/network_availability_zone HTTP/1.1" status: 200 len: 394 time: 0.0046341
2026-07-16 08:03:41.426 9 INFO neutron.api.wsgi [None req-78bd78e2-ae6d-4346-bf20-f2fb5e219a41 66ecaa6e5d2e49d4946649af6e65f0af 2a1dedc188544f6ca2108237fe1e9ef8 - - default default] 10.0.0.205 "GET /v2.0/extensions/network-ip-availability HTTP/1.1" status: 200 len: 410 time: 0.0041029
2026-07-16 08:03:41.433 10 INFO neutron.api.wsgi [None req-a57d3c85-ae81-41ca-86a3-5cd2dcd47b57 66ecaa6e5d2e49d4946649af6e65f0af 2a1dedc188544f6ca2108237fe1e9ef8 - - default default] 10.0.0.205 "GET /v2.0/extensions/pagination HTTP/1.1" status: 200 len: 386 time: 0.0033469
2026-07-16 08:03:41.441 9 INFO neutron.api.wsgi [None req-ede30860-c8d1-46fc-86b0-39da9fe89b15 66ecaa6e5d2e49d4946649af6e65f0af 2a1dedc188544f6ca2108237fe1e9ef8 - - default default] 10.0.0.205 "GET /v2.0/extensions/port-device-profile HTTP/1.1" status: 200 len: 383 time: 0.0043797
2026-07-16 08:03:41.442 9 INFO neutron.db.ovn_revision_numbers_db [None req-79704259-5bcd-45c3-9a67-7b54b9b26bf1 b9ce937a6031456c94b46a52e5f6e3d0 1ccb513f25fc44f4bd438183ad6c0ea8 - - default default] Successfully bumped revision number for resource 2850791a-6d4b-45e1-8c74-1bf5d8995da3 (type: security_group_rules) to 0
2026-07-16 08:03:41.451 9 INFO neutron.api.wsgi [None req-62231de2-6a05-434b-8ff8-f8cb92254e81 66ecaa6e5d2e49d4946649af6e65f0af 2a1dedc188544f6ca2108237fe1e9ef8 - - default default] 10.0.0.205 "GET /v2.0/extensions/port-mac-address-regenerate HTTP/1.1" status: 200 len: 403 time: 0.0069606
2026-07-16 08:03:41.468 9 INFO neutron.db.ovn_revision_numbers_db [None req-79704259-5bcd-45c3-9a67-7b54b9b26bf1 b9ce937a6031456c94b46a52e5f6e3d0 1ccb513f25fc44f4bd438183ad6c0ea8 - - default default] Successfully bumped revision number for resource 48ab8623-ae4d-4480-a5e9-a71a622195b0 (type: security_group_rules) to 0
2026-07-16 08:03:41.468 10 INFO neutron.api.wsgi [None req-67c27136-a004-459d-ba0f-47f9743b7f87 66ecaa6e5d2e49d4946649af6e65f0af 2a1dedc188544f6ca2108237fe1e9ef8 - - default default] 10.0.0.205 "GET /v2.0/extensions/port-numa-affinity-policy HTTP/1.1" status: 200 len: 392 time: 0.0128975
2026-07-16 08:03:41.475 10 INFO neutron.api.wsgi [None req-f4010abc-e084-4e50-8fcd-af7eef2157aa 66ecaa6e5d2e49d4946649af6e65f0af 2a1dedc188544f6ca2108237fe1e9ef8 - - default default] 10.0.0.205 "GET /v2.0/extensions/port-numa-affinity-policy-socket HTTP/1.1" status: 200 len: 434 time: 0.0027511
2026-07-16 08:03:41.482 10 INFO neutron.api.wsgi [None req-a6dc3ad2-e963-43ff-9cfa-41dc40ca3f70 66ecaa6e5d2e49d4946649af6e65f0af 2a1dedc188544f6ca2108237fe1e9ef8 - - default default] 10.0.0.205 "GET /v2.0/extensions/port-resource-request HTTP/1.1" status: 200 len: 379 time: 0.0037978
2026-07-16 08:03:41.491 9 INFO neutron.api.wsgi [None req-4efb240f-c39a-472d-9f69-86c37cc83a11 66ecaa6e5d2e49d4946649af6e65f0af 2a1dedc188544f6ca2108237fe1e9ef8 - - default default] 10.0.0.205 "GET /v2.0/extensions/port-resource-request-groups HTTP/1.1" status: 200 len: 465 time: 0.0044429
2026-07-16 08:03:41.499 10 INFO neutron.api.wsgi [None req-809f7453-51d8-4e85-87cd-ff31eda0824e 66ecaa6e5d2e49d4946649af6e65f0af 2a1dedc188544f6ca2108237fe1e9ef8 - - default default] 10.0.0.205 "GET /v2.0/extensions/binding HTTP/1.1" status: 200 len: 387 time: 0.0036263
2026-07-16 08:03:41.503 9 INFO neutron.db.ovn_revision_numbers_db [None req-79704259-5bcd-45c3-9a67-7b54b9b26bf1 b9ce937a6031456c94b46a52e5f6e3d0 1ccb513f25fc44f4bd438183ad6c0ea8 - - default default] Successfully bumped revision number for resource 552d6167-699d-49b4-9b47-aab60ab4293a (type: security_group_rules) to 0
2026-07-16 08:03:41.505 10 INFO neutron.api.wsgi [None req-c82e1727-f425-49e9-abb6-14dc11d92648 66ecaa6e5d2e49d4946649af6e65f0af 2a1dedc188544f6ca2108237fe1e9ef8 - - default default] 10.0.0.205 "GET /v2.0/extensions/binding-extended HTTP/1.1" status: 200 len: 406 time: 0.0033572
2026-07-16 08:03:41.511 10 INFO neutron.api.wsgi [None req-3b1d8d48-5b5b-4545-a4ee-9d2b269a6acd 66ecaa6e5d2e49d4946649af6e65f0af 2a1dedc188544f6ca2108237fe1e9ef8 - - default default] 10.0.0.205 "GET /v2.0/extensions/port-security HTTP/1.1" status: 200 len: 354 time: 0.0035028
2026-07-16 08:03:41.518 9 INFO neutron.api.wsgi [None req-51e6c483-1d7e-4285-8cc9-aa51e2f802ee 66ecaa6e5d2e49d4946649af6e65f0af 2a1dedc188544f6ca2108237fe1e9ef8 - - default default] 10.0.0.205 "GET /v2.0/extensions/project-id HTTP/1.1" status: 200 len: 398 time: 0.0033069
2026-07-16 08:03:41.525 9 INFO neutron.api.wsgi [None req-edf197ad-97d2-4057-8057-3ad7bc66f12c 66ecaa6e5d2e49d4946649af6e65f0af 2a1dedc188544f6ca2108237fe1e9ef8 - - default default] 10.0.0.205 "GET /v2.0/extensions/provider HTTP/1.1" status: 200 len: 385 time: 0.0029950
2026-07-16 08:03:41.527 9 INFO neutron.db.ovn_revision_numbers_db [None req-79704259-5bcd-45c3-9a67-7b54b9b26bf1 b9ce937a6031456c94b46a52e5f6e3d0 1ccb513f25fc44f4bd438183ad6c0ea8 - - default default] Successfully bumped revision number for resource 5a959ef3-8fae-48e4-9efc-e47b0b68d46f (type: security_group_rules) to 0
2026-07-16 08:03:41.532 10 INFO neutron.api.wsgi [None req-1274fa7d-480b-4d48-b94e-6de34463f8ec 66ecaa6e5d2e49d4946649af6e65f0af 2a1dedc188544f6ca2108237fe1e9ef8 - - default default] 10.0.0.205 "GET /v2.0/extensions/qos HTTP/1.1" status: 200 len: 360 time: 0.0038149
2026-07-16 08:03:41.539 10 INFO neutron.api.wsgi [None req-621cd6d5-d61d-4135-acdd-f9bf8c6d403d 66ecaa6e5d2e49d4946649af6e65f0af 2a1dedc188544f6ca2108237fe1e9ef8 - - default default] 10.0.0.205 "GET /v2.0/extensions/qos-bw-limit-direction HTTP/1.1" status: 200 len: 452 time: 0.0033929
2026-07-16 08:03:41.550 9 INFO neutron.api.wsgi [None req-27dfa995-eca8-4994-8c37-7998255e1e38 66ecaa6e5d2e49d4946649af6e65f0af 2a1dedc188544f6ca2108237fe1e9ef8 - - default default] 10.0.0.205 "GET /v2.0/extensions/qos-bw-minimum-ingress HTTP/1.1" status: 200 len: 445 time: 0.0056052
2026-07-16 08:03:41.559 10 INFO neutron.api.wsgi [None req-4783df96-f40e-482a-a5f4-730db366ded7 66ecaa6e5d2e49d4946649af6e65f0af 2a1dedc188544f6ca2108237fe1e9ef8 - - default default] 10.0.0.205 "GET /v2.0/extensions/qos-default HTTP/1.1" status: 200 len: 377 time: 0.0034804
2026-07-16 08:03:41.567 10 INFO neutron.api.wsgi [None req-8a763bae-a258-45c7-b598-42d63bab6aba 66ecaa6e5d2e49d4946649af6e65f0af 2a1dedc188544f6ca2108237fe1e9ef8 - - default default] 10.0.0.205 "GET /v2.0/extensions/qos-fip HTTP/1.1" status: 200 len: 372 time: 0.0044844
2026-07-16 08:03:41.572 9 INFO neutron.api.wsgi [None req-79704259-5bcd-45c3-9a67-7b54b9b26bf1 b9ce937a6031456c94b46a52e5f6e3d0 1ccb513f25fc44f4bd438183ad6c0ea8 - - default default] 10.0.0.205 "GET /v2.0/security-groups?tenant_id=962c5aff0c494bb7b0df0c07027bea56&name=default HTTP/1.1" status: 200 len: 3120 time: 0.3234806
2026-07-16 08:03:41.574 10 INFO neutron.api.wsgi [None req-45efb881-2568-4344-8963-7359045b5cf3 b2cf7df87dfa4ef98024da1adda2b1f7 dc857324ae19465c88ffe1ddad648d6f - - default default] 10.0.0.205 "POST /v2.0/trunks HTTP/1.1" status: 201 len: 608 time: 0.2510288
2026-07-16 08:03:41.576 9 INFO neutron.api.wsgi [None req-f21c9736-8528-4cb1-863e-3a6a7f9a315a 66ecaa6e5d2e49d4946649af6e65f0af 2a1dedc188544f6ca2108237fe1e9ef8 - - default default] 10.0.0.205 "GET /v2.0/extensions/qos-gateway-ip HTTP/1.1" status: 200 len: 391 time: 0.0034075
2026-07-16 08:03:41.581 9 WARNING neutron_lib.context [None req-e74985c6-f37c-44cb-84f1-e178fd39c62d b2cf7df87dfa4ef98024da1adda2b1f7 dc857324ae19465c88ffe1ddad648d6f - - default default] Method 'is_advsvc' is deprecated since 2023.2 release (neutron-lib 3.8.0) and will be removed once support for the old RBAC API policies will be removed from Neutron. Please use method 'is_service_role' instead.
2026-07-16 08:03:41.588 10 INFO neutron.api.wsgi [None req-cedae2a5-b373-469e-a713-99a3214dbc9f 66ecaa6e5d2e49d4946649af6e65f0af 2a1dedc188544f6ca2108237fe1e9ef8 - - default default] 10.0.0.205 "GET /v2.0/extensions/qos-port-network-policy HTTP/1.1" status: 200 len: 403 time: 0.0046883
2026-07-16 08:03:41.596 10 INFO neutron.api.wsgi [None req-72164186-e7cd-40b5-8287-4993ac739453 66ecaa6e5d2e49d4946649af6e65f0af 2a1dedc188544f6ca2108237fe1e9ef8 - - default default] 10.0.0.205 "GET /v2.0/extensions/qos-pps-minimum HTTP/1.1" status: 200 len: 397 time: 0.0041356
2026-07-16 08:03:41.609 9 INFO neutron.api.wsgi [None req-48670fb5-3200-4962-82aa-513592841d16 66ecaa6e5d2e49d4946649af6e65f0af 2a1dedc188544f6ca2108237fe1e9ef8 - - default default] 10.0.0.205 "GET /v2.0/extensions/qos-pps-minimum-rule-alias HTTP/1.1" status: 200 len: 471 time: 0.0095882
2026-07-16 08:03:41.623 9 INFO neutron.api.wsgi [None req-dd215d78-3c15-403e-8e08-6e29ac3d2405 66ecaa6e5d2e49d4946649af6e65f0af 2a1dedc188544f6ca2108237fe1e9ef8 - - default default] 10.0.0.205 "GET /v2.0/extensions/qos-pps HTTP/1.1" status: 200 len: 389 time: 0.0055304
2026-07-16 08:03:41.638 10 INFO neutron.api.wsgi [None req-a52b0cf2-9705-4f21-bc0b-9ef6643b326a 66ecaa6e5d2e49d4946649af6e65f0af 2a1dedc188544f6ca2108237fe1e9ef8 - - default default] 10.0.0.205 "GET /v2.0/extensions/qos-rule-type-details HTTP/1.1" status: 200 len: 423 time: 0.0064135
2026-07-16 08:03:41.649 10 INFO neutron.api.wsgi [None req-162476fb-c4eb-4e75-8174-4ac2d4630357 66ecaa6e5d2e49d4946649af6e65f0af 2a1dedc188544f6ca2108237fe1e9ef8 - - default default] 10.0.0.205 "GET /v2.0/extensions/qos-rule-type-filter HTTP/1.1" status: 200 len: 567 time: 0.0051930
2026-07-16 08:03:41.660 9 INFO neutron.api.wsgi [None req-970a4e8d-a39f-476a-ac89-3b6c0ac9041b 66ecaa6e5d2e49d4946649af6e65f0af 2a1dedc188544f6ca2108237fe1e9ef8 - - default default] 10.0.0.205 "GET /v2.0/extensions/qos-rules-alias HTTP/1.1" status: 200 len: 448 time: 0.0053194
2026-07-16 08:03:41.668 10 INFO neutron.api.wsgi [None req-57c539cc-cdea-4579-9cee-aa5b9804c90a 66ecaa6e5d2e49d4946649af6e65f0af 2a1dedc188544f6ca2108237fe1e9ef8 - - default default] 10.0.0.205 "GET /v2.0/extensions/quota-check-limit HTTP/1.1" status: 200 len: 420 time: 0.0030704
2026-07-16 08:03:41.680 9 INFO neutron.api.wsgi [None req-c2a72db9-90c4-4a82-b24c-cbc5145e6891 66ecaa6e5d2e49d4946649af6e65f0af 2a1dedc188544f6ca2108237fe1e9ef8 - - default default] 10.0.0.205 "GET /v2.0/extensions/quotas HTTP/1.1" status: 200 len: 386 time: 0.0076139
2026-07-16 08:03:41.688 9 INFO neutron.api.wsgi [None req-625403fb-3c3d-4db8-afce-e28ead0c1d04 66ecaa6e5d2e49d4946649af6e65f0af 2a1dedc188544f6ca2108237fe1e9ef8 - - default default] 10.0.0.205 "GET /v2.0/extensions/quota_details HTTP/1.1" status: 200 len: 407 time: 0.0039880
2026-07-16 08:03:41.695 9 INFO neutron.api.wsgi [None req-7355032b-24e9-4eb0-9f3c-f91e5f1c384e 66ecaa6e5d2e49d4946649af6e65f0af 2a1dedc188544f6ca2108237fe1e9ef8 - - default default] 10.0.0.205 "GET /v2.0/extensions/rbac-policies HTTP/1.1" status: 200 len: 417 time: 0.0034807
2026-07-16 08:03:41.698 9 INFO neutron.db.segments_db [None req-e74985c6-f37c-44cb-84f1-e178fd39c62d b2cf7df87dfa4ef98024da1adda2b1f7 dc857324ae19465c88ffe1ddad648d6f - - default default] Added segment 882ab05f-44c2-4b67-a683-6c50d478e1ba of type geneve for network 2e87c460-1041-403a-b582-8a5f5cdbf17d
2026-07-16 08:03:41.704 10 INFO neutron.api.wsgi [None req-bd3a2e4e-38fd-4b8a-b0c1-3447adf2cd15 66ecaa6e5d2e49d4946649af6e65f0af 2a1dedc188544f6ca2108237fe1e9ef8 - - default default] 10.0.0.205 "GET /v2.0/extensions/rbac-address-scope HTTP/1.1" status: 200 len: 384 time: 0.0047123
2026-07-16 08:03:41.712 10 INFO neutron.api.wsgi [None req-3aa161c3-cdbc-4bcc-a148-3ca1137cda4b 66ecaa6e5d2e49d4946649af6e65f0af 2a1dedc188544f6ca2108237fe1e9ef8 - - default default] 10.0.0.205 "GET /v2.0/extensions/rbac-security-groups HTTP/1.1" status: 200 len: 404 time: 0.0043886
2026-07-16 08:03:41.720 9 INFO neutron.api.wsgi [None req-56a60152-03f1-4269-b69f-f4966428fc5f 66ecaa6e5d2e49d4946649af6e65f0af 2a1dedc188544f6ca2108237fe1e9ef8 - - default default] 10.0.0.205 "GET /v2.0/extensions/revision-if-match HTTP/1.1" status: 200 len: 441 time: 0.0051162
2026-07-16 08:03:41.726 9 INFO neutron.api.wsgi [None req-2a3ba182-0fe4-4769-b24c-84f7de7ca79a 66ecaa6e5d2e49d4946649af6e65f0af 2a1dedc188544f6ca2108237fe1e9ef8 - - default default] 10.0.0.205 "GET /v2.0/extensions/standard-attr-revisions HTTP/1.1" status: 200 len: 423 time: 0.0027034
2026-07-16 08:03:41.735 10 INFO neutron.api.wsgi [None req-474daa1e-48c2-414b-aebe-49fed0748edc 66ecaa6e5d2e49d4946649af6e65f0af 2a1dedc188544f6ca2108237fe1e9ef8 - - default default] 10.0.0.205 "GET /v2.0/extensions/router_availability_zone HTTP/1.1" status: 200 len: 391 time: 0.0059199
2026-07-16 08:03:41.748 9 INFO neutron.api.wsgi [None req-5f24e698-fb59-4048-ad7a-67e956bb2b9e 66ecaa6e5d2e49d4946649af6e65f0af 2a1dedc188544f6ca2108237fe1e9ef8 - - default default] 10.0.0.205 "GET /v2.0/extensions/security-groups-default-rules HTTP/1.1" status: 200 len: 456 time: 0.0092151
2026-07-16 08:03:41.756 10 INFO neutron.api.wsgi [None req-b475e4c5-e23b-49b9-94e9-68567d942b97 66ecaa6e5d2e49d4946649af6e65f0af 2a1dedc188544f6ca2108237fe1e9ef8 - - default default] 10.0.0.205 "GET /v2.0/extensions/security-groups-normalized-cidr HTTP/1.1" status: 200 len: 445 time: 0.0057955
2026-07-16 08:03:41.765 10 INFO neutron.api.wsgi [None req-e8b5acd9-c45b-42ff-a6ac-501ee4bc4dca 66ecaa6e5d2e49d4946649af6e65f0af 2a1dedc188544f6ca2108237fe1e9ef8 - - default default] 10.0.0.205 "GET /v2.0/extensions/security-groups-remote-address-group HTTP/1.1" status: 200 len: 448 time: 0.0037627
2026-07-16 08:03:41.773 10 INFO neutron.api.wsgi [None req-a50d7f9f-3f4b-4e24-b627-150fc02e7f47 66ecaa6e5d2e49d4946649af6e65f0af 2a1dedc188544f6ca2108237fe1e9ef8 - - default default] 10.0.0.205 "GET /v2.0/extensions/security-groups-rules-belongs-to-default-sg HTTP/1.1" status: 200 len: 508 time: 0.0032120
2026-07-16 08:03:41.778 9 INFO neutron.api.wsgi [req-10b1bf13-e59f-4d78-aaad-f9e275532120 req-9fc2222d-a279-428c-bd8c-d19a34ea92e7 ceeacea81e504f44895c79b76062587e d058b34b1af441a98fbe9b4d9d45ffe6 - - default default] 10.0.0.17 "GET /v2.0/ports?device_id=ade5b5e3-55fe-4f8d-b1c2-6d10e8c87b4e HTTP/1.1" status: 200 len: 1168 time: 0.0358441
2026-07-16 08:03:41.780 10 INFO neutron.api.wsgi [None req-6c63a8fb-111d-4eb5-a749-42c0754fc67c 66ecaa6e5d2e49d4946649af6e65f0af 2a1dedc188544f6ca2108237fe1e9ef8 - - default default] 10.0.0.205 "GET /v2.0/extensions/security-groups-shared-filtering HTTP/1.1" status: 200 len: 435 time: 0.0038941
2026-07-16 08:03:41.787 9 INFO neutron.api.wsgi [None req-dc208507-ba37-4c6c-8fa6-dc17a3c0c81c 66ecaa6e5d2e49d4946649af6e65f0af 2a1dedc188544f6ca2108237fe1e9ef8 - - default default] 10.0.0.205 "GET /v2.0/extensions/security-group HTTP/1.1" status: 200 len: 364 time: 0.0038075
2026-07-16 08:03:41.794 10 INFO neutron.api.wsgi [None req-44a4b6dc-1e7d-4dce-aa68-ae023094e608 66ecaa6e5d2e49d4946649af6e65f0af 2a1dedc188544f6ca2108237fe1e9ef8 - - default default] 10.0.0.205 "GET /v2.0/extensions/segment HTTP/1.1" status: 200 len: 339 time: 0.0032279
2026-07-16 08:03:41.801 10 INFO neutron.api.wsgi [None req-e6c4f6db-ccd2-4aa0-b1e0-205c36266bce 66ecaa6e5d2e49d4946649af6e65f0af 2a1dedc188544f6ca2108237fe1e9ef8 - - default default] 10.0.0.205 "GET /v2.0/extensions/segments-peer-subnet-host-routes HTTP/1.1" status: 200 len: 427 time: 0.0041745
2026-07-16 08:03:41.810 10 INFO neutron.api.wsgi [None req-b80d5824-0885-4727-9ff5-23ad09fd3b3f 66ecaa6e5d2e49d4946649af6e65f0af 2a1dedc188544f6ca2108237fe1e9ef8 - - default default] 10.0.0.205 "GET /v2.0/extensions/service-type HTTP/1.1" status: 200 len: 415 time: 0.0038905
2026-07-16 08:03:41.818 9 INFO neutron.api.wsgi [None req-ba7ae18b-5dbb-4392-b2e8-93419d9720bd 66ecaa6e5d2e49d4946649af6e65f0af 2a1dedc188544f6ca2108237fe1e9ef8 - - default default] 10.0.0.205 "GET /v2.0/extensions/sorting HTTP/1.1" status: 200 len: 377 time: 0.0051420
2026-07-16 08:03:41.828 10 INFO neutron.api.wsgi [None req-b7e6f783-1363-4c20-801f-282595d93252 66ecaa6e5d2e49d4946649af6e65f0af 2a1dedc188544f6ca2108237fe1e9ef8 - - default default] 10.0.0.205 "GET /v2.0/extensions/standard-attr-segment HTTP/1.1" status: 200 len: 406 time: 0.0058317
2026-07-16 08:03:41.829 9 INFO neutron.api.wsgi [req-10b1bf13-e59f-4d78-aaad-f9e275532120 req-abf57c9f-6c8f-4426-8beb-62715649102d ceeacea81e504f44895c79b76062587e d058b34b1af441a98fbe9b4d9d45ffe6 - - default default] 10.0.0.17 "GET /v2.0/security-groups?id=7cce57c2-7297-45fc-af04-5a05eaeb5596&fields=id&fields=name HTTP/1.1" status: 200 len: 286 time: 0.0407939
2026-07-16 08:03:41.834 9 INFO neutron.api.wsgi [None req-8bde4b96-8eea-446e-aae8-5658543ffd4c 66ecaa6e5d2e49d4946649af6e65f0af 2a1dedc188544f6ca2108237fe1e9ef8 - - default default] 10.0.0.205 "GET /v2.0/extensions/standard-attr-description HTTP/1.1" status: 200 len: 408 time: 0.0027266
2026-07-16 08:03:41.846 10 INFO neutron.api.wsgi [None req-449b1d1f-c0fa-4b11-8d5e-1941948420c6 66ecaa6e5d2e49d4946649af6e65f0af 2a1dedc188544f6ca2108237fe1e9ef8 - - default default] 10.0.0.205 "GET /v2.0/extensions/stateful-security-group HTTP/1.1" status: 200 len: 402 time: 0.0042768
2026-07-16 08:03:41.853 10 INFO neutron.api.wsgi [None req-e064fd4c-1b00-404a-b62e-939cad757e17 66ecaa6e5d2e49d4946649af6e65f0af 2a1dedc188544f6ca2108237fe1e9ef8 - - default default] 10.0.0.205 "GET /v2.0/extensions/subnet-dns-publish-fixed-ip HTTP/1.1" status: 200 len: 421 time: 0.0031390
2026-07-16 08:03:41.861 9 INFO neutron.api.wsgi [None req-14e50988-df8d-441e-a49b-fae2965ac5ce 66ecaa6e5d2e49d4946649af6e65f0af 2a1dedc188544f6ca2108237fe1e9ef8 - - default default] 10.0.0.205 "GET /v2.0/extensions/subnet-external-network HTTP/1.1" status: 200 len: 418 time: 0.0039783
2026-07-16 08:03:41.865 10 INFO neutron.api.wsgi [None req-ddb98f70-28b3-4b01-9373-105cdc50d974 b9ce937a6031456c94b46a52e5f6e3d0 1ccb513f25fc44f4bd438183ad6c0ea8 - - default default] 10.0.0.205 "DELETE /v2.0/security-groups/b81ba119-b682-45e9-9c2c-a2a3247b60fe HTTP/1.1" status: 204 len: 168 time: 0.2887788
2026-07-16 08:03:41.868 9 INFO neutron.api.wsgi [None req-e64aedb2-f03d-4e80-a82c-2ce0db3a5415 66ecaa6e5d2e49d4946649af6e65f0af 2a1dedc188544f6ca2108237fe1e9ef8 - - default default] 10.0.0.205 "GET /v2.0/extensions/subnet-segmentid-writable HTTP/1.1" status: 200 len: 421 time: 0.0036798
2026-07-16 08:03:41.870 9 INFO neutron.db.ovn_revision_numbers_db [None req-e74985c6-f37c-44cb-84f1-e178fd39c62d b2cf7df87dfa4ef98024da1adda2b1f7 dc857324ae19465c88ffe1ddad648d6f - - default default] Successfully bumped revision number for resource 2e87c460-1041-403a-b582-8a5f5cdbf17d (type: networks) to 1
2026-07-16 08:03:41.876 10 INFO neutron.api.wsgi [None req-3427c782-64bd-490a-8c16-b2e25a78ce1d 66ecaa6e5d2e49d4946649af6e65f0af 2a1dedc188544f6ca2108237fe1e9ef8 - - default default] 10.0.0.205 "GET /v2.0/extensions/subnet-service-types HTTP/1.1" status: 200 len: 400 time: 0.0040679
2026-07-16 08:03:41.883 10 INFO neutron.api.wsgi [None req-b101e3de-a7df-4a29-a5be-efc765885753 66ecaa6e5d2e49d4946649af6e65f0af 2a1dedc188544f6ca2108237fe1e9ef8 - - default default] 10.0.0.205 "GET /v2.0/extensions/subnet_allocation HTTP/1.1" status: 200 len: 388 time: 0.0040591
2026-07-16 08:03:41.893 9 INFO neutron.api.wsgi [None req-c7e936ba-1f74-43d3-94b1-5737fbd1cf40 66ecaa6e5d2e49d4946649af6e65f0af 2a1dedc188544f6ca2108237fe1e9ef8 - - default default] 10.0.0.205 "GET /v2.0/extensions/subnetpool-prefix-ops HTTP/1.1" status: 200 len: 418 time: 0.0055895
2026-07-16 08:03:41.901 9 INFO neutron.api.wsgi [None req-726512c4-7266-4d39-9c40-16ec273d6fcd 66ecaa6e5d2e49d4946649af6e65f0af 2a1dedc188544f6ca2108237fe1e9ef8 - - default default] 10.0.0.205 "GET /v2.0/extensions/tag-creation HTTP/1.1" status: 200 len: 384 time: 0.0040636
2026-07-16 08:03:41.911 10 INFO neutron.api.wsgi [None req-f71beaca-cdae-406f-a818-7d568ab0a80f 66ecaa6e5d2e49d4946649af6e65f0af 2a1dedc188544f6ca2108237fe1e9ef8 - - default default] 10.0.0.205 "GET /v2.0/extensions/standard-attr-tag HTTP/1.1" status: 200 len: 537 time: 0.0048962
2026-07-16 08:03:41.921 9 INFO neutron.api.wsgi [None req-be8a20b5-4b0b-4d30-9a0b-b9cbfd64177f 66ecaa6e5d2e49d4946649af6e65f0af 2a1dedc188544f6ca2108237fe1e9ef8 - - default default] 10.0.0.205 "GET /v2.0/extensions/standard-attr-timestamp HTTP/1.1" status: 200 len: 449 time: 0.0036592
2026-07-16 08:03:41.928 9 INFO neutron.api.wsgi [None req-4758b417-c5db-418f-8a2f-131fe6a12454 66ecaa6e5d2e49d4946649af6e65f0af 2a1dedc188544f6ca2108237fe1e9ef8 - - default default] 10.0.0.205 "GET /v2.0/extensions/trunk HTTP/1.1" status: 200 len: 358 time: 0.0024967
2026-07-16 08:03:41.938 10 INFO neutron.api.wsgi [None req-2aab5119-5fc7-411f-b530-346e0ede35b6 66ecaa6e5d2e49d4946649af6e65f0af 2a1dedc188544f6ca2108237fe1e9ef8 - - default default] 10.0.0.205 "GET /v2.0/extensions/trunk-details HTTP/1.1" status: 200 len: 362 time: 0.0060804
2026-07-16 08:03:41.952 9 INFO neutron.api.wsgi [None req-9586ab79-9f49-4363-857e-e76f26518f9e 66ecaa6e5d2e49d4946649af6e65f0af 2a1dedc188544f6ca2108237fe1e9ef8 - - default default] 10.0.0.205 "GET /v2.0/extensions/vpn-agent-scheduler HTTP/1.1" status: 200 len: 393 time: 0.0100517
2026-07-16 08:03:41.965 10 INFO neutron.api.wsgi [None req-0fb35660-75e0-4c55-9a32-ad7b42e83c6a 66ecaa6e5d2e49d4946649af6e65f0af 2a1dedc188544f6ca2108237fe1e9ef8 - - default default] 10.0.0.205 "GET /v2.0/extensions/vpn-endpoint-groups HTTP/1.1" status: 200 len: 371 time: 0.0066149
2026-07-16 08:03:41.971 10 INFO neutron.api.wsgi [None req-07567149-7504-4c17-8a79-acce3a0a4f2e 66ecaa6e5d2e49d4946649af6e65f0af 2a1dedc188544f6ca2108237fe1e9ef8 - - default default] 10.0.0.205 "GET /v2.0/extensions/vpn-flavors HTTP/1.1" status: 200 len: 376 time: 0.0028906
2026-07-16 08:03:41.979 10 INFO neutron.api.wsgi [None req-17a35233-864c-41c2-8eaa-64897fd8c2a5 66ecaa6e5d2e49d4946649af6e65f0af 2a1dedc188544f6ca2108237fe1e9ef8 - - default default] 10.0.0.205 "GET /v2.0/extensions/vpnaas HTTP/1.1" status: 200 len: 348 time: 0.0038409
2026-07-16 08:03:42.050 10 INFO neutron.plugins.ml2.drivers.ovn.mech_driver.mech_driver [None req-1aa741e0-07f8-470b-90fb-656dfd3b1501 - - - - - -] OVN reports status up for port: 835dc6e8-83c2-432f-a784-441e77324fe6
2026-07-16 08:03:42.089 9 WARNING neutron.scheduler.dhcp_agent_scheduler [None req-e74985c6-f37c-44cb-84f1-e178fd39c62d b2cf7df87dfa4ef98024da1adda2b1f7 dc857324ae19465c88ffe1ddad648d6f - - default default] No more DHCP agents
2026-07-16 08:03:42.090 9 WARNING neutron.api.rpc.agentnotifiers.dhcp_rpc_agent_api [None req-e74985c6-f37c-44cb-84f1-e178fd39c62d b2cf7df87dfa4ef98024da1adda2b1f7 dc857324ae19465c88ffe1ddad648d6f - - default default] Unable to schedule network 2e87c460-1041-403a-b582-8a5f5cdbf17d: no agents available; will retry on subsequent port and subnet creation events.
2026-07-16 08:03:42.113 10 INFO neutron.plugins.ml2.plugin [None req-1aa741e0-07f8-470b-90fb-656dfd3b1501 - - - - - -] Attempt 1 to provision port 835dc6e8-83c2-432f-a784-441e77324fe6
2026-07-16 08:03:42.202 9 INFO neutron.db.ovn_revision_numbers_db [None req-e74985c6-f37c-44cb-84f1-e178fd39c62d b2cf7df87dfa4ef98024da1adda2b1f7 dc857324ae19465c88ffe1ddad648d6f - - default default] Successfully bumped revision number for resource eb95405f-bf54-4ee7-9fe0-c809bf9b9695 (type: ports) to 1
2026-07-16 08:03:42.248 10 INFO neutron.notifiers.nova [-] Nova event matching ['req-e3a954cd-d268-4c90-b65b-f320150fa395'] response: {'server_uuid': 'ade5b5e3-55fe-4f8d-b1c2-6d10e8c87b4e', 'name': 'network-vif-plugged', 'status': 'completed', 'tag': '835dc6e8-83c2-432f-a784-441e77324fe6', 'code': 200}
