2026-07-16 08:04:11.699 9 INFO neutron.api.wsgi [None req-787677b2-aea0-45b1-9036-143b9b7b3281 bd458daaaff04c488a5b90c57b291c90 c79b02d12cc44ead8cff801b82e45386 - - default default] 10.0.0.205 "PUT /v2.0/policies/638f869d-f1bb-48db-abbd-759280835181/tags HTTP/1.1" status: 200 len: 230 time: 0.0391588
2026-07-16 08:04:11.723 9 INFO neutron.api.wsgi [None req-f0c3601a-a795-4e99-89a7-3619fee628a1 bd458daaaff04c488a5b90c57b291c90 c79b02d12cc44ead8cff801b82e45386 - - default default] 10.0.0.205 "GET /v2.0/policies/638f869d-f1bb-48db-abbd-759280835181/tags HTTP/1.1" status: 200 len: 230 time: 0.0188079
2026-07-16 08:04:11.742 9 INFO neutron.api.wsgi [None req-69c9e26a-5272-4040-ae8d-157ef6fec231 bd458daaaff04c488a5b90c57b291c90 c79b02d12cc44ead8cff801b82e45386 - - default default] 10.0.0.205 "GET /v2.0/policies/638f869d-f1bb-48db-abbd-759280835181/tags/red HTTP/1.1" status: 204 len: 168 time: 0.0148151
2026-07-16 08:04:11.765 9 INFO neutron.api.v2.resource [None req-cb627e92-35e7-4667-b21f-460a5bc9e6a5 bd458daaaff04c488a5b90c57b291c90 c79b02d12cc44ead8cff801b82e45386 - - default default] show failed (client error): The resource could not be found.
2026-07-16 08:04:11.766 9 INFO neutron.api.wsgi [None req-cb627e92-35e7-4667-b21f-460a5bc9e6a5 bd458daaaff04c488a5b90c57b291c90 c79b02d12cc44ead8cff801b82e45386 - - default default] 10.0.0.205 "GET /v2.0/policies/638f869d-f1bb-48db-abbd-759280835181/tags/green HTTP/1.1" status: 404 len: 299 time: 0.0192742
2026-07-16 08:04:11.804 9 INFO neutron.api.wsgi [None req-318f96df-9578-4931-ab65-c8103b3916cb bd458daaaff04c488a5b90c57b291c90 c79b02d12cc44ead8cff801b82e45386 - - default default] 10.0.0.205 "DELETE /v2.0/policies/638f869d-f1bb-48db-abbd-759280835181/tags/red HTTP/1.1" status: 204 len: 168 time: 0.0307603
2026-07-16 08:04:11.820 10 WARNING neutron.scheduler.dhcp_agent_scheduler [None req-2ff91f9d-6d1e-44ac-aebc-f741e71164bc 675f38fbbcd4417eb02eb682a09eb3b9 90bf992e982549ec8d98a52f1db46413 - - default default] No more DHCP agents
2026-07-16 08:04:11.821 10 WARNING neutron.api.rpc.agentnotifiers.dhcp_rpc_agent_api [None req-2ff91f9d-6d1e-44ac-aebc-f741e71164bc 675f38fbbcd4417eb02eb682a09eb3b9 90bf992e982549ec8d98a52f1db46413 - - default default] Unable to schedule network f8e91f12-c502-4149-88b1-58b6ddfe0398: no agents available; will retry on subsequent port and subnet creation events.
2026-07-16 08:04:11.824 9 INFO neutron.api.wsgi [None req-28d9d24a-2dcf-4c7d-9271-c023930320f8 bd458daaaff04c488a5b90c57b291c90 c79b02d12cc44ead8cff801b82e45386 - - default default] 10.0.0.205 "GET /v2.0/policies/638f869d-f1bb-48db-abbd-759280835181/tags HTTP/1.1" status: 200 len: 223 time: 0.0154688
2026-07-16 08:04:11.851 10 INFO neutron.api.v2.resource [None req-270d4652-8131-4ce4-bfcf-02bddda5f88c bd458daaaff04c488a5b90c57b291c90 c79b02d12cc44ead8cff801b82e45386 - - default default] delete failed (client error): The resource could not be found.
2026-07-16 08:04:11.852 10 INFO neutron.api.wsgi [None req-270d4652-8131-4ce4-bfcf-02bddda5f88c bd458daaaff04c488a5b90c57b291c90 c79b02d12cc44ead8cff801b82e45386 - - default default] 10.0.0.205 "DELETE /v2.0/policies/638f869d-f1bb-48db-abbd-759280835181/tags/green HTTP/1.1" status: 404 len: 299 time: 0.0226138
2026-07-16 08:04:11.887 10 INFO neutron.api.wsgi [None req-04edc6ac-7eb7-4f15-828b-1e36a06f51fb bd458daaaff04c488a5b90c57b291c90 c79b02d12cc44ead8cff801b82e45386 - - default default] 10.0.0.205 "DELETE /v2.0/policies/638f869d-f1bb-48db-abbd-759280835181/tags HTTP/1.1" status: 204 len: 168 time: 0.0293598
2026-07-16 08:04:11.889 10 INFO neutron.db.ovn_revision_numbers_db [None req-2ff91f9d-6d1e-44ac-aebc-f741e71164bc 675f38fbbcd4417eb02eb682a09eb3b9 90bf992e982549ec8d98a52f1db46413 - - default default] Successfully bumped revision number for resource 281678e6-5c15-4af3-a183-e4c75b4bfe75 (type: ports) to 1
2026-07-16 08:04:11.908 10 INFO neutron.api.wsgi [None req-2ff91f9d-6d1e-44ac-aebc-f741e71164bc 675f38fbbcd4417eb02eb682a09eb3b9 90bf992e982549ec8d98a52f1db46413 - - default default] 10.0.0.205 "POST /v2.0/networks HTTP/1.1" status: 201 len: 843 time: 0.6999197
2026-07-16 08:04:11.910 9 INFO neutron.api.wsgi [None req-f63914e3-55e8-4863-afd3-8c2b05f94609 bd458daaaff04c488a5b90c57b291c90 c79b02d12cc44ead8cff801b82e45386 - - default default] 10.0.0.205 "GET /v2.0/policies/638f869d-f1bb-48db-abbd-759280835181/tags HTTP/1.1" status: 200 len: 205 time: 0.0189486
2026-07-16 08:04:11.971 9 INFO neutron.api.wsgi [None req-458b0e7d-d3d7-4a01-860d-e9c73e49a631 bd458daaaff04c488a5b90c57b291c90 c79b02d12cc44ead8cff801b82e45386 - - default default] 10.0.0.205 "DELETE /v2.0/qos/policies/638f869d-f1bb-48db-abbd-759280835181 HTTP/1.1" status: 204 len: 168 time: 0.0549221
2026-07-16 08:04:11.988 9 INFO neutron.db.ovn_revision_numbers_db [None req-ffd25bda-30b2-4462-a9bb-553bd4c68bef 0e0755879c8b4510b9774b8318691904 03be5abeafa6435b9b8cb70654831ac4 - - default default] Successfully bumped revision number for resource f9a969ec-c68d-4b4e-9986-32a119ea08e4 (type: floatingips) to -1
2026-07-16 08:04:12.038 10 INFO neutron.db.ovn_revision_numbers_db [None req-28ca2de3-d567-4875-99d9-f9992e3ed858 675f38fbbcd4417eb02eb682a09eb3b9 90bf992e982549ec8d98a52f1db46413 - - default default] Successfully bumped revision number for resource f8e91f12-c502-4149-88b1-58b6ddfe0398 (type: networks) to 2
2026-07-16 08:04:12.042 10 INFO neutron.api.wsgi [None req-28ca2de3-d567-4875-99d9-f9992e3ed858 675f38fbbcd4417eb02eb682a09eb3b9 90bf992e982549ec8d98a52f1db46413 - - default default] 10.0.0.205 "PUT /v2.0/networks/f8e91f12-c502-4149-88b1-58b6ddfe0398 HTTP/1.1" status: 200 len: 792 time: 0.1292953
2026-07-16 08:04:12.050 10 WARNING neutron_lib.context [None req-b50cc3f0-cc6c-4aa2-b492-fb38d8237397 675f38fbbcd4417eb02eb682a09eb3b9 90bf992e982549ec8d98a52f1db46413 - - default default] Method 'is_advsvc' is deprecated since 2023.2 release (neutron-lib 3.8.0) and will be removed once support for the old RBAC API policies will be removed from Neutron. Please use method 'is_service_role' instead.
2026-07-16 08:04:12.099 9 INFO neutron.db.ovn_revision_numbers_db [None req-ffd25bda-30b2-4462-a9bb-553bd4c68bef 0e0755879c8b4510b9774b8318691904 03be5abeafa6435b9b8cb70654831ac4 - - default default] Successfully bumped revision number for resource f9a969ec-c68d-4b4e-9986-32a119ea08e4 (type: floatingips) to 1
2026-07-16 08:04:12.100 9 INFO neutron.db.l3_db [None req-ffd25bda-30b2-4462-a9bb-553bd4c68bef 0e0755879c8b4510b9774b8318691904 03be5abeafa6435b9b8cb70654831ac4 - - default default] Floating IP f9a969ec-c68d-4b4e-9986-32a119ea08e4 associated. External IP: 10.96.250.214, port: 3db34d15-2704-474e-a7cc-8cd25c7db8b8.
2026-07-16 08:04:12.142 9 INFO neutron.api.wsgi [None req-ffd25bda-30b2-4462-a9bb-553bd4c68bef 0e0755879c8b4510b9774b8318691904 03be5abeafa6435b9b8cb70654831ac4 - - default default] 10.0.0.205 "POST /v2.0/floatingips HTTP/1.1" status: 201 len: 1040 time: 1.0405512
2026-07-16 08:04:12.223 10 WARNING neutron.scheduler.dhcp_agent_scheduler [None req-b50cc3f0-cc6c-4aa2-b492-fb38d8237397 675f38fbbcd4417eb02eb682a09eb3b9 90bf992e982549ec8d98a52f1db46413 - - default default] No more DHCP agents
2026-07-16 08:04:12.225 10 WARNING neutron.api.rpc.agentnotifiers.dhcp_rpc_agent_api [None req-b50cc3f0-cc6c-4aa2-b492-fb38d8237397 675f38fbbcd4417eb02eb682a09eb3b9 90bf992e982549ec8d98a52f1db46413 - - default default] Unable to schedule network f8e91f12-c502-4149-88b1-58b6ddfe0398: no agents available; will retry on subsequent port and subnet creation events.
2026-07-16 08:04:12.273 9 INFO neutron.db.ovn_revision_numbers_db [None req-26249c54-b092-4ee4-b588-e1abb26bea99 0e0755879c8b4510b9774b8318691904 03be5abeafa6435b9b8cb70654831ac4 - - default default] Successfully bumped revision number for resource f9a969ec-c68d-4b4e-9986-32a119ea08e4 (type: floatingips) to 2
2026-07-16 08:04:12.314 9 INFO neutron.db.l3_db [None req-26249c54-b092-4ee4-b588-e1abb26bea99 0e0755879c8b4510b9774b8318691904 03be5abeafa6435b9b8cb70654831ac4 - - default default] Floating IP f9a969ec-c68d-4b4e-9986-32a119ea08e4 disassociated. External IP: 10.96.250.214, port: 3db34d15-2704-474e-a7cc-8cd25c7db8b8.
2026-07-16 08:04:12.338 9 INFO neutron.api.wsgi [None req-26249c54-b092-4ee4-b588-e1abb26bea99 0e0755879c8b4510b9774b8318691904 03be5abeafa6435b9b8cb70654831ac4 - - default default] 10.0.0.205 "PUT /v2.0/floatingips/f9a969ec-c68d-4b4e-9986-32a119ea08e4 HTTP/1.1" status: 200 len: 748 time: 0.1904542
2026-07-16 08:04:12.638 10 INFO neutron.api.wsgi [None req-2a3835e6-1657-4116-af3b-17ce88e9da1a 0e0755879c8b4510b9774b8318691904 03be5abeafa6435b9b8cb70654831ac4 - - default default] 10.0.0.205 "DELETE /v2.0/floatingips/f9a969ec-c68d-4b4e-9986-32a119ea08e4 HTTP/1.1" status: 204 len: 168 time: 0.2953656
2026-07-16 08:04:12.650 10 WARNING neutron_lib.context [None req-2a4e8b3d-4d40-4643-85f2-ac1115f7a4be 0e0755879c8b4510b9774b8318691904 03be5abeafa6435b9b8cb70654831ac4 - - default default] Method 'is_advsvc' is deprecated since 2023.2 release (neutron-lib 3.8.0) and will be removed once support for the old RBAC API policies will be removed from Neutron. Please use method 'is_service_role' instead.
2026-07-16 08:04:12.654 10 INFO neutron.db.ovn_revision_numbers_db [None req-e33d24fb-fa65-476c-afdc-6f81008ebb62 - - - - - -] Successfully bumped revision number for resource 281678e6-5c15-4af3-a183-e4c75b4bfe75 (type: ports) to 2
2026-07-16 08:04:12.693 10 INFO neutron.db.ovn_revision_numbers_db [None req-e33d24fb-fa65-476c-afdc-6f81008ebb62 - - - - - -] Successfully bumped revision number for resource a584106b-effc-4b65-a38a-36ae16f3b1de (type: subnets) to 0
2026-07-16 08:04:12.716 10 INFO neutron.api.wsgi [None req-b50cc3f0-cc6c-4aa2-b492-fb38d8237397 675f38fbbcd4417eb02eb682a09eb3b9 90bf992e982549ec8d98a52f1db46413 - - default default] 10.0.0.205 "POST /v2.0/subnets HTTP/1.1" status: 201 len: 825 time: 0.6700051
2026-07-16 08:04:12.804 10 INFO neutron.db.ovn_revision_numbers_db [None req-667d791e-f509-4e4b-a649-3262b31a2ce1 b9ce937a6031456c94b46a52e5f6e3d0 1ccb513f25fc44f4bd438183ad6c0ea8 - - default default] Successfully bumped revision number for resource 913a996a-b35c-4e33-b3bc-012ec1449655 (type: security_groups) to 1
2026-07-16 08:04:12.819 10 INFO neutron.db.ovn_revision_numbers_db [None req-667d791e-f509-4e4b-a649-3262b31a2ce1 b9ce937a6031456c94b46a52e5f6e3d0 1ccb513f25fc44f4bd438183ad6c0ea8 - - default default] Successfully bumped revision number for resource 27b180e8-7c3a-4521-908e-37c400a9d2ab (type: security_group_rules) to 0
2026-07-16 08:04:12.836 10 INFO neutron.db.ovn_revision_numbers_db [None req-667d791e-f509-4e4b-a649-3262b31a2ce1 b9ce937a6031456c94b46a52e5f6e3d0 1ccb513f25fc44f4bd438183ad6c0ea8 - - default default] Successfully bumped revision number for resource 69357466-587e-4a91-9ea8-9ae1c157917a (type: security_group_rules) to 0
2026-07-16 08:04:12.850 10 INFO neutron.db.ovn_revision_numbers_db [None req-667d791e-f509-4e4b-a649-3262b31a2ce1 b9ce937a6031456c94b46a52e5f6e3d0 1ccb513f25fc44f4bd438183ad6c0ea8 - - default default] Successfully bumped revision number for resource d42f8a89-78b4-4698-8ccd-85fbd4d63e14 (type: security_group_rules) to 0
2026-07-16 08:04:12.868 10 INFO neutron.db.ovn_revision_numbers_db [None req-667d791e-f509-4e4b-a649-3262b31a2ce1 b9ce937a6031456c94b46a52e5f6e3d0 1ccb513f25fc44f4bd438183ad6c0ea8 - - default default] Successfully bumped revision number for resource d6ad83c7-8b61-49fa-ab12-0ce1449aba99 (type: security_group_rules) to 0
2026-07-16 08:04:12.890 10 WARNING neutron.scheduler.dhcp_agent_scheduler [None req-2a4e8b3d-4d40-4643-85f2-ac1115f7a4be 0e0755879c8b4510b9774b8318691904 03be5abeafa6435b9b8cb70654831ac4 - - default default] No more DHCP agents
2026-07-16 08:04:12.892 10 WARNING neutron.api.rpc.agentnotifiers.dhcp_rpc_agent_api [None req-2a4e8b3d-4d40-4643-85f2-ac1115f7a4be 0e0755879c8b4510b9774b8318691904 03be5abeafa6435b9b8cb70654831ac4 - - default default] Unable to schedule network 420e998d-ec99-4f47-a94b-9f1db35f8f08: no agents available; will retry on subsequent port and subnet creation events.
2026-07-16 08:04:12.897 10 INFO neutron.api.wsgi [None req-667d791e-f509-4e4b-a649-3262b31a2ce1 b9ce937a6031456c94b46a52e5f6e3d0 1ccb513f25fc44f4bd438183ad6c0ea8 - - default default] 10.0.0.205 "GET /v2.0/security-groups?tenant_id=c79b02d12cc44ead8cff801b82e45386&name=default HTTP/1.1" status: 200 len: 3120 time: 0.3111598
2026-07-16 08:04:12.938 9 INFO neutron.db.ovn_revision_numbers_db [None req-a8b0d55a-6626-4c33-abe7-a70ca710a933 675f38fbbcd4417eb02eb682a09eb3b9 90bf992e982549ec8d98a52f1db46413 - - default default] Successfully bumped revision number for resource a584106b-effc-4b65-a38a-36ae16f3b1de (type: subnets) to 1
2026-07-16 08:04:12.941 9 INFO neutron.api.wsgi [None req-a8b0d55a-6626-4c33-abe7-a70ca710a933 675f38fbbcd4417eb02eb682a09eb3b9 90bf992e982549ec8d98a52f1db46413 - - default default] 10.0.0.205 "PUT /v2.0/subnets/a584106b-effc-4b65-a38a-36ae16f3b1de HTTP/1.1" status: 200 len: 830 time: 0.2181530
2026-07-16 08:04:13.058 9 WARNING neutron.plugins.ml2.drivers.ovn.mech_driver.ovsdb.ovn_client [None req-77bb118b-b780-407e-9336-f81ca64fe8c2 - - - - - -] No hosting information found for port 2b5eda0f-b633-410c-aa7c-79962930ed77: RuntimeError: No hosting information found for port 2b5eda0f-b633-410c-aa7c-79962930ed77
2026-07-16 08:04:13.133 10 INFO neutron.api.wsgi [None req-589a2dfd-b475-4904-8b30-e057259b6600 b9ce937a6031456c94b46a52e5f6e3d0 1ccb513f25fc44f4bd438183ad6c0ea8 - - default default] 10.0.0.205 "DELETE /v2.0/security-groups/913a996a-b35c-4e33-b3bc-012ec1449655 HTTP/1.1" status: 204 len: 168 time: 0.2299359
2026-07-16 08:04:13.388 10 INFO neutron.db.ovn_revision_numbers_db [None req-89938882-19d5-4e06-8b83-7a88f6b9050d b9ce937a6031456c94b46a52e5f6e3d0 1ccb513f25fc44f4bd438183ad6c0ea8 - - default default] Successfully bumped revision number for resource e857fe50-5d43-4c31-ba72-82e0d5018323 (type: security_groups) to 1
2026-07-16 08:04:13.469 10 INFO neutron.db.ovn_revision_numbers_db [None req-89938882-19d5-4e06-8b83-7a88f6b9050d b9ce937a6031456c94b46a52e5f6e3d0 1ccb513f25fc44f4bd438183ad6c0ea8 - - default default] Successfully bumped revision number for resource 0118f938-acff-4121-a3ac-1f12473c75bc (type: security_group_rules) to 0
2026-07-16 08:04:13.592 10 INFO neutron.db.ovn_revision_numbers_db [None req-89938882-19d5-4e06-8b83-7a88f6b9050d b9ce937a6031456c94b46a52e5f6e3d0 1ccb513f25fc44f4bd438183ad6c0ea8 - - default default] Successfully bumped revision number for resource 3eaaac35-1d7a-4ba8-9cde-de2f6fe68978 (type: security_group_rules) to 0
2026-07-16 08:04:13.605 10 INFO neutron.db.ovn_revision_numbers_db [None req-2a4e8b3d-4d40-4643-85f2-ac1115f7a4be 0e0755879c8b4510b9774b8318691904 03be5abeafa6435b9b8cb70654831ac4 - - default default] Successfully bumped revision number for resource e0094b1d-19a3-4103-8081-4350a81ba12a (type: floatingips) to -1
2026-07-16 08:04:13.621 10 INFO neutron.db.ovn_revision_numbers_db [None req-89938882-19d5-4e06-8b83-7a88f6b9050d b9ce937a6031456c94b46a52e5f6e3d0 1ccb513f25fc44f4bd438183ad6c0ea8 - - default default] Successfully bumped revision number for resource 73eb321c-2f1f-4501-9649-1f5a65973306 (type: security_group_rules) to 0
2026-07-16 08:04:13.643 10 INFO neutron.db.ovn_revision_numbers_db [None req-89938882-19d5-4e06-8b83-7a88f6b9050d b9ce937a6031456c94b46a52e5f6e3d0 1ccb513f25fc44f4bd438183ad6c0ea8 - - default default] Successfully bumped revision number for resource a4ce4c95-a2f5-44c4-b6a1-569bcb58f6a9 (type: security_group_rules) to 0
2026-07-16 08:04:13.677 9 INFO neutron.services.segments.plugin [-] Segment 88bc2d69-76f4-4872-b947-9ed3d0778db5 resource provider aggregate not found
2026-07-16 08:04:13.683 9 INFO neutron.services.segments.plugin [-] Segment 88bc2d69-76f4-4872-b947-9ed3d0778db5 resource provider aggregate not found
2026-07-16 08:04:13.697 9 INFO neutron.services.segments.plugin [-] Segment 88bc2d69-76f4-4872-b947-9ed3d0778db5 resource provider not found; error: Placement Client Error (4xx): {"errors": [{"status": 404, "title": "Not Found", "detail": "The resource could not be found.\n\n No resource provider with uuid 88bc2d69-76f4-4872-b947-9ed3d0778db5 found for delete ", "request_id": "req-f15ec0d8-e51c-46cd-a550-a102eefcfc36"}]}
2026-07-16 08:04:13.709 10 INFO neutron.api.wsgi [None req-89938882-19d5-4e06-8b83-7a88f6b9050d b9ce937a6031456c94b46a52e5f6e3d0 1ccb513f25fc44f4bd438183ad6c0ea8 - - default default] 10.0.0.205 "GET /v2.0/security-groups?tenant_id=e901f0917f124ed281c50543e58879d4&name=default HTTP/1.1" status: 200 len: 3120 time: 0.4878583
2026-07-16 08:04:13.710 9 INFO neutron.services.segments.plugin [-] Segment 88bc2d69-76f4-4872-b947-9ed3d0778db5 resource provider not found; error: Placement Client Error (4xx): {"errors": [{"status": 404, "title": "Not Found", "detail": "The resource could not be found.\n\n No resource provider with uuid 88bc2d69-76f4-4872-b947-9ed3d0778db5 found for delete ", "request_id": "req-44d62d4f-8046-4fc0-8cfa-3f5903ae7122"}]}
2026-07-16 08:04:13.724 9 INFO neutron.api.wsgi [None req-d100ef1d-13e5-4dd6-bd67-e1d307701ff3 675f38fbbcd4417eb02eb682a09eb3b9 90bf992e982549ec8d98a52f1db46413 - - default default] 10.0.0.205 "DELETE /v2.0/networks/f8e91f12-c502-4149-88b1-58b6ddfe0398 HTTP/1.1" status: 204 len: 168 time: 0.7776403 /var/lib/openstack/lib/python3.12/site-packages/pycadf/identifier.py:71: UserWarning: Invalid uuid: neutron. To ensure interoperability, identifiers should be a valid uuid. warnings.warn(('Invalid uuid: %s. To ensure interoperability, '
2026-07-16 08:04:13.743 9 INFO neutron.pecan_wsgi.hooks.translation [None req-2d5d0cb2-31db-4e23-9f02-765df74af107 675f38fbbcd4417eb02eb682a09eb3b9 90bf992e982549ec8d98a52f1db46413 - - default default] DELETE failed (client error): The resource could not be found.
2026-07-16 08:04:13.746 9 INFO neutron.api.wsgi [None req-2d5d0cb2-31db-4e23-9f02-765df74af107 675f38fbbcd4417eb02eb682a09eb3b9 90bf992e982549ec8d98a52f1db46413 - - default default] 10.0.0.205 "DELETE /v2.0/networks/f8e91f12-c502-4149-88b1-58b6ddfe0398 HTTP/1.1" status: 404 len: 339 time: 0.0136750
2026-07-16 08:04:13.784 10 INFO neutron.db.ovn_revision_numbers_db [None req-2a4e8b3d-4d40-4643-85f2-ac1115f7a4be 0e0755879c8b4510b9774b8318691904 03be5abeafa6435b9b8cb70654831ac4 - - default default] Successfully bumped revision number for resource e0094b1d-19a3-4103-8081-4350a81ba12a (type: floatingips) to 1
2026-07-16 08:04:13.784 10 INFO neutron.db.l3_db [None req-2a4e8b3d-4d40-4643-85f2-ac1115f7a4be 0e0755879c8b4510b9774b8318691904 03be5abeafa6435b9b8cb70654831ac4 - - default default] Floating IP e0094b1d-19a3-4103-8081-4350a81ba12a associated. External IP: 10.96.250.211, port: 127823e0-34d8-4eed-9fa8-310bdef3fb83.
2026-07-16 08:04:13.820 10 INFO neutron.api.wsgi [None req-15f8c326-c4e1-4175-9688-b6f4e444d7f5 675f38fbbcd4417eb02eb682a09eb3b9 90bf992e982549ec8d98a52f1db46413 - - default default] 10.0.0.205 "GET /v2.0/networks?router%3Aexternal=True HTTP/1.1" status: 200 len: 845 time: 0.0666275
2026-07-16 08:04:13.847 10 INFO neutron.api.wsgi [None req-2a4e8b3d-4d40-4643-85f2-ac1115f7a4be 0e0755879c8b4510b9774b8318691904 03be5abeafa6435b9b8cb70654831ac4 - - default default] 10.0.0.205 "POST /v2.0/floatingips HTTP/1.1" status: 201 len: 1040 time: 1.2004993
2026-07-16 08:04:13.856 9 INFO neutron.api.wsgi [None req-ffe5fa8b-1686-4c6c-a252-e9e34ce83874 675f38fbbcd4417eb02eb682a09eb3b9 90bf992e982549ec8d98a52f1db46413 - - default default] 10.0.0.205 "GET /v2.0/subnets?network_id=420e998d-ec99-4f47-a94b-9f1db35f8f08 HTTP/1.1" status: 200 len: 843 time: 0.0284770
2026-07-16 08:04:13.867 9 INFO neutron.api.wsgi [None req-78268600-a208-4bce-88dd-79cea929775c 675f38fbbcd4417eb02eb682a09eb3b9 90bf992e982549ec8d98a52f1db46413 - - default default] 10.0.0.205 "GET /v2.0/extensions HTTP/1.1" status: 200 len: 19293 time: 0.0066397
2026-07-16 08:04:13.919 10 INFO neutron.api.wsgi [None req-54e9de83-aa33-432c-9c85-737afa167ee1 0e0755879c8b4510b9774b8318691904 03be5abeafa6435b9b8cb70654831ac4 - - default default] 10.0.0.205 "GET /v2.0/floatingips/e0094b1d-19a3-4103-8081-4350a81ba12a HTTP/1.1" status: 200 len: 1037 time: 0.0661490
2026-07-16 08:04:13.927 9 INFO neutron.api.wsgi [None req-d2d30d56-5b12-4637-b27d-6ab09979277e 675f38fbbcd4417eb02eb682a09eb3b9 90bf992e982549ec8d98a52f1db46413 - - default default] 10.0.0.205 "GET /v2.0/networks HTTP/1.1" status: 200 len: 1504 time: 0.0490589
2026-07-16 08:04:13.981 10 INFO neutron.api.wsgi [None req-1faf3302-32c5-46bb-ae10-c5bd3993dad2 0e0755879c8b4510b9774b8318691904 03be5abeafa6435b9b8cb70654831ac4 - - default default] 10.0.0.205 "GET /v2.0/floatingips HTTP/1.1" status: 200 len: 1040 time: 0.0575385
2026-07-16 08:04:14.056 10 INFO neutron.api.wsgi [None req-92a629bb-0114-4838-8251-b2aaf7c40e8d b9ce937a6031456c94b46a52e5f6e3d0 1ccb513f25fc44f4bd438183ad6c0ea8 - - default default] 10.0.0.205 "DELETE /v2.0/security-groups/e857fe50-5d43-4c31-ba72-82e0d5018323 HTTP/1.1" status: 204 len: 168 time: 0.3432670
2026-07-16 08:04:14.225 9 INFO neutron.api.wsgi [None req-9e3f6b3a-56e8-4420-a7c3-771bf6932f8e 675f38fbbcd4417eb02eb682a09eb3b9 90bf992e982549ec8d98a52f1db46413 - - default default] 10.0.0.205 "GET /v2.0/subnets HTTP/1.1" status: 200 len: 1475 time: 0.2923656
2026-07-16 08:04:14.265 9 INFO neutron.api.wsgi [None req-20fe2cf2-1233-4f3e-9a05-547eb638362c 675f38fbbcd4417eb02eb682a09eb3b9 90bf992e982549ec8d98a52f1db46413 - - default default] 10.0.0.205 "GET /v2.0/networks/1f3ac09b-6b56-498c-81ec-3463f724827b HTTP/1.1" status: 200 len: 863 time: 0.0353706
2026-07-16 08:04:14.294 9 INFO neutron.api.wsgi [None req-69f6e08e-eaae-41d2-a3b4-49f5fde2651e 675f38fbbcd4417eb02eb682a09eb3b9 90bf992e982549ec8d98a52f1db46413 - - default default] 10.0.0.205 "GET /v2.0/subnets/2a0032d9-a8aa-4f2f-9ed1-e929a8418124 HTTP/1.1" status: 200 len: 835 time: 0.0242221
2026-07-16 08:04:14.311 10 INFO neutron.pecan_wsgi.hooks.translation [None req-1f486570-26a2-4594-a9b5-1456bee4fb69 675f38fbbcd4417eb02eb682a09eb3b9 90bf992e982549ec8d98a52f1db46413 - - default default] DELETE failed (client error): The resource could not be found.
2026-07-16 08:04:14.313 10 INFO neutron.api.wsgi [None req-1f486570-26a2-4594-a9b5-1456bee4fb69 675f38fbbcd4417eb02eb682a09eb3b9 90bf992e982549ec8d98a52f1db46413 - - default default] 10.0.0.205 "DELETE /v2.0/subnets/a584106b-effc-4b65-a38a-36ae16f3b1de HTTP/1.1" status: 404 len: 337 time: 0.0149155
2026-07-16 08:04:14.331 10 INFO neutron.pecan_wsgi.hooks.translation [None req-3625d345-9dd8-43fc-9ba3-0e10c8b770e8 675f38fbbcd4417eb02eb682a09eb3b9 90bf992e982549ec8d98a52f1db46413 - - default default] DELETE failed (client error): The resource could not be found.
2026-07-16 08:04:14.333 10 INFO neutron.api.wsgi [None req-3625d345-9dd8-43fc-9ba3-0e10c8b770e8 675f38fbbcd4417eb02eb682a09eb3b9 90bf992e982549ec8d98a52f1db46413 - - default default] 10.0.0.205 "DELETE /v2.0/networks/f8e91f12-c502-4149-88b1-58b6ddfe0398 HTTP/1.1" status: 404 len: 339 time: 0.0162513
2026-07-16 08:04:14.488 10 INFO neutron.db.ovn_revision_numbers_db [None req-9f7665d9-3a5e-4d18-a6e3-e669d3196949 0e0755879c8b4510b9774b8318691904 03be5abeafa6435b9b8cb70654831ac4 - - default default] Successfully bumped revision number for resource e0094b1d-19a3-4103-8081-4350a81ba12a (type: floatingips) to 2
2026-07-16 08:04:14.491 9 INFO neutron.api.wsgi [None req-65937efa-f0a6-451b-883b-fd17366dec6d 675f38fbbcd4417eb02eb682a09eb3b9 90bf992e982549ec8d98a52f1db46413 - - default default] 10.0.0.205 "DELETE /v2.0/subnets/2a0032d9-a8aa-4f2f-9ed1-e929a8418124 HTTP/1.1" status: 204 len: 168 time: 0.1552627 /var/lib/openstack/lib/python3.12/site-packages/pycadf/identifier.py:71: UserWarning: Invalid uuid: neutron. To ensure interoperability, identifiers should be a valid uuid. warnings.warn(('Invalid uuid: %s. To ensure interoperability, '
2026-07-16 08:04:14.588 10 INFO neutron.db.ovn_revision_numbers_db [None req-9f7665d9-3a5e-4d18-a6e3-e669d3196949 0e0755879c8b4510b9774b8318691904 03be5abeafa6435b9b8cb70654831ac4 - - default default] Successfully bumped revision number for resource e0094b1d-19a3-4103-8081-4350a81ba12a (type: floatingips) to 2
2026-07-16 08:04:14.588 10 INFO neutron.db.l3_db [None req-9f7665d9-3a5e-4d18-a6e3-e669d3196949 0e0755879c8b4510b9774b8318691904 03be5abeafa6435b9b8cb70654831ac4 - - default default] Floating IP e0094b1d-19a3-4103-8081-4350a81ba12a associated. External IP: 10.96.250.211, port: 127823e0-34d8-4eed-9fa8-310bdef3fb83.
2026-07-16 08:04:14.644 10 INFO neutron.api.wsgi [None req-9f7665d9-3a5e-4d18-a6e3-e669d3196949 0e0755879c8b4510b9774b8318691904 03be5abeafa6435b9b8cb70654831ac4 - - default default] 10.0.0.205 "PUT /v2.0/floatingips/e0094b1d-19a3-4103-8081-4350a81ba12a HTTP/1.1" status: 200 len: 1037 time: 0.6582818
2026-07-16 08:04:14.810 9 INFO neutron.db.ovn_revision_numbers_db [None req-3b433462-4da1-40a6-9c58-40deef630ab2 0e0755879c8b4510b9774b8318691904 03be5abeafa6435b9b8cb70654831ac4 - - default default] Successfully bumped revision number for resource e0094b1d-19a3-4103-8081-4350a81ba12a (type: floatingips) to 3
2026-07-16 08:04:14.862 9 INFO neutron.db.l3_db [None req-3b433462-4da1-40a6-9c58-40deef630ab2 0e0755879c8b4510b9774b8318691904 03be5abeafa6435b9b8cb70654831ac4 - - default default] Floating IP e0094b1d-19a3-4103-8081-4350a81ba12a disassociated. External IP: 10.96.250.211, port: 3db34d15-2704-474e-a7cc-8cd25c7db8b8.
2026-07-16 08:04:14.876 9 INFO neutron.api.wsgi [None req-f48c0ec1-4646-40d8-87d1-a1212cabd52e 675f38fbbcd4417eb02eb682a09eb3b9 90bf992e982549ec8d98a52f1db46413 - - default default] 10.0.0.205 "DELETE /v2.0/networks/1f3ac09b-6b56-498c-81ec-3463f724827b HTTP/1.1" status: 204 len: 168 time: 0.3788371
2026-07-16 08:04:14.890 9 INFO neutron.api.wsgi [None req-3b433462-4da1-40a6-9c58-40deef630ab2 0e0755879c8b4510b9774b8318691904 03be5abeafa6435b9b8cb70654831ac4 - - default default] 10.0.0.205 "PUT /v2.0/floatingips/e0094b1d-19a3-4103-8081-4350a81ba12a HTTP/1.1" status: 200 len: 748 time: 0.2382147
2026-07-16 08:04:14.903 10 WARNING neutron.plugins.ml2.drivers.ovn.mech_driver.ovsdb.ovn_client [None req-c1a20674-8aeb-4e15-b590-8d906e884600 - - - - - -] No hosting information found for port 31b61296-401d-4b45-9f00-1841876c0a44: RuntimeError: No hosting information found for port 31b61296-401d-4b45-9f00-1841876c0a44
2026-07-16 08:04:14.964 10 INFO neutron.db.ovn_revision_numbers_db [None req-c1a20674-8aeb-4e15-b590-8d906e884600 - - - - - -] Successfully bumped revision number for resource 31b61296-401d-4b45-9f00-1841876c0a44 (type: router_ports) to 2
2026-07-16 08:04:15.158 9 INFO neutron.api.wsgi [None req-6ff2f271-dc10-41f0-9543-5844f0739d36 0e0755879c8b4510b9774b8318691904 03be5abeafa6435b9b8cb70654831ac4 - - default default] 10.0.0.205 "DELETE /v2.0/floatingips/e0094b1d-19a3-4103-8081-4350a81ba12a HTTP/1.1" status: 204 len: 168 time: 0.2638679
2026-07-16 08:04:15.176 9 INFO neutron.api.v2.resource [None req-91ec9ec7-f0e1-4944-8edd-62ae8fc3bf39 0e0755879c8b4510b9774b8318691904 03be5abeafa6435b9b8cb70654831ac4 - - default default] delete failed (client error): The resource could not be found.
2026-07-16 08:04:15.177 9 INFO neutron.api.wsgi [None req-91ec9ec7-f0e1-4944-8edd-62ae8fc3bf39 0e0755879c8b4510b9774b8318691904 03be5abeafa6435b9b8cb70654831ac4 - - default default] 10.0.0.205 "DELETE /v2.0/floatingips/e0094b1d-19a3-4103-8081-4350a81ba12a HTTP/1.1" status: 404 len: 345 time: 0.0139117
2026-07-16 08:04:15.499 9 INFO neutron.api.wsgi [None req-d1b14837-022a-491d-ac4e-671ab8c79a5b 0e0755879c8b4510b9774b8318691904 03be5abeafa6435b9b8cb70654831ac4 - - default default] 10.0.0.205 "DELETE /v2.0/ports/3db34d15-2704-474e-a7cc-8cd25c7db8b8 HTTP/1.1" status: 204 len: 168 time: 0.3174653 /var/lib/openstack/lib/python3.12/site-packages/pycadf/identifier.py:71: UserWarning: Invalid uuid: neutron. To ensure interoperability, identifiers should be a valid uuid. warnings.warn(('Invalid uuid: %s. To ensure interoperability, '
2026-07-16 08:04:15.535 10 INFO neutron.api.wsgi [None req-e94de88f-cf53-4cd0-8462-300990160cb3 b9ce937a6031456c94b46a52e5f6e3d0 1ccb513f25fc44f4bd438183ad6c0ea8 - - default default] 10.0.0.205 "GET /v2.0/security-groups?tenant_id=90bf992e982549ec8d98a52f1db46413&name=default HTTP/1.1" status: 200 len: 3120 time: 0.2151608
2026-07-16 08:04:15.720 9 INFO neutron.services.segments.plugin [-] Segment 06900d85-0bed-4614-aaec-3beee5298490 resource provider aggregate not found
2026-07-16 08:04:15.726 9 INFO neutron.services.segments.plugin [-] Segment 06900d85-0bed-4614-aaec-3beee5298490 resource provider aggregate not found
2026-07-16 08:04:15.739 9 INFO neutron.services.segments.plugin [-] Segment 06900d85-0bed-4614-aaec-3beee5298490 resource provider not found; error: Placement Client Error (4xx): {"errors": [{"status": 404, "title": "Not Found", "detail": "The resource could not be found.\n\n No resource provider with uuid 06900d85-0bed-4614-aaec-3beee5298490 found for delete ", "request_id": "req-ffc9b9bf-afbb-4053-be41-ac099f39ee69"}]}
2026-07-16 08:04:15.741 9 INFO neutron.services.segments.plugin [-] Segment 06900d85-0bed-4614-aaec-3beee5298490 resource provider not found; error: Placement Client Error (4xx): {"errors": [{"status": 404, "title": "Not Found", "detail": "The resource could not be found.\n\n No resource provider with uuid 06900d85-0bed-4614-aaec-3beee5298490 found for delete ", "request_id": "req-e35c77cb-c5bc-4d17-97b5-921c9e9679af"}]}
2026-07-16 08:04:15.771 10 INFO neutron.api.wsgi [None req-36ac20a2-b62e-4acd-9235-feb36073d568 b9ce937a6031456c94b46a52e5f6e3d0 1ccb513f25fc44f4bd438183ad6c0ea8 - - default default] 10.0.0.205 "DELETE /v2.0/security-groups/5235aa2a-f269-4873-8ca4-fee03f8de033 HTTP/1.1" status: 204 len: 168 time: 0.2310975
2026-07-16 08:04:15.822 9 INFO neutron.api.wsgi [None req-88ea66ad-b0b9-4159-9076-83420f03b3e9 0e0755879c8b4510b9774b8318691904 03be5abeafa6435b9b8cb70654831ac4 - - default default] 10.0.0.205 "DELETE /v2.0/ports/127823e0-34d8-4eed-9fa8-310bdef3fb83 HTTP/1.1" status: 204 len: 168 time: 0.3125162
2026-07-16 08:04:15.856 9 INFO neutron.api.wsgi [None req-63f1d085-695c-44f7-939c-9149bc5ae9a0 0e0755879c8b4510b9774b8318691904 03be5abeafa6435b9b8cb70654831ac4 - - default default] 10.0.0.205 "GET /v2.0/ports?device_id=7c44936d-fe53-49c2-a3e6-838c072254b4 HTTP/1.1" status: 200 len: 1140 time: 0.0294244
2026-07-16 08:04:16.579 10 INFO neutron.api.wsgi [-] 10.0.0.197 "GET / HTTP/1.1" status: 200 len: 247 time: 0.0021024
2026-07-16 08:04:16.581 10 INFO neutron.api.wsgi [-] 10.0.0.197 "GET / HTTP/1.1" status: 200 len: 247 time: 0.0013173
2026-07-16 08:04:16.615 9 INFO neutron.api.wsgi [None req-46ec0a1b-c134-4997-a641-6b700b55b357 0e0755879c8b4510b9774b8318691904 03be5abeafa6435b9b8cb70654831ac4 - - default default] 10.0.0.205 "PUT /v2.0/routers/7c44936d-fe53-49c2-a3e6-838c072254b4/remove_router_interface HTTP/1.1" status: 200 len: 503 time: 0.7546861
2026-07-16 08:04:17.166 10 INFO neutron.api.wsgi [None req-0013b666-ac85-4b18-8371-1f7794180008 0e0755879c8b4510b9774b8318691904 03be5abeafa6435b9b8cb70654831ac4 - - default default] 10.0.0.205 "DELETE /v2.0/routers/7c44936d-fe53-49c2-a3e6-838c072254b4 HTTP/1.1" status: 204 len: 168 time: 0.5435772 /var/lib/openstack/lib/python3.12/site-packages/pycadf/identifier.py:71: UserWarning: Invalid uuid: neutron. To ensure interoperability, identifiers should be a valid uuid. warnings.warn(('Invalid uuid: %s. To ensure interoperability, '
2026-07-16 08:04:17.271 9 WARNING neutron_lib.context [None req-d4f842ad-5b31-49bf-9842-1dd7397e71a5 922da73152464a0a989b44a8217c06fb ff1ad8e866df40919c10bbd883f55390 - - default default] Method 'is_advsvc' is deprecated since 2023.2 release (neutron-lib 3.8.0) and will be removed once support for the old RBAC API policies will be removed from Neutron. Please use method 'is_service_role' instead.
2026-07-16 08:04:17.284 10 INFO neutron.api.wsgi [None req-d330deac-d905-485e-888e-b36b45b31214 0e0755879c8b4510b9774b8318691904 03be5abeafa6435b9b8cb70654831ac4 - - default default] 10.0.0.205 "DELETE /v2.0/subnets/17340d05-fe11-4492-b3ae-2b30e6e75c44 HTTP/1.1" status: 204 len: 168 time: 0.1142793
2026-07-16 08:04:17.316 9 INFO neutron.api.wsgi [None req-d4f842ad-5b31-49bf-9842-1dd7397e71a5 922da73152464a0a989b44a8217c06fb ff1ad8e866df40919c10bbd883f55390 - - default default] 10.0.0.205 "POST /v2.0/subnetpools HTTP/1.1" status: 201 len: 715 time: 0.2369823
2026-07-16 08:04:17.358 10 INFO neutron.api.wsgi [None req-a4a02c7f-9996-4e92-b91e-bfbade281451 922da73152464a0a989b44a8217c06fb ff1ad8e866df40919c10bbd883f55390 - - default default] 10.0.0.205 "PUT /v2.0/subnetpools/a8ddf130-cc91-4b3c-b6e6-27d6641a95b0/tags HTTP/1.1" status: 200 len: 218 time: 0.0361400
2026-07-16 08:04:17.380 9 INFO neutron.api.wsgi [None req-7629dccf-e29a-4e80-a7c5-5df6c9946d8a 922da73152464a0a989b44a8217c06fb ff1ad8e866df40919c10bbd883f55390 - - default default] 10.0.0.205 "GET /v2.0/subnetpools/a8ddf130-cc91-4b3c-b6e6-27d6641a95b0/tags HTTP/1.1" status: 200 len: 218 time: 0.0177207
2026-07-16 08:04:17.421 10 INFO neutron.api.wsgi [None req-d1596232-83ec-46e4-9791-335a3cc99967 922da73152464a0a989b44a8217c06fb ff1ad8e866df40919c10bbd883f55390 - - default default] 10.0.0.205 "PUT /v2.0/subnetpools/a8ddf130-cc91-4b3c-b6e6-27d6641a95b0/tags/green HTTP/1.1" status: 201 len: 201 time: 0.0356729
2026-07-16 08:04:17.444 9 INFO neutron.api.wsgi [None req-ff7291ed-e319-4638-83f0-baef292e7396 922da73152464a0a989b44a8217c06fb ff1ad8e866df40919c10bbd883f55390 - - default default] 10.0.0.205 "GET /v2.0/subnetpools/a8ddf130-cc91-4b3c-b6e6-27d6641a95b0/tags HTTP/1.1" status: 200 len: 227 time: 0.0181293
2026-07-16 08:04:17.467 9 INFO neutron.api.wsgi [None req-257e6d24-a90f-46cf-a9b3-f340a7374dce 922da73152464a0a989b44a8217c06fb ff1ad8e866df40919c10bbd883f55390 - - default default] 10.0.0.205 "PUT /v2.0/subnetpools/a8ddf130-cc91-4b3c-b6e6-27d6641a95b0/tags/red HTTP/1.1" status: 201 len: 201 time: 0.0189569
2026-07-16 08:04:17.487 10 INFO neutron.api.wsgi [None req-e72f6f8e-27a5-481d-a494-6df7ace0d388 922da73152464a0a989b44a8217c06fb ff1ad8e866df40919c10bbd883f55390 - - default default] 10.0.0.205 "GET /v2.0/subnetpools/a8ddf130-cc91-4b3c-b6e6-27d6641a95b0/tags HTTP/1.1" status: 200 len: 227 time: 0.0148079
2026-07-16 08:04:17.503 10 WARNING neutron_lib.context [None req-59f48ddc-30cb-40a5-9c7c-7748867a04ee b16299f2f0a04146806d477c933124db 099e49eb6fdc4b79a8c8f4509a397105 - - default default] Method 'is_advsvc' is deprecated since 2023.2 release (neutron-lib 3.8.0) and will be removed once support for the old RBAC API policies will be removed from Neutron. Please use method 'is_service_role' instead.
2026-07-16 08:04:17.523 9 INFO neutron.api.wsgi [None req-cb91eb46-852e-4e8d-b896-ff2903a341c0 922da73152464a0a989b44a8217c06fb ff1ad8e866df40919c10bbd883f55390 - - default default] 10.0.0.205 "PUT /v2.0/subnetpools/a8ddf130-cc91-4b3c-b6e6-27d6641a95b0/tags/black.or.white HTTP/1.1" status: 201 len: 201 time: 0.0314376
2026-07-16 08:04:17.543 9 INFO neutron.api.wsgi [None req-34ef6f5d-4054-4a8f-9b17-c4d301e6bf41 922da73152464a0a989b44a8217c06fb ff1ad8e866df40919c10bbd883f55390 - - default default] 10.0.0.205 "GET /v2.0/subnetpools/a8ddf130-cc91-4b3c-b6e6-27d6641a95b0/tags HTTP/1.1" status: 200 len: 245 time: 0.0145004
2026-07-16 08:04:17.563 10 INFO neutron.services.segments.plugin [-] Segment 4148f61d-64f3-4798-aa3a-54ded80ddbf5 resource provider aggregate not found
2026-07-16 08:04:17.573 10 INFO neutron.services.segments.plugin [-] Segment 4148f61d-64f3-4798-aa3a-54ded80ddbf5 resource provider aggregate not found
2026-07-16 08:04:17.579 10 INFO neutron.services.segments.plugin [-] Segment 4148f61d-64f3-4798-aa3a-54ded80ddbf5 resource provider not found; error: Placement Client Error (4xx): {"errors": [{"status": 404, "title": "Not Found", "detail": "The resource could not be found.\n\n No resource provider with uuid 4148f61d-64f3-4798-aa3a-54ded80ddbf5 found for delete ", "request_id": "req-546aced7-48cd-4ebe-8350-e1ec70c559cd"}]}
2026-07-16 08:04:17.586 9 INFO neutron.api.wsgi [None req-4ebc57f0-ebe6-472d-930f-3cdf09395b26 922da73152464a0a989b44a8217c06fb ff1ad8e866df40919c10bbd883f55390 - - default default] 10.0.0.205 "PUT /v2.0/subnetpools/a8ddf130-cc91-4b3c-b6e6-27d6641a95b0/tags HTTP/1.1" status: 200 len: 230 time: 0.0377316
2026-07-16 08:04:17.591 10 INFO neutron.services.segments.plugin [-] Segment 4148f61d-64f3-4798-aa3a-54ded80ddbf5 resource provider not found; error: Placement Client Error (4xx): {"errors": [{"status": 404, "title": "Not Found", "detail": "The resource could not be found.\n\n No resource provider with uuid 4148f61d-64f3-4798-aa3a-54ded80ddbf5 found for delete ", "request_id": "req-b141cf52-03e8-4d45-957e-48feb57bfa07"}]}
2026-07-16 08:04:17.619 10 INFO neutron.api.wsgi [None req-2f511ee9-2b47-4d34-818c-062cf64192d0 0e0755879c8b4510b9774b8318691904 03be5abeafa6435b9b8cb70654831ac4 - - default default] 10.0.0.205 "DELETE /v2.0/networks/129361ee-0b03-4821-a65c-1bafd26c5ca7 HTTP/1.1" status: 204 len: 168 time: 0.3295367
2026-07-16 08:04:17.619 9 INFO neutron.api.wsgi [None req-2d837fd8-f217-4477-b18b-a99db1cf1892 922da73152464a0a989b44a8217c06fb ff1ad8e866df40919c10bbd883f55390 - - default default] 10.0.0.205 "GET /v2.0/subnetpools/a8ddf130-cc91-4b3c-b6e6-27d6641a95b0/tags HTTP/1.1" status: 200 len: 230 time: 0.0281875
2026-07-16 08:04:17.647 9 INFO neutron.api.wsgi [None req-ab218b4b-e9bd-4cfc-8c08-f2072c8e1d02 922da73152464a0a989b44a8217c06fb ff1ad8e866df40919c10bbd883f55390 - - default default] 10.0.0.205 "GET /v2.0/subnetpools/a8ddf130-cc91-4b3c-b6e6-27d6641a95b0/tags/red HTTP/1.1" status: 204 len: 168 time: 0.0237002
2026-07-16 08:04:17.680 9 INFO neutron.api.v2.resource [None req-729a402e-fb67-47d8-8aca-cbb90565b6b9 922da73152464a0a989b44a8217c06fb ff1ad8e866df40919c10bbd883f55390 - - default default] show failed (client error): The resource could not be found.
2026-07-16 08:04:17.682 9 INFO neutron.api.wsgi [None req-729a402e-fb67-47d8-8aca-cbb90565b6b9 922da73152464a0a989b44a8217c06fb ff1ad8e866df40919c10bbd883f55390 - - default default] 10.0.0.205 "GET /v2.0/subnetpools/a8ddf130-cc91-4b3c-b6e6-27d6641a95b0/tags/green HTTP/1.1" status: 404 len: 299 time: 0.0281079
2026-07-16 08:04:17.690 10 INFO neutron.db.ovn_revision_numbers_db [None req-59f48ddc-30cb-40a5-9c7c-7748867a04ee b16299f2f0a04146806d477c933124db 099e49eb6fdc4b79a8c8f4509a397105 - - default default] Successfully bumped revision number for resource 0d4e0517-5017-4998-aac1-ee97b401b0be (type: security_groups) to 1
2026-07-16 08:04:17.707 10 INFO neutron.db.ovn_revision_numbers_db [None req-59f48ddc-30cb-40a5-9c7c-7748867a04ee b16299f2f0a04146806d477c933124db 099e49eb6fdc4b79a8c8f4509a397105 - - default default] Successfully bumped revision number for resource 492e313d-5ab4-47e0-b343-d977c9ff1576 (type: security_group_rules) to 0
2026-07-16 08:04:17.715 10 INFO neutron.api.wsgi [None req-0eebeed5-3efb-4272-80f4-02f6997962b3 922da73152464a0a989b44a8217c06fb ff1ad8e866df40919c10bbd883f55390 - - default default] 10.0.0.205 "DELETE /v2.0/subnetpools/a8ddf130-cc91-4b3c-b6e6-27d6641a95b0/tags/red HTTP/1.1" status: 204 len: 168 time: 0.0280743
2026-07-16 08:04:17.723 10 INFO neutron.db.ovn_revision_numbers_db [None req-59f48ddc-30cb-40a5-9c7c-7748867a04ee b16299f2f0a04146806d477c933124db 099e49eb6fdc4b79a8c8f4509a397105 - - default default] Successfully bumped revision number for resource 72d237e4-4804-4d1f-aba9-d9198b74bba4 (type: security_group_rules) to 0
2026-07-16 08:04:17.737 10 INFO neutron.api.wsgi [None req-737dea69-1c27-43f5-85a5-700ddafca395 922da73152464a0a989b44a8217c06fb ff1ad8e866df40919c10bbd883f55390 - - default default] 10.0.0.205 "GET /v2.0/subnetpools/a8ddf130-cc91-4b3c-b6e6-27d6641a95b0/tags HTTP/1.1" status: 200 len: 223 time: 0.0175185
2026-07-16 08:04:17.740 10 INFO neutron.db.ovn_revision_numbers_db [None req-59f48ddc-30cb-40a5-9c7c-7748867a04ee b16299f2f0a04146806d477c933124db 099e49eb6fdc4b79a8c8f4509a397105 - - default default] Successfully bumped revision number for resource c514fc47-f580-4f28-a13c-22b28a6c97e3 (type: security_group_rules) to 0
2026-07-16 08:04:17.756 10 INFO neutron.db.ovn_revision_numbers_db [None req-59f48ddc-30cb-40a5-9c7c-7748867a04ee b16299f2f0a04146806d477c933124db 099e49eb6fdc4b79a8c8f4509a397105 - - default default] Successfully bumped revision number for resource e021a761-8e95-438d-8fc0-7474c2c9be29 (type: security_group_rules) to 0
2026-07-16 08:04:17.767 10 INFO neutron.api.v2.resource [None req-0374d964-d34c-488b-b43d-22394d0fb324 922da73152464a0a989b44a8217c06fb ff1ad8e866df40919c10bbd883f55390 - - default default] delete failed (client error): The resource could not be found.
2026-07-16 08:04:17.768 10 INFO neutron.api.wsgi [None req-0374d964-d34c-488b-b43d-22394d0fb324 922da73152464a0a989b44a8217c06fb ff1ad8e866df40919c10bbd883f55390 - - default default] 10.0.0.205 "DELETE /v2.0/subnetpools/a8ddf130-cc91-4b3c-b6e6-27d6641a95b0/tags/green HTTP/1.1" status: 404 len: 299 time: 0.0262141
2026-07-16 08:04:17.817 10 INFO neutron.api.wsgi [None req-71a2a2f6-758a-49bf-b418-3169b3088df8 922da73152464a0a989b44a8217c06fb ff1ad8e866df40919c10bbd883f55390 - - default default] 10.0.0.205 "DELETE /v2.0/subnetpools/a8ddf130-cc91-4b3c-b6e6-27d6641a95b0/tags HTTP/1.1" status: 204 len: 168 time: 0.0449221
2026-07-16 08:04:17.836 10 INFO neutron.db.segments_db [None req-59f48ddc-30cb-40a5-9c7c-7748867a04ee b16299f2f0a04146806d477c933124db 099e49eb6fdc4b79a8c8f4509a397105 - - default default] Added segment 9eda65ab-0202-470a-8a09-9b6847fbb9da of type geneve for network d025a779-e4b7-42c3-8317-f7b80dd8ede0
2026-07-16 08:04:17.846 10 INFO neutron.api.wsgi [None req-b0ec0357-47ec-4916-be88-7884f171ea8a 922da73152464a0a989b44a8217c06fb ff1ad8e866df40919c10bbd883f55390 - - default default] 10.0.0.205 "GET /v2.0/subnetpools/a8ddf130-cc91-4b3c-b6e6-27d6641a95b0/tags HTTP/1.1" status: 200 len: 205 time: 0.0247428
2026-07-16 08:04:17.897 9 INFO neutron.api.wsgi [None req-6d23db6e-b296-4a45-abb2-7e44d3c34083 922da73152464a0a989b44a8217c06fb ff1ad8e866df40919c10bbd883f55390 - - default default] 10.0.0.205 "DELETE /v2.0/subnetpools/a8ddf130-cc91-4b3c-b6e6-27d6641a95b0 HTTP/1.1" status: 204 len: 168 time: 0.0432429
2026-07-16 08:04:17.970 10 INFO neutron.db.ovn_revision_numbers_db [None req-59f48ddc-30cb-40a5-9c7c-7748867a04ee b16299f2f0a04146806d477c933124db 099e49eb6fdc4b79a8c8f4509a397105 - - default default] Successfully bumped revision number for resource d025a779-e4b7-42c3-8317-f7b80dd8ede0 (type: networks) to 1
2026-07-16 08:04:18.121 10 WARNING neutron.scheduler.dhcp_agent_scheduler [None req-59f48ddc-30cb-40a5-9c7c-7748867a04ee b16299f2f0a04146806d477c933124db 099e49eb6fdc4b79a8c8f4509a397105 - - default default] No more DHCP agents
2026-07-16 08:04:18.122 10 WARNING neutron.api.rpc.agentnotifiers.dhcp_rpc_agent_api [None req-59f48ddc-30cb-40a5-9c7c-7748867a04ee b16299f2f0a04146806d477c933124db 099e49eb6fdc4b79a8c8f4509a397105 - - default default] Unable to schedule network d025a779-e4b7-42c3-8317-f7b80dd8ede0: no agents available; will retry on subsequent port and subnet creation events.
2026-07-16 08:04:18.178 10 INFO neutron.db.ovn_revision_numbers_db [None req-59f48ddc-30cb-40a5-9c7c-7748867a04ee b16299f2f0a04146806d477c933124db 099e49eb6fdc4b79a8c8f4509a397105 - - default default] Successfully bumped revision number for resource 2750bee9-dfc7-4562-8f9e-0ae0038364b5 (type: ports) to 1
2026-07-16 08:04:18.199 10 INFO neutron.api.wsgi [None req-59f48ddc-30cb-40a5-9c7c-7748867a04ee b16299f2f0a04146806d477c933124db 099e49eb6fdc4b79a8c8f4509a397105 - - default default] 10.0.0.205 "POST /v2.0/networks HTTP/1.1" status: 201 len: 848 time: 0.7309985
2026-07-16 08:04:18.209 10 WARNING neutron_lib.context [None req-2f1f69a3-da51-4a38-b72f-41f3bb548fdc b16299f2f0a04146806d477c933124db 099e49eb6fdc4b79a8c8f4509a397105 - - default default] Method 'is_advsvc' is deprecated since 2023.2 release (neutron-lib 3.8.0) and will be removed once support for the old RBAC API policies will be removed from Neutron. Please use method 'is_service_role' instead.
2026-07-16 08:04:18.361 10 INFO neutron.api.wsgi [None req-d9189cd8-96f2-49f9-92bf-d6934754f08d b9ce937a6031456c94b46a52e5f6e3d0 1ccb513f25fc44f4bd438183ad6c0ea8 - - default default] 10.0.0.205 "GET /v2.0/security-groups?tenant_id=03be5abeafa6435b9b8cb70654831ac4&name=default HTTP/1.1" status: 200 len: 3120 time: 0.2447541
2026-07-16 08:04:18.465 10 WARNING neutron.scheduler.dhcp_agent_scheduler [None req-2f1f69a3-da51-4a38-b72f-41f3bb548fdc b16299f2f0a04146806d477c933124db 099e49eb6fdc4b79a8c8f4509a397105 - - default default] No more DHCP agents
2026-07-16 08:04:18.466 10 WARNING neutron.api.rpc.agentnotifiers.dhcp_rpc_agent_api [None req-2f1f69a3-da51-4a38-b72f-41f3bb548fdc b16299f2f0a04146806d477c933124db 099e49eb6fdc4b79a8c8f4509a397105 - - default default] Unable to schedule network d025a779-e4b7-42c3-8317-f7b80dd8ede0: no agents available; will retry on subsequent port and subnet creation events.
2026-07-16 08:04:18.539 10 INFO neutron.db.ovn_revision_numbers_db [None req-2f1f69a3-da51-4a38-b72f-41f3bb548fdc b16299f2f0a04146806d477c933124db 099e49eb6fdc4b79a8c8f4509a397105 - - default default] Successfully bumped revision number for resource a14ae1be-5ec8-4c6c-88aa-dcb1316f57d0 (type: ports) to 1
2026-07-16 08:04:18.565 10 INFO neutron.api.wsgi [None req-2f1f69a3-da51-4a38-b72f-41f3bb548fdc b16299f2f0a04146806d477c933124db 099e49eb6fdc4b79a8c8f4509a397105 - - default default] 10.0.0.205 "POST /v2.0/ports HTTP/1.1" status: 201 len: 977 time: 0.3607602 /var/lib/openstack/lib/python3.12/site-packages/pycadf/identifier.py:71: UserWarning: Invalid uuid: neutron. To ensure interoperability, identifiers should be a valid uuid. warnings.warn(('Invalid uuid: %s. To ensure interoperability, '
2026-07-16 08:04:18.573 10 WARNING neutron_lib.context [None req-98eef344-41cd-4316-852c-cb6f86e6677d b16299f2f0a04146806d477c933124db 099e49eb6fdc4b79a8c8f4509a397105 - - default default] Method 'is_advsvc' is deprecated since 2023.2 release (neutron-lib 3.8.0) and will be removed once support for the old RBAC API policies will be removed from Neutron. Please use method 'is_service_role' instead.
2026-07-16 08:04:18.598 10 INFO neutron.api.wsgi [None req-6b9722b3-ab17-4a28-a79a-52930378e14a b9ce937a6031456c94b46a52e5f6e3d0 1ccb513f25fc44f4bd438183ad6c0ea8 - - default default] 10.0.0.205 "DELETE /v2.0/security-groups/22e23ada-fca5-461d-954e-ba6b6726312f HTTP/1.1" status: 204 len: 168 time: 0.2322607
2026-07-16 08:04:18.657 10 INFO neutron.db.segments_db [None req-98eef344-41cd-4316-852c-cb6f86e6677d b16299f2f0a04146806d477c933124db 099e49eb6fdc4b79a8c8f4509a397105 - - default default] Added segment a842e8eb-a844-4330-a55d-43c405be611e of type geneve for network 345a3020-95b8-4d54-b01b-09d41a3cc7b6
2026-07-16 08:04:18.807 10 INFO neutron.db.ovn_revision_numbers_db [None req-98eef344-41cd-4316-852c-cb6f86e6677d b16299f2f0a04146806d477c933124db 099e49eb6fdc4b79a8c8f4509a397105 - - default default] Successfully bumped revision number for resource 345a3020-95b8-4d54-b01b-09d41a3cc7b6 (type: networks) to 1
2026-07-16 08:04:18.968 10 WARNING neutron.scheduler.dhcp_agent_scheduler [None req-98eef344-41cd-4316-852c-cb6f86e6677d b16299f2f0a04146806d477c933124db 099e49eb6fdc4b79a8c8f4509a397105 - - default default] No more DHCP agents
2026-07-16 08:04:18.969 9 INFO neutron.db.ovn_revision_numbers_db [None req-bb1c0188-885d-4141-8544-cb9cb3e68899 b9ce937a6031456c94b46a52e5f6e3d0 1ccb513f25fc44f4bd438183ad6c0ea8 - - default default] Successfully bumped revision number for resource e2e71abd-81a0-4371-8355-9180cd6c95f6 (type: security_groups) to 1
2026-07-16 08:04:18.969 10 WARNING neutron.api.rpc.agentnotifiers.dhcp_rpc_agent_api [None req-98eef344-41cd-4316-852c-cb6f86e6677d b16299f2f0a04146806d477c933124db 099e49eb6fdc4b79a8c8f4509a397105 - - default default] Unable to schedule network 345a3020-95b8-4d54-b01b-09d41a3cc7b6: no agents available; will retry on subsequent port and subnet creation events.
2026-07-16 08:04:18.982 9 INFO neutron.db.ovn_revision_numbers_db [None req-bb1c0188-885d-4141-8544-cb9cb3e68899 b9ce937a6031456c94b46a52e5f6e3d0 1ccb513f25fc44f4bd438183ad6c0ea8 - - default default] Successfully bumped revision number for resource 26a6a9c9-0cef-4cef-b8ac-abf604dec11a (type: security_group_rules) to 0
2026-07-16 08:04:18.993 9 INFO neutron.db.ovn_revision_numbers_db [None req-bb1c0188-885d-4141-8544-cb9cb3e68899 b9ce937a6031456c94b46a52e5f6e3d0 1ccb513f25fc44f4bd438183ad6c0ea8 - - default default] Successfully bumped revision number for resource 67540eda-88ee-49c4-9764-3fda4be8a0ff (type: security_group_rules) to 0
2026-07-16 08:04:19.006 9 INFO neutron.db.ovn_revision_numbers_db [None req-bb1c0188-885d-4141-8544-cb9cb3e68899 b9ce937a6031456c94b46a52e5f6e3d0 1ccb513f25fc44f4bd438183ad6c0ea8 - - default default] Successfully bumped revision number for resource eeb2ba4f-d104-4b78-9046-364633e85184 (type: security_group_rules) to 0
2026-07-16 08:04:19.019 9 INFO neutron.db.ovn_revision_numbers_db [None req-bb1c0188-885d-4141-8544-cb9cb3e68899 b9ce937a6031456c94b46a52e5f6e3d0 1ccb513f25fc44f4bd438183ad6c0ea8 - - default default] Successfully bumped revision number for resource f219180d-b9cc-4b45-82b2-b277b12e523e (type: security_group_rules) to 0
2026-07-16 08:04:19.028 10 INFO neutron.db.ovn_revision_numbers_db [None req-98eef344-41cd-4316-852c-cb6f86e6677d b16299f2f0a04146806d477c933124db 099e49eb6fdc4b79a8c8f4509a397105 - - default default] Successfully bumped revision number for resource 9238e278-e060-42c7-84e7-21c523fc8d3d (type: ports) to 1
2026-07-16 08:04:19.049 10 INFO neutron.api.wsgi [None req-98eef344-41cd-4316-852c-cb6f86e6677d b16299f2f0a04146806d477c933124db 099e49eb6fdc4b79a8c8f4509a397105 - - default default] 10.0.0.205 "POST /v2.0/networks HTTP/1.1" status: 201 len: 834 time: 0.4779501
