2026-07-16 08:04:04.720 10 INFO neutron.db.ovn_revision_numbers_db [None req-19ec031e-2958-4efe-89c8-5382bdbc6517 4ca517c77e8d4855953bdbbd2eece44e 18cc8b56733d45c58eee9201ebef8596 - - default default] Successfully bumped revision number for resource f1e5cd70-9387-4c30-89ad-61b8126eacbf (type: security_group_rules) to 0
2026-07-16 08:04:04.752 9 INFO neutron.api.wsgi [None req-59828488-0119-48ee-bf57-c33121629fc4 b9ce937a6031456c94b46a52e5f6e3d0 1ccb513f25fc44f4bd438183ad6c0ea8 - - default default] 10.0.0.205 "GET /v2.0/security-groups?tenant_id=91b5dffb43d44068a8352625f67ab799&name=default HTTP/1.1" status: 200 len: 3120 time: 0.2010486
2026-07-16 08:04:04.768 10 WARNING neutron.scheduler.dhcp_agent_scheduler [None req-470905de-4374-4520-8db5-f31f3f2f21dd 83c716a7727341f9a09c59dff84cbe16 f0705c00b0e142a28365374426a1fb6d - - default default] No more DHCP agents
2026-07-16 08:04:04.769 10 WARNING neutron.api.rpc.agentnotifiers.dhcp_rpc_agent_api [None req-470905de-4374-4520-8db5-f31f3f2f21dd 83c716a7727341f9a09c59dff84cbe16 f0705c00b0e142a28365374426a1fb6d - - default default] Unable to schedule network 5aabb405-fb80-4a34-8125-84e647137265: no agents available; will retry on subsequent port and subnet creation events.
2026-07-16 08:04:04.795 10 INFO neutron.db.segments_db [None req-19ec031e-2958-4efe-89c8-5382bdbc6517 4ca517c77e8d4855953bdbbd2eece44e 18cc8b56733d45c58eee9201ebef8596 - - default default] Added segment a3bb13ad-982d-4970-992f-991852391cb1 of type geneve for network 56bfd3cc-3603-4680-8da2-b77f8b022500
2026-07-16 08:04:04.919 10 INFO neutron.db.ovn_revision_numbers_db [None req-19ec031e-2958-4efe-89c8-5382bdbc6517 4ca517c77e8d4855953bdbbd2eece44e 18cc8b56733d45c58eee9201ebef8596 - - default default] Successfully bumped revision number for resource 56bfd3cc-3603-4680-8da2-b77f8b022500 (type: networks) to 1
2026-07-16 08:04:04.930 9 INFO neutron.api.wsgi [None req-7d7aaca1-a187-474a-a2e7-efbf57cf180a b9ce937a6031456c94b46a52e5f6e3d0 1ccb513f25fc44f4bd438183ad6c0ea8 - - default default] 10.0.0.205 "DELETE /v2.0/security-groups/7c85e976-db6b-42ca-9b39-99e199d57e30 HTTP/1.1" status: 204 len: 168 time: 0.1731749
2026-07-16 08:04:05.067 10 WARNING neutron.scheduler.dhcp_agent_scheduler [None req-19ec031e-2958-4efe-89c8-5382bdbc6517 4ca517c77e8d4855953bdbbd2eece44e 18cc8b56733d45c58eee9201ebef8596 - - default default] No more DHCP agents
2026-07-16 08:04:05.068 10 WARNING neutron.api.rpc.agentnotifiers.dhcp_rpc_agent_api [None req-19ec031e-2958-4efe-89c8-5382bdbc6517 4ca517c77e8d4855953bdbbd2eece44e 18cc8b56733d45c58eee9201ebef8596 - - default default] Unable to schedule network 56bfd3cc-3603-4680-8da2-b77f8b022500: no agents available; will retry on subsequent port and subnet creation events.
2026-07-16 08:04:05.125 10 INFO neutron.db.ovn_revision_numbers_db [None req-19ec031e-2958-4efe-89c8-5382bdbc6517 4ca517c77e8d4855953bdbbd2eece44e 18cc8b56733d45c58eee9201ebef8596 - - default default] Successfully bumped revision number for resource d10fb9c1-e8ec-4c23-9369-aa4e31058558 (type: ports) to 1
2026-07-16 08:04:05.150 10 INFO neutron.api.wsgi [None req-19ec031e-2958-4efe-89c8-5382bdbc6517 4ca517c77e8d4855953bdbbd2eece44e 18cc8b56733d45c58eee9201ebef8596 - - default default] 10.0.0.205 "POST /v2.0/networks HTTP/1.1" status: 201 len: 831 time: 0.6986301
2026-07-16 08:04:05.161 9 WARNING neutron_lib.context [None req-dbdba3eb-3c94-4127-845b-7bf62be3951e 4ca517c77e8d4855953bdbbd2eece44e 18cc8b56733d45c58eee9201ebef8596 - - default default] Method 'is_advsvc' is deprecated since 2023.2 release (neutron-lib 3.8.0) and will be removed once support for the old RBAC API policies will be removed from Neutron. Please use method 'is_service_role' instead.
2026-07-16 08:04:05.198 10 INFO neutron.db.ovn_revision_numbers_db [None req-48da7d66-7a52-40d7-ada3-38b135e3087f - - - - - -] Successfully bumped revision number for resource 9ef15b6e-280b-48fd-854b-b7ef48933985 (type: ports) to 2
2026-07-16 08:04:05.228 10 INFO neutron.db.ovn_revision_numbers_db [None req-48da7d66-7a52-40d7-ada3-38b135e3087f - - - - - -] Successfully bumped revision number for resource 3cdc5ad7-51db-46a9-ad5a-d82a27de9ece (type: subnets) to 0
2026-07-16 08:04:05.269 10 WARNING neutron.scheduler.dhcp_agent_scheduler [None req-470905de-4374-4520-8db5-f31f3f2f21dd 83c716a7727341f9a09c59dff84cbe16 f0705c00b0e142a28365374426a1fb6d - - default default] No more DHCP agents
2026-07-16 08:04:05.270 10 WARNING neutron.api.rpc.agentnotifiers.dhcp_rpc_agent_api [None req-470905de-4374-4520-8db5-f31f3f2f21dd 83c716a7727341f9a09c59dff84cbe16 f0705c00b0e142a28365374426a1fb6d - - default default] Unable to schedule network f8f9f7ef-e372-4279-b565-806b1e7563d6: no agents available; will retry on subsequent port and subnet creation events.
2026-07-16 08:04:05.408 9 WARNING neutron.scheduler.dhcp_agent_scheduler [None req-dbdba3eb-3c94-4127-845b-7bf62be3951e 4ca517c77e8d4855953bdbbd2eece44e 18cc8b56733d45c58eee9201ebef8596 - - default default] No more DHCP agents
2026-07-16 08:04:05.410 9 WARNING neutron.api.rpc.agentnotifiers.dhcp_rpc_agent_api [None req-dbdba3eb-3c94-4127-845b-7bf62be3951e 4ca517c77e8d4855953bdbbd2eece44e 18cc8b56733d45c58eee9201ebef8596 - - default default] Unable to schedule network 56bfd3cc-3603-4680-8da2-b77f8b022500: no agents available; will retry on subsequent port and subnet creation events.
2026-07-16 08:04:05.472 9 INFO neutron.db.ovn_revision_numbers_db [None req-dbdba3eb-3c94-4127-845b-7bf62be3951e 4ca517c77e8d4855953bdbbd2eece44e 18cc8b56733d45c58eee9201ebef8596 - - default default] Successfully bumped revision number for resource de87fa3a-eae7-4b54-b2d1-06756e4f56ec (type: ports) to 1
2026-07-16 08:04:05.492 9 INFO neutron.api.wsgi [None req-dbdba3eb-3c94-4127-845b-7bf62be3951e 4ca517c77e8d4855953bdbbd2eece44e 18cc8b56733d45c58eee9201ebef8596 - - default default] 10.0.0.205 "POST /v2.0/ports HTTP/1.1" status: 201 len: 942 time: 0.3370779 /var/lib/openstack/lib/python3.12/site-packages/pycadf/identifier.py:71: UserWarning: Invalid uuid: neutron. To ensure interoperability, identifiers should be a valid uuid. warnings.warn(('Invalid uuid: %s. To ensure interoperability, '
2026-07-16 08:04:05.538 9 INFO neutron.api.wsgi [None req-cc657301-9465-4346-bea1-45110c20cc59 4ca517c77e8d4855953bdbbd2eece44e 18cc8b56733d45c58eee9201ebef8596 - - default default] 10.0.0.205 "PUT /v2.0/ports/de87fa3a-eae7-4b54-b2d1-06756e4f56ec/tags HTTP/1.1" status: 200 len: 218 time: 0.0391591
2026-07-16 08:04:05.573 9 INFO neutron.api.wsgi [None req-cc16da24-bde7-46ce-9800-9c773b97db43 4ca517c77e8d4855953bdbbd2eece44e 18cc8b56733d45c58eee9201ebef8596 - - default default] 10.0.0.205 "GET /v2.0/ports/de87fa3a-eae7-4b54-b2d1-06756e4f56ec/tags HTTP/1.1" status: 200 len: 218 time: 0.0305398
2026-07-16 08:04:05.622 9 INFO neutron.api.wsgi [None req-9fb42dfb-35cf-4e8e-b9f2-c75457dc6bba 4ca517c77e8d4855953bdbbd2eece44e 18cc8b56733d45c58eee9201ebef8596 - - default default] 10.0.0.205 "PUT /v2.0/ports/de87fa3a-eae7-4b54-b2d1-06756e4f56ec/tags/green HTTP/1.1" status: 201 len: 201 time: 0.0442929
2026-07-16 08:04:05.662 9 INFO neutron.api.wsgi [None req-dafbb1bc-aa2d-432e-a364-3a0c799d0d37 4ca517c77e8d4855953bdbbd2eece44e 18cc8b56733d45c58eee9201ebef8596 - - default default] 10.0.0.205 "GET /v2.0/ports/de87fa3a-eae7-4b54-b2d1-06756e4f56ec/tags HTTP/1.1" status: 200 len: 227 time: 0.0366013
2026-07-16 08:04:05.697 10 INFO neutron.db.ovn_revision_numbers_db [None req-325189a3-1a09-41a7-a4d2-234dd9d263b0 - - - - - -] Successfully bumped revision number for resource 02e6ee8e-c736-4733-b309-6e678821f50f (type: ports) to 2
2026-07-16 08:04:05.708 9 INFO neutron.api.wsgi [None req-17ebfabd-cd3d-48ea-819b-7d4b8789a97f 4ca517c77e8d4855953bdbbd2eece44e 18cc8b56733d45c58eee9201ebef8596 - - default default] 10.0.0.205 "PUT /v2.0/ports/de87fa3a-eae7-4b54-b2d1-06756e4f56ec/tags/red HTTP/1.1" status: 201 len: 201 time: 0.0388362
2026-07-16 08:04:05.727 10 INFO neutron.db.ovn_revision_numbers_db [None req-325189a3-1a09-41a7-a4d2-234dd9d263b0 - - - - - -] Successfully bumped revision number for resource 1f62b551-22bc-4e88-9ffc-b67581b1c687 (type: subnets) to 0
2026-07-16 08:04:05.741 10 INFO neutron.api.wsgi [None req-470905de-4374-4520-8db5-f31f3f2f21dd 83c716a7727341f9a09c59dff84cbe16 f0705c00b0e142a28365374426a1fb6d - - default default] 10.0.0.205 "POST /v2.0/subnets HTTP/1.1" status: 201 len: 1473 time: 1.3286510
2026-07-16 08:04:05.742 9 INFO neutron.api.wsgi [None req-d92c66b6-ae45-4426-bf7e-8406681ee6b8 4ca517c77e8d4855953bdbbd2eece44e 18cc8b56733d45c58eee9201ebef8596 - - default default] 10.0.0.205 "GET /v2.0/ports/de87fa3a-eae7-4b54-b2d1-06756e4f56ec/tags HTTP/1.1" status: 200 len: 227 time: 0.0294447
2026-07-16 08:04:05.771 9 INFO neutron.api.wsgi [None req-a314d90a-4eef-45a0-a0e9-cc4dd9c871b8 83c716a7727341f9a09c59dff84cbe16 f0705c00b0e142a28365374426a1fb6d - - default default] 10.0.0.205 "GET /v2.0/subnets HTTP/1.1" status: 200 len: 2104 time: 0.0261095
2026-07-16 08:04:05.789 10 INFO neutron.api.wsgi [None req-e7482e89-581a-423a-b9c4-800ca9c9becb 4ca517c77e8d4855953bdbbd2eece44e 18cc8b56733d45c58eee9201ebef8596 - - default default] 10.0.0.205 "PUT /v2.0/ports/de87fa3a-eae7-4b54-b2d1-06756e4f56ec/tags/black.or.white HTTP/1.1" status: 201 len: 201 time: 0.0432532
2026-07-16 08:04:05.819 10 INFO neutron.api.wsgi [None req-ef13e342-77ca-4ae4-98cd-c8d516fd13bf 4ca517c77e8d4855953bdbbd2eece44e 18cc8b56733d45c58eee9201ebef8596 - - default default] 10.0.0.205 "GET /v2.0/ports/de87fa3a-eae7-4b54-b2d1-06756e4f56ec/tags HTTP/1.1" status: 200 len: 245 time: 0.0255172
2026-07-16 08:04:05.865 10 INFO neutron.api.wsgi [None req-093d5c0c-c832-49cb-91e2-14be3361cc3a 4ca517c77e8d4855953bdbbd2eece44e 18cc8b56733d45c58eee9201ebef8596 - - default default] 10.0.0.205 "PUT /v2.0/ports/de87fa3a-eae7-4b54-b2d1-06756e4f56ec/tags HTTP/1.1" status: 200 len: 230 time: 0.0404007
2026-07-16 08:04:05.902 9 INFO neutron.api.wsgi [None req-aaa95739-470a-4396-a668-2d1ecbe92436 4ca517c77e8d4855953bdbbd2eece44e 18cc8b56733d45c58eee9201ebef8596 - - default default] 10.0.0.205 "GET /v2.0/ports/de87fa3a-eae7-4b54-b2d1-06756e4f56ec/tags HTTP/1.1" status: 200 len: 230 time: 0.0325911
2026-07-16 08:04:05.939 9 INFO neutron.api.wsgi [None req-2b5b84bc-ca3c-4d81-b089-5f4faaf67f2d 83c716a7727341f9a09c59dff84cbe16 f0705c00b0e142a28365374426a1fb6d - - default default] 10.0.0.205 "DELETE /v2.0/subnets/3cdc5ad7-51db-46a9-ad5a-d82a27de9ece HTTP/1.1" status: 204 len: 168 time: 0.1630373
2026-07-16 08:04:05.940 9 INFO neutron.api.wsgi [None req-69e22535-eca8-4bdb-adc1-8b2b8b6b5018 4ca517c77e8d4855953bdbbd2eece44e 18cc8b56733d45c58eee9201ebef8596 - - default default] 10.0.0.205 "GET /v2.0/ports/de87fa3a-eae7-4b54-b2d1-06756e4f56ec/tags/red HTTP/1.1" status: 204 len: 168 time: 0.0338523
2026-07-16 08:04:05.976 10 INFO neutron.api.v2.resource [None req-ecec6d13-8554-42d6-b237-406481d7b85e 4ca517c77e8d4855953bdbbd2eece44e 18cc8b56733d45c58eee9201ebef8596 - - default default] show failed (client error): The resource could not be found.
2026-07-16 08:04:05.977 10 INFO neutron.api.wsgi [None req-ecec6d13-8554-42d6-b237-406481d7b85e 4ca517c77e8d4855953bdbbd2eece44e 18cc8b56733d45c58eee9201ebef8596 - - default default] 10.0.0.205 "GET /v2.0/ports/de87fa3a-eae7-4b54-b2d1-06756e4f56ec/tags/green HTTP/1.1" status: 404 len: 299 time: 0.0321136
2026-07-16 08:04:06.020 10 INFO neutron.api.wsgi [None req-6d64d477-86a0-458f-b12d-9aaed5ad58ee 4ca517c77e8d4855953bdbbd2eece44e 18cc8b56733d45c58eee9201ebef8596 - - default default] 10.0.0.205 "DELETE /v2.0/ports/de87fa3a-eae7-4b54-b2d1-06756e4f56ec/tags/red HTTP/1.1" status: 204 len: 168 time: 0.0375118
2026-07-16 08:04:06.051 10 INFO neutron.api.wsgi [None req-4d8f5335-16de-446f-9aa5-c9582380ae28 4ca517c77e8d4855953bdbbd2eece44e 18cc8b56733d45c58eee9201ebef8596 - - default default] 10.0.0.205 "GET /v2.0/ports/de87fa3a-eae7-4b54-b2d1-06756e4f56ec/tags HTTP/1.1" status: 200 len: 223 time: 0.0266654
2026-07-16 08:04:06.096 9 INFO neutron.api.wsgi [None req-2d8dbde7-1690-48ff-ba5f-630d7a7c37de 83c716a7727341f9a09c59dff84cbe16 f0705c00b0e142a28365374426a1fb6d - - default default] 10.0.0.205 "DELETE /v2.0/subnets/1f62b551-22bc-4e88-9ffc-b67581b1c687 HTTP/1.1" status: 204 len: 168 time: 0.1518650
2026-07-16 08:04:06.097 9 INFO neutron.api.v2.resource [None req-3e24b6b0-48be-407e-9137-c8c796a7c83e 4ca517c77e8d4855953bdbbd2eece44e 18cc8b56733d45c58eee9201ebef8596 - - default default] delete failed (client error): The resource could not be found.
2026-07-16 08:04:06.098 9 INFO neutron.api.wsgi [None req-3e24b6b0-48be-407e-9137-c8c796a7c83e 4ca517c77e8d4855953bdbbd2eece44e 18cc8b56733d45c58eee9201ebef8596 - - default default] 10.0.0.205 "DELETE /v2.0/ports/de87fa3a-eae7-4b54-b2d1-06756e4f56ec/tags/green HTTP/1.1" status: 404 len: 299 time: 0.0416102
2026-07-16 08:04:06.132 9 INFO neutron.api.wsgi [None req-f07127ef-fea6-4418-8fb7-bc796ab4c665 83c716a7727341f9a09c59dff84cbe16 f0705c00b0e142a28365374426a1fb6d - - default default] 10.0.0.205 "GET /v2.0/subnets HTTP/1.1" status: 200 len: 843 time: 0.0295856
2026-07-16 08:04:06.147 9 INFO neutron.api.wsgi [None req-e12f4c08-8ab9-46ed-94d6-7a746614cfa2 4ca517c77e8d4855953bdbbd2eece44e 18cc8b56733d45c58eee9201ebef8596 - - default default] 10.0.0.205 "DELETE /v2.0/ports/de87fa3a-eae7-4b54-b2d1-06756e4f56ec/tags HTTP/1.1" status: 204 len: 168 time: 0.0434234
2026-07-16 08:04:06.176 9 INFO neutron.api.wsgi [None req-d887699b-51e8-4a9c-b836-300615485f4e 4ca517c77e8d4855953bdbbd2eece44e 18cc8b56733d45c58eee9201ebef8596 - - default default] 10.0.0.205 "GET /v2.0/ports/de87fa3a-eae7-4b54-b2d1-06756e4f56ec/tags HTTP/1.1" status: 200 len: 205 time: 0.0250769
2026-07-16 08:04:06.378 9 INFO neutron.api.wsgi [None req-9873117e-4a2b-4c8b-9e76-f6bf478a154e 4ca517c77e8d4855953bdbbd2eece44e 18cc8b56733d45c58eee9201ebef8596 - - default default] 10.0.0.205 "DELETE /v2.0/ports/de87fa3a-eae7-4b54-b2d1-06756e4f56ec HTTP/1.1" status: 204 len: 168 time: 0.1959214
2026-07-16 08:04:06.439 10 INFO neutron.services.segments.plugin [-] Segment 834b52bb-3577-4948-8aef-381445a5cfe4 resource provider aggregate not found
2026-07-16 08:04:06.443 10 INFO neutron.services.segments.plugin [-] Segment 834b52bb-3577-4948-8aef-381445a5cfe4 resource provider aggregate not found
2026-07-16 08:04:06.454 10 INFO neutron.services.segments.plugin [-] Segment 834b52bb-3577-4948-8aef-381445a5cfe4 resource provider not found; error: Placement Client Error (4xx): {"errors": [{"status": 404, "title": "Not Found", "detail": "The resource could not be found.\n\n No resource provider with uuid 834b52bb-3577-4948-8aef-381445a5cfe4 found for delete ", "request_id": "req-dec88e40-308b-41c3-b309-cfc93341cfa9"}]}
2026-07-16 08:04:06.457 10 INFO neutron.services.segments.plugin [-] Segment 834b52bb-3577-4948-8aef-381445a5cfe4 resource provider not found; error: Placement Client Error (4xx): {"errors": [{"status": 404, "title": "Not Found", "detail": "The resource could not be found.\n\n No resource provider with uuid 834b52bb-3577-4948-8aef-381445a5cfe4 found for delete ", "request_id": "req-8ec9e076-9ffc-4bdc-a3ee-83493b25259e"}]}
2026-07-16 08:04:06.477 10 INFO neutron.api.wsgi [None req-d1c6fbb2-4464-406c-a55b-826a5f134a0f 83c716a7727341f9a09c59dff84cbe16 f0705c00b0e142a28365374426a1fb6d - - default default] 10.0.0.205 "DELETE /v2.0/networks/f8f9f7ef-e372-4279-b565-806b1e7563d6 HTTP/1.1" status: 204 len: 168 time: 0.3380873
2026-07-16 08:04:06.663 9 INFO neutron.services.segments.plugin [-] Segment a3bb13ad-982d-4970-992f-991852391cb1 resource provider aggregate not found
2026-07-16 08:04:06.671 9 INFO neutron.services.segments.plugin [-] Segment a3bb13ad-982d-4970-992f-991852391cb1 resource provider aggregate not found
2026-07-16 08:04:06.678 9 INFO neutron.services.segments.plugin [-] Segment a3bb13ad-982d-4970-992f-991852391cb1 resource provider not found; error: Placement Client Error (4xx): {"errors": [{"status": 404, "title": "Not Found", "detail": "The resource could not be found.\n\n No resource provider with uuid a3bb13ad-982d-4970-992f-991852391cb1 found for delete ", "request_id": "req-32352d1e-1ddc-4783-9727-ced1f790dfa0"}]}
2026-07-16 08:04:06.688 9 INFO neutron.services.segments.plugin [-] Segment a3bb13ad-982d-4970-992f-991852391cb1 resource provider not found; error: Placement Client Error (4xx): {"errors": [{"status": 404, "title": "Not Found", "detail": "The resource could not be found.\n\n No resource provider with uuid a3bb13ad-982d-4970-992f-991852391cb1 found for delete ", "request_id": "req-dc4f6f05-6fec-480e-9c20-0d861313f01c"}]}
2026-07-16 08:04:06.703 9 INFO neutron.api.wsgi [None req-5a17c2d4-3eef-4991-91f5-8d5f25742039 4ca517c77e8d4855953bdbbd2eece44e 18cc8b56733d45c58eee9201ebef8596 - - default default] 10.0.0.205 "DELETE /v2.0/networks/56bfd3cc-3603-4680-8da2-b77f8b022500 HTTP/1.1" status: 204 len: 168 time: 0.3202403
2026-07-16 08:04:06.724 9 WARNING neutron_lib.context [None req-b8764941-fad2-4252-9f76-a765f89934be 0e0755879c8b4510b9774b8318691904 03be5abeafa6435b9b8cb70654831ac4 - - default default] Method 'is_advsvc' is deprecated since 2023.2 release (neutron-lib 3.8.0) and will be removed once support for the old RBAC API policies will be removed from Neutron. Please use method 'is_service_role' instead.
2026-07-16 08:04:06.803 10 INFO neutron.api.wsgi [None req-38723f06-a9e4-47d3-9ba1-a27df74cc8bb 83c716a7727341f9a09c59dff84cbe16 f0705c00b0e142a28365374426a1fb6d - - default default] 10.0.0.205 "DELETE /v2.0/networks/5aabb405-fb80-4a34-8125-84e647137265 HTTP/1.1" status: 204 len: 168 time: 0.3213217
2026-07-16 08:04:06.842 9 INFO neutron.db.ovn_revision_numbers_db [None req-b8764941-fad2-4252-9f76-a765f89934be 0e0755879c8b4510b9774b8318691904 03be5abeafa6435b9b8cb70654831ac4 - - default default] Successfully bumped revision number for resource 22e23ada-fca5-461d-954e-ba6b6726312f (type: security_groups) to 1
2026-07-16 08:04:06.853 9 INFO neutron.db.ovn_revision_numbers_db [None req-b8764941-fad2-4252-9f76-a765f89934be 0e0755879c8b4510b9774b8318691904 03be5abeafa6435b9b8cb70654831ac4 - - default default] Successfully bumped revision number for resource 4dbe4106-f95b-458c-8cdb-dbdc5b9b3f2c (type: security_group_rules) to 0
2026-07-16 08:04:06.866 9 INFO neutron.db.ovn_revision_numbers_db [None req-b8764941-fad2-4252-9f76-a765f89934be 0e0755879c8b4510b9774b8318691904 03be5abeafa6435b9b8cb70654831ac4 - - default default] Successfully bumped revision number for resource 73f0e1b4-325b-45af-87c3-8170b0a4bc95 (type: security_group_rules) to 0
2026-07-16 08:04:06.877 9 INFO neutron.db.ovn_revision_numbers_db [None req-b8764941-fad2-4252-9f76-a765f89934be 0e0755879c8b4510b9774b8318691904 03be5abeafa6435b9b8cb70654831ac4 - - default default] Successfully bumped revision number for resource 77df571d-11ac-4b31-aee3-acf504d55a2a (type: security_group_rules) to 0
2026-07-16 08:04:06.888 9 INFO neutron.db.ovn_revision_numbers_db [None req-b8764941-fad2-4252-9f76-a765f89934be 0e0755879c8b4510b9774b8318691904 03be5abeafa6435b9b8cb70654831ac4 - - default default] Successfully bumped revision number for resource 9ca5f18f-d378-45cc-85cf-6c52db21a5f5 (type: security_group_rules) to 0
2026-07-16 08:04:06.955 9 INFO neutron.db.segments_db [None req-b8764941-fad2-4252-9f76-a765f89934be 0e0755879c8b4510b9774b8318691904 03be5abeafa6435b9b8cb70654831ac4 - - default default] Added segment 4148f61d-64f3-4798-aa3a-54ded80ddbf5 of type geneve for network 129361ee-0b03-4821-a65c-1bafd26c5ca7
2026-07-16 08:04:07.059 9 INFO neutron.db.ovn_revision_numbers_db [None req-b8764941-fad2-4252-9f76-a765f89934be 0e0755879c8b4510b9774b8318691904 03be5abeafa6435b9b8cb70654831ac4 - - default default] Successfully bumped revision number for resource 129361ee-0b03-4821-a65c-1bafd26c5ca7 (type: networks) to 1
2026-07-16 08:04:07.082 10 INFO neutron.api.wsgi [None req-7b52acfd-fe34-4a7b-b3f6-9920a97eee73 83c716a7727341f9a09c59dff84cbe16 f0705c00b0e142a28365374426a1fb6d - - default default] 10.0.0.205 "DELETE /v2.0/networks/1b63fe04-c90d-4a00-ab77-5baf852d40a7 HTTP/1.1" status: 204 len: 168 time: 0.2754509
2026-07-16 08:04:07.241 9 WARNING neutron.scheduler.dhcp_agent_scheduler [None req-b8764941-fad2-4252-9f76-a765f89934be 0e0755879c8b4510b9774b8318691904 03be5abeafa6435b9b8cb70654831ac4 - - default default] No more DHCP agents
2026-07-16 08:04:07.242 9 WARNING neutron.api.rpc.agentnotifiers.dhcp_rpc_agent_api [None req-b8764941-fad2-4252-9f76-a765f89934be 0e0755879c8b4510b9774b8318691904 03be5abeafa6435b9b8cb70654831ac4 - - default default] Unable to schedule network 129361ee-0b03-4821-a65c-1bafd26c5ca7: no agents available; will retry on subsequent port and subnet creation events.
2026-07-16 08:04:07.306 9 INFO neutron.db.ovn_revision_numbers_db [None req-b8764941-fad2-4252-9f76-a765f89934be 0e0755879c8b4510b9774b8318691904 03be5abeafa6435b9b8cb70654831ac4 - - default default] Successfully bumped revision number for resource 7555897b-367b-460d-8d64-3bec40d062fb (type: ports) to 1
2026-07-16 08:04:07.326 9 INFO neutron.api.wsgi [None req-b8764941-fad2-4252-9f76-a765f89934be 0e0755879c8b4510b9774b8318691904 03be5abeafa6435b9b8cb70654831ac4 - - default default] 10.0.0.205 "POST /v2.0/networks HTTP/1.1" status: 201 len: 849 time: 0.7424078
2026-07-16 08:04:07.338 9 WARNING neutron_lib.context [None req-9cf1588e-4d2f-4208-b30a-d50b64cd671a 0e0755879c8b4510b9774b8318691904 03be5abeafa6435b9b8cb70654831ac4 - - default default] Method 'is_advsvc' is deprecated since 2023.2 release (neutron-lib 3.8.0) and will be removed once support for the old RBAC API policies will be removed from Neutron. Please use method 'is_service_role' instead.
2026-07-16 08:04:07.355 10 INFO neutron.api.wsgi [None req-91c38c29-5c23-4073-b5fb-2b5e7df2b39e 83c716a7727341f9a09c59dff84cbe16 f0705c00b0e142a28365374426a1fb6d - - default default] 10.0.0.205 "DELETE /v2.0/networks/3beeb126-31f5-43eb-a567-11409544be9b HTTP/1.1" status: 204 len: 168 time: 0.2671175
2026-07-16 08:04:07.420 10 INFO neutron.api.wsgi [None req-6ba9445e-a860-4de7-9d7e-bb47bb502cc8 b9ce937a6031456c94b46a52e5f6e3d0 1ccb513f25fc44f4bd438183ad6c0ea8 - - default default] 10.0.0.205 "GET /v2.0/security-groups?tenant_id=18cc8b56733d45c58eee9201ebef8596&name=default HTTP/1.1" status: 200 len: 3120 time: 0.1096160
2026-07-16 08:04:07.542 9 WARNING neutron.scheduler.dhcp_agent_scheduler [None req-9cf1588e-4d2f-4208-b30a-d50b64cd671a 0e0755879c8b4510b9774b8318691904 03be5abeafa6435b9b8cb70654831ac4 - - default default] No more DHCP agents
2026-07-16 08:04:07.543 9 WARNING neutron.api.rpc.agentnotifiers.dhcp_rpc_agent_api [None req-9cf1588e-4d2f-4208-b30a-d50b64cd671a 0e0755879c8b4510b9774b8318691904 03be5abeafa6435b9b8cb70654831ac4 - - default default] Unable to schedule network 129361ee-0b03-4821-a65c-1bafd26c5ca7: no agents available; will retry on subsequent port and subnet creation events.
2026-07-16 08:04:07.576 9 INFO neutron.db.ovn_revision_numbers_db [None req-9cf1588e-4d2f-4208-b30a-d50b64cd671a 0e0755879c8b4510b9774b8318691904 03be5abeafa6435b9b8cb70654831ac4 - - default default] Successfully bumped revision number for resource 17340d05-fe11-4492-b3ae-2b30e6e75c44 (type: subnets) to 0
2026-07-16 08:04:07.589 9 INFO neutron.api.wsgi [None req-9cf1588e-4d2f-4208-b30a-d50b64cd671a 0e0755879c8b4510b9774b8318691904 03be5abeafa6435b9b8cb70654831ac4 - - default default] 10.0.0.205 "POST /v2.0/subnets HTTP/1.1" status: 201 len: 826 time: 0.2579832
2026-07-16 08:04:07.598 9 WARNING neutron_lib.context [None req-4a895eb7-0a4d-4268-87cc-701124c03aaa 0e0755879c8b4510b9774b8318691904 03be5abeafa6435b9b8cb70654831ac4 - - default default] Method 'is_advsvc' is deprecated since 2023.2 release (neutron-lib 3.8.0) and will be removed once support for the old RBAC API policies will be removed from Neutron. Please use method 'is_service_role' instead.
2026-07-16 08:04:07.681 9 INFO neutron.api.wsgi [None req-412afe53-5373-47f4-a253-646a6b4a8bf1 b9ce937a6031456c94b46a52e5f6e3d0 1ccb513f25fc44f4bd438183ad6c0ea8 - - default default] 10.0.0.205 "DELETE /v2.0/security-groups/1be76098-c0e1-4c11-ad84-985f1babc78a HTTP/1.1" status: 204 len: 168 time: 0.2565751
2026-07-16 08:04:07.947 10 INFO neutron.db.ovn_revision_numbers_db [None req-15fb9ec0-b6ba-40ed-b534-64fb126f53fe b9ce937a6031456c94b46a52e5f6e3d0 1ccb513f25fc44f4bd438183ad6c0ea8 - - default default] Successfully bumped revision number for resource 39de04a0-a14b-4ad2-965a-c6451d15892d (type: security_groups) to 1
2026-07-16 08:04:07.960 10 INFO neutron.db.ovn_revision_numbers_db [None req-15fb9ec0-b6ba-40ed-b534-64fb126f53fe b9ce937a6031456c94b46a52e5f6e3d0 1ccb513f25fc44f4bd438183ad6c0ea8 - - default default] Successfully bumped revision number for resource 0f460f32-610c-4d81-8d1f-297551782eb2 (type: security_group_rules) to 0
2026-07-16 08:04:07.977 10 INFO neutron.db.ovn_revision_numbers_db [None req-15fb9ec0-b6ba-40ed-b534-64fb126f53fe b9ce937a6031456c94b46a52e5f6e3d0 1ccb513f25fc44f4bd438183ad6c0ea8 - - default default] Successfully bumped revision number for resource 42f9352f-7b47-486b-8b54-3223c36372a9 (type: security_group_rules) to 0
2026-07-16 08:04:07.985 10 INFO neutron.api.wsgi [None req-9ae14c1a-5925-4604-b8bc-a3da40fb2fb4 b9ce937a6031456c94b46a52e5f6e3d0 1ccb513f25fc44f4bd438183ad6c0ea8 - - default default] 10.0.0.205 "GET /v2.0/security-groups?tenant_id=f0705c00b0e142a28365374426a1fb6d&name=default HTTP/1.1" status: 200 len: 3120 time: 0.1590509
2026-07-16 08:04:07.994 10 INFO neutron.db.ovn_revision_numbers_db [None req-15fb9ec0-b6ba-40ed-b534-64fb126f53fe b9ce937a6031456c94b46a52e5f6e3d0 1ccb513f25fc44f4bd438183ad6c0ea8 - - default default] Successfully bumped revision number for resource 8768bba1-d028-4c72-8781-8642fba80658 (type: security_group_rules) to 0
2026-07-16 08:04:08.007 9 WARNING neutron.scheduler.dhcp_agent_scheduler [None req-4a895eb7-0a4d-4268-87cc-701124c03aaa 0e0755879c8b4510b9774b8318691904 03be5abeafa6435b9b8cb70654831ac4 - - default default] No more DHCP agents
2026-07-16 08:04:08.009 9 WARNING neutron.api.rpc.agentnotifiers.dhcp_rpc_agent_api [None req-4a895eb7-0a4d-4268-87cc-701124c03aaa 0e0755879c8b4510b9774b8318691904 03be5abeafa6435b9b8cb70654831ac4 - - default default] Unable to schedule network 420e998d-ec99-4f47-a94b-9f1db35f8f08: no agents available; will retry on subsequent port and subnet creation events.
2026-07-16 08:04:08.017 10 INFO neutron.db.ovn_revision_numbers_db [None req-15fb9ec0-b6ba-40ed-b534-64fb126f53fe b9ce937a6031456c94b46a52e5f6e3d0 1ccb513f25fc44f4bd438183ad6c0ea8 - - default default] Successfully bumped revision number for resource dad677f3-c0c0-4df0-be49-f06361f97529 (type: security_group_rules) to 0
2026-07-16 08:04:08.055 10 INFO neutron.api.wsgi [None req-15fb9ec0-b6ba-40ed-b534-64fb126f53fe b9ce937a6031456c94b46a52e5f6e3d0 1ccb513f25fc44f4bd438183ad6c0ea8 - - default default] 10.0.0.205 "GET /v2.0/security-groups?tenant_id=e3dcb6ce0159439799cedecd45dd612d&name=default HTTP/1.1" status: 200 len: 3120 time: 0.2055554
2026-07-16 08:04:08.117 9 INFO neutron.db.ovn_revision_numbers_db [None req-4a895eb7-0a4d-4268-87cc-701124c03aaa 0e0755879c8b4510b9774b8318691904 03be5abeafa6435b9b8cb70654831ac4 - - default default] Successfully bumped revision number for resource 2b5eda0f-b633-410c-aa7c-79962930ed77 (type: ports) to 1
2026-07-16 08:04:08.214 10 INFO neutron.api.wsgi [None req-00f4679b-78cd-483a-b0d8-a56bf0afceeb b9ce937a6031456c94b46a52e5f6e3d0 1ccb513f25fc44f4bd438183ad6c0ea8 - - default default] 10.0.0.205 "DELETE /v2.0/security-groups/eb2c6921-fe66-4beb-8882-f8bc11d593ac HTTP/1.1" status: 204 len: 168 time: 0.2237768
2026-07-16 08:04:08.268 10 INFO neutron.api.wsgi [None req-6c070184-aef1-4303-ae29-81e012103757 b9ce937a6031456c94b46a52e5f6e3d0 1ccb513f25fc44f4bd438183ad6c0ea8 - - default default] 10.0.0.205 "DELETE /v2.0/security-groups/39de04a0-a14b-4ad2-965a-c6451d15892d HTTP/1.1" status: 204 len: 168 time: 0.2085283
2026-07-16 08:04:08.475 10 INFO neutron.services.segments.plugin [-] Segment 2de53e84-7b13-467e-b7d0-f6ff91e4749d resource provider aggregate not found
2026-07-16 08:04:08.478 10 INFO neutron.services.segments.plugin [-] Segment 2de53e84-7b13-467e-b7d0-f6ff91e4749d resource provider aggregate not found
2026-07-16 08:04:08.486 10 INFO neutron.services.segments.plugin [-] Segment 2de53e84-7b13-467e-b7d0-f6ff91e4749d resource provider not found; error: Placement Client Error (4xx): {"errors": [{"status": 404, "title": "Not Found", "detail": "The resource could not be found.\n\n No resource provider with uuid 2de53e84-7b13-467e-b7d0-f6ff91e4749d found for delete ", "request_id": "req-35d8795f-550d-47c3-a2b7-78cd98dc678b"}]}
2026-07-16 08:04:08.490 10 INFO neutron.services.segments.plugin [-] Segment 2de53e84-7b13-467e-b7d0-f6ff91e4749d resource provider not found; error: Placement Client Error (4xx): {"errors": [{"status": 404, "title": "Not Found", "detail": "The resource could not be found.\n\n No resource provider with uuid 2de53e84-7b13-467e-b7d0-f6ff91e4749d found for delete ", "request_id": "req-cddd4d4c-bfda-46b0-90a5-02b2433bdb6f"}]}
2026-07-16 08:04:08.501 10 INFO neutron.services.segments.plugin [-] Segment f1face35-f0bd-48e2-b59d-ea01fcc30f7e resource provider aggregate not found
2026-07-16 08:04:08.505 10 INFO neutron.services.segments.plugin [-] Segment f1face35-f0bd-48e2-b59d-ea01fcc30f7e resource provider aggregate not found
2026-07-16 08:04:08.513 10 INFO neutron.services.segments.plugin [-] Segment f1face35-f0bd-48e2-b59d-ea01fcc30f7e resource provider not found; error: Placement Client Error (4xx): {"errors": [{"status": 404, "title": "Not Found", "detail": "The resource could not be found.\n\n No resource provider with uuid f1face35-f0bd-48e2-b59d-ea01fcc30f7e found for delete ", "request_id": "req-2c9a379a-6786-4fb6-9d20-3541226ca002"}]}
2026-07-16 08:04:08.516 10 INFO neutron.services.segments.plugin [-] Segment f1face35-f0bd-48e2-b59d-ea01fcc30f7e resource provider not found; error: Placement Client Error (4xx): {"errors": [{"status": 404, "title": "Not Found", "detail": "The resource could not be found.\n\n No resource provider with uuid f1face35-f0bd-48e2-b59d-ea01fcc30f7e found for delete ", "request_id": "req-693a7097-41f5-4a88-b64c-8eb46603cd83"}]}
2026-07-16 08:04:08.525 10 INFO neutron.services.segments.plugin [-] Segment 602dbae7-2c83-4dd6-93f0-3766310d7667 resource provider aggregate not found
2026-07-16 08:04:08.531 10 INFO neutron.services.segments.plugin [-] Segment 602dbae7-2c83-4dd6-93f0-3766310d7667 resource provider aggregate not found
2026-07-16 08:04:08.544 10 INFO neutron.services.segments.plugin [-] Segment 602dbae7-2c83-4dd6-93f0-3766310d7667 resource provider not found; error: Placement Client Error (4xx): {"errors": [{"status": 404, "title": "Not Found", "detail": "The resource could not be found.\n\n No resource provider with uuid 602dbae7-2c83-4dd6-93f0-3766310d7667 found for delete ", "request_id": "req-59438010-4da0-4f1c-8f31-5c7caf308ed4"}]}
2026-07-16 08:04:08.552 10 INFO neutron.services.segments.plugin [-] Segment 602dbae7-2c83-4dd6-93f0-3766310d7667 resource provider not found; error: Placement Client Error (4xx): {"errors": [{"status": 404, "title": "Not Found", "detail": "The resource could not be found.\n\n No resource provider with uuid 602dbae7-2c83-4dd6-93f0-3766310d7667 found for delete ", "request_id": "req-2dcd1858-f73a-47ab-8c75-d68f4759342f"}]}
2026-07-16 08:04:08.623 9 INFO neutron.plugins.ml2.drivers.ovn.mech_driver.ovsdb.commands [None req-a207a6eb-9d58-454e-8502-69258408eab9 - - - - - -] Schedule LRP lrp-2b5eda0f-b633-410c-aa7c-79962930ed77 on gateway 4e1a191b-b295-4351-bdb7-e8b8e97723eb with priority 1
2026-07-16 08:04:08.628 9 INFO neutron.plugins.ml2.drivers.ovn.mech_driver.mech_driver [None req-77bb118b-b780-407e-9336-f81ca64fe8c2 - - - - - -] OVN reports status up for port: 2b5eda0f-b633-410c-aa7c-79962930ed77
2026-07-16 08:04:08.651 9 INFO neutron.plugins.ml2.plugin [None req-77bb118b-b780-407e-9336-f81ca64fe8c2 - - - - - -] Attempt 1 to provision port 2b5eda0f-b633-410c-aa7c-79962930ed77
2026-07-16 08:04:08.683 9 INFO neutron.db.ovn_revision_numbers_db [None req-4a895eb7-0a4d-4268-87cc-701124c03aaa 0e0755879c8b4510b9774b8318691904 03be5abeafa6435b9b8cb70654831ac4 - - default default] Successfully bumped revision number for resource 2b5eda0f-b633-410c-aa7c-79962930ed77 (type: router_ports) to 1
2026-07-16 08:04:08.739 9 INFO neutron.db.ovn_revision_numbers_db [None req-4a895eb7-0a4d-4268-87cc-701124c03aaa 0e0755879c8b4510b9774b8318691904 03be5abeafa6435b9b8cb70654831ac4 - - default default] Successfully bumped revision number for resource 7c44936d-fe53-49c2-a3e6-838c072254b4 (type: routers) to 2
2026-07-16 08:04:08.751 9 INFO neutron.api.wsgi [None req-4a895eb7-0a4d-4268-87cc-701124c03aaa 0e0755879c8b4510b9774b8318691904 03be5abeafa6435b9b8cb70654831ac4 - - default default] 10.0.0.205 "POST /v2.0/routers HTTP/1.1" status: 201 len: 1154 time: 1.1581089
2026-07-16 08:04:09.197 9 WARNING neutron.scheduler.dhcp_agent_scheduler [None req-75a53e79-116c-4d18-ab7d-96cc60937616 0e0755879c8b4510b9774b8318691904 03be5abeafa6435b9b8cb70654831ac4 - - default default] No more DHCP agents
2026-07-16 08:04:09.199 9 WARNING neutron.api.rpc.agentnotifiers.dhcp_rpc_agent_api [None req-75a53e79-116c-4d18-ab7d-96cc60937616 0e0755879c8b4510b9774b8318691904 03be5abeafa6435b9b8cb70654831ac4 - - default default] Unable to schedule network 129361ee-0b03-4821-a65c-1bafd26c5ca7: no agents available; will retry on subsequent port and subnet creation events.
2026-07-16 08:04:09.314 9 INFO neutron.db.ovn_revision_numbers_db [None req-75a53e79-116c-4d18-ab7d-96cc60937616 0e0755879c8b4510b9774b8318691904 03be5abeafa6435b9b8cb70654831ac4 - - default default] Successfully bumped revision number for resource 31b61296-401d-4b45-9f00-1841876c0a44 (type: ports) to 1
2026-07-16 08:04:09.864 10 INFO neutron.plugins.ml2.drivers.ovn.mech_driver.mech_driver [None req-aa3420c3-bffe-4272-a4d7-0143a5fcda30 - - - - - -] OVN reports status up for port: 31b61296-401d-4b45-9f00-1841876c0a44
2026-07-16 08:04:09.873 10 INFO neutron.plugins.ml2.plugin [None req-aa3420c3-bffe-4272-a4d7-0143a5fcda30 - - - - - -] Attempt 1 to provision port 31b61296-401d-4b45-9f00-1841876c0a44
2026-07-16 08:04:09.878 9 INFO neutron.db.ovn_revision_numbers_db [None req-75a53e79-116c-4d18-ab7d-96cc60937616 0e0755879c8b4510b9774b8318691904 03be5abeafa6435b9b8cb70654831ac4 - - default default] Successfully bumped revision number for resource 31b61296-401d-4b45-9f00-1841876c0a44 (type: ports) to 1
2026-07-16 08:04:09.923 9 WARNING neutron.scheduler.dhcp_agent_scheduler [None req-75a53e79-116c-4d18-ab7d-96cc60937616 0e0755879c8b4510b9774b8318691904 03be5abeafa6435b9b8cb70654831ac4 - - default default] No more DHCP agents
2026-07-16 08:04:09.925 9 WARNING neutron.api.rpc.agentnotifiers.dhcp_rpc_agent_api [None req-75a53e79-116c-4d18-ab7d-96cc60937616 0e0755879c8b4510b9774b8318691904 03be5abeafa6435b9b8cb70654831ac4 - - default default] Unable to schedule network 129361ee-0b03-4821-a65c-1bafd26c5ca7: no agents available; will retry on subsequent port and subnet creation events.
2026-07-16 08:04:09.950 10 WARNING neutron_lib.context [None req-89bded68-360c-4e71-b3aa-cb6f12433b4e 675f38fbbcd4417eb02eb682a09eb3b9 90bf992e982549ec8d98a52f1db46413 - - default default] Method 'is_advsvc' is deprecated since 2023.2 release (neutron-lib 3.8.0) and will be removed once support for the old RBAC API policies will be removed from Neutron. Please use method 'is_service_role' instead.
2026-07-16 08:04:10.079 10 INFO neutron.db.ovn_revision_numbers_db [None req-89bded68-360c-4e71-b3aa-cb6f12433b4e 675f38fbbcd4417eb02eb682a09eb3b9 90bf992e982549ec8d98a52f1db46413 - - default default] Successfully bumped revision number for resource 5235aa2a-f269-4873-8ca4-fee03f8de033 (type: security_groups) to 1
2026-07-16 08:04:10.093 10 INFO neutron.db.ovn_revision_numbers_db [None req-89bded68-360c-4e71-b3aa-cb6f12433b4e 675f38fbbcd4417eb02eb682a09eb3b9 90bf992e982549ec8d98a52f1db46413 - - default default] Successfully bumped revision number for resource 7c6a43b9-710e-4813-b3e3-f37e4ecd32d5 (type: security_group_rules) to 0
2026-07-16 08:04:10.105 10 INFO neutron.db.ovn_revision_numbers_db [None req-89bded68-360c-4e71-b3aa-cb6f12433b4e 675f38fbbcd4417eb02eb682a09eb3b9 90bf992e982549ec8d98a52f1db46413 - - default default] Successfully bumped revision number for resource 8f6019b6-6f24-4f79-b7b1-52e7f2bb1c4c (type: security_group_rules) to 0
2026-07-16 08:04:10.121 10 INFO neutron.db.ovn_revision_numbers_db [None req-89bded68-360c-4e71-b3aa-cb6f12433b4e 675f38fbbcd4417eb02eb682a09eb3b9 90bf992e982549ec8d98a52f1db46413 - - default default] Successfully bumped revision number for resource b818cff5-4bc1-4ff4-b11a-8f56022b3d14 (type: security_group_rules) to 0
2026-07-16 08:04:10.137 10 INFO neutron.db.ovn_revision_numbers_db [None req-89bded68-360c-4e71-b3aa-cb6f12433b4e 675f38fbbcd4417eb02eb682a09eb3b9 90bf992e982549ec8d98a52f1db46413 - - default default] Successfully bumped revision number for resource e158b089-d850-4eab-8f81-193063ed8009 (type: security_group_rules) to 0
2026-07-16 08:04:10.194 10 INFO neutron.db.ovn_revision_numbers_db [None req-aa3420c3-bffe-4272-a4d7-0143a5fcda30 - - - - - -] Successfully bumped revision number for resource 31b61296-401d-4b45-9f00-1841876c0a44 (type: ports) to 2
2026-07-16 08:04:10.220 10 INFO neutron.db.segments_db [None req-89bded68-360c-4e71-b3aa-cb6f12433b4e 675f38fbbcd4417eb02eb682a09eb3b9 90bf992e982549ec8d98a52f1db46413 - - default default] Added segment 06900d85-0bed-4614-aaec-3beee5298490 of type geneve for network 1f3ac09b-6b56-498c-81ec-3463f724827b
2026-07-16 08:04:10.226 9 INFO neutron.db.ovn_revision_numbers_db [None req-75a53e79-116c-4d18-ab7d-96cc60937616 0e0755879c8b4510b9774b8318691904 03be5abeafa6435b9b8cb70654831ac4 - - default default] Successfully bumped revision number for resource 31b61296-401d-4b45-9f00-1841876c0a44 (type: router_ports) to 1
2026-07-16 08:04:10.231 9 INFO neutron.api.wsgi [None req-75a53e79-116c-4d18-ab7d-96cc60937616 0e0755879c8b4510b9774b8318691904 03be5abeafa6435b9b8cb70654831ac4 - - default default] 10.0.0.205 "PUT /v2.0/routers/7c44936d-fe53-49c2-a3e6-838c072254b4/add_router_interface HTTP/1.1" status: 200 len: 503 time: 1.4697406
2026-07-16 08:04:10.242 9 WARNING neutron_lib.context [None req-0b8cd110-2e45-4437-9938-2545a8b094d8 0e0755879c8b4510b9774b8318691904 03be5abeafa6435b9b8cb70654831ac4 - - default default] Method 'is_advsvc' is deprecated since 2023.2 release (neutron-lib 3.8.0) and will be removed once support for the old RBAC API policies will be removed from Neutron. Please use method 'is_service_role' instead.
2026-07-16 08:04:10.397 10 INFO neutron.db.ovn_revision_numbers_db [None req-89bded68-360c-4e71-b3aa-cb6f12433b4e 675f38fbbcd4417eb02eb682a09eb3b9 90bf992e982549ec8d98a52f1db46413 - - default default] Successfully bumped revision number for resource 1f3ac09b-6b56-498c-81ec-3463f724827b (type: networks) to 1
2026-07-16 08:04:10.509 9 WARNING neutron.scheduler.dhcp_agent_scheduler [None req-0b8cd110-2e45-4437-9938-2545a8b094d8 0e0755879c8b4510b9774b8318691904 03be5abeafa6435b9b8cb70654831ac4 - - default default] No more DHCP agents
2026-07-16 08:04:10.510 9 WARNING neutron.api.rpc.agentnotifiers.dhcp_rpc_agent_api [None req-0b8cd110-2e45-4437-9938-2545a8b094d8 0e0755879c8b4510b9774b8318691904 03be5abeafa6435b9b8cb70654831ac4 - - default default] Unable to schedule network 129361ee-0b03-4821-a65c-1bafd26c5ca7: no agents available; will retry on subsequent port and subnet creation events.
2026-07-16 08:04:10.533 10 WARNING neutron.scheduler.dhcp_agent_scheduler [None req-89bded68-360c-4e71-b3aa-cb6f12433b4e 675f38fbbcd4417eb02eb682a09eb3b9 90bf992e982549ec8d98a52f1db46413 - - default default] No more DHCP agents
2026-07-16 08:04:10.534 10 WARNING neutron.api.rpc.agentnotifiers.dhcp_rpc_agent_api [None req-89bded68-360c-4e71-b3aa-cb6f12433b4e 675f38fbbcd4417eb02eb682a09eb3b9 90bf992e982549ec8d98a52f1db46413 - - default default] Unable to schedule network 1f3ac09b-6b56-498c-81ec-3463f724827b: no agents available; will retry on subsequent port and subnet creation events.
2026-07-16 08:04:10.585 10 INFO neutron.db.ovn_revision_numbers_db [None req-89bded68-360c-4e71-b3aa-cb6f12433b4e 675f38fbbcd4417eb02eb682a09eb3b9 90bf992e982549ec8d98a52f1db46413 - - default default] Successfully bumped revision number for resource db617973-3f4c-42dd-8aab-cad754b55be7 (type: ports) to 1
2026-07-16 08:04:10.608 10 INFO neutron.api.wsgi [None req-89bded68-360c-4e71-b3aa-cb6f12433b4e 675f38fbbcd4417eb02eb682a09eb3b9 90bf992e982549ec8d98a52f1db46413 - - default default] 10.0.0.205 "POST /v2.0/networks HTTP/1.1" status: 201 len: 843 time: 0.7914166
2026-07-16 08:04:10.654 10 WARNING neutron_lib.context [None req-cb40150e-f506-4ac4-a519-c72a2ab1e9af 675f38fbbcd4417eb02eb682a09eb3b9 90bf992e982549ec8d98a52f1db46413 - - default default] Method 'is_advsvc' is deprecated since 2023.2 release (neutron-lib 3.8.0) and will be removed once support for the old RBAC API policies will be removed from Neutron. Please use method 'is_service_role' instead.
2026-07-16 08:04:10.656 9 INFO neutron.db.ovn_revision_numbers_db [None req-0b8cd110-2e45-4437-9938-2545a8b094d8 0e0755879c8b4510b9774b8318691904 03be5abeafa6435b9b8cb70654831ac4 - - default default] Successfully bumped revision number for resource 127823e0-34d8-4eed-9fa8-310bdef3fb83 (type: ports) to 1
2026-07-16 08:04:10.678 9 INFO neutron.api.wsgi [None req-0b8cd110-2e45-4437-9938-2545a8b094d8 0e0755879c8b4510b9774b8318691904 03be5abeafa6435b9b8cb70654831ac4 - - default default] 10.0.0.205 "POST /v2.0/ports HTTP/1.1" status: 201 len: 1153 time: 0.4402959 /var/lib/openstack/lib/python3.12/site-packages/pycadf/identifier.py:71: UserWarning: Invalid uuid: neutron. To ensure interoperability, identifiers should be a valid uuid. warnings.warn(('Invalid uuid: %s. To ensure interoperability, '
2026-07-16 08:04:10.686 9 WARNING neutron_lib.context [None req-6acbb3f0-b085-4ace-bfdb-874e8812b30c 0e0755879c8b4510b9774b8318691904 03be5abeafa6435b9b8cb70654831ac4 - - default default] Method 'is_advsvc' is deprecated since 2023.2 release (neutron-lib 3.8.0) and will be removed once support for the old RBAC API policies will be removed from Neutron. Please use method 'is_service_role' instead.
2026-07-16 08:04:10.815 10 WARNING neutron.scheduler.dhcp_agent_scheduler [None req-cb40150e-f506-4ac4-a519-c72a2ab1e9af 675f38fbbcd4417eb02eb682a09eb3b9 90bf992e982549ec8d98a52f1db46413 - - default default] No more DHCP agents
2026-07-16 08:04:10.816 10 WARNING neutron.api.rpc.agentnotifiers.dhcp_rpc_agent_api [None req-cb40150e-f506-4ac4-a519-c72a2ab1e9af 675f38fbbcd4417eb02eb682a09eb3b9 90bf992e982549ec8d98a52f1db46413 - - default default] Unable to schedule network 1f3ac09b-6b56-498c-81ec-3463f724827b: no agents available; will retry on subsequent port and subnet creation events.
2026-07-16 08:04:10.954 9 WARNING neutron.scheduler.dhcp_agent_scheduler [None req-6acbb3f0-b085-4ace-bfdb-874e8812b30c 0e0755879c8b4510b9774b8318691904 03be5abeafa6435b9b8cb70654831ac4 - - default default] No more DHCP agents
2026-07-16 08:04:10.955 9 WARNING neutron.api.rpc.agentnotifiers.dhcp_rpc_agent_api [None req-6acbb3f0-b085-4ace-bfdb-874e8812b30c 0e0755879c8b4510b9774b8318691904 03be5abeafa6435b9b8cb70654831ac4 - - default default] Unable to schedule network 129361ee-0b03-4821-a65c-1bafd26c5ca7: no agents available; will retry on subsequent port and subnet creation events.
2026-07-16 08:04:11.073 9 INFO neutron.db.ovn_revision_numbers_db [None req-6acbb3f0-b085-4ace-bfdb-874e8812b30c 0e0755879c8b4510b9774b8318691904 03be5abeafa6435b9b8cb70654831ac4 - - default default] Successfully bumped revision number for resource 3db34d15-2704-474e-a7cc-8cd25c7db8b8 (type: ports) to 1
2026-07-16 08:04:11.095 9 INFO neutron.api.wsgi [None req-6acbb3f0-b085-4ace-bfdb-874e8812b30c 0e0755879c8b4510b9774b8318691904 03be5abeafa6435b9b8cb70654831ac4 - - default default] 10.0.0.205 "POST /v2.0/ports HTTP/1.1" status: 201 len: 1153 time: 0.4135478 /var/lib/openstack/lib/python3.12/site-packages/pycadf/identifier.py:71: UserWarning: Invalid uuid: neutron. To ensure interoperability, identifiers should be a valid uuid. warnings.warn(('Invalid uuid: %s. To ensure interoperability, '
2026-07-16 08:04:11.106 9 WARNING neutron_lib.context [None req-ffd25bda-30b2-4462-a9bb-553bd4c68bef 0e0755879c8b4510b9774b8318691904 03be5abeafa6435b9b8cb70654831ac4 - - default default] Method 'is_advsvc' is deprecated since 2023.2 release (neutron-lib 3.8.0) and will be removed once support for the old RBAC API policies will be removed from Neutron. Please use method 'is_service_role' instead.
2026-07-16 08:04:11.166 10 INFO neutron.db.ovn_revision_numbers_db [None req-5a2e512b-84af-4f91-b695-2106be3241f2 - - - - - -] Successfully bumped revision number for resource db617973-3f4c-42dd-8aab-cad754b55be7 (type: ports) to 2
2026-07-16 08:04:11.187 10 INFO neutron.db.ovn_revision_numbers_db [None req-5a2e512b-84af-4f91-b695-2106be3241f2 - - - - - -] Successfully bumped revision number for resource 2a0032d9-a8aa-4f2f-9ed1-e929a8418124 (type: subnets) to 0
2026-07-16 08:04:11.199 10 INFO neutron.api.wsgi [None req-cb40150e-f506-4ac4-a519-c72a2ab1e9af 675f38fbbcd4417eb02eb682a09eb3b9 90bf992e982549ec8d98a52f1db46413 - - default default] 10.0.0.205 "POST /v2.0/subnets HTTP/1.1" status: 201 len: 840 time: 0.5499210
2026-07-16 08:04:11.211 10 WARNING neutron_lib.context [None req-2ff91f9d-6d1e-44ac-aebc-f741e71164bc 675f38fbbcd4417eb02eb682a09eb3b9 90bf992e982549ec8d98a52f1db46413 - - default default] Method 'is_advsvc' is deprecated since 2023.2 release (neutron-lib 3.8.0) and will be removed once support for the old RBAC API policies will be removed from Neutron. Please use method 'is_service_role' instead.
2026-07-16 08:04:11.299 10 INFO neutron.db.segments_db [None req-2ff91f9d-6d1e-44ac-aebc-f741e71164bc 675f38fbbcd4417eb02eb682a09eb3b9 90bf992e982549ec8d98a52f1db46413 - - default default] Added segment 88bc2d69-76f4-4872-b947-9ed3d0778db5 of type geneve for network f8e91f12-c502-4149-88b1-58b6ddfe0398
2026-07-16 08:04:11.312 9 WARNING neutron.scheduler.dhcp_agent_scheduler [None req-ffd25bda-30b2-4462-a9bb-553bd4c68bef 0e0755879c8b4510b9774b8318691904 03be5abeafa6435b9b8cb70654831ac4 - - default default] No more DHCP agents
2026-07-16 08:04:11.313 9 WARNING neutron.api.rpc.agentnotifiers.dhcp_rpc_agent_api [None req-ffd25bda-30b2-4462-a9bb-553bd4c68bef 0e0755879c8b4510b9774b8318691904 03be5abeafa6435b9b8cb70654831ac4 - - default default] Unable to schedule network 420e998d-ec99-4f47-a94b-9f1db35f8f08: no agents available; will retry on subsequent port and subnet creation events.
2026-07-16 08:04:11.396 10 INFO neutron.db.ovn_revision_numbers_db [None req-2ff91f9d-6d1e-44ac-aebc-f741e71164bc 675f38fbbcd4417eb02eb682a09eb3b9 90bf992e982549ec8d98a52f1db46413 - - default default] Successfully bumped revision number for resource f8e91f12-c502-4149-88b1-58b6ddfe0398 (type: networks) to 1
2026-07-16 08:04:11.407 10 INFO neutron.api.wsgi [None req-cf9781c8-7fc1-47e1-9bed-60bbcd9144df bd458daaaff04c488a5b90c57b291c90 c79b02d12cc44ead8cff801b82e45386 - - default default] 10.0.0.205 "POST /v2.0/qos/policies HTTP/1.1" status: 201 len: 558 time: 0.1407964
2026-07-16 08:04:11.441 10 INFO neutron.api.wsgi [None req-7fec8eae-053a-4a0e-b39e-128891185683 bd458daaaff04c488a5b90c57b291c90 c79b02d12cc44ead8cff801b82e45386 - - default default] 10.0.0.205 "PUT /v2.0/policies/638f869d-f1bb-48db-abbd-759280835181/tags HTTP/1.1" status: 200 len: 218 time: 0.0280321
2026-07-16 08:04:11.468 10 INFO neutron.api.wsgi [None req-36cf920c-e192-4d70-a71d-f7170e384b60 bd458daaaff04c488a5b90c57b291c90 c79b02d12cc44ead8cff801b82e45386 - - default default] 10.0.0.205 "GET /v2.0/policies/638f869d-f1bb-48db-abbd-759280835181/tags HTTP/1.1" status: 200 len: 218 time: 0.0221839
2026-07-16 08:04:11.503 10 INFO neutron.api.wsgi [None req-65ec515b-d748-40cb-869b-6830b258c15d bd458daaaff04c488a5b90c57b291c90 c79b02d12cc44ead8cff801b82e45386 - - default default] 10.0.0.205 "PUT /v2.0/policies/638f869d-f1bb-48db-abbd-759280835181/tags/green HTTP/1.1" status: 201 len: 201 time: 0.0305665
2026-07-16 08:04:11.525 10 INFO neutron.api.wsgi [None req-fb691f76-3842-4006-84aa-441ddf81e93c bd458daaaff04c488a5b90c57b291c90 c79b02d12cc44ead8cff801b82e45386 - - default default] 10.0.0.205 "GET /v2.0/policies/638f869d-f1bb-48db-abbd-759280835181/tags HTTP/1.1" status: 200 len: 227 time: 0.0171475
2026-07-16 08:04:11.552 9 INFO neutron.api.wsgi [None req-40b6c984-fd89-4c14-a47a-091a666e68f5 bd458daaaff04c488a5b90c57b291c90 c79b02d12cc44ead8cff801b82e45386 - - default default] 10.0.0.205 "PUT /v2.0/policies/638f869d-f1bb-48db-abbd-759280835181/tags/red HTTP/1.1" status: 201 len: 201 time: 0.0221777
2026-07-16 08:04:11.591 9 INFO neutron.api.wsgi [None req-d5bd1b6b-be57-4d42-bb7d-52ad02b6accf bd458daaaff04c488a5b90c57b291c90 c79b02d12cc44ead8cff801b82e45386 - - default default] 10.0.0.205 "GET /v2.0/policies/638f869d-f1bb-48db-abbd-759280835181/tags HTTP/1.1" status: 200 len: 227 time: 0.0342631
2026-07-16 08:04:11.626 9 INFO neutron.api.wsgi [None req-c47d1a1d-10ea-4513-979a-039c030da6dc bd458daaaff04c488a5b90c57b291c90 c79b02d12cc44ead8cff801b82e45386 - - default default] 10.0.0.205 "PUT /v2.0/policies/638f869d-f1bb-48db-abbd-759280835181/tags/black.or.white HTTP/1.1" status: 201 len: 201 time: 0.0308840
2026-07-16 08:04:11.654 9 INFO neutron.api.wsgi [None req-bf10179f-b2c6-4bf1-a7c6-5cdc80e2bf00 bd458daaaff04c488a5b90c57b291c90 c79b02d12cc44ead8cff801b82e45386 - - default default] 10.0.0.205 "GET /v2.0/policies/638f869d-f1bb-48db-abbd-759280835181/tags HTTP/1.1" status: 200 len: 245 time: 0.0240388
