2026-07-16 08:03:12.181 10 INFO neutron.api.wsgi [None req-a07a048d-22d8-441f-b8bf-16664d4aad6a 9d07fd78445d48f7912cb990c941eee6 efc4a9e230e74f14bcdb4d8bf1a255eb - - default default] 10.0.0.205 "GET /v2.0/routers?not-tags=red%2Cblue HTTP/1.1" status: 200 len: 1918 time: 0.0443621
2026-07-16 08:03:12.244 10 INFO neutron.api.wsgi [None req-654968d3-8cf0-4b0f-9e0e-3b19990df6f6 9d07fd78445d48f7912cb990c941eee6 efc4a9e230e74f14bcdb4d8bf1a255eb - - default default] 10.0.0.205 "GET /v2.0/routers?not-tags-any=blue HTTP/1.1" status: 200 len: 1918 time: 0.0551207
2026-07-16 08:03:12.292 10 INFO neutron.api.wsgi [None req-7b039532-2171-4bd0-b1f0-e84c0f8de3ea 9d07fd78445d48f7912cb990c941eee6 efc4a9e230e74f14bcdb4d8bf1a255eb - - default default] 10.0.0.205 "GET /v2.0/routers?not-tags-any=red%2Cblue HTTP/1.1" status: 200 len: 1347 time: 0.0414746
2026-07-16 08:03:12.361 9 INFO neutron.api.wsgi [None req-70c3124e-c2d9-4840-8d9a-84b013680eac 9d07fd78445d48f7912cb990c941eee6 efc4a9e230e74f14bcdb4d8bf1a255eb - - default default] 10.0.0.205 "GET /v2.0/routers/0758b6a6-cd78-4d9e-9507-421c5ba9e72d HTTP/1.1" status: 200 len: 775 time: 0.0494640
2026-07-16 08:03:12.637 9 INFO neutron.db.ovn_revision_numbers_db [None req-ff672d62-97ba-4f4d-9da9-d8b0330146d5 9d07fd78445d48f7912cb990c941eee6 efc4a9e230e74f14bcdb4d8bf1a255eb - - default default] Successfully bumped revision number for resource 0758b6a6-cd78-4d9e-9507-421c5ba9e72d (type: routers) to 2
2026-07-16 08:03:12.644 9 INFO neutron.api.wsgi [None req-ff672d62-97ba-4f4d-9da9-d8b0330146d5 9d07fd78445d48f7912cb990c941eee6 efc4a9e230e74f14bcdb4d8bf1a255eb - - default default] 10.0.0.205 "PUT /v2.0/routers/0758b6a6-cd78-4d9e-9507-421c5ba9e72d HTTP/1.1" status: 200 len: 775 time: 0.2792187
2026-07-16 08:03:12.666 9 INFO neutron.api.wsgi [None req-592e5488-49c5-400b-b961-faf7ccb92282 9d07fd78445d48f7912cb990c941eee6 efc4a9e230e74f14bcdb4d8bf1a255eb - - default default] 10.0.0.205 "GET /v2.0/ports?device_id=0758b6a6-cd78-4d9e-9507-421c5ba9e72d HTTP/1.1" status: 200 len: 205 time: 0.0159543
2026-07-16 08:03:12.838 9 INFO neutron.api.wsgi [None req-c35c02ef-c0b7-4ea3-9f5e-515843c9e282 9d07fd78445d48f7912cb990c941eee6 efc4a9e230e74f14bcdb4d8bf1a255eb - - default default] 10.0.0.205 "DELETE /v2.0/routers/0758b6a6-cd78-4d9e-9507-421c5ba9e72d HTTP/1.1" status: 204 len: 168 time: 0.1633358
2026-07-16 08:03:12.891 9 INFO neutron.api.wsgi [None req-e2eb854a-64ab-45af-920e-f0e7c1a58091 9d07fd78445d48f7912cb990c941eee6 efc4a9e230e74f14bcdb4d8bf1a255eb - - default default] 10.0.0.205 "GET /v2.0/routers/68876f8e-041a-4546-8872-976c0f071908 HTTP/1.1" status: 200 len: 783 time: 0.0468616
2026-07-16 08:03:13.117 9 INFO neutron.db.ovn_revision_numbers_db [None req-be3c0017-40a9-4acc-afb5-91c143bb42c4 9d07fd78445d48f7912cb990c941eee6 efc4a9e230e74f14bcdb4d8bf1a255eb - - default default] Successfully bumped revision number for resource 68876f8e-041a-4546-8872-976c0f071908 (type: routers) to 2
2026-07-16 08:03:13.121 9 INFO neutron.api.wsgi [None req-be3c0017-40a9-4acc-afb5-91c143bb42c4 9d07fd78445d48f7912cb990c941eee6 efc4a9e230e74f14bcdb4d8bf1a255eb - - default default] 10.0.0.205 "PUT /v2.0/routers/68876f8e-041a-4546-8872-976c0f071908 HTTP/1.1" status: 200 len: 783 time: 0.2256691
2026-07-16 08:03:13.137 9 INFO neutron.api.wsgi [None req-ae924fee-e579-4ce7-b507-be68ac71b42e 9d07fd78445d48f7912cb990c941eee6 efc4a9e230e74f14bcdb4d8bf1a255eb - - default default] 10.0.0.205 "GET /v2.0/ports?device_id=68876f8e-041a-4546-8872-976c0f071908 HTTP/1.1" status: 200 len: 205 time: 0.0115967
2026-07-16 08:03:13.282 9 INFO neutron.api.wsgi [None req-79efec00-59bd-4882-aead-2f7f6d443261 9d07fd78445d48f7912cb990c941eee6 efc4a9e230e74f14bcdb4d8bf1a255eb - - default default] 10.0.0.205 "DELETE /v2.0/routers/68876f8e-041a-4546-8872-976c0f071908 HTTP/1.1" status: 204 len: 168 time: 0.1395543
2026-07-16 08:03:13.319 9 INFO neutron.api.wsgi [None req-bacc81e1-141c-4c48-9833-d45ff81124a8 9d07fd78445d48f7912cb990c941eee6 efc4a9e230e74f14bcdb4d8bf1a255eb - - default default] 10.0.0.205 "GET /v2.0/routers/52c6ede1-7795-46cb-a791-9774abe00a7d HTTP/1.1" status: 200 len: 792 time: 0.0296662
2026-07-16 08:03:13.342 10 INFO neutron.db.ovn_revision_numbers_db [None req-3d7bb522-07b6-4f4a-a7da-0f5c41857939 b9ce937a6031456c94b46a52e5f6e3d0 1ccb513f25fc44f4bd438183ad6c0ea8 - - default default] Successfully bumped revision number for resource bdadd25e-1f77-41ce-b0f8-3ffbea6e19d5 (type: security_groups) to 1
2026-07-16 08:03:13.355 10 INFO neutron.db.ovn_revision_numbers_db [None req-3d7bb522-07b6-4f4a-a7da-0f5c41857939 b9ce937a6031456c94b46a52e5f6e3d0 1ccb513f25fc44f4bd438183ad6c0ea8 - - default default] Successfully bumped revision number for resource 44fcb8f9-f254-4929-8f0c-626dc4457b89 (type: security_group_rules) to 0
2026-07-16 08:03:13.371 10 INFO neutron.db.ovn_revision_numbers_db [None req-3d7bb522-07b6-4f4a-a7da-0f5c41857939 b9ce937a6031456c94b46a52e5f6e3d0 1ccb513f25fc44f4bd438183ad6c0ea8 - - default default] Successfully bumped revision number for resource 5eaba26c-0455-40e2-935d-76029f413fc4 (type: security_group_rules) to 0
2026-07-16 08:03:13.388 10 INFO neutron.db.ovn_revision_numbers_db [None req-3d7bb522-07b6-4f4a-a7da-0f5c41857939 b9ce937a6031456c94b46a52e5f6e3d0 1ccb513f25fc44f4bd438183ad6c0ea8 - - default default] Successfully bumped revision number for resource 7529242f-ebd8-40b8-9e04-ec4a8756b1b3 (type: security_group_rules) to 0
2026-07-16 08:03:13.404 10 INFO neutron.db.ovn_revision_numbers_db [None req-3d7bb522-07b6-4f4a-a7da-0f5c41857939 b9ce937a6031456c94b46a52e5f6e3d0 1ccb513f25fc44f4bd438183ad6c0ea8 - - default default] Successfully bumped revision number for resource f633819b-23d8-4553-bbc0-f1d257290d58 (type: security_group_rules) to 0
2026-07-16 08:03:13.464 10 INFO neutron.api.wsgi [None req-3d7bb522-07b6-4f4a-a7da-0f5c41857939 b9ce937a6031456c94b46a52e5f6e3d0 1ccb513f25fc44f4bd438183ad6c0ea8 - - default default] 10.0.0.205 "GET /v2.0/security-groups?tenant_id=06a4fd49677c404997089d77ec213497&name=default HTTP/1.1" status: 200 len: 3120 time: 0.4011528
2026-07-16 08:03:13.498 10 INFO neutron.api.wsgi [req-56b840c4-c363-4c24-a30b-fcd94511c097 req-6a8e9ab1-d79e-4beb-b629-476c0172473d 69d5bcd5b8524d09bb10e1f3e4d6c705 1e2ce196b7ab42b29f3cfed6f32a021c - - default default] 10.0.0.17 "GET /v2.0/ports?device_id=10eefc4b-34db-4e25-a1fc-8b9c2bb470ad HTTP/1.1" status: 200 len: 1174 time: 0.0914130
2026-07-16 08:03:13.535 10 INFO neutron.api.wsgi [req-56b840c4-c363-4c24-a30b-fcd94511c097 req-6fa5c0a3-6183-4559-883a-f7bea2b4b9af 69d5bcd5b8524d09bb10e1f3e4d6c705 1e2ce196b7ab42b29f3cfed6f32a021c - - default default] 10.0.0.17 "GET /v2.0/security-groups?id=91488e0a-a88c-428a-ba9b-07227d4dd54e&fields=id&fields=name HTTP/1.1" status: 200 len: 313 time: 0.0307937
2026-07-16 08:03:13.602 9 INFO neutron.db.ovn_revision_numbers_db [None req-9d7592c2-2694-484a-aa38-4d7f69c4b640 9d07fd78445d48f7912cb990c941eee6 efc4a9e230e74f14bcdb4d8bf1a255eb - - default default] Successfully bumped revision number for resource 52c6ede1-7795-46cb-a791-9774abe00a7d (type: routers) to 2
2026-07-16 08:03:13.608 9 INFO neutron.api.wsgi [None req-9d7592c2-2694-484a-aa38-4d7f69c4b640 9d07fd78445d48f7912cb990c941eee6 efc4a9e230e74f14bcdb4d8bf1a255eb - - default default] 10.0.0.205 "PUT /v2.0/routers/52c6ede1-7795-46cb-a791-9774abe00a7d HTTP/1.1" status: 200 len: 792 time: 0.2823262
2026-07-16 08:03:13.629 9 INFO neutron.api.wsgi [None req-be4501f2-2633-47a2-892f-cca917da82cc 9d07fd78445d48f7912cb990c941eee6 efc4a9e230e74f14bcdb4d8bf1a255eb - - default default] 10.0.0.205 "GET /v2.0/ports?device_id=52c6ede1-7795-46cb-a791-9774abe00a7d HTTP/1.1" status: 200 len: 205 time: 0.0164990
2026-07-16 08:03:13.752 10 INFO neutron.api.wsgi [req-915de9fd-41aa-42f8-9c1e-d1b45a8034dc req-a3fd5c54-39c2-4697-95c1-e3e8a647c3a0 69d5bcd5b8524d09bb10e1f3e4d6c705 1e2ce196b7ab42b29f3cfed6f32a021c - - default default] 10.0.0.17 "GET /v2.0/ports?device_id=10eefc4b-34db-4e25-a1fc-8b9c2bb470ad HTTP/1.1" status: 200 len: 1174 time: 0.0312662
2026-07-16 08:03:13.786 10 INFO neutron.api.wsgi [req-915de9fd-41aa-42f8-9c1e-d1b45a8034dc req-df925293-e145-4753-8330-93f259426a54 69d5bcd5b8524d09bb10e1f3e4d6c705 1e2ce196b7ab42b29f3cfed6f32a021c - - default default] 10.0.0.17 "GET /v2.0/security-groups?id=91488e0a-a88c-428a-ba9b-07227d4dd54e&fields=id&fields=name HTTP/1.1" status: 200 len: 313 time: 0.0280828
2026-07-16 08:03:13.799 9 INFO neutron.api.wsgi [None req-192ac48b-c700-4908-8dad-3a34510ecc83 b9ce937a6031456c94b46a52e5f6e3d0 1ccb513f25fc44f4bd438183ad6c0ea8 - - default default] 10.0.0.205 "DELETE /v2.0/security-groups/bdadd25e-1f77-41ce-b0f8-3ffbea6e19d5 HTTP/1.1" status: 204 len: 168 time: 0.3297627
2026-07-16 08:03:13.804 9 INFO neutron.api.wsgi [None req-faa11b4c-cfd7-45e5-a092-5ece7980d331 9d07fd78445d48f7912cb990c941eee6 efc4a9e230e74f14bcdb4d8bf1a255eb - - default default] 10.0.0.205 "DELETE /v2.0/routers/52c6ede1-7795-46cb-a791-9774abe00a7d HTTP/1.1" status: 204 len: 168 time: 0.1669247
2026-07-16 08:03:13.842 9 INFO neutron.api.wsgi [None req-c1533a3b-1bc1-4898-9231-bdbf77ecc205 9d07fd78445d48f7912cb990c941eee6 efc4a9e230e74f14bcdb4d8bf1a255eb - - default default] 10.0.0.205 "GET /v2.0/routers/e8ac8fbe-1937-42f4-9a12-f0e2fd3b27b2 HTTP/1.1" status: 200 len: 777 time: 0.0346227
2026-07-16 08:03:14.003 10 INFO neutron.db.ovn_revision_numbers_db [None req-a6e8a44c-870f-46f5-ad7f-ea57b657e84b b9ce937a6031456c94b46a52e5f6e3d0 1ccb513f25fc44f4bd438183ad6c0ea8 - - default default] Successfully bumped revision number for resource d721ada7-3858-4940-ba05-495bf23eba54 (type: security_groups) to 1
2026-07-16 08:03:14.015 10 INFO neutron.db.ovn_revision_numbers_db [None req-a6e8a44c-870f-46f5-ad7f-ea57b657e84b b9ce937a6031456c94b46a52e5f6e3d0 1ccb513f25fc44f4bd438183ad6c0ea8 - - default default] Successfully bumped revision number for resource 3bb70b14-db3a-47f7-9f23-3346b06a39d5 (type: security_group_rules) to 0
2026-07-16 08:03:14.026 10 INFO neutron.db.ovn_revision_numbers_db [None req-a6e8a44c-870f-46f5-ad7f-ea57b657e84b b9ce937a6031456c94b46a52e5f6e3d0 1ccb513f25fc44f4bd438183ad6c0ea8 - - default default] Successfully bumped revision number for resource 50851f4a-86a3-461e-80bd-e44a6045b40c (type: security_group_rules) to 0
2026-07-16 08:03:14.053 10 INFO neutron.db.ovn_revision_numbers_db [None req-a6e8a44c-870f-46f5-ad7f-ea57b657e84b b9ce937a6031456c94b46a52e5f6e3d0 1ccb513f25fc44f4bd438183ad6c0ea8 - - default default] Successfully bumped revision number for resource 535caab2-031e-451c-a77f-9e44926f2e31 (type: security_group_rules) to 0
2026-07-16 08:03:14.066 10 INFO neutron.db.ovn_revision_numbers_db [None req-a6e8a44c-870f-46f5-ad7f-ea57b657e84b b9ce937a6031456c94b46a52e5f6e3d0 1ccb513f25fc44f4bd438183ad6c0ea8 - - default default] Successfully bumped revision number for resource 7190bf3d-7ce8-4d3b-b7f0-0345a92a1917 (type: security_group_rules) to 0
2026-07-16 08:03:14.106 10 INFO neutron.api.wsgi [None req-a6e8a44c-870f-46f5-ad7f-ea57b657e84b b9ce937a6031456c94b46a52e5f6e3d0 1ccb513f25fc44f4bd438183ad6c0ea8 - - default default] 10.0.0.205 "GET /v2.0/security-groups?tenant_id=ab137a6f74be450b8545551f4c05bf3b&name=default HTTP/1.1" status: 200 len: 3120 time: 0.2141583
2026-07-16 08:03:14.149 9 INFO neutron.db.ovn_revision_numbers_db [None req-be674ca9-d4d6-4e4b-97b6-df43fe4ca747 9d07fd78445d48f7912cb990c941eee6 efc4a9e230e74f14bcdb4d8bf1a255eb - - default default] Successfully bumped revision number for resource e8ac8fbe-1937-42f4-9a12-f0e2fd3b27b2 (type: routers) to 2
2026-07-16 08:03:14.158 9 INFO neutron.api.wsgi [None req-be674ca9-d4d6-4e4b-97b6-df43fe4ca747 9d07fd78445d48f7912cb990c941eee6 efc4a9e230e74f14bcdb4d8bf1a255eb - - default default] 10.0.0.205 "PUT /v2.0/routers/e8ac8fbe-1937-42f4-9a12-f0e2fd3b27b2 HTTP/1.1" status: 200 len: 777 time: 0.3101051
2026-07-16 08:03:14.180 9 INFO neutron.api.wsgi [None req-73590afa-3c8f-4398-802a-cdf29e14101b 9d07fd78445d48f7912cb990c941eee6 efc4a9e230e74f14bcdb4d8bf1a255eb - - default default] 10.0.0.205 "GET /v2.0/ports?device_id=e8ac8fbe-1937-42f4-9a12-f0e2fd3b27b2 HTTP/1.1" status: 200 len: 205 time: 0.0150931
2026-07-16 08:03:14.273 9 INFO neutron.plugins.ml2.drivers.ovn.mech_driver.mech_driver [None req-96fb7825-e0ba-493e-85b1-2712e79736d8 - - - - - -] OVN reports status down for port: 69d87b4e-c000-4258-9d93-4a8c633935c1
2026-07-16 08:03:14.311 10 INFO neutron.api.wsgi [None req-5246aa28-b631-4aa1-a17b-2227b66a30dc b9ce937a6031456c94b46a52e5f6e3d0 1ccb513f25fc44f4bd438183ad6c0ea8 - - default default] 10.0.0.205 "DELETE /v2.0/security-groups/d721ada7-3858-4940-ba05-495bf23eba54 HTTP/1.1" status: 204 len: 168 time: 0.2006500
2026-07-16 08:03:14.389 9 INFO neutron.api.wsgi [None req-186b753f-5115-42c6-b13f-1b6590fc4111 9d07fd78445d48f7912cb990c941eee6 efc4a9e230e74f14bcdb4d8bf1a255eb - - default default] 10.0.0.205 "DELETE /v2.0/routers/e8ac8fbe-1937-42f4-9a12-f0e2fd3b27b2 HTTP/1.1" status: 204 len: 168 time: 0.2036502
2026-07-16 08:03:14.442 10 INFO neutron.api.wsgi [None req-adacdbee-914a-455c-ab6c-aba29bbbfe87 9d07fd78445d48f7912cb990c941eee6 efc4a9e230e74f14bcdb4d8bf1a255eb - - default default] 10.0.0.205 "GET /v2.0/routers/0aa6b85e-4ee1-40c0-ab4a-b62d6871ff69 HTTP/1.1" status: 200 len: 770 time: 0.0439324
2026-07-16 08:03:14.449 9 INFO neutron.notifiers.nova [-] Nova event matching ['req-9d953eab-3ebf-4dc4-86ac-1d95442a2464'] response: {'server_uuid': '10eefc4b-34db-4e25-a1fc-8b9c2bb470ad', 'name': 'network-vif-unplugged', 'status': 'completed', 'tag': '69d87b4e-c000-4258-9d93-4a8c633935c1', 'code': 200}
2026-07-16 08:03:14.695 9 INFO neutron.db.ovn_revision_numbers_db [None req-96fb7825-e0ba-493e-85b1-2712e79736d8 - - - - - -] Successfully bumped revision number for resource 69d87b4e-c000-4258-9d93-4a8c633935c1 (type: ports) to 8
2026-07-16 08:03:14.710 9 INFO neutron.api.wsgi [None req-81ee7b14-b37f-4fda-adcd-95feb97c0714 9d07fd78445d48f7912cb990c941eee6 efc4a9e230e74f14bcdb4d8bf1a255eb - - default default] 10.0.0.205 "PUT /v2.0/routers/0aa6b85e-4ee1-40c0-ab4a-b62d6871ff69 HTTP/1.1" status: 200 len: 770 time: 0.2621260
2026-07-16 08:03:14.739 10 INFO neutron.api.wsgi [None req-da317176-7030-4f8a-be10-c4319794772f 9d07fd78445d48f7912cb990c941eee6 efc4a9e230e74f14bcdb4d8bf1a255eb - - default default] 10.0.0.205 "GET /v2.0/ports?device_id=0aa6b85e-4ee1-40c0-ab4a-b62d6871ff69 HTTP/1.1" status: 200 len: 205 time: 0.0170240
2026-07-16 08:03:14.895 10 INFO neutron.api.wsgi [req-64ef77bd-3425-4978-8863-e94ee414915e req-929b2fef-c701-471f-97b4-4c86a7b28d5c 69d5bcd5b8524d09bb10e1f3e4d6c705 1e2ce196b7ab42b29f3cfed6f32a021c - - default default] 10.0.0.17 "GET /v2.0/ports?device_id=10eefc4b-34db-4e25-a1fc-8b9c2bb470ad HTTP/1.1" status: 200 len: 1172 time: 0.0529180
2026-07-16 08:03:14.920 10 INFO neutron.api.wsgi [None req-3808f321-e925-4f97-9062-e9d66f3f4bee 9d07fd78445d48f7912cb990c941eee6 efc4a9e230e74f14bcdb4d8bf1a255eb - - default default] 10.0.0.205 "DELETE /v2.0/routers/0aa6b85e-4ee1-40c0-ab4a-b62d6871ff69 HTTP/1.1" status: 204 len: 168 time: 0.1752441
2026-07-16 08:03:14.939 10 INFO neutron.api.wsgi [req-64ef77bd-3425-4978-8863-e94ee414915e req-c9b47a64-668f-4fdb-9abb-a13224ecb881 69d5bcd5b8524d09bb10e1f3e4d6c705 1e2ce196b7ab42b29f3cfed6f32a021c - - default default] 10.0.0.17 "GET /v2.0/security-groups?id=91488e0a-a88c-428a-ba9b-07227d4dd54e&fields=id&fields=name HTTP/1.1" status: 200 len: 313 time: 0.0411477
2026-07-16 08:03:15.389 10 INFO neutron.db.ovn_revision_numbers_db [None req-85bcce39-6e75-4928-bc4e-79a17bf799a3 b9ce937a6031456c94b46a52e5f6e3d0 1ccb513f25fc44f4bd438183ad6c0ea8 - - default default] Successfully bumped revision number for resource c6add819-c7a7-4355-831b-02ddcf2c5d85 (type: security_groups) to 1
2026-07-16 08:03:15.401 10 INFO neutron.db.ovn_revision_numbers_db [None req-85bcce39-6e75-4928-bc4e-79a17bf799a3 b9ce937a6031456c94b46a52e5f6e3d0 1ccb513f25fc44f4bd438183ad6c0ea8 - - default default] Successfully bumped revision number for resource 2d8260f7-d543-41cb-8387-fb993b8193d6 (type: security_group_rules) to 0
2026-07-16 08:03:15.416 10 INFO neutron.db.ovn_revision_numbers_db [None req-85bcce39-6e75-4928-bc4e-79a17bf799a3 b9ce937a6031456c94b46a52e5f6e3d0 1ccb513f25fc44f4bd438183ad6c0ea8 - - default default] Successfully bumped revision number for resource 4ecfe504-609b-4f53-89ff-e2ef13008e8f (type: security_group_rules) to 0
2026-07-16 08:03:15.428 10 INFO neutron.db.ovn_revision_numbers_db [None req-85bcce39-6e75-4928-bc4e-79a17bf799a3 b9ce937a6031456c94b46a52e5f6e3d0 1ccb513f25fc44f4bd438183ad6c0ea8 - - default default] Successfully bumped revision number for resource a8695c69-ab4c-4f40-aa36-0fbd3522770d (type: security_group_rules) to 0 /var/lib/openstack/lib/python3.12/site-packages/pycadf/identifier.py:71: UserWarning: Invalid uuid: neutron. To ensure interoperability, identifiers should be a valid uuid. warnings.warn(('Invalid uuid: %s. To ensure interoperability, '
2026-07-16 08:03:15.546 10 INFO neutron.db.ovn_revision_numbers_db [None req-85bcce39-6e75-4928-bc4e-79a17bf799a3 b9ce937a6031456c94b46a52e5f6e3d0 1ccb513f25fc44f4bd438183ad6c0ea8 - - default default] Successfully bumped revision number for resource fea260ac-aafa-4174-bc2e-8731ad62f747 (type: security_group_rules) to 0
2026-07-16 08:03:15.583 9 INFO neutron.api.wsgi [req-6472ad13-d629-4f35-b996-a40f097a9635 req-5a47e19c-38fa-44a8-881e-3397b288f4f0 69d5bcd5b8524d09bb10e1f3e4d6c705 1e2ce196b7ab42b29f3cfed6f32a021c - - default default] 199.19.213.177 "GET /v2.0/ports?device_id=10eefc4b-34db-4e25-a1fc-8b9c2bb470ad HTTP/1.1" status: 200 len: 1172 time: 0.0954037
2026-07-16 08:03:15.584 10 INFO neutron.api.wsgi [None req-85bcce39-6e75-4928-bc4e-79a17bf799a3 b9ce937a6031456c94b46a52e5f6e3d0 1ccb513f25fc44f4bd438183ad6c0ea8 - - default default] 10.0.0.205 "GET /v2.0/security-groups?tenant_id=f9b4b767eb0f420d89e770b7e8003d42&name=default HTTP/1.1" status: 200 len: 3120 time: 0.4196475
2026-07-16 08:03:15.823 10 INFO neutron.api.wsgi [None req-cf3faedc-5cb4-4904-a5f2-8412cfac360f b9ce937a6031456c94b46a52e5f6e3d0 1ccb513f25fc44f4bd438183ad6c0ea8 - - default default] 10.0.0.205 "DELETE /v2.0/security-groups/c6add819-c7a7-4355-831b-02ddcf2c5d85 HTTP/1.1" status: 204 len: 168 time: 0.2347474
2026-07-16 08:03:16.020 10 INFO neutron.db.ovn_revision_numbers_db [None req-2457f82f-6ca2-4342-ae5c-ed4aad8e80f3 b9ce937a6031456c94b46a52e5f6e3d0 1ccb513f25fc44f4bd438183ad6c0ea8 - - default default] Successfully bumped revision number for resource 86983da3-81c7-460f-8697-5f0cf61a508f (type: security_groups) to 1
2026-07-16 08:03:16.034 10 INFO neutron.api.wsgi [req-ba6ef979-adc6-42ec-92bf-3e1f780c7237 req-fb4eb95c-cba6-41b7-b4da-42fadce3720e 69d5bcd5b8524d09bb10e1f3e4d6c705 1e2ce196b7ab42b29f3cfed6f32a021c - - default default] 10.0.0.17 "GET /v2.0/ports?device_id=10eefc4b-34db-4e25-a1fc-8b9c2bb470ad HTTP/1.1" status: 200 len: 1172 time: 0.0350175
2026-07-16 08:03:16.039 10 INFO neutron.db.ovn_revision_numbers_db [None req-2457f82f-6ca2-4342-ae5c-ed4aad8e80f3 b9ce937a6031456c94b46a52e5f6e3d0 1ccb513f25fc44f4bd438183ad6c0ea8 - - default default] Successfully bumped revision number for resource 44273fca-5d6b-4e82-81a6-da08b37325b1 (type: security_group_rules) to 0
2026-07-16 08:03:16.064 10 INFO neutron.db.ovn_revision_numbers_db [None req-2457f82f-6ca2-4342-ae5c-ed4aad8e80f3 b9ce937a6031456c94b46a52e5f6e3d0 1ccb513f25fc44f4bd438183ad6c0ea8 - - default default] Successfully bumped revision number for resource 713da22c-7343-4d12-a658-c6df25b8ff30 (type: security_group_rules) to 0
2026-07-16 08:03:16.078 10 INFO neutron.api.wsgi [req-ba6ef979-adc6-42ec-92bf-3e1f780c7237 req-c3340c46-9555-4aa5-ba6c-70bb7a9cc96d 69d5bcd5b8524d09bb10e1f3e4d6c705 1e2ce196b7ab42b29f3cfed6f32a021c - - default default] 10.0.0.17 "GET /v2.0/security-groups?id=91488e0a-a88c-428a-ba9b-07227d4dd54e&fields=id&fields=name HTTP/1.1" status: 200 len: 313 time: 0.0377712
2026-07-16 08:03:16.111 9 INFO neutron.db.l3_db [req-6472ad13-d629-4f35-b996-a40f097a9635 req-99a5c505-8755-4eaa-8cd8-e509e52e7196 69d5bcd5b8524d09bb10e1f3e4d6c705 1e2ce196b7ab42b29f3cfed6f32a021c - - default default] Floating IP 87790f23-5a53-4db4-b828-a7c600d1e023 disassociated. External IP: 10.96.250.203, port: 69d87b4e-c000-4258-9d93-4a8c633935c1.
2026-07-16 08:03:16.112 10 INFO neutron.db.ovn_revision_numbers_db [None req-2457f82f-6ca2-4342-ae5c-ed4aad8e80f3 b9ce937a6031456c94b46a52e5f6e3d0 1ccb513f25fc44f4bd438183ad6c0ea8 - - default default] Successfully bumped revision number for resource 789b2cf0-8247-4efc-a1d6-1f2c473267ec (type: security_group_rules) to 0
2026-07-16 08:03:16.134 10 INFO neutron.db.ovn_revision_numbers_db [None req-2457f82f-6ca2-4342-ae5c-ed4aad8e80f3 b9ce937a6031456c94b46a52e5f6e3d0 1ccb513f25fc44f4bd438183ad6c0ea8 - - default default] Successfully bumped revision number for resource d0d3610c-49a4-4d86-8b56-83e117f3bb94 (type: security_group_rules) to 0
2026-07-16 08:03:16.174 10 INFO neutron.api.wsgi [None req-2457f82f-6ca2-4342-ae5c-ed4aad8e80f3 b9ce937a6031456c94b46a52e5f6e3d0 1ccb513f25fc44f4bd438183ad6c0ea8 - - default default] 10.0.0.205 "GET /v2.0/security-groups?tenant_id=888765042a674fc58eea701b2ff13b97&name=default HTTP/1.1" status: 200 len: 3120 time: 0.4849751
2026-07-16 08:03:16.238 9 INFO neutron.api.wsgi [req-6472ad13-d629-4f35-b996-a40f097a9635 req-99a5c505-8755-4eaa-8cd8-e509e52e7196 69d5bcd5b8524d09bb10e1f3e4d6c705 1e2ce196b7ab42b29f3cfed6f32a021c - - default default] 199.19.213.177 "DELETE /v2.0/ports/69d87b4e-c000-4258-9d93-4a8c633935c1 HTTP/1.1" status: 204 len: 173 time: 0.6500361
2026-07-16 08:03:16.384 9 INFO neutron.api.wsgi [None req-ecf4e7c8-6735-493a-bbf2-924e9e5b2873 b9ce937a6031456c94b46a52e5f6e3d0 1ccb513f25fc44f4bd438183ad6c0ea8 - - default default] 10.0.0.205 "DELETE /v2.0/security-groups/86983da3-81c7-460f-8697-5f0cf61a508f HTTP/1.1" status: 204 len: 168 time: 0.2044892
2026-07-16 08:03:16.485 9 INFO neutron.notifiers.nova [-] Nova event matching ['req-42219c10-1f6e-4a64-9068-d54cbc9d08c3'] response: {'server_uuid': '10eefc4b-34db-4e25-a1fc-8b9c2bb470ad', 'name': 'network-vif-unplugged', 'status': 'completed', 'tag': '69d87b4e-c000-4258-9d93-4a8c633935c1', 'code': 200}
2026-07-16 08:03:16.486 9 INFO neutron.notifiers.nova [-] Nova event matching ['req-42219c10-1f6e-4a64-9068-d54cbc9d08c3'] response: {'server_uuid': '10eefc4b-34db-4e25-a1fc-8b9c2bb470ad', 'name': 'network-vif-deleted', 'tag': '69d87b4e-c000-4258-9d93-4a8c633935c1', 'status': 'completed', 'code': 200}
2026-07-16 08:03:16.578 9 INFO neutron.api.wsgi [-] 10.0.0.197 "GET / HTTP/1.1" status: 200 len: 247 time: 0.0014596
2026-07-16 08:03:16.580 9 INFO neutron.api.wsgi [-] 10.0.0.197 "GET / HTTP/1.1" status: 200 len: 247 time: 0.0009305
2026-07-16 08:03:16.637 9 INFO neutron.db.ovn_revision_numbers_db [None req-eb4408b2-6ced-445f-8336-bc27cef71932 b9ce937a6031456c94b46a52e5f6e3d0 1ccb513f25fc44f4bd438183ad6c0ea8 - - default default] Successfully bumped revision number for resource 5c8fa0fd-9e1e-41cf-b7b8-b62cf75185c8 (type: security_groups) to 1
2026-07-16 08:03:16.655 9 INFO neutron.db.ovn_revision_numbers_db [None req-eb4408b2-6ced-445f-8336-bc27cef71932 b9ce937a6031456c94b46a52e5f6e3d0 1ccb513f25fc44f4bd438183ad6c0ea8 - - default default] Successfully bumped revision number for resource 3cf4c4e3-52ba-436f-8551-cac798695687 (type: security_group_rules) to 0
2026-07-16 08:03:16.666 9 INFO neutron.db.ovn_revision_numbers_db [None req-eb4408b2-6ced-445f-8336-bc27cef71932 b9ce937a6031456c94b46a52e5f6e3d0 1ccb513f25fc44f4bd438183ad6c0ea8 - - default default] Successfully bumped revision number for resource 4ed69aa5-d053-4803-a26d-d326f917124c (type: security_group_rules) to 0
2026-07-16 08:03:16.679 9 INFO neutron.db.ovn_revision_numbers_db [None req-eb4408b2-6ced-445f-8336-bc27cef71932 b9ce937a6031456c94b46a52e5f6e3d0 1ccb513f25fc44f4bd438183ad6c0ea8 - - default default] Successfully bumped revision number for resource 7b49457b-c958-418d-8d53-3f9c44cf5842 (type: security_group_rules) to 0
2026-07-16 08:03:16.692 9 INFO neutron.db.ovn_revision_numbers_db [None req-eb4408b2-6ced-445f-8336-bc27cef71932 b9ce937a6031456c94b46a52e5f6e3d0 1ccb513f25fc44f4bd438183ad6c0ea8 - - default default] Successfully bumped revision number for resource d4ef20c1-47cc-44b7-a8e8-f966bbba8665 (type: security_group_rules) to 0
2026-07-16 08:03:16.726 9 INFO neutron.api.wsgi [None req-eb4408b2-6ced-445f-8336-bc27cef71932 b9ce937a6031456c94b46a52e5f6e3d0 1ccb513f25fc44f4bd438183ad6c0ea8 - - default default] 10.0.0.205 "GET /v2.0/security-groups?tenant_id=81218768c3184c9096767dd46600fc49&name=default HTTP/1.1" status: 200 len: 3120 time: 0.2216640
2026-07-16 08:03:16.906 9 INFO neutron.api.wsgi [None req-eaf2a8a8-491d-44fe-907d-cf077e0ef653 b9ce937a6031456c94b46a52e5f6e3d0 1ccb513f25fc44f4bd438183ad6c0ea8 - - default default] 10.0.0.205 "DELETE /v2.0/security-groups/5c8fa0fd-9e1e-41cf-b7b8-b62cf75185c8 HTTP/1.1" status: 204 len: 168 time: 0.1749611 /var/lib/openstack/lib/python3.12/site-packages/pycadf/identifier.py:71: UserWarning: Invalid uuid: neutron. To ensure interoperability, identifiers should be a valid uuid. warnings.warn(('Invalid uuid: %s. To ensure interoperability, '
2026-07-16 08:03:17.126 10 INFO neutron.db.ovn_revision_numbers_db [None req-7b6f167e-acd1-475f-a7cf-9fb766c460b5 b9ce937a6031456c94b46a52e5f6e3d0 1ccb513f25fc44f4bd438183ad6c0ea8 - - default default] Successfully bumped revision number for resource 94dc269d-68cd-4a38-99ef-3f32c5d760e7 (type: security_groups) to 1
2026-07-16 08:03:17.137 10 INFO neutron.db.ovn_revision_numbers_db [None req-7b6f167e-acd1-475f-a7cf-9fb766c460b5 b9ce937a6031456c94b46a52e5f6e3d0 1ccb513f25fc44f4bd438183ad6c0ea8 - - default default] Successfully bumped revision number for resource 103c5cf5-b49b-4956-96b5-2be58bf72ed2 (type: security_group_rules) to 0
2026-07-16 08:03:17.160 10 INFO neutron.db.ovn_revision_numbers_db [None req-7b6f167e-acd1-475f-a7cf-9fb766c460b5 b9ce937a6031456c94b46a52e5f6e3d0 1ccb513f25fc44f4bd438183ad6c0ea8 - - default default] Successfully bumped revision number for resource b155a598-e1a0-49b1-97ae-ea7a08779cce (type: security_group_rules) to 0
2026-07-16 08:03:17.162 10 INFO neutron.api.wsgi [req-56e8fd40-25f8-4cef-a4f4-502065b8534e req-b9fff260-9d35-4fe7-8081-1de52176c9ef 69d5bcd5b8524d09bb10e1f3e4d6c705 1e2ce196b7ab42b29f3cfed6f32a021c - - default default] 10.0.0.17 "GET /v2.0/ports?device_id=10eefc4b-34db-4e25-a1fc-8b9c2bb470ad HTTP/1.1" status: 200 len: 210 time: 0.0171361
2026-07-16 08:03:17.173 10 INFO neutron.db.ovn_revision_numbers_db [None req-7b6f167e-acd1-475f-a7cf-9fb766c460b5 b9ce937a6031456c94b46a52e5f6e3d0 1ccb513f25fc44f4bd438183ad6c0ea8 - - default default] Successfully bumped revision number for resource c0914501-044d-4e83-ab31-38f85c6cc893 (type: security_group_rules) to 0
2026-07-16 08:03:17.189 10 INFO neutron.db.ovn_revision_numbers_db [None req-7b6f167e-acd1-475f-a7cf-9fb766c460b5 b9ce937a6031456c94b46a52e5f6e3d0 1ccb513f25fc44f4bd438183ad6c0ea8 - - default default] Successfully bumped revision number for resource f204e763-cea6-4450-ad3a-717f30c6bbe4 (type: security_group_rules) to 0
2026-07-16 08:03:17.229 10 INFO neutron.api.wsgi [None req-7b6f167e-acd1-475f-a7cf-9fb766c460b5 b9ce937a6031456c94b46a52e5f6e3d0 1ccb513f25fc44f4bd438183ad6c0ea8 - - default default] 10.0.0.205 "GET /v2.0/security-groups?tenant_id=efc4a9e230e74f14bcdb4d8bf1a255eb&name=default HTTP/1.1" status: 200 len: 3120 time: 0.2321045
2026-07-16 08:03:17.421 10 INFO neutron.api.wsgi [None req-ab724a67-ae74-4008-b1b2-cc5eebb9b310 b9ce937a6031456c94b46a52e5f6e3d0 1ccb513f25fc44f4bd438183ad6c0ea8 - - default default] 10.0.0.205 "DELETE /v2.0/security-groups/94dc269d-68cd-4a38-99ef-3f32c5d760e7 HTTP/1.1" status: 204 len: 168 time: 0.1876786
2026-07-16 08:03:18.256 9 INFO neutron.api.wsgi [req-b327e61d-d028-4e08-8a91-e39782114c5c req-2b011358-711f-4500-bf29-7bc7fc5d6a02 69d5bcd5b8524d09bb10e1f3e4d6c705 1e2ce196b7ab42b29f3cfed6f32a021c - - default default] 10.0.0.17 "GET /v2.0/ports?device_id=10eefc4b-34db-4e25-a1fc-8b9c2bb470ad HTTP/1.1" status: 200 len: 210 time: 0.0229220
2026-07-16 08:03:18.344 9 INFO neutron.db.ovn_revision_numbers_db [None req-ab31d523-0a59-4b93-af14-6c3ebd71bb01 b9ce937a6031456c94b46a52e5f6e3d0 1ccb513f25fc44f4bd438183ad6c0ea8 - - default default] Successfully bumped revision number for resource d761cec3-e837-41cd-bd22-0c8f0afd4e31 (type: security_groups) to 1
2026-07-16 08:03:18.357 9 INFO neutron.db.ovn_revision_numbers_db [None req-ab31d523-0a59-4b93-af14-6c3ebd71bb01 b9ce937a6031456c94b46a52e5f6e3d0 1ccb513f25fc44f4bd438183ad6c0ea8 - - default default] Successfully bumped revision number for resource 09194660-ea80-4b76-85d0-b7fa910e8e7d (type: security_group_rules) to 0
2026-07-16 08:03:18.372 9 INFO neutron.db.ovn_revision_numbers_db [None req-ab31d523-0a59-4b93-af14-6c3ebd71bb01 b9ce937a6031456c94b46a52e5f6e3d0 1ccb513f25fc44f4bd438183ad6c0ea8 - - default default] Successfully bumped revision number for resource 5152b3d9-6685-4e7d-ac75-f0dcb2ded60c (type: security_group_rules) to 0
2026-07-16 08:03:18.384 9 INFO neutron.db.ovn_revision_numbers_db [None req-ab31d523-0a59-4b93-af14-6c3ebd71bb01 b9ce937a6031456c94b46a52e5f6e3d0 1ccb513f25fc44f4bd438183ad6c0ea8 - - default default] Successfully bumped revision number for resource 9a07dea1-4af5-41a7-8b1b-735e25064580 (type: security_group_rules) to 0
2026-07-16 08:03:18.397 9 INFO neutron.db.ovn_revision_numbers_db [None req-ab31d523-0a59-4b93-af14-6c3ebd71bb01 b9ce937a6031456c94b46a52e5f6e3d0 1ccb513f25fc44f4bd438183ad6c0ea8 - - default default] Successfully bumped revision number for resource f0e409e1-a77c-4d1d-889b-38f6024f82e7 (type: security_group_rules) to 0
2026-07-16 08:03:18.430 9 INFO neutron.api.wsgi [None req-ab31d523-0a59-4b93-af14-6c3ebd71bb01 b9ce937a6031456c94b46a52e5f6e3d0 1ccb513f25fc44f4bd438183ad6c0ea8 - - default default] 10.0.0.205 "GET /v2.0/security-groups?tenant_id=a57d0123491146eb8b9bd2aefc151dbe&name=default HTTP/1.1" status: 200 len: 3120 time: 0.2820230
2026-07-16 08:03:18.670 9 INFO neutron.api.wsgi [None req-c84cf04a-1d50-47ad-a7d2-3aef68a24112 b9ce937a6031456c94b46a52e5f6e3d0 1ccb513f25fc44f4bd438183ad6c0ea8 - - default default] 10.0.0.205 "DELETE /v2.0/security-groups/d761cec3-e837-41cd-bd22-0c8f0afd4e31 HTTP/1.1" status: 204 len: 168 time: 0.2334366
2026-07-16 08:03:18.873 9 INFO neutron.db.ovn_revision_numbers_db [None req-c39bca5e-40a0-498f-b6b2-b2f3d77528e3 b9ce937a6031456c94b46a52e5f6e3d0 1ccb513f25fc44f4bd438183ad6c0ea8 - - default default] Successfully bumped revision number for resource a21d152d-5b9e-4826-9c80-41de5c3c3a97 (type: security_groups) to 1
2026-07-16 08:03:18.883 9 INFO neutron.db.ovn_revision_numbers_db [None req-c39bca5e-40a0-498f-b6b2-b2f3d77528e3 b9ce937a6031456c94b46a52e5f6e3d0 1ccb513f25fc44f4bd438183ad6c0ea8 - - default default] Successfully bumped revision number for resource 1417a9f4-fab2-4d6d-a6ec-331285c542b0 (type: security_group_rules) to 0
2026-07-16 08:03:18.898 9 INFO neutron.db.ovn_revision_numbers_db [None req-c39bca5e-40a0-498f-b6b2-b2f3d77528e3 b9ce937a6031456c94b46a52e5f6e3d0 1ccb513f25fc44f4bd438183ad6c0ea8 - - default default] Successfully bumped revision number for resource 3747259d-bf04-4a97-9d49-49c5a55fdf48 (type: security_group_rules) to 0
2026-07-16 08:03:18.910 9 INFO neutron.db.ovn_revision_numbers_db [None req-c39bca5e-40a0-498f-b6b2-b2f3d77528e3 b9ce937a6031456c94b46a52e5f6e3d0 1ccb513f25fc44f4bd438183ad6c0ea8 - - default default] Successfully bumped revision number for resource ea9b3eff-1508-44d1-a8ed-7f938f7ab049 (type: security_group_rules) to 0
2026-07-16 08:03:18.925 9 INFO neutron.db.ovn_revision_numbers_db [None req-c39bca5e-40a0-498f-b6b2-b2f3d77528e3 b9ce937a6031456c94b46a52e5f6e3d0 1ccb513f25fc44f4bd438183ad6c0ea8 - - default default] Successfully bumped revision number for resource f41ce2ee-b93c-4de9-943a-05b24818f671 (type: security_group_rules) to 0
2026-07-16 08:03:18.964 9 INFO neutron.api.wsgi [None req-c39bca5e-40a0-498f-b6b2-b2f3d77528e3 b9ce937a6031456c94b46a52e5f6e3d0 1ccb513f25fc44f4bd438183ad6c0ea8 - - default default] 10.0.0.205 "GET /v2.0/security-groups?tenant_id=19950611396d45ea905d88ad6d2bf0d9&name=default HTTP/1.1" status: 200 len: 3120 time: 0.1985650
2026-07-16 08:03:19.166 9 INFO neutron.api.wsgi [None req-2b248040-1062-45f7-b307-6f7578e344d8 b9ce937a6031456c94b46a52e5f6e3d0 1ccb513f25fc44f4bd438183ad6c0ea8 - - default default] 10.0.0.205 "DELETE /v2.0/security-groups/a21d152d-5b9e-4826-9c80-41de5c3c3a97 HTTP/1.1" status: 204 len: 168 time: 0.1983304
2026-07-16 08:03:19.339 9 INFO neutron.api.wsgi [None req-60883139-bee6-4d5d-b01c-63acc9d76818 00ed76b118de45108cc6d9ceecb29aa4 e780c85e27e74e26a88f8b865cd87c16 - - default default] 10.0.0.111 "GET /v2.0/extensions HTTP/1.1" status: 200 len: 19298 time: 0.1956861
2026-07-16 08:03:19.348 9 INFO neutron.api.wsgi [req-526fdd7a-a184-47a6-8d5b-4f1c76141776 req-3cfa6802-03c6-459e-8a05-9d80fb9996bc 69d5bcd5b8524d09bb10e1f3e4d6c705 1e2ce196b7ab42b29f3cfed6f32a021c - - default default] 10.0.0.17 "GET /v2.0/ports?device_id=10eefc4b-34db-4e25-a1fc-8b9c2bb470ad HTTP/1.1" status: 200 len: 210 time: 0.0282795
2026-07-16 08:03:19.450 9 INFO neutron.api.wsgi [None req-de190f02-5ded-4a2a-be61-0caa33638965 00ed76b118de45108cc6d9ceecb29aa4 e780c85e27e74e26a88f8b865cd87c16 - - default default] 10.0.0.111 "GET /v2.0/quotas/e780c85e27e74e26a88f8b865cd87c16/details HTTP/1.1" status: 200 len: 1046 time: 0.0995035
2026-07-16 08:03:20.539 10 INFO neutron.api.wsgi [None req-e7832eea-6eed-433a-9412-4e2584a41f6f 69d5bcd5b8524d09bb10e1f3e4d6c705 1e2ce196b7ab42b29f3cfed6f32a021c - - default default] 10.0.0.205 "DELETE /v2.0/security-groups/91488e0a-a88c-428a-ba9b-07227d4dd54e HTTP/1.1" status: 204 len: 168 time: 0.1064110
2026-07-16 08:03:20.552 10 INFO neutron.api.v2.resource [None req-8791a46e-489d-4e56-87d1-d9f362e8a37c 69d5bcd5b8524d09bb10e1f3e4d6c705 1e2ce196b7ab42b29f3cfed6f32a021c - - default default] show failed (client error): The resource could not be found.
2026-07-16 08:03:20.553 10 INFO neutron.api.wsgi [None req-8791a46e-489d-4e56-87d1-d9f362e8a37c 69d5bcd5b8524d09bb10e1f3e4d6c705 1e2ce196b7ab42b29f3cfed6f32a021c - - default default] 10.0.0.205 "GET /v2.0/security-groups/91488e0a-a88c-428a-ba9b-07227d4dd54e HTTP/1.1" status: 404 len: 347 time: 0.0083313
2026-07-16 08:03:20.923 10 INFO neutron.api.wsgi [None req-277801e7-2c61-41d0-ad57-2776b6b6dde9 69d5bcd5b8524d09bb10e1f3e4d6c705 1e2ce196b7ab42b29f3cfed6f32a021c - - default default] 10.0.0.205 "DELETE /v2.0/floatingips/87790f23-5a53-4db4-b828-a7c600d1e023 HTTP/1.1" status: 204 len: 168 time: 0.3555613
2026-07-16 08:03:21.587 9 INFO neutron.api.wsgi [None req-1a4aeb20-e7c8-4fb3-914c-b5b672fb0f57 00ed76b118de45108cc6d9ceecb29aa4 e780c85e27e74e26a88f8b865cd87c16 - - default default] 10.0.0.111 "GET /v2.0/extensions HTTP/1.1" status: 200 len: 19298 time: 0.0088780
2026-07-16 08:03:21.636 9 WARNING neutron_lib.context [None req-f8561c2e-6cf8-4cfb-8c11-47687d1a61ca 881965f628fc492a80617ba362420736 e3050f5ff8a94a4f80cdce3f5675c223 - - default default] Method 'is_advsvc' is deprecated since 2023.2 release (neutron-lib 3.8.0) and will be removed once support for the old RBAC API policies will be removed from Neutron. Please use method 'is_service_role' instead.
2026-07-16 08:03:21.737 9 INFO neutron.api.wsgi [None req-5bd2f5b3-f2b8-4ea3-b1ba-7c58feb1e4ce 00ed76b118de45108cc6d9ceecb29aa4 e780c85e27e74e26a88f8b865cd87c16 - - default default] 10.0.0.111 "GET /v2.0/quotas/e780c85e27e74e26a88f8b865cd87c16/details HTTP/1.1" status: 200 len: 1046 time: 0.1367536
2026-07-16 08:03:21.772 9 INFO neutron.db.ovn_revision_numbers_db [None req-f8561c2e-6cf8-4cfb-8c11-47687d1a61ca 881965f628fc492a80617ba362420736 e3050f5ff8a94a4f80cdce3f5675c223 - - default default] Successfully bumped revision number for resource 74011814-c527-479f-a229-5368a2c5cdad (type: security_groups) to 1
2026-07-16 08:03:21.782 9 INFO neutron.db.ovn_revision_numbers_db [None req-f8561c2e-6cf8-4cfb-8c11-47687d1a61ca 881965f628fc492a80617ba362420736 e3050f5ff8a94a4f80cdce3f5675c223 - - default default] Successfully bumped revision number for resource 0e4d7c59-2899-4887-bec1-78c184d2b615 (type: security_group_rules) to 0
2026-07-16 08:03:21.792 9 INFO neutron.db.ovn_revision_numbers_db [None req-f8561c2e-6cf8-4cfb-8c11-47687d1a61ca 881965f628fc492a80617ba362420736 e3050f5ff8a94a4f80cdce3f5675c223 - - default default] Successfully bumped revision number for resource 5d10e1d7-1b40-478f-8317-07dd4f8803f4 (type: security_group_rules) to 0
2026-07-16 08:03:21.802 9 INFO neutron.db.ovn_revision_numbers_db [None req-f8561c2e-6cf8-4cfb-8c11-47687d1a61ca 881965f628fc492a80617ba362420736 e3050f5ff8a94a4f80cdce3f5675c223 - - default default] Successfully bumped revision number for resource a947499a-5063-473f-8471-453bede6321b (type: security_group_rules) to 0
2026-07-16 08:03:21.812 9 INFO neutron.db.ovn_revision_numbers_db [None req-f8561c2e-6cf8-4cfb-8c11-47687d1a61ca 881965f628fc492a80617ba362420736 e3050f5ff8a94a4f80cdce3f5675c223 - - default default] Successfully bumped revision number for resource e23ff7c7-f8f5-461c-9f9a-0878e3c9bd6d (type: security_group_rules) to 0
2026-07-16 08:03:21.879 9 INFO neutron.db.segments_db [None req-f8561c2e-6cf8-4cfb-8c11-47687d1a61ca 881965f628fc492a80617ba362420736 e3050f5ff8a94a4f80cdce3f5675c223 - - default default] Added segment a4b48af6-09b2-471b-9157-6277fbe86ff4 of type geneve for network aa4ab7af-adf0-4536-a473-d405fb28650c
2026-07-16 08:03:21.881 10 INFO neutron.api.wsgi [None req-1e4c08b0-8c3c-47e6-aebb-b48a09247747 b9ce937a6031456c94b46a52e5f6e3d0 1ccb513f25fc44f4bd438183ad6c0ea8 - - default default] 10.0.0.205 "PUT /v2.0/routers/17d5ae6a-81cf-42fa-966b-278eb60bb6db/remove_router_interface HTTP/1.1" status: 200 len: 503 time: 0.9520516 /var/lib/openstack/lib/python3.12/site-packages/pycadf/identifier.py:71: UserWarning: Invalid uuid: neutron. To ensure interoperability, identifiers should be a valid uuid. warnings.warn(('Invalid uuid: %s. To ensure interoperability, '
2026-07-16 08:03:21.993 9 INFO neutron.db.ovn_revision_numbers_db [None req-f8561c2e-6cf8-4cfb-8c11-47687d1a61ca 881965f628fc492a80617ba362420736 e3050f5ff8a94a4f80cdce3f5675c223 - - default default] Successfully bumped revision number for resource aa4ab7af-adf0-4536-a473-d405fb28650c (type: networks) to 1
2026-07-16 08:03:22.169 9 WARNING neutron.scheduler.dhcp_agent_scheduler [None req-f8561c2e-6cf8-4cfb-8c11-47687d1a61ca 881965f628fc492a80617ba362420736 e3050f5ff8a94a4f80cdce3f5675c223 - - default default] No more DHCP agents
2026-07-16 08:03:22.170 9 WARNING neutron.api.rpc.agentnotifiers.dhcp_rpc_agent_api [None req-f8561c2e-6cf8-4cfb-8c11-47687d1a61ca 881965f628fc492a80617ba362420736 e3050f5ff8a94a4f80cdce3f5675c223 - - default default] Unable to schedule network aa4ab7af-adf0-4536-a473-d405fb28650c: no agents available; will retry on subsequent port and subnet creation events.
2026-07-16 08:03:22.233 9 INFO neutron.db.ovn_revision_numbers_db [None req-f8561c2e-6cf8-4cfb-8c11-47687d1a61ca 881965f628fc492a80617ba362420736 e3050f5ff8a94a4f80cdce3f5675c223 - - default default] Successfully bumped revision number for resource 98c9d043-7d05-4f4f-a7b9-226a3b93ba13 (type: ports) to 1
2026-07-16 08:03:22.253 9 INFO neutron.api.wsgi [None req-f8561c2e-6cf8-4cfb-8c11-47687d1a61ca 881965f628fc492a80617ba362420736 e3050f5ff8a94a4f80cdce3f5675c223 - - default default] 10.0.0.205 "POST /v2.0/networks HTTP/1.1" status: 201 len: 831 time: 0.7226791
2026-07-16 08:03:22.263 9 WARNING neutron_lib.context [None req-9b2d5265-c99b-4076-b6dc-c62a586fde90 881965f628fc492a80617ba362420736 e3050f5ff8a94a4f80cdce3f5675c223 - - default default] Method 'is_advsvc' is deprecated since 2023.2 release (neutron-lib 3.8.0) and will be removed once support for the old RBAC API policies will be removed from Neutron. Please use method 'is_service_role' instead.
2026-07-16 08:03:22.442 9 WARNING neutron.scheduler.dhcp_agent_scheduler [None req-9b2d5265-c99b-4076-b6dc-c62a586fde90 881965f628fc492a80617ba362420736 e3050f5ff8a94a4f80cdce3f5675c223 - - default default] No more DHCP agents
2026-07-16 08:03:22.443 9 WARNING neutron.api.rpc.agentnotifiers.dhcp_rpc_agent_api [None req-9b2d5265-c99b-4076-b6dc-c62a586fde90 881965f628fc492a80617ba362420736 e3050f5ff8a94a4f80cdce3f5675c223 - - default default] Unable to schedule network aa4ab7af-adf0-4536-a473-d405fb28650c: no agents available; will retry on subsequent port and subnet creation events.
2026-07-16 08:03:22.605 10 INFO neutron.api.wsgi [None req-f4dcc294-2b39-42fc-9fe9-4e24f32b1340 b9ce937a6031456c94b46a52e5f6e3d0 1ccb513f25fc44f4bd438183ad6c0ea8 - - default default] 10.0.0.205 "DELETE /v2.0/routers/17d5ae6a-81cf-42fa-966b-278eb60bb6db HTTP/1.1" status: 204 len: 168 time: 0.7192411
2026-07-16 08:03:22.820 10 INFO neutron.api.wsgi [None req-bedaadaf-89c4-4b44-84e9-482140337261 b9ce937a6031456c94b46a52e5f6e3d0 1ccb513f25fc44f4bd438183ad6c0ea8 - - default default] 10.0.0.205 "DELETE /v2.0/subnets/b00d52c2-d537-4ccd-baec-d710c1d6de55 HTTP/1.1" status: 204 len: 168 time: 0.2118306
2026-07-16 08:03:22.924 9 INFO neutron.db.ovn_revision_numbers_db [None req-f53c103e-b8e1-45a7-8f95-1acd6b36dcae - - - - - -] Successfully bumped revision number for resource 98c9d043-7d05-4f4f-a7b9-226a3b93ba13 (type: ports) to 2
2026-07-16 08:03:22.952 9 INFO neutron.db.ovn_revision_numbers_db [None req-f53c103e-b8e1-45a7-8f95-1acd6b36dcae - - - - - -] Successfully bumped revision number for resource fbbc39b0-bc7b-4583-87b0-a74c7fe73dda (type: subnets) to 0
2026-07-16 08:03:22.968 9 INFO neutron.api.wsgi [None req-9b2d5265-c99b-4076-b6dc-c62a586fde90 881965f628fc492a80617ba362420736 e3050f5ff8a94a4f80cdce3f5675c223 - - default default] 10.0.0.205 "POST /v2.0/subnets HTTP/1.1" status: 201 len: 825 time: 0.7086291
2026-07-16 08:03:22.976 9 WARNING neutron_lib.context [None req-63aaf093-d63d-4c19-ace3-226e47505be2 881965f628fc492a80617ba362420736 e3050f5ff8a94a4f80cdce3f5675c223 - - default default] Method 'is_advsvc' is deprecated since 2023.2 release (neutron-lib 3.8.0) and will be removed once support for the old RBAC API policies will be removed from Neutron. Please use method 'is_service_role' instead.
2026-07-16 08:03:23.055 9 INFO neutron.db.segments_db [None req-63aaf093-d63d-4c19-ace3-226e47505be2 881965f628fc492a80617ba362420736 e3050f5ff8a94a4f80cdce3f5675c223 - - default default] Added segment bf51ccc0-0efa-4bd0-9a55-1cb0517eb0dc of type geneve for network 8d3c8165-d17c-4162-82c5-c9fb15b975a5
2026-07-16 08:03:23.105 10 INFO neutron.services.segments.plugin [-] Segment e16a1c45-eefd-4b7a-bd40-7ac662f06df1 resource provider aggregate not found
2026-07-16 08:03:23.110 10 INFO neutron.services.segments.plugin [-] Segment e16a1c45-eefd-4b7a-bd40-7ac662f06df1 resource provider aggregate not found
2026-07-16 08:03:23.124 10 INFO neutron.services.segments.plugin [-] Segment e16a1c45-eefd-4b7a-bd40-7ac662f06df1 resource provider not found; error: Placement Client Error (4xx): {"errors": [{"status": 404, "title": "Not Found", "detail": "The resource could not be found.\n\n No resource provider with uuid e16a1c45-eefd-4b7a-bd40-7ac662f06df1 found for delete ", "request_id": "req-8e040a64-ded6-4fad-8b66-8cb4990bb700"}]}
2026-07-16 08:03:23.128 10 INFO neutron.services.segments.plugin [-] Segment e16a1c45-eefd-4b7a-bd40-7ac662f06df1 resource provider not found; error: Placement Client Error (4xx): {"errors": [{"status": 404, "title": "Not Found", "detail": "The resource could not be found.\n\n No resource provider with uuid e16a1c45-eefd-4b7a-bd40-7ac662f06df1 found for delete ", "request_id": "req-68611e77-1d08-4fb2-8a7a-1060e9defd16"}]}
2026-07-16 08:03:23.144 10 INFO neutron.api.wsgi [None req-50c78e8d-79f5-4a6e-9dec-0de930b9adbd b9ce937a6031456c94b46a52e5f6e3d0 1ccb513f25fc44f4bd438183ad6c0ea8 - - default default] 10.0.0.205 "DELETE /v2.0/networks/4d8fac8d-2443-4af9-9f77-e67efeab87ae HTTP/1.1" status: 204 len: 168 time: 0.3191154
2026-07-16 08:03:23.171 9 INFO neutron.db.ovn_revision_numbers_db [None req-63aaf093-d63d-4c19-ace3-226e47505be2 881965f628fc492a80617ba362420736 e3050f5ff8a94a4f80cdce3f5675c223 - - default default] Successfully bumped revision number for resource 8d3c8165-d17c-4162-82c5-c9fb15b975a5 (type: networks) to 1
2026-07-16 08:03:23.316 9 WARNING neutron.scheduler.dhcp_agent_scheduler [None req-63aaf093-d63d-4c19-ace3-226e47505be2 881965f628fc492a80617ba362420736 e3050f5ff8a94a4f80cdce3f5675c223 - - default default] No more DHCP agents
2026-07-16 08:03:23.318 9 WARNING neutron.api.rpc.agentnotifiers.dhcp_rpc_agent_api [None req-63aaf093-d63d-4c19-ace3-226e47505be2 881965f628fc492a80617ba362420736 e3050f5ff8a94a4f80cdce3f5675c223 - - default default] Unable to schedule network 8d3c8165-d17c-4162-82c5-c9fb15b975a5: no agents available; will retry on subsequent port and subnet creation events.
2026-07-16 08:03:23.389 9 INFO neutron.db.ovn_revision_numbers_db [None req-63aaf093-d63d-4c19-ace3-226e47505be2 881965f628fc492a80617ba362420736 e3050f5ff8a94a4f80cdce3f5675c223 - - default default] Successfully bumped revision number for resource 26db2f36-c70a-4edf-8812-15e187bb391b (type: ports) to 1
2026-07-16 08:03:23.396 9 INFO neutron.api.wsgi [None req-b60b15cc-40a3-47d4-9ff3-837f361813f7 b9ce937a6031456c94b46a52e5f6e3d0 1ccb513f25fc44f4bd438183ad6c0ea8 - - default default] 10.0.0.205 "GET /v2.0/security-groups?tenant_id=1e2ce196b7ab42b29f3cfed6f32a021c&name=default HTTP/1.1" status: 200 len: 3120 time: 0.0375667
2026-07-16 08:03:23.414 9 INFO neutron.api.wsgi [None req-63aaf093-d63d-4c19-ace3-226e47505be2 881965f628fc492a80617ba362420736 e3050f5ff8a94a4f80cdce3f5675c223 - - default default] 10.0.0.205 "POST /v2.0/networks HTTP/1.1" status: 201 len: 830 time: 0.4423244
2026-07-16 08:03:23.423 9 WARNING neutron_lib.context [None req-b22f3dbb-63b4-4697-b694-10f50ddab317 881965f628fc492a80617ba362420736 e3050f5ff8a94a4f80cdce3f5675c223 - - default default] Method 'is_advsvc' is deprecated since 2023.2 release (neutron-lib 3.8.0) and will be removed once support for the old RBAC API policies will be removed from Neutron. Please use method 'is_service_role' instead.
2026-07-16 08:03:23.607 10 INFO neutron.api.wsgi [None req-8137ed6e-c1cc-4fb7-a5dc-b22aab07a417 b9ce937a6031456c94b46a52e5f6e3d0 1ccb513f25fc44f4bd438183ad6c0ea8 - - default default] 10.0.0.205 "DELETE /v2.0/security-groups/8d0bcd42-9da5-4427-a900-cc808cac47ea HTTP/1.1" status: 204 len: 168 time: 0.2081668
2026-07-16 08:03:23.625 9 WARNING neutron.scheduler.dhcp_agent_scheduler [None req-b22f3dbb-63b4-4697-b694-10f50ddab317 881965f628fc492a80617ba362420736 e3050f5ff8a94a4f80cdce3f5675c223 - - default default] No more DHCP agents
2026-07-16 08:03:23.626 9 WARNING neutron.api.rpc.agentnotifiers.dhcp_rpc_agent_api [None req-b22f3dbb-63b4-4697-b694-10f50ddab317 881965f628fc492a80617ba362420736 e3050f5ff8a94a4f80cdce3f5675c223 - - default default] Unable to schedule network 8d3c8165-d17c-4162-82c5-c9fb15b975a5: no agents available; will retry on subsequent port and subnet creation events.
2026-07-16 08:03:23.997 9 INFO neutron.db.ovn_revision_numbers_db [None req-deca72ed-6c09-497e-83c8-2b1308364a15 - - - - - -] Successfully bumped revision number for resource 26db2f36-c70a-4edf-8812-15e187bb391b (type: ports) to 2
2026-07-16 08:03:24.023 9 INFO neutron.db.ovn_revision_numbers_db [None req-deca72ed-6c09-497e-83c8-2b1308364a15 - - - - - -] Successfully bumped revision number for resource 019d0425-3cd3-4a4f-afe0-f021b2d8c368 (type: subnets) to 0
2026-07-16 08:03:24.040 9 INFO neutron.api.wsgi [None req-b22f3dbb-63b4-4697-b694-10f50ddab317 881965f628fc492a80617ba362420736 e3050f5ff8a94a4f80cdce3f5675c223 - - default default] 10.0.0.205 "POST /v2.0/subnets HTTP/1.1" status: 201 len: 828 time: 0.6211226
2026-07-16 08:03:24.051 9 WARNING neutron_lib.context [None req-458614fd-5362-401f-9838-e3dd2b95b314 881965f628fc492a80617ba362420736 e3050f5ff8a94a4f80cdce3f5675c223 - - default default] Method 'is_advsvc' is deprecated since 2023.2 release (neutron-lib 3.8.0) and will be removed once support for the old RBAC API policies will be removed from Neutron. Please use method 'is_service_role' instead.
2026-07-16 08:03:24.080 10 INFO neutron.db.ovn_revision_numbers_db [None req-7da2375a-0f8f-4b46-9619-573aed313712 b9ce937a6031456c94b46a52e5f6e3d0 1ccb513f25fc44f4bd438183ad6c0ea8 - - default default] Successfully bumped revision number for resource 773a0478-afbb-4c27-90d8-7a7efd180e1c (type: security_groups) to 1
2026-07-16 08:03:24.094 10 INFO neutron.db.ovn_revision_numbers_db [None req-7da2375a-0f8f-4b46-9619-573aed313712 b9ce937a6031456c94b46a52e5f6e3d0 1ccb513f25fc44f4bd438183ad6c0ea8 - - default default] Successfully bumped revision number for resource 20822c63-dc40-4b68-94ec-3bb0025c73ff (type: security_group_rules) to 0
2026-07-16 08:03:24.107 10 INFO neutron.db.ovn_revision_numbers_db [None req-7da2375a-0f8f-4b46-9619-573aed313712 b9ce937a6031456c94b46a52e5f6e3d0 1ccb513f25fc44f4bd438183ad6c0ea8 - - default default] Successfully bumped revision number for resource 48c3e3f2-535b-4dec-8ad1-202342bd51e9 (type: security_group_rules) to 0
2026-07-16 08:03:24.115 9 INFO neutron.db.segments_db [None req-458614fd-5362-401f-9838-e3dd2b95b314 881965f628fc492a80617ba362420736 e3050f5ff8a94a4f80cdce3f5675c223 - - default default] Added segment d61d5839-14a7-49f7-a57f-8fcfcb276820 of type geneve for network 96911644-3bcc-45ed-b368-d79cf218c768
2026-07-16 08:03:24.121 10 INFO neutron.db.ovn_revision_numbers_db [None req-7da2375a-0f8f-4b46-9619-573aed313712 b9ce937a6031456c94b46a52e5f6e3d0 1ccb513f25fc44f4bd438183ad6c0ea8 - - default default] Successfully bumped revision number for resource ad2728df-ac93-477e-8368-6e6b1227b275 (type: security_group_rules) to 0
