2026-07-16 08:05:10.811 9 INFO neutron.db.ovn_revision_numbers_db [None req-37646562-e777-42bb-8337-9209ee59f1bc fae944cd9cc8471faeb1df68a7a28c0f a67ca9ad4e0141b5a6002dc31e64602c - - default default] Successfully bumped revision number for resource 6bb295a4-4bc9-45b3-802a-7b3416ee2800 (type: networks) to 1
2026-07-16 08:05:10.855 10 WARNING neutron.plugins.ml2.drivers.ovn.mech_driver.ovsdb.ovn_client [None req-87b61d0d-616a-44ce-ab04-13e074f1254d - - - - - -] No port found with ID 235dfff1-d08f-4688-b0c3-8ae0667c3c03: RuntimeError: No port found with ID 235dfff1-d08f-4688-b0c3-8ae0667c3c03
2026-07-16 08:05:10.981 9 WARNING neutron.scheduler.dhcp_agent_scheduler [None req-37646562-e777-42bb-8337-9209ee59f1bc fae944cd9cc8471faeb1df68a7a28c0f a67ca9ad4e0141b5a6002dc31e64602c - - default default] No more DHCP agents
2026-07-16 08:05:10.982 9 WARNING neutron.api.rpc.agentnotifiers.dhcp_rpc_agent_api [None req-37646562-e777-42bb-8337-9209ee59f1bc fae944cd9cc8471faeb1df68a7a28c0f a67ca9ad4e0141b5a6002dc31e64602c - - default default] Unable to schedule network 6bb295a4-4bc9-45b3-802a-7b3416ee2800: no agents available; will retry on subsequent port and subnet creation events.
2026-07-16 08:05:11.052 9 INFO neutron.db.ovn_revision_numbers_db [None req-37646562-e777-42bb-8337-9209ee59f1bc fae944cd9cc8471faeb1df68a7a28c0f a67ca9ad4e0141b5a6002dc31e64602c - - default default] Successfully bumped revision number for resource 60a3b312-ca86-4875-b895-13f03de3f258 (type: ports) to 1
2026-07-16 08:05:11.079 9 INFO neutron.api.wsgi [None req-37646562-e777-42bb-8337-9209ee59f1bc fae944cd9cc8471faeb1df68a7a28c0f a67ca9ad4e0141b5a6002dc31e64602c - - default default] 10.0.0.205 "POST /v2.0/networks HTTP/1.1" status: 201 len: 830 time: 0.5528145
2026-07-16 08:05:11.091 9 WARNING neutron_lib.context [None req-3623b4fd-9952-4d45-9dbb-a72a7dd87b34 fae944cd9cc8471faeb1df68a7a28c0f a67ca9ad4e0141b5a6002dc31e64602c - - default default] Method 'is_advsvc' is deprecated since 2023.2 release (neutron-lib 3.8.0) and will be removed once support for the old RBAC API policies will be removed from Neutron. Please use method 'is_service_role' instead.
2026-07-16 08:05:11.127 9 INFO neutron.api.wsgi [req-a880895a-3d87-4e60-8853-a68c8c4f209f req-dec5e9a7-76c9-4ad1-b9d9-730fc559f077 03e449e4cd3649c9ba58b0ae4a770ca8 4ca6a637c5be47aea2d648ca9e5e127c - - default default] 10.0.0.17 "GET /v2.0/ports?device_id=4fb93ec5-087e-4b5c-a65f-786ec042a048 HTTP/1.1" status: 200 len: 210 time: 0.0190485
2026-07-16 08:05:11.309 9 WARNING neutron.scheduler.dhcp_agent_scheduler [None req-3623b4fd-9952-4d45-9dbb-a72a7dd87b34 fae944cd9cc8471faeb1df68a7a28c0f a67ca9ad4e0141b5a6002dc31e64602c - - default default] No more DHCP agents
2026-07-16 08:05:11.313 9 WARNING neutron.api.rpc.agentnotifiers.dhcp_rpc_agent_api [None req-3623b4fd-9952-4d45-9dbb-a72a7dd87b34 fae944cd9cc8471faeb1df68a7a28c0f a67ca9ad4e0141b5a6002dc31e64602c - - default default] Unable to schedule network 6bb295a4-4bc9-45b3-802a-7b3416ee2800: no agents available; will retry on subsequent port and subnet creation events.
2026-07-16 08:05:11.340 9 INFO neutron.api.wsgi [req-0f7eef5f-eb27-44cf-bd39-891a8d8c0c54 req-b22b17e8-40c9-4bb2-8b24-8e282087def2 6dd10aaafa7d4d69b8caba41ff227cd0 b017e85a7eb74822bccdfe30cd9f7ace - - default default] 10.0.0.17 "GET /v2.0/ports?device_id=05daaecc-49d8-4615-b7f2-f7a7725ff7d8 HTTP/1.1" status: 200 len: 1170 time: 0.0776315
2026-07-16 08:05:11.383 9 INFO neutron.api.wsgi [req-0f7eef5f-eb27-44cf-bd39-891a8d8c0c54 req-a827eb7c-b561-41a3-8d5c-a95eed40e889 6dd10aaafa7d4d69b8caba41ff227cd0 b017e85a7eb74822bccdfe30cd9f7ace - - default default] 10.0.0.17 "GET /v2.0/security-groups?id=9259c730-2f44-4239-a3ab-ee2a874a2fc5&fields=id&fields=name HTTP/1.1" status: 200 len: 286 time: 0.0322821
2026-07-16 08:05:11.744 9 INFO neutron.db.ovn_revision_numbers_db [None req-2cec24b3-a102-4852-8809-615b32853e79 - - - - - -] Successfully bumped revision number for resource 60a3b312-ca86-4875-b895-13f03de3f258 (type: ports) to 2
2026-07-16 08:05:11.777 9 INFO neutron.db.ovn_revision_numbers_db [None req-2cec24b3-a102-4852-8809-615b32853e79 - - - - - -] Successfully bumped revision number for resource 85561c8b-7067-4929-80e0-cc8cbd9a800c (type: subnets) to 0
2026-07-16 08:05:11.790 9 INFO neutron.api.wsgi [None req-3623b4fd-9952-4d45-9dbb-a72a7dd87b34 fae944cd9cc8471faeb1df68a7a28c0f a67ca9ad4e0141b5a6002dc31e64602c - - default default] 10.0.0.205 "POST /v2.0/subnets HTTP/1.1" status: 201 len: 828 time: 0.7064819
2026-07-16 08:05:11.794 9 INFO neutron.plugins.ml2.drivers.ovn.mech_driver.mech_driver [None req-918c749e-f122-492b-b50b-8e9c1dd6e529 - - - - - -] OVN reports status down for port: d1dad25a-e917-4e8f-846c-bab51a199665
2026-07-16 08:05:11.810 10 WARNING neutron_lib.context [None req-d0aefb0c-edfe-4e07-a487-a13d23e58ac1 fae944cd9cc8471faeb1df68a7a28c0f a67ca9ad4e0141b5a6002dc31e64602c - - default default] Method 'is_advsvc' is deprecated since 2023.2 release (neutron-lib 3.8.0) and will be removed once support for the old RBAC API policies will be removed from Neutron. Please use method 'is_service_role' instead.
2026-07-16 08:05:12.006 9 INFO neutron.notifiers.nova [-] Nova event matching ['req-1bce30c7-149b-4e50-8619-19b039157820'] response: {'server_uuid': '05daaecc-49d8-4615-b7f2-f7a7725ff7d8', 'name': 'network-vif-unplugged', 'status': 'completed', 'tag': 'd1dad25a-e917-4e8f-846c-bab51a199665', 'code': 200}
2026-07-16 08:05:12.023 9 INFO neutron.db.ovn_revision_numbers_db [None req-918c749e-f122-492b-b50b-8e9c1dd6e529 - - - - - -] Successfully bumped revision number for resource d1dad25a-e917-4e8f-846c-bab51a199665 (type: ports) to 6 /var/lib/openstack/lib/python3.12/site-packages/pycadf/identifier.py:71: UserWarning: Invalid uuid: neutron. To ensure interoperability, identifiers should be a valid uuid. warnings.warn(('Invalid uuid: %s. To ensure interoperability, '
2026-07-16 08:05:12.202 9 INFO neutron.api.wsgi [req-96ae9300-7de0-4796-b3d4-e5862dcf2472 req-5fcabe29-11f8-4b43-a214-c0bce1372c2a 03e449e4cd3649c9ba58b0ae4a770ca8 4ca6a637c5be47aea2d648ca9e5e127c - - default default] 10.0.0.17 "GET /v2.0/ports?device_id=4fb93ec5-087e-4b5c-a65f-786ec042a048 HTTP/1.1" status: 200 len: 210 time: 0.0175178
2026-07-16 08:05:12.284 10 WARNING neutron.scheduler.dhcp_agent_scheduler [None req-d0aefb0c-edfe-4e07-a487-a13d23e58ac1 fae944cd9cc8471faeb1df68a7a28c0f a67ca9ad4e0141b5a6002dc31e64602c - - default default] No more DHCP agents
2026-07-16 08:05:12.286 10 WARNING neutron.api.rpc.agentnotifiers.dhcp_rpc_agent_api [None req-d0aefb0c-edfe-4e07-a487-a13d23e58ac1 fae944cd9cc8471faeb1df68a7a28c0f a67ca9ad4e0141b5a6002dc31e64602c - - default default] Unable to schedule network 420e998d-ec99-4f47-a94b-9f1db35f8f08: no agents available; will retry on subsequent port and subnet creation events.
2026-07-16 08:05:12.399 10 INFO neutron.db.ovn_revision_numbers_db [None req-d0aefb0c-edfe-4e07-a487-a13d23e58ac1 fae944cd9cc8471faeb1df68a7a28c0f a67ca9ad4e0141b5a6002dc31e64602c - - default default] Successfully bumped revision number for resource b2b7e8e7-8097-456f-9ddb-e4a3119f0667 (type: ports) to 1
2026-07-16 08:05:12.475 10 INFO neutron.api.wsgi [req-a9784be2-c03b-4a31-9602-46c257cc0095 req-0025a3f0-d5b4-4415-99e4-56d78f91902b 6dd10aaafa7d4d69b8caba41ff227cd0 b017e85a7eb74822bccdfe30cd9f7ace - - default default] 10.0.0.17 "GET /v2.0/ports?device_id=05daaecc-49d8-4615-b7f2-f7a7725ff7d8 HTTP/1.1" status: 200 len: 1168 time: 0.0371270
2026-07-16 08:05:12.519 10 INFO neutron.api.wsgi [req-a9784be2-c03b-4a31-9602-46c257cc0095 req-75f22723-4306-4b9f-8343-6979c3d2f70c 6dd10aaafa7d4d69b8caba41ff227cd0 b017e85a7eb74822bccdfe30cd9f7ace - - default default] 10.0.0.17 "GET /v2.0/security-groups?id=9259c730-2f44-4239-a3ab-ee2a874a2fc5&fields=id&fields=name HTTP/1.1" status: 200 len: 286 time: 0.0407634
2026-07-16 08:05:12.906 10 INFO neutron.plugins.ml2.drivers.ovn.mech_driver.ovsdb.commands [None req-4a2796f7-43ea-4b9f-99c4-0c7057cf0ab8 - - - - - -] Schedule LRP lrp-b2b7e8e7-8097-456f-9ddb-e4a3119f0667 on gateway 4e1a191b-b295-4351-bdb7-e8b8e97723eb with priority 1
2026-07-16 08:05:12.920 10 INFO neutron.plugins.ml2.drivers.ovn.mech_driver.mech_driver [None req-87b61d0d-616a-44ce-ab04-13e074f1254d - - - - - -] OVN reports status up for port: b2b7e8e7-8097-456f-9ddb-e4a3119f0667
2026-07-16 08:05:12.930 10 INFO neutron.plugins.ml2.plugin [None req-87b61d0d-616a-44ce-ab04-13e074f1254d - - - - - -] Attempt 1 to provision port b2b7e8e7-8097-456f-9ddb-e4a3119f0667
2026-07-16 08:05:12.945 10 INFO neutron.db.ovn_revision_numbers_db [None req-d0aefb0c-edfe-4e07-a487-a13d23e58ac1 fae944cd9cc8471faeb1df68a7a28c0f a67ca9ad4e0141b5a6002dc31e64602c - - default default] Successfully bumped revision number for resource b2b7e8e7-8097-456f-9ddb-e4a3119f0667 (type: router_ports) to 1
2026-07-16 08:05:13.005 10 INFO neutron.db.ovn_revision_numbers_db [None req-d0aefb0c-edfe-4e07-a487-a13d23e58ac1 fae944cd9cc8471faeb1df68a7a28c0f a67ca9ad4e0141b5a6002dc31e64602c - - default default] Successfully bumped revision number for resource 5408aa48-8881-437b-ad82-c69665ca3f9f (type: routers) to 2
2026-07-16 08:05:13.018 10 INFO neutron.api.wsgi [None req-d0aefb0c-edfe-4e07-a487-a13d23e58ac1 fae944cd9cc8471faeb1df68a7a28c0f a67ca9ad4e0141b5a6002dc31e64602c - - default default] 10.0.0.205 "POST /v2.0/routers HTTP/1.1" status: 201 len: 1135 time: 1.2220349
2026-07-16 08:05:13.051 9 INFO neutron.api.wsgi [req-d8050e0d-33d5-40a8-8c29-b5860cc492e5 req-26c66f74-7613-4dd2-9897-f80cc4b2d114 6dd10aaafa7d4d69b8caba41ff227cd0 b017e85a7eb74822bccdfe30cd9f7ace - - default default] 199.19.213.177 "GET /v2.0/ports?device_id=05daaecc-49d8-4615-b7f2-f7a7725ff7d8 HTTP/1.1" status: 200 len: 1168 time: 0.0433784
2026-07-16 08:05:13.159 9 INFO neutron.api.v2.resource [None req-01b758de-efc5-49f3-bc2a-d65b4090e0ab b8767e8bf52946379bf4df48bd67af1f 282f455f32234cd2b1a632f2f02d53be - - default default] create failed (client error): The server could not comply with the request since it is either malformed or otherwise incorrect.
2026-07-16 08:05:13.160 9 INFO neutron.api.wsgi [None req-01b758de-efc5-49f3-bc2a-d65b4090e0ab b8767e8bf52946379bf4df48bd67af1f 282f455f32234cd2b1a632f2f02d53be - - default default] 10.0.0.205 "POST /v2.0/vpn/vpnservices HTTP/1.1" status: 400 len: 397 time: 0.1384370
2026-07-16 08:05:13.275 9 INFO neutron.api.wsgi [req-cb8dcd0b-d8ed-4d63-8cd1-e11785954ffe req-58d1f54e-8849-4694-b5b1-3281c335f7cc 03e449e4cd3649c9ba58b0ae4a770ca8 4ca6a637c5be47aea2d648ca9e5e127c - - default default] 10.0.0.17 "GET /v2.0/ports?device_id=4fb93ec5-087e-4b5c-a65f-786ec042a048 HTTP/1.1" status: 200 len: 210 time: 0.0171556
2026-07-16 08:05:13.379 9 INFO neutron.api.wsgi [req-d8050e0d-33d5-40a8-8c29-b5860cc492e5 req-b7e8d2b7-8b3a-4c53-9fd8-55cf583a9090 6dd10aaafa7d4d69b8caba41ff227cd0 b017e85a7eb74822bccdfe30cd9f7ace - - default default] 199.19.213.177 "DELETE /v2.0/ports/d1dad25a-e917-4e8f-846c-bab51a199665 HTTP/1.1" status: 204 len: 173 time: 0.3149760
2026-07-16 08:05:13.589 9 INFO neutron.services.segments.plugin [-] Segment 1222aaa3-2a1d-4ee8-9e92-5efc7282b8d7 resource provider aggregate not found
2026-07-16 08:05:13.595 9 INFO neutron.services.segments.plugin [-] Segment 1222aaa3-2a1d-4ee8-9e92-5efc7282b8d7 resource provider aggregate not found
2026-07-16 08:05:13.606 9 INFO neutron.services.segments.plugin [-] Segment 1222aaa3-2a1d-4ee8-9e92-5efc7282b8d7 resource provider not found; error: Placement Client Error (4xx): {"errors": [{"status": 404, "title": "Not Found", "detail": "The resource could not be found.\n\n No resource provider with uuid 1222aaa3-2a1d-4ee8-9e92-5efc7282b8d7 found for delete ", "request_id": "req-8fa8520a-dc66-4795-a801-64c84b8a2ca0"}]}
2026-07-16 08:05:13.610 9 INFO neutron.services.segments.plugin [-] Segment 1222aaa3-2a1d-4ee8-9e92-5efc7282b8d7 resource provider not found; error: Placement Client Error (4xx): {"errors": [{"status": 404, "title": "Not Found", "detail": "The resource could not be found.\n\n No resource provider with uuid 1222aaa3-2a1d-4ee8-9e92-5efc7282b8d7 found for delete ", "request_id": "req-3f773566-a4e1-436d-85e7-f86852f2f190"}]}
2026-07-16 08:05:13.616 10 INFO neutron.api.wsgi [req-d1a696ec-6345-4629-b60d-c6bf20276e5c req-7bc63e38-f615-4f6a-9db0-fe6c4fcda296 6dd10aaafa7d4d69b8caba41ff227cd0 b017e85a7eb74822bccdfe30cd9f7ace - - default default] 10.0.0.17 "GET /v2.0/ports?device_id=05daaecc-49d8-4615-b7f2-f7a7725ff7d8 HTTP/1.1" status: 200 len: 210 time: 0.0296338
2026-07-16 08:05:13.624 9 INFO neutron.api.wsgi [None req-f544a597-efcb-4253-bd7c-3d45cb690073 b8767e8bf52946379bf4df48bd67af1f 282f455f32234cd2b1a632f2f02d53be - - default default] 10.0.0.205 "DELETE /v2.0/networks/6bb295a4-4bc9-45b3-802a-7b3416ee2800 HTTP/1.1" status: 204 len: 168 time: 0.4587982
2026-07-16 08:05:13.738 9 INFO neutron.api.wsgi [req-5737bbc4-fe74-46b9-bfd7-d629a109431d req-9bcb8ef8-5877-4650-9e69-79671ed3a2c5 03e449e4cd3649c9ba58b0ae4a770ca8 4ca6a637c5be47aea2d648ca9e5e127c - - default default] 199.19.213.177 "GET /v2.0/networks?id=710c1120-e05c-4fd8-8c61-23b8df01a1dc HTTP/1.1" status: 200 len: 860 time: 0.0579858
2026-07-16 08:05:13.783 9 INFO neutron.api.wsgi [req-5737bbc4-fe74-46b9-bfd7-d629a109431d req-dd85bf0e-0200-4153-a64a-5cc542189c96 03e449e4cd3649c9ba58b0ae4a770ca8 4ca6a637c5be47aea2d648ca9e5e127c - - default default] 199.19.213.177 "GET /v2.0/security-groups?fields=id&fields=name&tenant_id=4ca6a637c5be47aea2d648ca9e5e127c HTTP/1.1" status: 200 len: 472 time: 0.0404646
2026-07-16 08:05:13.795 9 WARNING neutron_lib.context [req-5737bbc4-fe74-46b9-bfd7-d629a109431d req-28d08434-8ead-461a-a02f-81af65bf21f4 03e449e4cd3649c9ba58b0ae4a770ca8 4ca6a637c5be47aea2d648ca9e5e127c - - default default] Method 'is_advsvc' is deprecated since 2023.2 release (neutron-lib 3.8.0) and will be removed once support for the old RBAC API policies will be removed from Neutron. Please use method 'is_service_role' instead.
2026-07-16 08:05:14.285 9 INFO neutron.notifiers.nova [-] Nova event matching ['req-01e6632c-1712-4464-9025-23227858acd3'] response: {'server_uuid': '05daaecc-49d8-4615-b7f2-f7a7725ff7d8', 'name': 'network-vif-unplugged', 'status': 'completed', 'tag': 'd1dad25a-e917-4e8f-846c-bab51a199665', 'code': 200}
2026-07-16 08:05:14.286 9 INFO neutron.notifiers.nova [-] Nova event matching ['req-01e6632c-1712-4464-9025-23227858acd3'] response: {'server_uuid': '05daaecc-49d8-4615-b7f2-f7a7725ff7d8', 'name': 'network-vif-deleted', 'tag': 'd1dad25a-e917-4e8f-846c-bab51a199665', 'status': 'completed', 'code': 200}
2026-07-16 08:05:14.394 9 WARNING neutron.scheduler.dhcp_agent_scheduler [req-5737bbc4-fe74-46b9-bfd7-d629a109431d req-28d08434-8ead-461a-a02f-81af65bf21f4 03e449e4cd3649c9ba58b0ae4a770ca8 4ca6a637c5be47aea2d648ca9e5e127c - - default default] No more DHCP agents
2026-07-16 08:05:14.395 9 WARNING neutron.api.rpc.agentnotifiers.dhcp_rpc_agent_api [req-5737bbc4-fe74-46b9-bfd7-d629a109431d req-28d08434-8ead-461a-a02f-81af65bf21f4 03e449e4cd3649c9ba58b0ae4a770ca8 4ca6a637c5be47aea2d648ca9e5e127c - - default default] Unable to schedule network 710c1120-e05c-4fd8-8c61-23b8df01a1dc: no agents available; will retry on subsequent port and subnet creation events.
2026-07-16 08:05:14.429 10 INFO neutron.api.wsgi [req-71973cd4-7b04-4286-aa0f-89dad4d152b4 req-430b5ba7-1337-4bb6-9504-35466dad319b 03e449e4cd3649c9ba58b0ae4a770ca8 4ca6a637c5be47aea2d648ca9e5e127c - - default default] 10.0.0.17 "GET /v2.0/ports?device_id=4fb93ec5-087e-4b5c-a65f-786ec042a048 HTTP/1.1" status: 200 len: 1160 time: 0.0869930
2026-07-16 08:05:14.470 10 INFO neutron.api.wsgi [req-71973cd4-7b04-4286-aa0f-89dad4d152b4 req-4f843fdf-e329-4973-a641-b2c0a7dd97d4 03e449e4cd3649c9ba58b0ae4a770ca8 4ca6a637c5be47aea2d648ca9e5e127c - - default default] 10.0.0.17 "GET /v2.0/security-groups?id=6f81fe92-14c1-4747-b309-beb1ce9ed067&fields=id&fields=name HTTP/1.1" status: 200 len: 312 time: 0.0344889
2026-07-16 08:05:14.586 9 INFO neutron.db.ovn_revision_numbers_db [req-5737bbc4-fe74-46b9-bfd7-d629a109431d req-28d08434-8ead-461a-a02f-81af65bf21f4 03e449e4cd3649c9ba58b0ae4a770ca8 4ca6a637c5be47aea2d648ca9e5e127c - - default default] Successfully bumped revision number for resource c2cfe96b-b28d-4b47-936f-0734ee881c19 (type: ports) to 1
2026-07-16 08:05:14.632 9 INFO neutron.api.wsgi [req-5737bbc4-fe74-46b9-bfd7-d629a109431d req-28d08434-8ead-461a-a02f-81af65bf21f4 03e449e4cd3649c9ba58b0ae4a770ca8 4ca6a637c5be47aea2d648ca9e5e127c - - default default] 199.19.213.177 "POST /v2.0/ports HTTP/1.1" status: 201 len: 1162 time: 0.8414297 /var/lib/openstack/lib/python3.12/site-packages/pycadf/identifier.py:71: UserWarning: Invalid uuid: neutron. To ensure interoperability, identifiers should be a valid uuid. warnings.warn(('Invalid uuid: %s. To ensure interoperability, '
2026-07-16 08:05:14.671 9 INFO neutron.api.wsgi [None req-bc66fa4f-5323-457c-a01b-b0110408ecbf b8767e8bf52946379bf4df48bd67af1f 282f455f32234cd2b1a632f2f02d53be - - default default] 10.0.0.205 "DELETE /v2.0/routers/5408aa48-8881-437b-ad82-c69665ca3f9f HTTP/1.1" status: 204 len: 168 time: 1.0383286
2026-07-16 08:05:14.688 9 WARNING neutron.api.v2.base [None req-89818335-4cd5-404f-aeb7-793c387228cf fae944cd9cc8471faeb1df68a7a28c0f a67ca9ad4e0141b5a6002dc31e64602c - - default default] An exception happened while processing the request body. The exception message is [Invalid input for description. Reason: 'yyyyyyyyyyyyyyyyyyyyyyyyyyyyyyyyyyyyyyyyyyyyyyyyyyyyyyyyyyyyyyyyyyyyyyyyyyyyyyyyyyyyyyyyyyyyyyyyyyyyyyyyyyyyyyyyyyyyyyyyyyyyyyyyyyyyyyyyyyyyyyyyyyyyyyyyyyyyyyyyyyyyyyyyyyyyyyyyyyyyyyyyyyyyyyyyyyyyyyyyyyyyyyyyyyyyyyyyyyyyyyyyyyyyyyyyyyyyyyyyyyyyyyyyyyyyyyyy' exceeds maximum length of 255.].: webob.exc.HTTPBadRequest: Invalid input for description. Reason: 'yyyyyyyyyyyyyyyyyyyyyyyyyyyyyyyyyyyyyyyyyyyyyyyyyyyyyyyyyyyyyyyyyyyyyyyyyyyyyyyyyyyyyyyyyyyyyyyyyyyyyyyyyyyyyyyyyyyyyyyyyyyyyyyyyyyyyyyyyyyyyyyyyyyyyyyyyyyyyyyyyyyyyyyyyyyyyyyyyyyyyyyyyyyyyyyyyyyyyyyyyyyyyyyyyyyyyyyyyyyyyyyyyyyyyyyyyyyyyyyyyyyyyyyyyyyyyyyy' exceeds maximum length of 255.
2026-07-16 08:05:14.689 9 INFO neutron.api.v2.resource [None req-89818335-4cd5-404f-aeb7-793c387228cf fae944cd9cc8471faeb1df68a7a28c0f a67ca9ad4e0141b5a6002dc31e64602c - - default default] create failed (client error): Invalid input for description. Reason: 'yyyyyyyyyyyyyyyyyyyyyyyyyyyyyyyyyyyyyyyyyyyyyyyyyyyyyyyyyyyyyyyyyyyyyyyyyyyyyyyyyyyyyyyyyyyyyyyyyyyyyyyyyyyyyyyyyyyyyyyyyyyyyyyyyyyyyyyyyyyyyyyyyyyyyyyyyyyyyyyyyyyyyyyyyyyyyyyyyyyyyyyyyyyyyyyyyyyyyyyyyyyyyyyyyyyyyyyyyyyyyyyyyyyyyyyyyyyyyyyyyyyyyyyyyyyyyyyy' exceeds maximum length of 255.
2026-07-16 08:05:14.690 9 INFO neutron.api.wsgi [None req-89818335-4cd5-404f-aeb7-793c387228cf fae944cd9cc8471faeb1df68a7a28c0f a67ca9ad4e0141b5a6002dc31e64602c - - default default] 10.0.0.205 "POST /v2.0/vpn/vpnservices HTTP/1.1" status: 400 len: 604 time: 0.0123215
2026-07-16 08:05:14.704 9 WARNING neutron.api.v2.base [None req-ce57ee5e-b7ad-44ea-84d4-fa4f520c72f9 fae944cd9cc8471faeb1df68a7a28c0f a67ca9ad4e0141b5a6002dc31e64602c - - default default] An exception happened while processing the request body. The exception message is [Invalid input for name. Reason: 'xxxxxxxxxxxxxxxxxxxxxxxxxxxxxxxxxxxxxxxxxxxxxxxxxxxxxxxxxxxxxxxxxxxxxxxxxxxxxxxxxxxxxxxxxxxxxxxxxxxxxxxxxxxxxxxxxxxxxxxxxxxxxxxxxxxxxxxxxxxxxxxxxxxxxxxxxxxxxxxxxxxxxxxxxxxxxxxxxxxxxxxxxxxxxxxxxxxxxxxxxxxxxxxxxxxxxxxxxxxxxxxxxxxxxxxxxxxxxxxxxxxxxxxxxxxxxxxx' exceeds maximum length of 255.].: webob.exc.HTTPBadRequest: Invalid input for name. Reason: 'xxxxxxxxxxxxxxxxxxxxxxxxxxxxxxxxxxxxxxxxxxxxxxxxxxxxxxxxxxxxxxxxxxxxxxxxxxxxxxxxxxxxxxxxxxxxxxxxxxxxxxxxxxxxxxxxxxxxxxxxxxxxxxxxxxxxxxxxxxxxxxxxxxxxxxxxxxxxxxxxxxxxxxxxxxxxxxxxxxxxxxxxxxxxxxxxxxxxxxxxxxxxxxxxxxxxxxxxxxxxxxxxxxxxxxxxxxxxxxxxxxxxxxxxxxxxxxxx' exceeds maximum length of 255.
2026-07-16 08:05:14.704 9 INFO neutron.api.v2.resource [None req-ce57ee5e-b7ad-44ea-84d4-fa4f520c72f9 fae944cd9cc8471faeb1df68a7a28c0f a67ca9ad4e0141b5a6002dc31e64602c - - default default] create failed (client error): Invalid input for name. Reason: 'xxxxxxxxxxxxxxxxxxxxxxxxxxxxxxxxxxxxxxxxxxxxxxxxxxxxxxxxxxxxxxxxxxxxxxxxxxxxxxxxxxxxxxxxxxxxxxxxxxxxxxxxxxxxxxxxxxxxxxxxxxxxxxxxxxxxxxxxxxxxxxxxxxxxxxxxxxxxxxxxxxxxxxxxxxxxxxxxxxxxxxxxxxxxxxxxxxxxxxxxxxxxxxxxxxxxxxxxxxxxxxxxxxxxxxxxxxxxxxxxxxxxxxxxxxxxxxxx' exceeds maximum length of 255.
2026-07-16 08:05:14.705 9 INFO neutron.api.wsgi [None req-ce57ee5e-b7ad-44ea-84d4-fa4f520c72f9 fae944cd9cc8471faeb1df68a7a28c0f a67ca9ad4e0141b5a6002dc31e64602c - - default default] 10.0.0.205 "POST /v2.0/vpn/vpnservices HTTP/1.1" status: 400 len: 597 time: 0.0097332
2026-07-16 08:05:14.716 10 WARNING neutron_lib.context [None req-6a0399e6-2436-41f5-983e-ce9ea1c64713 fae944cd9cc8471faeb1df68a7a28c0f a67ca9ad4e0141b5a6002dc31e64602c - - default default] Method 'is_advsvc' is deprecated since 2023.2 release (neutron-lib 3.8.0) and will be removed once support for the old RBAC API policies will be removed from Neutron. Please use method 'is_service_role' instead.
2026-07-16 08:05:14.724 9 INFO neutron.api.wsgi [req-73e4f159-9868-4c7e-81f4-4434120a1d7b req-7e5ae4b1-a9d5-4584-9405-df7d389a9d2d 6dd10aaafa7d4d69b8caba41ff227cd0 b017e85a7eb74822bccdfe30cd9f7ace - - default default] 10.0.0.17 "GET /v2.0/ports?device_id=05daaecc-49d8-4615-b7f2-f7a7725ff7d8 HTTP/1.1" status: 200 len: 210 time: 0.0269291
2026-07-16 08:05:14.741 10 INFO neutron.api.v2.resource [None req-6a0399e6-2436-41f5-983e-ce9ea1c64713 fae944cd9cc8471faeb1df68a7a28c0f a67ca9ad4e0141b5a6002dc31e64602c - - default default] create failed (client error): The server could not comply with the request since it is either malformed or otherwise incorrect.
2026-07-16 08:05:14.742 10 INFO neutron.api.wsgi [None req-6a0399e6-2436-41f5-983e-ce9ea1c64713 fae944cd9cc8471faeb1df68a7a28c0f a67ca9ad4e0141b5a6002dc31e64602c - - default default] 10.0.0.205 "POST /v2.0/vpn/endpoint-groups HTTP/1.1" status: 400 len: 386 time: 0.0298719
2026-07-16 08:05:14.752 9 WARNING neutron_lib.context [None req-babe86fd-1439-4a33-ac08-d4cd8d5484ef fae944cd9cc8471faeb1df68a7a28c0f a67ca9ad4e0141b5a6002dc31e64602c - - default default] Method 'is_advsvc' is deprecated since 2023.2 release (neutron-lib 3.8.0) and will be removed once support for the old RBAC API policies will be removed from Neutron. Please use method 'is_service_role' instead.
2026-07-16 08:05:14.783 9 INFO neutron.api.v2.resource [None req-babe86fd-1439-4a33-ac08-d4cd8d5484ef fae944cd9cc8471faeb1df68a7a28c0f a67ca9ad4e0141b5a6002dc31e64602c - - default default] create failed (client error): The server could not comply with the request since it is either malformed or otherwise incorrect.
2026-07-16 08:05:14.784 9 INFO neutron.api.wsgi [None req-babe86fd-1439-4a33-ac08-d4cd8d5484ef fae944cd9cc8471faeb1df68a7a28c0f a67ca9ad4e0141b5a6002dc31e64602c - - default default] 10.0.0.205 "POST /v2.0/vpn/endpoint-groups HTTP/1.1" status: 400 len: 363 time: 0.0368326
2026-07-16 08:05:14.799 10 WARNING neutron_lib.context [None req-ee733b86-a032-4ed3-a5c7-896bd97aebc9 fae944cd9cc8471faeb1df68a7a28c0f a67ca9ad4e0141b5a6002dc31e64602c - - default default] Method 'is_advsvc' is deprecated since 2023.2 release (neutron-lib 3.8.0) and will be removed once support for the old RBAC API policies will be removed from Neutron. Please use method 'is_service_role' instead.
2026-07-16 08:05:14.824 10 INFO neutron.api.v2.resource [None req-ee733b86-a032-4ed3-a5c7-896bd97aebc9 fae944cd9cc8471faeb1df68a7a28c0f a67ca9ad4e0141b5a6002dc31e64602c - - default default] create failed (client error): The server could not comply with the request since it is either malformed or otherwise incorrect.
2026-07-16 08:05:14.827 10 INFO neutron.api.wsgi [None req-ee733b86-a032-4ed3-a5c7-896bd97aebc9 fae944cd9cc8471faeb1df68a7a28c0f a67ca9ad4e0141b5a6002dc31e64602c - - default default] 10.0.0.205 "POST /v2.0/vpn/endpoint-groups HTTP/1.1" status: 400 len: 357 time: 0.0344744
2026-07-16 08:05:14.847 9 INFO neutron.api.wsgi [None req-cea6e358-1165-4a59-ae44-8b0f0d11149d fae944cd9cc8471faeb1df68a7a28c0f a67ca9ad4e0141b5a6002dc31e64602c - - default default] 10.0.0.205 "GET /v2.0/vpn/ikepolicies HTTP/1.1" status: 200 len: 602 time: 0.0122249
2026-07-16 08:05:14.864 10 INFO neutron.api.wsgi [None req-6caa4f45-6048-4447-84d0-c398cf86a88b fae944cd9cc8471faeb1df68a7a28c0f a67ca9ad4e0141b5a6002dc31e64602c - - default default] 10.0.0.205 "GET /v2.0/vpn/ipsecpolicies HTTP/1.1" status: 200 len: 611 time: 0.0089252
2026-07-16 08:05:14.879 10 INFO neutron.api.wsgi [None req-10caf4af-fb01-41ee-be40-dbcb7d5d2cb0 fae944cd9cc8471faeb1df68a7a28c0f a67ca9ad4e0141b5a6002dc31e64602c - - default default] 10.0.0.205 "GET /v2.0/vpn/ipsec-site-connections HTTP/1.1" status: 200 len: 990 time: 0.0107317
2026-07-16 08:05:14.891 9 INFO neutron.api.wsgi [None req-21a0adb6-ebd4-4193-a5e8-bca182258269 fae944cd9cc8471faeb1df68a7a28c0f a67ca9ad4e0141b5a6002dc31e64602c - - default default] 10.0.0.205 "GET /v2.0/vpn/vpnservices HTTP/1.1" status: 200 len: 1057 time: 0.0089886
2026-07-16 08:05:14.908 10 INFO neutron.api.wsgi [None req-b61845b8-13bf-4920-81f2-374c0f61564f fae944cd9cc8471faeb1df68a7a28c0f a67ca9ad4e0141b5a6002dc31e64602c - - default default] 10.0.0.205 "GET /v2.0/vpn/endpoint-groups/80c97061-f5fd-4154-bb03-1dce9ed82807 HTTP/1.1" status: 200 len: 522 time: 0.0113280
2026-07-16 08:05:14.923 10 INFO neutron.api.wsgi [None req-cc1b3770-eb58-4494-a6f3-c4f9e0e74647 fae944cd9cc8471faeb1df68a7a28c0f a67ca9ad4e0141b5a6002dc31e64602c - - default default] 10.0.0.205 "GET /v2.0/vpn/endpoint-groups/2926f996-3101-4ef7-8af7-b6ec8a80fa53 HTTP/1.1" status: 200 len: 513 time: 0.0095701
2026-07-16 08:05:14.939 10 INFO neutron.api.wsgi [None req-86c5d51e-7608-447f-b231-9c26c231d2f2 fae944cd9cc8471faeb1df68a7a28c0f a67ca9ad4e0141b5a6002dc31e64602c - - default default] 10.0.0.205 "GET /v2.0/vpn/ikepolicies/d94964c1-6a33-439c-87ac-39eede6734e3 HTTP/1.1" status: 200 len: 598 time: 0.0094116
2026-07-16 08:05:14.962 10 INFO neutron.api.wsgi [None req-d7664936-d663-4cd9-808a-aaf2d6c0271a fae944cd9cc8471faeb1df68a7a28c0f a67ca9ad4e0141b5a6002dc31e64602c - - default default] 10.0.0.205 "GET /v2.0/vpn/ipsecpolicies/2b06106a-3960-4ebd-bf8e-5af07c5d5cc8 HTTP/1.1" status: 200 len: 607 time: 0.0164874 /var/lib/openstack/lib/python3.12/site-packages/pycadf/identifier.py:71: UserWarning: Invalid uuid: neutron. To ensure interoperability, identifiers should be a valid uuid. warnings.warn(('Invalid uuid: %s. To ensure interoperability, '
2026-07-16 08:05:14.980 9 INFO neutron.api.wsgi [None req-83c0c24b-b427-4fdd-8970-3f6803d9c000 fae944cd9cc8471faeb1df68a7a28c0f a67ca9ad4e0141b5a6002dc31e64602c - - default default] 10.0.0.205 "GET /v2.0/vpn/vpnservices/131c2b31-bb3e-4c3c-80bf-c36107d7652b HTTP/1.1" status: 200 len: 644 time: 0.0117600
2026-07-16 08:05:15.107 9 INFO neutron.db.ovn_revision_numbers_db [req-5737bbc4-fe74-46b9-bfd7-d629a109431d req-44018695-3ee7-48db-ad4a-a07235768f53 ffa3e627b4de4f94a723cdbe4373c377 5e17cd22ac7a410482bcc6c4d3c6e31a - - 69faa7a73d15429097d2f6940a1a579e 69faa7a73d15429097d2f6940a1a579e] Successfully bumped revision number for resource c2cfe96b-b28d-4b47-936f-0734ee881c19 (type: ports) to 2
2026-07-16 08:05:15.378 9 INFO neutron.db.ovn_revision_numbers_db [req-5737bbc4-fe74-46b9-bfd7-d629a109431d req-44018695-3ee7-48db-ad4a-a07235768f53 ffa3e627b4de4f94a723cdbe4373c377 5e17cd22ac7a410482bcc6c4d3c6e31a - - 69faa7a73d15429097d2f6940a1a579e 69faa7a73d15429097d2f6940a1a579e] Successfully bumped revision number for resource c2cfe96b-b28d-4b47-936f-0734ee881c19 (type: ports) to 4
2026-07-16 08:05:15.397 9 INFO neutron.api.wsgi [req-5737bbc4-fe74-46b9-bfd7-d629a109431d req-44018695-3ee7-48db-ad4a-a07235768f53 ffa3e627b4de4f94a723cdbe4373c377 5e17cd22ac7a410482bcc6c4d3c6e31a - - 69faa7a73d15429097d2f6940a1a579e 69faa7a73d15429097d2f6940a1a579e] 199.19.213.177 "PUT /v2.0/ports/c2cfe96b-b28d-4b47-936f-0734ee881c19 HTTP/1.1" status: 200 len: 1408 time: 0.7612565 /var/lib/openstack/lib/python3.12/site-packages/pycadf/identifier.py:71: UserWarning: Invalid uuid: neutron. To ensure interoperability, identifiers should be a valid uuid. warnings.warn(('Invalid uuid: %s. To ensure interoperability, '
2026-07-16 08:05:15.628 9 INFO neutron.db.ovn_revision_numbers_db [None req-41cae78a-9501-476c-becb-e7c5a7201aff fae944cd9cc8471faeb1df68a7a28c0f a67ca9ad4e0141b5a6002dc31e64602c - - default default] Successfully bumped revision number for resource 3f9ab117-ab93-47f8-8236-31edd6f7fd6c (type: routers) to 10
2026-07-16 08:05:15.632 9 INFO neutron.api.wsgi [req-d3b9ba67-d884-4ae4-892d-2dc4640e3362 req-b84a00e3-b6b3-4b16-a9f9-b3bc6bf26ef8 03e449e4cd3649c9ba58b0ae4a770ca8 4ca6a637c5be47aea2d648ca9e5e127c - - default default] 10.0.0.17 "GET /v2.0/ports?device_id=4fb93ec5-087e-4b5c-a65f-786ec042a048 HTTP/1.1" status: 200 len: 1172 time: 0.0872815
2026-07-16 08:05:15.653 9 INFO neutron.api.wsgi [None req-41cae78a-9501-476c-becb-e7c5a7201aff fae944cd9cc8471faeb1df68a7a28c0f a67ca9ad4e0141b5a6002dc31e64602c - - default default] 10.0.0.205 "DELETE /v2.0/vpn/ipsec-site-connections/82e27c37-a35a-465c-84f2-ae3b54517235 HTTP/1.1" status: 204 len: 168 time: 0.6519134
2026-07-16 08:05:15.682 9 INFO neutron.api.wsgi [req-d3b9ba67-d884-4ae4-892d-2dc4640e3362 req-99c6f006-d80f-4c4d-aa4c-9cd5faa8e525 03e449e4cd3649c9ba58b0ae4a770ca8 4ca6a637c5be47aea2d648ca9e5e127c - - default default] 10.0.0.17 "GET /v2.0/security-groups?id=6f81fe92-14c1-4747-b309-beb1ce9ed067&fields=id&fields=name HTTP/1.1" status: 200 len: 312 time: 0.0416679
2026-07-16 08:05:15.687 10 INFO neutron.api.wsgi [None req-8f836688-c38a-4faf-8642-f913e0a1e673 fae944cd9cc8471faeb1df68a7a28c0f a67ca9ad4e0141b5a6002dc31e64602c - - default default] 10.0.0.205 "DELETE /v2.0/vpn/endpoint-groups/80c97061-f5fd-4154-bb03-1dce9ed82807 HTTP/1.1" status: 204 len: 168 time: 0.0286064
2026-07-16 08:05:15.716 9 INFO neutron.api.wsgi [None req-5231cbe5-7f13-4d07-8800-1466e7192337 fae944cd9cc8471faeb1df68a7a28c0f a67ca9ad4e0141b5a6002dc31e64602c - - default default] 10.0.0.205 "DELETE /v2.0/vpn/endpoint-groups/2926f996-3101-4ef7-8af7-b6ec8a80fa53 HTTP/1.1" status: 204 len: 168 time: 0.0225177
2026-07-16 08:05:15.745 9 INFO neutron.api.wsgi [None req-446102dd-7209-4fd3-bba4-2a267054e866 fae944cd9cc8471faeb1df68a7a28c0f a67ca9ad4e0141b5a6002dc31e64602c - - default default] 10.0.0.205 "DELETE /v2.0/vpn/ipsecpolicies/2b06106a-3960-4ebd-bf8e-5af07c5d5cc8 HTTP/1.1" status: 204 len: 168 time: 0.0253828
2026-07-16 08:05:15.771 9 INFO neutron.api.wsgi [None req-75e85aa5-cffb-4e62-9a60-df97c39bbee1 fae944cd9cc8471faeb1df68a7a28c0f a67ca9ad4e0141b5a6002dc31e64602c - - default default] 10.0.0.205 "DELETE /v2.0/vpn/ikepolicies/d94964c1-6a33-439c-87ac-39eede6734e3 HTTP/1.1" status: 204 len: 168 time: 0.0222087
2026-07-16 08:05:15.805 10 INFO neutron.api.wsgi [req-5e0c5c96-c769-47b4-a82e-6240cca3d5d1 req-8ada0687-90fd-49e4-bae5-c40ce47eb09d 6dd10aaafa7d4d69b8caba41ff227cd0 b017e85a7eb74822bccdfe30cd9f7ace - - default default] 10.0.0.17 "GET /v2.0/ports?device_id=05daaecc-49d8-4615-b7f2-f7a7725ff7d8 HTTP/1.1" status: 200 len: 210 time: 0.0171876
2026-07-16 08:05:15.814 9 INFO neutron.api.wsgi [None req-3bd9f878-8fc6-43c2-98bd-d9194c3d1d07 fae944cd9cc8471faeb1df68a7a28c0f a67ca9ad4e0141b5a6002dc31e64602c - - default default] 10.0.0.205 "DELETE /v2.0/vpn/vpnservices/131c2b31-bb3e-4c3c-80bf-c36107d7652b HTTP/1.1" status: 204 len: 168 time: 0.0385687
2026-07-16 08:05:16.326 9 INFO neutron.notifiers.nova [-] Nova event matching ['req-e487417a-7917-46fc-b401-1aa58acde558'] response: {'name': 'network-changed', 'server_uuid': '4fb93ec5-087e-4b5c-a65f-786ec042a048', 'tag': 'c2cfe96b-b28d-4b47-936f-0734ee881c19', 'status': 'completed', 'code': 200}
2026-07-16 08:05:16.491 9 INFO neutron.api.wsgi [req-5737bbc4-fe74-46b9-bfd7-d629a109431d req-6001d643-2a59-4e8f-bd9b-fb46a679c68a ffa3e627b4de4f94a723cdbe4373c377 5e17cd22ac7a410482bcc6c4d3c6e31a - - 69faa7a73d15429097d2f6940a1a579e 69faa7a73d15429097d2f6940a1a579e] 199.19.213.177 "GET /v2.0/ports?tenant_id=4ca6a637c5be47aea2d648ca9e5e127c&device_id=4fb93ec5-087e-4b5c-a65f-786ec042a048 HTTP/1.1" status: 200 len: 1411 time: 0.0740857
2026-07-16 08:05:16.522 9 INFO neutron.api.wsgi [req-5737bbc4-fe74-46b9-bfd7-d629a109431d req-d7fe8249-2221-4dd5-95e9-b72881e41892 ffa3e627b4de4f94a723cdbe4373c377 5e17cd22ac7a410482bcc6c4d3c6e31a - - 69faa7a73d15429097d2f6940a1a579e 69faa7a73d15429097d2f6940a1a579e] 199.19.213.177 "GET /v2.0/floatingips?fixed_ip_address=10.100.0.12&port_id=c2cfe96b-b28d-4b47-936f-0734ee881c19 HTTP/1.1" status: 200 len: 217 time: 0.0250428
2026-07-16 08:05:16.568 9 INFO neutron.api.wsgi [req-5737bbc4-fe74-46b9-bfd7-d629a109431d req-19a7b164-ab14-4a90-990b-24595e792c55 ffa3e627b4de4f94a723cdbe4373c377 5e17cd22ac7a410482bcc6c4d3c6e31a - - 69faa7a73d15429097d2f6940a1a579e 69faa7a73d15429097d2f6940a1a579e] 199.19.213.177 "GET /v2.0/subnets?id=27ecb815-df40-4f4e-b340-347c54cac6e8 HTTP/1.1" status: 200 len: 876 time: 0.0406196
2026-07-16 08:05:16.579 10 INFO neutron.api.wsgi [-] 10.0.0.197 "GET / HTTP/1.1" status: 200 len: 247 time: 0.0024021
2026-07-16 08:05:16.581 10 INFO neutron.api.wsgi [-] 10.0.0.197 "GET / HTTP/1.1" status: 200 len: 247 time: 0.0017469
2026-07-16 08:05:16.611 9 INFO neutron.api.wsgi [req-5737bbc4-fe74-46b9-bfd7-d629a109431d req-73f08b3d-a576-49b7-92c2-1b2dee973e22 ffa3e627b4de4f94a723cdbe4373c377 5e17cd22ac7a410482bcc6c4d3c6e31a - - 69faa7a73d15429097d2f6940a1a579e 69faa7a73d15429097d2f6940a1a579e] 199.19.213.177 "GET /v2.0/ports?network_id=710c1120-e05c-4fd8-8c61-23b8df01a1dc&device_owner=network%3Adhcp HTTP/1.1" status: 200 len: 210 time: 0.0338030
2026-07-16 08:05:16.682 9 INFO neutron.api.wsgi [req-5737bbc4-fe74-46b9-bfd7-d629a109431d req-5cf5b0b8-4422-43df-8eca-4bb7245dcacc ffa3e627b4de4f94a723cdbe4373c377 5e17cd22ac7a410482bcc6c4d3c6e31a - - 69faa7a73d15429097d2f6940a1a579e 69faa7a73d15429097d2f6940a1a579e] 199.19.213.177 "GET /v2.0/networks/710c1120-e05c-4fd8-8c61-23b8df01a1dc?fields=segments HTTP/1.1" status: 200 len: 212 time: 0.0638525
2026-07-16 08:05:16.746 9 INFO neutron.api.wsgi [req-5737bbc4-fe74-46b9-bfd7-d629a109431d req-0a676418-03aa-4bee-8ee9-b8de486643c0 ffa3e627b4de4f94a723cdbe4373c377 5e17cd22ac7a410482bcc6c4d3c6e31a - - 69faa7a73d15429097d2f6940a1a579e 69faa7a73d15429097d2f6940a1a579e] 199.19.213.177 "GET /v2.0/networks/710c1120-e05c-4fd8-8c61-23b8df01a1dc?fields=provider%3Aphysical_network&fields=provider%3Anetwork_type HTTP/1.1" status: 200 len: 277 time: 0.0589399
2026-07-16 08:05:16.797 10 INFO neutron.api.wsgi [req-81351143-90b0-4e5c-9668-176b215be4f2 req-fdd49a7d-d032-41b6-b700-d45bcd2a4a54 03e449e4cd3649c9ba58b0ae4a770ca8 4ca6a637c5be47aea2d648ca9e5e127c - - default default] 10.0.0.17 "GET /v2.0/ports?device_id=4fb93ec5-087e-4b5c-a65f-786ec042a048 HTTP/1.1" status: 200 len: 1172 time: 0.0367839
2026-07-16 08:05:16.830 10 INFO neutron.api.wsgi [req-81351143-90b0-4e5c-9668-176b215be4f2 req-754bdf68-22e1-4f1f-b779-41a86df0bcf3 03e449e4cd3649c9ba58b0ae4a770ca8 4ca6a637c5be47aea2d648ca9e5e127c - - default default] 10.0.0.17 "GET /v2.0/security-groups?id=6f81fe92-14c1-4747-b309-beb1ce9ed067&fields=id&fields=name HTTP/1.1" status: 200 len: 312 time: 0.0256391
2026-07-16 08:05:17.846 9 INFO neutron.api.wsgi [req-6e8f91b1-a772-4aaa-a76e-54f4dcaacf07 req-e4df455b-2929-4df6-8218-70b69faee14b ffa3e627b4de4f94a723cdbe4373c377 5e17cd22ac7a410482bcc6c4d3c6e31a - - 69faa7a73d15429097d2f6940a1a579e 69faa7a73d15429097d2f6940a1a579e] 199.19.213.177 "GET /v2.0/ports?tenant_id=4ca6a637c5be47aea2d648ca9e5e127c&device_id=4fb93ec5-087e-4b5c-a65f-786ec042a048 HTTP/1.1" status: 200 len: 1411 time: 0.0816646 /var/lib/openstack/lib/python3.12/site-packages/pycadf/identifier.py:71: UserWarning: Invalid uuid: neutron. To ensure interoperability, identifiers should be a valid uuid. warnings.warn(('Invalid uuid: %s. To ensure interoperability, '
2026-07-16 08:05:17.924 10 INFO neutron.api.wsgi [req-400bef95-2f4d-4297-a5b6-681b9da2ef97 req-a15b5fea-7c4a-4852-b3c3-106b546eafb4 03e449e4cd3649c9ba58b0ae4a770ca8 4ca6a637c5be47aea2d648ca9e5e127c - - default default] 10.0.0.17 "GET /v2.0/ports?device_id=4fb93ec5-087e-4b5c-a65f-786ec042a048 HTTP/1.1" status: 200 len: 1172 time: 0.0345998
2026-07-16 08:05:17.925 9 INFO neutron.api.wsgi [req-6e8f91b1-a772-4aaa-a76e-54f4dcaacf07 req-ac8e7e8c-17c3-416e-a5e5-e3c7293d6a6b ffa3e627b4de4f94a723cdbe4373c377 5e17cd22ac7a410482bcc6c4d3c6e31a - - 69faa7a73d15429097d2f6940a1a579e 69faa7a73d15429097d2f6940a1a579e] 199.19.213.177 "GET /v2.0/networks?id=710c1120-e05c-4fd8-8c61-23b8df01a1dc HTTP/1.1" status: 200 len: 959 time: 0.0723279
2026-07-16 08:05:17.953 9 INFO neutron.api.wsgi [req-6e8f91b1-a772-4aaa-a76e-54f4dcaacf07 req-6455892f-64ad-47f0-adc6-f81e9d8e2013 ffa3e627b4de4f94a723cdbe4373c377 5e17cd22ac7a410482bcc6c4d3c6e31a - - 69faa7a73d15429097d2f6940a1a579e 69faa7a73d15429097d2f6940a1a579e] 199.19.213.177 "GET /v2.0/floatingips?fixed_ip_address=10.100.0.12&port_id=c2cfe96b-b28d-4b47-936f-0734ee881c19 HTTP/1.1" status: 200 len: 217 time: 0.0208645
2026-07-16 08:05:17.959 10 INFO neutron.api.wsgi [req-400bef95-2f4d-4297-a5b6-681b9da2ef97 req-9a21df89-24e3-4c65-80a7-c29687dfbf86 03e449e4cd3649c9ba58b0ae4a770ca8 4ca6a637c5be47aea2d648ca9e5e127c - - default default] 10.0.0.17 "GET /v2.0/security-groups?id=6f81fe92-14c1-4747-b309-beb1ce9ed067&fields=id&fields=name HTTP/1.1" status: 200 len: 312 time: 0.0304627
2026-07-16 08:05:17.988 9 INFO neutron.api.wsgi [req-6e8f91b1-a772-4aaa-a76e-54f4dcaacf07 req-eea70088-5c9c-4937-89ee-5cc55547d912 ffa3e627b4de4f94a723cdbe4373c377 5e17cd22ac7a410482bcc6c4d3c6e31a - - 69faa7a73d15429097d2f6940a1a579e 69faa7a73d15429097d2f6940a1a579e] 199.19.213.177 "GET /v2.0/subnets?id=27ecb815-df40-4f4e-b340-347c54cac6e8 HTTP/1.1" status: 200 len: 876 time: 0.0289381
2026-07-16 08:05:18.011 9 INFO neutron.api.wsgi [req-6e8f91b1-a772-4aaa-a76e-54f4dcaacf07 req-a36380db-fc9e-4308-9db3-cb95c6b95813 ffa3e627b4de4f94a723cdbe4373c377 5e17cd22ac7a410482bcc6c4d3c6e31a - - 69faa7a73d15429097d2f6940a1a579e 69faa7a73d15429097d2f6940a1a579e] 199.19.213.177 "GET /v2.0/ports?network_id=710c1120-e05c-4fd8-8c61-23b8df01a1dc&device_owner=network%3Adhcp HTTP/1.1" status: 200 len: 210 time: 0.0158603
2026-07-16 08:05:18.094 9 INFO neutron.api.wsgi [req-6e8f91b1-a772-4aaa-a76e-54f4dcaacf07 req-88491dfb-96c8-40ab-8909-8b4fbb9052fd ffa3e627b4de4f94a723cdbe4373c377 5e17cd22ac7a410482bcc6c4d3c6e31a - - 69faa7a73d15429097d2f6940a1a579e 69faa7a73d15429097d2f6940a1a579e] 199.19.213.177 "GET /v2.0/networks/710c1120-e05c-4fd8-8c61-23b8df01a1dc?fields=segments HTTP/1.1" status: 200 len: 212 time: 0.0764291
2026-07-16 08:05:18.173 9 INFO neutron.api.wsgi [req-6e8f91b1-a772-4aaa-a76e-54f4dcaacf07 req-c819fa70-6d81-4526-ad74-38e59c029da4 ffa3e627b4de4f94a723cdbe4373c377 5e17cd22ac7a410482bcc6c4d3c6e31a - - 69faa7a73d15429097d2f6940a1a579e 69faa7a73d15429097d2f6940a1a579e] 199.19.213.177 "GET /v2.0/networks/710c1120-e05c-4fd8-8c61-23b8df01a1dc?fields=provider%3Aphysical_network&fields=provider%3Anetwork_type HTTP/1.1" status: 200 len: 277 time: 0.0725896
2026-07-16 08:05:18.177 10 WARNING neutron.plugins.ml2.drivers.ovn.mech_driver.ovsdb.ovn_client [None req-87b61d0d-616a-44ce-ab04-13e074f1254d - - - - - -] No port found with ID b2b7e8e7-8097-456f-9ddb-e4a3119f0667: RuntimeError: No port found with ID b2b7e8e7-8097-456f-9ddb-e4a3119f0667
2026-07-16 08:05:18.371 9 INFO neutron.services.segments.plugin [-] Segment 9e246a84-e620-4caa-b513-2ed180f5302e resource provider aggregate not found
2026-07-16 08:05:18.375 9 INFO neutron.services.segments.plugin [-] Segment 9e246a84-e620-4caa-b513-2ed180f5302e resource provider aggregate not found
2026-07-16 08:05:18.385 9 INFO neutron.services.segments.plugin [-] Segment 9e246a84-e620-4caa-b513-2ed180f5302e resource provider not found; error: Placement Client Error (4xx): {"errors": [{"status": 404, "title": "Not Found", "detail": "The resource could not be found.\n\n No resource provider with uuid 9e246a84-e620-4caa-b513-2ed180f5302e found for delete ", "request_id": "req-3d5e2f46-e749-4a44-beb7-03737e6c501b"}]}
2026-07-16 08:05:18.389 9 INFO neutron.services.segments.plugin [-] Segment 9e246a84-e620-4caa-b513-2ed180f5302e resource provider not found; error: Placement Client Error (4xx): {"errors": [{"status": 404, "title": "Not Found", "detail": "The resource could not be found.\n\n No resource provider with uuid 9e246a84-e620-4caa-b513-2ed180f5302e found for delete ", "request_id": "req-8a826a07-18b6-446a-ac93-9b82acc24f03"}]}
2026-07-16 08:05:18.434 9 INFO neutron.api.wsgi [None req-109e24dc-4657-4824-b895-7376e6837022 fae944cd9cc8471faeb1df68a7a28c0f a67ca9ad4e0141b5a6002dc31e64602c - - default default] 10.0.0.205 "DELETE /v2.0/vpn/vpnservices/9a32dd35-59a6-4d99-a60f-b88fda4cf8b4 HTTP/1.1" status: 204 len: 168 time: 2.6168690
2026-07-16 08:05:18.503 9 INFO neutron.api.wsgi [None req-b1695bbc-b9c0-4a32-b130-f15a27da314c fae944cd9cc8471faeb1df68a7a28c0f a67ca9ad4e0141b5a6002dc31e64602c - - default default] 10.0.0.205 "GET /v2.0/routers/3f9ab117-ab93-47f8-8236-31edd6f7fd6c HTTP/1.1" status: 200 len: 1136 time: 0.0618062
2026-07-16 08:05:18.890 10 INFO neutron.plugins.ml2.drivers.ovn.mech_driver.mech_driver [None req-87b61d0d-616a-44ce-ab04-13e074f1254d - - - - - -] OVN reports status up for port: c2cfe96b-b28d-4b47-936f-0734ee881c19
2026-07-16 08:05:18.936 10 INFO neutron.plugins.ml2.plugin [None req-87b61d0d-616a-44ce-ab04-13e074f1254d - - - - - -] Attempt 1 to provision port c2cfe96b-b28d-4b47-936f-0734ee881c19
2026-07-16 08:05:19.055 10 INFO neutron.notifiers.nova [-] Nova event matching ['req-3b468e88-7403-440f-98f3-6ed7298e589b'] response: {'server_uuid': '4fb93ec5-087e-4b5c-a65f-786ec042a048', 'name': 'network-vif-plugged', 'status': 'completed', 'tag': 'c2cfe96b-b28d-4b47-936f-0734ee881c19', 'code': 200}
2026-07-16 08:05:19.085 9 INFO neutron.api.wsgi [req-9726fa39-452b-4b6b-b62f-0d7eda754a10 req-38de0ddb-3254-4d3d-82ed-f6f446bbb053 03e449e4cd3649c9ba58b0ae4a770ca8 4ca6a637c5be47aea2d648ca9e5e127c - - default default] 10.0.0.17 "GET /v2.0/ports?device_id=4fb93ec5-087e-4b5c-a65f-786ec042a048 HTTP/1.1" status: 200 len: 1174 time: 0.0467608
2026-07-16 08:05:19.147 10 INFO neutron.db.ovn_revision_numbers_db [None req-87b61d0d-616a-44ce-ab04-13e074f1254d - - - - - -] Successfully bumped revision number for resource c2cfe96b-b28d-4b47-936f-0734ee881c19 (type: ports) to 5
2026-07-16 08:05:19.155 9 INFO neutron.api.wsgi [req-9726fa39-452b-4b6b-b62f-0d7eda754a10 req-15a100e5-1b22-40eb-87d0-adfd7ee8ba7b 03e449e4cd3649c9ba58b0ae4a770ca8 4ca6a637c5be47aea2d648ca9e5e127c - - default default] 10.0.0.17 "GET /v2.0/security-groups?id=6f81fe92-14c1-4747-b309-beb1ce9ed067&fields=id&fields=name HTTP/1.1" status: 200 len: 312 time: 0.0633502
2026-07-16 08:05:19.319 9 INFO neutron.db.ovn_revision_numbers_db [None req-9f5aa649-cbfa-405f-8ee4-f11bb64111e5 fae944cd9cc8471faeb1df68a7a28c0f a67ca9ad4e0141b5a6002dc31e64602c - - default default] Successfully bumped revision number for resource 3f9ab117-ab93-47f8-8236-31edd6f7fd6c (type: routers) to 11
2026-07-16 08:05:19.325 9 INFO neutron.api.wsgi [None req-9f5aa649-cbfa-405f-8ee4-f11bb64111e5 fae944cd9cc8471faeb1df68a7a28c0f a67ca9ad4e0141b5a6002dc31e64602c - - default default] 10.0.0.205 "PUT /v2.0/routers/3f9ab117-ab93-47f8-8236-31edd6f7fd6c HTTP/1.1" status: 200 len: 1136 time: 0.8165274 /var/lib/openstack/lib/python3.12/site-packages/pycadf/identifier.py:71: UserWarning: Invalid uuid: neutron. To ensure interoperability, identifiers should be a valid uuid. warnings.warn(('Invalid uuid: %s. To ensure interoperability, '
2026-07-16 08:05:19.401 10 INFO neutron.api.wsgi [None req-26ccd041-d4fe-4b57-806e-d51500f201d2 fae944cd9cc8471faeb1df68a7a28c0f a67ca9ad4e0141b5a6002dc31e64602c - - default default] 10.0.0.205 "GET /v2.0/ports?device_id=3f9ab117-ab93-47f8-8236-31edd6f7fd6c HTTP/1.1" status: 200 len: 1140 time: 0.0700378
2026-07-16 08:05:19.566 9 INFO neutron.api.wsgi [None req-ff983613-d8af-4982-a567-30a435c32f84 b9ce937a6031456c94b46a52e5f6e3d0 1ccb513f25fc44f4bd438183ad6c0ea8 - - default default] 10.0.0.205 "PUT /v2.0/routers/7b9be62f-d336-4c1c-8ab2-ecf775ed2755/remove_router_interface HTTP/1.1" status: 200 len: 503 time: 1.5468390 /var/lib/openstack/lib/python3.12/site-packages/pycadf/identifier.py:71: UserWarning: Invalid uuid: neutron. To ensure interoperability, identifiers should be a valid uuid. warnings.warn(('Invalid uuid: %s. To ensure interoperability, '
2026-07-16 08:05:20.272 10 INFO neutron.api.wsgi [None req-282dd7bd-979f-4257-9c9a-7d4dba3ca5b8 fae944cd9cc8471faeb1df68a7a28c0f a67ca9ad4e0141b5a6002dc31e64602c - - default default] 10.0.0.205 "PUT /v2.0/routers/3f9ab117-ab93-47f8-8236-31edd6f7fd6c/remove_router_interface HTTP/1.1" status: 200 len: 503 time: 0.8658764 /var/lib/openstack/lib/python3.12/site-packages/pycadf/identifier.py:71: UserWarning: Invalid uuid: neutron. To ensure interoperability, identifiers should be a valid uuid. warnings.warn(('Invalid uuid: %s. To ensure interoperability, '
2026-07-16 08:05:20.346 10 INFO neutron.api.wsgi [req-b7d4be6a-6e42-4714-b045-c88bd1564501 req-e293a8ae-b55d-4d16-89b2-d89ca4a953f9 03e449e4cd3649c9ba58b0ae4a770ca8 4ca6a637c5be47aea2d648ca9e5e127c - - default default] 10.0.0.17 "GET /v2.0/ports?device_id=4fb93ec5-087e-4b5c-a65f-786ec042a048 HTTP/1.1" status: 200 len: 1174 time: 0.1257763
2026-07-16 08:05:20.405 10 INFO neutron.api.wsgi [req-b7d4be6a-6e42-4714-b045-c88bd1564501 req-9e4b3025-72a1-4905-8152-f9c22d93fbfe 03e449e4cd3649c9ba58b0ae4a770ca8 4ca6a637c5be47aea2d648ca9e5e127c - - default default] 10.0.0.17 "GET /v2.0/security-groups?id=6f81fe92-14c1-4747-b309-beb1ce9ed067&fields=id&fields=name HTTP/1.1" status: 200 len: 312 time: 0.0536230
2026-07-16 08:05:20.757 9 INFO neutron.api.wsgi [None req-a08c31c3-3363-49e8-8776-89dbb30d1d52 b9ce937a6031456c94b46a52e5f6e3d0 1ccb513f25fc44f4bd438183ad6c0ea8 - - default default] 10.0.0.205 "DELETE /v2.0/routers/7b9be62f-d336-4c1c-8ab2-ecf775ed2755 HTTP/1.1" status: 204 len: 168 time: 1.1863856
2026-07-16 08:05:21.070 9 INFO neutron.api.wsgi [None req-cca83775-6722-4cb1-a596-a9f1a838c84d b9ce937a6031456c94b46a52e5f6e3d0 1ccb513f25fc44f4bd438183ad6c0ea8 - - default default] 10.0.0.205 "DELETE /v2.0/subnets/bbb03a02-dcea-456c-8483-2baa278e52e3 HTTP/1.1" status: 204 len: 168 time: 0.3054669
2026-07-16 08:05:21.099 10 INFO neutron.notifiers.nova [-] Nova event matching ['req-dfa4803c-393b-407a-a327-e3cd3586f6a6'] response: {'server_uuid': '4fb93ec5-087e-4b5c-a65f-786ec042a048', 'name': 'network-vif-plugged', 'status': 'completed', 'tag': 'c2cfe96b-b28d-4b47-936f-0734ee881c19', 'code': 200}
2026-07-16 08:05:21.243 10 INFO neutron.api.wsgi [None req-b2396e5f-07f9-4fa0-be3f-12afdab902a2 fae944cd9cc8471faeb1df68a7a28c0f a67ca9ad4e0141b5a6002dc31e64602c - - default default] 10.0.0.205 "DELETE /v2.0/routers/3f9ab117-ab93-47f8-8236-31edd6f7fd6c HTTP/1.1" status: 204 len: 168 time: 0.9666927
2026-07-16 08:05:21.327 10 INFO neutron.api.wsgi [None req-6948289e-ca02-4709-ac15-108dc92c7be5 fae944cd9cc8471faeb1df68a7a28c0f a67ca9ad4e0141b5a6002dc31e64602c - - default default] 10.0.0.205 "GET /v2.0/routers/e4e30c74-2f0a-4d11-b366-9498c29e2b40 HTTP/1.1" status: 200 len: 1137 time: 0.0790527
2026-07-16 08:05:21.528 10 INFO neutron.services.segments.plugin [-] Segment ef940d42-7580-45c7-9840-3c31cfcd4871 resource provider aggregate not found
2026-07-16 08:05:21.539 10 INFO neutron.services.segments.plugin [-] Segment ef940d42-7580-45c7-9840-3c31cfcd4871 resource provider aggregate not found
2026-07-16 08:05:21.546 10 INFO neutron.api.wsgi [req-de2eed33-310c-45ac-b8c4-61c725b771b7 req-cb5f030c-6df3-40fe-be8a-e4079f26e813 03e449e4cd3649c9ba58b0ae4a770ca8 4ca6a637c5be47aea2d648ca9e5e127c - - default default] 10.0.0.17 "GET /v2.0/ports?device_id=4fb93ec5-087e-4b5c-a65f-786ec042a048 HTTP/1.1" status: 200 len: 1174 time: 0.0555375
2026-07-16 08:05:21.550 10 INFO neutron.services.segments.plugin [-] Segment ef940d42-7580-45c7-9840-3c31cfcd4871 resource provider not found; error: Placement Client Error (4xx): {"errors": [{"status": 404, "title": "Not Found", "detail": "The resource could not be found.\n\n No resource provider with uuid ef940d42-7580-45c7-9840-3c31cfcd4871 found for delete ", "request_id": "req-cb42fab5-9047-4c4a-a9ac-3172c30c43df"}]}
2026-07-16 08:05:21.563 10 INFO neutron.services.segments.plugin [-] Segment ef940d42-7580-45c7-9840-3c31cfcd4871 resource provider not found; error: Placement Client Error (4xx): {"errors": [{"status": 404, "title": "Not Found", "detail": "The resource could not be found.\n\n No resource provider with uuid ef940d42-7580-45c7-9840-3c31cfcd4871 found for delete ", "request_id": "req-98bc5852-5323-4ca4-b011-6e935bd06be2"}]}
2026-07-16 08:05:21.578 10 INFO neutron.api.wsgi [None req-4026038b-5d9f-43df-99be-4f4689332316 b9ce937a6031456c94b46a52e5f6e3d0 1ccb513f25fc44f4bd438183ad6c0ea8 - - default default] 10.0.0.205 "DELETE /v2.0/networks/a8c2be82-b21a-4ed8-a679-1eed0fa55c53 HTTP/1.1" status: 204 len: 168 time: 0.5036430
2026-07-16 08:05:21.598 10 INFO neutron.api.wsgi [req-de2eed33-310c-45ac-b8c4-61c725b771b7 req-d7e08610-a229-4316-8aa4-bf81e6bc89e7 03e449e4cd3649c9ba58b0ae4a770ca8 4ca6a637c5be47aea2d648ca9e5e127c - - default default] 10.0.0.17 "GET /v2.0/security-groups?id=6f81fe92-14c1-4747-b309-beb1ce9ed067&fields=id&fields=name HTTP/1.1" status: 200 len: 312 time: 0.0436485
2026-07-16 08:05:21.738 10 INFO neutron.api.wsgi [None req-bc0d1457-5bff-4b69-b7d1-37b6c36f194c b9ce937a6031456c94b46a52e5f6e3d0 1ccb513f25fc44f4bd438183ad6c0ea8 - - default default] 10.0.0.205 "GET /v2.0/security-groups?tenant_id=b017e85a7eb74822bccdfe30cd9f7ace&name=default HTTP/1.1" status: 200 len: 3120 time: 0.0293210
