2026-07-16 08:05:21.759 9 INFO neutron.api.wsgi [req-68b92977-a0d2-4eea-8c03-0318182fd398 req-7253740c-5a5f-4a21-9fdf-71754fa5dddc 03e449e4cd3649c9ba58b0ae4a770ca8 4ca6a637c5be47aea2d648ca9e5e127c - - default default] 10.0.0.17 "GET /v2.0/ports?device_id=4fb93ec5-087e-4b5c-a65f-786ec042a048 HTTP/1.1" status: 200 len: 1174 time: 0.0984788
2026-07-16 08:05:21.822 9 INFO neutron.api.wsgi [req-68b92977-a0d2-4eea-8c03-0318182fd398 req-e33d8e4c-ef6f-475e-96a4-c685cb245e7f 03e449e4cd3649c9ba58b0ae4a770ca8 4ca6a637c5be47aea2d648ca9e5e127c - - default default] 10.0.0.17 "GET /v2.0/security-groups?id=6f81fe92-14c1-4747-b309-beb1ce9ed067&fields=id&fields=name HTTP/1.1" status: 200 len: 312 time: 0.0579805
2026-07-16 08:05:21.878 10 INFO neutron.api.wsgi [None req-eb16b23a-b9a2-431e-83c6-2ed42db25714 ea227742b5eb4f3cbc6d45021a9eb0fd 88fcf84db276408c99b8dc0d2df6ee98 - - default default] 10.0.0.205 "GET /v2.0/ports?device_id=4fb93ec5-087e-4b5c-a65f-786ec042a048 HTTP/1.1" status: 200 len: 1408 time: 0.0313859
2026-07-16 08:05:21.968 10 INFO neutron.api.wsgi [None req-d90b85dd-fe00-4726-bf55-fa8aba1f674a b9ce937a6031456c94b46a52e5f6e3d0 1ccb513f25fc44f4bd438183ad6c0ea8 - - default default] 10.0.0.205 "DELETE /v2.0/security-groups/9259c730-2f44-4239-a3ab-ee2a874a2fc5 HTTP/1.1" status: 204 len: 168 time: 0.2247615
2026-07-16 08:05:22.196 9 INFO neutron.db.ovn_revision_numbers_db [None req-d3c34a62-21a0-4794-8dd7-3162905d16b6 fae944cd9cc8471faeb1df68a7a28c0f a67ca9ad4e0141b5a6002dc31e64602c - - default default] Successfully bumped revision number for resource e4e30c74-2f0a-4d11-b366-9498c29e2b40 (type: routers) to 5
2026-07-16 08:05:22.200 9 INFO neutron.api.wsgi [None req-d3c34a62-21a0-4794-8dd7-3162905d16b6 fae944cd9cc8471faeb1df68a7a28c0f a67ca9ad4e0141b5a6002dc31e64602c - - default default] 10.0.0.205 "PUT /v2.0/routers/e4e30c74-2f0a-4d11-b366-9498c29e2b40 HTTP/1.1" status: 200 len: 1137 time: 0.8673286
2026-07-16 08:05:22.268 10 INFO neutron.api.wsgi [None req-909ffb64-d1cd-4f24-ad6e-0cb37191c8db fae944cd9cc8471faeb1df68a7a28c0f a67ca9ad4e0141b5a6002dc31e64602c - - default default] 10.0.0.205 "GET /v2.0/ports?device_id=e4e30c74-2f0a-4d11-b366-9498c29e2b40 HTTP/1.1" status: 200 len: 1144 time: 0.0626402
2026-07-16 08:05:22.439 9 INFO neutron.db.ovn_revision_numbers_db [None req-5f49024c-2651-4a74-a792-6a02dd66fe32 03e449e4cd3649c9ba58b0ae4a770ca8 4ca6a637c5be47aea2d648ca9e5e127c - - default default] Successfully bumped revision number for resource 6030757b-fe0c-4bb2-95e5-faddb1c26a31 (type: floatingips) to 4
2026-07-16 08:05:22.577 9 INFO neutron.db.ovn_revision_numbers_db [None req-5f49024c-2651-4a74-a792-6a02dd66fe32 03e449e4cd3649c9ba58b0ae4a770ca8 4ca6a637c5be47aea2d648ca9e5e127c - - default default] Successfully bumped revision number for resource 6030757b-fe0c-4bb2-95e5-faddb1c26a31 (type: floatingips) to 5
2026-07-16 08:05:22.577 9 INFO neutron.db.l3_db [None req-5f49024c-2651-4a74-a792-6a02dd66fe32 03e449e4cd3649c9ba58b0ae4a770ca8 4ca6a637c5be47aea2d648ca9e5e127c - - default default] Floating IP 6030757b-fe0c-4bb2-95e5-faddb1c26a31 associated. External IP: 10.96.250.205, port: c2cfe96b-b28d-4b47-936f-0734ee881c19.
2026-07-16 08:05:22.612 9 INFO neutron.api.wsgi [None req-5f49024c-2651-4a74-a792-6a02dd66fe32 03e449e4cd3649c9ba58b0ae4a770ca8 4ca6a637c5be47aea2d648ca9e5e127c - - default default] 10.0.0.205 "PUT /v2.0/floatingips/6030757b-fe0c-4bb2-95e5-faddb1c26a31 HTTP/1.1" status: 200 len: 1050 time: 0.7283087
2026-07-16 08:05:22.650 9 INFO neutron.notifiers.nova [-] Nova event matching ['req-f0754a30-472b-4c6e-84a1-14dd6b3cf4ea'] response: {'name': 'network-changed', 'server_uuid': '4fb93ec5-087e-4b5c-a65f-786ec042a048', 'tag': 'c2cfe96b-b28d-4b47-936f-0734ee881c19', 'status': 'completed', 'code': 200}
2026-07-16 08:05:22.670 10 INFO neutron.api.wsgi [None req-d5bb1232-5252-4c9c-95d9-91da334a1999 03e449e4cd3649c9ba58b0ae4a770ca8 4ca6a637c5be47aea2d648ca9e5e127c - - default default] 10.0.0.205 "GET /v2.0/floatingips/6030757b-fe0c-4bb2-95e5-faddb1c26a31 HTTP/1.1" status: 200 len: 1052 time: 0.0502605
2026-07-16 08:05:23.090 10 INFO neutron.api.wsgi [None req-1d8ff104-1890-4cda-b05f-5983ba66bba1 fae944cd9cc8471faeb1df68a7a28c0f a67ca9ad4e0141b5a6002dc31e64602c - - default default] 10.0.0.205 "PUT /v2.0/routers/e4e30c74-2f0a-4d11-b366-9498c29e2b40/remove_router_interface HTTP/1.1" status: 200 len: 503 time: 0.8165610 /var/lib/openstack/lib/python3.12/site-packages/pycadf/identifier.py:71: UserWarning: Invalid uuid: neutron. To ensure interoperability, identifiers should be a valid uuid. warnings.warn(('Invalid uuid: %s. To ensure interoperability, ' /var/lib/openstack/lib/python3.12/site-packages/pycadf/identifier.py:71: UserWarning: Invalid uuid: neutron. To ensure interoperability, identifiers should be a valid uuid. warnings.warn(('Invalid uuid: %s. To ensure interoperability, '
2026-07-16 08:05:23.195 9 INFO neutron.api.wsgi [req-fcdfff87-291f-4134-8e19-c8b17534220b req-1fa4d785-ecda-4a29-9fbc-c6a0f603d4f6 ffa3e627b4de4f94a723cdbe4373c377 5e17cd22ac7a410482bcc6c4d3c6e31a - - 69faa7a73d15429097d2f6940a1a579e 69faa7a73d15429097d2f6940a1a579e] 199.19.213.177 "GET /v2.0/ports?tenant_id=4ca6a637c5be47aea2d648ca9e5e127c&device_id=4fb93ec5-087e-4b5c-a65f-786ec042a048 HTTP/1.1" status: 200 len: 1413 time: 0.0345373
2026-07-16 08:05:23.242 9 INFO neutron.api.wsgi [req-fcdfff87-291f-4134-8e19-c8b17534220b req-84b8212e-fc17-484d-9df3-4b58547e7a4d ffa3e627b4de4f94a723cdbe4373c377 5e17cd22ac7a410482bcc6c4d3c6e31a - - 69faa7a73d15429097d2f6940a1a579e 69faa7a73d15429097d2f6940a1a579e] 199.19.213.177 "GET /v2.0/networks?id=710c1120-e05c-4fd8-8c61-23b8df01a1dc HTTP/1.1" status: 200 len: 959 time: 0.0418606
2026-07-16 08:05:23.277 9 INFO neutron.api.wsgi [req-fcdfff87-291f-4134-8e19-c8b17534220b req-55496393-89e5-41b9-9dcf-34078d863557 ffa3e627b4de4f94a723cdbe4373c377 5e17cd22ac7a410482bcc6c4d3c6e31a - - 69faa7a73d15429097d2f6940a1a579e 69faa7a73d15429097d2f6940a1a579e] 199.19.213.177 "GET /v2.0/floatingips?fixed_ip_address=10.100.0.12&port_id=c2cfe96b-b28d-4b47-936f-0734ee881c19 HTTP/1.1" status: 200 len: 1060 time: 0.0315828
2026-07-16 08:05:23.305 9 INFO neutron.api.wsgi [req-fcdfff87-291f-4134-8e19-c8b17534220b req-ed48401f-40ff-4d3d-99e8-1f753131a6ae ffa3e627b4de4f94a723cdbe4373c377 5e17cd22ac7a410482bcc6c4d3c6e31a - - 69faa7a73d15429097d2f6940a1a579e 69faa7a73d15429097d2f6940a1a579e] 199.19.213.177 "GET /v2.0/subnets?id=27ecb815-df40-4f4e-b340-347c54cac6e8 HTTP/1.1" status: 200 len: 876 time: 0.0245464
2026-07-16 08:05:23.325 9 INFO neutron.api.wsgi [req-fcdfff87-291f-4134-8e19-c8b17534220b req-4dd81597-727c-4151-8b17-8b89ff194f86 ffa3e627b4de4f94a723cdbe4373c377 5e17cd22ac7a410482bcc6c4d3c6e31a - - 69faa7a73d15429097d2f6940a1a579e 69faa7a73d15429097d2f6940a1a579e] 199.19.213.177 "GET /v2.0/ports?network_id=710c1120-e05c-4fd8-8c61-23b8df01a1dc&device_owner=network%3Adhcp HTTP/1.1" status: 200 len: 210 time: 0.0172682
2026-07-16 08:05:23.372 9 INFO neutron.api.wsgi [req-fcdfff87-291f-4134-8e19-c8b17534220b req-dd08aa2b-e89a-413a-a61a-1a5d9d60a442 ffa3e627b4de4f94a723cdbe4373c377 5e17cd22ac7a410482bcc6c4d3c6e31a - - 69faa7a73d15429097d2f6940a1a579e 69faa7a73d15429097d2f6940a1a579e] 199.19.213.177 "GET /v2.0/networks/710c1120-e05c-4fd8-8c61-23b8df01a1dc?fields=segments HTTP/1.1" status: 200 len: 212 time: 0.0418305
2026-07-16 08:05:23.421 9 INFO neutron.api.wsgi [req-fcdfff87-291f-4134-8e19-c8b17534220b req-b51b0b44-1c31-4f08-bf5f-3fa51c7d6501 ffa3e627b4de4f94a723cdbe4373c377 5e17cd22ac7a410482bcc6c4d3c6e31a - - 69faa7a73d15429097d2f6940a1a579e 69faa7a73d15429097d2f6940a1a579e] 199.19.213.177 "GET /v2.0/networks/710c1120-e05c-4fd8-8c61-23b8df01a1dc?fields=provider%3Aphysical_network&fields=provider%3Anetwork_type HTTP/1.1" status: 200 len: 277 time: 0.0431452
2026-07-16 08:05:23.977 10 INFO neutron.api.wsgi [None req-0110bc40-ddd3-4ab4-8274-d60a4dd81303 fae944cd9cc8471faeb1df68a7a28c0f a67ca9ad4e0141b5a6002dc31e64602c - - default default] 10.0.0.205 "DELETE /v2.0/routers/e4e30c74-2f0a-4d11-b366-9498c29e2b40 HTTP/1.1" status: 204 len: 168 time: 0.8819847
2026-07-16 08:05:24.048 10 INFO neutron.api.wsgi [None req-e7f3ed2c-70e2-40ce-a3ea-957c4722f359 fae944cd9cc8471faeb1df68a7a28c0f a67ca9ad4e0141b5a6002dc31e64602c - - default default] 10.0.0.205 "GET /v2.0/routers/a73d360e-a58f-4291-8b72-5823afb20400 HTTP/1.1" status: 200 len: 1137 time: 0.0653734
2026-07-16 08:05:24.695 10 INFO neutron.db.ovn_revision_numbers_db [None req-a8720b9f-77f3-4e62-a5e2-f2751c6cb19a fae944cd9cc8471faeb1df68a7a28c0f a67ca9ad4e0141b5a6002dc31e64602c - - default default] Successfully bumped revision number for resource a73d360e-a58f-4291-8b72-5823afb20400 (type: routers) to 5
2026-07-16 08:05:24.701 10 INFO neutron.api.wsgi [None req-a8720b9f-77f3-4e62-a5e2-f2751c6cb19a fae944cd9cc8471faeb1df68a7a28c0f a67ca9ad4e0141b5a6002dc31e64602c - - default default] 10.0.0.205 "PUT /v2.0/routers/a73d360e-a58f-4291-8b72-5823afb20400 HTTP/1.1" status: 200 len: 1137 time: 0.6451049
2026-07-16 08:05:24.772 10 INFO neutron.api.wsgi [None req-06a90ce0-32a4-44eb-91af-6b476a4f5e50 fae944cd9cc8471faeb1df68a7a28c0f a67ca9ad4e0141b5a6002dc31e64602c - - default default] 10.0.0.205 "GET /v2.0/ports?device_id=a73d360e-a58f-4291-8b72-5823afb20400 HTTP/1.1" status: 200 len: 1144 time: 0.0674911
2026-07-16 08:05:25.571 10 INFO neutron.api.wsgi [None req-ba8e06d5-776a-4bba-8bd6-2f14c6606736 fae944cd9cc8471faeb1df68a7a28c0f a67ca9ad4e0141b5a6002dc31e64602c - - default default] 10.0.0.205 "PUT /v2.0/routers/a73d360e-a58f-4291-8b72-5823afb20400/remove_router_interface HTTP/1.1" status: 200 len: 503 time: 0.7946224 /var/lib/openstack/lib/python3.12/site-packages/pycadf/identifier.py:71: UserWarning: Invalid uuid: neutron. To ensure interoperability, identifiers should be a valid uuid. warnings.warn(('Invalid uuid: %s. To ensure interoperability, '
2026-07-16 08:05:26.218 10 INFO neutron.api.wsgi [None req-01c4cb4b-ca6d-4b9a-9c59-1206b6b65dd7 fae944cd9cc8471faeb1df68a7a28c0f a67ca9ad4e0141b5a6002dc31e64602c - - default default] 10.0.0.205 "DELETE /v2.0/routers/a73d360e-a58f-4291-8b72-5823afb20400 HTTP/1.1" status: 204 len: 168 time: 0.6431017
2026-07-16 08:05:26.236 10 INFO neutron.api.v2.resource [None req-a90b3954-0229-49b5-ba02-1171f9604d65 fae944cd9cc8471faeb1df68a7a28c0f a67ca9ad4e0141b5a6002dc31e64602c - - default default] show failed (client error): The resource could not be found.
2026-07-16 08:05:26.237 10 INFO neutron.api.wsgi [None req-a90b3954-0229-49b5-ba02-1171f9604d65 fae944cd9cc8471faeb1df68a7a28c0f a67ca9ad4e0141b5a6002dc31e64602c - - default default] 10.0.0.205 "GET /v2.0/routers/5408aa48-8881-437b-ad82-c69665ca3f9f HTTP/1.1" status: 404 len: 336 time: 0.0141919
2026-07-16 08:05:26.535 10 INFO neutron.api.wsgi [None req-055fdfe6-a715-43bd-8d60-a34d7744dbc9 fae944cd9cc8471faeb1df68a7a28c0f a67ca9ad4e0141b5a6002dc31e64602c - - default default] 10.0.0.205 "DELETE /v2.0/subnets/1e663edc-7b84-43a1-a281-a2b32df90942 HTTP/1.1" status: 204 len: 168 time: 0.2944243
2026-07-16 08:05:26.891 10 INFO neutron.api.wsgi [None req-144c4bcc-c441-4b0a-9d9f-5b27a958e5dd fae944cd9cc8471faeb1df68a7a28c0f a67ca9ad4e0141b5a6002dc31e64602c - - default default] 10.0.0.205 "DELETE /v2.0/subnets/455185e1-7145-42af-ae3d-529671752985 HTTP/1.1" status: 204 len: 168 time: 0.3510466
2026-07-16 08:05:27.182 10 INFO neutron.api.wsgi [None req-58004638-0756-4df3-8531-c1ebfe72c9ec fae944cd9cc8471faeb1df68a7a28c0f a67ca9ad4e0141b5a6002dc31e64602c - - default default] 10.0.0.205 "DELETE /v2.0/subnets/dcdf42a5-78fa-4b0a-8c31-3f898c89eb75 HTTP/1.1" status: 204 len: 168 time: 0.2862351
2026-07-16 08:05:27.197 10 INFO neutron.pecan_wsgi.hooks.translation [None req-60df6bfa-022c-42cc-b687-36de033a95d8 fae944cd9cc8471faeb1df68a7a28c0f a67ca9ad4e0141b5a6002dc31e64602c - - default default] DELETE failed (client error): The resource could not be found.
2026-07-16 08:05:27.199 10 INFO neutron.api.wsgi [None req-60df6bfa-022c-42cc-b687-36de033a95d8 fae944cd9cc8471faeb1df68a7a28c0f a67ca9ad4e0141b5a6002dc31e64602c - - default default] 10.0.0.205 "DELETE /v2.0/subnets/85561c8b-7067-4929-80e0-cc8cbd9a800c HTTP/1.1" status: 404 len: 337 time: 0.0125990
2026-07-16 08:05:27.502 10 INFO neutron.services.segments.plugin [-] Segment 0eabadb6-4191-48ec-8031-f403565b7a85 resource provider aggregate not found
2026-07-16 08:05:27.507 10 INFO neutron.services.segments.plugin [-] Segment 0eabadb6-4191-48ec-8031-f403565b7a85 resource provider aggregate not found
2026-07-16 08:05:27.520 10 INFO neutron.services.segments.plugin [-] Segment 0eabadb6-4191-48ec-8031-f403565b7a85 resource provider not found; error: Placement Client Error (4xx): {"errors": [{"status": 404, "title": "Not Found", "detail": "The resource could not be found.\n\n No resource provider with uuid 0eabadb6-4191-48ec-8031-f403565b7a85 found for delete ", "request_id": "req-b4c23ca2-7093-4acc-85f6-e31d091bf6fb"}]}
2026-07-16 08:05:27.521 10 INFO neutron.services.segments.plugin [-] Segment 0eabadb6-4191-48ec-8031-f403565b7a85 resource provider not found; error: Placement Client Error (4xx): {"errors": [{"status": 404, "title": "Not Found", "detail": "The resource could not be found.\n\n No resource provider with uuid 0eabadb6-4191-48ec-8031-f403565b7a85 found for delete ", "request_id": "req-1fe4e790-7237-498c-acde-24699ded3ac6"}]}
2026-07-16 08:05:27.538 10 INFO neutron.api.wsgi [None req-23792f3c-4ae6-4bee-b0a2-cf7880279a81 fae944cd9cc8471faeb1df68a7a28c0f a67ca9ad4e0141b5a6002dc31e64602c - - default default] 10.0.0.205 "DELETE /v2.0/networks/bf770473-7706-43dd-ae06-7933019b54b5 HTTP/1.1" status: 204 len: 168 time: 0.3342204
2026-07-16 08:05:27.878 10 INFO neutron.api.wsgi [None req-96c4b7aa-d863-4992-9b13-728710dccde7 fae944cd9cc8471faeb1df68a7a28c0f a67ca9ad4e0141b5a6002dc31e64602c - - default default] 10.0.0.205 "DELETE /v2.0/networks/cc35f9cf-6a6e-402c-9f83-32dbbf573bfa HTTP/1.1" status: 204 len: 168 time: 0.3347180
2026-07-16 08:05:28.187 10 INFO neutron.api.wsgi [None req-2bdd7d5f-1124-4ecf-bf26-de443855bc51 fae944cd9cc8471faeb1df68a7a28c0f a67ca9ad4e0141b5a6002dc31e64602c - - default default] 10.0.0.205 "DELETE /v2.0/networks/ea55fec9-dd1f-4c01-bbd6-b9a258e6f1d4 HTTP/1.1" status: 204 len: 168 time: 0.3054247
2026-07-16 08:05:28.204 9 INFO neutron.pecan_wsgi.hooks.translation [None req-23f09d20-d5ce-463a-9f86-7a0df7f4c172 fae944cd9cc8471faeb1df68a7a28c0f a67ca9ad4e0141b5a6002dc31e64602c - - default default] DELETE failed (client error): The resource could not be found.
2026-07-16 08:05:28.206 9 INFO neutron.api.wsgi [None req-23f09d20-d5ce-463a-9f86-7a0df7f4c172 fae944cd9cc8471faeb1df68a7a28c0f a67ca9ad4e0141b5a6002dc31e64602c - - default default] 10.0.0.205 "DELETE /v2.0/networks/6bb295a4-4bc9-45b3-802a-7b3416ee2800 HTTP/1.1" status: 404 len: 339 time: 0.0134346
2026-07-16 08:05:29.040 9 INFO neutron.api.wsgi [None req-613c0c4e-c90f-45ac-a3f2-33201b0184dd b9ce937a6031456c94b46a52e5f6e3d0 1ccb513f25fc44f4bd438183ad6c0ea8 - - default default] 10.0.0.205 "GET /v2.0/security-groups?tenant_id=a67ca9ad4e0141b5a6002dc31e64602c&name=default HTTP/1.1" status: 200 len: 3120 time: 0.1694245
2026-07-16 08:05:29.243 9 INFO neutron.api.wsgi [None req-81f7c96c-bf24-444b-bc83-e61753327fb9 b9ce937a6031456c94b46a52e5f6e3d0 1ccb513f25fc44f4bd438183ad6c0ea8 - - default default] 10.0.0.205 "DELETE /v2.0/security-groups/c1949b8a-258d-472b-829a-f54317a7df51 HTTP/1.1" status: 204 len: 168 time: 0.1973331
2026-07-16 08:05:29.433 9 INFO neutron.db.ovn_revision_numbers_db [None req-c7bdfc72-6219-4678-b9e8-01be88ef1823 b9ce937a6031456c94b46a52e5f6e3d0 1ccb513f25fc44f4bd438183ad6c0ea8 - - default default] Successfully bumped revision number for resource 60b52e60-f032-4ff8-8296-97dafe6cc27a (type: security_groups) to 1
2026-07-16 08:05:29.444 9 INFO neutron.db.ovn_revision_numbers_db [None req-c7bdfc72-6219-4678-b9e8-01be88ef1823 b9ce937a6031456c94b46a52e5f6e3d0 1ccb513f25fc44f4bd438183ad6c0ea8 - - default default] Successfully bumped revision number for resource 03a3a125-a074-4bbf-b525-eb3f321dfd3a (type: security_group_rules) to 0
2026-07-16 08:05:29.457 9 INFO neutron.db.ovn_revision_numbers_db [None req-c7bdfc72-6219-4678-b9e8-01be88ef1823 b9ce937a6031456c94b46a52e5f6e3d0 1ccb513f25fc44f4bd438183ad6c0ea8 - - default default] Successfully bumped revision number for resource 5b56242a-ba61-45f7-9708-687a1d5b6a96 (type: security_group_rules) to 0
2026-07-16 08:05:29.469 9 INFO neutron.db.ovn_revision_numbers_db [None req-c7bdfc72-6219-4678-b9e8-01be88ef1823 b9ce937a6031456c94b46a52e5f6e3d0 1ccb513f25fc44f4bd438183ad6c0ea8 - - default default] Successfully bumped revision number for resource 89cad0a4-c399-477e-9c57-98eb61140a97 (type: security_group_rules) to 0
2026-07-16 08:05:29.487 9 INFO neutron.db.ovn_revision_numbers_db [None req-c7bdfc72-6219-4678-b9e8-01be88ef1823 b9ce937a6031456c94b46a52e5f6e3d0 1ccb513f25fc44f4bd438183ad6c0ea8 - - default default] Successfully bumped revision number for resource 9bf2bb38-bb5f-445c-9c9e-8b07748fe223 (type: security_group_rules) to 0
2026-07-16 08:05:29.518 9 INFO neutron.api.wsgi [None req-c7bdfc72-6219-4678-b9e8-01be88ef1823 b9ce937a6031456c94b46a52e5f6e3d0 1ccb513f25fc44f4bd438183ad6c0ea8 - - default default] 10.0.0.205 "GET /v2.0/security-groups?tenant_id=282f455f32234cd2b1a632f2f02d53be&name=default HTTP/1.1" status: 200 len: 3124 time: 0.1961451
2026-07-16 08:05:29.538 10 INFO neutron.services.segments.plugin [-] Segment 23a58a9b-c3fb-4cd1-8a8f-10e1c9123c34 resource provider aggregate not found
2026-07-16 08:05:29.542 10 INFO neutron.services.segments.plugin [-] Segment 23a58a9b-c3fb-4cd1-8a8f-10e1c9123c34 resource provider aggregate not found
2026-07-16 08:05:29.554 10 INFO neutron.services.segments.plugin [-] Segment 23a58a9b-c3fb-4cd1-8a8f-10e1c9123c34 resource provider not found; error: Placement Client Error (4xx): {"errors": [{"status": 404, "title": "Not Found", "detail": "The resource could not be found.\n\n No resource provider with uuid 23a58a9b-c3fb-4cd1-8a8f-10e1c9123c34 found for delete ", "request_id": "req-16aae5d5-97df-4225-8cd1-e8928b2c2887"}]}
2026-07-16 08:05:29.558 10 INFO neutron.services.segments.plugin [-] Segment 23a58a9b-c3fb-4cd1-8a8f-10e1c9123c34 resource provider not found; error: Placement Client Error (4xx): {"errors": [{"status": 404, "title": "Not Found", "detail": "The resource could not be found.\n\n No resource provider with uuid 23a58a9b-c3fb-4cd1-8a8f-10e1c9123c34 found for delete ", "request_id": "req-36327507-cee5-453d-8ad2-efba5f373909"}]}
2026-07-16 08:05:29.576 10 INFO neutron.services.segments.plugin [-] Segment 8463f54b-2a5b-4b4e-8a8e-5734a0b358ec resource provider aggregate not found
2026-07-16 08:05:29.582 10 INFO neutron.services.segments.plugin [-] Segment 8463f54b-2a5b-4b4e-8a8e-5734a0b358ec resource provider aggregate not found
2026-07-16 08:05:29.591 10 INFO neutron.services.segments.plugin [-] Segment 8463f54b-2a5b-4b4e-8a8e-5734a0b358ec resource provider not found; error: Placement Client Error (4xx): {"errors": [{"status": 404, "title": "Not Found", "detail": "The resource could not be found.\n\n No resource provider with uuid 8463f54b-2a5b-4b4e-8a8e-5734a0b358ec found for delete ", "request_id": "req-92ff37b9-1edd-4d6e-ae75-0763a9ed4b86"}]}
2026-07-16 08:05:29.598 10 INFO neutron.services.segments.plugin [-] Segment 8463f54b-2a5b-4b4e-8a8e-5734a0b358ec resource provider not found; error: Placement Client Error (4xx): {"errors": [{"status": 404, "title": "Not Found", "detail": "The resource could not be found.\n\n No resource provider with uuid 8463f54b-2a5b-4b4e-8a8e-5734a0b358ec found for delete ", "request_id": "req-b8f1d595-5f5a-4bba-9704-fd83a9d75331"}]}
2026-07-16 08:05:29.745 9 INFO neutron.api.wsgi [None req-57d6f648-9fbe-4a56-859b-bee884b0fe68 b9ce937a6031456c94b46a52e5f6e3d0 1ccb513f25fc44f4bd438183ad6c0ea8 - - default default] 10.0.0.205 "DELETE /v2.0/security-groups/60b52e60-f032-4ff8-8296-97dafe6cc27a HTTP/1.1" status: 204 len: 168 time: 0.2225254
2026-07-16 08:05:30.424 9 INFO neutron.api.wsgi [req-94277118-a4ed-4c4f-96b7-8186ca0c45b2 req-86cfd942-ea22-439a-bc1a-007d30bf6b7a ffa3e627b4de4f94a723cdbe4373c377 5e17cd22ac7a410482bcc6c4d3c6e31a - - 69faa7a73d15429097d2f6940a1a579e 69faa7a73d15429097d2f6940a1a579e] 10.0.0.136 "GET /v2.0/ports?device_id=4fb93ec5-087e-4b5c-a65f-786ec042a048 HTTP/1.1" status: 200 len: 1413 time: 0.0632417
2026-07-16 08:05:30.468 9 INFO neutron.api.wsgi [req-94277118-a4ed-4c4f-96b7-8186ca0c45b2 req-f5759a00-d0c7-4b42-96db-01c7d7977041 ffa3e627b4de4f94a723cdbe4373c377 5e17cd22ac7a410482bcc6c4d3c6e31a - - 69faa7a73d15429097d2f6940a1a579e 69faa7a73d15429097d2f6940a1a579e] 10.0.0.136 "GET /v2.0/security-groups?id=6f81fe92-14c1-4747-b309-beb1ce9ed067&fields=id&fields=name HTTP/1.1" status: 200 len: 312 time: 0.0405266
2026-07-16 08:05:31.579 9 INFO neutron.api.wsgi [-] 10.0.0.197 "GET / HTTP/1.1" status: 200 len: 247 time: 0.0021756
2026-07-16 08:05:31.581 9 INFO neutron.api.wsgi [-] 10.0.0.197 "GET / HTTP/1.1" status: 200 len: 247 time: 0.0016828
2026-07-16 08:05:34.074 9 INFO neutron.api.wsgi [req-03f86b55-6849-45ab-85e6-9723adaa3ff0 req-a6b0e59e-1ba9-4c89-8a28-6985bc0c2078 03e449e4cd3649c9ba58b0ae4a770ca8 4ca6a637c5be47aea2d648ca9e5e127c - - default default] 10.0.0.17 "GET /v2.0/ports?device_id=4fb93ec5-087e-4b5c-a65f-786ec042a048 HTTP/1.1" status: 200 len: 1174 time: 0.0691772
2026-07-16 08:05:34.117 9 INFO neutron.api.wsgi [req-03f86b55-6849-45ab-85e6-9723adaa3ff0 req-e9fe6092-14e0-4cce-a80b-de02641f7e78 03e449e4cd3649c9ba58b0ae4a770ca8 4ca6a637c5be47aea2d648ca9e5e127c - - default default] 10.0.0.17 "GET /v2.0/security-groups?id=6f81fe92-14c1-4747-b309-beb1ce9ed067&fields=id&fields=name HTTP/1.1" status: 200 len: 312 time: 0.0377712
2026-07-16 08:05:34.546 10 INFO neutron.plugins.ml2.drivers.ovn.mech_driver.mech_driver [None req-6f4404b8-549e-444d-960d-b49826fd8ab3 - - - - - -] OVN reports status down for port: c2cfe96b-b28d-4b47-936f-0734ee881c19
2026-07-16 08:05:34.673 10 INFO neutron.notifiers.nova [-] Nova event matching ['req-fc5341fe-d1ab-43e8-bfd2-697ce1a68eff'] response: {'server_uuid': '4fb93ec5-087e-4b5c-a65f-786ec042a048', 'name': 'network-vif-unplugged', 'status': 'completed', 'tag': 'c2cfe96b-b28d-4b47-936f-0734ee881c19', 'code': 200}
2026-07-16 08:05:34.788 10 INFO neutron.db.ovn_revision_numbers_db [None req-6f4404b8-549e-444d-960d-b49826fd8ab3 - - - - - -] Successfully bumped revision number for resource c2cfe96b-b28d-4b47-936f-0734ee881c19 (type: ports) to 6
2026-07-16 08:05:35.204 9 INFO neutron.api.wsgi [req-6d20b636-7c87-4e05-bc26-80d53b002aa7 req-054822fc-e263-423f-b022-b8cd06fe6803 03e449e4cd3649c9ba58b0ae4a770ca8 4ca6a637c5be47aea2d648ca9e5e127c - - default default] 10.0.0.17 "GET /v2.0/ports?device_id=4fb93ec5-087e-4b5c-a65f-786ec042a048 HTTP/1.1" status: 200 len: 1172 time: 0.0358055
2026-07-16 08:05:35.262 9 INFO neutron.api.wsgi [req-6d20b636-7c87-4e05-bc26-80d53b002aa7 req-7a9e47da-0c28-44a0-8d32-bd76e45926e9 03e449e4cd3649c9ba58b0ae4a770ca8 4ca6a637c5be47aea2d648ca9e5e127c - - default default] 10.0.0.17 "GET /v2.0/security-groups?id=6f81fe92-14c1-4747-b309-beb1ce9ed067&fields=id&fields=name HTTP/1.1" status: 200 len: 312 time: 0.0508444 /var/lib/openstack/lib/python3.12/site-packages/pycadf/identifier.py:71: UserWarning: Invalid uuid: neutron. To ensure interoperability, identifiers should be a valid uuid. warnings.warn(('Invalid uuid: %s. To ensure interoperability, '
2026-07-16 08:05:35.600 10 INFO neutron.db.ovn_revision_numbers_db [None req-9648da31-ff35-47ac-a907-ebd6a9b7a45c b9ce937a6031456c94b46a52e5f6e3d0 1ccb513f25fc44f4bd438183ad6c0ea8 - - default default] Successfully bumped revision number for resource 66fdd580-5d50-49af-be1c-87f6d6914044 (type: security_groups) to 1
2026-07-16 08:05:35.620 10 INFO neutron.db.ovn_revision_numbers_db [None req-9648da31-ff35-47ac-a907-ebd6a9b7a45c b9ce937a6031456c94b46a52e5f6e3d0 1ccb513f25fc44f4bd438183ad6c0ea8 - - default default] Successfully bumped revision number for resource 3caddc3b-1cd0-4c46-88be-da27265b5966 (type: security_group_rules) to 0
2026-07-16 08:05:35.646 10 INFO neutron.db.ovn_revision_numbers_db [None req-9648da31-ff35-47ac-a907-ebd6a9b7a45c b9ce937a6031456c94b46a52e5f6e3d0 1ccb513f25fc44f4bd438183ad6c0ea8 - - default default] Successfully bumped revision number for resource af13e14a-96ff-40e5-b0cd-70cc6fc855d1 (type: security_group_rules) to 0
2026-07-16 08:05:35.665 10 INFO neutron.db.ovn_revision_numbers_db [None req-9648da31-ff35-47ac-a907-ebd6a9b7a45c b9ce937a6031456c94b46a52e5f6e3d0 1ccb513f25fc44f4bd438183ad6c0ea8 - - default default] Successfully bumped revision number for resource c10784da-091b-4fe2-9ec5-f7db032d0a30 (type: security_group_rules) to 0
2026-07-16 08:05:35.686 10 INFO neutron.db.ovn_revision_numbers_db [None req-9648da31-ff35-47ac-a907-ebd6a9b7a45c b9ce937a6031456c94b46a52e5f6e3d0 1ccb513f25fc44f4bd438183ad6c0ea8 - - default default] Successfully bumped revision number for resource cd5737c9-eec7-49f3-ba11-98a2a1195ff1 (type: security_group_rules) to 0
2026-07-16 08:05:35.689 10 INFO neutron.api.wsgi [None req-2fa40c22-e149-46a5-a064-65e6ed974bd6 b9ce937a6031456c94b46a52e5f6e3d0 1ccb513f25fc44f4bd438183ad6c0ea8 - - default default] 10.0.0.37 "GET /v2.0/routers HTTP/1.1" status: 200 len: 1151 time: 0.1034052
2026-07-16 08:05:35.708 10 INFO neutron.api.wsgi [None req-b063a60f-a8f6-4412-9184-f21bc851b2ad b9ce937a6031456c94b46a52e5f6e3d0 1ccb513f25fc44f4bd438183ad6c0ea8 - - default default] 10.0.0.37 "GET /v2.0/agents?binary=ovn-controller HTTP/1.1" status: 200 len: 591 time: 0.0170565
2026-07-16 08:05:35.732 10 INFO neutron.api.wsgi [None req-9648da31-ff35-47ac-a907-ebd6a9b7a45c b9ce937a6031456c94b46a52e5f6e3d0 1ccb513f25fc44f4bd438183ad6c0ea8 - - default default] 10.0.0.205 "GET /v2.0/security-groups?tenant_id=9657c1c828b6472db6f519463ea2e461&name=default HTTP/1.1" status: 200 len: 3124 time: 0.3807709
2026-07-16 08:05:35.738 10 INFO neutron.api.wsgi [None req-544cb381-8f5a-4779-9b60-da6e00151afc b9ce937a6031456c94b46a52e5f6e3d0 1ccb513f25fc44f4bd438183ad6c0ea8 - - default default] 10.0.0.37 "GET /v2.0/subnets HTTP/1.1" status: 200 len: 2148 time: 0.0288162
2026-07-16 08:05:35.745 10 INFO neutron.api.wsgi [None req-80102804-d1d1-48d6-ab4d-939d01a34b0b b9ce937a6031456c94b46a52e5f6e3d0 1ccb513f25fc44f4bd438183ad6c0ea8 - - default default] 10.0.0.37 "GET /v2.0/subnetpools HTTP/1.1" status: 200 len: 193 time: 0.0056121
2026-07-16 08:05:35.772 9 INFO neutron.api.wsgi [req-9e5013c1-180b-4f5f-926d-415643773de5 req-8856d9ec-c6fb-4e89-b5ed-d4f98c8652db 03e449e4cd3649c9ba58b0ae4a770ca8 4ca6a637c5be47aea2d648ca9e5e127c - - default default] 199.19.213.177 "GET /v2.0/ports?device_id=4fb93ec5-087e-4b5c-a65f-786ec042a048 HTTP/1.1" status: 200 len: 1172 time: 0.0466795
2026-07-16 08:05:35.775 10 INFO neutron.api.wsgi [None req-7a9148c7-3017-41ff-98aa-2fb25358a77f b9ce937a6031456c94b46a52e5f6e3d0 1ccb513f25fc44f4bd438183ad6c0ea8 - - default default] 10.0.0.37 "GET /v2.0/floatingips HTTP/1.1" status: 200 len: 1034 time: 0.0301113
2026-07-16 08:05:35.796 10 INFO neutron.api.wsgi [None req-cd6c2af8-ef26-4d39-bc2c-25dc15b940e9 b9ce937a6031456c94b46a52e5f6e3d0 1ccb513f25fc44f4bd438183ad6c0ea8 - - default default] 10.0.0.37 "GET /v2.0/subnets HTTP/1.1" status: 200 len: 2148 time: 0.0198903
2026-07-16 08:05:35.839 10 INFO neutron.api.wsgi [None req-27fce82a-8170-4c4a-9a71-cbd12d0ffc98 b9ce937a6031456c94b46a52e5f6e3d0 1ccb513f25fc44f4bd438183ad6c0ea8 - - default default] 10.0.0.37 "GET /v2.0/networks HTTP/1.1" status: 200 len: 3096 time: 0.0411160
2026-07-16 08:05:35.851 10 INFO neutron.api.wsgi [None req-d65687c7-1390-487f-818f-7a390d42d67e b9ce937a6031456c94b46a52e5f6e3d0 1ccb513f25fc44f4bd438183ad6c0ea8 - - default default] 10.0.0.37 "GET /v2.0/agents HTTP/1.1" status: 200 len: 1390 time: 0.0101500
2026-07-16 08:05:35.863 10 INFO neutron.api.wsgi [None req-ceb57050-6368-4257-bc93-493e25931537 b9ce937a6031456c94b46a52e5f6e3d0 1ccb513f25fc44f4bd438183ad6c0ea8 - - default default] 10.0.0.37 "GET /v2.0/network-ip-availabilities HTTP/1.1" status: 200 len: 1726 time: 0.0105700
2026-07-16 08:05:35.901 10 INFO neutron.api.wsgi [None req-60d9d7b7-8f05-463b-9fae-85ff140286c9 b9ce937a6031456c94b46a52e5f6e3d0 1ccb513f25fc44f4bd438183ad6c0ea8 - - default default] 10.0.0.37 "GET /v2.0/security-groups HTTP/1.1" status: 200 len: 34072 time: 0.0367010
2026-07-16 08:05:35.977 9 INFO neutron.api.wsgi [None req-a7c6c6e5-0168-4e57-9cc0-f2b9c86ea0c5 b9ce937a6031456c94b46a52e5f6e3d0 1ccb513f25fc44f4bd438183ad6c0ea8 - - default default] 10.0.0.205 "DELETE /v2.0/security-groups/66fdd580-5d50-49af-be1c-87f6d6914044 HTTP/1.1" status: 204 len: 168 time: 0.2402611
2026-07-16 08:05:35.978 10 INFO neutron.api.wsgi [None req-0e85f6a3-aa72-4e63-8454-f1998d9c6fc8 b9ce937a6031456c94b46a52e5f6e3d0 1ccb513f25fc44f4bd438183ad6c0ea8 - - default default] 10.0.0.37 "GET /v2.0/ports HTTP/1.1" status: 200 len: 11961 time: 0.0648522
2026-07-16 08:05:36.157 9 INFO neutron.db.l3_db [req-9e5013c1-180b-4f5f-926d-415643773de5 req-d0f4ec78-3f24-481d-b0fa-ee9237396026 03e449e4cd3649c9ba58b0ae4a770ca8 4ca6a637c5be47aea2d648ca9e5e127c - - default default] Floating IP 6030757b-fe0c-4bb2-95e5-faddb1c26a31 disassociated. External IP: 10.96.250.205, port: c2cfe96b-b28d-4b47-936f-0734ee881c19.
2026-07-16 08:05:36.266 9 INFO neutron.api.wsgi [req-9e5013c1-180b-4f5f-926d-415643773de5 req-d0f4ec78-3f24-481d-b0fa-ee9237396026 03e449e4cd3649c9ba58b0ae4a770ca8 4ca6a637c5be47aea2d648ca9e5e127c - - default default] 199.19.213.177 "DELETE /v2.0/ports/c2cfe96b-b28d-4b47-936f-0734ee881c19 HTTP/1.1" status: 204 len: 173 time: 0.4892948
2026-07-16 08:05:36.313 9 INFO neutron.notifiers.nova [-] Nova event matching ['req-43577ed9-a10b-43f7-bb7c-523e63fd55df'] response: {'server_uuid': '4fb93ec5-087e-4b5c-a65f-786ec042a048', 'name': 'network-vif-deleted', 'tag': 'c2cfe96b-b28d-4b47-936f-0734ee881c19', 'status': 'completed', 'code': 200}
2026-07-16 08:05:36.356 10 INFO neutron.api.wsgi [req-76bb5e9e-67d8-481b-af13-06ae98ce04bc req-1b6fd7d7-228c-4070-9711-fa7535051ae9 03e449e4cd3649c9ba58b0ae4a770ca8 4ca6a637c5be47aea2d648ca9e5e127c - - default default] 10.0.0.17 "GET /v2.0/ports?device_id=4fb93ec5-087e-4b5c-a65f-786ec042a048 HTTP/1.1" status: 200 len: 210 time: 0.0181575
2026-07-16 08:05:36.715 10 INFO neutron.notifiers.nova [-] Nova event matching ['req-2c0967c9-cdf9-4615-940b-ef3232149bc9'] response: {'server_uuid': '4fb93ec5-087e-4b5c-a65f-786ec042a048', 'name': 'network-vif-unplugged', 'status': 'completed', 'tag': 'c2cfe96b-b28d-4b47-936f-0734ee881c19', 'code': 200}
2026-07-16 08:05:37.438 10 INFO neutron.api.wsgi [req-0709e958-11da-4756-addb-417d3c86eb62 req-270617d1-4e10-470c-8424-57168166f9de 03e449e4cd3649c9ba58b0ae4a770ca8 4ca6a637c5be47aea2d648ca9e5e127c - - default default] 10.0.0.17 "GET /v2.0/ports?device_id=4fb93ec5-087e-4b5c-a65f-786ec042a048 HTTP/1.1" status: 200 len: 210 time: 0.0175622
2026-07-16 08:05:37.844 10 INFO neutron.db.ovn_revision_numbers_db [None req-5f72e346-6d3a-4c86-bdb9-60be872fa5de b9ce937a6031456c94b46a52e5f6e3d0 1ccb513f25fc44f4bd438183ad6c0ea8 - - default default] Successfully bumped revision number for resource 06ad6056-defe-4fee-a0fb-2055e967d22f (type: security_groups) to 1
2026-07-16 08:05:37.860 10 INFO neutron.db.ovn_revision_numbers_db [None req-5f72e346-6d3a-4c86-bdb9-60be872fa5de b9ce937a6031456c94b46a52e5f6e3d0 1ccb513f25fc44f4bd438183ad6c0ea8 - - default default] Successfully bumped revision number for resource 297830af-6a91-4efc-b842-2bad287110a5 (type: security_group_rules) to 0
2026-07-16 08:05:37.879 10 INFO neutron.db.ovn_revision_numbers_db [None req-5f72e346-6d3a-4c86-bdb9-60be872fa5de b9ce937a6031456c94b46a52e5f6e3d0 1ccb513f25fc44f4bd438183ad6c0ea8 - - default default] Successfully bumped revision number for resource 99243c21-f7cc-4359-b25c-c674e1e5d134 (type: security_group_rules) to 0
2026-07-16 08:05:37.967 10 INFO neutron.db.ovn_revision_numbers_db [None req-5f72e346-6d3a-4c86-bdb9-60be872fa5de b9ce937a6031456c94b46a52e5f6e3d0 1ccb513f25fc44f4bd438183ad6c0ea8 - - default default] Successfully bumped revision number for resource a54b411b-bae3-4bb0-9ab7-cfa957ee83ef (type: security_group_rules) to 0
2026-07-16 08:05:38.025 10 INFO neutron.db.ovn_revision_numbers_db [None req-5f72e346-6d3a-4c86-bdb9-60be872fa5de b9ce937a6031456c94b46a52e5f6e3d0 1ccb513f25fc44f4bd438183ad6c0ea8 - - default default] Successfully bumped revision number for resource da16f8e3-9dc5-4997-90f0-61ea3a140aaf (type: security_group_rules) to 0
2026-07-16 08:05:38.087 10 INFO neutron.db.segments_db [None req-5f72e346-6d3a-4c86-bdb9-60be872fa5de b9ce937a6031456c94b46a52e5f6e3d0 1ccb513f25fc44f4bd438183ad6c0ea8 - - default default] Added segment ad9d0ed1-ec82-4a3a-9d78-adc6682599b6 of type geneve for network 88217fa6-594c-4184-bc89-19e83556ef43
2026-07-16 08:05:38.183 10 INFO neutron.db.ovn_revision_numbers_db [None req-5f72e346-6d3a-4c86-bdb9-60be872fa5de b9ce937a6031456c94b46a52e5f6e3d0 1ccb513f25fc44f4bd438183ad6c0ea8 - - default default] Successfully bumped revision number for resource 88217fa6-594c-4184-bc89-19e83556ef43 (type: networks) to 1
2026-07-16 08:05:38.336 10 WARNING neutron.scheduler.dhcp_agent_scheduler [None req-5f72e346-6d3a-4c86-bdb9-60be872fa5de b9ce937a6031456c94b46a52e5f6e3d0 1ccb513f25fc44f4bd438183ad6c0ea8 - - default default] No more DHCP agents
2026-07-16 08:05:38.338 10 WARNING neutron.api.rpc.agentnotifiers.dhcp_rpc_agent_api [None req-5f72e346-6d3a-4c86-bdb9-60be872fa5de b9ce937a6031456c94b46a52e5f6e3d0 1ccb513f25fc44f4bd438183ad6c0ea8 - - default default] Unable to schedule network 88217fa6-594c-4184-bc89-19e83556ef43: no agents available; will retry on subsequent port and subnet creation events.
2026-07-16 08:05:38.460 10 INFO neutron.db.ovn_revision_numbers_db [None req-5f72e346-6d3a-4c86-bdb9-60be872fa5de b9ce937a6031456c94b46a52e5f6e3d0 1ccb513f25fc44f4bd438183ad6c0ea8 - - default default] Successfully bumped revision number for resource 3868cb16-9b76-4c7c-875c-078fc2d78af4 (type: ports) to 1 /var/lib/openstack/lib/python3.12/site-packages/pycadf/identifier.py:71: UserWarning: Invalid uuid: neutron. To ensure interoperability, identifiers should be a valid uuid. warnings.warn(('Invalid uuid: %s. To ensure interoperability, '
2026-07-16 08:05:38.515 10 INFO neutron.api.wsgi [None req-5f72e346-6d3a-4c86-bdb9-60be872fa5de b9ce937a6031456c94b46a52e5f6e3d0 1ccb513f25fc44f4bd438183ad6c0ea8 - - default default] 10.0.0.205 "POST /v2.0/networks HTTP/1.1" status: 201 len: 942 time: 0.9659348
2026-07-16 08:05:38.524 9 INFO neutron.api.wsgi [req-1a88ad6f-218e-4766-9621-9c560a81119f req-fae81501-bfd7-4d2f-b24d-5db36840fd2d 03e449e4cd3649c9ba58b0ae4a770ca8 4ca6a637c5be47aea2d648ca9e5e127c - - default default] 10.0.0.17 "GET /v2.0/ports?device_id=4fb93ec5-087e-4b5c-a65f-786ec042a048 HTTP/1.1" status: 200 len: 210 time: 0.0198338
2026-07-16 08:05:38.653 10 WARNING neutron.scheduler.dhcp_agent_scheduler [None req-41933e40-4a03-44d8-b413-e1353ae1d7c6 b9ce937a6031456c94b46a52e5f6e3d0 1ccb513f25fc44f4bd438183ad6c0ea8 - - default default] No more DHCP agents
2026-07-16 08:05:38.654 10 WARNING neutron.api.rpc.agentnotifiers.dhcp_rpc_agent_api [None req-41933e40-4a03-44d8-b413-e1353ae1d7c6 b9ce937a6031456c94b46a52e5f6e3d0 1ccb513f25fc44f4bd438183ad6c0ea8 - - default default] Unable to schedule network 88217fa6-594c-4184-bc89-19e83556ef43: no agents available; will retry on subsequent port and subnet creation events.
2026-07-16 08:05:39.055 10 INFO neutron.db.ovn_revision_numbers_db [None req-3c362773-1570-4d7c-b9c1-7d3552a71262 - - - - - -] Successfully bumped revision number for resource 3868cb16-9b76-4c7c-875c-078fc2d78af4 (type: ports) to 2
2026-07-16 08:05:39.082 10 INFO neutron.db.ovn_revision_numbers_db [None req-3c362773-1570-4d7c-b9c1-7d3552a71262 - - - - - -] Successfully bumped revision number for resource 4309048a-b325-412d-b589-50e835dfda8b (type: subnets) to 0
2026-07-16 08:05:39.097 10 INFO neutron.api.wsgi [None req-41933e40-4a03-44d8-b413-e1353ae1d7c6 b9ce937a6031456c94b46a52e5f6e3d0 1ccb513f25fc44f4bd438183ad6c0ea8 - - default default] 10.0.0.205 "POST /v2.0/subnets HTTP/1.1" status: 201 len: 886 time: 0.5768831
2026-07-16 08:05:39.463 10 WARNING neutron.scheduler.dhcp_agent_scheduler [None req-867b098a-9a7a-491b-b5d3-e16fda10369c b9ce937a6031456c94b46a52e5f6e3d0 1ccb513f25fc44f4bd438183ad6c0ea8 - - default default] No more DHCP agents
2026-07-16 08:05:39.464 10 WARNING neutron.api.rpc.agentnotifiers.dhcp_rpc_agent_api [None req-867b098a-9a7a-491b-b5d3-e16fda10369c b9ce937a6031456c94b46a52e5f6e3d0 1ccb513f25fc44f4bd438183ad6c0ea8 - - default default] Unable to schedule network 420e998d-ec99-4f47-a94b-9f1db35f8f08: no agents available; will retry on subsequent port and subnet creation events.
2026-07-16 08:05:39.599 10 INFO neutron.db.ovn_revision_numbers_db [None req-867b098a-9a7a-491b-b5d3-e16fda10369c b9ce937a6031456c94b46a52e5f6e3d0 1ccb513f25fc44f4bd438183ad6c0ea8 - - default default] Successfully bumped revision number for resource f35d7db1-728e-43b8-95f9-48a57ac06edb (type: ports) to 1
2026-07-16 08:05:39.737 9 INFO neutron.api.wsgi [None req-968c47a3-adcd-4e33-88c9-12729770e019 03e449e4cd3649c9ba58b0ae4a770ca8 4ca6a637c5be47aea2d648ca9e5e127c - - default default] 10.0.0.205 "DELETE /v2.0/security-groups/6f81fe92-14c1-4747-b309-beb1ce9ed067 HTTP/1.1" status: 204 len: 168 time: 0.1496248
2026-07-16 08:05:40.014 9 INFO neutron.api.wsgi [None req-b04e854e-385b-46dd-b24d-a7e92be67d5e 03e449e4cd3649c9ba58b0ae4a770ca8 4ca6a637c5be47aea2d648ca9e5e127c - - default default] 10.0.0.205 "DELETE /v2.0/floatingips/6030757b-fe0c-4bb2-95e5-faddb1c26a31 HTTP/1.1" status: 204 len: 168 time: 0.2455630
2026-07-16 08:05:40.142 10 INFO neutron.plugins.ml2.drivers.ovn.mech_driver.ovsdb.commands [None req-4a2796f7-43ea-4b9f-99c4-0c7057cf0ab8 - - - - - -] Schedule LRP lrp-f35d7db1-728e-43b8-95f9-48a57ac06edb on gateway 4e1a191b-b295-4351-bdb7-e8b8e97723eb with priority 1
2026-07-16 08:05:40.153 10 INFO neutron.plugins.ml2.drivers.ovn.mech_driver.mech_driver [None req-d583ae19-cb16-4626-8a69-23dcbbfbded9 - - - - - -] OVN reports status up for port: f35d7db1-728e-43b8-95f9-48a57ac06edb
2026-07-16 08:05:40.165 9 INFO neutron.plugins.ml2.drivers.ovn.mech_driver.ovsdb.ovsdb_monitor [None req-9a7af9f5-a689-43a9-8c79-0d74c4e7eeb5 - - - - - -] Router 69fc1324-7e12-42be-bec8-9d877a75bbaa is bound to host instance
2026-07-16 08:05:40.171 10 INFO neutron.plugins.ml2.plugin [None req-d583ae19-cb16-4626-8a69-23dcbbfbded9 - - - - - -] Attempt 1 to provision port f35d7db1-728e-43b8-95f9-48a57ac06edb
2026-07-16 08:05:40.193 10 INFO neutron.db.ovn_revision_numbers_db [None req-867b098a-9a7a-491b-b5d3-e16fda10369c b9ce937a6031456c94b46a52e5f6e3d0 1ccb513f25fc44f4bd438183ad6c0ea8 - - default default] Successfully bumped revision number for resource f35d7db1-728e-43b8-95f9-48a57ac06edb (type: router_ports) to 1
2026-07-16 08:05:40.223 9 INFO neutron.api.wsgi [req-ecb1c547-eb82-47b1-abe9-e6453af9b905 req-3c9459be-1fcf-4c04-ad7f-e195f446dad3 03e449e4cd3649c9ba58b0ae4a770ca8 4ca6a637c5be47aea2d648ca9e5e127c - - default default] 10.0.0.17 "GET /v2.0/ports?device_id=7f0f4f49-e5bc-41ae-a997-af660c13964b HTTP/1.1" status: 200 len: 1170 time: 0.0801821
2026-07-16 08:05:40.259 10 INFO neutron.db.ovn_revision_numbers_db [None req-867b098a-9a7a-491b-b5d3-e16fda10369c b9ce937a6031456c94b46a52e5f6e3d0 1ccb513f25fc44f4bd438183ad6c0ea8 - - default default] Successfully bumped revision number for resource 69fc1324-7e12-42be-bec8-9d877a75bbaa (type: routers) to 2
2026-07-16 08:05:40.272 9 INFO neutron.api.wsgi [req-ecb1c547-eb82-47b1-abe9-e6453af9b905 req-d6296458-a275-4a6d-800d-906b1470f1a4 03e449e4cd3649c9ba58b0ae4a770ca8 4ca6a637c5be47aea2d648ca9e5e127c - - default default] 10.0.0.17 "GET /v2.0/security-groups?id=dc6488d6-acc8-4723-89f5-cf53a0b71621&fields=id&fields=name HTTP/1.1" status: 200 len: 313 time: 0.0417333
2026-07-16 08:05:40.273 10 INFO neutron.api.wsgi [None req-867b098a-9a7a-491b-b5d3-e16fda10369c b9ce937a6031456c94b46a52e5f6e3d0 1ccb513f25fc44f4bd438183ad6c0ea8 - - default default] 10.0.0.205 "POST /v2.0/routers HTTP/1.1" status: 201 len: 1164 time: 1.1718979
2026-07-16 08:05:40.676 9 INFO neutron.db.ovn_revision_numbers_db [None req-792961ce-e5be-4264-ad59-10ccdd750217 - - - - - -] Successfully bumped revision number for resource f35d7db1-728e-43b8-95f9-48a57ac06edb (type: ports) to 1
2026-07-16 08:05:40.769 9 WARNING neutron.scheduler.dhcp_agent_scheduler [None req-17e4ccef-3d91-4d66-8025-ef48f79b99f7 b9ce937a6031456c94b46a52e5f6e3d0 1ccb513f25fc44f4bd438183ad6c0ea8 - - default default] No more DHCP agents
2026-07-16 08:05:40.772 9 WARNING neutron.api.rpc.agentnotifiers.dhcp_rpc_agent_api [None req-17e4ccef-3d91-4d66-8025-ef48f79b99f7 b9ce937a6031456c94b46a52e5f6e3d0 1ccb513f25fc44f4bd438183ad6c0ea8 - - default default] Unable to schedule network 88217fa6-594c-4184-bc89-19e83556ef43: no agents available; will retry on subsequent port and subnet creation events.
2026-07-16 08:05:40.932 9 INFO neutron.db.ovn_revision_numbers_db [None req-17e4ccef-3d91-4d66-8025-ef48f79b99f7 b9ce937a6031456c94b46a52e5f6e3d0 1ccb513f25fc44f4bd438183ad6c0ea8 - - default default] Successfully bumped revision number for resource 4de71060-b388-4efa-8460-934c07b03032 (type: ports) to 1
2026-07-16 08:05:41.049 9 INFO neutron.db.ovn_revision_numbers_db [None req-792961ce-e5be-4264-ad59-10ccdd750217 - - - - - -] Successfully bumped revision number for resource f35d7db1-728e-43b8-95f9-48a57ac06edb (type: ports) to 4
2026-07-16 08:05:41.391 9 INFO neutron.db.ovn_revision_numbers_db [None req-792961ce-e5be-4264-ad59-10ccdd750217 - - - - - -] Successfully bumped revision number for resource f35d7db1-728e-43b8-95f9-48a57ac06edb (type: ports) to 5
2026-07-16 08:05:41.405 10 INFO neutron.api.wsgi [req-59c54768-51bb-4167-8c3d-a621e54855c8 req-fc022b54-c8f5-46c3-8921-39be15200727 03e449e4cd3649c9ba58b0ae4a770ca8 4ca6a637c5be47aea2d648ca9e5e127c - - default default] 10.0.0.17 "GET /v2.0/ports?device_id=7f0f4f49-e5bc-41ae-a997-af660c13964b HTTP/1.1" status: 200 len: 1170 time: 0.0773990
2026-07-16 08:05:41.438 10 INFO neutron.api.wsgi [req-59c54768-51bb-4167-8c3d-a621e54855c8 req-dabd4b48-cd40-4802-9542-fa51fdb92804 03e449e4cd3649c9ba58b0ae4a770ca8 4ca6a637c5be47aea2d648ca9e5e127c - - default default] 10.0.0.17 "GET /v2.0/security-groups?id=dc6488d6-acc8-4723-89f5-cf53a0b71621&fields=id&fields=name HTTP/1.1" status: 200 len: 313 time: 0.0296307
2026-07-16 08:05:41.496 9 INFO neutron.plugins.ml2.drivers.ovn.mech_driver.mech_driver [None req-03e4fcdf-bd56-4699-9216-70340def563a - - - - - -] OVN reports status up for port: 4de71060-b388-4efa-8460-934c07b03032
2026-07-16 08:05:41.504 9 INFO neutron.plugins.ml2.plugin [None req-03e4fcdf-bd56-4699-9216-70340def563a - - - - - -] Attempt 1 to provision port 4de71060-b388-4efa-8460-934c07b03032
2026-07-16 08:05:41.514 9 INFO neutron.db.ovn_revision_numbers_db [None req-17e4ccef-3d91-4d66-8025-ef48f79b99f7 b9ce937a6031456c94b46a52e5f6e3d0 1ccb513f25fc44f4bd438183ad6c0ea8 - - default default] Successfully bumped revision number for resource 4de71060-b388-4efa-8460-934c07b03032 (type: ports) to 1
2026-07-16 08:05:41.579 9 WARNING neutron.scheduler.dhcp_agent_scheduler [None req-17e4ccef-3d91-4d66-8025-ef48f79b99f7 b9ce937a6031456c94b46a52e5f6e3d0 1ccb513f25fc44f4bd438183ad6c0ea8 - - default default] No more DHCP agents
2026-07-16 08:05:41.581 9 WARNING neutron.api.rpc.agentnotifiers.dhcp_rpc_agent_api [None req-17e4ccef-3d91-4d66-8025-ef48f79b99f7 b9ce937a6031456c94b46a52e5f6e3d0 1ccb513f25fc44f4bd438183ad6c0ea8 - - default default] Unable to schedule network 88217fa6-594c-4184-bc89-19e83556ef43: no agents available; will retry on subsequent port and subnet creation events.
2026-07-16 08:05:41.877 9 INFO neutron.db.ovn_revision_numbers_db [None req-03e4fcdf-bd56-4699-9216-70340def563a - - - - - -] Successfully bumped revision number for resource 4de71060-b388-4efa-8460-934c07b03032 (type: ports) to 2
2026-07-16 08:05:42.210 9 INFO neutron.api.wsgi [req-aeed8fd8-3baa-49bc-95d8-b07ee2f1ef2b req-7fe38e7e-8617-4e8c-88eb-69650a829283 03e449e4cd3649c9ba58b0ae4a770ca8 4ca6a637c5be47aea2d648ca9e5e127c - - default default] 199.19.213.177 "GET /v2.0/ports?device_id=7f0f4f49-e5bc-41ae-a997-af660c13964b HTTP/1.1" status: 200 len: 1170 time: 0.3072927
2026-07-16 08:05:42.496 9 INFO neutron.db.ovn_revision_numbers_db [None req-17e4ccef-3d91-4d66-8025-ef48f79b99f7 b9ce937a6031456c94b46a52e5f6e3d0 1ccb513f25fc44f4bd438183ad6c0ea8 - - default default] Successfully bumped revision number for resource 4de71060-b388-4efa-8460-934c07b03032 (type: router_ports) to 1
2026-07-16 08:05:42.506 9 INFO neutron.api.wsgi [None req-17e4ccef-3d91-4d66-8025-ef48f79b99f7 b9ce937a6031456c94b46a52e5f6e3d0 1ccb513f25fc44f4bd438183ad6c0ea8 - - default default] 10.0.0.205 "PUT /v2.0/routers/69fc1324-7e12-42be-bec8-9d877a75bbaa/add_router_interface HTTP/1.1" status: 200 len: 503 time: 2.2273567
2026-07-16 08:05:42.514 9 INFO neutron.api.wsgi [req-fbf9ea53-d95a-49d6-b4b9-e31b51b988dc req-93f9884c-558c-43e1-9181-3f1689239576 03e449e4cd3649c9ba58b0ae4a770ca8 4ca6a637c5be47aea2d648ca9e5e127c - - default default] 10.0.0.17 "GET /v2.0/ports?device_id=7f0f4f49-e5bc-41ae-a997-af660c13964b HTTP/1.1" status: 200 len: 210 time: 0.0249839
2026-07-16 08:05:42.536 9 INFO neutron.api.wsgi [req-aeed8fd8-3baa-49bc-95d8-b07ee2f1ef2b req-6e0720d1-b9d0-446c-9144-0e04003d89bf 03e449e4cd3649c9ba58b0ae4a770ca8 4ca6a637c5be47aea2d648ca9e5e127c - - default default] 199.19.213.177 "DELETE /v2.0/ports/630741df-5f60-47b1-9795-6907d20739f4 HTTP/1.1" status: 204 len: 173 time: 0.3203385
2026-07-16 08:05:42.571 9 INFO neutron.notifiers.nova [-] Nova event matching ['req-21f36102-2826-47d4-b0aa-74535ee66dce'] response: {'server_uuid': '7f0f4f49-e5bc-41ae-a997-af660c13964b', 'name': 'network-vif-deleted', 'tag': '630741df-5f60-47b1-9795-6907d20739f4', 'status': 'completed', 'code': 200}
2026-07-16 08:05:43.018 10 INFO neutron.plugins.ml2.drivers.ovn.mech_driver.mech_driver [None req-d583ae19-cb16-4626-8a69-23dcbbfbded9 - - - - - -] OVN reports status down for port: 630741df-5f60-47b1-9795-6907d20739f4
2026-07-16 08:05:43.575 9 INFO neutron.db.ovn_revision_numbers_db [None req-d96e2b6c-761e-4978-8c7a-96fd161062d4 b9ce937a6031456c94b46a52e5f6e3d0 1ccb513f25fc44f4bd438183ad6c0ea8 - - default default] Successfully bumped revision number for resource 384fc8f5-93c8-4703-831b-9e70f61c86e5 (type: security_groups) to 1
2026-07-16 08:05:43.588 9 INFO neutron.db.ovn_revision_numbers_db [None req-d96e2b6c-761e-4978-8c7a-96fd161062d4 b9ce937a6031456c94b46a52e5f6e3d0 1ccb513f25fc44f4bd438183ad6c0ea8 - - default default] Successfully bumped revision number for resource 3952896b-01fe-4029-9895-be1bc1acaa37 (type: security_group_rules) to 0
2026-07-16 08:05:43.605 9 INFO neutron.api.wsgi [req-dfbbe0bb-20d2-4082-aa05-5106aafa037e req-d75fdba7-7ccf-4a99-87cb-73a41e71f5ec 03e449e4cd3649c9ba58b0ae4a770ca8 4ca6a637c5be47aea2d648ca9e5e127c - - default default] 10.0.0.17 "GET /v2.0/ports?device_id=7f0f4f49-e5bc-41ae-a997-af660c13964b HTTP/1.1" status: 200 len: 210 time: 0.0131245
2026-07-16 08:05:43.609 9 INFO neutron.db.ovn_revision_numbers_db [None req-d96e2b6c-761e-4978-8c7a-96fd161062d4 b9ce937a6031456c94b46a52e5f6e3d0 1ccb513f25fc44f4bd438183ad6c0ea8 - - default default] Successfully bumped revision number for resource 472a717f-6240-4b89-b762-7154236b252e (type: security_group_rules) to 0
2026-07-16 08:05:43.619 9 INFO neutron.db.ovn_revision_numbers_db [None req-d96e2b6c-761e-4978-8c7a-96fd161062d4 b9ce937a6031456c94b46a52e5f6e3d0 1ccb513f25fc44f4bd438183ad6c0ea8 - - default default] Successfully bumped revision number for resource 77e39c9c-f31e-45be-98e0-17337d477554 (type: security_group_rules) to 0
2026-07-16 08:05:43.629 9 INFO neutron.db.ovn_revision_numbers_db [None req-d96e2b6c-761e-4978-8c7a-96fd161062d4 b9ce937a6031456c94b46a52e5f6e3d0 1ccb513f25fc44f4bd438183ad6c0ea8 - - default default] Successfully bumped revision number for resource b0e63d9d-ffcb-40cb-8333-4e728c5908b5 (type: security_group_rules) to 0
2026-07-16 08:05:43.693 9 INFO neutron.db.segments_db [None req-d96e2b6c-761e-4978-8c7a-96fd161062d4 b9ce937a6031456c94b46a52e5f6e3d0 1ccb513f25fc44f4bd438183ad6c0ea8 - - default default] Added segment 672db614-dae6-4fdd-bedb-99bf93c45dfc of type geneve for network 75d3540a-6265-4e8d-bbdd-720ad66118aa
2026-07-16 08:05:43.883 9 INFO neutron.db.ovn_revision_numbers_db [None req-d96e2b6c-761e-4978-8c7a-96fd161062d4 b9ce937a6031456c94b46a52e5f6e3d0 1ccb513f25fc44f4bd438183ad6c0ea8 - - default default] Successfully bumped revision number for resource 75d3540a-6265-4e8d-bbdd-720ad66118aa (type: networks) to 1
2026-07-16 08:05:44.165 9 WARNING neutron.scheduler.dhcp_agent_scheduler [None req-d96e2b6c-761e-4978-8c7a-96fd161062d4 b9ce937a6031456c94b46a52e5f6e3d0 1ccb513f25fc44f4bd438183ad6c0ea8 - - default default] No more DHCP agents
2026-07-16 08:05:44.166 9 WARNING neutron.api.rpc.agentnotifiers.dhcp_rpc_agent_api [None req-d96e2b6c-761e-4978-8c7a-96fd161062d4 b9ce937a6031456c94b46a52e5f6e3d0 1ccb513f25fc44f4bd438183ad6c0ea8 - - default default] Unable to schedule network 75d3540a-6265-4e8d-bbdd-720ad66118aa: no agents available; will retry on subsequent port and subnet creation events.
2026-07-16 08:05:44.298 9 INFO neutron.db.ovn_revision_numbers_db [None req-d96e2b6c-761e-4978-8c7a-96fd161062d4 b9ce937a6031456c94b46a52e5f6e3d0 1ccb513f25fc44f4bd438183ad6c0ea8 - - default default] Successfully bumped revision number for resource 55752620-aa85-4e18-9223-3bccda014e91 (type: ports) to 1
2026-07-16 08:05:44.387 9 INFO neutron.api.wsgi [None req-d96e2b6c-761e-4978-8c7a-96fd161062d4 b9ce937a6031456c94b46a52e5f6e3d0 1ccb513f25fc44f4bd438183ad6c0ea8 - - default default] 10.0.0.205 "POST /v2.0/networks HTTP/1.1" status: 201 len: 943 time: 0.9461401
