2026-07-16 08:05:02.285 10 INFO neutron.api.wsgi [None req-62a563d3-26cf-4feb-bec2-a2daac6edf47 fae944cd9cc8471faeb1df68a7a28c0f a67ca9ad4e0141b5a6002dc31e64602c - - default default] 10.0.0.205 "PUT /v2.0/routers/a73d360e-a58f-4291-8b72-5823afb20400/add_router_interface HTTP/1.1" status: 200 len: 503 time: 1.8630075
2026-07-16 08:05:02.294 10 WARNING neutron_lib.context [None req-6efbf6c2-b1c9-406d-9cdd-b3b98b7b6eb4 fae944cd9cc8471faeb1df68a7a28c0f a67ca9ad4e0141b5a6002dc31e64602c - - default default] Method 'is_advsvc' is deprecated since 2023.2 release (neutron-lib 3.8.0) and will be removed once support for the old RBAC API policies will be removed from Neutron. Please use method 'is_service_role' instead.
2026-07-16 08:05:02.425 9 INFO neutron.db.ovn_revision_numbers_db [None req-66224eb9-59c8-46c3-9a8c-acb97c7ce640 - - - - - -] Successfully bumped revision number for resource 4189bc8a-0d70-48e6-b355-618aa70eedcc (type: ports) to 2
2026-07-16 08:05:02.680 10 INFO neutron.api.wsgi [req-6d0dccd4-dc36-441a-82b0-accc2a87f1c9 req-6b5c9ce1-0492-4d28-b88e-a220963893a2 6dd10aaafa7d4d69b8caba41ff227cd0 b017e85a7eb74822bccdfe30cd9f7ace - - default default] 10.0.0.17 "GET /v2.0/ports?device_id=05daaecc-49d8-4615-b7f2-f7a7725ff7d8 HTTP/1.1" status: 200 len: 1168 time: 0.0424604
2026-07-16 08:05:02.724 10 WARNING neutron.scheduler.dhcp_agent_scheduler [None req-0c479f06-4988-4d49-aa8c-e206374a4a86 - - - - - -] No more DHCP agents
2026-07-16 08:05:02.727 10 WARNING neutron.api.rpc.agentnotifiers.dhcp_rpc_agent_api [None req-0c479f06-4988-4d49-aa8c-e206374a4a86 - - - - - -] Unable to schedule network 420e998d-ec99-4f47-a94b-9f1db35f8f08: no agents available; will retry on subsequent port and subnet creation events.
2026-07-16 08:05:02.730 10 INFO neutron.api.wsgi [req-6d0dccd4-dc36-441a-82b0-accc2a87f1c9 req-8d687583-c9db-407f-b2bb-871069e7858e 6dd10aaafa7d4d69b8caba41ff227cd0 b017e85a7eb74822bccdfe30cd9f7ace - - default default] 10.0.0.17 "GET /v2.0/security-groups?id=9259c730-2f44-4239-a3ab-ee2a874a2fc5&fields=id&fields=name HTTP/1.1" status: 200 len: 286 time: 0.0426900
2026-07-16 08:05:02.848 10 INFO neutron.db.ovn_revision_numbers_db [None req-0c479f06-4988-4d49-aa8c-e206374a4a86 - - - - - -] Successfully bumped revision number for resource 663a58da-046f-4ef8-97a9-a30c7cbd55a4 (type: ports) to 1
2026-07-16 08:05:03.016 10 INFO neutron.db.ovn_revision_numbers_db [None req-0c479f06-4988-4d49-aa8c-e206374a4a86 - - - - - -] Successfully bumped revision number for resource 663a58da-046f-4ef8-97a9-a30c7cbd55a4 (type: ports) to 3
2026-07-16 08:05:03.067 10 INFO neutron.db.segments_db [None req-0c479f06-4988-4d49-aa8c-e206374a4a86 - - - - - -] Added segment 928f9a40-9e94-4f4b-9a2d-27ed99077ac6 of type geneve for network 9c7c5ca8-d22c-4e44-ab95-1b0b67ecc11f
2026-07-16 08:05:03.182 10 INFO neutron.db.ovn_revision_numbers_db [None req-6d10c6a2-362e-4629-b202-4313884ae0cd - - - - - -] Successfully bumped revision number for resource 9c7c5ca8-d22c-4e44-ab95-1b0b67ecc11f (type: networks) to 1
2026-07-16 08:05:03.322 10 WARNING neutron.scheduler.dhcp_agent_scheduler [None req-6d10c6a2-362e-4629-b202-4313884ae0cd - - - - - -] No more DHCP agents
2026-07-16 08:05:03.324 10 WARNING neutron.api.rpc.agentnotifiers.dhcp_rpc_agent_api [None req-6d10c6a2-362e-4629-b202-4313884ae0cd - - - - - -] Unable to schedule network 9c7c5ca8-d22c-4e44-ab95-1b0b67ecc11f: no agents available; will retry on subsequent port and subnet creation events.
2026-07-16 08:05:03.389 10 INFO neutron.db.ovn_revision_numbers_db [None req-6d10c6a2-362e-4629-b202-4313884ae0cd - - - - - -] Successfully bumped revision number for resource 90c25335-a90a-4b7e-b9a4-a20371f857cb (type: ports) to 1
2026-07-16 08:05:03.524 10 WARNING neutron.scheduler.dhcp_agent_scheduler [None req-6d10c6a2-362e-4629-b202-4313884ae0cd - - - - - -] No more DHCP agents
2026-07-16 08:05:03.526 10 WARNING neutron.api.rpc.agentnotifiers.dhcp_rpc_agent_api [None req-6d10c6a2-362e-4629-b202-4313884ae0cd - - - - - -] Unable to schedule network 9c7c5ca8-d22c-4e44-ab95-1b0b67ecc11f: no agents available; will retry on subsequent port and subnet creation events.
2026-07-16 08:05:03.549 10 INFO neutron.db.ovn_revision_numbers_db [None req-6d10c6a2-362e-4629-b202-4313884ae0cd - - - - - -] Successfully bumped revision number for resource fe6af0aa-fa21-49ba-887c-21137e28f595 (type: subnets) to 0
2026-07-16 08:05:03.824 9 INFO neutron.api.wsgi [req-614f0bb8-c429-48b5-948c-6448a6d184aa req-e1952843-de94-4c53-8732-e846ceb2f136 6dd10aaafa7d4d69b8caba41ff227cd0 b017e85a7eb74822bccdfe30cd9f7ace - - default default] 10.0.0.17 "GET /v2.0/ports?device_id=05daaecc-49d8-4615-b7f2-f7a7725ff7d8 HTTP/1.1" status: 200 len: 1168 time: 0.0389037
2026-07-16 08:05:03.859 9 INFO neutron.api.wsgi [req-614f0bb8-c429-48b5-948c-6448a6d184aa req-0c7f34fc-2d29-4b66-aebf-d70c1ba6e11f 6dd10aaafa7d4d69b8caba41ff227cd0 b017e85a7eb74822bccdfe30cd9f7ace - - default default] 10.0.0.17 "GET /v2.0/security-groups?id=9259c730-2f44-4239-a3ab-ee2a874a2fc5&fields=id&fields=name HTTP/1.1" status: 200 len: 286 time: 0.0286908
2026-07-16 08:05:03.914 10 WARNING neutron.scheduler.dhcp_agent_scheduler [None req-6d10c6a2-362e-4629-b202-4313884ae0cd - - - - - -] No more DHCP agents
2026-07-16 08:05:03.915 10 WARNING neutron.api.rpc.agentnotifiers.dhcp_rpc_agent_api [None req-6d10c6a2-362e-4629-b202-4313884ae0cd - - - - - -] Unable to schedule network 9c7c5ca8-d22c-4e44-ab95-1b0b67ecc11f: no agents available; will retry on subsequent port and subnet creation events.
2026-07-16 08:05:04.028 9 INFO neutron.api.wsgi [None req-11aaa1e5-5015-4b33-bea2-95365d83d3b8 ea227742b5eb4f3cbc6d45021a9eb0fd 88fcf84db276408c99b8dc0d2df6ee98 - - default default] 10.0.0.205 "GET /v2.0/ports?project_id=4ca6a637c5be47aea2d648ca9e5e127c&network_id=710c1120-e05c-4fd8-8c61-23b8df01a1dc HTTP/1.1" status: 200 len: 3510 time: 0.0657346
2026-07-16 08:05:04.048 10 INFO neutron.db.ovn_revision_numbers_db [None req-6d10c6a2-362e-4629-b202-4313884ae0cd - - - - - -] Successfully bumped revision number for resource 235dfff1-d08f-4688-b0c3-8ae0667c3c03 (type: ports) to 1
2026-07-16 08:05:04.280 10 INFO neutron.api.wsgi [None req-d469c8ea-c1a1-4ed1-8c27-f28daa220ff4 ea227742b5eb4f3cbc6d45021a9eb0fd 88fcf84db276408c99b8dc0d2df6ee98 - - default default] 10.0.0.205 "GET /v2.0/subnets?network_id=420e998d-ec99-4f47-a94b-9f1db35f8f08 HTTP/1.1" status: 200 len: 861 time: 0.0409043
2026-07-16 08:05:04.564 10 INFO neutron.db.ovn_revision_numbers_db [None req-545ba0e8-dd41-4c78-8fb3-9de22473987c 03e449e4cd3649c9ba58b0ae4a770ca8 4ca6a637c5be47aea2d648ca9e5e127c - - default default] Successfully bumped revision number for resource 6030757b-fe0c-4bb2-95e5-faddb1c26a31 (type: floatingips) to 2
2026-07-16 08:05:04.632 10 INFO neutron.db.l3_db [None req-545ba0e8-dd41-4c78-8fb3-9de22473987c 03e449e4cd3649c9ba58b0ae4a770ca8 4ca6a637c5be47aea2d648ca9e5e127c - - default default] Floating IP 6030757b-fe0c-4bb2-95e5-faddb1c26a31 disassociated. External IP: 10.96.250.205, port: 630741df-5f60-47b1-9795-6907d20739f4.
2026-07-16 08:05:04.660 10 INFO neutron.api.wsgi [None req-545ba0e8-dd41-4c78-8fb3-9de22473987c 03e449e4cd3649c9ba58b0ae4a770ca8 4ca6a637c5be47aea2d648ca9e5e127c - - default default] 10.0.0.205 "PUT /v2.0/floatingips/6030757b-fe0c-4bb2-95e5-faddb1c26a31 HTTP/1.1" status: 200 len: 748 time: 0.2431455
2026-07-16 08:05:04.694 9 INFO neutron.api.wsgi [None req-f6c4c8db-5ec5-4a13-aa64-bf9c4d85f40d 03e449e4cd3649c9ba58b0ae4a770ca8 4ca6a637c5be47aea2d648ca9e5e127c - - default default] 10.0.0.205 "GET /v2.0/floatingips/6030757b-fe0c-4bb2-95e5-faddb1c26a31 HTTP/1.1" status: 200 len: 746 time: 0.0262733
2026-07-16 08:05:04.697 10 INFO neutron.notifiers.nova [-] Nova event matching ['req-def0969c-adc7-4662-bb3a-fcf05c1067ea'] response: {'name': 'network-changed', 'server_uuid': '7f0f4f49-e5bc-41ae-a997-af660c13964b', 'tag': '630741df-5f60-47b1-9795-6907d20739f4', 'status': 'completed', 'code': 200}
2026-07-16 08:05:04.702 10 INFO neutron.db.ovn_revision_numbers_db [None req-6d10c6a2-362e-4629-b202-4313884ae0cd - - - - - -] Successfully bumped revision number for resource 235dfff1-d08f-4688-b0c3-8ae0667c3c03 (type: ports) to 1
2026-07-16 08:05:04.764 10 WARNING neutron.scheduler.dhcp_agent_scheduler [None req-6d10c6a2-362e-4629-b202-4313884ae0cd - - - - - -] No more DHCP agents
2026-07-16 08:05:04.766 10 WARNING neutron.api.rpc.agentnotifiers.dhcp_rpc_agent_api [None req-6d10c6a2-362e-4629-b202-4313884ae0cd - - - - - -] Unable to schedule network 9c7c5ca8-d22c-4e44-ab95-1b0b67ecc11f: no agents available; will retry on subsequent port and subnet creation events.
2026-07-16 08:05:04.930 10 WARNING neutron.plugins.ml2.drivers.ovn.mech_driver.ovsdb.ovn_client [None req-743e0a81-9910-441f-a385-e93fe2b436c2 - - - - - -] No hosting information found for port aa32f285-317b-4834-bbe1-599e32dac550: RuntimeError: No hosting information found for port aa32f285-317b-4834-bbe1-599e32dac550
2026-07-16 08:05:04.931 10 INFO neutron.plugins.ml2.drivers.ovn.mech_driver.mech_driver [None req-743e0a81-9910-441f-a385-e93fe2b436c2 - - - - - -] OVN reports status up for port: 235dfff1-d08f-4688-b0c3-8ae0667c3c03
2026-07-16 08:05:04.941 10 INFO neutron.plugins.ml2.plugin [None req-743e0a81-9910-441f-a385-e93fe2b436c2 - - - - - -] Attempt 1 to provision port 235dfff1-d08f-4688-b0c3-8ae0667c3c03
2026-07-16 08:05:04.965 9 INFO neutron.api.wsgi [req-2129fcc1-2c10-4ed7-9c59-d64724b5e3b9 req-d64c3e79-3c8b-4c75-b5cd-6441b41d730c 6dd10aaafa7d4d69b8caba41ff227cd0 b017e85a7eb74822bccdfe30cd9f7ace - - default default] 10.0.0.17 "GET /v2.0/ports?device_id=05daaecc-49d8-4615-b7f2-f7a7725ff7d8 HTTP/1.1" status: 200 len: 1168 time: 0.0407619
2026-07-16 08:05:05.023 9 INFO neutron.api.wsgi [req-2129fcc1-2c10-4ed7-9c59-d64724b5e3b9 req-1f0c07a0-6991-4678-83e7-56e5ef50604b 6dd10aaafa7d4d69b8caba41ff227cd0 b017e85a7eb74822bccdfe30cd9f7ace - - default default] 10.0.0.17 "GET /v2.0/security-groups?id=9259c730-2f44-4239-a3ab-ee2a874a2fc5&fields=id&fields=name HTTP/1.1" status: 200 len: 286 time: 0.0418744
2026-07-16 08:05:05.236 9 INFO neutron.api.wsgi [req-b0494c91-613e-4efd-a9fe-bfc834a082de req-2d15be6a-6888-43a6-b32d-5f53b017b795 ffa3e627b4de4f94a723cdbe4373c377 5e17cd22ac7a410482bcc6c4d3c6e31a - - 69faa7a73d15429097d2f6940a1a579e 69faa7a73d15429097d2f6940a1a579e] 199.19.213.177 "GET /v2.0/ports?tenant_id=4ca6a637c5be47aea2d648ca9e5e127c&device_id=7f0f4f49-e5bc-41ae-a997-af660c13964b HTTP/1.1" status: 200 len: 1409 time: 0.0286171
2026-07-16 08:05:05.293 9 INFO neutron.api.wsgi [req-b0494c91-613e-4efd-a9fe-bfc834a082de req-5c57bcee-f493-4f85-85f7-79b9f020bf10 ffa3e627b4de4f94a723cdbe4373c377 5e17cd22ac7a410482bcc6c4d3c6e31a - - 69faa7a73d15429097d2f6940a1a579e 69faa7a73d15429097d2f6940a1a579e] 199.19.213.177 "GET /v2.0/networks?id=710c1120-e05c-4fd8-8c61-23b8df01a1dc HTTP/1.1" status: 200 len: 959 time: 0.0525076
2026-07-16 08:05:05.318 9 INFO neutron.api.wsgi [req-b0494c91-613e-4efd-a9fe-bfc834a082de req-a723ef35-2caf-46fa-a1cc-6e799ae14259 ffa3e627b4de4f94a723cdbe4373c377 5e17cd22ac7a410482bcc6c4d3c6e31a - - 69faa7a73d15429097d2f6940a1a579e 69faa7a73d15429097d2f6940a1a579e] 199.19.213.177 "GET /v2.0/floatingips?fixed_ip_address=10.100.0.7&port_id=630741df-5f60-47b1-9795-6907d20739f4 HTTP/1.1" status: 200 len: 217 time: 0.0200458
2026-07-16 08:05:05.334 10 INFO neutron.db.ovn_revision_numbers_db [None req-743e0a81-9910-441f-a385-e93fe2b436c2 - - - - - -] Successfully bumped revision number for resource 235dfff1-d08f-4688-b0c3-8ae0667c3c03 (type: ports) to 2
2026-07-16 08:05:05.366 9 INFO neutron.api.wsgi [req-b0494c91-613e-4efd-a9fe-bfc834a082de req-a116f4f2-4bc2-4785-ae4a-c02284de4baa ffa3e627b4de4f94a723cdbe4373c377 5e17cd22ac7a410482bcc6c4d3c6e31a - - 69faa7a73d15429097d2f6940a1a579e 69faa7a73d15429097d2f6940a1a579e] 199.19.213.177 "GET /v2.0/subnets?id=27ecb815-df40-4f4e-b340-347c54cac6e8 HTTP/1.1" status: 200 len: 876 time: 0.0440650
2026-07-16 08:05:05.388 9 INFO neutron.api.wsgi [req-b0494c91-613e-4efd-a9fe-bfc834a082de req-15093f27-748c-484d-b279-bc5068d06f3d ffa3e627b4de4f94a723cdbe4373c377 5e17cd22ac7a410482bcc6c4d3c6e31a - - 69faa7a73d15429097d2f6940a1a579e 69faa7a73d15429097d2f6940a1a579e] 199.19.213.177 "GET /v2.0/ports?network_id=710c1120-e05c-4fd8-8c61-23b8df01a1dc&device_owner=network%3Adhcp HTTP/1.1" status: 200 len: 210 time: 0.0143442
2026-07-16 08:05:05.434 9 INFO neutron.api.wsgi [req-b0494c91-613e-4efd-a9fe-bfc834a082de req-1518dfb2-f706-40d2-81b8-984c8af79f9c ffa3e627b4de4f94a723cdbe4373c377 5e17cd22ac7a410482bcc6c4d3c6e31a - - 69faa7a73d15429097d2f6940a1a579e 69faa7a73d15429097d2f6940a1a579e] 199.19.213.177 "GET /v2.0/networks/710c1120-e05c-4fd8-8c61-23b8df01a1dc?fields=segments HTTP/1.1" status: 200 len: 212 time: 0.0402396
2026-07-16 08:05:05.478 9 INFO neutron.api.wsgi [req-b0494c91-613e-4efd-a9fe-bfc834a082de req-d362ca88-38ef-45e8-bdaf-5cfe4e433dfa ffa3e627b4de4f94a723cdbe4373c377 5e17cd22ac7a410482bcc6c4d3c6e31a - - 69faa7a73d15429097d2f6940a1a579e 69faa7a73d15429097d2f6940a1a579e] 199.19.213.177 "GET /v2.0/networks/710c1120-e05c-4fd8-8c61-23b8df01a1dc?fields=provider%3Aphysical_network&fields=provider%3Anetwork_type HTTP/1.1" status: 200 len: 277 time: 0.0406246
2026-07-16 08:05:05.773 10 WARNING neutron_lib.context [None req-732361f5-3c9d-4ddc-915c-ee2e79769fb1 03e449e4cd3649c9ba58b0ae4a770ca8 4ca6a637c5be47aea2d648ca9e5e127c - - default default] Method 'is_advsvc' is deprecated since 2023.2 release (neutron-lib 3.8.0) and will be removed once support for the old RBAC API policies will be removed from Neutron. Please use method 'is_service_role' instead.
2026-07-16 08:05:05.912 10 INFO neutron.db.ovn_revision_numbers_db [None req-732361f5-3c9d-4ddc-915c-ee2e79769fb1 03e449e4cd3649c9ba58b0ae4a770ca8 4ca6a637c5be47aea2d648ca9e5e127c - - default default] Successfully bumped revision number for resource 6f81fe92-14c1-4747-b309-beb1ce9ed067 (type: security_groups) to 1
2026-07-16 08:05:05.924 10 INFO neutron.db.ovn_revision_numbers_db [None req-732361f5-3c9d-4ddc-915c-ee2e79769fb1 03e449e4cd3649c9ba58b0ae4a770ca8 4ca6a637c5be47aea2d648ca9e5e127c - - default default] Successfully bumped revision number for resource 1dae6c8a-6526-43a3-91c8-3d79d303f2af (type: security_group_rules) to 0
2026-07-16 08:05:05.937 10 INFO neutron.db.ovn_revision_numbers_db [None req-732361f5-3c9d-4ddc-915c-ee2e79769fb1 03e449e4cd3649c9ba58b0ae4a770ca8 4ca6a637c5be47aea2d648ca9e5e127c - - default default] Successfully bumped revision number for resource 6ec1ab97-00e3-4d2e-a670-c5784575eb9a (type: security_group_rules) to 0
2026-07-16 08:05:05.969 10 INFO neutron.api.wsgi [None req-732361f5-3c9d-4ddc-915c-ee2e79769fb1 03e449e4cd3649c9ba58b0ae4a770ca8 4ca6a637c5be47aea2d648ca9e5e127c - - default default] 10.0.0.205 "POST /v2.0/security-groups HTTP/1.1" status: 201 len: 1875 time: 0.2013350
2026-07-16 08:05:05.970 10 INFO neutron.db.ovn_revision_numbers_db [None req-6d10c6a2-362e-4629-b202-4313884ae0cd - - - - - -] Successfully bumped revision number for resource 235dfff1-d08f-4688-b0c3-8ae0667c3c03 (type: router_ports) to 1
2026-07-16 08:05:05.983 9 WARNING neutron_lib.context [None req-13e18cb0-7926-46c9-b776-854c49bcd337 03e449e4cd3649c9ba58b0ae4a770ca8 4ca6a637c5be47aea2d648ca9e5e127c - - default default] Method 'is_advsvc' is deprecated since 2023.2 release (neutron-lib 3.8.0) and will be removed once support for the old RBAC API policies will be removed from Neutron. Please use method 'is_service_role' instead.
2026-07-16 08:05:06.144 9 INFO neutron.db.ovn_revision_numbers_db [None req-13e18cb0-7926-46c9-b776-854c49bcd337 03e449e4cd3649c9ba58b0ae4a770ca8 4ca6a637c5be47aea2d648ca9e5e127c - - default default] Successfully bumped revision number for resource c62fff47-a219-40ce-b0bc-07cfe7fd59de (type: security_group_rules) to 0
2026-07-16 08:05:06.178 9 INFO neutron.api.wsgi [req-329fd558-e231-462e-a702-c71ea754dcee req-f56dad90-1d6d-485a-bcb3-d5716a35676b 6dd10aaafa7d4d69b8caba41ff227cd0 b017e85a7eb74822bccdfe30cd9f7ace - - default default] 10.0.0.17 "GET /v2.0/ports?device_id=05daaecc-49d8-4615-b7f2-f7a7725ff7d8 HTTP/1.1" status: 200 len: 1168 time: 0.0850391
2026-07-16 08:05:06.196 9 INFO neutron.api.wsgi [None req-13e18cb0-7926-46c9-b776-854c49bcd337 03e449e4cd3649c9ba58b0ae4a770ca8 4ca6a637c5be47aea2d648ca9e5e127c - - default default] 10.0.0.205 "POST /v2.0/security-group-rules HTTP/1.1" status: 201 len: 796 time: 0.2218704
2026-07-16 08:05:06.208 9 WARNING neutron_lib.context [None req-a897e426-481b-4ee2-a74a-7afaa61f31a7 03e449e4cd3649c9ba58b0ae4a770ca8 4ca6a637c5be47aea2d648ca9e5e127c - - default default] Method 'is_advsvc' is deprecated since 2023.2 release (neutron-lib 3.8.0) and will be removed once support for the old RBAC API policies will be removed from Neutron. Please use method 'is_service_role' instead.
2026-07-16 08:05:06.228 10 WARNING neutron.scheduler.dhcp_agent_scheduler [None req-6d10c6a2-362e-4629-b202-4313884ae0cd - - - - - -] No more DHCP agents
2026-07-16 08:05:06.230 10 WARNING neutron.api.rpc.agentnotifiers.dhcp_rpc_agent_api [None req-6d10c6a2-362e-4629-b202-4313884ae0cd - - - - - -] Unable to schedule network 9c7c5ca8-d22c-4e44-ab95-1b0b67ecc11f: no agents available; will retry on subsequent port and subnet creation events.
2026-07-16 08:05:06.234 9 INFO neutron.api.wsgi [req-329fd558-e231-462e-a702-c71ea754dcee req-6d28e975-8fc6-4f68-a357-7b3703133c0d 6dd10aaafa7d4d69b8caba41ff227cd0 b017e85a7eb74822bccdfe30cd9f7ace - - default default] 10.0.0.17 "GET /v2.0/security-groups?id=9259c730-2f44-4239-a3ab-ee2a874a2fc5&fields=id&fields=name HTTP/1.1" status: 200 len: 286 time: 0.0481684
2026-07-16 08:05:06.446 10 INFO neutron.db.ovn_revision_numbers_db [None req-6d10c6a2-362e-4629-b202-4313884ae0cd - - - - - -] Successfully bumped revision number for resource 0818ae90-000b-418e-aca6-e36335d59c09 (type: ports) to 1
2026-07-16 08:05:06.447 9 INFO neutron.db.ovn_revision_numbers_db [None req-a897e426-481b-4ee2-a74a-7afaa61f31a7 03e449e4cd3649c9ba58b0ae4a770ca8 4ca6a637c5be47aea2d648ca9e5e127c - - default default] Successfully bumped revision number for resource e6755711-2d66-4f34-b888-0e80b0578615 (type: security_group_rules) to 0
2026-07-16 08:05:06.489 9 INFO neutron.api.wsgi [None req-a897e426-481b-4ee2-a74a-7afaa61f31a7 03e449e4cd3649c9ba58b0ae4a770ca8 4ca6a637c5be47aea2d648ca9e5e127c - - default default] 10.0.0.205 "POST /v2.0/security-group-rules HTTP/1.1" status: 201 len: 795 time: 0.2872286
2026-07-16 08:05:06.498 10 WARNING neutron_lib.context [None req-a64acadb-c358-4084-bdb9-79595edd70cf 03e449e4cd3649c9ba58b0ae4a770ca8 4ca6a637c5be47aea2d648ca9e5e127c - - default default] Method 'is_advsvc' is deprecated since 2023.2 release (neutron-lib 3.8.0) and will be removed once support for the old RBAC API policies will be removed from Neutron. Please use method 'is_service_role' instead.
2026-07-16 08:05:06.673 10 INFO neutron.db.ovn_revision_numbers_db [None req-a64acadb-c358-4084-bdb9-79595edd70cf 03e449e4cd3649c9ba58b0ae4a770ca8 4ca6a637c5be47aea2d648ca9e5e127c - - default default] Successfully bumped revision number for resource fb31dfa1-fde5-46b2-8633-7b61e5681c9e (type: security_group_rules) to 0
2026-07-16 08:05:06.711 10 INFO neutron.api.wsgi [None req-a64acadb-c358-4084-bdb9-79595edd70cf 03e449e4cd3649c9ba58b0ae4a770ca8 4ca6a637c5be47aea2d648ca9e5e127c - - default default] 10.0.0.205 "POST /v2.0/security-group-rules HTTP/1.1" status: 201 len: 801 time: 0.2178698
2026-07-16 08:05:06.725 9 WARNING neutron_lib.context [None req-1ad8bf7b-66e9-4bab-8b34-93b87931c1aa 03e449e4cd3649c9ba58b0ae4a770ca8 4ca6a637c5be47aea2d648ca9e5e127c - - default default] Method 'is_advsvc' is deprecated since 2023.2 release (neutron-lib 3.8.0) and will be removed once support for the old RBAC API policies will be removed from Neutron. Please use method 'is_service_role' instead.
2026-07-16 08:05:06.739 10 INFO neutron.db.ovn_revision_numbers_db [None req-6d10c6a2-362e-4629-b202-4313884ae0cd - - - - - -] Successfully bumped revision number for resource 0818ae90-000b-418e-aca6-e36335d59c09 (type: ports) to 3
2026-07-16 08:05:06.897 9 INFO neutron.db.ovn_revision_numbers_db [None req-1ad8bf7b-66e9-4bab-8b34-93b87931c1aa 03e449e4cd3649c9ba58b0ae4a770ca8 4ca6a637c5be47aea2d648ca9e5e127c - - default default] Successfully bumped revision number for resource 1eef123d-e206-4d13-8534-989482e855f0 (type: security_group_rules) to 0
2026-07-16 08:05:07.072 9 INFO neutron.api.wsgi [None req-1ad8bf7b-66e9-4bab-8b34-93b87931c1aa 03e449e4cd3649c9ba58b0ae4a770ca8 4ca6a637c5be47aea2d648ca9e5e127c - - default default] 10.0.0.205 "POST /v2.0/security-group-rules HTTP/1.1" status: 201 len: 800 time: 0.3526788
2026-07-16 08:05:07.080 9 WARNING neutron_lib.context [None req-a6a02ba8-9ed3-475f-9d30-0f97fcba2fca 03e449e4cd3649c9ba58b0ae4a770ca8 4ca6a637c5be47aea2d648ca9e5e127c - - default default] Method 'is_advsvc' is deprecated since 2023.2 release (neutron-lib 3.8.0) and will be removed once support for the old RBAC API policies will be removed from Neutron. Please use method 'is_service_role' instead.
2026-07-16 08:05:07.089 13 ERROR oslo_messaging.rpc.server [None req-48e4ce9b-8537-45d0-96e7-f2fbc24e4390 fae944cd9cc8471faeb1df68a7a28c0f a67ca9ad4e0141b5a6002dc31e64602c - - default default] Exception during message handling: sqlalchemy.exc.PendingRollbackError: This Session's transaction has been rolled back due to a previous exception during flush. To begin a new transaction with this Session, first issue Session.rollback(). Original exception was: (pymysql.err.IntegrityError) (1062, "Duplicate entry 'a73d360e-a58f-4291-8b72-5823afb20400-af296a3b-6127-5996-bcf8-c36' for key 'routervpnagentbindings.PRIMARY'") [SQL: INSERT INTO routervpnagentbindings (router_id, vpn_agent_id) VALUES (%(router_id)s, %(vpn_agent_id)s)] [parameters: {'router_id': 'a73d360e-a58f-4291-8b72-5823afb20400', 'vpn_agent_id': 'af296a3b-6127-5996-bcf8-c363c7bf1007'}] (Background on this error at: https://sqlalche.me/e/20/gkpj) (Background on this error at: https://sqlalche.me/e/20/7s2a)
2026-07-16 08:05:07.089 13 ERROR oslo_messaging.rpc.server
Traceback (most recent call last):
2026-07-16 08:05:07.089 13 ERROR oslo_messaging.rpc.server
File "/var/lib/openstack/lib/python3.12/site-packages/oslo_messaging/rpc/server.py", line 172, in _process_incoming
2026-07-16 08:05:07.089 13 ERROR oslo_messaging.rpc.server res = self.dispatcher.dispatch(message)
2026-07-16 08:05:07.089 13 ERROR oslo_messaging.rpc.server ^^^^^^^^^^^^^^^^^^^^^^^^^^^^^^^^^
2026-07-16 08:05:07.089 13 ERROR oslo_messaging.rpc.server
File "/var/lib/openstack/lib/python3.12/site-packages/oslo_messaging/rpc/dispatcher.py", line 309, in dispatch
2026-07-16 08:05:07.089 13 ERROR oslo_messaging.rpc.server return self._do_dispatch(endpoint, method, ctxt, args)
2026-07-16 08:05:07.089 13 ERROR oslo_messaging.rpc.server ^^^^^^^^^^^^^^^^^^^^^^^^^^^^^^^^^^^^^^^^^^^^^^^
2026-07-16 08:05:07.089 13 ERROR oslo_messaging.rpc.server
File "/var/lib/openstack/lib/python3.12/site-packages/oslo_messaging/rpc/dispatcher.py", line 229, in _do_dispatch
2026-07-16 08:05:07.089 13 ERROR oslo_messaging.rpc.server result = func(ctxt, **new_args)
2026-07-16 08:05:07.089 13 ERROR oslo_messaging.rpc.server ^^^^^^^^^^^^^^^^^^^^^^
2026-07-16 08:05:07.089 13 ERROR oslo_messaging.rpc.server
File "/var/lib/openstack/lib/python3.12/site-packages/oslo_db/sqlalchemy/enginefacade.py", line 998, in wrapper
2026-07-16 08:05:07.089 13 ERROR oslo_messaging.rpc.server return fn(*args, **kwargs)
2026-07-16 08:05:07.089 13 ERROR oslo_messaging.rpc.server ^^^^^^^^^^^^^^^^^^^
2026-07-16 08:05:07.089 13 ERROR oslo_messaging.rpc.server
File "/var/lib/openstack/lib/python3.12/site-packages/neutron_vpnaas/services/vpn/service_drivers/base_ipsec.py", line 80, in get_vpn_services_on_host
2026-07-16 08:05:07.089 13 ERROR oslo_messaging.rpc.server local_cidr_map = plugin._build_local_subnet_cidr_map(context)
2026-07-16 08:05:07.089 13 ERROR oslo_messaging.rpc.server ^^^^^^^^^^^^^^^^^^^^^^^^^^^^^^^^^^^^^^^^^^^^
2026-07-16 08:05:07.089 13 ERROR oslo_messaging.rpc.server
File "/var/lib/openstack/lib/python3.12/site-packages/neutron_vpnaas/db/vpn/vpn_db.py", line 731, in _build_local_subnet_cidr_map
2026-07-16 08:05:07.089 13 ERROR oslo_messaging.rpc.server return {sn.id: sn.cidr for sn in query.all()}
2026-07-16 08:05:07.089 13 ERROR oslo_messaging.rpc.server ^^^^^^^^^^^
2026-07-16 08:05:07.089 13 ERROR oslo_messaging.rpc.server
File "/var/lib/openstack/lib/python3.12/site-packages/sqlalchemy/orm/query.py", line 2673, in all
2026-07-16 08:05:07.089 13 ERROR oslo_messaging.rpc.server return self._iter().all() # type: ignore
2026-07-16 08:05:07.089 13 ERROR oslo_messaging.rpc.server ^^^^^^^^^^^^
2026-07-16 08:05:07.089 13 ERROR oslo_messaging.rpc.server
File "/var/lib/openstack/lib/python3.12/site-packages/sqlalchemy/orm/query.py", line 2827, in _iter
2026-07-16 08:05:07.089 13 ERROR oslo_messaging.rpc.server result: Union[ScalarResult[_T], Result[_T]] = self.session.execute(
2026-07-16 08:05:07.089 13 ERROR oslo_messaging.rpc.server ^^^^^^^^^^^^^^^^^^^^^
2026-07-16 08:05:07.089 13 ERROR oslo_messaging.rpc.server
File "/var/lib/openstack/lib/python3.12/site-packages/sqlalchemy/orm/session.py", line 2362, in execute
2026-07-16 08:05:07.089 13 ERROR oslo_messaging.rpc.server return self._execute_internal(
2026-07-16 08:05:07.089 13 ERROR oslo_messaging.rpc.server ^^^^^^^^^^^^^^^^^^^^^^^
2026-07-16 08:05:07.089 13 ERROR oslo_messaging.rpc.server
File "/var/lib/openstack/lib/python3.12/site-packages/sqlalchemy/orm/session.py", line 2237, in _execute_internal
2026-07-16 08:05:07.089 13 ERROR oslo_messaging.rpc.server conn = self._connection_for_bind(bind)
2026-07-16 08:05:07.089 13 ERROR oslo_messaging.rpc.server ^^^^^^^^^^^^^^^^^^^^^^^^^^^^^^^
2026-07-16 08:05:07.089 13 ERROR oslo_messaging.rpc.server
File "/var/lib/openstack/lib/python3.12/site-packages/sqlalchemy/orm/session.py", line 2106, in _connection_for_bind
2026-07-16 08:05:07.089 13 ERROR oslo_messaging.rpc.server return trans._connection_for_bind(engine, execution_options)
2026-07-16 08:05:07.089 13 ERROR oslo_messaging.rpc.server ^^^^^^^^^^^^^^^^^^^^^^^^^^^^^^^^^^^^^^^^^^^^^^^^^^^^^
2026-07-16 08:05:07.089 13 ERROR oslo_messaging.rpc.server File "", line 2, in _connection_for_bind
2026-07-16 08:05:07.089 13 ERROR oslo_messaging.rpc.server
File "/var/lib/openstack/lib/python3.12/site-packages/sqlalchemy/orm/state_changes.py", line 103, in _go
2026-07-16 08:05:07.089 13 ERROR oslo_messaging.rpc.server self._raise_for_prerequisite_state(fn.__name__, current_state)
2026-07-16 08:05:07.089 13 ERROR oslo_messaging.rpc.server
File "/var/lib/openstack/lib/python3.12/site-packages/sqlalchemy/orm/session.py", line 973, in _raise_for_prerequisite_state
2026-07-16 08:05:07.089 13 ERROR oslo_messaging.rpc.server raise sa_exc.PendingRollbackError(
2026-07-16 08:05:07.089 13 ERROR oslo_messaging.rpc.server sqlalchemy.exc.PendingRollbackError: This Session's transaction has been rolled back due to a previous exception during flush. To begin a new transaction with this Session, first issue Session.rollback(). Original exception was: (pymysql.err.IntegrityError) (1062, "Duplicate entry 'a73d360e-a58f-4291-8b72-5823afb20400-af296a3b-6127-5996-bcf8-c36' for key 'routervpnagentbindings.PRIMARY'")
2026-07-16 08:05:07.089 13 ERROR oslo_messaging.rpc.server [SQL: INSERT INTO routervpnagentbindings (router_id, vpn_agent_id) VALUES (%(router_id)s, %(vpn_agent_id)s)]
2026-07-16 08:05:07.089 13 ERROR oslo_messaging.rpc.server [parameters: {'router_id': 'a73d360e-a58f-4291-8b72-5823afb20400', 'vpn_agent_id': 'af296a3b-6127-5996-bcf8-c363c7bf1007'}]
2026-07-16 08:05:07.089 13 ERROR oslo_messaging.rpc.server (Background on this error at: https://sqlalche.me/e/20/gkpj) (Background on this error at: https://sqlalche.me/e/20/7s2a)
2026-07-16 08:05:07.089 13 ERROR oslo_messaging.rpc.server
2026-07-16 08:05:07.114 9 INFO neutron.db.securitygroups_db [None req-a6a02ba8-9ed3-475f-9d30-0f97fcba2fca 03e449e4cd3649c9ba58b0ae4a770ca8 4ca6a637c5be47aea2d648ca9e5e127c - - default default] Project 4ca6a637c5be47aea2d648ca9e5e127c added a security group rule with legacy IPv6 ICMP protocol name icmp, ipv6-icmp should be used instead. It was automatically converted.
2026-07-16 08:05:07.242 9 INFO neutron.db.ovn_revision_numbers_db [None req-a6a02ba8-9ed3-475f-9d30-0f97fcba2fca 03e449e4cd3649c9ba58b0ae4a770ca8 4ca6a637c5be47aea2d648ca9e5e127c - - default default] Successfully bumped revision number for resource f7ff08a7-a042-4853-95ae-63edac5a3833 (type: security_group_rules) to 0
2026-07-16 08:05:07.253 10 INFO neutron.api.wsgi [None req-6efbf6c2-b1c9-406d-9cdd-b3b98b7b6eb4 fae944cd9cc8471faeb1df68a7a28c0f a67ca9ad4e0141b5a6002dc31e64602c - - default default] 10.0.0.205 "POST /v2.0/vpn/vpnservices HTTP/1.1" status: 201 len: 657 time: 4.9628565
2026-07-16 08:05:07.265 10 INFO neutron.api.wsgi [None req-0cc8db4d-2774-4dd7-a890-0a396cd90186 fae944cd9cc8471faeb1df68a7a28c0f a67ca9ad4e0141b5a6002dc31e64602c - - default default] 10.0.0.205 "GET /v2.0/vpn/vpnservices HTTP/1.1" status: 200 len: 1502 time: 0.0097730
2026-07-16 08:05:07.277 9 INFO neutron.api.wsgi [None req-a6a02ba8-9ed3-475f-9d30-0f97fcba2fca 03e449e4cd3649c9ba58b0ae4a770ca8 4ca6a637c5be47aea2d648ca9e5e127c - - default default] 10.0.0.205 "POST /v2.0/security-group-rules HTTP/1.1" status: 201 len: 806 time: 0.2007930
2026-07-16 08:05:07.284 10 WARNING neutron_lib.context [None req-b4b3b8ca-ff46-47a6-afd3-f903f8f1ee60 03e449e4cd3649c9ba58b0ae4a770ca8 4ca6a637c5be47aea2d648ca9e5e127c - - default default] Method 'is_advsvc' is deprecated since 2023.2 release (neutron-lib 3.8.0) and will be removed once support for the old RBAC API policies will be removed from Neutron. Please use method 'is_service_role' instead.
2026-07-16 08:05:07.314 10 INFO neutron.db.securitygroups_db [None req-b4b3b8ca-ff46-47a6-afd3-f903f8f1ee60 03e449e4cd3649c9ba58b0ae4a770ca8 4ca6a637c5be47aea2d648ca9e5e127c - - default default] Project 4ca6a637c5be47aea2d648ca9e5e127c added a security group rule with legacy IPv6 ICMP protocol name icmp, ipv6-icmp should be used instead. It was automatically converted.
2026-07-16 08:05:07.388 10 INFO neutron.db.ovn_revision_numbers_db [None req-b4b3b8ca-ff46-47a6-afd3-f903f8f1ee60 03e449e4cd3649c9ba58b0ae4a770ca8 4ca6a637c5be47aea2d648ca9e5e127c - - default default] Successfully bumped revision number for resource 2b9f2b9e-7a1c-4227-9b63-effe38605ad6 (type: security_group_rules) to 0
2026-07-16 08:05:07.409 10 INFO neutron.api.wsgi [None req-b4b3b8ca-ff46-47a6-afd3-f903f8f1ee60 03e449e4cd3649c9ba58b0ae4a770ca8 4ca6a637c5be47aea2d648ca9e5e127c - - default default] 10.0.0.205 "POST /v2.0/security-group-rules HTTP/1.1" status: 201 len: 805 time: 0.1276860
2026-07-16 08:05:07.559 10 INFO neutron.api.wsgi [req-ae44dbbe-3a3a-4b2a-ab52-02a744bfaab7 req-ea0d79a6-2e21-4972-b57f-97f4dcc0af9f 6dd10aaafa7d4d69b8caba41ff227cd0 b017e85a7eb74822bccdfe30cd9f7ace - - default default] 10.0.0.17 "GET /v2.0/ports?device_id=05daaecc-49d8-4615-b7f2-f7a7725ff7d8 HTTP/1.1" status: 200 len: 1168 time: 0.0769227
2026-07-16 08:05:07.604 10 INFO neutron.api.wsgi [req-ae44dbbe-3a3a-4b2a-ab52-02a744bfaab7 req-11b7f031-3972-47bc-880c-8c5e3e47667c 6dd10aaafa7d4d69b8caba41ff227cd0 b017e85a7eb74822bccdfe30cd9f7ace - - default default] 10.0.0.17 "GET /v2.0/security-groups?id=9259c730-2f44-4239-a3ab-ee2a874a2fc5&fields=id&fields=name HTTP/1.1" status: 200 len: 286 time: 0.0400341
2026-07-16 08:05:07.636 9 WARNING neutron.plugins.ml2.drivers.ovn.mech_driver.ovsdb.ovn_client [None req-70368e61-09b4-4ef3-a337-0217f19b4057 - - - - - -] No hosting information found for port 4189bc8a-0d70-48e6-b355-618aa70eedcc: RuntimeError: No hosting information found for port 4189bc8a-0d70-48e6-b355-618aa70eedcc
2026-07-16 08:05:07.720 9 INFO neutron.db.ovn_revision_numbers_db [None req-70368e61-09b4-4ef3-a337-0217f19b4057 - - - - - -] Successfully bumped revision number for resource 4189bc8a-0d70-48e6-b355-618aa70eedcc (type: router_ports) to 2
2026-07-16 08:05:07.770 9 INFO neutron.plugins.ml2.drivers.ovn.mech_driver.mech_driver [None req-70368e61-09b4-4ef3-a337-0217f19b4057 - - - - - -] OVN reports status up for port: d1dad25a-e917-4e8f-846c-bab51a199665
2026-07-16 08:05:07.781 9 INFO neutron.plugins.ml2.plugin [None req-70368e61-09b4-4ef3-a337-0217f19b4057 - - - - - -] Attempt 1 to provision port d1dad25a-e917-4e8f-846c-bab51a199665
2026-07-16 08:05:07.898 10 INFO neutron.api.wsgi [None req-8397617e-f678-46ee-8eda-dcbafd27defa 03e449e4cd3649c9ba58b0ae4a770ca8 4ca6a637c5be47aea2d648ca9e5e127c - - default default] 10.0.0.205 "GET /v2.0/networks HTTP/1.1" status: 200 len: 1493 time: 0.1016462
2026-07-16 08:05:07.912 9 INFO neutron.notifiers.nova [-] Nova event matching ['req-b42b2b4d-072f-486f-a02a-992a8fa1e97c'] response: {'server_uuid': '05daaecc-49d8-4615-b7f2-f7a7725ff7d8', 'name': 'network-vif-plugged', 'status': 'completed', 'tag': 'd1dad25a-e917-4e8f-846c-bab51a199665', 'code': 200}
2026-07-16 08:05:08.049 9 INFO neutron.db.ovn_revision_numbers_db [None req-70368e61-09b4-4ef3-a337-0217f19b4057 - - - - - -] Successfully bumped revision number for resource d1dad25a-e917-4e8f-846c-bab51a199665 (type: ports) to 5
2026-07-16 08:05:08.516 10 INFO neutron.api.wsgi [req-5737bbc4-fe74-46b9-bfd7-d629a109431d req-50a9ae8b-ba4a-4e6a-99dd-f4f2487c7740 03e449e4cd3649c9ba58b0ae4a770ca8 4ca6a637c5be47aea2d648ca9e5e127c - - default default] 10.0.0.17 "GET /v2.0/security-groups?name=tempest-secgroup-smoke-413288094&fields=id&tenant_id=4ca6a637c5be47aea2d648ca9e5e127c HTTP/1.1" status: 200 len: 267 time: 0.0410826
2026-07-16 08:05:08.571 10 INFO neutron.api.wsgi [req-5737bbc4-fe74-46b9-bfd7-d629a109431d req-71ec0afa-6f8c-46ca-8380-e869d2735fe5 03e449e4cd3649c9ba58b0ae4a770ca8 4ca6a637c5be47aea2d648ca9e5e127c - - default default] 10.0.0.17 "GET /v2.0/networks?id=710c1120-e05c-4fd8-8c61-23b8df01a1dc HTTP/1.1" status: 200 len: 860 time: 0.0510798
2026-07-16 08:05:08.591 10 INFO neutron.api.wsgi [req-5737bbc4-fe74-46b9-bfd7-d629a109431d req-cb053ac2-b525-48a7-80e8-00164b83ef35 03e449e4cd3649c9ba58b0ae4a770ca8 4ca6a637c5be47aea2d648ca9e5e127c - - default default] 10.0.0.17 "GET /v2.0/quotas/4ca6a637c5be47aea2d648ca9e5e127c HTTP/1.1" status: 200 len: 491 time: 0.0153027
2026-07-16 08:05:08.684 10 INFO neutron.api.wsgi [req-5737bbc4-fe74-46b9-bfd7-d629a109431d req-0cb3da2b-2783-41f6-ac0b-4a3b5b7a93a5 03e449e4cd3649c9ba58b0ae4a770ca8 4ca6a637c5be47aea2d648ca9e5e127c - - default default] 10.0.0.17 "GET /v2.0/ports?tenant_id=4ca6a637c5be47aea2d648ca9e5e127c&fields=id HTTP/1.1" status: 200 len: 348 time: 0.0899053 /var/lib/openstack/lib/python3.12/site-packages/pycadf/identifier.py:71: UserWarning: Invalid uuid: neutron. To ensure interoperability, identifiers should be a valid uuid. warnings.warn(('Invalid uuid: %s. To ensure interoperability, '
2026-07-16 08:05:08.723 9 INFO neutron.api.wsgi [req-f389713f-2176-47cc-ad4e-250e12b821ba req-e6c68972-be88-4c42-ae93-25292831126e 6dd10aaafa7d4d69b8caba41ff227cd0 b017e85a7eb74822bccdfe30cd9f7ace - - default default] 10.0.0.17 "GET /v2.0/ports?device_id=05daaecc-49d8-4615-b7f2-f7a7725ff7d8 HTTP/1.1" status: 200 len: 1170 time: 0.0385425
2026-07-16 08:05:08.745 10 INFO neutron.api.wsgi [req-5737bbc4-fe74-46b9-bfd7-d629a109431d req-7d109618-2be6-441c-93d4-dae1334f948b ffa3e627b4de4f94a723cdbe4373c377 5e17cd22ac7a410482bcc6c4d3c6e31a - - 69faa7a73d15429097d2f6940a1a579e 69faa7a73d15429097d2f6940a1a579e] 10.0.0.17 "GET /v2.0/networks/710c1120-e05c-4fd8-8c61-23b8df01a1dc?fields=segments HTTP/1.1" status: 200 len: 212 time: 0.0343819
2026-07-16 08:05:08.768 9 INFO neutron.api.wsgi [req-f389713f-2176-47cc-ad4e-250e12b821ba req-93594639-8c00-4f9f-963a-ad79959c5bbd 6dd10aaafa7d4d69b8caba41ff227cd0 b017e85a7eb74822bccdfe30cd9f7ace - - default default] 10.0.0.17 "GET /v2.0/security-groups?id=9259c730-2f44-4239-a3ab-ee2a874a2fc5&fields=id&fields=name HTTP/1.1" status: 200 len: 286 time: 0.0398886
2026-07-16 08:05:08.792 10 INFO neutron.api.wsgi [req-5737bbc4-fe74-46b9-bfd7-d629a109431d req-a41c9a76-1dd7-4a8a-9f52-9d627dce2a1b ffa3e627b4de4f94a723cdbe4373c377 5e17cd22ac7a410482bcc6c4d3c6e31a - - 69faa7a73d15429097d2f6940a1a579e 69faa7a73d15429097d2f6940a1a579e] 10.0.0.17 "GET /v2.0/networks/710c1120-e05c-4fd8-8c61-23b8df01a1dc?fields=provider%3Aphysical_network&fields=provider%3Anetwork_type HTTP/1.1" status: 200 len: 277 time: 0.0411606
2026-07-16 08:05:08.946 9 INFO neutron.api.wsgi [req-da3f5fa6-2230-4d14-bdf9-c2557b697c38 req-e5b2454c-dadc-4378-a7da-61920cadce5a 03e449e4cd3649c9ba58b0ae4a770ca8 4ca6a637c5be47aea2d648ca9e5e127c - - default default] 10.0.0.17 "GET /v2.0/ports?device_id=4fb93ec5-087e-4b5c-a65f-786ec042a048 HTTP/1.1" status: 200 len: 210 time: 0.0361159
2026-07-16 08:05:09.868 10 INFO neutron.api.wsgi [req-b22b341c-0ec7-4ab1-adf5-0c24e84ec68a req-d5b37597-1fc4-425c-9cce-9b3740a87203 6dd10aaafa7d4d69b8caba41ff227cd0 b017e85a7eb74822bccdfe30cd9f7ace - - default default] 10.0.0.17 "GET /v2.0/ports?device_id=05daaecc-49d8-4615-b7f2-f7a7725ff7d8 HTTP/1.1" status: 200 len: 1170 time: 0.0354817
2026-07-16 08:05:09.914 10 INFO neutron.api.wsgi [req-b22b341c-0ec7-4ab1-adf5-0c24e84ec68a req-91d43450-dfff-4055-ae41-0e6851617af4 6dd10aaafa7d4d69b8caba41ff227cd0 b017e85a7eb74822bccdfe30cd9f7ace - - default default] 10.0.0.17 "GET /v2.0/security-groups?id=9259c730-2f44-4239-a3ab-ee2a874a2fc5&fields=id&fields=name HTTP/1.1" status: 200 len: 286 time: 0.0373795
2026-07-16 08:05:09.920 9 INFO neutron.services.segments.plugin [-] Segment 928f9a40-9e94-4f4b-9a2d-27ed99077ac6 resource provider aggregate not found
2026-07-16 08:05:09.924 9 INFO neutron.services.segments.plugin [-] Segment 928f9a40-9e94-4f4b-9a2d-27ed99077ac6 resource provider aggregate not found
2026-07-16 08:05:09.936 9 INFO neutron.services.segments.plugin [-] Segment 928f9a40-9e94-4f4b-9a2d-27ed99077ac6 resource provider not found; error: Placement Client Error (4xx): {"errors": [{"status": 404, "title": "Not Found", "detail": "The resource could not be found.\n\n No resource provider with uuid 928f9a40-9e94-4f4b-9a2d-27ed99077ac6 found for delete ", "request_id": "req-94aaaa48-a29c-41cc-b2ce-f7658ea0dd06"}]}
2026-07-16 08:05:09.944 9 INFO neutron.services.segments.plugin [-] Segment 928f9a40-9e94-4f4b-9a2d-27ed99077ac6 resource provider not found; error: Placement Client Error (4xx): {"errors": [{"status": 404, "title": "Not Found", "detail": "The resource could not be found.\n\n No resource provider with uuid 928f9a40-9e94-4f4b-9a2d-27ed99077ac6 found for delete ", "request_id": "req-7e494ed0-8827-4505-9f3d-5058c800d17c"}]}
2026-07-16 08:05:09.952 9 INFO neutron.notifiers.nova [-] Nova event matching ['req-04f3677f-a767-4790-b5d2-5876aa2738ab'] response: {'server_uuid': '05daaecc-49d8-4615-b7f2-f7a7725ff7d8', 'name': 'network-vif-plugged', 'status': 'completed', 'tag': 'd1dad25a-e917-4e8f-846c-bab51a199665', 'code': 200}
2026-07-16 08:05:09.969 9 INFO neutron.api.wsgi [None req-03ecc2c8-04a2-4a7b-89f5-8c14e3c49cf3 fae944cd9cc8471faeb1df68a7a28c0f a67ca9ad4e0141b5a6002dc31e64602c - - default default] 10.0.0.205 "DELETE /v2.0/vpn/vpnservices/2a9147cb-722e-4cb1-8340-88087b3c6464 HTTP/1.1" status: 204 len: 168 time: 2.7009966 /var/lib/openstack/lib/python3.12/site-packages/pycadf/identifier.py:71: UserWarning: Invalid uuid: neutron. To ensure interoperability, identifiers should be a valid uuid. warnings.warn(('Invalid uuid: %s. To ensure interoperability, '
2026-07-16 08:05:09.987 9 INFO neutron.api.wsgi [None req-2aa4626f-8401-405f-be5f-f1cd3af497db fae944cd9cc8471faeb1df68a7a28c0f a67ca9ad4e0141b5a6002dc31e64602c - - default default] 10.0.0.205 "GET /v2.0/vpn/vpnservices HTTP/1.1" status: 200 len: 1057 time: 0.0115473
2026-07-16 08:05:09.998 9 WARNING neutron_lib.context [None req-be5936cd-1d48-49a8-80ad-47141ff131ab fae944cd9cc8471faeb1df68a7a28c0f a67ca9ad4e0141b5a6002dc31e64602c - - default default] Method 'is_advsvc' is deprecated since 2023.2 release (neutron-lib 3.8.0) and will be removed once support for the old RBAC API policies will be removed from Neutron. Please use method 'is_service_role' instead.
2026-07-16 08:05:10.047 10 INFO neutron.api.wsgi [req-31b83258-6e14-46fd-9e58-a2b6d7b2ed2d req-b2f5126e-b7cf-4371-9bb7-b91201fbfed4 03e449e4cd3649c9ba58b0ae4a770ca8 4ca6a637c5be47aea2d648ca9e5e127c - - default default] 10.0.0.17 "GET /v2.0/ports?device_id=4fb93ec5-087e-4b5c-a65f-786ec042a048 HTTP/1.1" status: 200 len: 210 time: 0.0225964
2026-07-16 08:05:10.062 9 INFO neutron.api.v2.resource [None req-be5936cd-1d48-49a8-80ad-47141ff131ab fae944cd9cc8471faeb1df68a7a28c0f a67ca9ad4e0141b5a6002dc31e64602c - - default default] create failed (client error): The server could not comply with the request since it is either malformed or otherwise incorrect.
2026-07-16 08:05:10.064 9 INFO neutron.api.wsgi [None req-be5936cd-1d48-49a8-80ad-47141ff131ab fae944cd9cc8471faeb1df68a7a28c0f a67ca9ad4e0141b5a6002dc31e64602c - - default default] 10.0.0.205 "POST /v2.0/vpn/ipsec-site-connections HTTP/1.1" status: 400 len: 330 time: 0.0696619
2026-07-16 08:05:10.077 9 WARNING neutron_lib.context [None req-def0572e-bbd0-41ca-9da0-9951250c0805 fae944cd9cc8471faeb1df68a7a28c0f a67ca9ad4e0141b5a6002dc31e64602c - - default default] Method 'is_advsvc' is deprecated since 2023.2 release (neutron-lib 3.8.0) and will be removed once support for the old RBAC API policies will be removed from Neutron. Please use method 'is_service_role' instead.
2026-07-16 08:05:10.138 9 INFO neutron.api.v2.resource [None req-def0572e-bbd0-41ca-9da0-9951250c0805 fae944cd9cc8471faeb1df68a7a28c0f a67ca9ad4e0141b5a6002dc31e64602c - - default default] create failed (client error): The server could not comply with the request since it is either malformed or otherwise incorrect.
2026-07-16 08:05:10.140 9 INFO neutron.api.wsgi [None req-def0572e-bbd0-41ca-9da0-9951250c0805 fae944cd9cc8471faeb1df68a7a28c0f a67ca9ad4e0141b5a6002dc31e64602c - - default default] 10.0.0.205 "POST /v2.0/vpn/ipsec-site-connections HTTP/1.1" status: 400 len: 339 time: 0.0674860
2026-07-16 08:05:10.151 9 WARNING neutron.api.v2.base [None req-b765a260-0a21-4018-8a63-4f934764ff1c fae944cd9cc8471faeb1df68a7a28c0f a67ca9ad4e0141b5a6002dc31e64602c - - default default] An exception happened while processing the request body. The exception message is [Invalid input for dpd. Reason: '59' is not a dictionary.].: webob.exc.HTTPBadRequest: Invalid input for dpd. Reason: '59' is not a dictionary.
2026-07-16 08:05:10.152 9 INFO neutron.api.v2.resource [None req-b765a260-0a21-4018-8a63-4f934764ff1c fae944cd9cc8471faeb1df68a7a28c0f a67ca9ad4e0141b5a6002dc31e64602c - - default default] create failed (client error): Invalid input for dpd. Reason: '59' is not a dictionary.
2026-07-16 08:05:10.153 9 INFO neutron.api.wsgi [None req-b765a260-0a21-4018-8a63-4f934764ff1c fae944cd9cc8471faeb1df68a7a28c0f a67ca9ad4e0141b5a6002dc31e64602c - - default default] 10.0.0.205 "POST /v2.0/vpn/ipsec-site-connections HTTP/1.1" status: 400 len: 332 time: 0.0058553
2026-07-16 08:05:10.164 10 WARNING neutron_lib.context [None req-53664545-5adc-4eb8-8dfb-fb3ee76963d7 fae944cd9cc8471faeb1df68a7a28c0f a67ca9ad4e0141b5a6002dc31e64602c - - default default] Method 'is_advsvc' is deprecated since 2023.2 release (neutron-lib 3.8.0) and will be removed once support for the old RBAC API policies will be removed from Neutron. Please use method 'is_service_role' instead.
2026-07-16 08:05:10.241 10 INFO neutron.api.wsgi [None req-53664545-5adc-4eb8-8dfb-fb3ee76963d7 fae944cd9cc8471faeb1df68a7a28c0f a67ca9ad4e0141b5a6002dc31e64602c - - default default] 10.0.0.205 "POST /v2.0/vpn/endpoint-groups HTTP/1.1" status: 201 len: 492 time: 0.0823421
2026-07-16 08:05:10.250 10 WARNING neutron_lib.context [None req-a6a2749b-44e5-4160-90be-bc0a72015052 fae944cd9cc8471faeb1df68a7a28c0f a67ca9ad4e0141b5a6002dc31e64602c - - default default] Method 'is_advsvc' is deprecated since 2023.2 release (neutron-lib 3.8.0) and will be removed once support for the old RBAC API policies will be removed from Neutron. Please use method 'is_service_role' instead.
2026-07-16 08:05:10.282 10 INFO neutron.api.v2.resource [None req-a6a2749b-44e5-4160-90be-bc0a72015052 fae944cd9cc8471faeb1df68a7a28c0f a67ca9ad4e0141b5a6002dc31e64602c - - default default] create failed (client error): The server could not comply with the request since it is either malformed or otherwise incorrect.
2026-07-16 08:05:10.283 10 INFO neutron.api.wsgi [None req-a6a2749b-44e5-4160-90be-bc0a72015052 fae944cd9cc8471faeb1df68a7a28c0f a67ca9ad4e0141b5a6002dc31e64602c - - default default] 10.0.0.205 "POST /v2.0/vpn/ipsec-site-connections HTTP/1.1" status: 400 len: 352 time: 0.0368457
2026-07-16 08:05:10.298 10 INFO neutron.api.wsgi [None req-d42cb0b8-f098-405c-993a-32dc192aab6c fae944cd9cc8471faeb1df68a7a28c0f a67ca9ad4e0141b5a6002dc31e64602c - - default default] 10.0.0.205 "GET /v2.0/vpn/endpoint-groups HTTP/1.1" status: 200 len: 1101 time: 0.0096946
2026-07-16 08:05:10.326 10 INFO neutron.api.wsgi [None req-868f4ecf-b176-4016-8467-c29f95f2adfb fae944cd9cc8471faeb1df68a7a28c0f a67ca9ad4e0141b5a6002dc31e64602c - - default default] 10.0.0.205 "DELETE /v2.0/vpn/endpoint-groups/849e3bdf-5190-4d4f-96b7-9324e3e486b3 HTTP/1.1" status: 204 len: 168 time: 0.0229225
2026-07-16 08:05:10.349 10 INFO neutron.api.wsgi [None req-ed5e466f-d9c3-403b-ae50-27741b71f3f4 fae944cd9cc8471faeb1df68a7a28c0f a67ca9ad4e0141b5a6002dc31e64602c - - default default] 10.0.0.205 "GET /v2.0/vpn/endpoint-groups HTTP/1.1" status: 200 len: 826 time: 0.0110893
2026-07-16 08:05:10.360 10 WARNING neutron_lib.context [None req-ec4395e0-b600-46df-aa46-0730a30f3d8b fae944cd9cc8471faeb1df68a7a28c0f a67ca9ad4e0141b5a6002dc31e64602c - - default default] Method 'is_advsvc' is deprecated since 2023.2 release (neutron-lib 3.8.0) and will be removed once support for the old RBAC API policies will be removed from Neutron. Please use method 'is_service_role' instead.
2026-07-16 08:05:10.403 10 INFO neutron.api.wsgi [None req-ec4395e0-b600-46df-aa46-0730a30f3d8b fae944cd9cc8471faeb1df68a7a28c0f a67ca9ad4e0141b5a6002dc31e64602c - - default default] 10.0.0.205 "POST /v2.0/vpn/endpoint-groups HTTP/1.1" status: 201 len: 500 time: 0.0472662
2026-07-16 08:05:10.412 10 WARNING neutron_lib.context [None req-b4ede11c-c098-4a5b-ba3d-5621f265bfd8 fae944cd9cc8471faeb1df68a7a28c0f a67ca9ad4e0141b5a6002dc31e64602c - - default default] Method 'is_advsvc' is deprecated since 2023.2 release (neutron-lib 3.8.0) and will be removed once support for the old RBAC API policies will be removed from Neutron. Please use method 'is_service_role' instead.
2026-07-16 08:05:10.447 10 INFO neutron.api.v2.resource [None req-b4ede11c-c098-4a5b-ba3d-5621f265bfd8 fae944cd9cc8471faeb1df68a7a28c0f a67ca9ad4e0141b5a6002dc31e64602c - - default default] create failed (client error): The server could not comply with the request since it is either malformed or otherwise incorrect.
2026-07-16 08:05:10.449 10 INFO neutron.api.wsgi [None req-b4ede11c-c098-4a5b-ba3d-5621f265bfd8 fae944cd9cc8471faeb1df68a7a28c0f a67ca9ad4e0141b5a6002dc31e64602c - - default default] 10.0.0.205 "POST /v2.0/vpn/ipsec-site-connections HTTP/1.1" status: 400 len: 351 time: 0.0407724
2026-07-16 08:05:10.468 10 INFO neutron.api.wsgi [None req-a24bcda2-f4d7-4c00-86a0-48d1229dc12a fae944cd9cc8471faeb1df68a7a28c0f a67ca9ad4e0141b5a6002dc31e64602c - - default default] 10.0.0.205 "GET /v2.0/vpn/endpoint-groups HTTP/1.1" status: 200 len: 1109 time: 0.0138090
2026-07-16 08:05:10.495 9 INFO neutron.api.wsgi [None req-a53e0f4b-2fc2-4235-8e56-f89af9276628 fae944cd9cc8471faeb1df68a7a28c0f a67ca9ad4e0141b5a6002dc31e64602c - - default default] 10.0.0.205 "DELETE /v2.0/vpn/endpoint-groups/30e60ac9-e4d4-48fa-ab35-89e6b6132ae1 HTTP/1.1" status: 204 len: 168 time: 0.0230401
2026-07-16 08:05:10.510 9 INFO neutron.api.wsgi [None req-d2285200-0109-4d03-a235-9d7909da2fa1 fae944cd9cc8471faeb1df68a7a28c0f a67ca9ad4e0141b5a6002dc31e64602c - - default default] 10.0.0.205 "GET /v2.0/vpn/endpoint-groups HTTP/1.1" status: 200 len: 826 time: 0.0095899
2026-07-16 08:05:10.521 9 WARNING neutron.api.v2.base [None req-e21b2629-8a91-4c2c-b897-a8058adb1a3d fae944cd9cc8471faeb1df68a7a28c0f a67ca9ad4e0141b5a6002dc31e64602c - - default default] An exception happened while processing the request body. The exception message is [Invalid input for peer_cidrs. Reason: '1.0.0.0/33' is not a valid IP subnet.].: webob.exc.HTTPBadRequest: Invalid input for peer_cidrs. Reason: '1.0.0.0/33' is not a valid IP subnet.
2026-07-16 08:05:10.521 9 INFO neutron.api.v2.resource [None req-e21b2629-8a91-4c2c-b897-a8058adb1a3d fae944cd9cc8471faeb1df68a7a28c0f a67ca9ad4e0141b5a6002dc31e64602c - - default default] create failed (client error): Invalid input for peer_cidrs. Reason: '1.0.0.0/33' is not a valid IP subnet.
2026-07-16 08:05:10.522 9 INFO neutron.api.wsgi [None req-e21b2629-8a91-4c2c-b897-a8058adb1a3d fae944cd9cc8471faeb1df68a7a28c0f a67ca9ad4e0141b5a6002dc31e64602c - - default default] 10.0.0.205 "POST /v2.0/vpn/ipsec-site-connections HTTP/1.1" status: 400 len: 352 time: 0.0054781
2026-07-16 08:05:10.533 9 WARNING neutron_lib.context [None req-37646562-e777-42bb-8337-9209ee59f1bc fae944cd9cc8471faeb1df68a7a28c0f a67ca9ad4e0141b5a6002dc31e64602c - - default default] Method 'is_advsvc' is deprecated since 2023.2 release (neutron-lib 3.8.0) and will be removed once support for the old RBAC API policies will be removed from Neutron. Please use method 'is_service_role' instead.
2026-07-16 08:05:10.649 9 INFO neutron.db.segments_db [None req-37646562-e777-42bb-8337-9209ee59f1bc fae944cd9cc8471faeb1df68a7a28c0f a67ca9ad4e0141b5a6002dc31e64602c - - default default] Added segment 1222aaa3-2a1d-4ee8-9e92-5efc7282b8d7 of type geneve for network 6bb295a4-4bc9-45b3-802a-7b3416ee2800
