2026-07-16 08:04:54.073 10 INFO neutron.api.wsgi [None req-dca0fd1c-351c-402d-a2d4-27eec71d2abc fae944cd9cc8471faeb1df68a7a28c0f a67ca9ad4e0141b5a6002dc31e64602c - - default default] 10.0.0.205 "GET /v2.0/vpn/endpoint-groups HTTP/1.1" status: 200 len: 1387 time: 0.0129950
2026-07-16 08:04:54.097 10 INFO neutron.api.wsgi [None req-e6794e35-edf4-4c30-b5ff-3ef33bdf4ab6 fae944cd9cc8471faeb1df68a7a28c0f a67ca9ad4e0141b5a6002dc31e64602c - - default default] 10.0.0.205 "DELETE /v2.0/vpn/endpoint-groups/67b24985-6a6f-49fb-8b9c-e12854288661 HTTP/1.1" status: 204 len: 168 time: 0.0200534
2026-07-16 08:04:54.113 10 INFO neutron.api.wsgi [None req-12837c70-cefa-4f0f-b141-f5f29e5b4c1e fae944cd9cc8471faeb1df68a7a28c0f a67ca9ad4e0141b5a6002dc31e64602c - - default default] 10.0.0.205 "GET /v2.0/vpn/endpoint-groups HTTP/1.1" status: 200 len: 1110 time: 0.0105867
2026-07-16 08:04:54.127 10 INFO neutron.api.wsgi [None req-dc8e6660-8e56-48d6-bbcc-809b0afbde90 fae944cd9cc8471faeb1df68a7a28c0f a67ca9ad4e0141b5a6002dc31e64602c - - default default] 10.0.0.205 "GET /v2.0/vpn/endpoint-groups HTTP/1.1" status: 200 len: 1110 time: 0.0100818
2026-07-16 08:04:54.148 10 INFO neutron.api.wsgi [None req-9f06caa4-cfe3-4e7c-9c13-00e07284957a fae944cd9cc8471faeb1df68a7a28c0f a67ca9ad4e0141b5a6002dc31e64602c - - default default] 10.0.0.205 "DELETE /v2.0/vpn/endpoint-groups/803d9f0c-ac1b-4511-811b-05fdb152b1fe HTTP/1.1" status: 204 len: 168 time: 0.0167730
2026-07-16 08:04:54.162 10 INFO neutron.api.wsgi [None req-26ac1b63-2f1a-4557-9ff7-aadca88341fc fae944cd9cc8471faeb1df68a7a28c0f a67ca9ad4e0141b5a6002dc31e64602c - - default default] 10.0.0.205 "GET /v2.0/vpn/endpoint-groups HTTP/1.1" status: 200 len: 826 time: 0.0081234
2026-07-16 08:04:54.171 10 WARNING neutron_lib.context [None req-0a79379b-2bcc-4ff9-ad0e-5be683b6a838 fae944cd9cc8471faeb1df68a7a28c0f a67ca9ad4e0141b5a6002dc31e64602c - - default default] Method 'is_advsvc' is deprecated since 2023.2 release (neutron-lib 3.8.0) and will be removed once support for the old RBAC API policies will be removed from Neutron. Please use method 'is_service_role' instead.
2026-07-16 08:04:54.221 10 INFO neutron.api.wsgi [None req-0a79379b-2bcc-4ff9-ad0e-5be683b6a838 fae944cd9cc8471faeb1df68a7a28c0f a67ca9ad4e0141b5a6002dc31e64602c - - default default] 10.0.0.205 "POST /v2.0/vpn/endpoint-groups HTTP/1.1" status: 201 len: 500 time: 0.0526919
2026-07-16 08:04:54.233 9 WARNING neutron.api.v2.base [None req-05e8f2ce-bb9a-4580-b452-8464e11abac0 fae944cd9cc8471faeb1df68a7a28c0f a67ca9ad4e0141b5a6002dc31e64602c - - default default] An exception happened while processing the request body. The exception message is [Failed to parse request. Required attribute 'peer_id' not specified].: webob.exc.HTTPBadRequest: Failed to parse request. Required attribute 'peer_id' not specified
2026-07-16 08:04:54.234 9 INFO neutron.api.v2.resource [None req-05e8f2ce-bb9a-4580-b452-8464e11abac0 fae944cd9cc8471faeb1df68a7a28c0f a67ca9ad4e0141b5a6002dc31e64602c - - default default] create failed (client error): Failed to parse request. Required attribute 'peer_id' not specified
2026-07-16 08:04:54.235 9 INFO neutron.api.wsgi [None req-05e8f2ce-bb9a-4580-b452-8464e11abac0 fae944cd9cc8471faeb1df68a7a28c0f a67ca9ad4e0141b5a6002dc31e64602c - - default default] 10.0.0.205 "POST /v2.0/vpn/ipsec-site-connections HTTP/1.1" status: 400 len: 343 time: 0.0076602
2026-07-16 08:04:54.253 10 INFO neutron.api.wsgi [None req-07e985c5-a373-4105-8526-8b128f26ceb5 fae944cd9cc8471faeb1df68a7a28c0f a67ca9ad4e0141b5a6002dc31e64602c - - default default] 10.0.0.205 "GET /v2.0/vpn/endpoint-groups HTTP/1.1" status: 200 len: 1109 time: 0.0105059
2026-07-16 08:04:54.279 10 INFO neutron.api.wsgi [None req-7a2440f3-d47e-4776-bc0f-410c07520cdf fae944cd9cc8471faeb1df68a7a28c0f a67ca9ad4e0141b5a6002dc31e64602c - - default default] 10.0.0.205 "DELETE /v2.0/vpn/endpoint-groups/f87004ae-6ace-4bac-b050-e1d6b32137fa HTTP/1.1" status: 204 len: 168 time: 0.0217500
2026-07-16 08:04:54.301 10 INFO neutron.api.wsgi [None req-78ef0c01-89a3-4420-aca1-169fa0b32667 fae944cd9cc8471faeb1df68a7a28c0f a67ca9ad4e0141b5a6002dc31e64602c - - default default] 10.0.0.205 "GET /v2.0/vpn/endpoint-groups HTTP/1.1" status: 200 len: 826 time: 0.0119982
2026-07-16 08:04:54.314 10 WARNING neutron_lib.context [None req-2c3f5a51-6b86-4dfe-a1a0-dd9503b89293 fae944cd9cc8471faeb1df68a7a28c0f a67ca9ad4e0141b5a6002dc31e64602c - - default default] Method 'is_advsvc' is deprecated since 2023.2 release (neutron-lib 3.8.0) and will be removed once support for the old RBAC API policies will be removed from Neutron. Please use method 'is_service_role' instead.
2026-07-16 08:04:54.347 10 INFO neutron.api.wsgi [None req-2c3f5a51-6b86-4dfe-a1a0-dd9503b89293 fae944cd9cc8471faeb1df68a7a28c0f a67ca9ad4e0141b5a6002dc31e64602c - - default default] 10.0.0.205 "POST /v2.0/vpn/endpoint-groups HTTP/1.1" status: 201 len: 492 time: 0.0378571
2026-07-16 08:04:54.357 10 WARNING neutron.api.v2.base [None req-2760c16c-bd7d-4831-8663-243159ae1f64 fae944cd9cc8471faeb1df68a7a28c0f a67ca9ad4e0141b5a6002dc31e64602c - - default default] An exception happened while processing the request body. The exception message is [Failed to parse request. Required attribute 'peer_id' not specified].: webob.exc.HTTPBadRequest: Failed to parse request. Required attribute 'peer_id' not specified
2026-07-16 08:04:54.357 10 INFO neutron.api.v2.resource [None req-2760c16c-bd7d-4831-8663-243159ae1f64 fae944cd9cc8471faeb1df68a7a28c0f a67ca9ad4e0141b5a6002dc31e64602c - - default default] create failed (client error): Failed to parse request. Required attribute 'peer_id' not specified
2026-07-16 08:04:54.358 10 INFO neutron.api.wsgi [None req-2760c16c-bd7d-4831-8663-243159ae1f64 fae944cd9cc8471faeb1df68a7a28c0f a67ca9ad4e0141b5a6002dc31e64602c - - default default] 10.0.0.205 "POST /v2.0/vpn/ipsec-site-connections HTTP/1.1" status: 400 len: 343 time: 0.0062089
2026-07-16 08:04:54.375 10 INFO neutron.api.wsgi [None req-66da4405-ce69-4512-82c4-1b1d9533df99 fae944cd9cc8471faeb1df68a7a28c0f a67ca9ad4e0141b5a6002dc31e64602c - - default default] 10.0.0.205 "GET /v2.0/vpn/endpoint-groups HTTP/1.1" status: 200 len: 1101 time: 0.0101132
2026-07-16 08:04:54.397 10 INFO neutron.api.wsgi [None req-2b421be9-6900-4e73-a605-0c750529bfbe fae944cd9cc8471faeb1df68a7a28c0f a67ca9ad4e0141b5a6002dc31e64602c - - default default] 10.0.0.205 "DELETE /v2.0/vpn/endpoint-groups/84e8ff6f-082e-480c-85c8-04fcc7301c1d HTTP/1.1" status: 204 len: 168 time: 0.0178061
2026-07-16 08:04:54.407 10 INFO neutron.api.wsgi [None req-c45d0ac3-72a1-43f3-ba01-815ca9105b9c fae944cd9cc8471faeb1df68a7a28c0f a67ca9ad4e0141b5a6002dc31e64602c - - default default] 10.0.0.205 "GET /v2.0/vpn/endpoint-groups HTTP/1.1" status: 200 len: 826 time: 0.0078268
2026-07-16 08:04:54.416 10 WARNING neutron_lib.context [None req-d3880925-98bc-4d0e-9f20-cf5c57daa349 fae944cd9cc8471faeb1df68a7a28c0f a67ca9ad4e0141b5a6002dc31e64602c - - default default] Method 'is_advsvc' is deprecated since 2023.2 release (neutron-lib 3.8.0) and will be removed once support for the old RBAC API policies will be removed from Neutron. Please use method 'is_service_role' instead.
2026-07-16 08:04:54.471 10 INFO neutron.api.wsgi [None req-d3880925-98bc-4d0e-9f20-cf5c57daa349 fae944cd9cc8471faeb1df68a7a28c0f a67ca9ad4e0141b5a6002dc31e64602c - - default default] 10.0.0.205 "POST /v2.0/vpn/endpoint-groups HTTP/1.1" status: 201 len: 489 time: 0.0583029
2026-07-16 08:04:54.480 9 WARNING neutron_lib.context [None req-3182e71c-3f19-483b-b3e9-ce1ca12bf98b fae944cd9cc8471faeb1df68a7a28c0f a67ca9ad4e0141b5a6002dc31e64602c - - default default] Method 'is_advsvc' is deprecated since 2023.2 release (neutron-lib 3.8.0) and will be removed once support for the old RBAC API policies will be removed from Neutron. Please use method 'is_service_role' instead.
2026-07-16 08:04:54.493 9 INFO neutron.db.ovn_revision_numbers_db [None req-f6136b2b-84af-4080-b2aa-ccc4765acded 03e449e4cd3649c9ba58b0ae4a770ca8 4ca6a637c5be47aea2d648ca9e5e127c - - default default] Successfully bumped revision number for resource 6030757b-fe0c-4bb2-95e5-faddb1c26a31 (type: floatingips) to -1
2026-07-16 08:04:54.557 9 INFO neutron.api.wsgi [None req-3182e71c-3f19-483b-b3e9-ce1ca12bf98b fae944cd9cc8471faeb1df68a7a28c0f a67ca9ad4e0141b5a6002dc31e64602c - - default default] 10.0.0.205 "POST /v2.0/vpn/endpoint-groups HTTP/1.1" status: 201 len: 501 time: 0.0808809
2026-07-16 08:04:54.570 10 WARNING neutron_lib.context [None req-c4e03f80-d9c1-4446-8e2f-30d75fbfe9d1 fae944cd9cc8471faeb1df68a7a28c0f a67ca9ad4e0141b5a6002dc31e64602c - - default default] Method 'is_advsvc' is deprecated since 2023.2 release (neutron-lib 3.8.0) and will be removed once support for the old RBAC API policies will be removed from Neutron. Please use method 'is_service_role' instead.
2026-07-16 08:04:54.623 9 INFO neutron.db.ovn_revision_numbers_db [None req-f6136b2b-84af-4080-b2aa-ccc4765acded 03e449e4cd3649c9ba58b0ae4a770ca8 4ca6a637c5be47aea2d648ca9e5e127c - - default default] Successfully bumped revision number for resource 6030757b-fe0c-4bb2-95e5-faddb1c26a31 (type: floatingips) to 1
2026-07-16 08:04:54.623 9 INFO neutron.db.l3_db [None req-f6136b2b-84af-4080-b2aa-ccc4765acded 03e449e4cd3649c9ba58b0ae4a770ca8 4ca6a637c5be47aea2d648ca9e5e127c - - default default] Floating IP 6030757b-fe0c-4bb2-95e5-faddb1c26a31 associated. External IP: 10.96.250.205, port: 630741df-5f60-47b1-9795-6907d20739f4.
2026-07-16 08:04:54.692 9 INFO neutron.api.wsgi [None req-f6136b2b-84af-4080-b2aa-ccc4765acded 03e449e4cd3649c9ba58b0ae4a770ca8 4ca6a637c5be47aea2d648ca9e5e127c - - default default] 10.0.0.205 "POST /v2.0/floatingips HTTP/1.1" status: 201 len: 1054 time: 1.3233287
2026-07-16 08:04:54.720 9 INFO neutron.notifiers.nova [-] Nova event matching ['req-0d485f37-00d2-4ef7-afe6-2d0bd03c524f'] response: {'name': 'network-changed', 'server_uuid': '7f0f4f49-e5bc-41ae-a997-af660c13964b', 'tag': '630741df-5f60-47b1-9795-6907d20739f4', 'status': 'completed', 'code': 200}
2026-07-16 08:04:54.750 9 INFO neutron.api.wsgi [None req-266069fb-169b-4e6d-996c-ff86ae5dac81 03e449e4cd3649c9ba58b0ae4a770ca8 4ca6a637c5be47aea2d648ca9e5e127c - - default default] 10.0.0.205 "GET /v2.0/floatingips/6030757b-fe0c-4bb2-95e5-faddb1c26a31 HTTP/1.1" status: 200 len: 1051 time: 0.0518816
2026-07-16 08:04:54.792 9 INFO neutron.api.wsgi [req-89c68263-64e1-43e6-bc4a-5a7e79dac799 req-ec241b1b-0eb6-4769-b172-63968392b842 6dd10aaafa7d4d69b8caba41ff227cd0 b017e85a7eb74822bccdfe30cd9f7ace - - default default] 10.0.0.17 "GET /v2.0/ports?device_id=05daaecc-49d8-4615-b7f2-f7a7725ff7d8 HTTP/1.1" status: 200 len: 210 time: 0.0173168
2026-07-16 08:04:55.239 10 INFO neutron.db.ovn_revision_numbers_db [None req-c4e03f80-d9c1-4446-8e2f-30d75fbfe9d1 fae944cd9cc8471faeb1df68a7a28c0f a67ca9ad4e0141b5a6002dc31e64602c - - default default] Successfully bumped revision number for resource 3f9ab117-ab93-47f8-8236-31edd6f7fd6c (type: routers) to 6
2026-07-16 08:04:55.267 10 INFO neutron.api.wsgi [None req-c4e03f80-d9c1-4446-8e2f-30d75fbfe9d1 fae944cd9cc8471faeb1df68a7a28c0f a67ca9ad4e0141b5a6002dc31e64602c - - default default] 10.0.0.205 "POST /v2.0/vpn/ipsec-site-connections HTTP/1.1" status: 201 len: 1044 time: 0.7035518
2026-07-16 08:04:55.271 9 INFO neutron.api.wsgi [req-5e64cc10-52d6-440c-b2e3-1c889ad9b646 req-debaa92a-88e0-4d2b-984d-a66643faf2dc ffa3e627b4de4f94a723cdbe4373c377 5e17cd22ac7a410482bcc6c4d3c6e31a - - 69faa7a73d15429097d2f6940a1a579e 69faa7a73d15429097d2f6940a1a579e] 199.19.213.177 "GET /v2.0/ports?tenant_id=4ca6a637c5be47aea2d648ca9e5e127c&device_id=7f0f4f49-e5bc-41ae-a997-af660c13964b HTTP/1.1" status: 200 len: 1409 time: 0.0384409
2026-07-16 08:04:55.321 9 WARNING neutron.plugins.ml2.drivers.ovn.mech_driver.ovsdb.ovn_client [None req-66224eb9-59c8-46c3-9a8c-acb97c7ce640 - - - - - -] No hosting information found for port d821b57c-afbd-48d6-b7fb-db1435c42714: RuntimeError: No hosting information found for port d821b57c-afbd-48d6-b7fb-db1435c42714
2026-07-16 08:04:55.345 9 INFO neutron.api.wsgi [req-5e64cc10-52d6-440c-b2e3-1c889ad9b646 req-10803f8f-62b0-423f-ad38-3b98a8ee4d8e ffa3e627b4de4f94a723cdbe4373c377 5e17cd22ac7a410482bcc6c4d3c6e31a - - 69faa7a73d15429097d2f6940a1a579e 69faa7a73d15429097d2f6940a1a579e] 199.19.213.177 "GET /v2.0/networks?id=710c1120-e05c-4fd8-8c61-23b8df01a1dc HTTP/1.1" status: 200 len: 959 time: 0.0686853
2026-07-16 08:04:55.416 9 INFO neutron.api.wsgi [req-5e64cc10-52d6-440c-b2e3-1c889ad9b646 req-9b812be0-c291-4fc2-9918-ea58c0ef7ab9 ffa3e627b4de4f94a723cdbe4373c377 5e17cd22ac7a410482bcc6c4d3c6e31a - - 69faa7a73d15429097d2f6940a1a579e 69faa7a73d15429097d2f6940a1a579e] 199.19.213.177 "GET /v2.0/floatingips?fixed_ip_address=10.100.0.7&port_id=630741df-5f60-47b1-9795-6907d20739f4 HTTP/1.1" status: 200 len: 1059 time: 0.0595279
2026-07-16 08:04:55.448 9 INFO neutron.db.ovn_revision_numbers_db [None req-66224eb9-59c8-46c3-9a8c-acb97c7ce640 - - - - - -] Successfully bumped revision number for resource d821b57c-afbd-48d6-b7fb-db1435c42714 (type: router_ports) to 2
2026-07-16 08:04:55.459 9 INFO neutron.api.wsgi [req-5e64cc10-52d6-440c-b2e3-1c889ad9b646 req-22f65f22-2b73-4584-b6d6-677b93fa9a64 ffa3e627b4de4f94a723cdbe4373c377 5e17cd22ac7a410482bcc6c4d3c6e31a - - 69faa7a73d15429097d2f6940a1a579e 69faa7a73d15429097d2f6940a1a579e] 199.19.213.177 "GET /v2.0/subnets?id=27ecb815-df40-4f4e-b340-347c54cac6e8 HTTP/1.1" status: 200 len: 876 time: 0.0333626
2026-07-16 08:04:55.482 9 INFO neutron.api.wsgi [req-5e64cc10-52d6-440c-b2e3-1c889ad9b646 req-dfaecd7e-d80c-460e-9a15-e6496e5c5523 ffa3e627b4de4f94a723cdbe4373c377 5e17cd22ac7a410482bcc6c4d3c6e31a - - 69faa7a73d15429097d2f6940a1a579e 69faa7a73d15429097d2f6940a1a579e] 199.19.213.177 "GET /v2.0/ports?network_id=710c1120-e05c-4fd8-8c61-23b8df01a1dc&device_owner=network%3Adhcp HTTP/1.1" status: 200 len: 210 time: 0.0163500
2026-07-16 08:04:55.514 9 INFO neutron.plugins.ml2.drivers.ovn.mech_driver.mech_driver [None req-66224eb9-59c8-46c3-9a8c-acb97c7ce640 - - - - - -] OVN reports status up for port: d58fe556-86c8-4189-aaf5-b74dc02a7a06
2026-07-16 08:04:55.527 9 INFO neutron.plugins.ml2.plugin [None req-66224eb9-59c8-46c3-9a8c-acb97c7ce640 - - - - - -] Attempt 1 to provision port d58fe556-86c8-4189-aaf5-b74dc02a7a06
2026-07-16 08:04:55.549 9 INFO neutron.api.wsgi [req-5e64cc10-52d6-440c-b2e3-1c889ad9b646 req-7781ed2b-8655-45a5-891c-eaba89bbf0fa ffa3e627b4de4f94a723cdbe4373c377 5e17cd22ac7a410482bcc6c4d3c6e31a - - 69faa7a73d15429097d2f6940a1a579e 69faa7a73d15429097d2f6940a1a579e] 199.19.213.177 "GET /v2.0/networks/710c1120-e05c-4fd8-8c61-23b8df01a1dc?fields=segments HTTP/1.1" status: 200 len: 212 time: 0.0617759
2026-07-16 08:04:55.654 9 INFO neutron.api.wsgi [req-5e64cc10-52d6-440c-b2e3-1c889ad9b646 req-cdeb58d2-df61-4106-aa39-2a9b697d8aa1 ffa3e627b4de4f94a723cdbe4373c377 5e17cd22ac7a410482bcc6c4d3c6e31a - - 69faa7a73d15429097d2f6940a1a579e 69faa7a73d15429097d2f6940a1a579e] 199.19.213.177 "GET /v2.0/networks/710c1120-e05c-4fd8-8c61-23b8df01a1dc?fields=provider%3Aphysical_network&fields=provider%3Anetwork_type HTTP/1.1" status: 200 len: 277 time: 0.0872703
2026-07-16 08:04:55.868 9 INFO neutron.api.wsgi [req-4b552284-5a23-400b-996d-fa40a5d8e5d6 req-1afb7e51-e3e0-4ebb-aefe-42a177d75e07 6dd10aaafa7d4d69b8caba41ff227cd0 b017e85a7eb74822bccdfe30cd9f7ace - - default default] 10.0.0.17 "GET /v2.0/ports?device_id=05daaecc-49d8-4615-b7f2-f7a7725ff7d8 HTTP/1.1" status: 200 len: 210 time: 0.0179379
2026-07-16 08:04:55.948 9 INFO neutron.db.ovn_revision_numbers_db [None req-5261fa5e-c601-469f-8a85-6a6bfb91b77a fae944cd9cc8471faeb1df68a7a28c0f a67ca9ad4e0141b5a6002dc31e64602c - - default default] Successfully bumped revision number for resource 3f9ab117-ab93-47f8-8236-31edd6f7fd6c (type: routers) to 7
2026-07-16 08:04:55.972 9 INFO neutron.api.wsgi [None req-5261fa5e-c601-469f-8a85-6a6bfb91b77a fae944cd9cc8471faeb1df68a7a28c0f a67ca9ad4e0141b5a6002dc31e64602c - - default default] 10.0.0.205 "DELETE /v2.0/vpn/ipsec-site-connections/5874e2a4-0477-4423-a5e8-31bca1470fff HTTP/1.1" status: 204 len: 168 time: 0.6991475
2026-07-16 08:04:55.988 9 INFO neutron.api.wsgi [None req-267a8d14-f84a-4edd-9b30-dc493822c3db fae944cd9cc8471faeb1df68a7a28c0f a67ca9ad4e0141b5a6002dc31e64602c - - default default] 10.0.0.205 "GET /v2.0/vpn/ipsec-site-connections HTTP/1.1" status: 200 len: 990 time: 0.0128541
2026-07-16 08:04:56.000 9 INFO neutron.api.v2.resource [None req-c44781f5-7415-4f91-8de0-dc0a61ed0a2b fae944cd9cc8471faeb1df68a7a28c0f a67ca9ad4e0141b5a6002dc31e64602c - - default default] delete failed (client error): The resource could not be found.
2026-07-16 08:04:56.002 9 INFO neutron.api.wsgi [None req-c44781f5-7415-4f91-8de0-dc0a61ed0a2b fae944cd9cc8471faeb1df68a7a28c0f a67ca9ad4e0141b5a6002dc31e64602c - - default default] 10.0.0.205 "DELETE /v2.0/vpn/ipsec-site-connections/5874e2a4-0477-4423-a5e8-31bca1470fff HTTP/1.1" status: 404 len: 355 time: 0.0078299
2026-07-16 08:04:56.018 9 INFO neutron.api.wsgi [None req-a624866c-2af6-4a20-b24d-d1d32f9ee5e9 fae944cd9cc8471faeb1df68a7a28c0f a67ca9ad4e0141b5a6002dc31e64602c - - default default] 10.0.0.205 "GET /v2.0/vpn/endpoint-groups HTTP/1.1" status: 200 len: 1383 time: 0.0129642
2026-07-16 08:04:56.043 9 INFO neutron.api.wsgi [None req-81d076d6-3c51-4aa9-9d6a-6532218bf675 fae944cd9cc8471faeb1df68a7a28c0f a67ca9ad4e0141b5a6002dc31e64602c - - default default] 10.0.0.205 "DELETE /v2.0/vpn/endpoint-groups/bab9df4e-2188-448f-9eb7-5e9cbfbac542 HTTP/1.1" status: 204 len: 168 time: 0.0206764
2026-07-16 08:04:56.060 9 INFO neutron.api.wsgi [None req-fd4f0a25-1995-4cdb-a5ee-2de6f3961bce fae944cd9cc8471faeb1df68a7a28c0f a67ca9ad4e0141b5a6002dc31e64602c - - default default] 10.0.0.205 "GET /v2.0/vpn/endpoint-groups HTTP/1.1" status: 200 len: 1098 time: 0.0121026
2026-07-16 08:04:56.073 9 INFO neutron.api.wsgi [None req-bb2b57f7-cd40-4bc2-bdad-a965cd90faea fae944cd9cc8471faeb1df68a7a28c0f a67ca9ad4e0141b5a6002dc31e64602c - - default default] 10.0.0.205 "GET /v2.0/vpn/endpoint-groups HTTP/1.1" status: 200 len: 1098 time: 0.0092776
2026-07-16 08:04:56.106 9 INFO neutron.api.wsgi [None req-4c3ce2a7-068f-46c5-9e9b-fd325df0611d fae944cd9cc8471faeb1df68a7a28c0f a67ca9ad4e0141b5a6002dc31e64602c - - default default] 10.0.0.205 "DELETE /v2.0/vpn/endpoint-groups/7ae3acca-f852-427a-baa5-5ce78da79129 HTTP/1.1" status: 204 len: 168 time: 0.0279834
2026-07-16 08:04:56.122 9 INFO neutron.api.wsgi [None req-c52ac364-df0f-45cb-a2bf-8f8995c5b8ee fae944cd9cc8471faeb1df68a7a28c0f a67ca9ad4e0141b5a6002dc31e64602c - - default default] 10.0.0.205 "GET /v2.0/vpn/endpoint-groups HTTP/1.1" status: 200 len: 826 time: 0.0104916
2026-07-16 08:04:56.129 9 WARNING neutron_lib.context [None req-48e4ce9b-8537-45d0-96e7-f2fbc24e4390 fae944cd9cc8471faeb1df68a7a28c0f a67ca9ad4e0141b5a6002dc31e64602c - - default default] Method 'is_advsvc' is deprecated since 2023.2 release (neutron-lib 3.8.0) and will be removed once support for the old RBAC API policies will be removed from Neutron. Please use method 'is_service_role' instead.
2026-07-16 08:04:56.954 10 INFO neutron.api.wsgi [req-4f01c971-2bc7-489d-8871-bc3f4a6124cd req-0cb3b97e-9d7c-495d-87f8-1b7489b941dc 6dd10aaafa7d4d69b8caba41ff227cd0 b017e85a7eb74822bccdfe30cd9f7ace - - default default] 10.0.0.17 "GET /v2.0/ports?device_id=05daaecc-49d8-4615-b7f2-f7a7725ff7d8 HTTP/1.1" status: 200 len: 210 time: 0.0183601
2026-07-16 08:04:56.973 9 INFO neutron.db.ovn_revision_numbers_db [None req-48e4ce9b-8537-45d0-96e7-f2fbc24e4390 fae944cd9cc8471faeb1df68a7a28c0f a67ca9ad4e0141b5a6002dc31e64602c - - default default] Successfully bumped revision number for resource 3f9ab117-ab93-47f8-8236-31edd6f7fd6c (type: routers) to 8
2026-07-16 08:04:57.008 9 INFO neutron.api.wsgi [None req-48e4ce9b-8537-45d0-96e7-f2fbc24e4390 fae944cd9cc8471faeb1df68a7a28c0f a67ca9ad4e0141b5a6002dc31e64602c - - default default] 10.0.0.205 "POST /v2.0/vpn/ipsec-site-connections HTTP/1.1" status: 201 len: 1004 time: 0.8828523
2026-07-16 08:04:57.119 10 WARNING neutron.plugins.ml2.drivers.ovn.mech_driver.ovsdb.ovn_client [None req-743e0a81-9910-441f-a385-e93fe2b436c2 - - - - - -] No hosting information found for port a385d700-61b0-4343-b4a3-bf2025f0ca55: RuntimeError: No hosting information found for port a385d700-61b0-4343-b4a3-bf2025f0ca55
2026-07-16 08:04:57.183 10 INFO neutron.db.ovn_revision_numbers_db [None req-743e0a81-9910-441f-a385-e93fe2b436c2 - - - - - -] Successfully bumped revision number for resource a385d700-61b0-4343-b4a3-bf2025f0ca55 (type: router_ports) to 2
2026-07-16 08:04:57.499 9 INFO neutron.db.ovn_revision_numbers_db [None req-b6cbd532-44b5-457b-98cd-16a445d17384 fae944cd9cc8471faeb1df68a7a28c0f a67ca9ad4e0141b5a6002dc31e64602c - - default default] Successfully bumped revision number for resource 3f9ab117-ab93-47f8-8236-31edd6f7fd6c (type: routers) to 9
2026-07-16 08:04:57.520 9 INFO neutron.api.wsgi [None req-b6cbd532-44b5-457b-98cd-16a445d17384 fae944cd9cc8471faeb1df68a7a28c0f a67ca9ad4e0141b5a6002dc31e64602c - - default default] 10.0.0.205 "DELETE /v2.0/vpn/ipsec-site-connections/fc962581-7c74-4f57-8b31-28ea0caf4fa5 HTTP/1.1" status: 204 len: 168 time: 0.5054672
2026-07-16 08:04:57.534 9 INFO neutron.api.wsgi [None req-a78921c4-fc2f-453f-b8b1-8cf02b36cd1f fae944cd9cc8471faeb1df68a7a28c0f a67ca9ad4e0141b5a6002dc31e64602c - - default default] 10.0.0.205 "GET /v2.0/vpn/ipsec-site-connections HTTP/1.1" status: 200 len: 990 time: 0.0093653
2026-07-16 08:04:57.546 9 INFO neutron.api.v2.resource [None req-49f96c29-9844-4d61-8489-61fa348bdf8b fae944cd9cc8471faeb1df68a7a28c0f a67ca9ad4e0141b5a6002dc31e64602c - - default default] delete failed (client error): The resource could not be found.
2026-07-16 08:04:57.548 9 INFO neutron.api.wsgi [None req-49f96c29-9844-4d61-8489-61fa348bdf8b fae944cd9cc8471faeb1df68a7a28c0f a67ca9ad4e0141b5a6002dc31e64602c - - default default] 10.0.0.205 "DELETE /v2.0/vpn/ipsec-site-connections/fc962581-7c74-4f57-8b31-28ea0caf4fa5 HTTP/1.1" status: 404 len: 355 time: 0.0087183
2026-07-16 08:04:57.559 9 WARNING neutron_lib.context [None req-f15516a1-e300-4158-adf6-9354691686f4 fae944cd9cc8471faeb1df68a7a28c0f a67ca9ad4e0141b5a6002dc31e64602c - - default default] Method 'is_advsvc' is deprecated since 2023.2 release (neutron-lib 3.8.0) and will be removed once support for the old RBAC API policies will be removed from Neutron. Please use method 'is_service_role' instead.
2026-07-16 08:04:57.600 9 INFO neutron.api.wsgi [None req-f15516a1-e300-4158-adf6-9354691686f4 fae944cd9cc8471faeb1df68a7a28c0f a67ca9ad4e0141b5a6002dc31e64602c - - default default] 10.0.0.205 "POST /v2.0/vpn/endpoint-groups HTTP/1.1" status: 201 len: 489 time: 0.0443099
2026-07-16 08:04:57.620 9 INFO neutron.api.wsgi [None req-f6d603f0-f171-46b3-8ab4-3e8110e7ed7e fae944cd9cc8471faeb1df68a7a28c0f a67ca9ad4e0141b5a6002dc31e64602c - - default default] 10.0.0.205 "PUT /v2.0/vpn/endpoint-groups/0e8357ee-c5fa-456e-a69b-361e0ef6b2f2 HTTP/1.1" status: 200 len: 484 time: 0.0156946
2026-07-16 08:04:57.633 9 INFO neutron.api.wsgi [None req-80810a8d-a750-44d4-b7ad-e1c15662e4b2 fae944cd9cc8471faeb1df68a7a28c0f a67ca9ad4e0141b5a6002dc31e64602c - - default default] 10.0.0.205 "GET /v2.0/vpn/endpoint-groups/0e8357ee-c5fa-456e-a69b-361e0ef6b2f2 HTTP/1.1" status: 200 len: 484 time: 0.0087390
2026-07-16 08:04:57.658 9 INFO neutron.api.wsgi [None req-7c09842a-3f05-487f-8dbf-348ba74b82e3 fae944cd9cc8471faeb1df68a7a28c0f a67ca9ad4e0141b5a6002dc31e64602c - - default default] 10.0.0.205 "DELETE /v2.0/vpn/endpoint-groups/0e8357ee-c5fa-456e-a69b-361e0ef6b2f2 HTTP/1.1" status: 204 len: 168 time: 0.0220950
2026-07-16 08:04:57.673 9 INFO neutron.api.wsgi [None req-c6a07e41-88a5-4f30-969c-265a82ca253e fae944cd9cc8471faeb1df68a7a28c0f a67ca9ad4e0141b5a6002dc31e64602c - - default default] 10.0.0.205 "GET /v2.0/vpn/endpoint-groups HTTP/1.1" status: 200 len: 826 time: 0.0093799
2026-07-16 08:04:57.687 9 INFO neutron.api.wsgi [None req-0d9f0184-482e-47cc-81c6-04619cc54c1a fae944cd9cc8471faeb1df68a7a28c0f a67ca9ad4e0141b5a6002dc31e64602c - - default default] 10.0.0.205 "GET /v2.0/vpn/endpoint-groups HTTP/1.1" status: 200 len: 826 time: 0.0097377
2026-07-16 08:04:57.697 9 WARNING neutron_lib.context [None req-8c8ab85a-8387-4468-ab84-48075b2ee59d fae944cd9cc8471faeb1df68a7a28c0f a67ca9ad4e0141b5a6002dc31e64602c - - default default] Method 'is_advsvc' is deprecated since 2023.2 release (neutron-lib 3.8.0) and will be removed once support for the old RBAC API policies will be removed from Neutron. Please use method 'is_service_role' instead.
2026-07-16 08:04:57.730 9 INFO neutron.api.wsgi [None req-8c8ab85a-8387-4468-ab84-48075b2ee59d fae944cd9cc8471faeb1df68a7a28c0f a67ca9ad4e0141b5a6002dc31e64602c - - default default] 10.0.0.205 "POST /v2.0/vpn/ikepolicies HTTP/1.1" status: 201 len: 601 time: 0.0377285
2026-07-16 08:04:57.756 9 INFO neutron.api.wsgi [None req-beb95a36-87ce-44e7-9d90-bb4e517d8c81 fae944cd9cc8471faeb1df68a7a28c0f a67ca9ad4e0141b5a6002dc31e64602c - - default default] 10.0.0.205 "PUT /v2.0/vpn/ikepolicies/89812621-ea01-44b1-9a25-399da7478c64 HTTP/1.1" status: 200 len: 613 time: 0.0214901
2026-07-16 08:04:57.772 9 INFO neutron.api.wsgi [None req-8580ba76-9ca3-465c-acb1-49bf748a111b fae944cd9cc8471faeb1df68a7a28c0f a67ca9ad4e0141b5a6002dc31e64602c - - default default] 10.0.0.205 "GET /v2.0/vpn/ikepolicies/89812621-ea01-44b1-9a25-399da7478c64 HTTP/1.1" status: 200 len: 613 time: 0.0115385
2026-07-16 08:04:57.797 9 INFO neutron.api.wsgi [None req-ca9af16a-ad26-4573-bc97-f5c6315640eb fae944cd9cc8471faeb1df68a7a28c0f a67ca9ad4e0141b5a6002dc31e64602c - - default default] 10.0.0.205 "DELETE /v2.0/vpn/ikepolicies/89812621-ea01-44b1-9a25-399da7478c64 HTTP/1.1" status: 204 len: 168 time: 0.0223505
2026-07-16 08:04:57.814 9 INFO neutron.api.wsgi [None req-e8a5747d-7d71-40bb-b845-d3180aff248d fae944cd9cc8471faeb1df68a7a28c0f a67ca9ad4e0141b5a6002dc31e64602c - - default default] 10.0.0.205 "GET /v2.0/vpn/ikepolicies HTTP/1.1" status: 200 len: 602 time: 0.0119147
2026-07-16 08:04:57.826 9 INFO neutron.api.wsgi [None req-f0611630-3beb-4b80-b843-bada70418177 fae944cd9cc8471faeb1df68a7a28c0f a67ca9ad4e0141b5a6002dc31e64602c - - default default] 10.0.0.205 "GET /v2.0/vpn/ikepolicies HTTP/1.1" status: 200 len: 602 time: 0.0094900
2026-07-16 08:04:57.834 9 WARNING neutron_lib.context [None req-3a7f7c6e-1f07-4617-9f8d-829dc1cbcc67 fae944cd9cc8471faeb1df68a7a28c0f a67ca9ad4e0141b5a6002dc31e64602c - - default default] Method 'is_advsvc' is deprecated since 2023.2 release (neutron-lib 3.8.0) and will be removed once support for the old RBAC API policies will be removed from Neutron. Please use method 'is_service_role' instead.
2026-07-16 08:04:57.865 9 INFO neutron.api.wsgi [None req-3a7f7c6e-1f07-4617-9f8d-829dc1cbcc67 fae944cd9cc8471faeb1df68a7a28c0f a67ca9ad4e0141b5a6002dc31e64602c - - default default] 10.0.0.205 "POST /v2.0/vpn/ipsecpolicies HTTP/1.1" status: 201 len: 610 time: 0.0344269
2026-07-16 08:04:57.913 9 INFO neutron.api.wsgi [None req-7ae1fffe-1e52-424f-956a-910e4fb22b53 fae944cd9cc8471faeb1df68a7a28c0f a67ca9ad4e0141b5a6002dc31e64602c - - default default] 10.0.0.205 "PUT /v2.0/vpn/ipsecpolicies/4023dbc1-30b1-4ca7-8914-08911f50f97a HTTP/1.1" status: 200 len: 625 time: 0.0433795
2026-07-16 08:04:57.951 10 INFO neutron.api.wsgi [None req-a54761bd-884f-4b70-bf86-85a3fe7662f2 fae944cd9cc8471faeb1df68a7a28c0f a67ca9ad4e0141b5a6002dc31e64602c - - default default] 10.0.0.205 "DELETE /v2.0/vpn/ipsecpolicies/4023dbc1-30b1-4ca7-8914-08911f50f97a HTTP/1.1" status: 204 len: 168 time: 0.0328000
2026-07-16 08:04:57.963 10 INFO neutron.api.v2.resource [None req-2fdb484e-588f-4d15-9348-a44e193a0857 fae944cd9cc8471faeb1df68a7a28c0f a67ca9ad4e0141b5a6002dc31e64602c - - default default] delete failed (client error): The resource could not be found.
2026-07-16 08:04:57.964 10 INFO neutron.api.wsgi [None req-2fdb484e-588f-4d15-9348-a44e193a0857 fae944cd9cc8471faeb1df68a7a28c0f a67ca9ad4e0141b5a6002dc31e64602c - - default default] 10.0.0.205 "DELETE /v2.0/vpn/ipsecpolicies/4023dbc1-30b1-4ca7-8914-08911f50f97a HTTP/1.1" status: 404 len: 346 time: 0.0081956
2026-07-16 08:04:57.975 10 INFO neutron.api.v2.resource [None req-dedbb2c4-fe6b-4801-b41f-1f85ef80383b fae944cd9cc8471faeb1df68a7a28c0f a67ca9ad4e0141b5a6002dc31e64602c - - default default] delete failed (client error): The resource could not be found.
2026-07-16 08:04:57.976 10 INFO neutron.api.wsgi [None req-dedbb2c4-fe6b-4801-b41f-1f85ef80383b fae944cd9cc8471faeb1df68a7a28c0f a67ca9ad4e0141b5a6002dc31e64602c - - default default] 10.0.0.205 "DELETE /v2.0/vpn/ipsecpolicies/4023dbc1-30b1-4ca7-8914-08911f50f97a HTTP/1.1" status: 404 len: 346 time: 0.0079410
2026-07-16 08:04:57.991 10 WARNING neutron_lib.context [None req-0f47efee-f521-47bd-9929-177bc6317a35 fae944cd9cc8471faeb1df68a7a28c0f a67ca9ad4e0141b5a6002dc31e64602c - - default default] Method 'is_advsvc' is deprecated since 2023.2 release (neutron-lib 3.8.0) and will be removed once support for the old RBAC API policies will be removed from Neutron. Please use method 'is_service_role' instead.
2026-07-16 08:04:58.031 9 INFO neutron.api.wsgi [req-a87b2c76-7e51-4430-a454-0e8ffe407da3 req-318ead62-a02b-4246-a5b2-16050753df17 6dd10aaafa7d4d69b8caba41ff227cd0 b017e85a7eb74822bccdfe30cd9f7ace - - default default] 10.0.0.17 "GET /v2.0/ports?device_id=05daaecc-49d8-4615-b7f2-f7a7725ff7d8 HTTP/1.1" status: 200 len: 210 time: 0.0173907
2026-07-16 08:04:58.034 9 INFO neutron.api.wsgi [req-45cfdfe5-1a18-4beb-9f7d-42fb8aaca784 req-3a819f98-526f-4433-923a-ca9a01023146 6dd10aaafa7d4d69b8caba41ff227cd0 b017e85a7eb74822bccdfe30cd9f7ace - - default default] 199.19.213.177 "GET /v2.0/networks?id=a8c2be82-b21a-4ed8-a679-1eed0fa55c53 HTTP/1.1" status: 200 len: 871 time: 0.0529764
2026-07-16 08:04:58.043 9 WARNING neutron_lib.context [req-45cfdfe5-1a18-4beb-9f7d-42fb8aaca784 req-153a645c-03ba-47e2-8b58-7e5497fe0b61 6dd10aaafa7d4d69b8caba41ff227cd0 b017e85a7eb74822bccdfe30cd9f7ace - - default default] Method 'is_advsvc' is deprecated since 2023.2 release (neutron-lib 3.8.0) and will be removed once support for the old RBAC API policies will be removed from Neutron. Please use method 'is_service_role' instead.
2026-07-16 08:04:58.084 10 INFO neutron.db.segments_db [None req-0f47efee-f521-47bd-9929-177bc6317a35 fae944cd9cc8471faeb1df68a7a28c0f a67ca9ad4e0141b5a6002dc31e64602c - - default default] Added segment 8463f54b-2a5b-4b4e-8a8e-5734a0b358ec of type geneve for network ea55fec9-dd1f-4c01-bbd6-b9a258e6f1d4
2026-07-16 08:04:58.211 10 INFO neutron.db.ovn_revision_numbers_db [None req-0f47efee-f521-47bd-9929-177bc6317a35 fae944cd9cc8471faeb1df68a7a28c0f a67ca9ad4e0141b5a6002dc31e64602c - - default default] Successfully bumped revision number for resource ea55fec9-dd1f-4c01-bbd6-b9a258e6f1d4 (type: networks) to 1
2026-07-16 08:04:58.349 9 WARNING neutron.scheduler.dhcp_agent_scheduler [req-45cfdfe5-1a18-4beb-9f7d-42fb8aaca784 req-153a645c-03ba-47e2-8b58-7e5497fe0b61 6dd10aaafa7d4d69b8caba41ff227cd0 b017e85a7eb74822bccdfe30cd9f7ace - - default default] No more DHCP agents
2026-07-16 08:04:58.350 9 WARNING neutron.api.rpc.agentnotifiers.dhcp_rpc_agent_api [req-45cfdfe5-1a18-4beb-9f7d-42fb8aaca784 req-153a645c-03ba-47e2-8b58-7e5497fe0b61 6dd10aaafa7d4d69b8caba41ff227cd0 b017e85a7eb74822bccdfe30cd9f7ace - - default default] Unable to schedule network a8c2be82-b21a-4ed8-a679-1eed0fa55c53: no agents available; will retry on subsequent port and subnet creation events.
2026-07-16 08:04:58.390 10 WARNING neutron.scheduler.dhcp_agent_scheduler [None req-0f47efee-f521-47bd-9929-177bc6317a35 fae944cd9cc8471faeb1df68a7a28c0f a67ca9ad4e0141b5a6002dc31e64602c - - default default] No more DHCP agents
2026-07-16 08:04:58.392 10 WARNING neutron.api.rpc.agentnotifiers.dhcp_rpc_agent_api [None req-0f47efee-f521-47bd-9929-177bc6317a35 fae944cd9cc8471faeb1df68a7a28c0f a67ca9ad4e0141b5a6002dc31e64602c - - default default] Unable to schedule network ea55fec9-dd1f-4c01-bbd6-b9a258e6f1d4: no agents available; will retry on subsequent port and subnet creation events.
2026-07-16 08:04:58.453 10 INFO neutron.db.ovn_revision_numbers_db [None req-0f47efee-f521-47bd-9929-177bc6317a35 fae944cd9cc8471faeb1df68a7a28c0f a67ca9ad4e0141b5a6002dc31e64602c - - default default] Successfully bumped revision number for resource e409c411-21d1-4597-828e-db36143d2bcc (type: ports) to 1
2026-07-16 08:04:58.471 10 INFO neutron.api.wsgi [None req-0f47efee-f521-47bd-9929-177bc6317a35 fae944cd9cc8471faeb1df68a7a28c0f a67ca9ad4e0141b5a6002dc31e64602c - - default default] 10.0.0.205 "POST /v2.0/networks HTTP/1.1" status: 201 len: 829 time: 0.4869602
2026-07-16 08:04:58.474 9 INFO neutron.db.ovn_revision_numbers_db [req-45cfdfe5-1a18-4beb-9f7d-42fb8aaca784 req-153a645c-03ba-47e2-8b58-7e5497fe0b61 6dd10aaafa7d4d69b8caba41ff227cd0 b017e85a7eb74822bccdfe30cd9f7ace - - default default] Successfully bumped revision number for resource d1dad25a-e917-4e8f-846c-bab51a199665 (type: ports) to 1
2026-07-16 08:04:58.481 10 WARNING neutron_lib.context [None req-6088b323-c565-4ea3-abea-5ffcd5d5dc22 fae944cd9cc8471faeb1df68a7a28c0f a67ca9ad4e0141b5a6002dc31e64602c - - default default] Method 'is_advsvc' is deprecated since 2023.2 release (neutron-lib 3.8.0) and will be removed once support for the old RBAC API policies will be removed from Neutron. Please use method 'is_service_role' instead.
2026-07-16 08:04:58.498 9 INFO neutron.api.wsgi [req-45cfdfe5-1a18-4beb-9f7d-42fb8aaca784 req-153a645c-03ba-47e2-8b58-7e5497fe0b61 6dd10aaafa7d4d69b8caba41ff227cd0 b017e85a7eb74822bccdfe30cd9f7ace - - default default] 199.19.213.177 "POST /v2.0/ports HTTP/1.1" status: 201 len: 1158 time: 0.4581726 /var/lib/openstack/lib/python3.12/site-packages/pycadf/identifier.py:71: UserWarning: Invalid uuid: neutron. To ensure interoperability, identifiers should be a valid uuid. warnings.warn(('Invalid uuid: %s. To ensure interoperability, '
2026-07-16 08:04:58.682 10 WARNING neutron.scheduler.dhcp_agent_scheduler [None req-6088b323-c565-4ea3-abea-5ffcd5d5dc22 fae944cd9cc8471faeb1df68a7a28c0f a67ca9ad4e0141b5a6002dc31e64602c - - default default] No more DHCP agents
2026-07-16 08:04:58.684 10 WARNING neutron.api.rpc.agentnotifiers.dhcp_rpc_agent_api [None req-6088b323-c565-4ea3-abea-5ffcd5d5dc22 fae944cd9cc8471faeb1df68a7a28c0f a67ca9ad4e0141b5a6002dc31e64602c - - default default] Unable to schedule network ea55fec9-dd1f-4c01-bbd6-b9a258e6f1d4: no agents available; will retry on subsequent port and subnet creation events.
2026-07-16 08:04:58.897 9 INFO neutron.db.ovn_revision_numbers_db [req-45cfdfe5-1a18-4beb-9f7d-42fb8aaca784 req-c3343e96-8f65-4c3a-b157-458312aa5ac1 ffa3e627b4de4f94a723cdbe4373c377 5e17cd22ac7a410482bcc6c4d3c6e31a - - 69faa7a73d15429097d2f6940a1a579e 69faa7a73d15429097d2f6940a1a579e] Successfully bumped revision number for resource d1dad25a-e917-4e8f-846c-bab51a199665 (type: ports) to 2
2026-07-16 08:04:59.089 9 INFO neutron.db.ovn_revision_numbers_db [req-45cfdfe5-1a18-4beb-9f7d-42fb8aaca784 req-c3343e96-8f65-4c3a-b157-458312aa5ac1 ffa3e627b4de4f94a723cdbe4373c377 5e17cd22ac7a410482bcc6c4d3c6e31a - - 69faa7a73d15429097d2f6940a1a579e 69faa7a73d15429097d2f6940a1a579e] Successfully bumped revision number for resource d1dad25a-e917-4e8f-846c-bab51a199665 (type: ports) to 4
2026-07-16 08:04:59.106 9 INFO neutron.api.wsgi [req-45cfdfe5-1a18-4beb-9f7d-42fb8aaca784 req-c3343e96-8f65-4c3a-b157-458312aa5ac1 ffa3e627b4de4f94a723cdbe4373c377 5e17cd22ac7a410482bcc6c4d3c6e31a - - 69faa7a73d15429097d2f6940a1a579e 69faa7a73d15429097d2f6940a1a579e] 199.19.213.177 "PUT /v2.0/ports/d1dad25a-e917-4e8f-846c-bab51a199665 HTTP/1.1" status: 200 len: 1404 time: 0.6007411
2026-07-16 08:04:59.126 10 INFO neutron.db.ovn_revision_numbers_db [None req-4f5c24f5-9646-4a5c-8838-79d53673ac04 - - - - - -] Successfully bumped revision number for resource e409c411-21d1-4597-828e-db36143d2bcc (type: ports) to 2
2026-07-16 08:04:59.133 9 INFO neutron.notifiers.nova [-] Nova event matching ['req-c4428eaf-909b-4ac0-961b-8dc44c5165cc'] response: {'name': 'network-changed', 'server_uuid': '05daaecc-49d8-4615-b7f2-f7a7725ff7d8', 'tag': 'd1dad25a-e917-4e8f-846c-bab51a199665', 'status': 'completed', 'code': 200}
2026-07-16 08:04:59.159 10 INFO neutron.db.ovn_revision_numbers_db [None req-4f5c24f5-9646-4a5c-8838-79d53673ac04 - - - - - -] Successfully bumped revision number for resource dcdf42a5-78fa-4b0a-8c31-3f898c89eb75 (type: subnets) to 0
2026-07-16 08:04:59.175 10 INFO neutron.api.wsgi [None req-6088b323-c565-4ea3-abea-5ffcd5d5dc22 fae944cd9cc8471faeb1df68a7a28c0f a67ca9ad4e0141b5a6002dc31e64602c - - default default] 10.0.0.205 "POST /v2.0/subnets HTTP/1.1" status: 201 len: 828 time: 0.6978917
2026-07-16 08:04:59.179 10 INFO neutron.api.wsgi [req-e7a9d023-0b4c-4dc4-a7fb-5e9db566a5fc req-a6e48358-af85-4883-bf25-8a13c3837f81 6dd10aaafa7d4d69b8caba41ff227cd0 b017e85a7eb74822bccdfe30cd9f7ace - - default default] 10.0.0.17 "GET /v2.0/ports?device_id=05daaecc-49d8-4615-b7f2-f7a7725ff7d8 HTTP/1.1" status: 200 len: 1168 time: 0.0745909
2026-07-16 08:04:59.184 10 WARNING neutron_lib.context [None req-54e0d302-f488-4167-96aa-894d200d3129 fae944cd9cc8471faeb1df68a7a28c0f a67ca9ad4e0141b5a6002dc31e64602c - - default default] Method 'is_advsvc' is deprecated since 2023.2 release (neutron-lib 3.8.0) and will be removed once support for the old RBAC API policies will be removed from Neutron. Please use method 'is_service_role' instead.
2026-07-16 08:04:59.223 10 INFO neutron.api.wsgi [req-e7a9d023-0b4c-4dc4-a7fb-5e9db566a5fc req-ccbdd16a-e5d8-4115-b7d6-5535ba7f6dbb 6dd10aaafa7d4d69b8caba41ff227cd0 b017e85a7eb74822bccdfe30cd9f7ace - - default default] 10.0.0.17 "GET /v2.0/security-groups?id=9259c730-2f44-4239-a3ab-ee2a874a2fc5&fields=id&fields=name HTTP/1.1" status: 200 len: 286 time: 0.0364652
2026-07-16 08:04:59.558 10 WARNING neutron.scheduler.dhcp_agent_scheduler [None req-54e0d302-f488-4167-96aa-894d200d3129 fae944cd9cc8471faeb1df68a7a28c0f a67ca9ad4e0141b5a6002dc31e64602c - - default default] No more DHCP agents
2026-07-16 08:04:59.560 10 WARNING neutron.api.rpc.agentnotifiers.dhcp_rpc_agent_api [None req-54e0d302-f488-4167-96aa-894d200d3129 fae944cd9cc8471faeb1df68a7a28c0f a67ca9ad4e0141b5a6002dc31e64602c - - default default] Unable to schedule network 420e998d-ec99-4f47-a94b-9f1db35f8f08: no agents available; will retry on subsequent port and subnet creation events. /var/lib/openstack/lib/python3.12/site-packages/pycadf/identifier.py:71: UserWarning: Invalid uuid: neutron. To ensure interoperability, identifiers should be a valid uuid. warnings.warn(('Invalid uuid: %s. To ensure interoperability, '
2026-07-16 08:04:59.690 9 INFO neutron.api.wsgi [req-00edba3e-3341-4d57-8136-ffeaa6a8575c req-97268221-09cd-4735-bb60-6e434acf7772 ffa3e627b4de4f94a723cdbe4373c377 5e17cd22ac7a410482bcc6c4d3c6e31a - - 69faa7a73d15429097d2f6940a1a579e 69faa7a73d15429097d2f6940a1a579e] 199.19.213.177 "GET /v2.0/ports?tenant_id=b017e85a7eb74822bccdfe30cd9f7ace&device_id=05daaecc-49d8-4615-b7f2-f7a7725ff7d8 HTTP/1.1" status: 200 len: 1407 time: 0.0473571
2026-07-16 08:04:59.699 10 INFO neutron.db.ovn_revision_numbers_db [None req-54e0d302-f488-4167-96aa-894d200d3129 fae944cd9cc8471faeb1df68a7a28c0f a67ca9ad4e0141b5a6002dc31e64602c - - default default] Successfully bumped revision number for resource aa32f285-317b-4834-bbe1-599e32dac550 (type: ports) to 1
2026-07-16 08:04:59.741 9 INFO neutron.api.wsgi [req-00edba3e-3341-4d57-8136-ffeaa6a8575c req-f9aec99c-6489-403c-b03d-b1349ae9bb94 ffa3e627b4de4f94a723cdbe4373c377 5e17cd22ac7a410482bcc6c4d3c6e31a - - 69faa7a73d15429097d2f6940a1a579e 69faa7a73d15429097d2f6940a1a579e] 199.19.213.177 "GET /v2.0/networks?tenant_id=b017e85a7eb74822bccdfe30cd9f7ace&shared=False HTTP/1.1" status: 200 len: 970 time: 0.0453100
2026-07-16 08:04:59.788 9 INFO neutron.api.wsgi [req-00edba3e-3341-4d57-8136-ffeaa6a8575c req-7a8b2a17-69a5-4fbf-9a5c-456d2e9a2aee ffa3e627b4de4f94a723cdbe4373c377 5e17cd22ac7a410482bcc6c4d3c6e31a - - 69faa7a73d15429097d2f6940a1a579e 69faa7a73d15429097d2f6940a1a579e] 199.19.213.177 "GET /v2.0/networks?shared=True HTTP/1.1" status: 200 len: 952 time: 0.0412240
2026-07-16 08:05:00.264 10 INFO neutron.plugins.ml2.drivers.ovn.mech_driver.ovsdb.commands [None req-4a2796f7-43ea-4b9f-99c4-0c7057cf0ab8 - - - - - -] Schedule LRP lrp-aa32f285-317b-4834-bbe1-599e32dac550 on gateway 4e1a191b-b295-4351-bdb7-e8b8e97723eb with priority 1
2026-07-16 08:05:00.291 10 INFO neutron.plugins.ml2.drivers.ovn.mech_driver.mech_driver [None req-743e0a81-9910-441f-a385-e93fe2b436c2 - - - - - -] OVN reports status up for port: aa32f285-317b-4834-bbe1-599e32dac550
2026-07-16 08:05:00.308 10 INFO neutron.plugins.ml2.plugin [None req-743e0a81-9910-441f-a385-e93fe2b436c2 - - - - - -] Attempt 1 to provision port aa32f285-317b-4834-bbe1-599e32dac550
2026-07-16 08:05:00.338 10 INFO neutron.db.ovn_revision_numbers_db [None req-54e0d302-f488-4167-96aa-894d200d3129 fae944cd9cc8471faeb1df68a7a28c0f a67ca9ad4e0141b5a6002dc31e64602c - - default default] Successfully bumped revision number for resource aa32f285-317b-4834-bbe1-599e32dac550 (type: router_ports) to 1
2026-07-16 08:05:00.377 9 INFO neutron.api.wsgi [req-06d412cb-4c4b-4c36-b1b8-43cdb58af6b1 req-1d8281f7-faa8-4078-9cf1-621120e793cc 6dd10aaafa7d4d69b8caba41ff227cd0 b017e85a7eb74822bccdfe30cd9f7ace - - default default] 10.0.0.17 "GET /v2.0/ports?device_id=05daaecc-49d8-4615-b7f2-f7a7725ff7d8 HTTP/1.1" status: 200 len: 1168 time: 0.0831542
2026-07-16 08:05:00.403 10 INFO neutron.db.ovn_revision_numbers_db [None req-54e0d302-f488-4167-96aa-894d200d3129 fae944cd9cc8471faeb1df68a7a28c0f a67ca9ad4e0141b5a6002dc31e64602c - - default default] Successfully bumped revision number for resource a73d360e-a58f-4291-8b72-5823afb20400 (type: routers) to 2
2026-07-16 08:05:00.418 10 INFO neutron.api.wsgi [None req-54e0d302-f488-4167-96aa-894d200d3129 fae944cd9cc8471faeb1df68a7a28c0f a67ca9ad4e0141b5a6002dc31e64602c - - default default] 10.0.0.205 "POST /v2.0/routers HTTP/1.1" status: 201 len: 1136 time: 1.2368011
2026-07-16 08:05:00.431 9 INFO neutron.api.wsgi [req-06d412cb-4c4b-4c36-b1b8-43cdb58af6b1 req-768711f6-91eb-4483-95cc-f8e0dbafac73 6dd10aaafa7d4d69b8caba41ff227cd0 b017e85a7eb74822bccdfe30cd9f7ace - - default default] 10.0.0.17 "GET /v2.0/security-groups?id=9259c730-2f44-4239-a3ab-ee2a874a2fc5&fields=id&fields=name HTTP/1.1" status: 200 len: 286 time: 0.0503101
2026-07-16 08:05:00.731 9 WARNING neutron.plugins.ml2.drivers.ovn.mech_driver.ovsdb.ovn_client [None req-66224eb9-59c8-46c3-9a8c-acb97c7ce640 - - - - - -] No hosting information found for port d58fe556-86c8-4189-aaf5-b74dc02a7a06: RuntimeError: No hosting information found for port d58fe556-86c8-4189-aaf5-b74dc02a7a06
2026-07-16 08:05:00.731 9 INFO neutron.plugins.ml2.drivers.ovn.mech_driver.mech_driver [None req-66224eb9-59c8-46c3-9a8c-acb97c7ce640 - - - - - -] OVN reports status up for port: 3dfc138a-a8fe-4156-94b0-720320e3909c /var/lib/openstack/lib/python3.12/site-packages/pycadf/identifier.py:71: UserWarning: Invalid uuid: neutron. To ensure interoperability, identifiers should be a valid uuid. warnings.warn(('Invalid uuid: %s. To ensure interoperability, '
2026-07-16 08:05:00.858 9 INFO neutron.api.wsgi [req-45cfdfe5-1a18-4beb-9f7d-42fb8aaca784 req-f92f933a-0080-40ae-b99f-257573106acf ffa3e627b4de4f94a723cdbe4373c377 5e17cd22ac7a410482bcc6c4d3c6e31a - - 69faa7a73d15429097d2f6940a1a579e 69faa7a73d15429097d2f6940a1a579e] 199.19.213.177 "GET /v2.0/ports?tenant_id=b017e85a7eb74822bccdfe30cd9f7ace&device_id=05daaecc-49d8-4615-b7f2-f7a7725ff7d8 HTTP/1.1" status: 200 len: 1407 time: 0.0562203
2026-07-16 08:05:00.878 9 INFO neutron.api.wsgi [req-45cfdfe5-1a18-4beb-9f7d-42fb8aaca784 req-e7e33a42-6dff-4259-97b2-9a96cfbb74fd ffa3e627b4de4f94a723cdbe4373c377 5e17cd22ac7a410482bcc6c4d3c6e31a - - 69faa7a73d15429097d2f6940a1a579e 69faa7a73d15429097d2f6940a1a579e] 199.19.213.177 "GET /v2.0/floatingips?fixed_ip_address=10.100.0.7&port_id=d1dad25a-e917-4e8f-846c-bab51a199665 HTTP/1.1" status: 200 len: 217 time: 0.0168324
2026-07-16 08:05:00.906 9 INFO neutron.api.wsgi [req-45cfdfe5-1a18-4beb-9f7d-42fb8aaca784 req-57cf176f-9f78-4029-b1f4-4f13b00e8f46 ffa3e627b4de4f94a723cdbe4373c377 5e17cd22ac7a410482bcc6c4d3c6e31a - - 69faa7a73d15429097d2f6940a1a579e 69faa7a73d15429097d2f6940a1a579e] 199.19.213.177 "GET /v2.0/subnets?id=bbb03a02-dcea-456c-8483-2baa278e52e3 HTTP/1.1" status: 200 len: 889 time: 0.0233567
2026-07-16 08:05:00.934 9 INFO neutron.api.wsgi [req-45cfdfe5-1a18-4beb-9f7d-42fb8aaca784 req-b20e7f42-14df-4396-9c49-5ea990eb96fb ffa3e627b4de4f94a723cdbe4373c377 5e17cd22ac7a410482bcc6c4d3c6e31a - - 69faa7a73d15429097d2f6940a1a579e 69faa7a73d15429097d2f6940a1a579e] 199.19.213.177 "GET /v2.0/ports?network_id=a8c2be82-b21a-4ed8-a679-1eed0fa55c53&device_owner=network%3Adhcp HTTP/1.1" status: 200 len: 210 time: 0.0219209
2026-07-16 08:05:00.948 10 WARNING neutron.scheduler.dhcp_agent_scheduler [None req-62a563d3-26cf-4feb-bec2-a2daac6edf47 fae944cd9cc8471faeb1df68a7a28c0f a67ca9ad4e0141b5a6002dc31e64602c - - default default] No more DHCP agents
2026-07-16 08:05:00.950 10 WARNING neutron.api.rpc.agentnotifiers.dhcp_rpc_agent_api [None req-62a563d3-26cf-4feb-bec2-a2daac6edf47 fae944cd9cc8471faeb1df68a7a28c0f a67ca9ad4e0141b5a6002dc31e64602c - - default default] Unable to schedule network ea55fec9-dd1f-4c01-bbd6-b9a258e6f1d4: no agents available; will retry on subsequent port and subnet creation events.
2026-07-16 08:05:00.979 9 INFO neutron.api.wsgi [req-45cfdfe5-1a18-4beb-9f7d-42fb8aaca784 req-6c661fa0-7b62-44a9-b4c4-e342b9177d7c ffa3e627b4de4f94a723cdbe4373c377 5e17cd22ac7a410482bcc6c4d3c6e31a - - 69faa7a73d15429097d2f6940a1a579e 69faa7a73d15429097d2f6940a1a579e] 199.19.213.177 "GET /v2.0/networks/a8c2be82-b21a-4ed8-a679-1eed0fa55c53?fields=segments HTTP/1.1" status: 200 len: 212 time: 0.0378773
2026-07-16 08:05:01.019 9 INFO neutron.api.wsgi [req-45cfdfe5-1a18-4beb-9f7d-42fb8aaca784 req-c6721167-7c03-4003-b817-c222024a2686 ffa3e627b4de4f94a723cdbe4373c377 5e17cd22ac7a410482bcc6c4d3c6e31a - - 69faa7a73d15429097d2f6940a1a579e 69faa7a73d15429097d2f6940a1a579e] 199.19.213.177 "GET /v2.0/networks/a8c2be82-b21a-4ed8-a679-1eed0fa55c53?fields=provider%3Aphysical_network&fields=provider%3Anetwork_type HTTP/1.1" status: 200 len: 277 time: 0.0353310
2026-07-16 08:05:01.079 10 INFO neutron.db.ovn_revision_numbers_db [None req-62a563d3-26cf-4feb-bec2-a2daac6edf47 fae944cd9cc8471faeb1df68a7a28c0f a67ca9ad4e0141b5a6002dc31e64602c - - default default] Successfully bumped revision number for resource 4189bc8a-0d70-48e6-b355-618aa70eedcc (type: ports) to 1
2026-07-16 08:05:01.172 10 INFO neutron.api.wsgi [req-7d224cb2-a060-4ef3-a50d-224f10e6da36 req-4286187d-386b-4e94-bfc6-39141ab17dbb ffa3e627b4de4f94a723cdbe4373c377 5e17cd22ac7a410482bcc6c4d3c6e31a - - 69faa7a73d15429097d2f6940a1a579e 69faa7a73d15429097d2f6940a1a579e] 10.0.0.136 "GET /v2.0/ports?device_id=7f0f4f49-e5bc-41ae-a997-af660c13964b HTTP/1.1" status: 200 len: 1409 time: 0.0396619
2026-07-16 08:05:01.300 10 INFO neutron.api.wsgi [req-7d224cb2-a060-4ef3-a50d-224f10e6da36 req-bd4a377b-6bc2-4755-89b9-354dd3dd9297 ffa3e627b4de4f94a723cdbe4373c377 5e17cd22ac7a410482bcc6c4d3c6e31a - - 69faa7a73d15429097d2f6940a1a579e 69faa7a73d15429097d2f6940a1a579e] 10.0.0.136 "GET /v2.0/security-groups?id=dc6488d6-acc8-4723-89f5-cf53a0b71621&fields=id&fields=name HTTP/1.1" status: 200 len: 313 time: 0.1213114
2026-07-16 08:05:01.517 9 INFO neutron.api.wsgi [req-a42f24b2-212a-4053-8904-0b8c74065de8 req-ef14c3c2-5bd7-4d5c-b6d4-66b6e862fdf1 6dd10aaafa7d4d69b8caba41ff227cd0 b017e85a7eb74822bccdfe30cd9f7ace - - default default] 10.0.0.17 "GET /v2.0/ports?device_id=05daaecc-49d8-4615-b7f2-f7a7725ff7d8 HTTP/1.1" status: 200 len: 1168 time: 0.0285783
2026-07-16 08:05:01.572 9 INFO neutron.api.wsgi [req-a42f24b2-212a-4053-8904-0b8c74065de8 req-667ef7d2-586a-4e02-86e9-3f8f9b73dd34 6dd10aaafa7d4d69b8caba41ff227cd0 b017e85a7eb74822bccdfe30cd9f7ace - - default default] 10.0.0.17 "GET /v2.0/security-groups?id=9259c730-2f44-4239-a3ab-ee2a874a2fc5&fields=id&fields=name HTTP/1.1" status: 200 len: 286 time: 0.0499005
2026-07-16 08:05:01.578 9 INFO neutron.api.wsgi [-] 10.0.0.197 "GET / HTTP/1.1" status: 200 len: 247 time: 0.0014250
2026-07-16 08:05:01.579 9 INFO neutron.api.wsgi [-] 10.0.0.197 "GET / HTTP/1.1" status: 200 len: 247 time: 0.0010269
2026-07-16 08:05:01.894 9 INFO neutron.plugins.ml2.drivers.ovn.mech_driver.mech_driver [None req-66224eb9-59c8-46c3-9a8c-acb97c7ce640 - - - - - -] OVN reports status up for port: 4189bc8a-0d70-48e6-b355-618aa70eedcc
2026-07-16 08:05:01.915 10 INFO neutron.db.ovn_revision_numbers_db [None req-62a563d3-26cf-4feb-bec2-a2daac6edf47 fae944cd9cc8471faeb1df68a7a28c0f a67ca9ad4e0141b5a6002dc31e64602c - - default default] Successfully bumped revision number for resource 4189bc8a-0d70-48e6-b355-618aa70eedcc (type: ports) to 1
2026-07-16 08:05:01.918 9 INFO neutron.plugins.ml2.plugin [None req-66224eb9-59c8-46c3-9a8c-acb97c7ce640 - - - - - -] Attempt 1 to provision port 4189bc8a-0d70-48e6-b355-618aa70eedcc
2026-07-16 08:05:01.962 10 WARNING neutron.scheduler.dhcp_agent_scheduler [None req-62a563d3-26cf-4feb-bec2-a2daac6edf47 fae944cd9cc8471faeb1df68a7a28c0f a67ca9ad4e0141b5a6002dc31e64602c - - default default] No more DHCP agents
2026-07-16 08:05:01.963 10 WARNING neutron.api.rpc.agentnotifiers.dhcp_rpc_agent_api [None req-62a563d3-26cf-4feb-bec2-a2daac6edf47 fae944cd9cc8471faeb1df68a7a28c0f a67ca9ad4e0141b5a6002dc31e64602c - - default default] Unable to schedule network ea55fec9-dd1f-4c01-bbd6-b9a258e6f1d4: no agents available; will retry on subsequent port and subnet creation events.
2026-07-16 08:05:02.280 10 INFO neutron.db.ovn_revision_numbers_db [None req-62a563d3-26cf-4feb-bec2-a2daac6edf47 fae944cd9cc8471faeb1df68a7a28c0f a67ca9ad4e0141b5a6002dc31e64602c - - default default] Successfully bumped revision number for resource 4189bc8a-0d70-48e6-b355-618aa70eedcc (type: router_ports) to 1
