2026-07-16 08:04:24.672 9 INFO neutron.api.wsgi [None req-97385e06-0d9e-4ff7-81c5-63e1967d7690 8f9d6b9dfdb44a55b16aac99d80e4d81 84c71cb3bef3450e80c09220dc5c6fdb - - default default] 10.0.0.205 "DELETE /v2.0/networks/b1e204dd-786e-4260-9bae-d42e2692b120 HTTP/1.1" status: 204 len: 168 time: 0.3135006
2026-07-16 08:04:24.814 9 INFO neutron.api.wsgi [None req-18f636a7-1391-407d-bb43-dd120ae1dcfb b9ce937a6031456c94b46a52e5f6e3d0 1ccb513f25fc44f4bd438183ad6c0ea8 - - default default] 10.0.0.205 "DELETE /v2.0/security-groups/0d4e0517-5017-4998-aac1-ee97b401b0be HTTP/1.1" status: 204 len: 168 time: 0.2309933
2026-07-16 08:04:24.941 10 INFO neutron.api.wsgi [None req-42ab0e7f-0bff-4fdb-96fb-e8bc7ea01021 4bd762bb34d64dcf8e31e1ee9728624c 70cb81d35710404e93a89d81a0696a2c - - default default] 10.0.0.205 "DELETE /v2.0/networks/8310edac-0a99-48e3-b103-08bad2b67db6 HTTP/1.1" status: 204 len: 168 time: 0.3099217
2026-07-16 08:04:25.251 10 INFO neutron.api.wsgi [None req-82b46ebc-1141-4d21-9cba-2e666d5d8e4d b9ce937a6031456c94b46a52e5f6e3d0 1ccb513f25fc44f4bd438183ad6c0ea8 - - default default] 10.0.0.205 "GET /v2.0/security-groups?tenant_id=84c71cb3bef3450e80c09220dc5c6fdb&name=default HTTP/1.1" status: 200 len: 3120 time: 0.1598382
2026-07-16 08:04:25.430 10 INFO neutron.api.wsgi [None req-86416812-2b49-4be2-9fe4-37332e89f6f0 b9ce937a6031456c94b46a52e5f6e3d0 1ccb513f25fc44f4bd438183ad6c0ea8 - - default default] 10.0.0.205 "DELETE /v2.0/security-groups/f3d4d9f3-65f0-4457-86c9-5f67580a7b8c HTTP/1.1" status: 204 len: 168 time: 0.1736062
2026-07-16 08:04:25.729 10 INFO neutron.api.wsgi [None req-2b253982-be05-42de-98e6-c8d8a0cbeaaf b9ce937a6031456c94b46a52e5f6e3d0 1ccb513f25fc44f4bd438183ad6c0ea8 - - default default] 10.0.0.205 "GET /v2.0/security-groups?tenant_id=70cb81d35710404e93a89d81a0696a2c&name=default HTTP/1.1" status: 200 len: 3120 time: 0.1024392
2026-07-16 08:04:25.953 10 INFO neutron.api.wsgi [None req-27762da1-714c-4c2f-8db8-2cf1e6f035b5 b9ce937a6031456c94b46a52e5f6e3d0 1ccb513f25fc44f4bd438183ad6c0ea8 - - default default] 10.0.0.205 "DELETE /v2.0/security-groups/464565a3-147d-4342-b4f1-a775f86dc7c4 HTTP/1.1" status: 204 len: 168 time: 0.2192681
2026-07-16 08:04:25.962 9 INFO neutron.services.segments.plugin [-] Segment 976d6233-7e35-4875-8bb8-df5b63649d4b resource provider aggregate not found
2026-07-16 08:04:25.969 9 INFO neutron.services.segments.plugin [-] Segment 976d6233-7e35-4875-8bb8-df5b63649d4b resource provider aggregate not found
2026-07-16 08:04:25.986 9 INFO neutron.services.segments.plugin [-] Segment 976d6233-7e35-4875-8bb8-df5b63649d4b resource provider not found; error: Placement Client Error (4xx): {"errors": [{"status": 404, "title": "Not Found", "detail": "The resource could not be found.\n\n No resource provider with uuid 976d6233-7e35-4875-8bb8-df5b63649d4b found for delete ", "request_id": "req-7baefe74-3d22-4205-b01b-e349925734ee"}]}
2026-07-16 08:04:25.987 9 INFO neutron.services.segments.plugin [-] Segment 976d6233-7e35-4875-8bb8-df5b63649d4b resource provider not found; error: Placement Client Error (4xx): {"errors": [{"status": 404, "title": "Not Found", "detail": "The resource could not be found.\n\n No resource provider with uuid 976d6233-7e35-4875-8bb8-df5b63649d4b found for delete ", "request_id": "req-d071bf5c-8eae-4ec1-84b2-caf07aee17cd"}]}
2026-07-16 08:04:26.168 10 INFO neutron.db.ovn_revision_numbers_db [None req-644527e6-06db-4507-907e-cbb11664c270 b9ce937a6031456c94b46a52e5f6e3d0 1ccb513f25fc44f4bd438183ad6c0ea8 - - default default] Successfully bumped revision number for resource 6ff2c6f4-994e-41d8-b61d-c4321d9d16e5 (type: security_groups) to 1
2026-07-16 08:04:26.179 10 INFO neutron.db.ovn_revision_numbers_db [None req-644527e6-06db-4507-907e-cbb11664c270 b9ce937a6031456c94b46a52e5f6e3d0 1ccb513f25fc44f4bd438183ad6c0ea8 - - default default] Successfully bumped revision number for resource 3dd9901d-a87f-414f-8d01-3eba1bdd5386 (type: security_group_rules) to 0
2026-07-16 08:04:26.191 10 INFO neutron.db.ovn_revision_numbers_db [None req-644527e6-06db-4507-907e-cbb11664c270 b9ce937a6031456c94b46a52e5f6e3d0 1ccb513f25fc44f4bd438183ad6c0ea8 - - default default] Successfully bumped revision number for resource 9b33bacb-711c-452e-b3e0-798324a35a53 (type: security_group_rules) to 0
2026-07-16 08:04:26.206 10 INFO neutron.db.ovn_revision_numbers_db [None req-644527e6-06db-4507-907e-cbb11664c270 b9ce937a6031456c94b46a52e5f6e3d0 1ccb513f25fc44f4bd438183ad6c0ea8 - - default default] Successfully bumped revision number for resource e46a6869-f1f5-4237-b799-6173af57e66c (type: security_group_rules) to 0
2026-07-16 08:04:26.218 10 INFO neutron.db.ovn_revision_numbers_db [None req-644527e6-06db-4507-907e-cbb11664c270 b9ce937a6031456c94b46a52e5f6e3d0 1ccb513f25fc44f4bd438183ad6c0ea8 - - default default] Successfully bumped revision number for resource fb7c96fa-7547-4464-8182-ce09200d001b (type: security_group_rules) to 0
2026-07-16 08:04:26.253 10 INFO neutron.api.wsgi [None req-644527e6-06db-4507-907e-cbb11664c270 b9ce937a6031456c94b46a52e5f6e3d0 1ccb513f25fc44f4bd438183ad6c0ea8 - - default default] 10.0.0.205 "GET /v2.0/security-groups?tenant_id=e52dfe3974eb448193691fac30e64354&name=default HTTP/1.1" status: 200 len: 3120 time: 0.2057161
2026-07-16 08:04:26.450 10 INFO neutron.api.wsgi [None req-7b5e8f3d-1ec1-47e2-a105-87b1d78c9b3d b9ce937a6031456c94b46a52e5f6e3d0 1ccb513f25fc44f4bd438183ad6c0ea8 - - default default] 10.0.0.205 "DELETE /v2.0/security-groups/6ff2c6f4-994e-41d8-b61d-c4321d9d16e5 HTTP/1.1" status: 204 len: 168 time: 0.1918907
2026-07-16 08:04:26.492 10 INFO neutron.services.segments.plugin [-] Segment 09989738-748e-46ec-a012-b15efb098c91 resource provider aggregate not found
2026-07-16 08:04:26.499 10 INFO neutron.services.segments.plugin [-] Segment 09989738-748e-46ec-a012-b15efb098c91 resource provider aggregate not found
2026-07-16 08:04:26.504 10 INFO neutron.services.segments.plugin [-] Segment 09989738-748e-46ec-a012-b15efb098c91 resource provider not found; error: Placement Client Error (4xx): {"errors": [{"status": 404, "title": "Not Found", "detail": "The resource could not be found.\n\n No resource provider with uuid 09989738-748e-46ec-a012-b15efb098c91 found for delete ", "request_id": "req-e8251c33-54ed-4ade-90e9-c283344820b8"}]}
2026-07-16 08:04:26.507 10 INFO neutron.services.segments.plugin [-] Segment 09989738-748e-46ec-a012-b15efb098c91 resource provider not found; error: Placement Client Error (4xx): {"errors": [{"status": 404, "title": "Not Found", "detail": "The resource could not be found.\n\n No resource provider with uuid 09989738-748e-46ec-a012-b15efb098c91 found for delete ", "request_id": "req-6495f4a4-3ad7-45d1-bf3d-24c8d9e5ceb7"}]}
2026-07-16 08:04:26.515 10 INFO neutron.services.segments.plugin [-] Segment b9399da6-25ee-4c0b-a3d0-07d20a956731 resource provider aggregate not found
2026-07-16 08:04:26.519 10 INFO neutron.services.segments.plugin [-] Segment b9399da6-25ee-4c0b-a3d0-07d20a956731 resource provider aggregate not found
2026-07-16 08:04:26.523 10 INFO neutron.services.segments.plugin [-] Segment b9399da6-25ee-4c0b-a3d0-07d20a956731 resource provider not found; error: Placement Client Error (4xx): {"errors": [{"status": 404, "title": "Not Found", "detail": "The resource could not be found.\n\n No resource provider with uuid b9399da6-25ee-4c0b-a3d0-07d20a956731 found for delete ", "request_id": "req-9913f54b-61bb-4eab-8692-2ace4ec19f26"}]}
2026-07-16 08:04:26.528 10 INFO neutron.services.segments.plugin [-] Segment b9399da6-25ee-4c0b-a3d0-07d20a956731 resource provider not found; error: Placement Client Error (4xx): {"errors": [{"status": 404, "title": "Not Found", "detail": "The resource could not be found.\n\n No resource provider with uuid b9399da6-25ee-4c0b-a3d0-07d20a956731 found for delete ", "request_id": "req-c8a208e3-168b-4e3b-8b62-fbb83090bfda"}]}
2026-07-16 08:04:27.325 10 WARNING neutron_lib.context [None req-9c913059-938d-45ac-a75c-63a70e437778 09163094a53a40ceb74b7239e15b57f3 91d248da2198456dad3c35b50039a93e - - default default] Method 'is_advsvc' is deprecated since 2023.2 release (neutron-lib 3.8.0) and will be removed once support for the old RBAC API policies will be removed from Neutron. Please use method 'is_service_role' instead.
2026-07-16 08:04:27.431 10 INFO neutron.db.ovn_revision_numbers_db [None req-9c913059-938d-45ac-a75c-63a70e437778 09163094a53a40ceb74b7239e15b57f3 91d248da2198456dad3c35b50039a93e - - default default] Successfully bumped revision number for resource 6d46b1c6-c949-4059-9797-1ceceed669ea (type: security_groups) to 1
2026-07-16 08:04:27.443 10 INFO neutron.db.ovn_revision_numbers_db [None req-9c913059-938d-45ac-a75c-63a70e437778 09163094a53a40ceb74b7239e15b57f3 91d248da2198456dad3c35b50039a93e - - default default] Successfully bumped revision number for resource 2b8c97ad-44f9-47b4-949d-fe2ebbd80abc (type: security_group_rules) to 0
2026-07-16 08:04:27.455 10 INFO neutron.db.ovn_revision_numbers_db [None req-9c913059-938d-45ac-a75c-63a70e437778 09163094a53a40ceb74b7239e15b57f3 91d248da2198456dad3c35b50039a93e - - default default] Successfully bumped revision number for resource b631d52d-ab45-484d-af8a-37badd30e4ed (type: security_group_rules) to 0
2026-07-16 08:04:27.471 10 INFO neutron.db.ovn_revision_numbers_db [None req-9c913059-938d-45ac-a75c-63a70e437778 09163094a53a40ceb74b7239e15b57f3 91d248da2198456dad3c35b50039a93e - - default default] Successfully bumped revision number for resource bd07e15c-7b5f-4409-b621-be0235e1925b (type: security_group_rules) to 0
2026-07-16 08:04:27.483 10 INFO neutron.db.ovn_revision_numbers_db [None req-9c913059-938d-45ac-a75c-63a70e437778 09163094a53a40ceb74b7239e15b57f3 91d248da2198456dad3c35b50039a93e - - default default] Successfully bumped revision number for resource eb7b3c1b-fb54-4dee-808c-21fc0e5c00be (type: security_group_rules) to 0
2026-07-16 08:04:27.588 10 INFO neutron.db.ovn_revision_numbers_db [None req-9c913059-938d-45ac-a75c-63a70e437778 09163094a53a40ceb74b7239e15b57f3 91d248da2198456dad3c35b50039a93e - - default default] Successfully bumped revision number for resource ecb91264-016c-486d-9d64-6327f48480aa (type: security_groups) to 1
2026-07-16 08:04:27.602 10 INFO neutron.db.ovn_revision_numbers_db [None req-9c913059-938d-45ac-a75c-63a70e437778 09163094a53a40ceb74b7239e15b57f3 91d248da2198456dad3c35b50039a93e - - default default] Successfully bumped revision number for resource 40a36413-600a-4e57-9366-7f36a7035886 (type: security_group_rules) to 0
2026-07-16 08:04:27.616 10 INFO neutron.db.ovn_revision_numbers_db [None req-9c913059-938d-45ac-a75c-63a70e437778 09163094a53a40ceb74b7239e15b57f3 91d248da2198456dad3c35b50039a93e - - default default] Successfully bumped revision number for resource d03f4db0-1030-4f98-84a5-70cbe816e7f0 (type: security_group_rules) to 0
2026-07-16 08:04:27.654 10 INFO neutron.api.wsgi [None req-9c913059-938d-45ac-a75c-63a70e437778 09163094a53a40ceb74b7239e15b57f3 91d248da2198456dad3c35b50039a93e - - default default] 10.0.0.205 "POST /v2.0/security-groups HTTP/1.1" status: 201 len: 1824 time: 0.5132661
2026-07-16 08:04:27.686 9 WARNING neutron_lib.context [None req-fa0f7585-6521-4782-b1a2-6fa6a987f265 03e449e4cd3649c9ba58b0ae4a770ca8 4ca6a637c5be47aea2d648ca9e5e127c - - default default] Method 'is_advsvc' is deprecated since 2023.2 release (neutron-lib 3.8.0) and will be removed once support for the old RBAC API policies will be removed from Neutron. Please use method 'is_service_role' instead.
2026-07-16 08:04:27.703 9 INFO neutron.api.wsgi [None req-d31c4b25-7907-40b0-8579-2aeb9c979767 09163094a53a40ceb74b7239e15b57f3 91d248da2198456dad3c35b50039a93e - - default default] 10.0.0.205 "GET /v2.0/security-groups HTTP/1.1" status: 200 len: 4724 time: 0.0435236
2026-07-16 08:04:27.829 9 INFO neutron.db.ovn_revision_numbers_db [None req-fa0f7585-6521-4782-b1a2-6fa6a987f265 03e449e4cd3649c9ba58b0ae4a770ca8 4ca6a637c5be47aea2d648ca9e5e127c - - default default] Successfully bumped revision number for resource 41e0661a-8d7b-4a02-8432-60d77b6a6c53 (type: security_groups) to 1
2026-07-16 08:04:27.836 9 INFO neutron.db.ovn_revision_numbers_db [None req-795845fc-321e-4853-a282-cb1ce3f62407 09163094a53a40ceb74b7239e15b57f3 91d248da2198456dad3c35b50039a93e - - default default] Successfully bumped revision number for resource ecb91264-016c-486d-9d64-6327f48480aa (type: security_groups) to 2
2026-07-16 08:04:27.842 9 INFO neutron.db.ovn_revision_numbers_db [None req-fa0f7585-6521-4782-b1a2-6fa6a987f265 03e449e4cd3649c9ba58b0ae4a770ca8 4ca6a637c5be47aea2d648ca9e5e127c - - default default] Successfully bumped revision number for resource af099c5b-b817-492b-9b6f-4eab081b74be (type: security_group_rules) to 0
2026-07-16 08:04:27.858 9 INFO neutron.api.wsgi [None req-795845fc-321e-4853-a282-cb1ce3f62407 09163094a53a40ceb74b7239e15b57f3 91d248da2198456dad3c35b50039a93e - - default default] 10.0.0.205 "PUT /v2.0/security-groups/ecb91264-016c-486d-9d64-6327f48480aa HTTP/1.1" status: 200 len: 1858 time: 0.1513770
2026-07-16 08:04:27.862 9 INFO neutron.db.ovn_revision_numbers_db [None req-fa0f7585-6521-4782-b1a2-6fa6a987f265 03e449e4cd3649c9ba58b0ae4a770ca8 4ca6a637c5be47aea2d648ca9e5e127c - - default default] Successfully bumped revision number for resource bc3f003a-129e-47f7-baa3-b290f1dda4b7 (type: security_group_rules) to 0
2026-07-16 08:04:27.878 9 INFO neutron.db.ovn_revision_numbers_db [None req-fa0f7585-6521-4782-b1a2-6fa6a987f265 03e449e4cd3649c9ba58b0ae4a770ca8 4ca6a637c5be47aea2d648ca9e5e127c - - default default] Successfully bumped revision number for resource bccb7565-b07a-457e-854c-e51d4e6b60bc (type: security_group_rules) to 0
2026-07-16 08:04:27.892 9 INFO neutron.api.wsgi [None req-325ff2ea-19b4-4807-98be-2c8ec7409f69 09163094a53a40ceb74b7239e15b57f3 91d248da2198456dad3c35b50039a93e - - default default] 10.0.0.205 "GET /v2.0/security-groups/ecb91264-016c-486d-9d64-6327f48480aa HTTP/1.1" status: 200 len: 1858 time: 0.0303919
2026-07-16 08:04:27.896 9 INFO neutron.db.ovn_revision_numbers_db [None req-fa0f7585-6521-4782-b1a2-6fa6a987f265 03e449e4cd3649c9ba58b0ae4a770ca8 4ca6a637c5be47aea2d648ca9e5e127c - - default default] Successfully bumped revision number for resource e040262a-e3de-4785-bb49-7d0be32a91e8 (type: security_group_rules) to 0
2026-07-16 08:04:27.966 9 INFO neutron.db.segments_db [None req-fa0f7585-6521-4782-b1a2-6fa6a987f265 03e449e4cd3649c9ba58b0ae4a770ca8 4ca6a637c5be47aea2d648ca9e5e127c - - default default] Added segment dda35cb6-76ed-4278-8d6a-dfe6cddcd463 of type geneve for network 710c1120-e05c-4fd8-8c61-23b8df01a1dc
2026-07-16 08:04:27.993 10 INFO neutron.api.wsgi [None req-2cd53c95-673f-4cd1-bb8b-fdfee44a2da7 09163094a53a40ceb74b7239e15b57f3 91d248da2198456dad3c35b50039a93e - - default default] 10.0.0.205 "DELETE /v2.0/security-groups/ecb91264-016c-486d-9d64-6327f48480aa HTTP/1.1" status: 204 len: 168 time: 0.0953829
2026-07-16 08:04:28.036 10 INFO neutron.api.wsgi [None req-6c5c8462-77ee-407d-aac7-b35423810259 09163094a53a40ceb74b7239e15b57f3 91d248da2198456dad3c35b50039a93e - - default default] 10.0.0.205 "GET /v2.0/security-groups HTTP/1.1" status: 200 len: 3120 time: 0.0370529
2026-07-16 08:04:28.054 9 INFO neutron.api.v2.resource [None req-eef97797-425c-4050-a4e5-3ff7af1c1510 09163094a53a40ceb74b7239e15b57f3 91d248da2198456dad3c35b50039a93e - - default default] delete failed (client error): The resource could not be found.
2026-07-16 08:04:28.055 9 INFO neutron.api.wsgi [None req-eef97797-425c-4050-a4e5-3ff7af1c1510 09163094a53a40ceb74b7239e15b57f3 91d248da2198456dad3c35b50039a93e - - default default] 10.0.0.205 "DELETE /v2.0/security-groups/ecb91264-016c-486d-9d64-6327f48480aa HTTP/1.1" status: 404 len: 347 time: 0.0144033
2026-07-16 08:04:28.066 9 WARNING neutron_lib.context [None req-c87a03ee-6f79-41a5-aedf-88d197d8f5cb 09163094a53a40ceb74b7239e15b57f3 91d248da2198456dad3c35b50039a93e - - default default] Method 'is_advsvc' is deprecated since 2023.2 release (neutron-lib 3.8.0) and will be removed once support for the old RBAC API policies will be removed from Neutron. Please use method 'is_service_role' instead.
2026-07-16 08:04:28.108 9 INFO neutron.db.ovn_revision_numbers_db [None req-fa0f7585-6521-4782-b1a2-6fa6a987f265 03e449e4cd3649c9ba58b0ae4a770ca8 4ca6a637c5be47aea2d648ca9e5e127c - - default default] Successfully bumped revision number for resource 710c1120-e05c-4fd8-8c61-23b8df01a1dc (type: networks) to 1
2026-07-16 08:04:28.186 9 INFO neutron.db.ovn_revision_numbers_db [None req-c87a03ee-6f79-41a5-aedf-88d197d8f5cb 09163094a53a40ceb74b7239e15b57f3 91d248da2198456dad3c35b50039a93e - - default default] Successfully bumped revision number for resource 0f5ba2d4-5bd9-455f-8a25-988bfbab5934 (type: security_groups) to 1
2026-07-16 08:04:28.201 9 INFO neutron.db.ovn_revision_numbers_db [None req-c87a03ee-6f79-41a5-aedf-88d197d8f5cb 09163094a53a40ceb74b7239e15b57f3 91d248da2198456dad3c35b50039a93e - - default default] Successfully bumped revision number for resource 448c4fba-b732-41d0-a9d3-60aa8a209f5f (type: security_group_rules) to 0
2026-07-16 08:04:28.215 9 INFO neutron.db.ovn_revision_numbers_db [None req-c87a03ee-6f79-41a5-aedf-88d197d8f5cb 09163094a53a40ceb74b7239e15b57f3 91d248da2198456dad3c35b50039a93e - - default default] Successfully bumped revision number for resource 473622e9-a846-4f98-a328-1a29f8d8f873 (type: security_group_rules) to 0
2026-07-16 08:04:28.244 9 INFO neutron.api.wsgi [None req-c87a03ee-6f79-41a5-aedf-88d197d8f5cb 09163094a53a40ceb74b7239e15b57f3 91d248da2198456dad3c35b50039a93e - - default default] 10.0.0.205 "POST /v2.0/security-groups HTTP/1.1" status: 201 len: 1824 time: 0.1813440
2026-07-16 08:04:28.252 9 WARNING neutron_lib.context [None req-c33af5ef-a0f6-465d-b271-d0201f5d3435 09163094a53a40ceb74b7239e15b57f3 91d248da2198456dad3c35b50039a93e - - default default] Method 'is_advsvc' is deprecated since 2023.2 release (neutron-lib 3.8.0) and will be removed once support for the old RBAC API policies will be removed from Neutron. Please use method 'is_service_role' instead.
2026-07-16 08:04:28.262 9 WARNING neutron.scheduler.dhcp_agent_scheduler [None req-fa0f7585-6521-4782-b1a2-6fa6a987f265 03e449e4cd3649c9ba58b0ae4a770ca8 4ca6a637c5be47aea2d648ca9e5e127c - - default default] No more DHCP agents
2026-07-16 08:04:28.264 9 WARNING neutron.api.rpc.agentnotifiers.dhcp_rpc_agent_api [None req-fa0f7585-6521-4782-b1a2-6fa6a987f265 03e449e4cd3649c9ba58b0ae4a770ca8 4ca6a637c5be47aea2d648ca9e5e127c - - default default] Unable to schedule network 710c1120-e05c-4fd8-8c61-23b8df01a1dc: no agents available; will retry on subsequent port and subnet creation events.
2026-07-16 08:04:28.339 9 INFO neutron.db.ovn_revision_numbers_db [None req-fa0f7585-6521-4782-b1a2-6fa6a987f265 03e449e4cd3649c9ba58b0ae4a770ca8 4ca6a637c5be47aea2d648ca9e5e127c - - default default] Successfully bumped revision number for resource 42b27ee6-4f52-4009-8611-0f11de692d3c (type: ports) to 1
2026-07-16 08:04:28.367 9 INFO neutron.api.wsgi [None req-fa0f7585-6521-4782-b1a2-6fa6a987f265 03e449e4cd3649c9ba58b0ae4a770ca8 4ca6a637c5be47aea2d648ca9e5e127c - - default default] 10.0.0.205 "POST /v2.0/networks HTTP/1.1" status: 201 len: 832 time: 0.8557038
2026-07-16 08:04:28.384 9 WARNING neutron_lib.context [None req-0320bba5-cfb9-431d-910a-651c0dfdc9c7 03e449e4cd3649c9ba58b0ae4a770ca8 4ca6a637c5be47aea2d648ca9e5e127c - - default default] Method 'is_advsvc' is deprecated since 2023.2 release (neutron-lib 3.8.0) and will be removed once support for the old RBAC API policies will be removed from Neutron. Please use method 'is_service_role' instead.
2026-07-16 08:04:28.398 9 INFO neutron.db.ovn_revision_numbers_db [None req-c33af5ef-a0f6-465d-b271-d0201f5d3435 09163094a53a40ceb74b7239e15b57f3 91d248da2198456dad3c35b50039a93e - - default default] Successfully bumped revision number for resource b8313d7f-4bce-483b-8225-f86351cb6f85 (type: security_group_rules) to 0
2026-07-16 08:04:28.432 9 INFO neutron.api.wsgi [None req-c33af5ef-a0f6-465d-b271-d0201f5d3435 09163094a53a40ceb74b7239e15b57f3 91d248da2198456dad3c35b50039a93e - - default default] 10.0.0.205 "POST /v2.0/security-group-rules HTTP/1.1" status: 201 len: 800 time: 0.1830015
2026-07-16 08:04:28.453 9 INFO neutron.api.wsgi [None req-fee88ab2-8b1e-4ff5-893e-ba90d151a9bc 09163094a53a40ceb74b7239e15b57f3 91d248da2198456dad3c35b50039a93e - - default default] 10.0.0.205 "GET /v2.0/security-group-rules/b8313d7f-4bce-483b-8225-f86351cb6f85 HTTP/1.1" status: 200 len: 795 time: 0.0169024
2026-07-16 08:04:28.539 10 INFO neutron.api.wsgi [None req-a3119454-6f6b-4eef-929f-b1d45f4bdc80 09163094a53a40ceb74b7239e15b57f3 91d248da2198456dad3c35b50039a93e - - default default] 10.0.0.205 "GET /v2.0/security-group-rules HTTP/1.1" status: 200 len: 4333 time: 0.0805647
2026-07-16 08:04:28.702 9 INFO neutron.api.wsgi [None req-7e07081a-c3e2-49ae-8c0f-cb4468a5e0a1 09163094a53a40ceb74b7239e15b57f3 91d248da2198456dad3c35b50039a93e - - default default] 10.0.0.205 "DELETE /v2.0/security-group-rules/b8313d7f-4bce-483b-8225-f86351cb6f85 HTTP/1.1" status: 204 len: 168 time: 0.1580772
2026-07-16 08:04:28.756 10 INFO neutron.api.wsgi [None req-d12f6077-46a7-4eaa-b78d-d54c1ca47c6e 09163094a53a40ceb74b7239e15b57f3 91d248da2198456dad3c35b50039a93e - - default default] 10.0.0.205 "GET /v2.0/security-group-rules HTTP/1.1" status: 200 len: 3755 time: 0.0495172
2026-07-16 08:04:28.764 10 WARNING neutron_lib.context [None req-d32c028c-57c9-463a-a05e-1b13bc510616 09163094a53a40ceb74b7239e15b57f3 91d248da2198456dad3c35b50039a93e - - default default] Method 'is_advsvc' is deprecated since 2023.2 release (neutron-lib 3.8.0) and will be removed once support for the old RBAC API policies will be removed from Neutron. Please use method 'is_service_role' instead.
2026-07-16 08:04:28.784 9 WARNING neutron.scheduler.dhcp_agent_scheduler [None req-0320bba5-cfb9-431d-910a-651c0dfdc9c7 03e449e4cd3649c9ba58b0ae4a770ca8 4ca6a637c5be47aea2d648ca9e5e127c - - default default] No more DHCP agents
2026-07-16 08:04:28.785 9 WARNING neutron.api.rpc.agentnotifiers.dhcp_rpc_agent_api [None req-0320bba5-cfb9-431d-910a-651c0dfdc9c7 03e449e4cd3649c9ba58b0ae4a770ca8 4ca6a637c5be47aea2d648ca9e5e127c - - default default] Unable to schedule network 420e998d-ec99-4f47-a94b-9f1db35f8f08: no agents available; will retry on subsequent port and subnet creation events.
2026-07-16 08:04:28.880 10 INFO neutron.db.ovn_revision_numbers_db [None req-d32c028c-57c9-463a-a05e-1b13bc510616 09163094a53a40ceb74b7239e15b57f3 91d248da2198456dad3c35b50039a93e - - default default] Successfully bumped revision number for resource 38f56e6e-c6f7-40d5-967c-e71aa0a2814b (type: security_group_rules) to 0
2026-07-16 08:04:28.892 9 INFO neutron.db.ovn_revision_numbers_db [None req-0320bba5-cfb9-431d-910a-651c0dfdc9c7 03e449e4cd3649c9ba58b0ae4a770ca8 4ca6a637c5be47aea2d648ca9e5e127c - - default default] Successfully bumped revision number for resource 0a6e98ac-b927-41a1-aad9-3734a63a40b4 (type: ports) to 1
2026-07-16 08:04:28.909 10 INFO neutron.api.wsgi [None req-d32c028c-57c9-463a-a05e-1b13bc510616 09163094a53a40ceb74b7239e15b57f3 91d248da2198456dad3c35b50039a93e - - default default] 10.0.0.205 "POST /v2.0/security-group-rules HTTP/1.1" status: 201 len: 800 time: 0.1483805
2026-07-16 08:04:28.932 10 INFO neutron.api.wsgi [None req-e8b79fef-c611-49e4-bbdc-5b903f9111f3 09163094a53a40ceb74b7239e15b57f3 91d248da2198456dad3c35b50039a93e - - default default] 10.0.0.205 "GET /v2.0/security-group-rules/38f56e6e-c6f7-40d5-967c-e71aa0a2814b HTTP/1.1" status: 200 len: 795 time: 0.0150132
2026-07-16 08:04:28.988 10 INFO neutron.api.wsgi [None req-98436307-36c1-44e2-9169-e0a753a8e372 09163094a53a40ceb74b7239e15b57f3 91d248da2198456dad3c35b50039a93e - - default default] 10.0.0.205 "GET /v2.0/security-group-rules HTTP/1.1" status: 200 len: 4333 time: 0.0518656
2026-07-16 08:04:29.097 10 INFO neutron.api.wsgi [None req-cb367926-fd76-4481-857b-dd71203f4055 09163094a53a40ceb74b7239e15b57f3 91d248da2198456dad3c35b50039a93e - - default default] 10.0.0.205 "DELETE /v2.0/security-group-rules/38f56e6e-c6f7-40d5-967c-e71aa0a2814b HTTP/1.1" status: 204 len: 168 time: 0.1064112
2026-07-16 08:04:29.166 10 INFO neutron.api.wsgi [None req-f3ccd273-e723-4d8e-90e6-c0a7ea341a48 09163094a53a40ceb74b7239e15b57f3 91d248da2198456dad3c35b50039a93e - - default default] 10.0.0.205 "GET /v2.0/security-group-rules HTTP/1.1" status: 200 len: 3755 time: 0.0636883
2026-07-16 08:04:29.179 9 WARNING neutron_lib.context [None req-0d2bdd62-6094-413c-ad1b-971e847ce003 09163094a53a40ceb74b7239e15b57f3 91d248da2198456dad3c35b50039a93e - - default default] Method 'is_advsvc' is deprecated since 2023.2 release (neutron-lib 3.8.0) and will be removed once support for the old RBAC API policies will be removed from Neutron. Please use method 'is_service_role' instead.
2026-07-16 08:04:29.215 9 INFO neutron.db.securitygroups_db [None req-0d2bdd62-6094-413c-ad1b-971e847ce003 09163094a53a40ceb74b7239e15b57f3 91d248da2198456dad3c35b50039a93e - - default default] Project 91d248da2198456dad3c35b50039a93e added a security group rule with legacy IPv6 ICMP protocol name icmp, ipv6-icmp should be used instead. It was automatically converted.
2026-07-16 08:04:29.287 9 INFO neutron.db.ovn_revision_numbers_db [None req-0d2bdd62-6094-413c-ad1b-971e847ce003 09163094a53a40ceb74b7239e15b57f3 91d248da2198456dad3c35b50039a93e - - default default] Successfully bumped revision number for resource b306ea6e-dec2-4def-bc4c-b13a4e862900 (type: security_group_rules) to 0
2026-07-16 08:04:29.317 9 INFO neutron.api.wsgi [None req-0d2bdd62-6094-413c-ad1b-971e847ce003 09163094a53a40ceb74b7239e15b57f3 91d248da2198456dad3c35b50039a93e - - default default] 10.0.0.205 "POST /v2.0/security-group-rules HTTP/1.1" status: 201 len: 806 time: 0.1415176
2026-07-16 08:04:29.336 10 INFO neutron.api.wsgi [None req-8fd3744c-867c-4d41-b260-8299c6a30a32 09163094a53a40ceb74b7239e15b57f3 91d248da2198456dad3c35b50039a93e - - default default] 10.0.0.205 "GET /v2.0/security-group-rules/b306ea6e-dec2-4def-bc4c-b13a4e862900 HTTP/1.1" status: 200 len: 801 time: 0.0141306
2026-07-16 08:04:29.390 10 INFO neutron.api.wsgi [None req-626b9ef5-635d-43ff-bfd4-584c8cbfd940 09163094a53a40ceb74b7239e15b57f3 91d248da2198456dad3c35b50039a93e - - default default] 10.0.0.205 "GET /v2.0/security-group-rules HTTP/1.1" status: 200 len: 4339 time: 0.0500686
2026-07-16 08:04:29.433 9 INFO neutron.plugins.ml2.drivers.ovn.mech_driver.ovsdb.commands [None req-a207a6eb-9d58-454e-8502-69258408eab9 - - - - - -] Schedule LRP lrp-0a6e98ac-b927-41a1-aad9-3734a63a40b4 on gateway 4e1a191b-b295-4351-bdb7-e8b8e97723eb with priority 1
2026-07-16 08:04:29.447 10 INFO neutron.plugins.ml2.drivers.ovn.mech_driver.mech_driver [None req-c1a20674-8aeb-4e15-b590-8d906e884600 - - - - - -] OVN reports status up for port: 0a6e98ac-b927-41a1-aad9-3734a63a40b4
2026-07-16 08:04:29.455 10 INFO neutron.plugins.ml2.drivers.ovn.mech_driver.ovsdb.ovsdb_monitor [None req-e7e0e79f-5ba7-49ae-96f6-b99410dac858 - - - - - -] Router 36c16957-af60-4892-b159-f2ea26e447d4 is bound to host instance
2026-07-16 08:04:29.465 10 INFO neutron.plugins.ml2.plugin [None req-c1a20674-8aeb-4e15-b590-8d906e884600 - - - - - -] Attempt 1 to provision port 0a6e98ac-b927-41a1-aad9-3734a63a40b4
2026-07-16 08:04:29.479 9 INFO neutron.db.ovn_revision_numbers_db [None req-0320bba5-cfb9-431d-910a-651c0dfdc9c7 03e449e4cd3649c9ba58b0ae4a770ca8 4ca6a637c5be47aea2d648ca9e5e127c - - default default] Successfully bumped revision number for resource 0a6e98ac-b927-41a1-aad9-3734a63a40b4 (type: router_ports) to 1
2026-07-16 08:04:29.522 9 WARNING neutron_lib.context [None req-7b721b75-2497-426e-b882-f9d4317f1b4a fae944cd9cc8471faeb1df68a7a28c0f a67ca9ad4e0141b5a6002dc31e64602c - - default default] Method 'is_advsvc' is deprecated since 2023.2 release (neutron-lib 3.8.0) and will be removed once support for the old RBAC API policies will be removed from Neutron. Please use method 'is_service_role' instead.
2026-07-16 08:04:29.548 9 INFO neutron.db.ovn_revision_numbers_db [None req-0320bba5-cfb9-431d-910a-651c0dfdc9c7 03e449e4cd3649c9ba58b0ae4a770ca8 4ca6a637c5be47aea2d648ca9e5e127c - - default default] Successfully bumped revision number for resource 36c16957-af60-4892-b159-f2ea26e447d4 (type: routers) to 2
2026-07-16 08:04:29.558 10 INFO neutron.api.wsgi [None req-07c5106a-e666-4f05-8122-a79173bd0259 09163094a53a40ceb74b7239e15b57f3 91d248da2198456dad3c35b50039a93e - - default default] 10.0.0.205 "DELETE /v2.0/security-group-rules/b306ea6e-dec2-4def-bc4c-b13a4e862900 HTTP/1.1" status: 204 len: 168 time: 0.1625540
2026-07-16 08:04:29.569 9 INFO neutron.api.wsgi [None req-0320bba5-cfb9-431d-910a-651c0dfdc9c7 03e449e4cd3649c9ba58b0ae4a770ca8 4ca6a637c5be47aea2d648ca9e5e127c - - default default] 10.0.0.205 "POST /v2.0/routers HTTP/1.1" status: 201 len: 1154 time: 1.1895730
2026-07-16 08:04:29.639 10 INFO neutron.api.wsgi [None req-5ab05de2-cd55-4b84-88eb-9d598175ead3 09163094a53a40ceb74b7239e15b57f3 91d248da2198456dad3c35b50039a93e - - default default] 10.0.0.205 "GET /v2.0/security-group-rules HTTP/1.1" status: 200 len: 3755 time: 0.0713682
2026-07-16 08:04:29.695 9 INFO neutron.db.ovn_revision_numbers_db [None req-7b721b75-2497-426e-b882-f9d4317f1b4a fae944cd9cc8471faeb1df68a7a28c0f a67ca9ad4e0141b5a6002dc31e64602c - - default default] Successfully bumped revision number for resource c1949b8a-258d-472b-829a-f54317a7df51 (type: security_groups) to 1
2026-07-16 08:04:29.713 9 INFO neutron.api.wsgi [None req-6356b3da-f4a7-4fca-b95f-34b887e1060e ea227742b5eb4f3cbc6d45021a9eb0fd 88fcf84db276408c99b8dc0d2df6ee98 - - default default] 10.0.0.205 "GET /v2.0/subnets?project_id=4ca6a637c5be47aea2d648ca9e5e127c&cidr=10.100.0.0%2F28 HTTP/1.1" status: 200 len: 207 time: 0.1391132
2026-07-16 08:04:29.721 9 INFO neutron.db.ovn_revision_numbers_db [None req-7b721b75-2497-426e-b882-f9d4317f1b4a fae944cd9cc8471faeb1df68a7a28c0f a67ca9ad4e0141b5a6002dc31e64602c - - default default] Successfully bumped revision number for resource 070013d0-d7c6-484a-a7c2-ce91147019af (type: security_group_rules) to 0
2026-07-16 08:04:29.735 9 INFO neutron.db.ovn_revision_numbers_db [None req-7b721b75-2497-426e-b882-f9d4317f1b4a fae944cd9cc8471faeb1df68a7a28c0f a67ca9ad4e0141b5a6002dc31e64602c - - default default] Successfully bumped revision number for resource 5f67a985-9338-426c-948e-56f34b3570b4 (type: security_group_rules) to 0
2026-07-16 08:04:29.746 9 INFO neutron.db.ovn_revision_numbers_db [None req-7b721b75-2497-426e-b882-f9d4317f1b4a fae944cd9cc8471faeb1df68a7a28c0f a67ca9ad4e0141b5a6002dc31e64602c - - default default] Successfully bumped revision number for resource 8f78565d-fa72-4ac7-8f4f-c20f01f56ab3 (type: security_group_rules) to 0
2026-07-16 08:04:29.758 9 INFO neutron.db.ovn_revision_numbers_db [None req-7b721b75-2497-426e-b882-f9d4317f1b4a fae944cd9cc8471faeb1df68a7a28c0f a67ca9ad4e0141b5a6002dc31e64602c - - default default] Successfully bumped revision number for resource 911d8b6f-62c6-4f18-8446-e75c50520772 (type: security_group_rules) to 0
2026-07-16 08:04:29.765 9 INFO neutron.api.wsgi [None req-1301a1a7-ac6a-488f-ae75-f848ae7512fc 09163094a53a40ceb74b7239e15b57f3 91d248da2198456dad3c35b50039a93e - - default default] 10.0.0.205 "DELETE /v2.0/security-groups/0f5ba2d4-5bd9-455f-8a25-988bfbab5934 HTTP/1.1" status: 204 len: 168 time: 0.1218812
2026-07-16 08:04:29.768 10 INFO neutron.api.wsgi [None req-64858f00-7644-44dd-9544-dfea0822a926 ea227742b5eb4f3cbc6d45021a9eb0fd 88fcf84db276408c99b8dc0d2df6ee98 - - default default] 10.0.0.205 "GET /v2.0/networks?router%3Aexternal=True HTTP/1.1" status: 200 len: 947 time: 0.0490241
2026-07-16 08:04:29.787 10 INFO neutron.api.wsgi [None req-f7d81be1-7ca6-4cf7-a662-c72663c99444 ea227742b5eb4f3cbc6d45021a9eb0fd 88fcf84db276408c99b8dc0d2df6ee98 - - default default] 10.0.0.205 "GET /v2.0/subnets?network_id=420e998d-ec99-4f47-a94b-9f1db35f8f08&cidr=10.100.0.0%2F28 HTTP/1.1" status: 200 len: 207 time: 0.0142980
2026-07-16 08:04:29.795 9 WARNING neutron_lib.context [None req-c67b37f1-dd84-4e2e-9472-f39f89da048a 03e449e4cd3649c9ba58b0ae4a770ca8 4ca6a637c5be47aea2d648ca9e5e127c - - default default] Method 'is_advsvc' is deprecated since 2023.2 release (neutron-lib 3.8.0) and will be removed once support for the old RBAC API policies will be removed from Neutron. Please use method 'is_service_role' instead.
2026-07-16 08:04:29.810 9 INFO neutron.api.wsgi [None req-61e9a1a4-95be-4759-98b7-50a2847d60dd 09163094a53a40ceb74b7239e15b57f3 91d248da2198456dad3c35b50039a93e - - default default] 10.0.0.205 "GET /v2.0/security-groups HTTP/1.1" status: 200 len: 3120 time: 0.0382972
2026-07-16 08:04:29.839 9 INFO neutron.db.segments_db [None req-7b721b75-2497-426e-b882-f9d4317f1b4a fae944cd9cc8471faeb1df68a7a28c0f a67ca9ad4e0141b5a6002dc31e64602c - - default default] Added segment 0eabadb6-4191-48ec-8031-f403565b7a85 of type geneve for network bf770473-7706-43dd-ae06-7933019b54b5
2026-07-16 08:04:29.855 9 INFO neutron.api.wsgi [None req-88d924d5-c656-4466-b809-ad93f9645359 09163094a53a40ceb74b7239e15b57f3 91d248da2198456dad3c35b50039a93e - - default default] 10.0.0.205 "GET /v2.0/security-groups HTTP/1.1" status: 200 len: 3120 time: 0.0368097
2026-07-16 08:04:29.972 9 INFO neutron.db.ovn_revision_numbers_db [None req-7b721b75-2497-426e-b882-f9d4317f1b4a fae944cd9cc8471faeb1df68a7a28c0f a67ca9ad4e0141b5a6002dc31e64602c - - default default] Successfully bumped revision number for resource bf770473-7706-43dd-ae06-7933019b54b5 (type: networks) to 1
2026-07-16 08:04:30.025 9 WARNING neutron.scheduler.dhcp_agent_scheduler [None req-c67b37f1-dd84-4e2e-9472-f39f89da048a 03e449e4cd3649c9ba58b0ae4a770ca8 4ca6a637c5be47aea2d648ca9e5e127c - - default default] No more DHCP agents
2026-07-16 08:04:30.027 9 WARNING neutron.api.rpc.agentnotifiers.dhcp_rpc_agent_api [None req-c67b37f1-dd84-4e2e-9472-f39f89da048a 03e449e4cd3649c9ba58b0ae4a770ca8 4ca6a637c5be47aea2d648ca9e5e127c - - default default] Unable to schedule network 710c1120-e05c-4fd8-8c61-23b8df01a1dc: no agents available; will retry on subsequent port and subnet creation events.
2026-07-16 08:04:30.155 9 WARNING neutron.scheduler.dhcp_agent_scheduler [None req-7b721b75-2497-426e-b882-f9d4317f1b4a fae944cd9cc8471faeb1df68a7a28c0f a67ca9ad4e0141b5a6002dc31e64602c - - default default] No more DHCP agents
2026-07-16 08:04:30.158 9 WARNING neutron.api.rpc.agentnotifiers.dhcp_rpc_agent_api [None req-7b721b75-2497-426e-b882-f9d4317f1b4a fae944cd9cc8471faeb1df68a7a28c0f a67ca9ad4e0141b5a6002dc31e64602c - - default default] Unable to schedule network bf770473-7706-43dd-ae06-7933019b54b5: no agents available; will retry on subsequent port and subnet creation events.
2026-07-16 08:04:30.172 10 INFO neutron.db.ovn_revision_numbers_db [None req-36962439-27e1-495b-90ee-e0033d9053b1 - - - - - -] Successfully bumped revision number for resource 0a6e98ac-b927-41a1-aad9-3734a63a40b4 (type: ports) to 1
2026-07-16 08:04:30.229 9 INFO neutron.db.ovn_revision_numbers_db [None req-7b721b75-2497-426e-b882-f9d4317f1b4a fae944cd9cc8471faeb1df68a7a28c0f a67ca9ad4e0141b5a6002dc31e64602c - - default default] Successfully bumped revision number for resource 617b1548-e034-4d17-8043-e5c2d7943c4c (type: ports) to 1
2026-07-16 08:04:30.249 9 INFO neutron.api.wsgi [None req-7b721b75-2497-426e-b882-f9d4317f1b4a fae944cd9cc8471faeb1df68a7a28c0f a67ca9ad4e0141b5a6002dc31e64602c - - default default] 10.0.0.205 "POST /v2.0/networks HTTP/1.1" status: 201 len: 825 time: 0.8680122
2026-07-16 08:04:30.257 9 WARNING neutron_lib.context [None req-5e659def-c686-43fa-8f44-b9065f2e8bbb fae944cd9cc8471faeb1df68a7a28c0f a67ca9ad4e0141b5a6002dc31e64602c - - default default] Method 'is_advsvc' is deprecated since 2023.2 release (neutron-lib 3.8.0) and will be removed once support for the old RBAC API policies will be removed from Neutron. Please use method 'is_service_role' instead.
2026-07-16 08:04:30.451 9 INFO neutron.api.wsgi [None req-a4a8a7d6-6a68-4b0a-9f34-1ae4bb712f87 b9ce937a6031456c94b46a52e5f6e3d0 1ccb513f25fc44f4bd438183ad6c0ea8 - - default default] 10.0.0.205 "GET /v2.0/security-groups?tenant_id=91d248da2198456dad3c35b50039a93e&name=default HTTP/1.1" status: 200 len: 3120 time: 0.1186607
2026-07-16 08:04:30.465 9 WARNING neutron.scheduler.dhcp_agent_scheduler [None req-5e659def-c686-43fa-8f44-b9065f2e8bbb fae944cd9cc8471faeb1df68a7a28c0f a67ca9ad4e0141b5a6002dc31e64602c - - default default] No more DHCP agents
2026-07-16 08:04:30.467 9 WARNING neutron.api.rpc.agentnotifiers.dhcp_rpc_agent_api [None req-5e659def-c686-43fa-8f44-b9065f2e8bbb fae944cd9cc8471faeb1df68a7a28c0f a67ca9ad4e0141b5a6002dc31e64602c - - default default] Unable to schedule network bf770473-7706-43dd-ae06-7933019b54b5: no agents available; will retry on subsequent port and subnet creation events.
2026-07-16 08:04:30.489 10 INFO neutron.db.ovn_revision_numbers_db [None req-36962439-27e1-495b-90ee-e0033d9053b1 - - - - - -] Successfully bumped revision number for resource 0a6e98ac-b927-41a1-aad9-3734a63a40b4 (type: ports) to 4
2026-07-16 08:04:30.491 9 INFO neutron.db.ovn_revision_numbers_db [None req-9d7cc0f9-dab8-471e-95d1-ebbf999b14e7 - - - - - -] Successfully bumped revision number for resource 42b27ee6-4f52-4009-8611-0f11de692d3c (type: ports) to 2
2026-07-16 08:04:30.524 9 INFO neutron.db.ovn_revision_numbers_db [None req-9d7cc0f9-dab8-471e-95d1-ebbf999b14e7 - - - - - -] Successfully bumped revision number for resource 27ecb815-df40-4f4e-b340-347c54cac6e8 (type: subnets) to 0
2026-07-16 08:04:30.540 9 INFO neutron.api.wsgi [None req-c67b37f1-dd84-4e2e-9472-f39f89da048a 03e449e4cd3649c9ba58b0ae4a770ca8 4ca6a637c5be47aea2d648ca9e5e127c - - default default] 10.0.0.205 "POST /v2.0/subnets HTTP/1.1" status: 201 len: 855 time: 0.7483935
2026-07-16 08:04:30.707 10 INFO neutron.api.wsgi [None req-39570e0e-0849-4cb8-90f0-783fd8678a1d b9ce937a6031456c94b46a52e5f6e3d0 1ccb513f25fc44f4bd438183ad6c0ea8 - - default default] 10.0.0.205 "DELETE /v2.0/security-groups/6d46b1c6-c949-4059-9797-1ceceed669ea HTTP/1.1" status: 204 len: 168 time: 0.2510812
2026-07-16 08:04:30.820 10 INFO neutron.db.ovn_revision_numbers_db [None req-36962439-27e1-495b-90ee-e0033d9053b1 - - - - - -] Successfully bumped revision number for resource 0a6e98ac-b927-41a1-aad9-3734a63a40b4 (type: ports) to 5
2026-07-16 08:04:30.979 9 INFO neutron.db.ovn_revision_numbers_db [None req-3a2de80f-28b6-41a3-b068-5a90315c8984 - - - - - -] Successfully bumped revision number for resource 617b1548-e034-4d17-8043-e5c2d7943c4c (type: ports) to 2
2026-07-16 08:04:31.019 9 INFO neutron.db.ovn_revision_numbers_db [None req-3a2de80f-28b6-41a3-b068-5a90315c8984 - - - - - -] Successfully bumped revision number for resource 1e663edc-7b84-43a1-a281-a2b32df90942 (type: subnets) to 0
2026-07-16 08:04:31.032 9 INFO neutron.api.wsgi [None req-5e659def-c686-43fa-8f44-b9065f2e8bbb fae944cd9cc8471faeb1df68a7a28c0f a67ca9ad4e0141b5a6002dc31e64602c - - default default] 10.0.0.205 "POST /v2.0/subnets HTTP/1.1" status: 201 len: 825 time: 0.7778025
2026-07-16 08:04:31.039 9 WARNING neutron_lib.context [None req-158692e6-a022-4ecb-a226-dc99a1d7d060 fae944cd9cc8471faeb1df68a7a28c0f a67ca9ad4e0141b5a6002dc31e64602c - - default default] Method 'is_advsvc' is deprecated since 2023.2 release (neutron-lib 3.8.0) and will be removed once support for the old RBAC API policies will be removed from Neutron. Please use method 'is_service_role' instead.
2026-07-16 08:04:31.091 9 WARNING neutron.scheduler.dhcp_agent_scheduler [None req-d5ae98f4-a8ff-4132-a686-64d671e4a3eb 03e449e4cd3649c9ba58b0ae4a770ca8 4ca6a637c5be47aea2d648ca9e5e127c - - default default] No more DHCP agents
2026-07-16 08:04:31.094 9 WARNING neutron.api.rpc.agentnotifiers.dhcp_rpc_agent_api [None req-d5ae98f4-a8ff-4132-a686-64d671e4a3eb 03e449e4cd3649c9ba58b0ae4a770ca8 4ca6a637c5be47aea2d648ca9e5e127c - - default default] Unable to schedule network 710c1120-e05c-4fd8-8c61-23b8df01a1dc: no agents available; will retry on subsequent port and subnet creation events.
2026-07-16 08:04:31.254 9 INFO neutron.db.ovn_revision_numbers_db [None req-d5ae98f4-a8ff-4132-a686-64d671e4a3eb 03e449e4cd3649c9ba58b0ae4a770ca8 4ca6a637c5be47aea2d648ca9e5e127c - - default default] Successfully bumped revision number for resource 07efa1fd-112f-4b10-ab9c-8d8a0c1a5086 (type: ports) to 1
2026-07-16 08:04:31.431 9 WARNING neutron.scheduler.dhcp_agent_scheduler [None req-158692e6-a022-4ecb-a226-dc99a1d7d060 fae944cd9cc8471faeb1df68a7a28c0f a67ca9ad4e0141b5a6002dc31e64602c - - default default] No more DHCP agents
2026-07-16 08:04:31.435 9 WARNING neutron.api.rpc.agentnotifiers.dhcp_rpc_agent_api [None req-158692e6-a022-4ecb-a226-dc99a1d7d060 fae944cd9cc8471faeb1df68a7a28c0f a67ca9ad4e0141b5a6002dc31e64602c - - default default] Unable to schedule network 420e998d-ec99-4f47-a94b-9f1db35f8f08: no agents available; will retry on subsequent port and subnet creation events.
2026-07-16 08:04:31.573 9 INFO neutron.db.ovn_revision_numbers_db [None req-158692e6-a022-4ecb-a226-dc99a1d7d060 fae944cd9cc8471faeb1df68a7a28c0f a67ca9ad4e0141b5a6002dc31e64602c - - default default] Successfully bumped revision number for resource ccf85235-100b-4eb0-9185-186f171b2aeb (type: ports) to 1
2026-07-16 08:04:31.579 10 INFO neutron.api.wsgi [-] 10.0.0.197 "GET / HTTP/1.1" status: 200 len: 247 time: 0.0024724
2026-07-16 08:04:31.581 10 INFO neutron.api.wsgi [-] 10.0.0.197 "GET / HTTP/1.1" status: 200 len: 247 time: 0.0012238
2026-07-16 08:04:31.919 9 INFO neutron.plugins.ml2.drivers.ovn.mech_driver.mech_driver [None req-77bb118b-b780-407e-9336-f81ca64fe8c2 - - - - - -] OVN reports status up for port: 07efa1fd-112f-4b10-ab9c-8d8a0c1a5086
2026-07-16 08:04:31.929 9 INFO neutron.plugins.ml2.plugin [None req-77bb118b-b780-407e-9336-f81ca64fe8c2 - - - - - -] Attempt 1 to provision port 07efa1fd-112f-4b10-ab9c-8d8a0c1a5086
2026-07-16 08:04:31.950 9 INFO neutron.db.ovn_revision_numbers_db [None req-d5ae98f4-a8ff-4132-a686-64d671e4a3eb 03e449e4cd3649c9ba58b0ae4a770ca8 4ca6a637c5be47aea2d648ca9e5e127c - - default default] Successfully bumped revision number for resource 07efa1fd-112f-4b10-ab9c-8d8a0c1a5086 (type: ports) to 1
2026-07-16 08:04:32.036 9 WARNING neutron.scheduler.dhcp_agent_scheduler [None req-d5ae98f4-a8ff-4132-a686-64d671e4a3eb 03e449e4cd3649c9ba58b0ae4a770ca8 4ca6a637c5be47aea2d648ca9e5e127c - - default default] No more DHCP agents
2026-07-16 08:04:32.039 9 WARNING neutron.api.rpc.agentnotifiers.dhcp_rpc_agent_api [None req-d5ae98f4-a8ff-4132-a686-64d671e4a3eb 03e449e4cd3649c9ba58b0ae4a770ca8 4ca6a637c5be47aea2d648ca9e5e127c - - default default] Unable to schedule network 710c1120-e05c-4fd8-8c61-23b8df01a1dc: no agents available; will retry on subsequent port and subnet creation events.
2026-07-16 08:04:32.490 10 WARNING neutron_lib.context [None req-1edab754-2a83-4108-9575-864c50813ac7 67677b3b575a4ab5a927b0ecb9058420 e06ca479cf4c431897c0f0d53da16139 - - default default] Method 'is_advsvc' is deprecated since 2023.2 release (neutron-lib 3.8.0) and will be removed once support for the old RBAC API policies will be removed from Neutron. Please use method 'is_service_role' instead.
2026-07-16 08:04:32.535 10 INFO neutron.api.wsgi [None req-1edab754-2a83-4108-9575-864c50813ac7 67677b3b575a4ab5a927b0ecb9058420 e06ca479cf4c431897c0f0d53da16139 - - default default] 10.0.0.205 "POST /v2.0/subnetpools HTTP/1.1" status: 201 len: 747 time: 0.1903298
2026-07-16 08:04:32.557 10 INFO neutron.api.wsgi [None req-b7cd29b4-6e05-4eb8-b867-7375bf38fa8a 67677b3b575a4ab5a927b0ecb9058420 e06ca479cf4c431897c0f0d53da16139 - - default default] 10.0.0.205 "GET /v2.0/subnetpools/b1a2a555-0743-468c-be0e-9954d85817bf HTTP/1.1" status: 200 len: 742 time: 0.0150735
2026-07-16 08:04:32.628 10 INFO neutron.api.wsgi [None req-c43b0096-8bf9-4c47-b30a-e60023226253 67677b3b575a4ab5a927b0ecb9058420 e06ca479cf4c431897c0f0d53da16139 - - default default] 10.0.0.205 "PUT /v2.0/subnetpools/b1a2a555-0743-468c-be0e-9954d85817bf HTTP/1.1" status: 200 len: 695 time: 0.0657890
2026-07-16 08:04:32.655 9 INFO neutron.plugins.ml2.drivers.ovn.mech_driver.ovsdb.commands [None req-a207a6eb-9d58-454e-8502-69258408eab9 - - - - - -] Schedule LRP lrp-ccf85235-100b-4eb0-9185-186f171b2aeb on gateway 4e1a191b-b295-4351-bdb7-e8b8e97723eb with priority 1
2026-07-16 08:04:32.689 10 INFO neutron.api.wsgi [None req-340e31fe-1cbc-4431-89e3-dd4f31e5aa38 67677b3b575a4ab5a927b0ecb9058420 e06ca479cf4c431897c0f0d53da16139 - - default default] 10.0.0.205 "DELETE /v2.0/subnetpools/b1a2a555-0743-468c-be0e-9954d85817bf HTTP/1.1" status: 204 len: 168 time: 0.0525103
2026-07-16 08:04:32.702 10 INFO neutron.api.v2.resource [None req-aff79d81-0da5-4171-ac04-8b42bd06c997 67677b3b575a4ab5a927b0ecb9058420 e06ca479cf4c431897c0f0d53da16139 - - default default] show failed (client error): The resource could not be found.
2026-07-16 08:04:32.703 10 INFO neutron.api.wsgi [None req-aff79d81-0da5-4171-ac04-8b42bd06c997 67677b3b575a4ab5a927b0ecb9058420 e06ca479cf4c431897c0f0d53da16139 - - default default] 10.0.0.205 "GET /v2.0/subnetpools/b1a2a555-0743-468c-be0e-9954d85817bf HTTP/1.1" status: 404 len: 346 time: 0.0089154
2026-07-16 08:04:32.716 10 INFO neutron.api.v2.resource [None req-72e5ddad-883c-4941-a0bb-6f27d2cf6e79 67677b3b575a4ab5a927b0ecb9058420 e06ca479cf4c431897c0f0d53da16139 - - default default] delete failed (client error): The resource could not be found.
2026-07-16 08:04:32.717 10 INFO neutron.api.wsgi [None req-72e5ddad-883c-4941-a0bb-6f27d2cf6e79 67677b3b575a4ab5a927b0ecb9058420 e06ca479cf4c431897c0f0d53da16139 - - default default] 10.0.0.205 "DELETE /v2.0/subnetpools/b1a2a555-0743-468c-be0e-9954d85817bf HTTP/1.1" status: 404 len: 346 time: 0.0092623
2026-07-16 08:04:32.724 9 INFO neutron.db.ovn_revision_numbers_db [None req-158692e6-a022-4ecb-a226-dc99a1d7d060 fae944cd9cc8471faeb1df68a7a28c0f a67ca9ad4e0141b5a6002dc31e64602c - - default default] Successfully bumped revision number for resource ccf85235-100b-4eb0-9185-186f171b2aeb (type: router_ports) to 1
2026-07-16 08:04:32.793 9 INFO neutron.db.ovn_revision_numbers_db [None req-77bb118b-b780-407e-9336-f81ca64fe8c2 - - - - - -] Successfully bumped revision number for resource 07efa1fd-112f-4b10-ab9c-8d8a0c1a5086 (type: ports) to 2
2026-07-16 08:04:32.809 9 INFO neutron.db.ovn_revision_numbers_db [None req-158692e6-a022-4ecb-a226-dc99a1d7d060 fae944cd9cc8471faeb1df68a7a28c0f a67ca9ad4e0141b5a6002dc31e64602c - - default default] Successfully bumped revision number for resource 3f9ab117-ab93-47f8-8236-31edd6f7fd6c (type: routers) to 2
2026-07-16 08:04:32.828 9 INFO neutron.api.wsgi [None req-158692e6-a022-4ecb-a226-dc99a1d7d060 fae944cd9cc8471faeb1df68a7a28c0f a67ca9ad4e0141b5a6002dc31e64602c - - default default] 10.0.0.205 "POST /v2.0/routers HTTP/1.1" status: 201 len: 1134 time: 1.7922828
2026-07-16 08:04:32.959 9 INFO neutron.db.ovn_revision_numbers_db [None req-d5ae98f4-a8ff-4132-a686-64d671e4a3eb 03e449e4cd3649c9ba58b0ae4a770ca8 4ca6a637c5be47aea2d648ca9e5e127c - - default default] Successfully bumped revision number for resource 07efa1fd-112f-4b10-ab9c-8d8a0c1a5086 (type: router_ports) to 1
2026-07-16 08:04:32.963 9 INFO neutron.api.wsgi [None req-d5ae98f4-a8ff-4132-a686-64d671e4a3eb 03e449e4cd3649c9ba58b0ae4a770ca8 4ca6a637c5be47aea2d648ca9e5e127c - - default default] 10.0.0.205 "PUT /v2.0/routers/36c16957-af60-4892-b159-f2ea26e447d4/add_router_interface HTTP/1.1" status: 200 len: 503 time: 2.4182043
2026-07-16 08:04:33.023 10 INFO neutron.api.wsgi [None req-8c79aaec-a02b-47ce-935d-b24844281448 ea227742b5eb4f3cbc6d45021a9eb0fd 88fcf84db276408c99b8dc0d2df6ee98 - - default default] 10.0.0.205 "GET /v2.0/networks HTTP/1.1" status: 200 len: 3853 time: 0.0555651
2026-07-16 08:04:33.065 10 INFO neutron.api.wsgi [None req-e4f6cbb4-a417-47b3-8c97-6ecfbefc930d ea227742b5eb4f3cbc6d45021a9eb0fd 88fcf84db276408c99b8dc0d2df6ee98 - - default default] 10.0.0.205 "GET /v2.0/subnets HTTP/1.1" status: 200 len: 2801 time: 0.0365899
2026-07-16 08:04:33.121 10 INFO neutron.api.wsgi [None req-c740b73d-18b1-4c64-8903-916d561d833a ea227742b5eb4f3cbc6d45021a9eb0fd 88fcf84db276408c99b8dc0d2df6ee98 - - default default] 10.0.0.205 "GET /v2.0/routers HTTP/1.1" status: 200 len: 2114 time: 0.0513625
2026-07-16 08:04:33.178 10 WARNING neutron_lib.context [None req-869ff5b3-5e3f-4599-a754-07d1a93a3187 03e449e4cd3649c9ba58b0ae4a770ca8 4ca6a637c5be47aea2d648ca9e5e127c - - default default] Method 'is_advsvc' is deprecated since 2023.2 release (neutron-lib 3.8.0) and will be removed once support for the old RBAC API policies will be removed from Neutron. Please use method 'is_service_role' instead.
2026-07-16 08:04:33.277 10 INFO neutron.db.ovn_revision_numbers_db [None req-869ff5b3-5e3f-4599-a754-07d1a93a3187 03e449e4cd3649c9ba58b0ae4a770ca8 4ca6a637c5be47aea2d648ca9e5e127c - - default default] Successfully bumped revision number for resource dc6488d6-acc8-4723-89f5-cf53a0b71621 (type: security_groups) to 1
2026-07-16 08:04:33.289 10 INFO neutron.db.ovn_revision_numbers_db [None req-869ff5b3-5e3f-4599-a754-07d1a93a3187 03e449e4cd3649c9ba58b0ae4a770ca8 4ca6a637c5be47aea2d648ca9e5e127c - - default default] Successfully bumped revision number for resource a9c49301-2943-4078-8eac-fc3ac6a558da (type: security_group_rules) to 0
2026-07-16 08:04:33.302 10 INFO neutron.db.ovn_revision_numbers_db [None req-869ff5b3-5e3f-4599-a754-07d1a93a3187 03e449e4cd3649c9ba58b0ae4a770ca8 4ca6a637c5be47aea2d648ca9e5e127c - - default default] Successfully bumped revision number for resource bab9fcfa-3d1f-4f55-a223-490368a35caa (type: security_group_rules) to 0
2026-07-16 08:04:33.336 10 INFO neutron.api.wsgi [None req-869ff5b3-5e3f-4599-a754-07d1a93a3187 03e449e4cd3649c9ba58b0ae4a770ca8 4ca6a637c5be47aea2d648ca9e5e127c - - default default] 10.0.0.205 "POST /v2.0/security-groups HTTP/1.1" status: 201 len: 1875 time: 0.1636257
