Jul 23 22:27:11.513181 np0000186420 nova-scheduler[107380]: DEBUG cotyledon.oslo_config_glue [-] vmware.host_password = **** {{(pid=107380) log_opt_values /opt/stack/data/venv/lib/python3.12/site-packages/oslo_config/cfg.py:3253}}
Jul 23 22:27:11.513181 np0000186420 nova-scheduler[107380]: DEBUG cotyledon.oslo_config_glue [-] vmware.host_port = 443 {{(pid=107380) log_opt_values /opt/stack/data/venv/lib/python3.12/site-packages/oslo_config/cfg.py:3253}}
Jul 23 22:27:11.513181 np0000186420 nova-scheduler[107380]: DEBUG cotyledon.oslo_config_glue [-] vmware.host_username = None {{(pid=107380) log_opt_values /opt/stack/data/venv/lib/python3.12/site-packages/oslo_config/cfg.py:3253}}
Jul 23 22:27:11.513181 np0000186420 nova-scheduler[107380]: DEBUG cotyledon.oslo_config_glue [-] vmware.insecure = False {{(pid=107380) log_opt_values /opt/stack/data/venv/lib/python3.12/site-packages/oslo_config/cfg.py:3253}}
Jul 23 22:27:11.513429 np0000186420 nova-scheduler[107380]: DEBUG cotyledon.oslo_config_glue [-] vmware.integration_bridge = None {{(pid=107380) log_opt_values /opt/stack/data/venv/lib/python3.12/site-packages/oslo_config/cfg.py:3253}}
Jul 23 22:27:11.513429 np0000186420 nova-scheduler[107380]: DEBUG cotyledon.oslo_config_glue [-] vmware.maximum_objects = 100 {{(pid=107380) log_opt_values /opt/stack/data/venv/lib/python3.12/site-packages/oslo_config/cfg.py:3253}}
Jul 23 22:27:11.513429 np0000186420 nova-scheduler[107380]: DEBUG cotyledon.oslo_config_glue [-] vmware.pbm_default_policy = None {{(pid=107380) log_opt_values /opt/stack/data/venv/lib/python3.12/site-packages/oslo_config/cfg.py:3253}}
Jul 23 22:27:11.513429 np0000186420 nova-scheduler[107380]: DEBUG cotyledon.oslo_config_glue [-] vmware.pbm_enabled = False {{(pid=107380) log_opt_values /opt/stack/data/venv/lib/python3.12/site-packages/oslo_config/cfg.py:3253}}
Jul 23 22:27:11.513429 np0000186420 nova-scheduler[107380]: DEBUG cotyledon.oslo_config_glue [-] vmware.pbm_wsdl_location = None {{(pid=107380) log_opt_values /opt/stack/data/venv/lib/python3.12/site-packages/oslo_config/cfg.py:3253}}
Jul 23 22:27:11.513429 np0000186420 nova-scheduler[107380]: DEBUG cotyledon.oslo_config_glue [-] vmware.serial_log_dir = /opt/vmware/vspc {{(pid=107380) log_opt_values /opt/stack/data/venv/lib/python3.12/site-packages/oslo_config/cfg.py:3253}}
Jul 23 22:27:11.513429 np0000186420 nova-scheduler[107380]: DEBUG cotyledon.oslo_config_glue [-] vmware.serial_port_proxy_uri = None {{(pid=107380) log_opt_values /opt/stack/data/venv/lib/python3.12/site-packages/oslo_config/cfg.py:3253}}
Jul 23 22:27:11.513429 np0000186420 nova-scheduler[107380]: DEBUG cotyledon.oslo_config_glue [-] vmware.serial_port_service_uri = None {{(pid=107380) log_opt_values /opt/stack/data/venv/lib/python3.12/site-packages/oslo_config/cfg.py:3253}}
Jul 23 22:27:11.513429 np0000186420 nova-scheduler[107380]: DEBUG cotyledon.oslo_config_glue [-] vmware.task_poll_interval = 0.5 {{(pid=107380) log_opt_values /opt/stack/data/venv/lib/python3.12/site-packages/oslo_config/cfg.py:3253}}
Jul 23 22:27:11.513664 np0000186420 nova-scheduler[107380]: DEBUG cotyledon.oslo_config_glue [-] vmware.use_linked_clone = True {{(pid=107380) log_opt_values /opt/stack/data/venv/lib/python3.12/site-packages/oslo_config/cfg.py:3253}}
Jul 23 22:27:11.513664 np0000186420 nova-scheduler[107380]: DEBUG cotyledon.oslo_config_glue [-] vmware.vnc_keymap = en-us {{(pid=107380) log_opt_values /opt/stack/data/venv/lib/python3.12/site-packages/oslo_config/cfg.py:3253}}
Jul 23 22:27:11.513664 np0000186420 nova-scheduler[107380]: DEBUG cotyledon.oslo_config_glue [-] vmware.vnc_port = 5900 {{(pid=107380) log_opt_values /opt/stack/data/venv/lib/python3.12/site-packages/oslo_config/cfg.py:3253}}
Jul 23 22:27:11.513664 np0000186420 nova-scheduler[107380]: DEBUG cotyledon.oslo_config_glue [-] vmware.vnc_port_total = 10000 {{(pid=107380) log_opt_values /opt/stack/data/venv/lib/python3.12/site-packages/oslo_config/cfg.py:3253}}
Jul 23 22:27:11.513664 np0000186420 nova-scheduler[107380]: DEBUG cotyledon.oslo_config_glue [-] vnc.auth_schemes = ['none'] {{(pid=107380) log_opt_values /opt/stack/data/venv/lib/python3.12/site-packages/oslo_config/cfg.py:3253}}
Jul 23 22:27:11.513664 np0000186420 nova-scheduler[107380]: DEBUG cotyledon.oslo_config_glue [-] vnc.enabled = True {{(pid=107380) log_opt_values /opt/stack/data/venv/lib/python3.12/site-packages/oslo_config/cfg.py:3253}}
Jul 23 22:27:11.513664 np0000186420 nova-scheduler[107380]: DEBUG cotyledon.oslo_config_glue [-] vnc.novncproxy_base_url = http://127.0.0.1:6080/vnc_auto.html {{(pid=107380) log_opt_values /opt/stack/data/venv/lib/python3.12/site-packages/oslo_config/cfg.py:3253}}
Jul 23 22:27:11.513664 np0000186420 nova-scheduler[107380]: DEBUG cotyledon.oslo_config_glue [-] vnc.novncproxy_host = 0.0.0.0 {{(pid=107380) log_opt_values /opt/stack/data/venv/lib/python3.12/site-packages/oslo_config/cfg.py:3253}}
Jul 23 22:27:11.513664 np0000186420 nova-scheduler[107380]: DEBUG cotyledon.oslo_config_glue [-] vnc.novncproxy_port = 6080 {{(pid=107380) log_opt_values /opt/stack/data/venv/lib/python3.12/site-packages/oslo_config/cfg.py:3253}}
Jul 23 22:27:11.513886 np0000186420 nova-scheduler[107380]: DEBUG cotyledon.oslo_config_glue [-] vnc.server_listen = 127.0.0.1 {{(pid=107380) log_opt_values /opt/stack/data/venv/lib/python3.12/site-packages/oslo_config/cfg.py:3253}}
Jul 23 22:27:11.513886 np0000186420 nova-scheduler[107380]: DEBUG cotyledon.oslo_config_glue [-] vnc.server_proxyclient_address = 127.0.0.1 {{(pid=107380) log_opt_values /opt/stack/data/venv/lib/python3.12/site-packages/oslo_config/cfg.py:3253}}
Jul 23 22:27:11.513886 np0000186420 nova-scheduler[107380]: DEBUG cotyledon.oslo_config_glue [-] vnc.vencrypt_ca_certs = None {{(pid=107380) log_opt_values /opt/stack/data/venv/lib/python3.12/site-packages/oslo_config/cfg.py:3253}}
Jul 23 22:27:11.513886 np0000186420 nova-scheduler[107380]: DEBUG cotyledon.oslo_config_glue [-] vnc.vencrypt_client_cert = None {{(pid=107380) log_opt_values /opt/stack/data/venv/lib/python3.12/site-packages/oslo_config/cfg.py:3253}}
Jul 23 22:27:11.513886 np0000186420 nova-scheduler[107380]: DEBUG cotyledon.oslo_config_glue [-] vnc.vencrypt_client_key = None {{(pid=107380) log_opt_values /opt/stack/data/venv/lib/python3.12/site-packages/oslo_config/cfg.py:3253}}
Jul 23 22:27:11.513886 np0000186420 nova-scheduler[107380]: DEBUG cotyledon.oslo_config_glue [-] workarounds.disable_compute_service_check_for_ffu = False {{(pid=107380) log_opt_values /opt/stack/data/venv/lib/python3.12/site-packages/oslo_config/cfg.py:3253}}
Jul 23 22:27:11.513886 np0000186420 nova-scheduler[107380]: DEBUG cotyledon.oslo_config_glue [-] workarounds.disable_deep_image_inspection = False {{(pid=107380) log_opt_values /opt/stack/data/venv/lib/python3.12/site-packages/oslo_config/cfg.py:3253}}
Jul 23 22:27:11.513886 np0000186420 nova-scheduler[107380]: DEBUG cotyledon.oslo_config_glue [-] workarounds.disable_fallback_pcpu_query = False {{(pid=107380) log_opt_values /opt/stack/data/venv/lib/python3.12/site-packages/oslo_config/cfg.py:3253}}
Jul 23 22:27:11.513886 np0000186420 nova-scheduler[107380]: DEBUG cotyledon.oslo_config_glue [-] workarounds.disable_group_policy_check_upcall = False {{(pid=107380) log_opt_values /opt/stack/data/venv/lib/python3.12/site-packages/oslo_config/cfg.py:3253}}
Jul 23 22:27:11.514147 np0000186420 nova-scheduler[107380]: DEBUG cotyledon.oslo_config_glue [-] workarounds.disable_libvirt_livesnapshot = False {{(pid=107380) log_opt_values /opt/stack/data/venv/lib/python3.12/site-packages/oslo_config/cfg.py:3253}}
Jul 23 22:27:11.514147 np0000186420 nova-scheduler[107380]: DEBUG cotyledon.oslo_config_glue [-] workarounds.disable_rootwrap = False {{(pid=107380) log_opt_values /opt/stack/data/venv/lib/python3.12/site-packages/oslo_config/cfg.py:3253}}
Jul 23 22:27:11.514147 np0000186420 nova-scheduler[107380]: DEBUG cotyledon.oslo_config_glue [-] workarounds.enable_numa_live_migration = False {{(pid=107380) log_opt_values /opt/stack/data/venv/lib/python3.12/site-packages/oslo_config/cfg.py:3253}}
Jul 23 22:27:11.514147 np0000186420 nova-scheduler[107380]: DEBUG cotyledon.oslo_config_glue [-] workarounds.enable_qemu_monitor_announce_self = False {{(pid=107380) log_opt_values /opt/stack/data/venv/lib/python3.12/site-packages/oslo_config/cfg.py:3253}}
Jul 23 22:27:11.514147 np0000186420 nova-scheduler[107380]: DEBUG cotyledon.oslo_config_glue [-] workarounds.ensure_libvirt_rbd_instance_dir_cleanup = False {{(pid=107380) log_opt_values /opt/stack/data/venv/lib/python3.12/site-packages/oslo_config/cfg.py:3253}}
Jul 23 22:27:11.514147 np0000186420 nova-scheduler[107380]: DEBUG cotyledon.oslo_config_glue [-] workarounds.handle_virt_lifecycle_events = True {{(pid=107380) log_opt_values /opt/stack/data/venv/lib/python3.12/site-packages/oslo_config/cfg.py:3253}}
Jul 23 22:27:11.514147 np0000186420 nova-scheduler[107380]: DEBUG cotyledon.oslo_config_glue [-] workarounds.libvirt_disable_apic = False {{(pid=107380) log_opt_values /opt/stack/data/venv/lib/python3.12/site-packages/oslo_config/cfg.py:3253}}
Jul 23 22:27:11.514147 np0000186420 nova-scheduler[107380]: DEBUG cotyledon.oslo_config_glue [-] workarounds.never_download_image_if_on_rbd = False {{(pid=107380) log_opt_values /opt/stack/data/venv/lib/python3.12/site-packages/oslo_config/cfg.py:3253}}
Jul 23 22:27:11.514147 np0000186420 nova-scheduler[107380]: DEBUG cotyledon.oslo_config_glue [-] workarounds.qemu_monitor_announce_self_count = 3 {{(pid=107380) log_opt_values /opt/stack/data/venv/lib/python3.12/site-packages/oslo_config/cfg.py:3253}}
Jul 23 22:27:11.514434 np0000186420 nova-scheduler[107380]: DEBUG cotyledon.oslo_config_glue [-] workarounds.qemu_monitor_announce_self_interval = 1 {{(pid=107380) log_opt_values /opt/stack/data/venv/lib/python3.12/site-packages/oslo_config/cfg.py:3253}}
Jul 23 22:27:11.514434 np0000186420 nova-scheduler[107380]: DEBUG cotyledon.oslo_config_glue [-] workarounds.reserve_disk_resource_for_image_cache = False {{(pid=107380) log_opt_values /opt/stack/data/venv/lib/python3.12/site-packages/oslo_config/cfg.py:3253}}
Jul 23 22:27:11.514434 np0000186420 nova-scheduler[107380]: DEBUG cotyledon.oslo_config_glue [-] workarounds.skip_cpu_compare_at_startup = False {{(pid=107380) log_opt_values /opt/stack/data/venv/lib/python3.12/site-packages/oslo_config/cfg.py:3253}}
Jul 23 22:27:11.514434 np0000186420 nova-scheduler[107380]: DEBUG cotyledon.oslo_config_glue [-] workarounds.skip_cpu_compare_on_dest = False {{(pid=107380) log_opt_values /opt/stack/data/venv/lib/python3.12/site-packages/oslo_config/cfg.py:3253}}
Jul 23 22:27:11.514434 np0000186420 nova-scheduler[107380]: DEBUG cotyledon.oslo_config_glue [-] workarounds.skip_hypervisor_version_check_on_lm = False {{(pid=107380) log_opt_values /opt/stack/data/venv/lib/python3.12/site-packages/oslo_config/cfg.py:3253}}
Jul 23 22:27:11.514434 np0000186420 nova-scheduler[107380]: DEBUG cotyledon.oslo_config_glue [-] workarounds.skip_reserve_in_use_ironic_nodes = False {{(pid=107380) log_opt_values /opt/stack/data/venv/lib/python3.12/site-packages/oslo_config/cfg.py:3253}}
Jul 23 22:27:11.514434 np0000186420 nova-scheduler[107380]: DEBUG cotyledon.oslo_config_glue [-] workarounds.unified_limits_count_pcpu_as_vcpu = False {{(pid=107380) log_opt_values /opt/stack/data/venv/lib/python3.12/site-packages/oslo_config/cfg.py:3253}}
Jul 23 22:27:11.514434 np0000186420 nova-scheduler[107380]: DEBUG cotyledon.oslo_config_glue [-] workarounds.wait_for_vif_plugged_event_during_hard_reboot = [] {{(pid=107380) log_opt_values /opt/stack/data/venv/lib/python3.12/site-packages/oslo_config/cfg.py:3253}}
Jul 23 22:27:11.514628 np0000186420 nova-scheduler[107380]: DEBUG cotyledon.oslo_config_glue [-] wsgi.api_paste_config = /etc/nova/api-paste.ini {{(pid=107380) log_opt_values /opt/stack/data/venv/lib/python3.12/site-packages/oslo_config/cfg.py:3253}}
Jul 23 22:27:11.514628 np0000186420 nova-scheduler[107380]: DEBUG cotyledon.oslo_config_glue [-] wsgi.secure_proxy_ssl_header = None {{(pid=107380) log_opt_values /opt/stack/data/venv/lib/python3.12/site-packages/oslo_config/cfg.py:3253}}
Jul 23 22:27:11.514628 np0000186420 nova-scheduler[107380]: DEBUG cotyledon.oslo_config_glue [-] zvm.ca_file = None {{(pid=107380) log_opt_values /opt/stack/data/venv/lib/python3.12/site-packages/oslo_config/cfg.py:3253}}
Jul 23 22:27:11.514628 np0000186420 nova-scheduler[107380]: DEBUG cotyledon.oslo_config_glue [-] zvm.cloud_connector_url = None {{(pid=107380) log_opt_values /opt/stack/data/venv/lib/python3.12/site-packages/oslo_config/cfg.py:3253}}
Jul 23 22:27:11.514628 np0000186420 nova-scheduler[107380]: DEBUG cotyledon.oslo_config_glue [-] zvm.image_tmp_path = /opt/stack/data/nova/images {{(pid=107380) log_opt_values /opt/stack/data/venv/lib/python3.12/site-packages/oslo_config/cfg.py:3253}}
Jul 23 22:27:11.514628 np0000186420 nova-scheduler[107380]: DEBUG cotyledon.oslo_config_glue [-] zvm.reachable_timeout = 300 {{(pid=107380) log_opt_values /opt/stack/data/venv/lib/python3.12/site-packages/oslo_config/cfg.py:3253}}
Jul 23 22:27:11.514628 np0000186420 nova-scheduler[107380]: DEBUG cotyledon.oslo_config_glue [-] oslo_versionedobjects.fatal_exception_format_errors = False {{(pid=107380) log_opt_values /opt/stack/data/venv/lib/python3.12/site-packages/oslo_config/cfg.py:3253}}
Jul 23 22:27:11.514628 np0000186420 nova-scheduler[107380]: DEBUG cotyledon.oslo_config_glue [-] oslo_middleware.http_basic_auth_user_file = /etc/htpasswd {{(pid=107380) log_opt_values /opt/stack/data/venv/lib/python3.12/site-packages/oslo_config/cfg.py:3253}}
Jul 23 22:27:11.514628 np0000186420 nova-scheduler[107380]: DEBUG cotyledon.oslo_config_glue [-] oslo_messaging_metrics.metrics_buffer_size = 1000 {{(pid=107380) log_opt_values /opt/stack/data/venv/lib/python3.12/site-packages/oslo_config/cfg.py:3253}}
Jul 23 22:27:11.517489 np0000186420 nova-scheduler[107380]: DEBUG cotyledon.oslo_config_glue [-] oslo_messaging_metrics.metrics_enabled = False {{(pid=107380) log_opt_values /opt/stack/data/venv/lib/python3.12/site-packages/oslo_config/cfg.py:3253}}
Jul 23 22:27:11.517489 np0000186420 nova-scheduler[107380]: DEBUG cotyledon.oslo_config_glue [-] oslo_messaging_metrics.metrics_process_name = {{(pid=107380) log_opt_values /opt/stack/data/venv/lib/python3.12/site-packages/oslo_config/cfg.py:3253}}
Jul 23 22:27:11.517489 np0000186420 nova-scheduler[107380]: DEBUG cotyledon.oslo_config_glue [-] oslo_messaging_metrics.metrics_socket_file = /var/tmp/metrics_collector.sock {{(pid=107380) log_opt_values /opt/stack/data/venv/lib/python3.12/site-packages/oslo_config/cfg.py:3253}}
Jul 23 22:27:11.517489 np0000186420 nova-scheduler[107380]: DEBUG cotyledon.oslo_config_glue [-] oslo_messaging_metrics.metrics_thread_stop_timeout = 10 {{(pid=107380) log_opt_values /opt/stack/data/venv/lib/python3.12/site-packages/oslo_config/cfg.py:3253}}
Jul 23 22:27:11.517489 np0000186420 nova-scheduler[107380]: DEBUG cotyledon.oslo_config_glue [-] profiler.connection_string = messaging:// {{(pid=107380) log_opt_values /opt/stack/data/venv/lib/python3.12/site-packages/oslo_config/cfg.py:3253}}
Jul 23 22:27:11.517489 np0000186420 nova-scheduler[107380]: DEBUG cotyledon.oslo_config_glue [-] profiler.enabled = False {{(pid=107380) log_opt_values /opt/stack/data/venv/lib/python3.12/site-packages/oslo_config/cfg.py:3253}}
Jul 23 22:27:11.517489 np0000186420 nova-scheduler[107380]: DEBUG cotyledon.oslo_config_glue [-] profiler.es_doc_type = notification {{(pid=107380) log_opt_values /opt/stack/data/venv/lib/python3.12/site-packages/oslo_config/cfg.py:3253}}
Jul 23 22:27:11.517489 np0000186420 nova-scheduler[107380]: DEBUG cotyledon.oslo_config_glue [-] profiler.es_scroll_size = 10000 {{(pid=107380) log_opt_values /opt/stack/data/venv/lib/python3.12/site-packages/oslo_config/cfg.py:3253}}
Jul 23 22:27:11.517489 np0000186420 nova-scheduler[107380]: DEBUG cotyledon.oslo_config_glue [-] profiler.es_scroll_time = 2m {{(pid=107380) log_opt_values /opt/stack/data/venv/lib/python3.12/site-packages/oslo_config/cfg.py:3253}}
Jul 23 22:27:11.518002 np0000186420 nova-scheduler[107380]: DEBUG cotyledon.oslo_config_glue [-] profiler.filter_error_trace = False {{(pid=107380) log_opt_values /opt/stack/data/venv/lib/python3.12/site-packages/oslo_config/cfg.py:3253}}
Jul 23 22:27:11.518002 np0000186420 nova-scheduler[107380]: DEBUG cotyledon.oslo_config_glue [-] profiler.hmac_keys = **** {{(pid=107380) log_opt_values /opt/stack/data/venv/lib/python3.12/site-packages/oslo_config/cfg.py:3253}}
Jul 23 22:27:11.518002 np0000186420 nova-scheduler[107380]: DEBUG cotyledon.oslo_config_glue [-] profiler.sentinel_service_name = mymaster {{(pid=107380) log_opt_values /opt/stack/data/venv/lib/python3.12/site-packages/oslo_config/cfg.py:3253}}
Jul 23 22:27:11.518002 np0000186420 nova-scheduler[107380]: DEBUG cotyledon.oslo_config_glue [-] profiler.socket_timeout = 0.1 {{(pid=107380) log_opt_values /opt/stack/data/venv/lib/python3.12/site-packages/oslo_config/cfg.py:3253}}
Jul 23 22:27:11.518002 np0000186420 nova-scheduler[107380]: DEBUG cotyledon.oslo_config_glue [-] profiler.trace_requests = False {{(pid=107380) log_opt_values /opt/stack/data/venv/lib/python3.12/site-packages/oslo_config/cfg.py:3253}}
Jul 23 22:27:11.518002 np0000186420 nova-scheduler[107380]: DEBUG cotyledon.oslo_config_glue [-] profiler.trace_sqlalchemy = False {{(pid=107380) log_opt_values /opt/stack/data/venv/lib/python3.12/site-packages/oslo_config/cfg.py:3253}}
Jul 23 22:27:11.518002 np0000186420 nova-scheduler[107380]: DEBUG cotyledon.oslo_config_glue [-] profiler_jaeger.process_tags = {} {{(pid=107380) log_opt_values /opt/stack/data/venv/lib/python3.12/site-packages/oslo_config/cfg.py:3253}}
Jul 23 22:27:11.518002 np0000186420 nova-scheduler[107380]: DEBUG cotyledon.oslo_config_glue [-] profiler_jaeger.service_name_prefix = None {{(pid=107380) log_opt_values /opt/stack/data/venv/lib/python3.12/site-packages/oslo_config/cfg.py:3253}}
Jul 23 22:27:11.518002 np0000186420 nova-scheduler[107380]: DEBUG cotyledon.oslo_config_glue [-] profiler_otlp.service_name_prefix = None {{(pid=107380) log_opt_values /opt/stack/data/venv/lib/python3.12/site-packages/oslo_config/cfg.py:3253}}
Jul 23 22:27:11.518644 np0000186420 nova-scheduler[107380]: DEBUG cotyledon.oslo_config_glue [-] oslo_messaging_rabbit.amqp_auto_delete = False {{(pid=107380) log_opt_values /opt/stack/data/venv/lib/python3.12/site-packages/oslo_config/cfg.py:3253}}
Jul 23 22:27:11.518644 np0000186420 nova-scheduler[107380]: DEBUG cotyledon.oslo_config_glue [-] oslo_messaging_rabbit.amqp_durable_queues = False {{(pid=107380) log_opt_values /opt/stack/data/venv/lib/python3.12/site-packages/oslo_config/cfg.py:3253}}
Jul 23 22:27:11.518644 np0000186420 nova-scheduler[107380]: DEBUG cotyledon.oslo_config_glue [-] oslo_messaging_rabbit.conn_pool_min_size = 2 {{(pid=107380) log_opt_values /opt/stack/data/venv/lib/python3.12/site-packages/oslo_config/cfg.py:3253}}
Jul 23 22:27:11.518644 np0000186420 nova-scheduler[107380]: DEBUG cotyledon.oslo_config_glue [-] oslo_messaging_rabbit.conn_pool_ttl = 1200 {{(pid=107380) log_opt_values /opt/stack/data/venv/lib/python3.12/site-packages/oslo_config/cfg.py:3253}}
Jul 23 22:27:11.518644 np0000186420 nova-scheduler[107380]: DEBUG cotyledon.oslo_config_glue [-] oslo_messaging_rabbit.direct_mandatory_flag = True {{(pid=107380) log_opt_values /opt/stack/data/venv/lib/python3.12/site-packages/oslo_config/cfg.py:3253}}
Jul 23 22:27:11.518644 np0000186420 nova-scheduler[107380]: DEBUG cotyledon.oslo_config_glue [-] oslo_messaging_rabbit.enable_cancel_on_failover = False {{(pid=107380) log_opt_values /opt/stack/data/venv/lib/python3.12/site-packages/oslo_config/cfg.py:3253}}
Jul 23 22:27:11.518644 np0000186420 nova-scheduler[107380]: DEBUG cotyledon.oslo_config_glue [-] oslo_messaging_rabbit.heartbeat_rate = 3 {{(pid=107380) log_opt_values /opt/stack/data/venv/lib/python3.12/site-packages/oslo_config/cfg.py:3253}}
Jul 23 22:27:11.518644 np0000186420 nova-scheduler[107380]: DEBUG cotyledon.oslo_config_glue [-] oslo_messaging_rabbit.heartbeat_timeout_threshold = 60 {{(pid=107380) log_opt_values /opt/stack/data/venv/lib/python3.12/site-packages/oslo_config/cfg.py:3253}}
Jul 23 22:27:11.518644 np0000186420 nova-scheduler[107380]: DEBUG cotyledon.oslo_config_glue [-] oslo_messaging_rabbit.hostname = np0000186420 {{(pid=107380) log_opt_values /opt/stack/data/venv/lib/python3.12/site-packages/oslo_config/cfg.py:3253}}
Jul 23 22:27:11.519651 np0000186420 nova-scheduler[107380]: DEBUG cotyledon.oslo_config_glue [-] oslo_messaging_rabbit.kombu_compression = None {{(pid=107380) log_opt_values /opt/stack/data/venv/lib/python3.12/site-packages/oslo_config/cfg.py:3253}}
Jul 23 22:27:11.519694 np0000186420 nova-scheduler[107366]: INFO dbcounter [None req-03102e30-8007-4301-bb95-b539ad13460f None None] Registered counter for database nova_cell0
Jul 23 22:27:11.519749 np0000186420 nova-scheduler[107380]: DEBUG cotyledon.oslo_config_glue [-] oslo_messaging_rabbit.kombu_failover_strategy = round-robin {{(pid=107380) log_opt_values /opt/stack/data/venv/lib/python3.12/site-packages/oslo_config/cfg.py:3253}}
Jul 23 22:27:11.519749 np0000186420 nova-scheduler[107380]: DEBUG cotyledon.oslo_config_glue [-] oslo_messaging_rabbit.kombu_missing_consumer_retry_timeout = 60 {{(pid=107380) log_opt_values /opt/stack/data/venv/lib/python3.12/site-packages/oslo_config/cfg.py:3253}}
Jul 23 22:27:11.519749 np0000186420 nova-scheduler[107380]: DEBUG cotyledon.oslo_config_glue [-] oslo_messaging_rabbit.kombu_reconnect_delay = 1.0 {{(pid=107380) log_opt_values /opt/stack/data/venv/lib/python3.12/site-packages/oslo_config/cfg.py:3253}}
Jul 23 22:27:11.519749 np0000186420 nova-scheduler[107380]: DEBUG cotyledon.oslo_config_glue [-] oslo_messaging_rabbit.kombu_reconnect_splay = 0.0 {{(pid=107380) log_opt_values /opt/stack/data/venv/lib/python3.12/site-packages/oslo_config/cfg.py:3253}}
Jul 23 22:27:11.519749 np0000186420 nova-scheduler[107380]: DEBUG cotyledon.oslo_config_glue [-] oslo_messaging_rabbit.processname = nova-scheduler {{(pid=107380) log_opt_values /opt/stack/data/venv/lib/python3.12/site-packages/oslo_config/cfg.py:3253}}
Jul 23 22:27:11.519749 np0000186420 nova-scheduler[107380]: DEBUG cotyledon.oslo_config_glue [-] oslo_messaging_rabbit.rabbit_ha_queues = False {{(pid=107380) log_opt_values /opt/stack/data/venv/lib/python3.12/site-packages/oslo_config/cfg.py:3253}}
Jul 23 22:27:11.519749 np0000186420 nova-scheduler[107380]: DEBUG cotyledon.oslo_config_glue [-] oslo_messaging_rabbit.rabbit_interval_max = 30 {{(pid=107380) log_opt_values /opt/stack/data/venv/lib/python3.12/site-packages/oslo_config/cfg.py:3253}}
Jul 23 22:27:11.519749 np0000186420 nova-scheduler[107380]: DEBUG cotyledon.oslo_config_glue [-] oslo_messaging_rabbit.rabbit_login_method = AMQPLAIN {{(pid=107380) log_opt_values /opt/stack/data/venv/lib/python3.12/site-packages/oslo_config/cfg.py:3253}}
Jul 23 22:27:11.520071 np0000186420 nova-scheduler[107380]: DEBUG cotyledon.oslo_config_glue [-] oslo_messaging_rabbit.rabbit_qos_prefetch_count = 0 {{(pid=107380) log_opt_values /opt/stack/data/venv/lib/python3.12/site-packages/oslo_config/cfg.py:3253}}
Jul 23 22:27:11.520071 np0000186420 nova-scheduler[107380]: DEBUG cotyledon.oslo_config_glue [-] oslo_messaging_rabbit.rabbit_quorum_delivery_limit = 0 {{(pid=107380) log_opt_values /opt/stack/data/venv/lib/python3.12/site-packages/oslo_config/cfg.py:3253}}
Jul 23 22:27:11.520071 np0000186420 nova-scheduler[107380]: DEBUG cotyledon.oslo_config_glue [-] oslo_messaging_rabbit.rabbit_quorum_max_memory_bytes = 0 {{(pid=107380) log_opt_values /opt/stack/data/venv/lib/python3.12/site-packages/oslo_config/cfg.py:3253}}
Jul 23 22:27:11.520071 np0000186420 nova-scheduler[107380]: DEBUG cotyledon.oslo_config_glue [-] oslo_messaging_rabbit.rabbit_quorum_max_memory_length = 0 {{(pid=107380) log_opt_values /opt/stack/data/venv/lib/python3.12/site-packages/oslo_config/cfg.py:3253}}
Jul 23 22:27:11.520071 np0000186420 nova-scheduler[107380]: DEBUG cotyledon.oslo_config_glue [-] oslo_messaging_rabbit.rabbit_quorum_queue = False {{(pid=107380) log_opt_values /opt/stack/data/venv/lib/python3.12/site-packages/oslo_config/cfg.py:3253}}
Jul 23 22:27:11.520071 np0000186420 nova-scheduler[107380]: DEBUG cotyledon.oslo_config_glue [-] oslo_messaging_rabbit.rabbit_retry_backoff = 2 {{(pid=107380) log_opt_values /opt/stack/data/venv/lib/python3.12/site-packages/oslo_config/cfg.py:3253}}
Jul 23 22:27:11.520071 np0000186420 nova-scheduler[107380]: DEBUG cotyledon.oslo_config_glue [-] oslo_messaging_rabbit.rabbit_retry_interval = 1 {{(pid=107380) log_opt_values /opt/stack/data/venv/lib/python3.12/site-packages/oslo_config/cfg.py:3253}}
Jul 23 22:27:11.520071 np0000186420 nova-scheduler[107380]: DEBUG cotyledon.oslo_config_glue [-] oslo_messaging_rabbit.rabbit_stream_fanout = False {{(pid=107380) log_opt_values /opt/stack/data/venv/lib/python3.12/site-packages/oslo_config/cfg.py:3253}}
Jul 23 22:27:11.520371 np0000186420 nova-scheduler[107380]: DEBUG cotyledon.oslo_config_glue [-] oslo_messaging_rabbit.rabbit_transient_queues_ttl = 1800 {{(pid=107380) log_opt_values /opt/stack/data/venv/lib/python3.12/site-packages/oslo_config/cfg.py:3253}}
Jul 23 22:27:11.520371 np0000186420 nova-scheduler[107380]: DEBUG cotyledon.oslo_config_glue [-] oslo_messaging_rabbit.rabbit_transient_quorum_queue = False {{(pid=107380) log_opt_values /opt/stack/data/venv/lib/python3.12/site-packages/oslo_config/cfg.py:3253}}
Jul 23 22:27:11.520371 np0000186420 nova-scheduler[107380]: DEBUG cotyledon.oslo_config_glue [-] oslo_messaging_rabbit.rpc_conn_pool_size = 30 {{(pid=107380) log_opt_values /opt/stack/data/venv/lib/python3.12/site-packages/oslo_config/cfg.py:3253}}
Jul 23 22:27:11.520371 np0000186420 nova-scheduler[107380]: DEBUG cotyledon.oslo_config_glue [-] oslo_messaging_rabbit.ssl = False {{(pid=107380) log_opt_values /opt/stack/data/venv/lib/python3.12/site-packages/oslo_config/cfg.py:3253}}
Jul 23 22:27:11.520371 np0000186420 nova-scheduler[107380]: DEBUG cotyledon.oslo_config_glue [-] oslo_messaging_rabbit.ssl_ca_file = {{(pid=107380) log_opt_values /opt/stack/data/venv/lib/python3.12/site-packages/oslo_config/cfg.py:3253}}
Jul 23 22:27:11.520371 np0000186420 nova-scheduler[107380]: DEBUG cotyledon.oslo_config_glue [-] oslo_messaging_rabbit.ssl_cert_file = {{(pid=107380) log_opt_values /opt/stack/data/venv/lib/python3.12/site-packages/oslo_config/cfg.py:3253}}
Jul 23 22:27:11.520371 np0000186420 nova-scheduler[107380]: DEBUG cotyledon.oslo_config_glue [-] oslo_messaging_rabbit.ssl_enforce_fips_mode = False {{(pid=107380) log_opt_values /opt/stack/data/venv/lib/python3.12/site-packages/oslo_config/cfg.py:3253}}
Jul 23 22:27:11.520371 np0000186420 nova-scheduler[107380]: DEBUG cotyledon.oslo_config_glue [-] oslo_messaging_rabbit.ssl_enforce_hostname_verification = True {{(pid=107380) log_opt_values /opt/stack/data/venv/lib/python3.12/site-packages/oslo_config/cfg.py:3253}}
Jul 23 22:27:11.520371 np0000186420 nova-scheduler[107380]: DEBUG cotyledon.oslo_config_glue [-] oslo_messaging_rabbit.ssl_key_file = {{(pid=107380) log_opt_values /opt/stack/data/venv/lib/python3.12/site-packages/oslo_config/cfg.py:3253}}
Jul 23 22:27:11.520653 np0000186420 nova-scheduler[107380]: DEBUG cotyledon.oslo_config_glue [-] oslo_messaging_rabbit.ssl_version = {{(pid=107380) log_opt_values /opt/stack/data/venv/lib/python3.12/site-packages/oslo_config/cfg.py:3253}}
Jul 23 22:27:11.520653 np0000186420 nova-scheduler[107380]: DEBUG cotyledon.oslo_config_glue [-] oslo_messaging_rabbit.use_queue_manager = False {{(pid=107380) log_opt_values /opt/stack/data/venv/lib/python3.12/site-packages/oslo_config/cfg.py:3253}}
Jul 23 22:27:11.520653 np0000186420 nova-scheduler[107380]: DEBUG cotyledon.oslo_config_glue [-] oslo_messaging_notifications.driver = ['messagingv2'] {{(pid=107380) log_opt_values /opt/stack/data/venv/lib/python3.12/site-packages/oslo_config/cfg.py:3253}}
Jul 23 22:27:11.520653 np0000186420 nova-scheduler[107380]: DEBUG cotyledon.oslo_config_glue [-] oslo_messaging_notifications.retry = -1 {{(pid=107380) log_opt_values /opt/stack/data/venv/lib/python3.12/site-packages/oslo_config/cfg.py:3253}}
Jul 23 22:27:11.520653 np0000186420 nova-scheduler[107380]: DEBUG cotyledon.oslo_config_glue [-] oslo_messaging_notifications.topics = ['notifications'] {{(pid=107380) log_opt_values /opt/stack/data/venv/lib/python3.12/site-packages/oslo_config/cfg.py:3253}}
Jul 23 22:27:11.520653 np0000186420 nova-scheduler[107380]: DEBUG cotyledon.oslo_config_glue [-] oslo_messaging_notifications.transport_url = **** {{(pid=107380) log_opt_values /opt/stack/data/venv/lib/python3.12/site-packages/oslo_config/cfg.py:3253}}
Jul 23 22:27:11.520653 np0000186420 nova-scheduler[107380]: DEBUG cotyledon.oslo_config_glue [-] oslo_limit.auth_section = None {{(pid=107380) log_opt_values /opt/stack/data/venv/lib/python3.12/site-packages/oslo_config/cfg.py:3253}}
Jul 23 22:27:11.520653 np0000186420 nova-scheduler[107380]: DEBUG cotyledon.oslo_config_glue [-] oslo_limit.auth_type = None {{(pid=107380) log_opt_values /opt/stack/data/venv/lib/python3.12/site-packages/oslo_config/cfg.py:3253}}
Jul 23 22:27:11.520653 np0000186420 nova-scheduler[107380]: DEBUG cotyledon.oslo_config_glue [-] oslo_limit.cafile = None {{(pid=107380) log_opt_values /opt/stack/data/venv/lib/python3.12/site-packages/oslo_config/cfg.py:3253}}
Jul 23 22:27:11.520946 np0000186420 nova-scheduler[107380]: DEBUG cotyledon.oslo_config_glue [-] oslo_limit.certfile = None {{(pid=107380) log_opt_values /opt/stack/data/venv/lib/python3.12/site-packages/oslo_config/cfg.py:3253}}
Jul 23 22:27:11.520946 np0000186420 nova-scheduler[107380]: DEBUG cotyledon.oslo_config_glue [-] oslo_limit.collect_timing = False {{(pid=107380) log_opt_values /opt/stack/data/venv/lib/python3.12/site-packages/oslo_config/cfg.py:3253}}
Jul 23 22:27:11.520946 np0000186420 nova-scheduler[107380]: DEBUG cotyledon.oslo_config_glue [-] oslo_limit.connect_retries = None {{(pid=107380) log_opt_values /opt/stack/data/venv/lib/python3.12/site-packages/oslo_config/cfg.py:3253}}
Jul 23 22:27:11.520946 np0000186420 nova-scheduler[107380]: DEBUG cotyledon.oslo_config_glue [-] oslo_limit.connect_retry_delay = None {{(pid=107380) log_opt_values /opt/stack/data/venv/lib/python3.12/site-packages/oslo_config/cfg.py:3253}}
Jul 23 22:27:11.520946 np0000186420 nova-scheduler[107380]: DEBUG cotyledon.oslo_config_glue [-] oslo_limit.endpoint_id = None {{(pid=107380) log_opt_values /opt/stack/data/venv/lib/python3.12/site-packages/oslo_config/cfg.py:3253}}
Jul 23 22:27:11.520946 np0000186420 nova-scheduler[107380]: DEBUG cotyledon.oslo_config_glue [-] oslo_limit.endpoint_interface = public {{(pid=107380) log_opt_values /opt/stack/data/venv/lib/python3.12/site-packages/oslo_config/cfg.py:3253}}
Jul 23 22:27:11.520946 np0000186420 nova-scheduler[107380]: DEBUG cotyledon.oslo_config_glue [-] oslo_limit.endpoint_override = None {{(pid=107380) log_opt_values /opt/stack/data/venv/lib/python3.12/site-packages/oslo_config/cfg.py:3253}}
Jul 23 22:27:11.520946 np0000186420 nova-scheduler[107380]: DEBUG cotyledon.oslo_config_glue [-] oslo_limit.endpoint_region_name = None {{(pid=107380) log_opt_values /opt/stack/data/venv/lib/python3.12/site-packages/oslo_config/cfg.py:3253}}
Jul 23 22:27:11.520946 np0000186420 nova-scheduler[107380]: DEBUG cotyledon.oslo_config_glue [-] oslo_limit.endpoint_service_name = None {{(pid=107380) log_opt_values /opt/stack/data/venv/lib/python3.12/site-packages/oslo_config/cfg.py:3253}}
Jul 23 22:27:11.521712 np0000186420 nova-scheduler[107380]: DEBUG cotyledon.oslo_config_glue [-] oslo_limit.endpoint_service_type = None {{(pid=107380) log_opt_values /opt/stack/data/venv/lib/python3.12/site-packages/oslo_config/cfg.py:3253}}
Jul 23 22:27:11.521712 np0000186420 nova-scheduler[107380]: DEBUG cotyledon.oslo_config_glue [-] oslo_limit.insecure = False {{(pid=107380) log_opt_values /opt/stack/data/venv/lib/python3.12/site-packages/oslo_config/cfg.py:3253}}
Jul 23 22:27:11.521712 np0000186420 nova-scheduler[107380]: DEBUG cotyledon.oslo_config_glue [-] oslo_limit.keyfile = None {{(pid=107380) log_opt_values /opt/stack/data/venv/lib/python3.12/site-packages/oslo_config/cfg.py:3253}}
Jul 23 22:27:11.521712 np0000186420 nova-scheduler[107380]: DEBUG cotyledon.oslo_config_glue [-] oslo_limit.max_version = None {{(pid=107380) log_opt_values /opt/stack/data/venv/lib/python3.12/site-packages/oslo_config/cfg.py:3253}}
Jul 23 22:27:11.521712 np0000186420 nova-scheduler[107380]: DEBUG cotyledon.oslo_config_glue [-] oslo_limit.min_version = None {{(pid=107380) log_opt_values /opt/stack/data/venv/lib/python3.12/site-packages/oslo_config/cfg.py:3253}}
Jul 23 22:27:11.521712 np0000186420 nova-scheduler[107380]: DEBUG cotyledon.oslo_config_glue [-] oslo_limit.region_name = None {{(pid=107380) log_opt_values /opt/stack/data/venv/lib/python3.12/site-packages/oslo_config/cfg.py:3253}}
Jul 23 22:27:11.521712 np0000186420 nova-scheduler[107380]: DEBUG cotyledon.oslo_config_glue [-] oslo_limit.retriable_status_codes = None {{(pid=107380) log_opt_values /opt/stack/data/venv/lib/python3.12/site-packages/oslo_config/cfg.py:3253}}
Jul 23 22:27:11.521712 np0000186420 nova-scheduler[107380]: DEBUG cotyledon.oslo_config_glue [-] oslo_limit.service_name = None {{(pid=107380) log_opt_values /opt/stack/data/venv/lib/python3.12/site-packages/oslo_config/cfg.py:3253}}
Jul 23 22:27:11.521712 np0000186420 nova-scheduler[107380]: DEBUG cotyledon.oslo_config_glue [-] oslo_limit.service_type = None {{(pid=107380) log_opt_values /opt/stack/data/venv/lib/python3.12/site-packages/oslo_config/cfg.py:3253}}
Jul 23 22:27:11.522293 np0000186420 nova-scheduler[107380]: DEBUG cotyledon.oslo_config_glue [-] oslo_limit.split_loggers = False {{(pid=107380) log_opt_values /opt/stack/data/venv/lib/python3.12/site-packages/oslo_config/cfg.py:3253}}
Jul 23 22:27:11.522293 np0000186420 nova-scheduler[107380]: DEBUG cotyledon.oslo_config_glue [-] oslo_limit.status_code_retries = None {{(pid=107380) log_opt_values /opt/stack/data/venv/lib/python3.12/site-packages/oslo_config/cfg.py:3253}}
Jul 23 22:27:11.522293 np0000186420 nova-scheduler[107380]: DEBUG cotyledon.oslo_config_glue [-] oslo_limit.status_code_retry_delay = None {{(pid=107380) log_opt_values /opt/stack/data/venv/lib/python3.12/site-packages/oslo_config/cfg.py:3253}}
Jul 23 22:27:11.522293 np0000186420 nova-scheduler[107380]: DEBUG cotyledon.oslo_config_glue [-] oslo_limit.timeout = None {{(pid=107380) log_opt_values /opt/stack/data/venv/lib/python3.12/site-packages/oslo_config/cfg.py:3253}}
Jul 23 22:27:11.522293 np0000186420 nova-scheduler[107380]: DEBUG cotyledon.oslo_config_glue [-] oslo_limit.valid_interfaces = None {{(pid=107380) log_opt_values /opt/stack/data/venv/lib/python3.12/site-packages/oslo_config/cfg.py:3253}}
Jul 23 22:27:11.522293 np0000186420 nova-scheduler[107380]: DEBUG cotyledon.oslo_config_glue [-] oslo_limit.version = None {{(pid=107380) log_opt_values /opt/stack/data/venv/lib/python3.12/site-packages/oslo_config/cfg.py:3253}}
Jul 23 22:27:11.522293 np0000186420 nova-scheduler[107380]: DEBUG cotyledon.oslo_config_glue [-] oslo_reports.file_event_handler = None {{(pid=107380) log_opt_values /opt/stack/data/venv/lib/python3.12/site-packages/oslo_config/cfg.py:3253}}
Jul 23 22:27:11.522293 np0000186420 nova-scheduler[107380]: DEBUG cotyledon.oslo_config_glue [-] oslo_reports.file_event_handler_interval = 1 {{(pid=107380) log_opt_values /opt/stack/data/venv/lib/python3.12/site-packages/oslo_config/cfg.py:3253}}
Jul 23 22:27:11.522293 np0000186420 nova-scheduler[107380]: DEBUG cotyledon.oslo_config_glue [-] oslo_reports.log_dir = None {{(pid=107380) log_opt_values /opt/stack/data/venv/lib/python3.12/site-packages/oslo_config/cfg.py:3253}}
Jul 23 22:27:11.522613 np0000186420 nova-scheduler[107380]: DEBUG cotyledon.oslo_config_glue [-] ******************************************************************************** {{(pid=107380) log_opt_values /opt/stack/data/venv/lib/python3.12/site-packages/oslo_config/cfg.py:3260}}
Jul 23 22:27:11.522613 np0000186420 nova-scheduler[107380]: DEBUG cotyledon._service_worker [-] Run service ServiceWrapper(3) [107380] {{(pid=107380) wait_forever /opt/stack/data/venv/lib/python3.12/site-packages/cotyledon/_service_worker.py:218}}
Jul 23 22:27:11.522613 np0000186420 nova-scheduler[107380]: INFO nova.service [-] Starting scheduler node (version 33.1.0)
Jul 23 22:27:11.522613 np0000186420 nova-scheduler[107380]: INFO dbcounter [None req-96f2cdf0-7b31-4d92-864a-fc327fd917ea None None] Registered counter for database nova_cell0
Jul 23 22:27:11.522971 np0000186420 nova-scheduler[107373]: DEBUG oslo_db.sqlalchemy.engines [None req-16857914-9131-48b7-b279-81220527cf6b None None] MySQL server mode set to STRICT_TRANS_TABLES,STRICT_ALL_TABLES,NO_ZERO_IN_DATE,NO_ZERO_DATE,ERROR_FOR_DIVISION_BY_ZERO,TRADITIONAL,NO_ENGINE_SUBSTITUTION {{(pid=107373) _check_effective_sql_mode /opt/stack/data/venv/lib/python3.12/site-packages/oslo_db/sqlalchemy/engines.py:325}}
Jul 23 22:27:11.523086 np0000186420 nova-scheduler[107358]: DEBUG oslo_db.sqlalchemy.engines [None req-ac57eb55-5565-4de3-99fd-45acaf149cd9 None None] MySQL server mode set to STRICT_TRANS_TABLES,STRICT_ALL_TABLES,NO_ZERO_IN_DATE,NO_ZERO_DATE,ERROR_FOR_DIVISION_BY_ZERO,TRADITIONAL,NO_ENGINE_SUBSTITUTION {{(pid=107358) _check_effective_sql_mode /opt/stack/data/venv/lib/python3.12/site-packages/oslo_db/sqlalchemy/engines.py:325}}
Jul 23 22:27:11.523160 np0000186420 nova-scheduler[107373]: DEBUG dbcounter [-] [107373] Writer thread running {{(pid=107373) stat_writer /opt/stack/data/venv/lib/python3.12/site-packages/dbcounter.py:102}}
Jul 23 22:27:11.529114 np0000186420 nova-scheduler[107366]: DEBUG oslo_db.sqlalchemy.engines [None req-03102e30-8007-4301-bb95-b539ad13460f None None] MySQL server mode set to STRICT_TRANS_TABLES,STRICT_ALL_TABLES,NO_ZERO_IN_DATE,NO_ZERO_DATE,ERROR_FOR_DIVISION_BY_ZERO,TRADITIONAL,NO_ENGINE_SUBSTITUTION {{(pid=107366) _check_effective_sql_mode /opt/stack/data/venv/lib/python3.12/site-packages/oslo_db/sqlalchemy/engines.py:325}}
Jul 23 22:27:11.530213 np0000186420 nova-scheduler[107358]: DEBUG dbcounter [-] [107358] Writer thread running {{(pid=107358) stat_writer /opt/stack/data/venv/lib/python3.12/site-packages/dbcounter.py:102}}
Jul 23 22:27:11.544793 np0000186420 nova-scheduler[107373]: DEBUG nova.service [None req-16857914-9131-48b7-b279-81220527cf6b None None] Creating RPC server for service: nova-scheduler on topic: scheduler {{(pid=107373) start /opt/stack/nova/nova/service.py:196}}
Jul 23 22:27:11.546991 np0000186420 nova-scheduler[107366]: DEBUG dbcounter [-] [107366] Writer thread running {{(pid=107366) stat_writer /opt/stack/data/venv/lib/python3.12/site-packages/dbcounter.py:102}}
Jul 23 22:27:11.552369 np0000186420 nova-scheduler[107358]: DEBUG nova.service [None req-ac57eb55-5565-4de3-99fd-45acaf149cd9 None None] Creating RPC server for service: nova-scheduler on topic: scheduler {{(pid=107358) start /opt/stack/nova/nova/service.py:196}}
Jul 23 22:27:11.555789 np0000186420 nova-scheduler[107366]: DEBUG nova.service [None req-03102e30-8007-4301-bb95-b539ad13460f None None] Creating RPC server for service: nova-scheduler on topic: scheduler {{(pid=107366) start /opt/stack/nova/nova/service.py:196}}
Jul 23 22:27:11.557387 np0000186420 nova-scheduler[107380]: DEBUG oslo_db.sqlalchemy.engines [None req-96f2cdf0-7b31-4d92-864a-fc327fd917ea None None] MySQL server mode set to STRICT_TRANS_TABLES,STRICT_ALL_TABLES,NO_ZERO_IN_DATE,NO_ZERO_DATE,ERROR_FOR_DIVISION_BY_ZERO,TRADITIONAL,NO_ENGINE_SUBSTITUTION {{(pid=107380) _check_effective_sql_mode /opt/stack/data/venv/lib/python3.12/site-packages/oslo_db/sqlalchemy/engines.py:325}}
Jul 23 22:27:11.574945 np0000186420 nova-scheduler[107380]: DEBUG dbcounter [-] [107380] Writer thread running {{(pid=107380) stat_writer /opt/stack/data/venv/lib/python3.12/site-packages/dbcounter.py:102}}
Jul 23 22:27:11.578887 np0000186420 nova-scheduler[107373]: DEBUG nova.service [None req-16857914-9131-48b7-b279-81220527cf6b None None] Join ServiceGroup membership for this service scheduler {{(pid=107373) start /opt/stack/nova/nova/service.py:222}}
Jul 23 22:27:11.579057 np0000186420 nova-scheduler[107373]: DEBUG nova.servicegroup.drivers.db [None req-16857914-9131-48b7-b279-81220527cf6b None None] DB_Driver: join new ServiceGroup member np0000186420 to the scheduler group, service = {{(pid=107373) join /opt/stack/nova/nova/servicegroup/drivers/db.py:44}}
Jul 23 22:27:11.579320 np0000186420 nova-scheduler[107380]: DEBUG nova.service [None req-96f2cdf0-7b31-4d92-864a-fc327fd917ea None None] Creating RPC server for service: nova-scheduler on topic: scheduler {{(pid=107380) start /opt/stack/nova/nova/service.py:196}}
Jul 23 22:27:11.579448 np0000186420 nova-scheduler[107358]: DEBUG nova.service [None req-ac57eb55-5565-4de3-99fd-45acaf149cd9 None None] Join ServiceGroup membership for this service scheduler {{(pid=107358) start /opt/stack/nova/nova/service.py:222}}
Jul 23 22:27:11.579830 np0000186420 nova-scheduler[107358]: DEBUG nova.servicegroup.drivers.db [None req-ac57eb55-5565-4de3-99fd-45acaf149cd9 None None] DB_Driver: join new ServiceGroup member np0000186420 to the scheduler group, service = {{(pid=107358) join /opt/stack/nova/nova/servicegroup/drivers/db.py:44}}
Jul 23 22:27:11.594372 np0000186420 nova-scheduler[107366]: DEBUG nova.service [None req-03102e30-8007-4301-bb95-b539ad13460f None None] Join ServiceGroup membership for this service scheduler {{(pid=107366) start /opt/stack/nova/nova/service.py:222}}
Jul 23 22:27:11.597613 np0000186420 nova-scheduler[107366]: DEBUG nova.servicegroup.drivers.db [None req-03102e30-8007-4301-bb95-b539ad13460f None None] DB_Driver: join new ServiceGroup member np0000186420 to the scheduler group, service = {{(pid=107366) join /opt/stack/nova/nova/servicegroup/drivers/db.py:44}}
Jul 23 22:27:11.613376 np0000186420 nova-scheduler[107380]: DEBUG nova.service [None req-96f2cdf0-7b31-4d92-864a-fc327fd917ea None None] Join ServiceGroup membership for this service scheduler {{(pid=107380) start /opt/stack/nova/nova/service.py:222}}
Jul 23 22:27:11.613625 np0000186420 nova-scheduler[107380]: DEBUG nova.servicegroup.drivers.db [None req-96f2cdf0-7b31-4d92-864a-fc327fd917ea None None] DB_Driver: join new ServiceGroup member np0000186420 to the scheduler group, service = {{(pid=107380) join /opt/stack/nova/nova/servicegroup/drivers/db.py:44}}
Jul 23 22:27:16.601685 np0000186420 nova-scheduler[107358]: DEBUG oslo.service.backend._threading.loopingcall [-] Fixed interval looping call 'nova.servicegroup.drivers.db.DbDriver._report_state' sleeping for 119.98 seconds {{(pid=107358) _run_loop /opt/stack/data/venv/lib/python3.12/site-packages/oslo_service/backend/_threading/loopingcall.py:125}}
Jul 23 22:27:16.602386 np0000186420 nova-scheduler[107373]: DEBUG oslo.service.backend._threading.loopingcall [-] Fixed interval looping call 'nova.servicegroup.drivers.db.DbDriver._report_state' sleeping for 119.98 seconds {{(pid=107373) _run_loop /opt/stack/data/venv/lib/python3.12/site-packages/oslo_service/backend/_threading/loopingcall.py:125}}
Jul 23 22:27:16.613715 np0000186420 nova-scheduler[107366]: DEBUG oslo.service.backend._threading.loopingcall [-] Fixed interval looping call 'nova.servicegroup.drivers.db.DbDriver._report_state' sleeping for 119.99 seconds {{(pid=107366) _run_loop /opt/stack/data/venv/lib/python3.12/site-packages/oslo_service/backend/_threading/loopingcall.py:125}}
Jul 23 22:27:16.628507 np0000186420 nova-scheduler[107380]: DEBUG oslo.service.backend._threading.loopingcall [-] Fixed interval looping call 'nova.servicegroup.drivers.db.DbDriver._report_state' sleeping for 119.99 seconds {{(pid=107380) _run_loop /opt/stack/data/venv/lib/python3.12/site-packages/oslo_service/backend/_threading/loopingcall.py:125}}
Jul 23 22:27:19.990513 np0000186420 nova-scheduler[106587]: DEBUG dbcounter [-] [106587] Writing DB stats nova_api:SELECT=3 {{(pid=106587) stat_writer /opt/stack/data/venv/lib/python3.12/site-packages/dbcounter.py:115}}
Jul 23 22:27:20.167090 np0000186420 nova-scheduler[106587]: DEBUG dbcounter [-] [106587] Writing DB stats nova_cell0:SELECT=1 {{(pid=106587) stat_writer /opt/stack/data/venv/lib/python3.12/site-packages/dbcounter.py:115}}
Jul 23 22:27:20.172605 np0000186420 nova-scheduler[106587]: DEBUG dbcounter [-] [106587] Writing DB stats nova_cell1:SELECT=1 {{(pid=106587) stat_writer /opt/stack/data/venv/lib/python3.12/site-packages/dbcounter.py:115}}
Jul 23 22:27:26.595476 np0000186420 nova-scheduler[107358]: DEBUG dbcounter [-] [107358] Writing DB stats nova_cell0:SELECT=5,nova_cell0:INSERT=1,nova_cell0:UPDATE=1 {{(pid=107358) stat_writer /opt/stack/data/venv/lib/python3.12/site-packages/dbcounter.py:115}}
Jul 23 22:27:26.596037 np0000186420 nova-scheduler[107373]: DEBUG dbcounter [-] [107373] Writing DB stats nova_cell0:SELECT=4,nova_cell0:INSERT=1,nova_cell0:UPDATE=1 {{(pid=107373) stat_writer /opt/stack/data/venv/lib/python3.12/site-packages/dbcounter.py:115}}
Jul 23 22:27:26.610692 np0000186420 nova-scheduler[107366]: DEBUG dbcounter [-] [107366] Writing DB stats nova_cell0:SELECT=3 {{(pid=107366) stat_writer /opt/stack/data/venv/lib/python3.12/site-packages/dbcounter.py:115}}
Jul 23 22:27:26.627881 np0000186420 nova-scheduler[107380]: DEBUG dbcounter [-] [107380] Writing DB stats nova_cell0:SELECT=3 {{(pid=107380) stat_writer /opt/stack/data/venv/lib/python3.12/site-packages/dbcounter.py:115}}
Jul 23 22:27:31.583738 np0000186420 nova-scheduler[107358]: DEBUG oslo.service.backend._threading.loopingcall [None req-0f502512-f10a-4312-878d-c7c206fcbecc None None] Dynamic interval looping call 'nova.service.Service.periodic_tasks' sleeping for 60.00 seconds {{(pid=107358) _run_loop /opt/stack/data/venv/lib/python3.12/site-packages/oslo_service/backend/_threading/loopingcall.py:125}}
Jul 23 22:27:57.601394 np0000186420 nova-scheduler[107366]: DEBUG oslo.service.backend._threading.loopingcall [None req-b3c83a00-971e-494f-9340-9af757fe020a None None] Dynamic interval looping call 'nova.service.Service.periodic_tasks' sleeping for 60.00 seconds {{(pid=107366) _run_loop /opt/stack/data/venv/lib/python3.12/site-packages/oslo_service/backend/_threading/loopingcall.py:125}}
Jul 23 22:28:01.581859 np0000186420 nova-scheduler[107373]: DEBUG oslo.service.backend._threading.loopingcall [None req-36e1aff8-24cf-4a12-b582-8323712430d7 None None] Dynamic interval looping call 'nova.service.Service.periodic_tasks' sleeping for 60.00 seconds {{(pid=107373) _run_loop /opt/stack/data/venv/lib/python3.12/site-packages/oslo_service/backend/_threading/loopingcall.py:125}}
Jul 23 22:28:03.617029 np0000186420 nova-scheduler[107380]: DEBUG oslo.service.backend._threading.loopingcall [None req-448d973b-0c3b-4990-92c0-a0c4bd5d6d1f None None] Dynamic interval looping call 'nova.service.Service.periodic_tasks' sleeping for 60.00 seconds {{(pid=107380) _run_loop /opt/stack/data/venv/lib/python3.12/site-packages/oslo_service/backend/_threading/loopingcall.py:125}}
Jul 23 22:28:31.584830 np0000186420 nova-scheduler[107358]: DEBUG oslo.service.backend._threading.loopingcall [None req-0f502512-f10a-4312-878d-c7c206fcbecc None None] Dynamic interval looping call 'nova.service.Service.periodic_tasks' sleeping for 60.00 seconds {{(pid=107358) _run_loop /opt/stack/data/venv/lib/python3.12/site-packages/oslo_service/backend/_threading/loopingcall.py:125}}
Jul 23 22:28:57.602344 np0000186420 nova-scheduler[107366]: DEBUG oslo.service.backend._threading.loopingcall [None req-b3c83a00-971e-494f-9340-9af757fe020a None None] Dynamic interval looping call 'nova.service.Service.periodic_tasks' sleeping for 60.00 seconds {{(pid=107366) _run_loop /opt/stack/data/venv/lib/python3.12/site-packages/oslo_service/backend/_threading/loopingcall.py:125}}
Jul 23 22:29:01.582588 np0000186420 nova-scheduler[107373]: DEBUG oslo.service.backend._threading.loopingcall [None req-36e1aff8-24cf-4a12-b582-8323712430d7 None None] Dynamic interval looping call 'nova.service.Service.periodic_tasks' sleeping for 60.00 seconds {{(pid=107373) _run_loop /opt/stack/data/venv/lib/python3.12/site-packages/oslo_service/backend/_threading/loopingcall.py:125}}
Jul 23 22:29:03.618207 np0000186420 nova-scheduler[107380]: DEBUG oslo.service.backend._threading.loopingcall [None req-448d973b-0c3b-4990-92c0-a0c4bd5d6d1f None None] Dynamic interval looping call 'nova.service.Service.periodic_tasks' sleeping for 60.00 seconds {{(pid=107380) _run_loop /opt/stack/data/venv/lib/python3.12/site-packages/oslo_service/backend/_threading/loopingcall.py:125}}
Jul 23 22:29:16.598018 np0000186420 nova-scheduler[107373]: DEBUG oslo.service.backend._threading.loopingcall [-] Fixed interval looping call 'nova.servicegroup.drivers.db.DbDriver._report_state' sleeping for 119.99 seconds {{(pid=107373) _run_loop /opt/stack/data/venv/lib/python3.12/site-packages/oslo_service/backend/_threading/loopingcall.py:125}}
Jul 23 22:29:16.598894 np0000186420 nova-scheduler[107358]: DEBUG oslo.service.backend._threading.loopingcall [-] Fixed interval looping call 'nova.servicegroup.drivers.db.DbDriver._report_state' sleeping for 119.98 seconds {{(pid=107358) _run_loop /opt/stack/data/venv/lib/python3.12/site-packages/oslo_service/backend/_threading/loopingcall.py:125}}
Jul 23 22:29:16.611434 np0000186420 nova-scheduler[107366]: DEBUG oslo.service.backend._threading.loopingcall [-] Fixed interval looping call 'nova.servicegroup.drivers.db.DbDriver._report_state' sleeping for 119.99 seconds {{(pid=107366) _run_loop /opt/stack/data/venv/lib/python3.12/site-packages/oslo_service/backend/_threading/loopingcall.py:125}}
