Jul 23 17:38:04.678495 np0000186340 devstack@neutron-api.service[101810]: INFO neutron.api.extensions [None req-3a1dc8d9-86c6-49de-beea-e7cb3524dfb0 None None] Extension qos-rule-type-details not supported by any of loaded plugins
Jul 23 17:38:04.678563 np0000186340 devstack@neutron-api.service[101808]: DEBUG neutron_lib.callbacks.manager [None req-263e78e9-0a29-49ba-8583-8766298f014e None None] Subscribe: > allowed_address_pair before_create 55550000, False {{(pid=101808) subscribe /opt/stack/data/venv/lib/python3.12/site-packages/neutron_lib/callbacks/manager.py:52}}
Jul 23 17:38:04.678630 np0000186340 devstack@neutron-api.service[101810]: DEBUG neutron.api.extensions [None req-3a1dc8d9-86c6-49de-beea-e7cb3524dfb0 None None] Loading extension file: qos_rule_type_filter.py {{(pid=101810) _load_all_extensions_from_path /opt/stack/neutron/neutron/api/extensions.py:449}}
Jul 23 17:38:04.678696 np0000186340 devstack@neutron-api.service[101808]: DEBUG neutron_lib.callbacks.manager [None req-263e78e9-0a29-49ba-8583-8766298f014e None None] Subscribe: > security_group precommit_create 55550000, False {{(pid=101808) subscribe /opt/stack/data/venv/lib/python3.12/site-packages/neutron_lib/callbacks/manager.py:52}}
Jul 23 17:38:04.678763 np0000186340 devstack@neutron-api.service[101808]: DEBUG neutron_lib.callbacks.manager [None req-263e78e9-0a29-49ba-8583-8766298f014e None None] Subscribe: > security_group after_update 55550000, False {{(pid=101808) subscribe /opt/stack/data/venv/lib/python3.12/site-packages/neutron_lib/callbacks/manager.py:52}}
Jul 23 17:38:04.678830 np0000186340 devstack@neutron-api.service[101810]: DEBUG neutron.api.extensions [None req-3a1dc8d9-86c6-49de-beea-e7cb3524dfb0 None None] Ext name="Allow to filter the list of QoS rule types" alias="qos-rule-type-filter" description="Allows to filter the QoS rule type list adding two new flags. "all_rules" prints all implemented QoS rule types."all_supported" prints all supported QoS rule types by the loaded mechanism drivers" updated="2022-02-02T10:00:00-00:00" {{(pid=101810) _check_extension /opt/stack/neutron/neutron/api/extensions.py:415}}
Jul 23 17:38:04.678926 np0000186340 devstack@neutron-api.service[101808]: DEBUG neutron_lib.callbacks.manager [None req-263e78e9-0a29-49ba-8583-8766298f014e None None] Subscribe: > security_group after_create 55550000, False {{(pid=101808) subscribe /opt/stack/data/venv/lib/python3.12/site-packages/neutron_lib/callbacks/manager.py:52}}
Jul 23 17:38:04.679041 np0000186340 devstack@neutron-api.service[101810]: INFO neutron.api.extensions [None req-3a1dc8d9-86c6-49de-beea-e7cb3524dfb0 None None] Extension qos-rule-type-filter not supported by any of loaded plugins
Jul 23 17:38:04.679109 np0000186340 devstack@neutron-api.service[101808]: DEBUG neutron_lib.callbacks.manager [None req-263e78e9-0a29-49ba-8583-8766298f014e None None] Subscribe: > security_group precommit_delete 55550000, False {{(pid=101808) subscribe /opt/stack/data/venv/lib/python3.12/site-packages/neutron_lib/callbacks/manager.py:52}}
Jul 23 17:38:04.679176 np0000186340 devstack@neutron-api.service[101810]: DEBUG neutron.api.extensions [None req-3a1dc8d9-86c6-49de-beea-e7cb3524dfb0 None None] Loading extension file: qos_rules_alias.py {{(pid=101810) _load_all_extensions_from_path /opt/stack/neutron/neutron/api/extensions.py:449}}
Jul 23 17:38:04.679242 np0000186340 devstack@neutron-api.service[101808]: DEBUG neutron_lib.callbacks.manager [None req-263e78e9-0a29-49ba-8583-8766298f014e None None] Subscribe: > security_group after_delete 55550000, False {{(pid=101808) subscribe /opt/stack/data/venv/lib/python3.12/site-packages/neutron_lib/callbacks/manager.py:52}}
Jul 23 17:38:04.679360 np0000186340 devstack@neutron-api.service[101808]: DEBUG neutron_lib.callbacks.manager [None req-263e78e9-0a29-49ba-8583-8766298f014e None None] Subscribe: > security_group_rule precommit_create 55550000, False {{(pid=101808) subscribe /opt/stack/data/venv/lib/python3.12/site-packages/neutron_lib/callbacks/manager.py:52}}
Jul 23 17:38:04.679524 np0000186340 devstack@neutron-api.service[101810]: DEBUG neutron.api.extensions [None req-3a1dc8d9-86c6-49de-beea-e7cb3524dfb0 None None] Ext name="Quality of Service rules alias API" alias="qos-rules-alias" description="API to enable GET, PUT and DELETE operations on QoS policy rules without specifying policy ID" updated="2018-10-07T10:00:00-00:00" {{(pid=101810) _check_extension /opt/stack/neutron/neutron/api/extensions.py:415}}
Jul 23 17:38:04.679597 np0000186340 devstack@neutron-api.service[101808]: DEBUG neutron_lib.callbacks.manager [None req-263e78e9-0a29-49ba-8583-8766298f014e None None] Subscribe: > security_group_rule after_create 55550000, False {{(pid=101808) subscribe /opt/stack/data/venv/lib/python3.12/site-packages/neutron_lib/callbacks/manager.py:52}}
Jul 23 17:38:04.679597 np0000186340 devstack@neutron-api.service[101808]: DEBUG neutron_lib.callbacks.manager [None req-263e78e9-0a29-49ba-8583-8766298f014e None None] Subscribe: > security_group_rule before_delete 55550000, False {{(pid=101808) subscribe /opt/stack/data/venv/lib/python3.12/site-packages/neutron_lib/callbacks/manager.py:52}}
Jul 23 17:38:04.679744 np0000186340 devstack@neutron-api.service[101808]: DEBUG neutron_lib.callbacks.manager [None req-263e78e9-0a29-49ba-8583-8766298f014e None None] Subscribe: > address_group after_create 55550000, False {{(pid=101808) subscribe /opt/stack/data/venv/lib/python3.12/site-packages/neutron_lib/callbacks/manager.py:52}}
Jul 23 17:38:04.679812 np0000186340 devstack@neutron-api.service[101810]: INFO neutron.api.extensions [None req-3a1dc8d9-86c6-49de-beea-e7cb3524dfb0 None None] Extension qos-rules-alias not supported by any of loaded plugins
Jul 23 17:38:04.679886 np0000186340 devstack@neutron-api.service[101808]: DEBUG neutron_lib.callbacks.manager [None req-263e78e9-0a29-49ba-8583-8766298f014e None None] Subscribe: > address_group after_update 55550000, False {{(pid=101808) subscribe /opt/stack/data/venv/lib/python3.12/site-packages/neutron_lib/callbacks/manager.py:52}}
Jul 23 17:38:04.679951 np0000186340 devstack@neutron-api.service[101810]: DEBUG neutron.api.extensions [None req-3a1dc8d9-86c6-49de-beea-e7cb3524dfb0 None None] Loading extension file: quota_check_limit.py {{(pid=101810) _load_all_extensions_from_path /opt/stack/neutron/neutron/api/extensions.py:449}}
Jul 23 17:38:04.680034 np0000186340 devstack@neutron-api.service[101808]: DEBUG neutron_lib.callbacks.manager [None req-263e78e9-0a29-49ba-8583-8766298f014e None None] Subscribe: > address_group after_delete 55550000, False {{(pid=101808) subscribe /opt/stack/data/venv/lib/python3.12/site-packages/neutron_lib/callbacks/manager.py:52}}
Jul 23 17:38:04.680233 np0000186340 devstack@neutron-api.service[101810]: DEBUG neutron.api.extensions [None req-3a1dc8d9-86c6-49de-beea-e7cb3524dfb0 None None] Ext name="Quota engine limit check" alias="quota-check-limit" description="Support for checking the resource usage before applying a new quota limit" updated="2021-09-08T16:00:00-00:00" {{(pid=101810) _check_extension /opt/stack/neutron/neutron/api/extensions.py:415}}
Jul 23 17:38:04.680293 np0000186340 devstack@neutron-api.service[101808]: DEBUG neutron_lib.callbacks.manager [None req-263e78e9-0a29-49ba-8583-8766298f014e None None] Subscribe: > qos_plugin after_init 55550000, False {{(pid=101808) subscribe /opt/stack/data/venv/lib/python3.12/site-packages/neutron_lib/callbacks/manager.py:52}}
Jul 23 17:38:04.680656 np0000186340 devstack@neutron-api.service[101810]: INFO neutron.api.extensions [None req-3a1dc8d9-86c6-49de-beea-e7cb3524dfb0 None None] Loaded extension: quota-check-limit
Jul 23 17:38:04.680724 np0000186340 devstack@neutron-api.service[101808]: DEBUG neutron_lib.callbacks.manager [None req-263e78e9-0a29-49ba-8583-8766298f014e None None] Subscribe: > trunk_plugin after_init 55550000, False {{(pid=101808) subscribe /opt/stack/data/venv/lib/python3.12/site-packages/neutron_lib/callbacks/manager.py:52}}
Jul 23 17:38:04.680793 np0000186340 devstack@neutron-api.service[101810]: DEBUG neutron.api.extensions [None req-3a1dc8d9-86c6-49de-beea-e7cb3524dfb0 None None] Loading extension file: quota_check_limit_default.py {{(pid=101810) _load_all_extensions_from_path /opt/stack/neutron/neutron/api/extensions.py:449}}
Jul 23 17:38:04.680920 np0000186340 devstack@neutron-api.service[101808]: DEBUG neutron_lib.callbacks.manager [None req-263e78e9-0a29-49ba-8583-8766298f014e None None] Subscribe: > logging-plugin after_init 55550000, False {{(pid=101808) subscribe /opt/stack/data/venv/lib/python3.12/site-packages/neutron_lib/callbacks/manager.py:52}}
Jul 23 17:38:04.686544 np0000186340 devstack@neutron-api.service[101810]: DEBUG neutron.api.extensions [None req-3a1dc8d9-86c6-49de-beea-e7cb3524dfb0 None None] Ext name="Quota engine limit check by default" alias="quota-check-limit-default" description="By default, the Neutron quota engine checks the resource usage before applying a new quota limit" updated="2024-08-21T16:00:00-00:00" {{(pid=101810) _check_extension /opt/stack/neutron/neutron/api/extensions.py:415}}
Jul 23 17:38:04.686544 np0000186340 devstack@neutron-api.service[101810]: INFO neutron.api.extensions [None req-3a1dc8d9-86c6-49de-beea-e7cb3524dfb0 None None] Loaded extension: quota-check-limit-default
Jul 23 17:38:04.686544 np0000186340 devstack@neutron-api.service[101810]: DEBUG neutron.api.extensions [None req-3a1dc8d9-86c6-49de-beea-e7cb3524dfb0 None None] Loading extension file: quotasv2.py {{(pid=101810) _load_all_extensions_from_path /opt/stack/neutron/neutron/api/extensions.py:449}}
Jul 23 17:38:04.686821 np0000186340 devstack@neutron-api.service[101808]: INFO neutron.services.logapi.drivers.ovn.driver [None req-263e78e9-0a29-49ba-8583-8766298f014e None None] OVN logging driver registered
Jul 23 17:38:04.686821 np0000186340 devstack@neutron-api.service[101808]: DEBUG neutron_lib.callbacks.manager [None req-263e78e9-0a29-49ba-8583-8766298f014e None None] Subscribe: ._register_pvlan_driver at 0x76677c0c2980> pvlan_plugin before_spawn 55550000, False {{(pid=101808) subscribe /opt/stack/data/venv/lib/python3.12/site-packages/neutron_lib/callbacks/manager.py:52}}
Jul 23 17:38:04.686821 np0000186340 devstack@neutron-api.service[101808]: DEBUG neutron_lib.callbacks.manager [None req-263e78e9-0a29-49ba-8583-8766298f014e None None] Subscribe: process after_init 55550000, False {{(pid=101808) subscribe /opt/stack/data/venv/lib/python3.12/site-packages/neutron_lib/callbacks/manager.py:52}}
Jul 23 17:38:04.686950 np0000186340 devstack@neutron-api.service[101810]: DEBUG neutron.api.extensions [None req-3a1dc8d9-86c6-49de-beea-e7cb3524dfb0 None None] Ext name="Quota management support" alias="quotas" description="Expose functions for quotas management per project" updated="2012-07-29T10:00:00-00:00" {{(pid=101810) _check_extension /opt/stack/neutron/neutron/api/extensions.py:415}}
Jul 23 17:38:04.686950 np0000186340 devstack@neutron-api.service[101810]: INFO neutron.api.extensions [None req-3a1dc8d9-86c6-49de-beea-e7cb3524dfb0 None None] Loaded extension: quotas
Jul 23 17:38:04.686950 np0000186340 devstack@neutron-api.service[101810]: DEBUG neutron.api.extensions [None req-3a1dc8d9-86c6-49de-beea-e7cb3524dfb0 None None] Loading extension file: quotasv2_detail.py {{(pid=101810) _load_all_extensions_from_path /opt/stack/neutron/neutron/api/extensions.py:449}}
Jul 23 17:38:04.687055 np0000186340 devstack@neutron-api.service[101807]: INFO neutron.plugins.ml2.drivers.type_vlan [None req-0594b9e6-9b09-4f5f-bd09-4a9853d8f577 None None] VlanTypeDriver initialization complete
Jul 23 17:38:04.687055 np0000186340 devstack@neutron-api.service[101807]: INFO neutron.plugins.ml2.managers [None req-0594b9e6-9b09-4f5f-bd09-4a9853d8f577 None None] Initializing extension driver 'port_security'
Jul 23 17:38:04.687055 np0000186340 devstack@neutron-api.service[101807]: INFO neutron.plugins.ml2.extensions.port_security [None req-0594b9e6-9b09-4f5f-bd09-4a9853d8f577 None None] PortSecurityExtensionDriver initialization complete
Jul 23 17:38:04.687468 np0000186340 devstack@neutron-api.service[101810]: DEBUG neutron.api.extensions [None req-3a1dc8d9-86c6-49de-beea-e7cb3524dfb0 None None] Ext name="Quota details management support" alias="quota_details" description="Expose functions for quotas usage statistics per project" updated="2017-02-10T10:00:00-00:00" {{(pid=101810) _check_extension /opt/stack/neutron/neutron/api/extensions.py:415}}
Jul 23 17:38:04.687548 np0000186340 devstack@neutron-api.service[101807]: INFO neutron.plugins.ml2.managers [None req-0594b9e6-9b09-4f5f-bd09-4a9853d8f577 None None] Initializing extension driver 'qos'
Jul 23 17:38:04.687548 np0000186340 devstack@neutron-api.service[101807]: DEBUG neutron.plugins.ml2.extensions.qos [None req-0594b9e6-9b09-4f5f-bd09-4a9853d8f577 None None] QosExtensionDriver initialization complete {{(pid=101807) initialize /opt/stack/neutron/neutron/plugins/ml2/extensions/qos.py:31}}
Jul 23 17:38:04.687641 np0000186340 devstack@neutron-api.service[101810]: INFO neutron.api.extensions [None req-3a1dc8d9-86c6-49de-beea-e7cb3524dfb0 None None] Loaded extension: quota_details
Jul 23 17:38:04.687705 np0000186340 devstack@neutron-api.service[101807]: INFO neutron.plugins.ml2.managers [None req-0594b9e6-9b09-4f5f-bd09-4a9853d8f577 None None] Initializing mechanism driver 'ovn'
Jul 23 17:38:04.687764 np0000186340 devstack@neutron-api.service[101810]: DEBUG neutron.api.extensions [None req-3a1dc8d9-86c6-49de-beea-e7cb3524dfb0 None None] Loading extension file: rbac.py {{(pid=101810) _load_all_extensions_from_path /opt/stack/neutron/neutron/api/extensions.py:449}}
Jul 23 17:38:04.687823 np0000186340 devstack@neutron-api.service[101807]: INFO neutron.plugins.ml2.drivers.ovn.mech_driver.mech_driver [None req-0594b9e6-9b09-4f5f-bd09-4a9853d8f577 None None] Starting OVNMechanismDriver
Jul 23 17:38:04.687884 np0000186340 devstack@neutron-api.service[101810]: DEBUG neutron.api.extensions [None req-3a1dc8d9-86c6-49de-beea-e7cb3524dfb0 None None] Ext name="RBAC Policies" alias="rbac-policies" description="Allows creation and modification of policies that control project access to resources." updated="2015-06-17T12:15:12-00:00" {{(pid=101810) _check_extension /opt/stack/neutron/neutron/api/extensions.py:415}}
Jul 23 17:38:04.687942 np0000186340 devstack@neutron-api.service[101808]: DEBUG neutron.plugins.ml2.plugin [None req-263e78e9-0a29-49ba-8583-8766298f014e None None] neutron.plugins.ml2.plugin.Ml2Plugin method _start_rpc_notifiers called with arguments () {} {{(pid=101808) wrapper /opt/stack/data/venv/lib/python3.12/site-packages/oslo_log/helpers.py:77}}
Jul 23 17:38:04.688007 np0000186340 devstack@neutron-api.service[101810]: INFO neutron.api.extensions [None req-3a1dc8d9-86c6-49de-beea-e7cb3524dfb0 None None] Loaded extension: rbac-policies
Jul 23 17:38:04.688007 np0000186340 devstack@neutron-api.service[101810]: DEBUG neutron.api.extensions [None req-3a1dc8d9-86c6-49de-beea-e7cb3524dfb0 None None] Loading extension file: rbac_address_group.py {{(pid=101810) _load_all_extensions_from_path /opt/stack/neutron/neutron/api/extensions.py:449}}
Jul 23 17:38:04.688007 np0000186340 devstack@neutron-api.service[101810]: DEBUG neutron.api.extensions [None req-3a1dc8d9-86c6-49de-beea-e7cb3524dfb0 None None] Ext name="Add address_group type to RBAC" alias="rbac-address-group" description="Add address_group type to network RBAC" updated="2021-01-20T00:00:00-00:00" {{(pid=101810) _check_extension /opt/stack/neutron/neutron/api/extensions.py:415}}
Jul 23 17:38:04.688128 np0000186340 devstack@neutron-api.service[101808]: DEBUG neutron_lib.callbacks.manager [None req-263e78e9-0a29-49ba-8583-8766298f014e None None] Subscribe: > port after_create 55550000, False {{(pid=101808) subscribe /opt/stack/data/venv/lib/python3.12/site-packages/neutron_lib/callbacks/manager.py:52}}
Jul 23 17:38:04.688196 np0000186340 devstack@neutron-api.service[101810]: INFO neutron.api.extensions [None req-3a1dc8d9-86c6-49de-beea-e7cb3524dfb0 None None] Extension rbac-address-group not supported by any of loaded plugins
Jul 23 17:38:04.688261 np0000186340 devstack@neutron-api.service[101808]: DEBUG neutron_lib.callbacks.manager [None req-263e78e9-0a29-49ba-8583-8766298f014e None None] Subscribe: > port after_update 55550000, False {{(pid=101808) subscribe /opt/stack/data/venv/lib/python3.12/site-packages/neutron_lib/callbacks/manager.py:52}}
Jul 23 17:38:04.688344 np0000186340 devstack@neutron-api.service[101810]: DEBUG neutron.api.extensions [None req-3a1dc8d9-86c6-49de-beea-e7cb3524dfb0 None None] Loading extension file: rbac_address_scope.py {{(pid=101810) _load_all_extensions_from_path /opt/stack/neutron/neutron/api/extensions.py:449}}
Jul 23 17:38:04.688406 np0000186340 devstack@neutron-api.service[101808]: DEBUG neutron_lib.callbacks.manager [None req-263e78e9-0a29-49ba-8583-8766298f014e None None] Subscribe: > port after_delete 55550000, False {{(pid=101808) subscribe /opt/stack/data/venv/lib/python3.12/site-packages/neutron_lib/callbacks/manager.py:52}}
Jul 23 17:38:04.688549 np0000186340 devstack@neutron-api.service[101807]: DEBUG neutron_lib.callbacks.manager [None req-0594b9e6-9b09-4f5f-bd09-4a9853d8f577 None None] Subscribe: > process before_spawn 55550000, False {{(pid=101807) subscribe /opt/stack/data/venv/lib/python3.12/site-packages/neutron_lib/callbacks/manager.py:52}}
Jul 23 17:38:04.688630 np0000186340 devstack@neutron-api.service[101810]: DEBUG neutron.api.extensions [None req-3a1dc8d9-86c6-49de-beea-e7cb3524dfb0 None None] Ext name="Add address_scope type to RBAC" alias="rbac-address-scope" description="Add address_scope type to RBAC" updated="2020-02-12T00:00:00-00:00" {{(pid=101810) _check_extension /opt/stack/neutron/neutron/api/extensions.py:415}}
Jul 23 17:38:04.688693 np0000186340 devstack@neutron-api.service[101807]: DEBUG neutron_lib.callbacks.manager [None req-0594b9e6-9b09-4f5f-bd09-4a9853d8f577 None None] Subscribe: > process after_init 55550000, True {{(pid=101807) subscribe /opt/stack/data/venv/lib/python3.12/site-packages/neutron_lib/callbacks/manager.py:52}}
Jul 23 17:38:04.688755 np0000186340 devstack@neutron-api.service[101808]: DEBUG neutron_lib.callbacks.manager [None req-263e78e9-0a29-49ba-8583-8766298f014e None None] Subscribe: > subnet after_create 55550000, False {{(pid=101808) subscribe /opt/stack/data/venv/lib/python3.12/site-packages/neutron_lib/callbacks/manager.py:52}}
Jul 23 17:38:04.688816 np0000186340 devstack@neutron-api.service[101807]: DEBUG neutron_lib.callbacks.manager [None req-0594b9e6-9b09-4f5f-bd09-4a9853d8f577 None None] Subscribe: > segment after_create 55550000, False {{(pid=101807) subscribe /opt/stack/data/venv/lib/python3.12/site-packages/neutron_lib/callbacks/manager.py:52}}
Jul 23 17:38:04.688892 np0000186340 devstack@neutron-api.service[101810]: INFO neutron.api.extensions [None req-3a1dc8d9-86c6-49de-beea-e7cb3524dfb0 None None] Loaded extension: rbac-address-scope
Jul 23 17:38:04.688956 np0000186340 devstack@neutron-api.service[101808]: DEBUG neutron_lib.callbacks.manager [None req-263e78e9-0a29-49ba-8583-8766298f014e None None] Subscribe: > subnet after_update 55550000, False {{(pid=101808) subscribe /opt/stack/data/venv/lib/python3.12/site-packages/neutron_lib/callbacks/manager.py:52}}
Jul 23 17:38:04.689024 np0000186340 devstack@neutron-api.service[101810]: DEBUG neutron.api.extensions [None req-3a1dc8d9-86c6-49de-beea-e7cb3524dfb0 None None] Loading extension file: rbac_security_groups.py {{(pid=101810) _load_all_extensions_from_path /opt/stack/neutron/neutron/api/extensions.py:449}}
Jul 23 17:38:04.689083 np0000186340 devstack@neutron-api.service[101807]: DEBUG neutron_lib.callbacks.manager [None req-0594b9e6-9b09-4f5f-bd09-4a9853d8f577 None None] Subscribe: > segment after_create 55550000, False {{(pid=101807) subscribe /opt/stack/data/venv/lib/python3.12/site-packages/neutron_lib/callbacks/manager.py:52}}
Jul 23 17:38:04.689146 np0000186340 devstack@neutron-api.service[101808]: DEBUG neutron_lib.callbacks.manager [None req-263e78e9-0a29-49ba-8583-8766298f014e None None] Subscribe: > subnet after_delete 55550000, False {{(pid=101808) subscribe /opt/stack/data/venv/lib/python3.12/site-packages/neutron_lib/callbacks/manager.py:52}}
Jul 23 17:38:04.689210 np0000186340 devstack@neutron-api.service[101807]: DEBUG neutron_lib.callbacks.manager [None req-0594b9e6-9b09-4f5f-bd09-4a9853d8f577 None None] Subscribe: > segment after_delete 55550000, False {{(pid=101807) subscribe /opt/stack/data/venv/lib/python3.12/site-packages/neutron_lib/callbacks/manager.py:52}}
Jul 23 17:38:04.689210 np0000186340 devstack@neutron-api.service[101807]: DEBUG neutron_lib.callbacks.manager [None req-0594b9e6-9b09-4f5f-bd09-4a9853d8f577 None None] Subscribe: > allowed_address_pair before_create 55550000, False {{(pid=101807) subscribe /opt/stack/data/venv/lib/python3.12/site-packages/neutron_lib/callbacks/manager.py:52}}
Jul 23 17:38:04.689297 np0000186340 devstack@neutron-api.service[101810]: DEBUG neutron.api.extensions [None req-3a1dc8d9-86c6-49de-beea-e7cb3524dfb0 None None] Ext name="Add security_group type to network RBAC" alias="rbac-security-groups" description="Add security_group type to network RBAC" updated="2019-02-14T00:00:00-00:00" {{(pid=101810) _check_extension /opt/stack/neutron/neutron/api/extensions.py:415}}
Jul 23 17:38:04.689376 np0000186340 devstack@neutron-api.service[101808]: DEBUG neutron_lib.callbacks.manager [None req-263e78e9-0a29-49ba-8583-8766298f014e None None] Subscribe: > network after_create 55550000, False {{(pid=101808) subscribe /opt/stack/data/venv/lib/python3.12/site-packages/neutron_lib/callbacks/manager.py:52}}
Jul 23 17:38:04.689434 np0000186340 devstack@neutron-api.service[101807]: DEBUG neutron_lib.callbacks.manager [None req-0594b9e6-9b09-4f5f-bd09-4a9853d8f577 None None] Subscribe: > security_group precommit_create 55550000, False {{(pid=101807) subscribe /opt/stack/data/venv/lib/python3.12/site-packages/neutron_lib/callbacks/manager.py:52}}
Jul 23 17:38:04.689501 np0000186340 devstack@neutron-api.service[101808]: DEBUG neutron_lib.callbacks.manager [None req-263e78e9-0a29-49ba-8583-8766298f014e None None] Subscribe: > network after_update 55550000, False {{(pid=101808) subscribe /opt/stack/data/venv/lib/python3.12/site-packages/neutron_lib/callbacks/manager.py:52}}
Jul 23 17:38:04.689560 np0000186340 devstack@neutron-api.service[101810]: INFO neutron.api.extensions [None req-3a1dc8d9-86c6-49de-beea-e7cb3524dfb0 None None] Loaded extension: rbac-security-groups
Jul 23 17:38:04.689560 np0000186340 devstack@neutron-api.service[101810]: DEBUG neutron.api.extensions [None req-3a1dc8d9-86c6-49de-beea-e7cb3524dfb0 None None] Loading extension file: rbac_subnetpool.py {{(pid=101810) _load_all_extensions_from_path /opt/stack/neutron/neutron/api/extensions.py:449}}
Jul 23 17:38:04.689639 np0000186340 devstack@neutron-api.service[101808]: DEBUG neutron_lib.callbacks.manager [None req-263e78e9-0a29-49ba-8583-8766298f014e None None] Subscribe: > network after_delete 55550000, False {{(pid=101808) subscribe /opt/stack/data/venv/lib/python3.12/site-packages/neutron_lib/callbacks/manager.py:52}}
Jul 23 17:38:04.689703 np0000186340 devstack@neutron-api.service[101807]: DEBUG neutron_lib.callbacks.manager [None req-0594b9e6-9b09-4f5f-bd09-4a9853d8f577 None None] Subscribe: > security_group after_update 55550000, False {{(pid=101807) subscribe /opt/stack/data/venv/lib/python3.12/site-packages/neutron_lib/callbacks/manager.py:52}}
Jul 23 17:38:04.689763 np0000186340 devstack@neutron-api.service[101808]: DEBUG neutron_lib.callbacks.manager [None req-263e78e9-0a29-49ba-8583-8766298f014e None None] Subscribe: > security_group after_create 55550000, False {{(pid=101808) subscribe /opt/stack/data/venv/lib/python3.12/site-packages/neutron_lib/callbacks/manager.py:52}}
Jul 23 17:38:04.689820 np0000186340 devstack@neutron-api.service[101807]: DEBUG neutron_lib.callbacks.manager [None req-0594b9e6-9b09-4f5f-bd09-4a9853d8f577 None None] Subscribe: > security_group after_create 55550000, False {{(pid=101807) subscribe /opt/stack/data/venv/lib/python3.12/site-packages/neutron_lib/callbacks/manager.py:52}}
Jul 23 17:38:04.689878 np0000186340 devstack@neutron-api.service[101810]: DEBUG neutron.api.extensions [None req-3a1dc8d9-86c6-49de-beea-e7cb3524dfb0 None None] Ext name="Add subnetpool type to RBAC" alias="rbac-subnetpool" description="Add subnetpool type to RBAC" updated="2020-02-05T00:00:00-00:00" {{(pid=101810) _check_extension /opt/stack/neutron/neutron/api/extensions.py:415}}
Jul 23 17:38:04.689936 np0000186340 devstack@neutron-api.service[101808]: DEBUG neutron_lib.callbacks.manager [None req-263e78e9-0a29-49ba-8583-8766298f014e None None] Subscribe: > security_group after_update 55550000, False {{(pid=101808) subscribe /opt/stack/data/venv/lib/python3.12/site-packages/neutron_lib/callbacks/manager.py:52}}
Jul 23 17:38:04.689994 np0000186340 devstack@neutron-api.service[101807]: DEBUG neutron_lib.callbacks.manager [None req-0594b9e6-9b09-4f5f-bd09-4a9853d8f577 None None] Subscribe: > security_group precommit_delete 55550000, False {{(pid=101807) subscribe /opt/stack/data/venv/lib/python3.12/site-packages/neutron_lib/callbacks/manager.py:52}}
Jul 23 17:38:04.690061 np0000186340 devstack@neutron-api.service[101808]: DEBUG neutron_lib.callbacks.manager [None req-263e78e9-0a29-49ba-8583-8766298f014e None None] Subscribe: > security_group after_delete 55550000, False {{(pid=101808) subscribe /opt/stack/data/venv/lib/python3.12/site-packages/neutron_lib/callbacks/manager.py:52}}
Jul 23 17:38:04.690120 np0000186340 devstack@neutron-api.service[101810]: INFO neutron.api.extensions [None req-3a1dc8d9-86c6-49de-beea-e7cb3524dfb0 None None] Extension rbac-subnetpool not supported by any of loaded plugins
Jul 23 17:38:04.690177 np0000186340 devstack@neutron-api.service[101807]: DEBUG neutron_lib.callbacks.manager [None req-0594b9e6-9b09-4f5f-bd09-4a9853d8f577 None None] Subscribe: > security_group after_delete 55550000, False {{(pid=101807) subscribe /opt/stack/data/venv/lib/python3.12/site-packages/neutron_lib/callbacks/manager.py:52}}
Jul 23 17:38:04.690235 np0000186340 devstack@neutron-api.service[101808]: DEBUG neutron_lib.callbacks.manager [None req-263e78e9-0a29-49ba-8583-8766298f014e None None] Subscribe: > security_group_rule after_create 55550000, False {{(pid=101808) subscribe /opt/stack/data/venv/lib/python3.12/site-packages/neutron_lib/callbacks/manager.py:52}}
Jul 23 17:38:04.690293 np0000186340 devstack@neutron-api.service[101810]: DEBUG neutron.api.extensions [None req-3a1dc8d9-86c6-49de-beea-e7cb3524dfb0 None None] Loading extension file: revisionifmatch.py {{(pid=101810) _load_all_extensions_from_path /opt/stack/neutron/neutron/api/extensions.py:449}}
Jul 23 17:38:04.690375 np0000186340 devstack@neutron-api.service[101807]: DEBUG neutron_lib.callbacks.manager [None req-0594b9e6-9b09-4f5f-bd09-4a9853d8f577 None None] Subscribe: > security_group_rule precommit_create 55550000, False {{(pid=101807) subscribe /opt/stack/data/venv/lib/python3.12/site-packages/neutron_lib/callbacks/manager.py:52}}
Jul 23 17:38:04.690555 np0000186340 devstack@neutron-api.service[101808]: DEBUG neutron_lib.callbacks.manager [None req-263e78e9-0a29-49ba-8583-8766298f014e None None] Subscribe: > security_group_rule after_update 55550000, False {{(pid=101808) subscribe /opt/stack/data/venv/lib/python3.12/site-packages/neutron_lib/callbacks/manager.py:52}}
Jul 23 17:38:04.690623 np0000186340 devstack@neutron-api.service[101807]: DEBUG neutron_lib.callbacks.manager [None req-0594b9e6-9b09-4f5f-bd09-4a9853d8f577 None None] Subscribe: > security_group_rule after_create 55550000, False {{(pid=101807) subscribe /opt/stack/data/venv/lib/python3.12/site-packages/neutron_lib/callbacks/manager.py:52}}
Jul 23 17:38:04.690687 np0000186340 devstack@neutron-api.service[101808]: DEBUG neutron_lib.callbacks.manager [None req-263e78e9-0a29-49ba-8583-8766298f014e None None] Subscribe: > security_group_rule after_delete 55550000, False {{(pid=101808) subscribe /opt/stack/data/venv/lib/python3.12/site-packages/neutron_lib/callbacks/manager.py:52}}
Jul 23 17:38:04.690744 np0000186340 devstack@neutron-api.service[101810]: DEBUG neutron.api.extensions [None req-3a1dc8d9-86c6-49de-beea-e7cb3524dfb0 None None] Ext name="If-Match constraints based on revision_number" alias="revision-if-match" description="Extension indicating that If-Match based on revision_number is supported." updated="2016-12-11T00:00:00-00:00" {{(pid=101810) _check_extension /opt/stack/neutron/neutron/api/extensions.py:415}}
Jul 23 17:38:04.690842 np0000186340 devstack@neutron-api.service[101807]: DEBUG neutron_lib.callbacks.manager [None req-0594b9e6-9b09-4f5f-bd09-4a9853d8f577 None None] Subscribe: > security_group_rule before_delete 55550000, False {{(pid=101807) subscribe /opt/stack/data/venv/lib/python3.12/site-packages/neutron_lib/callbacks/manager.py:52}}
Jul 23 17:38:04.690902 np0000186340 devstack@neutron-api.service[101808]: DEBUG neutron_lib.callbacks.manager [None req-263e78e9-0a29-49ba-8583-8766298f014e None None] Subscribe: > address_group after_create 55550000, False {{(pid=101808) subscribe /opt/stack/data/venv/lib/python3.12/site-packages/neutron_lib/callbacks/manager.py:52}}
Jul 23 17:38:04.690902 np0000186340 devstack@neutron-api.service[101808]: DEBUG neutron_lib.callbacks.manager [None req-263e78e9-0a29-49ba-8583-8766298f014e None None] Subscribe: > address_group after_update 55550000, False {{(pid=101808) subscribe /opt/stack/data/venv/lib/python3.12/site-packages/neutron_lib/callbacks/manager.py:52}}
Jul 23 17:38:04.690997 np0000186340 devstack@neutron-api.service[101810]: INFO neutron.api.extensions [None req-3a1dc8d9-86c6-49de-beea-e7cb3524dfb0 None None] Loaded extension: revision-if-match
Jul 23 17:38:04.691060 np0000186340 devstack@neutron-api.service[101807]: DEBUG neutron_lib.callbacks.manager [None req-0594b9e6-9b09-4f5f-bd09-4a9853d8f577 None None] Subscribe: > address_group after_create 55550000, False {{(pid=101807) subscribe /opt/stack/data/venv/lib/python3.12/site-packages/neutron_lib/callbacks/manager.py:52}}
Jul 23 17:38:04.691155 np0000186340 devstack@neutron-api.service[101808]: DEBUG neutron_lib.callbacks.manager [None req-263e78e9-0a29-49ba-8583-8766298f014e None None] Subscribe: > address_group after_delete 55550000, False {{(pid=101808) subscribe /opt/stack/data/venv/lib/python3.12/site-packages/neutron_lib/callbacks/manager.py:52}}
Jul 23 17:38:04.691219 np0000186340 devstack@neutron-api.service[101810]: DEBUG neutron.api.extensions [None req-3a1dc8d9-86c6-49de-beea-e7cb3524dfb0 None None] Loading extension file: revisions.py {{(pid=101810) _load_all_extensions_from_path /opt/stack/neutron/neutron/api/extensions.py:449}}
Jul 23 17:38:04.691280 np0000186340 devstack@neutron-api.service[101808]: DEBUG neutron.plugins.ml2.ovo_rpc [None req-263e78e9-0a29-49ba-8583-8766298f014e None None] ML2 OVO RPC backend initialized. {{(pid=101808) __init__ /opt/stack/neutron/neutron/plugins/ml2/ovo_rpc.py:117}}
Jul 23 17:38:04.691358 np0000186340 devstack@neutron-api.service[101807]: DEBUG neutron_lib.callbacks.manager [None req-0594b9e6-9b09-4f5f-bd09-4a9853d8f577 None None] Subscribe: > address_group after_update 55550000, False {{(pid=101807) subscribe /opt/stack/data/venv/lib/python3.12/site-packages/neutron_lib/callbacks/manager.py:52}}
Jul 23 17:38:04.691432 np0000186340 devstack@neutron-api.service[101810]: DEBUG neutron.api.extensions [None req-3a1dc8d9-86c6-49de-beea-e7cb3524dfb0 None None] Ext name="Resource revision numbers" alias="standard-attr-revisions" description="This extension will display the revision number of neutron resources." updated="2016-04-11T10:00:00-00:00" {{(pid=101810) _check_extension /opt/stack/neutron/neutron/api/extensions.py:415}}
Jul 23 17:38:04.691490 np0000186340 devstack@neutron-api.service[101807]: DEBUG neutron_lib.callbacks.manager [None req-0594b9e6-9b09-4f5f-bd09-4a9853d8f577 None None] Subscribe: > address_group after_delete 55550000, False {{(pid=101807) subscribe /opt/stack/data/venv/lib/python3.12/site-packages/neutron_lib/callbacks/manager.py:52}}
Jul 23 17:38:04.691557 np0000186340 devstack@neutron-api.service[101810]: INFO neutron.api.extensions [None req-3a1dc8d9-86c6-49de-beea-e7cb3524dfb0 None None] Loaded extension: standard-attr-revisions
Jul 23 17:38:04.691557 np0000186340 devstack@neutron-api.service[101810]: DEBUG neutron.api.extensions [None req-3a1dc8d9-86c6-49de-beea-e7cb3524dfb0 None None] Loading extension file: router_availability_zone.py {{(pid=101810) _load_all_extensions_from_path /opt/stack/neutron/neutron/api/extensions.py:449}}
Jul 23 17:38:04.691640 np0000186340 devstack@neutron-api.service[101807]: DEBUG neutron_lib.callbacks.manager [None req-0594b9e6-9b09-4f5f-bd09-4a9853d8f577 None None] Subscribe: > qos_plugin after_init 55550000, False {{(pid=101807) subscribe /opt/stack/data/venv/lib/python3.12/site-packages/neutron_lib/callbacks/manager.py:52}}
Jul 23 17:38:04.691712 np0000186340 devstack@neutron-api.service[101810]: DEBUG neutron.api.extensions [None req-3a1dc8d9-86c6-49de-beea-e7cb3524dfb0 None None] Ext name="Router Availability Zone" alias="router_availability_zone" description="Availability zone support for router." updated="2015-01-01T10:00:00-00:00" {{(pid=101810) _check_extension /opt/stack/neutron/neutron/api/extensions.py:415}}
Jul 23 17:38:04.691805 np0000186340 devstack@neutron-api.service[101807]: DEBUG neutron_lib.callbacks.manager [None req-0594b9e6-9b09-4f5f-bd09-4a9853d8f577 None None] Subscribe: > trunk_plugin after_init 55550000, False {{(pid=101807) subscribe /opt/stack/data/venv/lib/python3.12/site-packages/neutron_lib/callbacks/manager.py:52}}
Jul 23 17:38:04.691864 np0000186340 devstack@neutron-api.service[101810]: INFO neutron.api.extensions [None req-3a1dc8d9-86c6-49de-beea-e7cb3524dfb0 None None] Loaded extension: router_availability_zone
Jul 23 17:38:04.691946 np0000186340 devstack@neutron-api.service[101808]: INFO neutron.quota [None req-263e78e9-0a29-49ba-8583-8766298f014e None None] Loaded quota_driver: .
Jul 23 17:38:04.692030 np0000186340 devstack@neutron-api.service[101810]: DEBUG neutron.api.extensions [None req-3a1dc8d9-86c6-49de-beea-e7cb3524dfb0 None None] Loading extension file: router_enable_snat.py {{(pid=101810) _load_all_extensions_from_path /opt/stack/neutron/neutron/api/extensions.py:449}}
Jul 23 17:38:04.692155 np0000186340 devstack@neutron-api.service[101808]: INFO neutron.plugins.ml2.plugin [None req-263e78e9-0a29-49ba-8583-8766298f014e None None] Modular L2 Plugin initialization complete
Jul 23 17:38:04.692237 np0000186340 devstack@neutron-api.service[101810]: DEBUG neutron.api.extensions [None req-3a1dc8d9-86c6-49de-beea-e7cb3524dfb0 None None] Ext name="Exposes the router "enable_snat" read-only configuration flag" alias="router-enable-snat" description="Exposes the router "enable_snat" read-only configuration flag" updated="2025-09-18T18:00:00-00:00" {{(pid=101810) _check_extension /opt/stack/neutron/neutron/api/extensions.py:415}}
Jul 23 17:38:04.692380 np0000186340 devstack@neutron-api.service[101808]: DEBUG neutron.manager [None req-263e78e9-0a29-49ba-8583-8766298f014e None None] Loading services supported by the core plugin {{(pid=101808) _load_services_from_core_plugin /opt/stack/neutron/neutron/manager.py:167}}
Jul 23 17:38:04.692493 np0000186340 devstack@neutron-api.service[101807]: DEBUG neutron_lib.callbacks.manager [None req-0594b9e6-9b09-4f5f-bd09-4a9853d8f577 None None] Subscribe: > logging-plugin after_init 55550000, False {{(pid=101807) subscribe /opt/stack/data/venv/lib/python3.12/site-packages/neutron_lib/callbacks/manager.py:52}}
Jul 23 17:38:04.692587 np0000186340 devstack@neutron-api.service[101808]: INFO neutron.plugins.ml2.managers [None req-263e78e9-0a29-49ba-8583-8766298f014e None None] Got port-security extension from driver 'port_security'
Jul 23 17:38:04.692671 np0000186340 devstack@neutron-api.service[101810]: INFO neutron.api.extensions [None req-3a1dc8d9-86c6-49de-beea-e7cb3524dfb0 None None] Loaded extension: router-enable-snat
Jul 23 17:38:04.692671 np0000186340 devstack@neutron-api.service[101810]: DEBUG neutron.api.extensions [None req-3a1dc8d9-86c6-49de-beea-e7cb3524dfb0 None None] Loading extension file: routerservicetype.py {{(pid=101810) _load_all_extensions_from_path /opt/stack/neutron/neutron/api/extensions.py:449}}
Jul 23 17:38:04.692812 np0000186340 devstack@neutron-api.service[101808]: DEBUG neutron.manager [None req-263e78e9-0a29-49ba-8583-8766298f014e None None] Loading service plugins: ['ovn-router', 'auto_allocate', 'tag', 'timestamp', 'network_ip_availability', 'flavors', 'revisions'] {{(pid=101808) _load_service_plugins /opt/stack/neutron/neutron/manager.py:192}}
Jul 23 17:38:04.692923 np0000186340 devstack@neutron-api.service[101810]: DEBUG neutron.api.extensions [None req-3a1dc8d9-86c6-49de-beea-e7cb3524dfb0 None None] Ext name="Router Service Type" alias="router-service-type" description="Provides router service type" updated="2013-01-29T00:00:00-00:00" {{(pid=101810) _check_extension /opt/stack/neutron/neutron/api/extensions.py:415}}
Jul 23 17:38:04.692980 np0000186340 devstack@neutron-api.service[101808]: INFO neutron.manager [None req-263e78e9-0a29-49ba-8583-8766298f014e None None] Loading Plugin: ovn-router
Jul 23 17:38:04.693041 np0000186340 devstack@neutron-api.service[101810]: INFO neutron.api.extensions [None req-3a1dc8d9-86c6-49de-beea-e7cb3524dfb0 None None] Extension router-service-type not supported by any of loaded plugins
Jul 23 17:38:04.693041 np0000186340 devstack@neutron-api.service[101810]: DEBUG neutron.api.extensions [None req-3a1dc8d9-86c6-49de-beea-e7cb3524dfb0 None None] Loading extension file: security_groups_default_rules.py {{(pid=101810) _load_all_extensions_from_path /opt/stack/neutron/neutron/api/extensions.py:449}}
Jul 23 17:38:04.693122 np0000186340 devstack@neutron-api.service[101807]: INFO neutron.services.logapi.drivers.ovn.driver [None req-0594b9e6-9b09-4f5f-bd09-4a9853d8f577 None None] OVN logging driver registered
Jul 23 17:38:04.693122 np0000186340 devstack@neutron-api.service[101807]: DEBUG neutron_lib.callbacks.manager [None req-0594b9e6-9b09-4f5f-bd09-4a9853d8f577 None None] Subscribe: ._register_pvlan_driver at 0x76677c789b20> pvlan_plugin before_spawn 55550000, False {{(pid=101807) subscribe /opt/stack/data/venv/lib/python3.12/site-packages/neutron_lib/callbacks/manager.py:52}}
Jul 23 17:38:04.693122 np0000186340 devstack@neutron-api.service[101807]: DEBUG neutron_lib.callbacks.manager [None req-0594b9e6-9b09-4f5f-bd09-4a9853d8f577 None None] Subscribe: process after_init 55550000, False {{(pid=101807) subscribe /opt/stack/data/venv/lib/python3.12/site-packages/neutron_lib/callbacks/manager.py:52}}
Jul 23 17:38:04.693229 np0000186340 devstack@neutron-api.service[101810]: DEBUG neutron.api.extensions [None req-3a1dc8d9-86c6-49de-beea-e7cb3524dfb0 None None] Ext name="Default rules for security groups" alias="security-groups-default-rules" description="Configure set of security group rules used as default rules for every new security group" updated="2022-12-19T10:00:00-00:00" {{(pid=101810) _check_extension /opt/stack/neutron/neutron/api/extensions.py:415}}
Jul 23 17:38:04.693229 np0000186340 devstack@neutron-api.service[101810]: INFO neutron.api.extensions [None req-3a1dc8d9-86c6-49de-beea-e7cb3524dfb0 None None] Loaded extension: security-groups-default-rules
Jul 23 17:38:04.693229 np0000186340 devstack@neutron-api.service[101810]: DEBUG neutron.api.extensions [None req-3a1dc8d9-86c6-49de-beea-e7cb3524dfb0 None None] Loading extension file: security_groups_default_statefulness.py {{(pid=101810) _load_all_extensions_from_path /opt/stack/neutron/neutron/api/extensions.py:449}}
Jul 23 17:38:04.693346 np0000186340 devstack@neutron-api.service[101809]: DEBUG neutron.common.ovn.hash_ring_manager [-] Hash Ring loaded. 1 active nodes. 0 offline nodes {{(pid=101809) _load_hash_ring /opt/stack/neutron/neutron/common/ovn/hash_ring_manager.py:110}}
Jul 23 17:38:04.693405 np0000186340 devstack@neutron-api.service[101810]: DEBUG neutron.api.extensions [None req-3a1dc8d9-86c6-49de-beea-e7cb3524dfb0 None None] Ext name="Security Groups Default Statefulness" alias="security-groups-default-statefulness" description="Allows configuring the default value of the 'stateful' attribute for new security groups, on a per-project or system-wide basis" updated="2026-04-13T00:00:00-00:00" {{(pid=101810) _check_extension /opt/stack/neutron/neutron/api/extensions.py:415}}
Jul 23 17:38:04.693471 np0000186340 devstack@neutron-api.service[101809]: DEBUG neutron.plugins.ml2.drivers.ovn.mech_driver.ovsdb.ovsdb_monitor [-] Hash Ring: Node 36f0310b9bad5cf0b218cfff59459941 (host: np0000186340) handling event "create" for row 4f4e6e14-a822-47ba-aee5-9b82fd3d6809 (table: Port_Group) {{(pid=101809) notify /opt/stack/neutron/neutron/plugins/ml2/drivers/ovn/mech_driver/ovsdb/ovsdb_monitor.py:1013}}
Jul 23 17:38:04.693536 np0000186340 devstack@neutron-api.service[101810]: INFO neutron.api.extensions [None req-3a1dc8d9-86c6-49de-beea-e7cb3524dfb0 None None] Loaded extension: security-groups-default-statefulness
Jul 23 17:38:04.693536 np0000186340 devstack@neutron-api.service[101810]: DEBUG neutron.api.extensions [None req-3a1dc8d9-86c6-49de-beea-e7cb3524dfb0 None None] Loading extension file: security_groups_normalized_cidr.py {{(pid=101810) _load_all_extensions_from_path /opt/stack/neutron/neutron/api/extensions.py:449}}
Jul 23 17:38:04.693536 np0000186340 devstack@neutron-api.service[101810]: DEBUG neutron.api.extensions [None req-3a1dc8d9-86c6-49de-beea-e7cb3524dfb0 None None] Ext name="Normalized CIDR field for security group rules" alias="security-groups-normalized-cidr" description="Add new field with normalized remote_ip_prefix cidr in SG rule" updated="2020-07-28T10:00:00-00:00" {{(pid=101810) _check_extension /opt/stack/neutron/neutron/api/extensions.py:415}}
Jul 23 17:38:04.693536 np0000186340 devstack@neutron-api.service[101810]: INFO neutron.api.extensions [None req-3a1dc8d9-86c6-49de-beea-e7cb3524dfb0 None None] Loaded extension: security-groups-normalized-cidr
Jul 23 17:38:04.693536 np0000186340 devstack@neutron-api.service[101810]: DEBUG neutron.api.extensions [None req-3a1dc8d9-86c6-49de-beea-e7cb3524dfb0 None None] Loading extension file: security_groups_port_filtering.py {{(pid=101810) _load_all_extensions_from_path /opt/stack/neutron/neutron/api/extensions.py:449}}
Jul 23 17:38:04.693675 np0000186340 devstack@neutron-api.service[101807]: DEBUG neutron.plugins.ml2.plugin [None req-0594b9e6-9b09-4f5f-bd09-4a9853d8f577 None None] neutron.plugins.ml2.plugin.Ml2Plugin method _start_rpc_notifiers called with arguments () {} {{(pid=101807) wrapper /opt/stack/data/venv/lib/python3.12/site-packages/oslo_log/helpers.py:77}}
Jul 23 17:38:04.693740 np0000186340 devstack@neutron-api.service[101810]: DEBUG neutron.api.extensions [None req-3a1dc8d9-86c6-49de-beea-e7cb3524dfb0 None None] Ext name="Port filtering on security groups" alias="port-security-groups-filtering" description="Provides security groups filtering when listing ports" updated="2018-01-09T09:00:00-00:00" {{(pid=101810) _check_extension /opt/stack/neutron/neutron/api/extensions.py:415}}
Jul 23 17:38:04.693740 np0000186340 devstack@neutron-api.service[101810]: INFO neutron.api.extensions [None req-3a1dc8d9-86c6-49de-beea-e7cb3524dfb0 None None] Extension port-security-groups-filtering not supported by any of loaded plugins
Jul 23 17:38:04.693838 np0000186340 devstack@neutron-api.service[101807]: DEBUG neutron_lib.callbacks.manager [None req-0594b9e6-9b09-4f5f-bd09-4a9853d8f577 None None] Subscribe: > port after_create 55550000, False {{(pid=101807) subscribe /opt/stack/data/venv/lib/python3.12/site-packages/neutron_lib/callbacks/manager.py:52}}
Jul 23 17:38:04.693897 np0000186340 devstack@neutron-api.service[101810]: DEBUG neutron.api.extensions [None req-3a1dc8d9-86c6-49de-beea-e7cb3524dfb0 None None] Loading extension file: security_groups_remote_address_group.py {{(pid=101810) _load_all_extensions_from_path /opt/stack/neutron/neutron/api/extensions.py:449}}
Jul 23 17:38:04.693897 np0000186340 devstack@neutron-api.service[101810]: DEBUG neutron.api.extensions [None req-3a1dc8d9-86c6-49de-beea-e7cb3524dfb0 None None] Ext name="Remote address group id field for security group rules" alias="security-groups-remote-address-group" description="Add new field of remote address group id in SG rules" updated="2020-08-25T10:00:00-00:00" {{(pid=101810) _check_extension /opt/stack/neutron/neutron/api/extensions.py:415}}
Jul 23 17:38:04.693975 np0000186340 devstack@neutron-api.service[101807]: DEBUG neutron_lib.callbacks.manager [None req-0594b9e6-9b09-4f5f-bd09-4a9853d8f577 None None] Subscribe: > port after_update 55550000, False {{(pid=101807) subscribe /opt/stack/data/venv/lib/python3.12/site-packages/neutron_lib/callbacks/manager.py:52}}
Jul 23 17:38:04.694031 np0000186340 devstack@neutron-api.service[101810]: INFO neutron.api.extensions [None req-3a1dc8d9-86c6-49de-beea-e7cb3524dfb0 None None] Loaded extension: security-groups-remote-address-group
Jul 23 17:38:04.694031 np0000186340 devstack@neutron-api.service[101810]: DEBUG neutron.api.extensions [None req-3a1dc8d9-86c6-49de-beea-e7cb3524dfb0 None None] Loading extension file: security_groups_rules_belongs_to_default_sg.py {{(pid=101810) _load_all_extensions_from_path /opt/stack/neutron/neutron/api/extensions.py:449}}
Jul 23 17:38:04.694031 np0000186340 devstack@neutron-api.service[101810]: DEBUG neutron.api.extensions [None req-3a1dc8d9-86c6-49de-beea-e7cb3524dfb0 None None] Ext name="Security group rule belongs to the project's default security group" alias="security-groups-rules-belongs-to-default-sg" description="Flag to determine if the security group rule belongs to the project's default security group" updated="2023-05-23T10:00:00-00:00" {{(pid=101810) _check_extension /opt/stack/neutron/neutron/api/extensions.py:415}}
Jul 23 17:38:04.694031 np0000186340 devstack@neutron-api.service[101810]: INFO neutron.api.extensions [None req-3a1dc8d9-86c6-49de-beea-e7cb3524dfb0 None None] Loaded extension: security-groups-rules-belongs-to-default-sg
Jul 23 17:38:04.694031 np0000186340 devstack@neutron-api.service[101810]: DEBUG neutron.api.extensions [None req-3a1dc8d9-86c6-49de-beea-e7cb3524dfb0 None None] Loading extension file: security_groups_shared_filtering.py {{(pid=101810) _load_all_extensions_from_path /opt/stack/neutron/neutron/api/extensions.py:449}}
Jul 23 17:38:04.694185 np0000186340 devstack@neutron-api.service[101807]: DEBUG neutron_lib.callbacks.manager [None req-0594b9e6-9b09-4f5f-bd09-4a9853d8f577 None None] Subscribe: > port after_delete 55550000, False {{(pid=101807) subscribe /opt/stack/data/venv/lib/python3.12/site-packages/neutron_lib/callbacks/manager.py:52}}
Jul 23 17:38:04.694247 np0000186340 devstack@neutron-api.service[101810]: DEBUG neutron.api.extensions [None req-3a1dc8d9-86c6-49de-beea-e7cb3524dfb0 None None] Ext name="Security group filtering on the shared field" alias="security-groups-shared-filtering" description="Support filtering security groups on the shared field" updated="2021-10-05T09:00:00-00:00" {{(pid=101810) _check_extension /opt/stack/neutron/neutron/api/extensions.py:415}}
Jul 23 17:38:04.694247 np0000186340 devstack@neutron-api.service[101810]: INFO neutron.api.extensions [None req-3a1dc8d9-86c6-49de-beea-e7cb3524dfb0 None None] Loaded extension: security-groups-shared-filtering
Jul 23 17:38:04.694247 np0000186340 devstack@neutron-api.service[101810]: DEBUG neutron.api.extensions [None req-3a1dc8d9-86c6-49de-beea-e7cb3524dfb0 None None] Loading extension file: securitygroup.py {{(pid=101810) _load_all_extensions_from_path /opt/stack/neutron/neutron/api/extensions.py:449}}
Jul 23 17:38:04.694359 np0000186340 devstack@neutron-api.service[101807]: DEBUG neutron_lib.callbacks.manager [None req-0594b9e6-9b09-4f5f-bd09-4a9853d8f577 None None] Subscribe: > subnet after_create 55550000, False {{(pid=101807) subscribe /opt/stack/data/venv/lib/python3.12/site-packages/neutron_lib/callbacks/manager.py:52}}
Jul 23 17:38:04.694359 np0000186340 devstack@neutron-api.service[101807]: DEBUG neutron_lib.callbacks.manager [None req-0594b9e6-9b09-4f5f-bd09-4a9853d8f577 None None] Subscribe: > subnet after_update 55550000, False {{(pid=101807) subscribe /opt/stack/data/venv/lib/python3.12/site-packages/neutron_lib/callbacks/manager.py:52}}
Jul 23 17:38:04.694359 np0000186340 devstack@neutron-api.service[101807]: DEBUG neutron_lib.callbacks.manager [None req-0594b9e6-9b09-4f5f-bd09-4a9853d8f577 None None] Subscribe: > subnet after_delete 55550000, False {{(pid=101807) subscribe /opt/stack/data/venv/lib/python3.12/site-packages/neutron_lib/callbacks/manager.py:52}}
Jul 23 17:38:04.694359 np0000186340 devstack@neutron-api.service[101807]: DEBUG neutron_lib.callbacks.manager [None req-0594b9e6-9b09-4f5f-bd09-4a9853d8f577 None None] Subscribe: > network after_create 55550000, False {{(pid=101807) subscribe /opt/stack/data/venv/lib/python3.12/site-packages/neutron_lib/callbacks/manager.py:52}}
Jul 23 17:38:04.694497 np0000186340 devstack@neutron-api.service[101807]: DEBUG neutron_lib.callbacks.manager [None req-0594b9e6-9b09-4f5f-bd09-4a9853d8f577 None None] Subscribe: > network after_update 55550000, False {{(pid=101807) subscribe /opt/stack/data/venv/lib/python3.12/site-packages/neutron_lib/callbacks/manager.py:52}}
Jul 23 17:38:04.694497 np0000186340 devstack@neutron-api.service[101807]: DEBUG neutron_lib.callbacks.manager [None req-0594b9e6-9b09-4f5f-bd09-4a9853d8f577 None None] Subscribe: > network after_delete 55550000, False {{(pid=101807) subscribe /opt/stack/data/venv/lib/python3.12/site-packages/neutron_lib/callbacks/manager.py:52}}
