Jul 23 17:38:04.798106 np0000186340 devstack@neutron-api.service[101808]: DEBUG neutron.api.extensions [None req-263e78e9-0a29-49ba-8583-8766298f014e None None] Ext name="Subnet Pool Prefix Operations" alias="subnetpool-prefix-ops" description="Provides support for adjusting the prefix list of subnet pools" updated="2019-02-08T10:00:00-00:00" {{(pid=101808) _check_extension /opt/stack/neutron/neutron/api/extensions.py:415}}
Jul 23 17:38:04.798181 np0000186340 devstack@neutron-api.service[101807]: INFO neutron.api.extensions [None req-0594b9e6-9b09-4f5f-bd09-4a9853d8f577 None None] Loaded extension: ext-gw-mode
Jul 23 17:38:04.798304 np0000186340 devstack@neutron-api.service[101808]: INFO neutron.api.extensions [None req-263e78e9-0a29-49ba-8583-8766298f014e None None] Loaded extension: subnetpool-prefix-ops
Jul 23 17:38:04.798488 np0000186340 devstack@neutron-api.service[101808]: DEBUG neutron.api.extensions [None req-263e78e9-0a29-49ba-8583-8766298f014e None None] Loading extension file: tag_creation.py {{(pid=101808) _load_all_extensions_from_path /opt/stack/neutron/neutron/api/extensions.py:449}}
Jul 23 17:38:04.798639 np0000186340 devstack@neutron-api.service[101808]: DEBUG neutron.api.extensions [None req-263e78e9-0a29-49ba-8583-8766298f014e None None] Ext name="Tag creation extension" alias="tag-creation" description="Allow to create multiple tags for a resource" updated="2024-23-07T10:00:00-00:00" {{(pid=101808) _check_extension /opt/stack/neutron/neutron/api/extensions.py:415}}
Jul 23 17:38:04.798704 np0000186340 devstack@neutron-api.service[101807]: DEBUG neutron.api.extensions [None req-0594b9e6-9b09-4f5f-bd09-4a9853d8f577 None None] Loading extension file: l3_ext_ha_mode.py {{(pid=101807) _load_all_extensions_from_path /opt/stack/neutron/neutron/api/extensions.py:449}}
Jul 23 17:38:04.798803 np0000186340 devstack@neutron-api.service[101808]: INFO neutron.api.extensions [None req-263e78e9-0a29-49ba-8583-8766298f014e None None] Loaded extension: tag-creation
Jul 23 17:38:04.798874 np0000186340 devstack@neutron-api.service[101807]: DEBUG neutron.api.extensions [None req-0594b9e6-9b09-4f5f-bd09-4a9853d8f577 None None] Ext name="HA Router extension" alias="l3-ha" description="Adds HA capability to routers." updated="2014-04-26T00:00:00-00:00" {{(pid=101807) _check_extension /opt/stack/neutron/neutron/api/extensions.py:415}}
Jul 23 17:38:04.799018 np0000186340 devstack@neutron-api.service[101808]: DEBUG neutron.api.extensions [None req-263e78e9-0a29-49ba-8583-8766298f014e None None] Loading extension file: tag_ports_during_bulk_creation.py {{(pid=101808) _load_all_extensions_from_path /opt/stack/neutron/neutron/api/extensions.py:449}}
Jul 23 17:38:04.799088 np0000186340 devstack@neutron-api.service[101807]: INFO neutron.api.extensions [None req-0594b9e6-9b09-4f5f-bd09-4a9853d8f577 None None] Loaded extension: l3-ha
Jul 23 17:38:04.799157 np0000186340 devstack@neutron-api.service[101808]: DEBUG neutron.api.extensions [None req-263e78e9-0a29-49ba-8583-8766298f014e None None] Ext name="Tag Ports During Bulk Creation" alias="tag-ports-during-bulk-creation" description="Allow to tag ports during bulk creation" updated="2019-12-29T19:00:00-00:00" {{(pid=101808) _check_extension /opt/stack/neutron/neutron/api/extensions.py:415}}
Jul 23 17:38:04.799223 np0000186340 devstack@neutron-api.service[101807]: DEBUG neutron.api.extensions [None req-0594b9e6-9b09-4f5f-bd09-4a9853d8f577 None None] Loading extension file: l3_ext_ndp_proxy.py {{(pid=101807) _load_all_extensions_from_path /opt/stack/neutron/neutron/api/extensions.py:449}}
Jul 23 17:38:04.799301 np0000186340 devstack@neutron-api.service[101808]: INFO neutron.api.extensions [None req-263e78e9-0a29-49ba-8583-8766298f014e None None] Extension tag-ports-during-bulk-creation not supported by any of loaded plugins
Jul 23 17:38:04.802473 np0000186340 devstack@neutron-api.service[101807]: DEBUG neutron.api.extensions [None req-0594b9e6-9b09-4f5f-bd09-4a9853d8f577 None None] Ext name="Router support to enable NDP proxy" alias="l3-ext-ndp-proxy" description="Router extension to enable ndp proxy" updated="2020-08-25T00:00:00-00:00" {{(pid=101807) _check_extension /opt/stack/neutron/neutron/api/extensions.py:415}}
Jul 23 17:38:04.802536 np0000186340 devstack@neutron-api.service[101808]: DEBUG neutron.api.extensions [None req-263e78e9-0a29-49ba-8583-8766298f014e None None] Loading extension file: tagging.py {{(pid=101808) _load_all_extensions_from_path /opt/stack/neutron/neutron/api/extensions.py:449}}
Jul 23 17:38:04.802602 np0000186340 devstack@neutron-api.service[101807]: INFO neutron.api.extensions [None req-0594b9e6-9b09-4f5f-bd09-4a9853d8f577 None None] Extension l3-ext-ndp-proxy not supported by any of loaded plugins
Jul 23 17:38:04.802602 np0000186340 devstack@neutron-api.service[101807]: DEBUG neutron.api.extensions [None req-0594b9e6-9b09-4f5f-bd09-4a9853d8f577 None None] Loading extension file: l3_extra_gws.py {{(pid=101807) _load_all_extensions_from_path /opt/stack/neutron/neutron/api/extensions.py:449}}
Jul 23 17:38:04.802602 np0000186340 devstack@neutron-api.service[101807]: DEBUG neutron.api.extensions [None req-0594b9e6-9b09-4f5f-bd09-4a9853d8f577 None None] Ext name="Neutron L3 External Gateway Multihoming" alias="external-gateway-multihoming" description="Allow multiple external gateway ports per router" updated="2023-01-18T00:00:00-00:00" {{(pid=101807) _check_extension /opt/stack/neutron/neutron/api/extensions.py:415}}
Jul 23 17:38:04.802602 np0000186340 devstack@neutron-api.service[101807]: INFO neutron.api.extensions [None req-0594b9e6-9b09-4f5f-bd09-4a9853d8f577 None None] Loaded extension: external-gateway-multihoming
Jul 23 17:38:04.802602 np0000186340 devstack@neutron-api.service[101807]: DEBUG neutron.api.extensions [None req-0594b9e6-9b09-4f5f-bd09-4a9853d8f577 None None] Loading extension file: l3_flavors.py {{(pid=101807) _load_all_extensions_from_path /opt/stack/neutron/neutron/api/extensions.py:449}}
Jul 23 17:38:04.802757 np0000186340 devstack@neutron-api.service[101808]: DEBUG neutron.api.extensions [None req-263e78e9-0a29-49ba-8583-8766298f014e None None] Ext name="Tag support for resources with standard attribute: port, subnet, subnetpool, network, security_group, router, floatingip, policy, trunk, network_segment_range" alias="standard-attr-tag" description="Enables to set tag on resources with standard attribute." updated="2017-01-01T00:00:00-00:00" {{(pid=101808) _check_extension /opt/stack/neutron/neutron/api/extensions.py:415}}
Jul 23 17:38:04.802757 np0000186340 devstack@neutron-api.service[101808]: INFO neutron.api.extensions [None req-263e78e9-0a29-49ba-8583-8766298f014e None None] Loaded extension: standard-attr-tag
Jul 23 17:38:04.802757 np0000186340 devstack@neutron-api.service[101808]: DEBUG neutron.api.extensions [None req-263e78e9-0a29-49ba-8583-8766298f014e None None] Loading extension file: timestamp.py {{(pid=101808) _load_all_extensions_from_path /opt/stack/neutron/neutron/api/extensions.py:449}}
Jul 23 17:38:04.802757 np0000186340 devstack@neutron-api.service[101808]: DEBUG neutron.api.extensions [None req-263e78e9-0a29-49ba-8583-8766298f014e None None] Ext name="Resource timestamps" alias="standard-attr-timestamp" description="Adds created_at and updated_at fields to all Neutron resources that have Neutron standard attributes." updated="2016-09-12T10:00:00-00:00" {{(pid=101808) _check_extension /opt/stack/neutron/neutron/api/extensions.py:415}}
Jul 23 17:38:04.802912 np0000186340 devstack@neutron-api.service[101807]: DEBUG neutron.api.extensions [None req-0594b9e6-9b09-4f5f-bd09-4a9853d8f577 None None] Ext name="Router Flavor Extension" alias="l3-flavors" description="Flavor support for routers." updated="2016-05-17T00:00:00-00:00" {{(pid=101807) _check_extension /opt/stack/neutron/neutron/api/extensions.py:415}}
Jul 23 17:38:04.803031 np0000186340 devstack@neutron-api.service[101808]: INFO neutron.api.extensions [None req-263e78e9-0a29-49ba-8583-8766298f014e None None] Loaded extension: standard-attr-timestamp
Jul 23 17:38:04.803031 np0000186340 devstack@neutron-api.service[101808]: DEBUG neutron.api.extensions [None req-263e78e9-0a29-49ba-8583-8766298f014e None None] Loading extension file: trunk.py {{(pid=101808) _load_all_extensions_from_path /opt/stack/neutron/neutron/api/extensions.py:449}}
Jul 23 17:38:04.803165 np0000186340 devstack@neutron-api.service[101807]: INFO neutron.api.extensions [None req-0594b9e6-9b09-4f5f-bd09-4a9853d8f577 None None] Loaded extension: l3-flavors
Jul 23 17:38:04.803165 np0000186340 devstack@neutron-api.service[101807]: DEBUG neutron.api.extensions [None req-0594b9e6-9b09-4f5f-bd09-4a9853d8f577 None None] Loading extension file: l3_ndp_proxy.py {{(pid=101807) _load_all_extensions_from_path /opt/stack/neutron/neutron/api/extensions.py:449}}
Jul 23 17:38:04.803244 np0000186340 devstack@neutron-api.service[101808]: DEBUG neutron.api.extensions [None req-263e78e9-0a29-49ba-8583-8766298f014e None None] Ext name="Trunk Extension" alias="trunk" description="Provides support for trunk ports" updated="2016-01-01T10:00:00-00:00" {{(pid=101808) _check_extension /opt/stack/neutron/neutron/api/extensions.py:415}}
Jul 23 17:38:04.803244 np0000186340 devstack@neutron-api.service[101808]: INFO neutron.api.extensions [None req-263e78e9-0a29-49ba-8583-8766298f014e None None] Extension trunk not supported by any of loaded plugins
Jul 23 17:38:04.803244 np0000186340 devstack@neutron-api.service[101808]: DEBUG neutron.api.extensions [None req-263e78e9-0a29-49ba-8583-8766298f014e None None] Loading extension file: trunk_details.py {{(pid=101808) _load_all_extensions_from_path /opt/stack/neutron/neutron/api/extensions.py:449}}
Jul 23 17:38:04.803404 np0000186340 devstack@neutron-api.service[101807]: DEBUG neutron.api.extensions [None req-0594b9e6-9b09-4f5f-bd09-4a9853d8f577 None None] Ext name="name" alias="l3-ndp-proxy" description="description" updated="2021-06-29T10:00:00-00:00" {{(pid=101807) _check_extension /opt/stack/neutron/neutron/api/extensions.py:415}}
Jul 23 17:38:04.803404 np0000186340 devstack@neutron-api.service[101807]: INFO neutron.api.extensions [None req-0594b9e6-9b09-4f5f-bd09-4a9853d8f577 None None] Extension l3-ndp-proxy not supported by any of loaded plugins
Jul 23 17:38:04.803548 np0000186340 devstack@neutron-api.service[101808]: DEBUG neutron.api.extensions [None req-263e78e9-0a29-49ba-8583-8766298f014e None None] Ext name="Trunk port details" alias="trunk-details" description="Expose trunk port details" updated="2016-01-01T10:00:00-00:00" {{(pid=101808) _check_extension /opt/stack/neutron/neutron/api/extensions.py:415}}
Jul 23 17:38:04.803615 np0000186340 devstack@neutron-api.service[101807]: DEBUG neutron.api.extensions [None req-0594b9e6-9b09-4f5f-bd09-4a9853d8f577 None None] Loading extension file: l3_port_ip_change_not_allowed.py {{(pid=101807) _load_all_extensions_from_path /opt/stack/neutron/neutron/api/extensions.py:449}}
Jul 23 17:38:04.803686 np0000186340 devstack@neutron-api.service[101808]: INFO neutron.api.extensions [None req-263e78e9-0a29-49ba-8583-8766298f014e None None] Extension trunk-details not supported by any of loaded plugins
Jul 23 17:38:04.803686 np0000186340 devstack@neutron-api.service[101808]: DEBUG neutron.api.extensions [None req-263e78e9-0a29-49ba-8583-8766298f014e None None] Loading extension file: uplink_status_propagation.py {{(pid=101808) _load_all_extensions_from_path /opt/stack/neutron/neutron/api/extensions.py:449}}
Jul 23 17:38:04.803763 np0000186340 devstack@neutron-api.service[101807]: DEBUG neutron.api.extensions [None req-0594b9e6-9b09-4f5f-bd09-4a9853d8f577 None None] Ext name="Prevent L3 router ports IP address change extension" alias="l3-port-ip-change-not-allowed" description="Prevent change of IP address for some L3 router ports" updated="2018-10-09T10:00:00-00:00" {{(pid=101807) _check_extension /opt/stack/neutron/neutron/api/extensions.py:415}}
Jul 23 17:38:04.803763 np0000186340 devstack@neutron-api.service[101807]: INFO neutron.api.extensions [None req-0594b9e6-9b09-4f5f-bd09-4a9853d8f577 None None] Extension l3-port-ip-change-not-allowed not supported by any of loaded plugins
Jul 23 17:38:04.803843 np0000186340 devstack@neutron-api.service[101808]: DEBUG neutron.api.extensions [None req-263e78e9-0a29-49ba-8583-8766298f014e None None] Ext name="Uplink status propagation extension" alias="uplink-status-propagation" description="Provides ability to propagate port uplink status." updated="2018-05-31T18:00:00-00:00" {{(pid=101808) _check_extension /opt/stack/neutron/neutron/api/extensions.py:415}}
Jul 23 17:38:04.803901 np0000186340 devstack@neutron-api.service[101807]: DEBUG neutron.api.extensions [None req-0594b9e6-9b09-4f5f-bd09-4a9853d8f577 None None] Loading extension file: l3agentscheduler.py {{(pid=101807) _load_all_extensions_from_path /opt/stack/neutron/neutron/api/extensions.py:449}}
Jul 23 17:38:04.803959 np0000186340 devstack@neutron-api.service[101808]: INFO neutron.api.extensions [None req-263e78e9-0a29-49ba-8583-8766298f014e None None] Extension uplink-status-propagation not supported by any of loaded plugins
Jul 23 17:38:04.803959 np0000186340 devstack@neutron-api.service[101808]: DEBUG neutron.api.extensions [None req-263e78e9-0a29-49ba-8583-8766298f014e None None] Loading extension file: uplink_status_propagation_updatable.py {{(pid=101808) _load_all_extensions_from_path /opt/stack/neutron/neutron/api/extensions.py:449}}
Jul 23 17:38:04.803959 np0000186340 devstack@neutron-api.service[101808]: DEBUG neutron.api.extensions [None req-263e78e9-0a29-49ba-8583-8766298f014e None None] Ext name="Uplink status propagation updatable extension" alias="uplink-status-propagation-updatable" description="Provides ability to update the port uplink status." updated="2024-09-03T18:00:00-00:00" {{(pid=101808) _check_extension /opt/stack/neutron/neutron/api/extensions.py:415}}
Jul 23 17:38:04.804085 np0000186340 devstack@neutron-api.service[101807]: DEBUG neutron.api.extensions [None req-0594b9e6-9b09-4f5f-bd09-4a9853d8f577 None None] Ext name="L3 Agent Scheduler" alias="l3_agent_scheduler" description="Schedule routers among l3 agents" updated="2013-02-07T10:00:00-00:00" {{(pid=101807) _check_extension /opt/stack/neutron/neutron/api/extensions.py:415}}
Jul 23 17:38:04.804085 np0000186340 devstack@neutron-api.service[101807]: INFO neutron.api.extensions [None req-0594b9e6-9b09-4f5f-bd09-4a9853d8f577 None None] Loaded extension: l3_agent_scheduler
Jul 23 17:38:04.804085 np0000186340 devstack@neutron-api.service[101807]: DEBUG neutron.api.extensions [None req-0594b9e6-9b09-4f5f-bd09-4a9853d8f577 None None] Loading extension file: local_ip.py {{(pid=101807) _load_all_extensions_from_path /opt/stack/neutron/neutron/api/extensions.py:449}}
Jul 23 17:38:04.804085 np0000186340 devstack@neutron-api.service[101807]: DEBUG neutron.api.extensions [None req-0594b9e6-9b09-4f5f-bd09-4a9853d8f577 None None] Ext name="Local IP" alias="local_ip" description="Support Node Local Virtual IP" updated="2021-07-26T10:00:00-00:00" {{(pid=101807) _check_extension /opt/stack/neutron/neutron/api/extensions.py:415}}
Jul 23 17:38:04.804085 np0000186340 devstack@neutron-api.service[101807]: INFO neutron.api.extensions [None req-0594b9e6-9b09-4f5f-bd09-4a9853d8f577 None None] Extension local_ip not supported by any of loaded plugins
Jul 23 17:38:04.804233 np0000186340 devstack@neutron-api.service[101807]: DEBUG neutron.api.extensions [None req-0594b9e6-9b09-4f5f-bd09-4a9853d8f577 None None] Loading extension file: logging.py {{(pid=101807) _load_all_extensions_from_path /opt/stack/neutron/neutron/api/extensions.py:449}}
Jul 23 17:38:04.804517 np0000186340 devstack@neutron-api.service[101807]: DEBUG neutron.api.extensions [None req-0594b9e6-9b09-4f5f-bd09-4a9853d8f577 None None] Ext name="Logging API Extension" alias="logging" description="Provides a logging API for resources such as security group and firewall." updated="2017-01-01T10:00:00-00:00" {{(pid=101807) _check_extension /opt/stack/neutron/neutron/api/extensions.py:415}}
Jul 23 17:38:04.804586 np0000186340 devstack@neutron-api.service[101810]: DEBUG oslo_concurrency.processutils [None req-3a1dc8d9-86c6-49de-beea-e7cb3524dfb0 None None] CMD "ovsdb-client transact ssl:199.19.213.146:6641 --timeout 180 -p /opt/stack/data/CA/int-ca/private/devstack-cert.key -c /opt/stack/data/CA/int-ca/devstack-cert.crt -C /opt/stack/data/CA/int-ca/ca-chain.pem ["OVN_Northbound", {"op": "wait", "timeout": 0, "table": "Port_Group", "where": [["name", "==", "neutron_pg_drop"]], "until": "==", "rows": []}, {"op": "insert", "table": "ACL", "row": {"action": "drop", "direction": "to-lport", "match": "outport == @neutron_pg_drop && ip", "priority": 1001}, "uuid-name": "droptoport"}, {"op": "insert", "table": "ACL", "row": {"action": "drop", "direction": "from-lport", "match": "inport == @neutron_pg_drop && ip", "priority": 1001}, "uuid-name": "dropfromport"}, {"op": "insert", "table": "Port_Group", "row": {"name": "neutron_pg_drop", "acls": ["set", [["named-uuid", "droptoport"], ["named-uuid", "dropfromport"]]]}}]" returned: 0 in 0.036s {{(pid=101810) execute /opt/stack/data/venv/lib/python3.12/site-packages/oslo_concurrency/processutils.py:468}}
Jul 23 17:38:04.804719 np0000186340 devstack@neutron-api.service[101807]: INFO neutron.api.extensions [None req-0594b9e6-9b09-4f5f-bd09-4a9853d8f577 None None] Extension logging not supported by any of loaded plugins
Jul 23 17:38:04.804810 np0000186340 devstack@neutron-api.service[101807]: DEBUG neutron.api.extensions [None req-0594b9e6-9b09-4f5f-bd09-4a9853d8f577 None None] Loading extension file: metering.py {{(pid=101807) _load_all_extensions_from_path /opt/stack/neutron/neutron/api/extensions.py:449}}
Jul 23 17:38:04.805137 np0000186340 devstack@neutron-api.service[101808]: INFO neutron.api.extensions [None req-263e78e9-0a29-49ba-8583-8766298f014e None None] Extension uplink-status-propagation-updatable not supported by any of loaded plugins
Jul 23 17:38:04.805193 np0000186340 devstack@neutron-api.service[101807]: DEBUG neutron.api.extensions [None req-0594b9e6-9b09-4f5f-bd09-4a9853d8f577 None None] Ext name="Neutron Metering" alias="metering" description="Neutron Metering extension." updated="2013-06-12T10:00:00-00:00" {{(pid=101807) _check_extension /opt/stack/neutron/neutron/api/extensions.py:415}}
Jul 23 17:38:04.805256 np0000186340 devstack@neutron-api.service[101808]: DEBUG neutron.api.extensions [None req-263e78e9-0a29-49ba-8583-8766298f014e None None] Loading extension file: vlantransparent.py {{(pid=101808) _load_all_extensions_from_path /opt/stack/neutron/neutron/api/extensions.py:449}}
Jul 23 17:38:04.805318 np0000186340 devstack@neutron-api.service[101810]: DEBUG neutron_lib.callbacks.manager [None req-3a1dc8d9-86c6-49de-beea-e7cb3524dfb0 None None] Publish callbacks ['neutron.plugins.ml2.drivers.ovn.mech_driver.mech_driver.OVNMechanismDriver.post_fork_initialize-855379', 'neutron.services.pvlan.drivers.ovn.driver._initialize_pvlan_pg_drop-8136678532460', 'neutron.services.ovn_l3.plugin.OVNL3RouterPlugin._post_fork_initialize-647792'] for process (None), after_init {{(pid=101810) _notify_loop /opt/stack/data/venv/lib/python3.12/site-packages/neutron_lib/callbacks/manager.py:184}}
Jul 23 17:38:04.805421 np0000186340 devstack@neutron-api.service[101807]: INFO neutron.api.extensions [None req-0594b9e6-9b09-4f5f-bd09-4a9853d8f577 None None] Extension metering not supported by any of loaded plugins
Jul 23 17:38:04.805421 np0000186340 devstack@neutron-api.service[101807]: DEBUG neutron.api.extensions [None req-0594b9e6-9b09-4f5f-bd09-4a9853d8f577 None None] Loading extension file: metering_source_and_destination_fields.py {{(pid=101807) _load_all_extensions_from_path /opt/stack/neutron/neutron/api/extensions.py:449}}
Jul 23 17:38:04.805563 np0000186340 devstack@neutron-api.service[101808]: DEBUG neutron.api.extensions [None req-263e78e9-0a29-49ba-8583-8766298f014e None None] Ext name="Vlantransparent" alias="vlan-transparent" description="Provides Vlan Transparent Networks" updated="2015-03-23T09:00:00-00:00" {{(pid=101808) _check_extension /opt/stack/neutron/neutron/api/extensions.py:415}}
Jul 23 17:38:04.805681 np0000186340 devstack@neutron-api.service[101807]: DEBUG neutron.api.extensions [None req-0594b9e6-9b09-4f5f-bd09-4a9853d8f577 None None] Ext name="Neutron Metering with source and destination filtering" alias="metering_source_and_destination_fields" description="Neutron Metering extension that enables the use of source and destination IP prefixes to create metering label rules." updated="2020-08-21T08:12:00-00:00" {{(pid=101807) _check_extension /opt/stack/neutron/neutron/api/extensions.py:415}}
Jul 23 17:38:04.805741 np0000186340 devstack@neutron-api.service[101810]: DEBUG oslo_concurrency.lockutils [None req-3a1dc8d9-86c6-49de-beea-e7cb3524dfb0 None None] Acquiring lock "singleton_lock" {{(pid=101810) lock /opt/stack/data/venv/lib/python3.12/site-packages/oslo_concurrency/lockutils.py:396}}
Jul 23 17:38:04.805804 np0000186340 devstack@neutron-api.service[101808]: INFO neutron.api.extensions [None req-263e78e9-0a29-49ba-8583-8766298f014e None None] Loaded extension: vlan-transparent
Jul 23 17:38:04.805865 np0000186340 devstack@neutron-api.service[101807]: INFO neutron.api.extensions [None req-0594b9e6-9b09-4f5f-bd09-4a9853d8f577 None None] Extension metering_source_and_destination_fields not supported by any of loaded plugins
Jul 23 17:38:04.805960 np0000186340 devstack@neutron-api.service[101810]: DEBUG oslo_concurrency.lockutils [None req-3a1dc8d9-86c6-49de-beea-e7cb3524dfb0 None None] Acquired lock "singleton_lock" {{(pid=101810) lock /opt/stack/data/venv/lib/python3.12/site-packages/oslo_concurrency/lockutils.py:399}}
Jul 23 17:38:04.806039 np0000186340 devstack@neutron-api.service[101807]: DEBUG neutron.api.extensions [None req-0594b9e6-9b09-4f5f-bd09-4a9853d8f577 None None] Loading extension file: multiprovidernet.py {{(pid=101807) _load_all_extensions_from_path /opt/stack/neutron/neutron/api/extensions.py:449}}
Jul 23 17:38:04.806135 np0000186340 devstack@neutron-api.service[101810]: DEBUG oslo_concurrency.lockutils [None req-3a1dc8d9-86c6-49de-beea-e7cb3524dfb0 None None] Releasing lock "singleton_lock" {{(pid=101810) lock /opt/stack/data/venv/lib/python3.12/site-packages/oslo_concurrency/lockutils.py:419}}
Jul 23 17:38:04.806193 np0000186340 devstack@neutron-api.service[101807]: DEBUG neutron.api.extensions [None req-0594b9e6-9b09-4f5f-bd09-4a9853d8f577 None None] Ext name="Multi Provider Network" alias="multi-provider" description="Expose mapping of virtual networks to multiple physical networks" updated="2013-06-27T10:00:00-00:00" {{(pid=101807) _check_extension /opt/stack/neutron/neutron/api/extensions.py:415}}
Jul 23 17:38:04.806420 np0000186340 devstack@neutron-api.service[101807]: INFO neutron.api.extensions [None req-0594b9e6-9b09-4f5f-bd09-4a9853d8f577 None None] Loaded extension: multi-provider
Jul 23 17:38:04.806537 np0000186340 devstack@neutron-api.service[101807]: DEBUG neutron.api.extensions [None req-0594b9e6-9b09-4f5f-bd09-4a9853d8f577 None None] Loading extension file: netmtu.py {{(pid=101807) _load_all_extensions_from_path /opt/stack/neutron/neutron/api/extensions.py:449}}
Jul 23 17:38:04.806814 np0000186340 devstack@neutron-api.service[101807]: DEBUG neutron.api.extensions [None req-0594b9e6-9b09-4f5f-bd09-4a9853d8f577 None None] Ext name="Network MTU" alias="net-mtu" description="Provides MTU attribute for a network resource." updated="2015-03-25T10:00:00-00:00" {{(pid=101807) _check_extension /opt/stack/neutron/neutron/api/extensions.py:415}}
Jul 23 17:38:04.806996 np0000186340 devstack@neutron-api.service[101807]: INFO neutron.api.extensions [None req-0594b9e6-9b09-4f5f-bd09-4a9853d8f577 None None] Loaded extension: net-mtu
Jul 23 17:38:04.807093 np0000186340 devstack@neutron-api.service[101807]: DEBUG neutron.api.extensions [None req-0594b9e6-9b09-4f5f-bd09-4a9853d8f577 None None] Loading extension file: netmtu_writable.py {{(pid=101807) _load_all_extensions_from_path /opt/stack/neutron/neutron/api/extensions.py:449}}
Jul 23 17:38:04.807381 np0000186340 devstack@neutron-api.service[101807]: DEBUG neutron.api.extensions [None req-0594b9e6-9b09-4f5f-bd09-4a9853d8f577 None None] Ext name="Network MTU (writable)" alias="net-mtu-writable" description="Provides a writable MTU attribute for a network resource." updated="2017-07-12T00:00:00-00:00" {{(pid=101807) _check_extension /opt/stack/neutron/neutron/api/extensions.py:415}}
Jul 23 17:38:04.807531 np0000186340 devstack@neutron-api.service[101807]: INFO neutron.api.extensions [None req-0594b9e6-9b09-4f5f-bd09-4a9853d8f577 None None] Loaded extension: net-mtu-writable
Jul 23 17:38:04.807590 np0000186340 devstack@neutron-api.service[101808]: INFO neutron.quota.resource_registry [None req-263e78e9-0a29-49ba-8583-8766298f014e None None] Creating instance of TrackedResource for resource:network
Jul 23 17:38:04.807617 np0000186340 devstack@neutron-api.service[101807]: DEBUG neutron.api.extensions [None req-0594b9e6-9b09-4f5f-bd09-4a9853d8f577 None None] Loading extension file: network_availability_zone.py {{(pid=101807) _load_all_extensions_from_path /opt/stack/neutron/neutron/api/extensions.py:449}}
Jul 23 17:38:04.807868 np0000186340 devstack@neutron-api.service[101808]: INFO neutron.quota.resource_registry [None req-263e78e9-0a29-49ba-8583-8766298f014e None None] Creating instance of TrackedResource for resource:subnet
Jul 23 17:38:04.807896 np0000186340 devstack@neutron-api.service[101807]: DEBUG neutron.api.extensions [None req-0594b9e6-9b09-4f5f-bd09-4a9853d8f577 None None] Ext name="Network Availability Zone" alias="network_availability_zone" description="Availability zone support for network." updated="2015-01-01T10:00:00-00:00" {{(pid=101807) _check_extension /opt/stack/neutron/neutron/api/extensions.py:415}}
Jul 23 17:38:04.808025 np0000186340 devstack@neutron-api.service[101808]: INFO neutron.quota.resource_registry [None req-263e78e9-0a29-49ba-8583-8766298f014e None None] Creating instance of TrackedResource for resource:subnetpool
Jul 23 17:38:04.808078 np0000186340 devstack@neutron-api.service[101807]: INFO neutron.api.extensions [None req-0594b9e6-9b09-4f5f-bd09-4a9853d8f577 None None] Loaded extension: network_availability_zone
Jul 23 17:38:04.808147 np0000186340 devstack@neutron-api.service[101808]: INFO neutron.quota.resource_registry [None req-263e78e9-0a29-49ba-8583-8766298f014e None None] Creating instance of TrackedResource for resource:port
Jul 23 17:38:04.808174 np0000186340 devstack@neutron-api.service[101807]: DEBUG neutron.api.extensions [None req-0594b9e6-9b09-4f5f-bd09-4a9853d8f577 None None] Loading extension file: network_ha.py {{(pid=101807) _load_all_extensions_from_path /opt/stack/neutron/neutron/api/extensions.py:449}}
Jul 23 17:38:04.808421 np0000186340 devstack@neutron-api.service[101807]: DEBUG neutron.api.extensions [None req-0594b9e6-9b09-4f5f-bd09-4a9853d8f577 None None] Ext name="Network HA creation flag" alias="network_ha" description="Network high availability creation flag." updated="2023-04-27T10:00:00-00:00" {{(pid=101807) _check_extension /opt/stack/neutron/neutron/api/extensions.py:415}}
Jul 23 17:38:04.808452 np0000186340 devstack@neutron-api.service[101810]: DEBUG neutron.plugins.ml2.drivers.ovn.mech_driver.mech_driver [None req-3a1dc8d9-86c6-49de-beea-e7cb3524dfb0 None None] Hash Ring setup using WSGI start time 2026-07-23 17:37:56+00:00 {{(pid=101810) _init_hash_ring /opt/stack/neutron/neutron/plugins/ml2/drivers/ovn/mech_driver/mech_driver.py:404}}
Jul 23 17:38:04.808589 np0000186340 devstack@neutron-api.service[101807]: INFO neutron.api.extensions [None req-0594b9e6-9b09-4f5f-bd09-4a9853d8f577 None None] Extension network_ha not supported by any of loaded plugins
Jul 23 17:38:04.808681 np0000186340 devstack@neutron-api.service[101807]: DEBUG neutron.api.extensions [None req-0594b9e6-9b09-4f5f-bd09-4a9853d8f577 None None] Loading extension file: network_ip_availability.py {{(pid=101807) _load_all_extensions_from_path /opt/stack/neutron/neutron/api/extensions.py:449}}
Jul 23 17:38:04.808944 np0000186340 devstack@neutron-api.service[101807]: DEBUG neutron.api.extensions [None req-0594b9e6-9b09-4f5f-bd09-4a9853d8f577 None None] Ext name="Network IP Availability" alias="network-ip-availability" description="Provides IP availability data for each network and subnet." updated="2015-09-24T00:00:00-00:00" {{(pid=101807) _check_extension /opt/stack/neutron/neutron/api/extensions.py:415}}
Jul 23 17:38:04.809167 np0000186340 devstack@neutron-api.service[101807]: INFO neutron.api.extensions [None req-0594b9e6-9b09-4f5f-bd09-4a9853d8f577 None None] Loaded extension: network-ip-availability
Jul 23 17:38:04.809203 np0000186340 devstack@neutron-api.service[101807]: DEBUG neutron.api.extensions [None req-0594b9e6-9b09-4f5f-bd09-4a9853d8f577 None None] Loading extension file: network_ip_availability_details.py {{(pid=101807) _load_all_extensions_from_path /opt/stack/neutron/neutron/api/extensions.py:449}}
Jul 23 17:38:04.809475 np0000186340 devstack@neutron-api.service[101807]: DEBUG neutron.api.extensions [None req-0594b9e6-9b09-4f5f-bd09-4a9853d8f577 None None] Ext name="Network IP Availability Details Extension" alias="network-ip-availability-details" description="Add ip_availability_details attribute to network-ip-availabilities resource." updated="2025-10-31T00:00:00-00:00" {{(pid=101807) _check_extension /opt/stack/neutron/neutron/api/extensions.py:415}}
Jul 23 17:38:04.809620 np0000186340 devstack@neutron-api.service[101808]: INFO neutron.quota.resource_registry [None req-263e78e9-0a29-49ba-8583-8766298f014e None None] Creating instance of CountableResource for resource:router_route
Jul 23 17:38:04.809652 np0000186340 devstack@neutron-api.service[101807]: INFO neutron.api.extensions [None req-0594b9e6-9b09-4f5f-bd09-4a9853d8f577 None None] Loaded extension: network-ip-availability-details
Jul 23 17:38:04.809729 np0000186340 devstack@neutron-api.service[101807]: DEBUG neutron.api.extensions [None req-0594b9e6-9b09-4f5f-bd09-4a9853d8f577 None None] Loading extension file: network_segment_range.py {{(pid=101807) _load_all_extensions_from_path /opt/stack/neutron/neutron/api/extensions.py:449}}
Jul 23 17:38:04.809782 np0000186340 devstack@neutron-api.service[101808]: DEBUG neutron.api.v2.resource_helper [None req-263e78e9-0a29-49ba-8583-8766298f014e None None] Service L3_ROUTER_NAT assigned prefix: {{(pid=101808) build_resource_info /opt/stack/neutron/neutron/api/v2/resource_helper.py:77}}
Jul 23 17:38:04.810064 np0000186340 devstack@neutron-api.service[101807]: DEBUG neutron.api.extensions [None req-0594b9e6-9b09-4f5f-bd09-4a9853d8f577 None None] Ext name="Neutron Network Segment Range" alias="network-segment-range" description="Provides support for the network segment range management" updated="2018-11-29T00:00:00-00:00" {{(pid=101807) _check_extension /opt/stack/neutron/neutron/api/extensions.py:415}}
Jul 23 17:38:04.810180 np0000186340 devstack@neutron-api.service[101808]: DEBUG neutron.api.v2.resource_helper [None req-263e78e9-0a29-49ba-8583-8766298f014e None None] Service FLAVORS assigned prefix: {{(pid=101808) build_resource_info /opt/stack/neutron/neutron/api/v2/resource_helper.py:77}}
Jul 23 17:38:04.810241 np0000186340 devstack@neutron-api.service[101807]: INFO neutron.api.extensions [None req-0594b9e6-9b09-4f5f-bd09-4a9853d8f577 None None] Extension network-segment-range not supported by any of loaded plugins
Jul 23 17:38:04.811128 np0000186340 devstack@neutron-api.service[101808]: DEBUG neutron.api.v2.resource_helper [None req-263e78e9-0a29-49ba-8583-8766298f014e None None] Service L3_ROUTER_NAT assigned prefix: {{(pid=101808) build_resource_info /opt/stack/neutron/neutron/api/v2/resource_helper.py:77}}
Jul 23 17:38:04.811666 np0000186340 devstack@neutron-api.service[101808]: DEBUG neutron.api.v2.resource_helper [None req-263e78e9-0a29-49ba-8583-8766298f014e None None] Service L3_ROUTER_NAT assigned prefix: {{(pid=101808) build_resource_info /opt/stack/neutron/neutron/api/v2/resource_helper.py:77}}
Jul 23 17:38:04.811798 np0000186340 devstack@neutron-api.service[101808]: INFO neutron.quota.resource_registry [None req-263e78e9-0a29-49ba-8583-8766298f014e None None] Creating instance of TrackedResource for resource:router
Jul 23 17:38:04.811962 np0000186340 devstack@neutron-api.service[101807]: DEBUG neutron.api.extensions [None req-0594b9e6-9b09-4f5f-bd09-4a9853d8f577 None None] Loading extension file: pagination.py {{(pid=101807) _load_all_extensions_from_path /opt/stack/neutron/neutron/api/extensions.py:449}}
Jul 23 17:38:04.812248 np0000186340 devstack@neutron-api.service[101808]: INFO neutron.quota.resource_registry [None req-263e78e9-0a29-49ba-8583-8766298f014e None None] Creating instance of TrackedResource for resource:floatingip
Jul 23 17:38:04.812340 np0000186340 devstack@neutron-api.service[101807]: DEBUG neutron.api.extensions [None req-0594b9e6-9b09-4f5f-bd09-4a9853d8f577 None None] Ext name="Pagination support" alias="pagination" description="Extension that indicates that pagination is enabled." updated="2016-06-12T00:00:00-00:00" {{(pid=101807) _check_extension /opt/stack/neutron/neutron/api/extensions.py:415}}
Jul 23 17:38:04.812450 np0000186340 devstack@neutron-api.service[101807]: INFO neutron.api.extensions [None req-0594b9e6-9b09-4f5f-bd09-4a9853d8f577 None None] Loaded extension: pagination
Jul 23 17:38:04.812543 np0000186340 devstack@neutron-api.service[101807]: DEBUG neutron.api.extensions [None req-0594b9e6-9b09-4f5f-bd09-4a9853d8f577 None None] Loading extension file: port_device_profile.py {{(pid=101807) _load_all_extensions_from_path /opt/stack/neutron/neutron/api/extensions.py:449}}
Jul 23 17:38:04.813088 np0000186340 devstack@neutron-api.service[101807]: DEBUG neutron.api.extensions [None req-0594b9e6-9b09-4f5f-bd09-4a9853d8f577 None None] Ext name="Port device profile" alias="port-device-profile" description="Expose the port device profile (Cyborg)" updated="2020-12-17T10:00:00-00:00" {{(pid=101807) _check_extension /opt/stack/neutron/neutron/api/extensions.py:415}}
Jul 23 17:38:04.813377 np0000186340 devstack@neutron-api.service[101808]: INFO neutron.quota.resource_registry [None req-263e78e9-0a29-49ba-8583-8766298f014e None None] Creating instance of CountableResource for resource:rbac_policy
Jul 23 17:38:04.813859 np0000186340 devstack@neutron-api.service[101807]: INFO neutron.api.extensions [None req-0594b9e6-9b09-4f5f-bd09-4a9853d8f577 None None] Loaded extension: port-device-profile
Jul 23 17:38:04.813983 np0000186340 devstack@neutron-api.service[101807]: DEBUG neutron.api.extensions [None req-0594b9e6-9b09-4f5f-bd09-4a9853d8f577 None None] Loading extension file: port_hardware_offload_type.py {{(pid=101807) _load_all_extensions_from_path /opt/stack/neutron/neutron/api/extensions.py:449}}
Jul 23 17:38:04.814110 np0000186340 devstack@neutron-api.service[101808]: INFO neutron.quota.resource_registry [None req-263e78e9-0a29-49ba-8583-8766298f014e None None] Creating instance of TrackedResource for resource:security_group
Jul 23 17:38:04.814285 np0000186340 devstack@neutron-api.service[101807]: DEBUG neutron.api.extensions [None req-0594b9e6-9b09-4f5f-bd09-4a9853d8f577 None None] Ext name="Port hardware offload" alias="port-hardware-offload-type" description="Expose port hardware offload extension" updated="2023-05-09T10:00:00-00:00" {{(pid=101807) _check_extension /opt/stack/neutron/neutron/api/extensions.py:415}}
Jul 23 17:38:04.814524 np0000186340 devstack@neutron-api.service[101807]: INFO neutron.api.extensions [None req-0594b9e6-9b09-4f5f-bd09-4a9853d8f577 None None] Extension port-hardware-offload-type not supported by any of loaded plugins
Jul 23 17:38:04.814570 np0000186340 devstack@neutron-api.service[101808]: INFO neutron.quota.resource_registry [None req-263e78e9-0a29-49ba-8583-8766298f014e None None] Creating instance of TrackedResource for resource:security_group_rule
Jul 23 17:38:04.814683 np0000186340 devstack@neutron-api.service[101807]: DEBUG neutron.api.extensions [None req-0594b9e6-9b09-4f5f-bd09-4a9853d8f577 None None] Loading extension file: port_hint_ovs_tx_steering.py {{(pid=101807) _load_all_extensions_from_path /opt/stack/neutron/neutron/api/extensions.py:449}}
Jul 23 17:38:04.814966 np0000186340 devstack@neutron-api.service[101807]: DEBUG neutron.api.extensions [None req-0594b9e6-9b09-4f5f-bd09-4a9853d8f577 None None] Ext name="Port hint: Open vSwitch Tx steering" alias="port-hint-ovs-tx-steering" description="Enable Port hint: Open vSwitch Tx steering" updated="2023-01-01T00:00:00-00:00" {{(pid=101807) _check_extension /opt/stack/neutron/neutron/api/extensions.py:415}}
Jul 23 17:38:04.815156 np0000186340 devstack@neutron-api.service[101807]: INFO neutron.api.extensions [None req-0594b9e6-9b09-4f5f-bd09-4a9853d8f577 None None] Extension port-hint-ovs-tx-steering not supported by any of loaded plugins
Jul 23 17:38:04.815205 np0000186340 devstack@neutron-api.service[101808]: DEBUG neutron.api.v2.resource_helper [None req-263e78e9-0a29-49ba-8583-8766298f014e None None] Service CORE assigned prefix: {{(pid=101808) build_resource_info /opt/stack/neutron/neutron/api/v2/resource_helper.py:77}}
Jul 23 17:38:04.815250 np0000186340 devstack@neutron-api.service[101807]: DEBUG neutron.api.extensions [None req-0594b9e6-9b09-4f5f-bd09-4a9853d8f577 None None] Loading extension file: port_hints.py {{(pid=101807) _load_all_extensions_from_path /opt/stack/neutron/neutron/api/extensions.py:449}}
Jul 23 17:38:04.815352 np0000186340 devstack@neutron-api.service[101808]: INFO neutron.quota.resource_registry [None req-263e78e9-0a29-49ba-8583-8766298f014e None None] Creating instance of TrackedResource for resource:subnetpool
Jul 23 17:38:04.815516 np0000186340 devstack@neutron-api.service[101808]: WARNING neutron.quota.resource_registry [None req-263e78e9-0a29-49ba-8583-8766298f014e None None] subnetpool is already registered
Jul 23 17:38:04.815684 np0000186340 devstack@neutron-api.service[101807]: DEBUG neutron.api.extensions [None req-0594b9e6-9b09-4f5f-bd09-4a9853d8f577 None None] Ext name="Port hints" alias="port-hints" description="Backend specific port hints to allow backend specific tuning" updated="2023-01-01T00:00:00-00:00" {{(pid=101807) _check_extension /opt/stack/neutron/neutron/api/extensions.py:415}}
Jul 23 17:38:04.815886 np0000186340 devstack@neutron-api.service[101808]: DEBUG neutron.api.v2.resource_helper [None req-263e78e9-0a29-49ba-8583-8766298f014e None None] Service CORE assigned prefix: {{(pid=101808) build_resource_info /opt/stack/neutron/neutron/api/v2/resource_helper.py:77}}
Jul 23 17:38:04.816024 np0000186340 devstack@neutron-api.service[101807]: INFO neutron.api.extensions [None req-0594b9e6-9b09-4f5f-bd09-4a9853d8f577 None None] Extension port-hints not supported by any of loaded plugins
Jul 23 17:38:04.816064 np0000186340 devstack@neutron-api.service[101808]: INFO neutron.quota.resource_registry [None req-263e78e9-0a29-49ba-8583-8766298f014e None None] Creating instance of TrackedResource for resource:subnetpool
Jul 23 17:38:04.816174 np0000186340 devstack@neutron-api.service[101807]: DEBUG neutron.api.extensions [None req-0594b9e6-9b09-4f5f-bd09-4a9853d8f577 None None] Loading extension file: port_mac_address_override.py {{(pid=101807) _load_all_extensions_from_path /opt/stack/neutron/neutron/api/extensions.py:449}}
Jul 23 17:38:04.816203 np0000186340 devstack@neutron-api.service[101808]: WARNING neutron.quota.resource_registry [None req-263e78e9-0a29-49ba-8583-8766298f014e None None] subnetpool is already registered
Jul 23 17:38:04.816385 np0000186340 devstack@neutron-api.service[101810]: INFO neutron.db.ovn_hash_ring_db [None req-3a1dc8d9-86c6-49de-beea-e7cb3524dfb0 None None] Nodes from host "np0000186340" and group "mechanism_driver" removed from the Hash Ring created at 2026-07-23 17:37:56+00:00
Jul 23 17:38:04.816515 np0000186340 devstack@neutron-api.service[101807]: DEBUG neutron.api.extensions [None req-0594b9e6-9b09-4f5f-bd09-4a9853d8f577 None None] Ext name="Neutron Port MAC address override" alias="port-mac-override" description="Allow overriding the MAC address of a direct-physical Port via the active binding profile" updated="2022-03-18T10:00:00-00:00" {{(pid=101807) _check_extension /opt/stack/neutron/neutron/api/extensions.py:415}}
Jul 23 17:38:04.816737 np0000186340 devstack@neutron-api.service[101807]: INFO neutron.api.extensions [None req-0594b9e6-9b09-4f5f-bd09-4a9853d8f577 None None] Extension port-mac-override not supported by any of loaded plugins
Jul 23 17:38:04.816862 np0000186340 devstack@neutron-api.service[101807]: DEBUG neutron.api.extensions [None req-0594b9e6-9b09-4f5f-bd09-4a9853d8f577 None None] Loading extension file: port_mac_address_regenerate.py {{(pid=101807) _load_all_extensions_from_path /opt/stack/neutron/neutron/api/extensions.py:449}}
Jul 23 17:38:04.817139 np0000186340 devstack@neutron-api.service[101807]: DEBUG neutron.api.extensions [None req-0594b9e6-9b09-4f5f-bd09-4a9853d8f577 None None] Ext name="Neutron Port MAC address regenerate" alias="port-mac-address-regenerate" description="Network port MAC address regenerate" updated="2018-05-03T10:00:00-00:00" {{(pid=101807) _check_extension /opt/stack/neutron/neutron/api/extensions.py:415}}
Jul 23 17:38:04.817374 np0000186340 devstack@neutron-api.service[101807]: INFO neutron.api.extensions [None req-0594b9e6-9b09-4f5f-bd09-4a9853d8f577 None None] Loaded extension: port-mac-address-regenerate
Jul 23 17:38:04.817512 np0000186340 devstack@neutron-api.service[101807]: DEBUG neutron.api.extensions [None req-0594b9e6-9b09-4f5f-bd09-4a9853d8f577 None None] Loading extension file: port_numa_affinity_policy.py {{(pid=101807) _load_all_extensions_from_path /opt/stack/neutron/neutron/api/extensions.py:449}}
Jul 23 17:38:04.817805 np0000186340 devstack@neutron-api.service[101807]: DEBUG neutron.api.extensions [None req-0594b9e6-9b09-4f5f-bd09-4a9853d8f577 None None] Ext name="Port NUMA affinity policy" alias="port-numa-affinity-policy" description="Expose the port NUMA affinity policy" updated="2020-07-08T10:00:00-00:00" {{(pid=101807) _check_extension /opt/stack/neutron/neutron/api/extensions.py:415}}
Jul 23 17:38:04.818022 np0000186340 devstack@neutron-api.service[101807]: INFO neutron.api.extensions [None req-0594b9e6-9b09-4f5f-bd09-4a9853d8f577 None None] Loaded extension: port-numa-affinity-policy
Jul 23 17:38:04.818150 np0000186340 devstack@neutron-api.service[101807]: DEBUG neutron.api.extensions [None req-0594b9e6-9b09-4f5f-bd09-4a9853d8f577 None None] Loading extension file: port_numa_affinity_policy_socket.py {{(pid=101807) _load_all_extensions_from_path /opt/stack/neutron/neutron/api/extensions.py:449}}
Jul 23 17:38:04.818447 np0000186340 devstack@neutron-api.service[101807]: DEBUG neutron.api.extensions [None req-0594b9e6-9b09-4f5f-bd09-4a9853d8f577 None None] Ext name="Port NUMA affinity policy "socket"" alias="port-numa-affinity-policy-socket" description="Adds "socket" to the supported port NUMA affinity policies" updated="2024-02-09T10:00:00-00:00" {{(pid=101807) _check_extension /opt/stack/neutron/neutron/api/extensions.py:415}}
Jul 23 17:38:04.818538 np0000186340 devstack@neutron-api.service[101808]: INFO neutron.quota.resource_registry [None req-263e78e9-0a29-49ba-8583-8766298f014e None None] Creating instance of CountableResource for resource:router_route
Jul 23 17:38:04.818649 np0000186340 devstack@neutron-api.service[101808]: WARNING neutron.quota.resource_registry [None req-263e78e9-0a29-49ba-8583-8766298f014e None None] router_route is already registered
Jul 23 17:38:04.818689 np0000186340 devstack@neutron-api.service[101807]: INFO neutron.api.extensions [None req-0594b9e6-9b09-4f5f-bd09-4a9853d8f577 None None] Loaded extension: port-numa-affinity-policy-socket
Jul 23 17:38:04.818787 np0000186340 devstack@neutron-api.service[101808]: DEBUG neutron.api.v2.resource_helper [None req-263e78e9-0a29-49ba-8583-8766298f014e None None] Service L3_ROUTER_NAT assigned prefix: {{(pid=101808) build_resource_info /opt/stack/neutron/neutron/api/v2/resource_helper.py:77}}
Jul 23 17:38:04.818828 np0000186340 devstack@neutron-api.service[101807]: DEBUG neutron.api.extensions [None req-0594b9e6-9b09-4f5f-bd09-4a9853d8f577 None None] Loading extension file: port_resource_request.py {{(pid=101807) _load_all_extensions_from_path /opt/stack/neutron/neutron/api/extensions.py:449}}
Jul 23 17:38:04.819194 np0000186340 devstack@neutron-api.service[101807]: DEBUG neutron.api.extensions [None req-0594b9e6-9b09-4f5f-bd09-4a9853d8f577 None None] Ext name="Port Resource Request" alias="port-resource-request" description="Expose resource request to Port" updated="2018-05-08T10:00:00-00:00" {{(pid=101807) _check_extension /opt/stack/neutron/neutron/api/extensions.py:415}}
Jul 23 17:38:04.819275 np0000186340 devstack@neutron-api.service[101808]: DEBUG neutron.api.v2.resource_helper [None req-263e78e9-0a29-49ba-8583-8766298f014e None None] Service FLAVORS assigned prefix: {{(pid=101808) build_resource_info /opt/stack/neutron/neutron/api/v2/resource_helper.py:77}}
Jul 23 17:38:04.819388 np0000186340 devstack@neutron-api.service[101807]: INFO neutron.api.extensions [None req-0594b9e6-9b09-4f5f-bd09-4a9853d8f577 None None] Extension port-resource-request not supported by any of loaded plugins
Jul 23 17:38:04.819557 np0000186340 devstack@neutron-api.service[101807]: DEBUG neutron.api.extensions [None req-0594b9e6-9b09-4f5f-bd09-4a9853d8f577 None None] Loading extension file: port_resource_request_groups.py {{(pid=101807) _load_all_extensions_from_path /opt/stack/neutron/neutron/api/extensions.py:449}}
Jul 23 17:38:04.819612 np0000186340 devstack@neutron-api.service[101810]: INFO neutron.db.ovn_hash_ring_db [None req-3a1dc8d9-86c6-49de-beea-e7cb3524dfb0 None None] Node acd4219671b7530d8f91c746daa95bb5 from host "np0000186340" and group "mechanism_driver" added to the Hash Ring
Jul 23 17:38:04.819851 np0000186340 devstack@neutron-api.service[101807]: DEBUG neutron.api.extensions [None req-0594b9e6-9b09-4f5f-bd09-4a9853d8f577 None None] Ext name="Port Resource Request Groups" alias="port-resource-request-groups" description="Support requesting multiple groups of resources and traits from the same RP subtree in resource_request" updated="2021-08-02T10:00:00-00:00" {{(pid=101807) _check_extension /opt/stack/neutron/neutron/api/extensions.py:415}}
Jul 23 17:38:04.820082 np0000186340 devstack@neutron-api.service[101807]: INFO neutron.api.extensions [None req-0594b9e6-9b09-4f5f-bd09-4a9853d8f577 None None] Extension port-resource-request-groups not supported by any of loaded plugins
Jul 23 17:38:04.820191 np0000186340 devstack@neutron-api.service[101808]: DEBUG neutron.api.v2.resource_helper [None req-263e78e9-0a29-49ba-8583-8766298f014e None None] Service L3_ROUTER_NAT assigned prefix: {{(pid=101808) build_resource_info /opt/stack/neutron/neutron/api/v2/resource_helper.py:77}}
Jul 23 17:38:04.820272 np0000186340 devstack@neutron-api.service[101807]: DEBUG neutron.api.extensions [None req-0594b9e6-9b09-4f5f-bd09-4a9853d8f577 None None] Loading extension file: port_trusted_vif.py {{(pid=101807) _load_all_extensions_from_path /opt/stack/neutron/neutron/api/extensions.py:449}}
Jul 23 17:38:04.820525 np0000186340 devstack@neutron-api.service[101807]: DEBUG neutron.api.extensions [None req-0594b9e6-9b09-4f5f-bd09-4a9853d8f577 None None] Ext name="Port trusted vif" alias="port-trusted-vif" description="Expose port 'trusted' attribute in the API" updated="2024-07-10T10:00:00-00:00" {{(pid=101807) _check_extension /opt/stack/neutron/neutron/api/extensions.py:415}}
Jul 23 17:38:04.820594 np0000186340 devstack@neutron-api.service[101808]: DEBUG neutron.api.v2.resource_helper [None req-263e78e9-0a29-49ba-8583-8766298f014e None None] Service L3_ROUTER_NAT assigned prefix: {{(pid=101808) build_resource_info /opt/stack/neutron/neutron/api/v2/resource_helper.py:77}}
Jul 23 17:38:04.820736 np0000186340 devstack@neutron-api.service[101808]: INFO neutron.quota.resource_registry [None req-263e78e9-0a29-49ba-8583-8766298f014e None None] Creating instance of TrackedResource for resource:router
Jul 23 17:38:04.820787 np0000186340 devstack@neutron-api.service[101807]: INFO neutron.api.extensions [None req-0594b9e6-9b09-4f5f-bd09-4a9853d8f577 None None] Extension port-trusted-vif not supported by any of loaded plugins
Jul 23 17:38:04.820856 np0000186340 devstack@neutron-api.service[101807]: DEBUG neutron.api.extensions [None req-0594b9e6-9b09-4f5f-bd09-4a9853d8f577 None None] Loading extension file: portbindings.py {{(pid=101807) _load_all_extensions_from_path /opt/stack/neutron/neutron/api/extensions.py:449}}
Jul 23 17:38:04.820912 np0000186340 devstack@neutron-api.service[101808]: WARNING neutron.quota.resource_registry [None req-263e78e9-0a29-49ba-8583-8766298f014e None None] router is already registered
Jul 23 17:38:04.821370 np0000186340 devstack@neutron-api.service[101807]: DEBUG neutron.api.extensions [None req-0594b9e6-9b09-4f5f-bd09-4a9853d8f577 None None] Ext name="Port Binding" alias="binding" description="Expose port bindings of a virtual port to external application" updated="2014-02-03T10:00:00-00:00" {{(pid=101807) _check_extension /opt/stack/neutron/neutron/api/extensions.py:415}}
Jul 23 17:38:04.821442 np0000186340 devstack@neutron-api.service[101808]: INFO neutron.quota.resource_registry [None req-263e78e9-0a29-49ba-8583-8766298f014e None None] Creating instance of TrackedResource for resource:floatingip
Jul 23 17:38:04.821481 np0000186340 devstack@neutron-api.service[101807]: INFO neutron.api.extensions [None req-0594b9e6-9b09-4f5f-bd09-4a9853d8f577 None None] Loaded extension: binding
