2026-07-16 08:17:23.974 8 INFO placement.requestlog [None req-7ea4e5d9-6c79-4615-84c1-bff7a8ca3628 0c91f88703ed4a52bfbd5446150a909c 73a05f69873c4e79bdc14be99de9d108 - - c0c2e8167abe4228b9d9b618248004b7 c0c2e8167abe4228b9d9b618248004b7] 10.0.0.187 "GET /resource_providers/8dcc739a-bbf0-4c8e-8f99-0cb9e4430b5e/aggregates" status: 404 len: 235 microversion: 1.1 [pid: 8|app: 0|req: 613/1217] 10.0.0.187 () {32 vars in 816 bytes} [Thu Jul 16 08:17:23 2026] GET /resource_providers/8dcc739a-bbf0-4c8e-8f99-0cb9e4430b5e/aggregates => generated 235 bytes in 16 msecs (HTTP/1.1 404) 5 headers in 202 bytes (1 switches on core 0)
2026-07-16 08:17:23.975 7 INFO placement.requestlog [None req-a53298f7-2043-4ed8-a590-d3bb8cb5d469 0c91f88703ed4a52bfbd5446150a909c 73a05f69873c4e79bdc14be99de9d108 - - c0c2e8167abe4228b9d9b618248004b7 c0c2e8167abe4228b9d9b618248004b7] 10.0.0.187 "DELETE /resource_providers/7902fc5e-fbf2-413a-9da5-dba712cdbda2" status: 404 len: 246 microversion: 1.1 [pid: 7|app: 0|req: 605/1218] 10.0.0.187 () {34 vars in 816 bytes} [Thu Jul 16 08:17:23 2026] DELETE /resource_providers/7902fc5e-fbf2-413a-9da5-dba712cdbda2 => generated 246 bytes in 17 msecs (HTTP/1.1 404) 6 headers in 231 bytes (1 switches on core 0)
2026-07-16 08:17:23.987 8 INFO placement.requestlog [None req-4e997015-1c42-4274-9987-6f045e81e296 0c91f88703ed4a52bfbd5446150a909c 73a05f69873c4e79bdc14be99de9d108 - - c0c2e8167abe4228b9d9b618248004b7 c0c2e8167abe4228b9d9b618248004b7] 10.0.0.187 "GET /resource_providers/8dcc739a-bbf0-4c8e-8f99-0cb9e4430b5e/aggregates" status: 404 len: 235 microversion: 1.1 [pid: 8|app: 0|req: 614/1219] 10.0.0.187 () {32 vars in 816 bytes} [Thu Jul 16 08:17:23 2026] GET /resource_providers/8dcc739a-bbf0-4c8e-8f99-0cb9e4430b5e/aggregates => generated 235 bytes in 6 msecs (HTTP/1.1 404) 5 headers in 202 bytes (1 switches on core 0)
2026-07-16 08:17:23.989 7 INFO placement.requestlog [None req-f2c6d162-9e32-4f96-b153-1186d4c7aa68 0c91f88703ed4a52bfbd5446150a909c 73a05f69873c4e79bdc14be99de9d108 - - c0c2e8167abe4228b9d9b618248004b7 c0c2e8167abe4228b9d9b618248004b7] 10.0.0.187 "DELETE /resource_providers/8dcc739a-bbf0-4c8e-8f99-0cb9e4430b5e" status: 404 len: 246 microversion: 1.1 [pid: 7|app: 0|req: 606/1220] 10.0.0.187 () {34 vars in 816 bytes} [Thu Jul 16 08:17:23 2026] DELETE /resource_providers/8dcc739a-bbf0-4c8e-8f99-0cb9e4430b5e => generated 246 bytes in 7 msecs (HTTP/1.1 404) 6 headers in 231 bytes (1 switches on core 0)
2026-07-16 08:17:24.001 8 INFO placement.requestlog [None req-3226c169-f764-4b5b-baf7-d45a5a725339 0c91f88703ed4a52bfbd5446150a909c 73a05f69873c4e79bdc14be99de9d108 - - c0c2e8167abe4228b9d9b618248004b7 c0c2e8167abe4228b9d9b618248004b7] 10.0.0.187 "DELETE /resource_providers/8dcc739a-bbf0-4c8e-8f99-0cb9e4430b5e" status: 404 len: 246 microversion: 1.1 [pid: 8|app: 0|req: 615/1221] 10.0.0.187 () {34 vars in 816 bytes} [Thu Jul 16 08:17:23 2026] DELETE /resource_providers/8dcc739a-bbf0-4c8e-8f99-0cb9e4430b5e => generated 246 bytes in 6 msecs (HTTP/1.1 404) 6 headers in 231 bytes (1 switches on core 0)
2026-07-16 08:17:24.095 8 INFO placement.requestlog [None req-b2c2d9e8-b015-48c5-bd9f-f8e57f7d5415 0c91f88703ed4a52bfbd5446150a909c 73a05f69873c4e79bdc14be99de9d108 - - c0c2e8167abe4228b9d9b618248004b7 c0c2e8167abe4228b9d9b618248004b7] 10.0.0.187 "GET /resource_providers/980066ef-f720-4694-96a7-b3d06f859249/aggregates" status: 404 len: 235 microversion: 1.1 [pid: 8|app: 0|req: 616/1222] 10.0.0.187 () {32 vars in 816 bytes} [Thu Jul 16 08:17:24 2026] GET /resource_providers/980066ef-f720-4694-96a7-b3d06f859249/aggregates => generated 235 bytes in 8 msecs (HTTP/1.1 404) 5 headers in 202 bytes (1 switches on core 0)
2026-07-16 08:17:24.098 7 INFO placement.requestlog [None req-69622509-6f58-47ed-bfdd-82aec5aa5f45 0c91f88703ed4a52bfbd5446150a909c 73a05f69873c4e79bdc14be99de9d108 - - c0c2e8167abe4228b9d9b618248004b7 c0c2e8167abe4228b9d9b618248004b7] 10.0.0.187 "GET /resource_providers/980066ef-f720-4694-96a7-b3d06f859249/aggregates" status: 404 len: 235 microversion: 1.1 [pid: 7|app: 0|req: 607/1223] 10.0.0.187 () {32 vars in 816 bytes} [Thu Jul 16 08:17:24 2026] GET /resource_providers/980066ef-f720-4694-96a7-b3d06f859249/aggregates => generated 235 bytes in 12 msecs (HTTP/1.1 404) 5 headers in 202 bytes (1 switches on core 0)
2026-07-16 08:17:24.113 8 INFO placement.requestlog [None req-ec0a4424-d86e-4f82-a7de-376f0b6e105a 0c91f88703ed4a52bfbd5446150a909c 73a05f69873c4e79bdc14be99de9d108 - - c0c2e8167abe4228b9d9b618248004b7 c0c2e8167abe4228b9d9b618248004b7] 10.0.0.187 "DELETE /resource_providers/980066ef-f720-4694-96a7-b3d06f859249" status: 404 len: 246 microversion: 1.1 [pid: 8|app: 0|req: 617/1224] 10.0.0.187 () {34 vars in 816 bytes} [Thu Jul 16 08:17:24 2026] DELETE /resource_providers/980066ef-f720-4694-96a7-b3d06f859249 => generated 246 bytes in 6 msecs (HTTP/1.1 404) 6 headers in 231 bytes (1 switches on core 0)
2026-07-16 08:17:24.134 7 INFO placement.requestlog [None req-8e3b0b0a-44c9-4e1d-adf8-a276381e795b 0c91f88703ed4a52bfbd5446150a909c 73a05f69873c4e79bdc14be99de9d108 - - c0c2e8167abe4228b9d9b618248004b7 c0c2e8167abe4228b9d9b618248004b7] 10.0.0.187 "DELETE /resource_providers/980066ef-f720-4694-96a7-b3d06f859249" status: 404 len: 246 microversion: 1.1 [pid: 7|app: 0|req: 608/1225] 10.0.0.187 () {34 vars in 816 bytes} [Thu Jul 16 08:17:24 2026] DELETE /resource_providers/980066ef-f720-4694-96a7-b3d06f859249 => generated 246 bytes in 26 msecs (HTTP/1.1 404) 6 headers in 231 bytes (1 switches on core 0)
2026-07-16 08:17:24.385 8 INFO placement.requestlog [req-81ac05c0-53e8-425e-8153-9ffcb159c80e req-f5a57f5d-976f-43e0-ae58-9e3c34b84dd5 00ef216af761402185b0df0002011502 73a05f69873c4e79bdc14be99de9d108 - - c0c2e8167abe4228b9d9b618248004b7 c0c2e8167abe4228b9d9b618248004b7] 199.19.213.219 "GET /resource_providers/6615d631-c025-44f2-b911-613e5a408d68/allocations" status: 200 len: 340 microversion: 1.0 [pid: 8|app: 0|req: 618/1226] 199.19.213.219 () {32 vars in 857 bytes} [Thu Jul 16 08:17:24 2026] GET /resource_providers/6615d631-c025-44f2-b911-613e5a408d68/allocations => generated 340 bytes in 27 msecs (HTTP/1.1 200) 6 headers in 224 bytes (1 switches on core 0)
2026-07-16 08:17:24.413 7 INFO placement.requestlog [req-81ac05c0-53e8-425e-8153-9ffcb159c80e req-c56305b0-6056-418a-a3da-a1d3950125d7 00ef216af761402185b0df0002011502 73a05f69873c4e79bdc14be99de9d108 - - c0c2e8167abe4228b9d9b618248004b7 c0c2e8167abe4228b9d9b618248004b7] 199.19.213.219 "GET /resource_providers/6615d631-c025-44f2-b911-613e5a408d68/allocations" status: 200 len: 340 microversion: 1.0 [pid: 7|app: 0|req: 609/1227] 199.19.213.219 () {32 vars in 857 bytes} [Thu Jul 16 08:17:24 2026] GET /resource_providers/6615d631-c025-44f2-b911-613e5a408d68/allocations => generated 340 bytes in 20 msecs (HTTP/1.1 200) 6 headers in 224 bytes (1 switches on core 0)
2026-07-16 08:17:24.433 8 INFO placement.requestlog [req-81ac05c0-53e8-425e-8153-9ffcb159c80e req-c1e9b09c-4231-48bc-8898-a2f914f975a2 00ef216af761402185b0df0002011502 73a05f69873c4e79bdc14be99de9d108 - - c0c2e8167abe4228b9d9b618248004b7 c0c2e8167abe4228b9d9b618248004b7] 199.19.213.219 "GET /allocations/f7efd66e-e5a1-4b8e-9e38-2adad464b7fd" status: 200 len: 245 microversion: 1.28 [pid: 8|app: 0|req: 619/1228] 199.19.213.219 () {34 vars in 863 bytes} [Thu Jul 16 08:17:24 2026] GET /allocations/f7efd66e-e5a1-4b8e-9e38-2adad464b7fd => generated 245 bytes in 13 msecs (HTTP/1.1 200) 8 headers in 296 bytes (1 switches on core 0)
2026-07-16 08:17:24.457 7 INFO placement.requestlog [req-81ac05c0-53e8-425e-8153-9ffcb159c80e req-96b4b9e9-fd3c-4a38-8f09-1833d84305a9 00ef216af761402185b0df0002011502 73a05f69873c4e79bdc14be99de9d108 - - c0c2e8167abe4228b9d9b618248004b7 c0c2e8167abe4228b9d9b618248004b7] 199.19.213.219 "GET /allocations/7e38eda3-9cd3-45bc-9a70-287ed5360fab" status: 200 len: 258 microversion: 1.28 [pid: 7|app: 0|req: 610/1229] 199.19.213.219 () {34 vars in 863 bytes} [Thu Jul 16 08:17:24 2026] GET /allocations/7e38eda3-9cd3-45bc-9a70-287ed5360fab => generated 258 bytes in 18 msecs (HTTP/1.1 200) 8 headers in 296 bytes (1 switches on core 0)
2026-07-16 08:17:24.480 8 INFO placement.requestlog [req-81ac05c0-53e8-425e-8153-9ffcb159c80e req-6fb83524-515f-40a4-a31e-fa235c47ddce 00ef216af761402185b0df0002011502 73a05f69873c4e79bdc14be99de9d108 - - c0c2e8167abe4228b9d9b618248004b7 c0c2e8167abe4228b9d9b618248004b7] 199.19.213.219 "GET /allocations/13ec1591-3866-4e1e-b781-69a0318cdc54" status: 200 len: 258 microversion: 1.28 [pid: 8|app: 0|req: 620/1230] 199.19.213.219 () {34 vars in 863 bytes} [Thu Jul 16 08:17:24 2026] GET /allocations/13ec1591-3866-4e1e-b781-69a0318cdc54 => generated 258 bytes in 14 msecs (HTTP/1.1 200) 8 headers in 296 bytes (1 switches on core 0)
2026-07-16 08:17:30.072 7 INFO placement.requestlog [None req-586d8f4c-5e06-42a4-8f85-79eafd0c8929 0c91f88703ed4a52bfbd5446150a909c 73a05f69873c4e79bdc14be99de9d108 - - c0c2e8167abe4228b9d9b618248004b7 c0c2e8167abe4228b9d9b618248004b7] 10.0.0.187 "GET /resource_providers/c8cf650c-8f01-4205-8c44-9df5af818f4b/aggregates" status: 404 len: 235 microversion: 1.1 [pid: 7|app: 0|req: 611/1231] 10.0.0.187 () {32 vars in 816 bytes} [Thu Jul 16 08:17:30 2026] GET /resource_providers/c8cf650c-8f01-4205-8c44-9df5af818f4b/aggregates => generated 235 bytes in 10 msecs (HTTP/1.1 404) 5 headers in 202 bytes (1 switches on core 0)
2026-07-16 08:17:30.073 8 INFO placement.requestlog [None req-8e3e284b-c7fe-49fb-856b-2d4449852801 0c91f88703ed4a52bfbd5446150a909c 73a05f69873c4e79bdc14be99de9d108 - - c0c2e8167abe4228b9d9b618248004b7 c0c2e8167abe4228b9d9b618248004b7] 10.0.0.187 "GET /resource_providers/c8cf650c-8f01-4205-8c44-9df5af818f4b/aggregates" status: 404 len: 235 microversion: 1.1 [pid: 8|app: 0|req: 621/1232] 10.0.0.187 () {32 vars in 816 bytes} [Thu Jul 16 08:17:30 2026] GET /resource_providers/c8cf650c-8f01-4205-8c44-9df5af818f4b/aggregates => generated 235 bytes in 10 msecs (HTTP/1.1 404) 5 headers in 202 bytes (1 switches on core 0)
2026-07-16 08:17:30.095 7 INFO placement.requestlog [None req-45a3648d-6dd0-4e14-af35-7fe78504683e 0c91f88703ed4a52bfbd5446150a909c 73a05f69873c4e79bdc14be99de9d108 - - c0c2e8167abe4228b9d9b618248004b7 c0c2e8167abe4228b9d9b618248004b7] 10.0.0.187 "DELETE /resource_providers/c8cf650c-8f01-4205-8c44-9df5af818f4b" status: 404 len: 246 microversion: 1.1 [pid: 7|app: 0|req: 612/1233] 10.0.0.187 () {34 vars in 816 bytes} [Thu Jul 16 08:17:30 2026] DELETE /resource_providers/c8cf650c-8f01-4205-8c44-9df5af818f4b => generated 246 bytes in 10 msecs (HTTP/1.1 404) 6 headers in 231 bytes (1 switches on core 0)
2026-07-16 08:17:30.096 8 INFO placement.requestlog [None req-d2c9fe03-1e39-4e74-9ced-e94780c168b8 0c91f88703ed4a52bfbd5446150a909c 73a05f69873c4e79bdc14be99de9d108 - - c0c2e8167abe4228b9d9b618248004b7 c0c2e8167abe4228b9d9b618248004b7] 10.0.0.187 "DELETE /resource_providers/c8cf650c-8f01-4205-8c44-9df5af818f4b" status: 404 len: 246 microversion: 1.1 [pid: 8|app: 0|req: 622/1234] 10.0.0.187 () {34 vars in 816 bytes} [Thu Jul 16 08:17:30 2026] DELETE /resource_providers/c8cf650c-8f01-4205-8c44-9df5af818f4b => generated 246 bytes in 9 msecs (HTTP/1.1 404) 6 headers in 231 bytes (1 switches on core 0)
2026-07-16 08:17:30.759 7 INFO placement.requestlog [None req-c6c98b55-f727-4e67-a928-6c5c7bff4f90 - - - - - -] 10.0.0.244 "GET /" status: 200 len: 136 microversion: 1.0
2026-07-16 08:17:30.759 8 INFO placement.requestlog [None req-84d7e3bf-f807-44cf-acfd-96218b78fe16 - - - - - -] 10.0.0.244 "GET /" status: 200 len: 136 microversion: 1.0
2026-07-16 08:17:40.760 7 INFO placement.requestlog [None req-23982977-32a4-44df-8f42-7d8526d9c881 - - - - - -] 10.0.0.244 "GET /" status: 200 len: 136 microversion: 1.0
2026-07-16 08:17:40.760 8 INFO placement.requestlog [None req-4f3e86c9-19b9-45b6-bf1a-ada938b45ad0 - - - - - -] 10.0.0.244 "GET /" status: 200 len: 136 microversion: 1.0
2026-07-16 08:17:41.269 7 INFO placement.requestlog [None req-dac15633-18ae-4aa8-84ba-5fe2cc8571b6 0c91f88703ed4a52bfbd5446150a909c 73a05f69873c4e79bdc14be99de9d108 - - c0c2e8167abe4228b9d9b618248004b7 c0c2e8167abe4228b9d9b618248004b7] 10.0.0.187 "GET /resource_providers/fdbbd119-4c95-4fe1-9890-f764bd935602/aggregates" status: 404 len: 235 microversion: 1.1 [pid: 7|app: 0|req: 615/1239] 10.0.0.187 () {32 vars in 816 bytes} [Thu Jul 16 08:17:41 2026] GET /resource_providers/fdbbd119-4c95-4fe1-9890-f764bd935602/aggregates => generated 235 bytes in 12 msecs (HTTP/1.1 404) 5 headers in 202 bytes (1 switches on core 0)
2026-07-16 08:17:41.273 8 INFO placement.requestlog [None req-716d3ac5-7c13-4b5f-bbff-86980d654b47 0c91f88703ed4a52bfbd5446150a909c 73a05f69873c4e79bdc14be99de9d108 - - c0c2e8167abe4228b9d9b618248004b7 c0c2e8167abe4228b9d9b618248004b7] 10.0.0.187 "GET /resource_providers/fdbbd119-4c95-4fe1-9890-f764bd935602/aggregates" status: 404 len: 235 microversion: 1.1 [pid: 8|app: 0|req: 625/1240] 10.0.0.187 () {32 vars in 816 bytes} [Thu Jul 16 08:17:41 2026] GET /resource_providers/fdbbd119-4c95-4fe1-9890-f764bd935602/aggregates => generated 235 bytes in 14 msecs (HTTP/1.1 404) 5 headers in 202 bytes (1 switches on core 0)
2026-07-16 08:17:41.294 8 INFO placement.requestlog [None req-040f7845-c991-4a22-bdf2-8550dd0be2b0 0c91f88703ed4a52bfbd5446150a909c 73a05f69873c4e79bdc14be99de9d108 - - c0c2e8167abe4228b9d9b618248004b7 c0c2e8167abe4228b9d9b618248004b7] 10.0.0.187 "DELETE /resource_providers/fdbbd119-4c95-4fe1-9890-f764bd935602" status: 404 len: 246 microversion: 1.1 [pid: 8|app: 0|req: 626/1241] 10.0.0.187 () {34 vars in 816 bytes} [Thu Jul 16 08:17:41 2026] DELETE /resource_providers/fdbbd119-4c95-4fe1-9890-f764bd935602 => generated 246 bytes in 8 msecs (HTTP/1.1 404) 6 headers in 231 bytes (1 switches on core 0)
2026-07-16 08:17:41.298 7 INFO placement.requestlog [None req-965dd5e1-4d36-4ccf-82d1-e790da2bcc11 0c91f88703ed4a52bfbd5446150a909c 73a05f69873c4e79bdc14be99de9d108 - - c0c2e8167abe4228b9d9b618248004b7 c0c2e8167abe4228b9d9b618248004b7] 10.0.0.187 "DELETE /resource_providers/fdbbd119-4c95-4fe1-9890-f764bd935602" status: 404 len: 246 microversion: 1.1 [pid: 7|app: 0|req: 616/1242] 10.0.0.187 () {34 vars in 816 bytes} [Thu Jul 16 08:17:41 2026] DELETE /resource_providers/fdbbd119-4c95-4fe1-9890-f764bd935602 => generated 246 bytes in 14 msecs (HTTP/1.1 404) 6 headers in 231 bytes (1 switches on core 0)
2026-07-16 08:17:41.433 7 INFO placement.requestlog [None req-1b580f0a-c93e-45cd-9558-e64bde239301 0c91f88703ed4a52bfbd5446150a909c 73a05f69873c4e79bdc14be99de9d108 - - c0c2e8167abe4228b9d9b618248004b7 c0c2e8167abe4228b9d9b618248004b7] 10.0.0.187 "GET /resource_providers/02dfdbd6-e31c-412e-a659-378a74cb4a87/aggregates" status: 404 len: 235 microversion: 1.1 [pid: 7|app: 0|req: 617/1243] 10.0.0.187 () {32 vars in 816 bytes} [Thu Jul 16 08:17:41 2026] GET /resource_providers/02dfdbd6-e31c-412e-a659-378a74cb4a87/aggregates => generated 235 bytes in 13 msecs (HTTP/1.1 404) 5 headers in 202 bytes (1 switches on core 0)
2026-07-16 08:17:41.434 8 INFO placement.requestlog [None req-8f6446d6-acfa-47a2-ab8d-04c9fdd3db79 0c91f88703ed4a52bfbd5446150a909c 73a05f69873c4e79bdc14be99de9d108 - - c0c2e8167abe4228b9d9b618248004b7 c0c2e8167abe4228b9d9b618248004b7] 10.0.0.187 "GET /resource_providers/02dfdbd6-e31c-412e-a659-378a74cb4a87/aggregates" status: 404 len: 235 microversion: 1.1 [pid: 8|app: 0|req: 627/1244] 10.0.0.187 () {32 vars in 816 bytes} [Thu Jul 16 08:17:41 2026] GET /resource_providers/02dfdbd6-e31c-412e-a659-378a74cb4a87/aggregates => generated 235 bytes in 14 msecs (HTTP/1.1 404) 5 headers in 202 bytes (1 switches on core 0)
2026-07-16 08:17:41.459 7 INFO placement.requestlog [None req-dc53894a-6cc2-420f-97d1-e31bd511fbdd 0c91f88703ed4a52bfbd5446150a909c 73a05f69873c4e79bdc14be99de9d108 - - c0c2e8167abe4228b9d9b618248004b7 c0c2e8167abe4228b9d9b618248004b7] 10.0.0.187 "DELETE /resource_providers/02dfdbd6-e31c-412e-a659-378a74cb4a87" status: 404 len: 246 microversion: 1.1 [pid: 7|app: 0|req: 618/1245] 10.0.0.187 () {34 vars in 816 bytes} [Thu Jul 16 08:17:41 2026] DELETE /resource_providers/02dfdbd6-e31c-412e-a659-378a74cb4a87 => generated 246 bytes in 12 msecs (HTTP/1.1 404) 6 headers in 231 bytes (1 switches on core 0)
2026-07-16 08:17:41.461 8 INFO placement.requestlog [None req-756066d0-4efc-42b5-a918-4b9f6390b160 0c91f88703ed4a52bfbd5446150a909c 73a05f69873c4e79bdc14be99de9d108 - - c0c2e8167abe4228b9d9b618248004b7 c0c2e8167abe4228b9d9b618248004b7] 10.0.0.187 "DELETE /resource_providers/02dfdbd6-e31c-412e-a659-378a74cb4a87" status: 404 len: 246 microversion: 1.1 [pid: 8|app: 0|req: 628/1246] 10.0.0.187 () {34 vars in 816 bytes} [Thu Jul 16 08:17:41 2026] DELETE /resource_providers/02dfdbd6-e31c-412e-a659-378a74cb4a87 => generated 246 bytes in 10 msecs (HTTP/1.1 404) 6 headers in 231 bytes (1 switches on core 0)
2026-07-16 08:17:50.759 8 INFO placement.requestlog [None req-77fa05fa-6375-4faa-86f3-3e3ae474e617 - - - - - -] 10.0.0.244 "GET /" status: 200 len: 136 microversion: 1.0
2026-07-16 08:17:50.759 7 INFO placement.requestlog [None req-391036b3-f473-4ff5-aacf-9bd09e909ec7 - - - - - -] 10.0.0.244 "GET /" status: 200 len: 136 microversion: 1.0
2026-07-16 08:18:00.759 7 INFO placement.requestlog [None req-b5bf5fe0-1e2f-440a-8a6c-997eeb63a444 - - - - - -] 10.0.0.244 "GET /" status: 200 len: 136 microversion: 1.0
2026-07-16 08:18:00.759 8 INFO placement.requestlog [None req-8a38ea05-cf16-499c-b63e-2b17322b6b19 - - - - - -] 10.0.0.244 "GET /" status: 200 len: 136 microversion: 1.0
2026-07-16 08:18:10.760 8 INFO placement.requestlog [None req-ad12bc8c-af71-4f58-a238-242ae4b068e9 - - - - - -] 10.0.0.244 "GET /" status: 200 len: 136 microversion: 1.0
2026-07-16 08:18:10.761 7 INFO placement.requestlog [None req-9ef6b78a-a146-4031-a6c6-233481abf4b3 - - - - - -] 10.0.0.244 "GET /" status: 200 len: 136 microversion: 1.0
2026-07-16 08:18:20.760 8 INFO placement.requestlog [None req-ca2bc725-9a4b-40ff-b2c4-f61adf37a287 - - - - - -] 10.0.0.244 "GET /" status: 200 len: 136 microversion: 1.0
2026-07-16 08:18:20.761 7 INFO placement.requestlog [None req-ad8bce94-dacf-4e52-b903-bb2a8a6e7387 - - - - - -] 10.0.0.244 "GET /" status: 200 len: 136 microversion: 1.0
2026-07-16 08:18:26.256 8 INFO placement.requestlog [req-6b2c1d52-9c86-4cfc-b3fd-870e885df0a1 req-cdd9a7fd-0071-4be3-9781-085877088681 00ef216af761402185b0df0002011502 73a05f69873c4e79bdc14be99de9d108 - - c0c2e8167abe4228b9d9b618248004b7 c0c2e8167abe4228b9d9b618248004b7] 199.19.213.219 "GET /resource_providers/6615d631-c025-44f2-b911-613e5a408d68/allocations" status: 200 len: 340 microversion: 1.0 [pid: 8|app: 0|req: 633/1255] 199.19.213.219 () {32 vars in 857 bytes} [Thu Jul 16 08:18:26 2026] GET /resource_providers/6615d631-c025-44f2-b911-613e5a408d68/allocations => generated 340 bytes in 16 msecs (HTTP/1.1 200) 6 headers in 224 bytes (1 switches on core 0)
2026-07-16 08:18:26.278 7 INFO placement.requestlog [req-6b2c1d52-9c86-4cfc-b3fd-870e885df0a1 req-8b674a14-214a-42c4-95d1-90e375c6d3f4 00ef216af761402185b0df0002011502 73a05f69873c4e79bdc14be99de9d108 - - c0c2e8167abe4228b9d9b618248004b7 c0c2e8167abe4228b9d9b618248004b7] 199.19.213.219 "GET /resource_providers/6615d631-c025-44f2-b911-613e5a408d68/allocations" status: 200 len: 340 microversion: 1.0 [pid: 7|app: 0|req: 623/1256] 199.19.213.219 () {32 vars in 857 bytes} [Thu Jul 16 08:18:26 2026] GET /resource_providers/6615d631-c025-44f2-b911-613e5a408d68/allocations => generated 340 bytes in 13 msecs (HTTP/1.1 200) 6 headers in 224 bytes (1 switches on core 0)
2026-07-16 08:18:26.295 8 INFO placement.requestlog [req-6b2c1d52-9c86-4cfc-b3fd-870e885df0a1 req-bf8bcef4-d291-4c45-a102-c10e9f5c793b 00ef216af761402185b0df0002011502 73a05f69873c4e79bdc14be99de9d108 - - c0c2e8167abe4228b9d9b618248004b7 c0c2e8167abe4228b9d9b618248004b7] 199.19.213.219 "GET /allocations/f7efd66e-e5a1-4b8e-9e38-2adad464b7fd" status: 200 len: 245 microversion: 1.28 [pid: 8|app: 0|req: 634/1257] 199.19.213.219 () {34 vars in 863 bytes} [Thu Jul 16 08:18:26 2026] GET /allocations/f7efd66e-e5a1-4b8e-9e38-2adad464b7fd => generated 245 bytes in 10 msecs (HTTP/1.1 200) 8 headers in 296 bytes (1 switches on core 0)
2026-07-16 08:18:26.312 7 INFO placement.requestlog [req-6b2c1d52-9c86-4cfc-b3fd-870e885df0a1 req-6df8ebb2-6890-4a56-93cc-3ad66f62f9b3 00ef216af761402185b0df0002011502 73a05f69873c4e79bdc14be99de9d108 - - c0c2e8167abe4228b9d9b618248004b7 c0c2e8167abe4228b9d9b618248004b7] 199.19.213.219 "GET /allocations/7e38eda3-9cd3-45bc-9a70-287ed5360fab" status: 200 len: 258 microversion: 1.28 [pid: 7|app: 0|req: 624/1258] 199.19.213.219 () {34 vars in 863 bytes} [Thu Jul 16 08:18:26 2026] GET /allocations/7e38eda3-9cd3-45bc-9a70-287ed5360fab => generated 258 bytes in 13 msecs (HTTP/1.1 200) 8 headers in 296 bytes (1 switches on core 0)
2026-07-16 08:18:26.330 8 INFO placement.requestlog [req-6b2c1d52-9c86-4cfc-b3fd-870e885df0a1 req-df89bba0-1806-4cfd-940c-5b350ef6846e 00ef216af761402185b0df0002011502 73a05f69873c4e79bdc14be99de9d108 - - c0c2e8167abe4228b9d9b618248004b7 c0c2e8167abe4228b9d9b618248004b7] 199.19.213.219 "GET /allocations/13ec1591-3866-4e1e-b781-69a0318cdc54" status: 200 len: 258 microversion: 1.28 [pid: 8|app: 0|req: 635/1259] 199.19.213.219 () {34 vars in 863 bytes} [Thu Jul 16 08:18:26 2026] GET /allocations/13ec1591-3866-4e1e-b781-69a0318cdc54 => generated 258 bytes in 12 msecs (HTTP/1.1 200) 8 headers in 296 bytes (1 switches on core 0)
2026-07-16 08:18:30.760 8 INFO placement.requestlog [None req-05b08289-4f32-481d-b806-2315646a40ae - - - - - -] 10.0.0.244 "GET /" status: 200 len: 136 microversion: 1.0
2026-07-16 08:18:30.760 7 INFO placement.requestlog [None req-9d693918-84ac-4da3-baca-71993ecbef3d - - - - - -] 10.0.0.244 "GET /" status: 200 len: 136 microversion: 1.0
2026-07-16 08:18:40.760 7 INFO placement.requestlog [None req-c5efe3a2-30d3-4f55-bd90-bbfc1af2c0df - - - - - -] 10.0.0.244 "GET /" status: 200 len: 136 microversion: 1.0
2026-07-16 08:18:40.760 8 INFO placement.requestlog [None req-42895592-c376-44ca-8f92-021dea75e130 - - - - - -] 10.0.0.244 "GET /" status: 200 len: 136 microversion: 1.0
2026-07-16 08:18:50.760 8 INFO placement.requestlog [None req-05508d68-f4b5-4d6a-9b4d-710fc1c70ac0 - - - - - -] 10.0.0.244 "GET /" status: 200 len: 136 microversion: 1.0
2026-07-16 08:18:50.760 7 INFO placement.requestlog [None req-64fbe334-0f7b-4f34-8acb-6e62fa172e27 - - - - - -] 10.0.0.244 "GET /" status: 200 len: 136 microversion: 1.0
2026-07-16 08:19:00.759 8 INFO placement.requestlog [None req-642c85c5-40ee-4880-9ddd-fe7f9be847d2 - - - - - -] 10.0.0.244 "GET /" status: 200 len: 136 microversion: 1.0
2026-07-16 08:19:00.760 7 INFO placement.requestlog [None req-89718df4-be22-4d42-8a6d-df0bbfc593b0 - - - - - -] 10.0.0.244 "GET /" status: 200 len: 136 microversion: 1.0
2026-07-16 08:19:10.759 8 INFO placement.requestlog [None req-a617b401-f424-4714-a62e-e20ed82a72ba - - - - - -] 10.0.0.244 "GET /" status: 200 len: 136 microversion: 1.0
2026-07-16 08:19:10.760 7 INFO placement.requestlog [None req-d69e04c7-728b-4abf-875e-091531a39177 - - - - - -] 10.0.0.244 "GET /" status: 200 len: 136 microversion: 1.0
2026-07-16 08:19:20.759 8 INFO placement.requestlog [None req-61eb7057-9459-4ed7-88f7-773f1f7a1dd5 - - - - - -] 10.0.0.244 "GET /" status: 200 len: 136 microversion: 1.0
2026-07-16 08:19:20.759 7 INFO placement.requestlog [None req-2e8df341-96f4-4a31-b5e0-7eb96c784898 - - - - - -] 10.0.0.244 "GET /" status: 200 len: 136 microversion: 1.0
2026-07-16 08:19:26.412 8 INFO placement.requestlog [req-5dde27b6-3303-4bd9-b276-308f35d04d15 req-5a6b493e-b09a-4546-9630-734ac960506f 00ef216af761402185b0df0002011502 73a05f69873c4e79bdc14be99de9d108 - - c0c2e8167abe4228b9d9b618248004b7 c0c2e8167abe4228b9d9b618248004b7] 199.19.213.219 "GET /resource_providers/6615d631-c025-44f2-b911-613e5a408d68/allocations" status: 200 len: 340 microversion: 1.0 [pid: 8|app: 0|req: 642/1272] 199.19.213.219 () {32 vars in 857 bytes} [Thu Jul 16 08:19:26 2026] GET /resource_providers/6615d631-c025-44f2-b911-613e5a408d68/allocations => generated 340 bytes in 155 msecs (HTTP/1.1 200) 6 headers in 224 bytes (1 switches on core 0)
2026-07-16 08:19:26.440 7 INFO placement.requestlog [req-5dde27b6-3303-4bd9-b276-308f35d04d15 req-b4c03bc3-e3d5-4879-a60e-624d6447803c 00ef216af761402185b0df0002011502 73a05f69873c4e79bdc14be99de9d108 - - c0c2e8167abe4228b9d9b618248004b7 c0c2e8167abe4228b9d9b618248004b7] 199.19.213.219 "GET /resource_providers?in_tree=6615d631-c025-44f2-b911-613e5a408d68" status: 200 len: 798 microversion: 1.14 [pid: 7|app: 0|req: 631/1273] 199.19.213.219 () {34 vars in 892 bytes} [Thu Jul 16 08:19:26 2026] GET /resource_providers?in_tree=6615d631-c025-44f2-b911-613e5a408d68 => generated 798 bytes in 19 msecs (HTTP/1.1 200) 6 headers in 225 bytes (1 switches on core 0)
2026-07-16 08:19:26.467 8 INFO placement.requestlog [req-5dde27b6-3303-4bd9-b276-308f35d04d15 req-bf18c132-29d2-483f-b9ce-5f333d03229a 00ef216af761402185b0df0002011502 73a05f69873c4e79bdc14be99de9d108 - - c0c2e8167abe4228b9d9b618248004b7 c0c2e8167abe4228b9d9b618248004b7] 199.19.213.219 "GET /resource_providers/6615d631-c025-44f2-b911-613e5a408d68/inventories" status: 200 len: 401 microversion: 1.0 [pid: 8|app: 0|req: 643/1274] 199.19.213.219 () {32 vars in 857 bytes} [Thu Jul 16 08:19:26 2026] GET /resource_providers/6615d631-c025-44f2-b911-613e5a408d68/inventories => generated 401 bytes in 21 msecs (HTTP/1.1 200) 6 headers in 224 bytes (1 switches on core 0)
2026-07-16 08:19:26.487 7 INFO placement.requestlog [req-5dde27b6-3303-4bd9-b276-308f35d04d15 req-001761eb-9a30-47a2-8ac6-d6285948b6ba 00ef216af761402185b0df0002011502 73a05f69873c4e79bdc14be99de9d108 - - c0c2e8167abe4228b9d9b618248004b7 c0c2e8167abe4228b9d9b618248004b7] 199.19.213.219 "GET /resource_providers/6615d631-c025-44f2-b911-613e5a408d68/aggregates" status: 200 len: 54 microversion: 1.19 [pid: 7|app: 0|req: 632/1275] 199.19.213.219 () {34 vars in 899 bytes} [Thu Jul 16 08:19:26 2026] GET /resource_providers/6615d631-c025-44f2-b911-613e5a408d68/aggregates => generated 54 bytes in 14 msecs (HTTP/1.1 200) 8 headers in 295 bytes (1 switches on core 0)
2026-07-16 08:19:26.514 8 INFO placement.requestlog [req-5dde27b6-3303-4bd9-b276-308f35d04d15 req-6d8aebb5-c030-4866-b0bc-3c572ef0ae4b 00ef216af761402185b0df0002011502 73a05f69873c4e79bdc14be99de9d108 - - c0c2e8167abe4228b9d9b618248004b7 c0c2e8167abe4228b9d9b618248004b7] 199.19.213.219 "GET /resource_providers/6615d631-c025-44f2-b911-613e5a408d68/traits" status: 200 len: 1978 microversion: 1.6 [pid: 8|app: 0|req: 644/1276] 199.19.213.219 () {34 vars in 890 bytes} [Thu Jul 16 08:19:26 2026] GET /resource_providers/6615d631-c025-44f2-b911-613e5a408d68/traits => generated 1978 bytes in 23 msecs (HTTP/1.1 200) 6 headers in 225 bytes (1 switches on core 0)
2026-07-16 08:19:26.534 7 INFO placement.requestlog [req-5dde27b6-3303-4bd9-b276-308f35d04d15 req-0df03549-a73a-4d23-bb05-fb8a3207047b 00ef216af761402185b0df0002011502 73a05f69873c4e79bdc14be99de9d108 - - c0c2e8167abe4228b9d9b618248004b7 c0c2e8167abe4228b9d9b618248004b7] 199.19.213.219 "GET /resource_providers/6615d631-c025-44f2-b911-613e5a408d68/allocations" status: 200 len: 340 microversion: 1.0 [pid: 7|app: 0|req: 633/1277] 199.19.213.219 () {32 vars in 857 bytes} [Thu Jul 16 08:19:26 2026] GET /resource_providers/6615d631-c025-44f2-b911-613e5a408d68/allocations => generated 340 bytes in 13 msecs (HTTP/1.1 200) 6 headers in 224 bytes (1 switches on core 0)
2026-07-16 08:19:26.551 8 INFO placement.requestlog [req-5dde27b6-3303-4bd9-b276-308f35d04d15 req-29204502-fd21-407c-a9ee-2e12af3d6b5f 00ef216af761402185b0df0002011502 73a05f69873c4e79bdc14be99de9d108 - - c0c2e8167abe4228b9d9b618248004b7 c0c2e8167abe4228b9d9b618248004b7] 199.19.213.219 "GET /allocations/f7efd66e-e5a1-4b8e-9e38-2adad464b7fd" status: 200 len: 245 microversion: 1.28 [pid: 8|app: 0|req: 645/1278] 199.19.213.219 () {34 vars in 863 bytes} [Thu Jul 16 08:19:26 2026] GET /allocations/f7efd66e-e5a1-4b8e-9e38-2adad464b7fd => generated 245 bytes in 12 msecs (HTTP/1.1 200) 8 headers in 296 bytes (1 switches on core 0)
2026-07-16 08:19:26.564 7 INFO placement.requestlog [req-5dde27b6-3303-4bd9-b276-308f35d04d15 req-64e6df58-4bb6-4cf6-8fe4-a651a9d5d478 00ef216af761402185b0df0002011502 73a05f69873c4e79bdc14be99de9d108 - - c0c2e8167abe4228b9d9b618248004b7 c0c2e8167abe4228b9d9b618248004b7] 199.19.213.219 "GET /allocations/7e38eda3-9cd3-45bc-9a70-287ed5360fab" status: 200 len: 258 microversion: 1.28 [pid: 7|app: 0|req: 634/1279] 199.19.213.219 () {34 vars in 863 bytes} [Thu Jul 16 08:19:26 2026] GET /allocations/7e38eda3-9cd3-45bc-9a70-287ed5360fab => generated 258 bytes in 9 msecs (HTTP/1.1 200) 8 headers in 296 bytes (1 switches on core 0)
2026-07-16 08:19:26.581 8 INFO placement.requestlog [req-5dde27b6-3303-4bd9-b276-308f35d04d15 req-e465362a-57d7-4e3c-a9f5-138c58ccc21e 00ef216af761402185b0df0002011502 73a05f69873c4e79bdc14be99de9d108 - - c0c2e8167abe4228b9d9b618248004b7 c0c2e8167abe4228b9d9b618248004b7] 199.19.213.219 "GET /allocations/13ec1591-3866-4e1e-b781-69a0318cdc54" status: 200 len: 258 microversion: 1.28 [pid: 8|app: 0|req: 646/1280] 199.19.213.219 () {34 vars in 863 bytes} [Thu Jul 16 08:19:26 2026] GET /allocations/13ec1591-3866-4e1e-b781-69a0318cdc54 => generated 258 bytes in 13 msecs (HTTP/1.1 200) 8 headers in 296 bytes (1 switches on core 0)
2026-07-16 08:19:30.760 7 INFO placement.requestlog [None req-6efa206f-ccf9-46c4-95d2-e2ea65efc4d5 - - - - - -] 10.0.0.244 "GET /" status: 200 len: 136 microversion: 1.0
2026-07-16 08:19:30.760 8 INFO placement.requestlog [None req-6f1581ad-bfab-48ea-b307-85c75a9b8053 - - - - - -] 10.0.0.244 "GET /" status: 200 len: 136 microversion: 1.0
2026-07-16 08:19:40.760 8 INFO placement.requestlog [None req-86558c15-eb1f-4ff3-8c54-4cf09a87c727 - - - - - -] 10.0.0.244 "GET /" status: 200 len: 136 microversion: 1.0
2026-07-16 08:19:40.760 7 INFO placement.requestlog [None req-431d780d-73ec-43c6-8dbd-a51c314fe6a9 - - - - - -] 10.0.0.244 "GET /" status: 200 len: 136 microversion: 1.0
2026-07-16 08:19:50.760 7 INFO placement.requestlog [None req-a912b380-986b-4ad7-84fd-c67531dfb921 - - - - - -] 10.0.0.244 "GET /" status: 200 len: 136 microversion: 1.0
2026-07-16 08:19:50.760 8 INFO placement.requestlog [None req-afb46e4b-4279-4cc9-9401-ce4183ccf391 - - - - - -] 10.0.0.244 "GET /" status: 200 len: 136 microversion: 1.0
2026-07-16 08:19:58.908 8 INFO placement.requestlog [req-eb85714d-6ccb-4e0f-a4b3-5f980c24661e req-9bfdbeb3-e378-43da-afcf-ec98768ce527 00ef216af761402185b0df0002011502 73a05f69873c4e79bdc14be99de9d108 - - c0c2e8167abe4228b9d9b618248004b7 c0c2e8167abe4228b9d9b618248004b7] 199.19.213.219 "GET /resource_providers/6615d631-c025-44f2-b911-613e5a408d68/allocations" status: 200 len: 340 microversion: 1.0 [pid: 8|app: 0|req: 650/1287] 199.19.213.219 () {32 vars in 857 bytes} [Thu Jul 16 08:19:58 2026] GET /resource_providers/6615d631-c025-44f2-b911-613e5a408d68/allocations => generated 340 bytes in 16 msecs (HTTP/1.1 200) 6 headers in 224 bytes (1 switches on core 0)
2026-07-16 08:19:58.927 7 INFO placement.requestlog [req-eb85714d-6ccb-4e0f-a4b3-5f980c24661e req-d83e5572-3f5c-4b89-8bbd-354ae46bb28d 00ef216af761402185b0df0002011502 73a05f69873c4e79bdc14be99de9d108 - - c0c2e8167abe4228b9d9b618248004b7 c0c2e8167abe4228b9d9b618248004b7] 199.19.213.219 "GET /allocations/f7efd66e-e5a1-4b8e-9e38-2adad464b7fd" status: 200 len: 245 microversion: 1.28 [pid: 7|app: 0|req: 638/1288] 199.19.213.219 () {34 vars in 863 bytes} [Thu Jul 16 08:19:58 2026] GET /allocations/f7efd66e-e5a1-4b8e-9e38-2adad464b7fd => generated 245 bytes in 13 msecs (HTTP/1.1 200) 8 headers in 296 bytes (1 switches on core 0)
2026-07-16 08:19:58.941 8 INFO placement.requestlog [req-eb85714d-6ccb-4e0f-a4b3-5f980c24661e req-f528f5c8-689d-43b0-961c-fa940d80233e 00ef216af761402185b0df0002011502 73a05f69873c4e79bdc14be99de9d108 - - c0c2e8167abe4228b9d9b618248004b7 c0c2e8167abe4228b9d9b618248004b7] 199.19.213.219 "GET /allocations/7e38eda3-9cd3-45bc-9a70-287ed5360fab" status: 200 len: 258 microversion: 1.28 [pid: 8|app: 0|req: 651/1289] 199.19.213.219 () {34 vars in 863 bytes} [Thu Jul 16 08:19:58 2026] GET /allocations/7e38eda3-9cd3-45bc-9a70-287ed5360fab => generated 258 bytes in 11 msecs (HTTP/1.1 200) 8 headers in 296 bytes (1 switches on core 0)
2026-07-16 08:19:58.958 7 INFO placement.requestlog [req-eb85714d-6ccb-4e0f-a4b3-5f980c24661e req-9ad181e3-de1a-4287-8e4c-cbf4285f6b75 00ef216af761402185b0df0002011502 73a05f69873c4e79bdc14be99de9d108 - - c0c2e8167abe4228b9d9b618248004b7 c0c2e8167abe4228b9d9b618248004b7] 199.19.213.219 "GET /allocations/13ec1591-3866-4e1e-b781-69a0318cdc54" status: 200 len: 258 microversion: 1.28 [pid: 7|app: 0|req: 639/1290] 199.19.213.219 () {34 vars in 863 bytes} [Thu Jul 16 08:19:58 2026] GET /allocations/13ec1591-3866-4e1e-b781-69a0318cdc54 => generated 258 bytes in 14 msecs (HTTP/1.1 200) 8 headers in 296 bytes (1 switches on core 0)
2026-07-16 08:20:00.006 8 INFO placement.requestlog [req-eb85714d-6ccb-4e0f-a4b3-5f980c24661e req-b083bb4a-3224-45ef-99db-7aba37d2c593 00ef216af761402185b0df0002011502 73a05f69873c4e79bdc14be99de9d108 - - c0c2e8167abe4228b9d9b618248004b7 c0c2e8167abe4228b9d9b618248004b7] 199.19.213.219 "DELETE /allocations/f7efd66e-e5a1-4b8e-9e38-2adad464b7fd" status: 204 len: 0 microversion: 1.0 [pid: 8|app: 0|req: 652/1291] 199.19.213.219 () {34 vars in 841 bytes} [Thu Jul 16 08:19:59 2026] DELETE /allocations/f7efd66e-e5a1-4b8e-9e38-2adad464b7fd => generated 0 bytes in 24 msecs (HTTP/1.1 204) 5 headers in 198 bytes (1 switches on core 0)
2026-07-16 08:20:00.760 8 INFO placement.requestlog [None req-e0153343-4a75-457a-b22a-67e4f7f6e087 - - - - - -] 10.0.0.244 "GET /" status: 200 len: 136 microversion: 1.0
2026-07-16 08:20:00.760 7 INFO placement.requestlog [None req-9dc4682f-50de-4e85-b0f0-340069473932 - - - - - -] 10.0.0.244 "GET /" status: 200 len: 136 microversion: 1.0
2026-07-16 08:20:03.202 8 INFO placement.requestlog [req-9506b08a-7f38-4a07-9a65-783eb41ff1a4 req-b7df57c6-3fee-4e99-b428-a07abc8bec0e 00ef216af761402185b0df0002011502 73a05f69873c4e79bdc14be99de9d108 - - c0c2e8167abe4228b9d9b618248004b7 c0c2e8167abe4228b9d9b618248004b7] 199.19.213.219 "GET /resource_providers/6615d631-c025-44f2-b911-613e5a408d68/allocations" status: 200 len: 253 microversion: 1.0 [pid: 8|app: 0|req: 654/1294] 199.19.213.219 () {32 vars in 857 bytes} [Thu Jul 16 08:20:03 2026] GET /resource_providers/6615d631-c025-44f2-b911-613e5a408d68/allocations => generated 253 bytes in 18 msecs (HTTP/1.1 200) 6 headers in 224 bytes (1 switches on core 0)
2026-07-16 08:20:03.219 7 INFO placement.requestlog [req-9506b08a-7f38-4a07-9a65-783eb41ff1a4 req-0c89fa5a-8f51-40c2-bde8-d8941c405fb3 00ef216af761402185b0df0002011502 73a05f69873c4e79bdc14be99de9d108 - - c0c2e8167abe4228b9d9b618248004b7 c0c2e8167abe4228b9d9b618248004b7] 199.19.213.219 "GET /allocations/7e38eda3-9cd3-45bc-9a70-287ed5360fab" status: 200 len: 258 microversion: 1.28 [pid: 7|app: 0|req: 641/1295] 199.19.213.219 () {34 vars in 863 bytes} [Thu Jul 16 08:20:03 2026] GET /allocations/7e38eda3-9cd3-45bc-9a70-287ed5360fab => generated 258 bytes in 12 msecs (HTTP/1.1 200) 8 headers in 296 bytes (1 switches on core 0)
2026-07-16 08:20:03.236 8 INFO placement.requestlog [req-9506b08a-7f38-4a07-9a65-783eb41ff1a4 req-3571afbb-5df7-4a3e-af9e-37af75805357 00ef216af761402185b0df0002011502 73a05f69873c4e79bdc14be99de9d108 - - c0c2e8167abe4228b9d9b618248004b7 c0c2e8167abe4228b9d9b618248004b7] 199.19.213.219 "GET /allocations/13ec1591-3866-4e1e-b781-69a0318cdc54" status: 200 len: 258 microversion: 1.28 [pid: 8|app: 0|req: 655/1296] 199.19.213.219 () {34 vars in 863 bytes} [Thu Jul 16 08:20:03 2026] GET /allocations/13ec1591-3866-4e1e-b781-69a0318cdc54 => generated 258 bytes in 10 msecs (HTTP/1.1 200) 8 headers in 296 bytes (1 switches on core 0)
2026-07-16 08:20:04.309 7 INFO placement.requestlog [req-9506b08a-7f38-4a07-9a65-783eb41ff1a4 req-6bd70197-a9db-4fba-8b9a-fcde3ef052e9 00ef216af761402185b0df0002011502 73a05f69873c4e79bdc14be99de9d108 - - c0c2e8167abe4228b9d9b618248004b7 c0c2e8167abe4228b9d9b618248004b7] 199.19.213.219 "DELETE /allocations/13ec1591-3866-4e1e-b781-69a0318cdc54" status: 204 len: 0 microversion: 1.0 [pid: 7|app: 0|req: 642/1297] 199.19.213.219 () {34 vars in 841 bytes} [Thu Jul 16 08:20:04 2026] DELETE /allocations/13ec1591-3866-4e1e-b781-69a0318cdc54 => generated 0 bytes in 34 msecs (HTTP/1.1 204) 5 headers in 198 bytes (1 switches on core 0)
2026-07-16 08:20:10.765 7 INFO placement.requestlog [None req-f37c1f45-ba00-4b6d-8713-6e152f31481a - - - - - -] 10.0.0.244 "GET /" status: 200 len: 136 microversion: 1.0
2026-07-16 08:20:10.765 8 INFO placement.requestlog [None req-8da8120a-031b-4a63-bdea-052be0bee60b - - - - - -] 10.0.0.244 "GET /" status: 200 len: 136 microversion: 1.0
2026-07-16 08:20:14.466 7 INFO placement.requestlog [req-19a437c9-07e2-4606-ad52-7ba69fd4068f req-6de02874-32dc-42a6-928f-10ecc768deb3 00ef216af761402185b0df0002011502 73a05f69873c4e79bdc14be99de9d108 - - c0c2e8167abe4228b9d9b618248004b7 c0c2e8167abe4228b9d9b618248004b7] 199.19.213.219 "GET /resource_providers/6615d631-c025-44f2-b911-613e5a408d68/allocations" status: 200 len: 153 microversion: 1.0 [pid: 7|app: 0|req: 644/1300] 199.19.213.219 () {32 vars in 857 bytes} [Thu Jul 16 08:20:14 2026] GET /resource_providers/6615d631-c025-44f2-b911-613e5a408d68/allocations => generated 153 bytes in 24 msecs (HTTP/1.1 200) 6 headers in 224 bytes (1 switches on core 0)
2026-07-16 08:20:14.501 8 INFO placement.requestlog [req-19a437c9-07e2-4606-ad52-7ba69fd4068f req-d841f4f8-b2d1-4bef-8f04-ce6d49826251 00ef216af761402185b0df0002011502 73a05f69873c4e79bdc14be99de9d108 - - c0c2e8167abe4228b9d9b618248004b7 c0c2e8167abe4228b9d9b618248004b7] 199.19.213.219 "GET /allocations/7e38eda3-9cd3-45bc-9a70-287ed5360fab" status: 200 len: 258 microversion: 1.28 [pid: 8|app: 0|req: 657/1301] 199.19.213.219 () {34 vars in 863 bytes} [Thu Jul 16 08:20:14 2026] GET /allocations/7e38eda3-9cd3-45bc-9a70-287ed5360fab => generated 258 bytes in 22 msecs (HTTP/1.1 200) 8 headers in 296 bytes (1 switches on core 0)
2026-07-16 08:20:15.556 7 INFO placement.requestlog [req-19a437c9-07e2-4606-ad52-7ba69fd4068f req-eadffc39-cb6d-42b4-83e2-2e884287e182 00ef216af761402185b0df0002011502 73a05f69873c4e79bdc14be99de9d108 - - c0c2e8167abe4228b9d9b618248004b7 c0c2e8167abe4228b9d9b618248004b7] 199.19.213.219 "DELETE /allocations/7e38eda3-9cd3-45bc-9a70-287ed5360fab" status: 204 len: 0 microversion: 1.0 [pid: 7|app: 0|req: 645/1302] 199.19.213.219 () {34 vars in 841 bytes} [Thu Jul 16 08:20:15 2026] DELETE /allocations/7e38eda3-9cd3-45bc-9a70-287ed5360fab => generated 0 bytes in 34 msecs (HTTP/1.1 204) 5 headers in 198 bytes (1 switches on core 0)
2026-07-16 08:20:20.759 8 INFO placement.requestlog [None req-678b1a77-a571-4cd0-b95c-c01b4f2fa345 - - - - - -] 10.0.0.244 "GET /" status: 200 len: 136 microversion: 1.0
2026-07-16 08:20:20.760 7 INFO placement.requestlog [None req-8d9b07db-4e67-47d2-8099-fe671259b946 - - - - - -] 10.0.0.244 "GET /" status: 200 len: 136 microversion: 1.0
2026-07-16 08:20:26.323 8 INFO placement.requestlog [req-472ef96a-59ed-43af-8dd9-42718e8ca045 req-e9de091f-431a-4573-b1cb-a60a3758bfc6 00ef216af761402185b0df0002011502 73a05f69873c4e79bdc14be99de9d108 - - c0c2e8167abe4228b9d9b618248004b7 c0c2e8167abe4228b9d9b618248004b7] 199.19.213.219 "GET /resource_providers/6615d631-c025-44f2-b911-613e5a408d68/allocations" status: 200 len: 55 microversion: 1.0 [pid: 8|app: 0|req: 659/1305] 199.19.213.219 () {32 vars in 857 bytes} [Thu Jul 16 08:20:26 2026] GET /resource_providers/6615d631-c025-44f2-b911-613e5a408d68/allocations => generated 55 bytes in 16 msecs (HTTP/1.1 200) 6 headers in 223 bytes (1 switches on core 0)
2026-07-16 08:20:26.346 7 INFO placement.requestlog [req-472ef96a-59ed-43af-8dd9-42718e8ca045 req-0edc74e6-555f-460e-aa4a-ccbd36234184 00ef216af761402185b0df0002011502 73a05f69873c4e79bdc14be99de9d108 - - c0c2e8167abe4228b9d9b618248004b7 c0c2e8167abe4228b9d9b618248004b7] 199.19.213.219 "GET /resource_providers/6615d631-c025-44f2-b911-613e5a408d68/allocations" status: 200 len: 55 microversion: 1.0 [pid: 7|app: 0|req: 647/1306] 199.19.213.219 () {32 vars in 857 bytes} [Thu Jul 16 08:20:26 2026] GET /resource_providers/6615d631-c025-44f2-b911-613e5a408d68/allocations => generated 55 bytes in 14 msecs (HTTP/1.1 200) 6 headers in 223 bytes (1 switches on core 0)
2026-07-16 08:20:26.415 7 INFO placement.requestlog [None req-dc2df6cc-fe1a-47e4-b565-7783dc17b03a 0c91f88703ed4a52bfbd5446150a909c 73a05f69873c4e79bdc14be99de9d108 - - c0c2e8167abe4228b9d9b618248004b7 c0c2e8167abe4228b9d9b618248004b7] 10.0.0.187 "GET /resource_providers/ae022a7f-db5f-44fa-b09a-3a032555949e/aggregates" status: 404 len: 235 microversion: 1.1 [pid: 7|app: 0|req: 648/1307] 10.0.0.187 () {32 vars in 816 bytes} [Thu Jul 16 08:20:26 2026] GET /resource_providers/ae022a7f-db5f-44fa-b09a-3a032555949e/aggregates => generated 235 bytes in 12 msecs (HTTP/1.1 404) 5 headers in 202 bytes (1 switches on core 0)
2026-07-16 08:20:26.416 8 INFO placement.requestlog [None req-546bf781-3530-46da-8ced-5ed6d73521cb 0c91f88703ed4a52bfbd5446150a909c 73a05f69873c4e79bdc14be99de9d108 - - c0c2e8167abe4228b9d9b618248004b7 c0c2e8167abe4228b9d9b618248004b7] 10.0.0.187 "GET /resource_providers/ae022a7f-db5f-44fa-b09a-3a032555949e/aggregates" status: 404 len: 235 microversion: 1.1 [pid: 8|app: 0|req: 660/1308] 10.0.0.187 () {32 vars in 816 bytes} [Thu Jul 16 08:20:26 2026] GET /resource_providers/ae022a7f-db5f-44fa-b09a-3a032555949e/aggregates => generated 235 bytes in 15 msecs (HTTP/1.1 404) 5 headers in 202 bytes (1 switches on core 0)
2026-07-16 08:20:26.441 7 INFO placement.requestlog [None req-6bfb63b0-0820-4bb4-9ae8-7501e12d3f0e 0c91f88703ed4a52bfbd5446150a909c 73a05f69873c4e79bdc14be99de9d108 - - c0c2e8167abe4228b9d9b618248004b7 c0c2e8167abe4228b9d9b618248004b7] 10.0.0.187 "DELETE /resource_providers/ae022a7f-db5f-44fa-b09a-3a032555949e" status: 404 len: 246 microversion: 1.1 [pid: 7|app: 0|req: 649/1309] 10.0.0.187 () {34 vars in 816 bytes} [Thu Jul 16 08:20:26 2026] DELETE /resource_providers/ae022a7f-db5f-44fa-b09a-3a032555949e => generated 246 bytes in 9 msecs (HTTP/1.1 404) 6 headers in 231 bytes (1 switches on core 0)
2026-07-16 08:20:26.445 8 INFO placement.requestlog [None req-215106b4-82f3-4893-8a19-26e0e985f582 0c91f88703ed4a52bfbd5446150a909c 73a05f69873c4e79bdc14be99de9d108 - - c0c2e8167abe4228b9d9b618248004b7 c0c2e8167abe4228b9d9b618248004b7] 10.0.0.187 "DELETE /resource_providers/ae022a7f-db5f-44fa-b09a-3a032555949e" status: 404 len: 246 microversion: 1.1 [pid: 8|app: 0|req: 661/1310] 10.0.0.187 () {34 vars in 816 bytes} [Thu Jul 16 08:20:26 2026] DELETE /resource_providers/ae022a7f-db5f-44fa-b09a-3a032555949e => generated 246 bytes in 13 msecs (HTTP/1.1 404) 6 headers in 231 bytes (1 switches on core 0)
2026-07-16 08:20:28.468 7 INFO placement.requestlog [None req-35e8e64b-3c32-4e52-8d58-6d96455cf217 0c91f88703ed4a52bfbd5446150a909c 73a05f69873c4e79bdc14be99de9d108 - - c0c2e8167abe4228b9d9b618248004b7 c0c2e8167abe4228b9d9b618248004b7] 10.0.0.187 "GET /resource_providers/f86592be-a2b9-4ea1-8e6c-04cff346a42c/aggregates" status: 404 len: 235 microversion: 1.1 [pid: 7|app: 0|req: 650/1311] 10.0.0.187 () {32 vars in 816 bytes} [Thu Jul 16 08:20:28 2026] GET /resource_providers/f86592be-a2b9-4ea1-8e6c-04cff346a42c/aggregates => generated 235 bytes in 14 msecs (HTTP/1.1 404) 5 headers in 202 bytes (1 switches on core 0)
2026-07-16 08:20:28.473 8 INFO placement.requestlog [None req-93f66d96-d02b-4d56-b3a5-c130d6b32b57 0c91f88703ed4a52bfbd5446150a909c 73a05f69873c4e79bdc14be99de9d108 - - c0c2e8167abe4228b9d9b618248004b7 c0c2e8167abe4228b9d9b618248004b7] 10.0.0.187 "GET /resource_providers/f86592be-a2b9-4ea1-8e6c-04cff346a42c/aggregates" status: 404 len: 235 microversion: 1.1 [pid: 8|app: 0|req: 662/1312] 10.0.0.187 () {32 vars in 816 bytes} [Thu Jul 16 08:20:28 2026] GET /resource_providers/f86592be-a2b9-4ea1-8e6c-04cff346a42c/aggregates => generated 235 bytes in 9 msecs (HTTP/1.1 404) 5 headers in 202 bytes (1 switches on core 0)
2026-07-16 08:20:28.493 8 INFO placement.requestlog [None req-a6d68ae8-84c7-4dad-a315-d3d359320a04 0c91f88703ed4a52bfbd5446150a909c 73a05f69873c4e79bdc14be99de9d108 - - c0c2e8167abe4228b9d9b618248004b7 c0c2e8167abe4228b9d9b618248004b7] 10.0.0.187 "DELETE /resource_providers/f86592be-a2b9-4ea1-8e6c-04cff346a42c" status: 404 len: 246 microversion: 1.1 [pid: 8|app: 0|req: 663/1313] 10.0.0.187 () {34 vars in 816 bytes} [Thu Jul 16 08:20:28 2026] DELETE /resource_providers/f86592be-a2b9-4ea1-8e6c-04cff346a42c => generated 246 bytes in 5 msecs (HTTP/1.1 404) 6 headers in 231 bytes (1 switches on core 0)
2026-07-16 08:20:28.500 7 INFO placement.requestlog [None req-b8d911b5-f54e-4a53-91c0-6639c1c4b664 0c91f88703ed4a52bfbd5446150a909c 73a05f69873c4e79bdc14be99de9d108 - - c0c2e8167abe4228b9d9b618248004b7 c0c2e8167abe4228b9d9b618248004b7] 10.0.0.187 "DELETE /resource_providers/f86592be-a2b9-4ea1-8e6c-04cff346a42c" status: 404 len: 246 microversion: 1.1 [pid: 7|app: 0|req: 651/1314] 10.0.0.187 () {34 vars in 816 bytes} [Thu Jul 16 08:20:28 2026] DELETE /resource_providers/f86592be-a2b9-4ea1-8e6c-04cff346a42c => generated 246 bytes in 13 msecs (HTTP/1.1 404) 6 headers in 231 bytes (1 switches on core 0)
2026-07-16 08:20:28.506 8 INFO placement.requestlog [None req-905155ef-2d30-484e-80b1-ef3e8d76f559 0c91f88703ed4a52bfbd5446150a909c 73a05f69873c4e79bdc14be99de9d108 - - c0c2e8167abe4228b9d9b618248004b7 c0c2e8167abe4228b9d9b618248004b7] 10.0.0.187 "GET /resource_providers/d43061d0-a76c-4ff8-8007-7c21d071af50/aggregates" status: 404 len: 235 microversion: 1.1 [pid: 8|app: 0|req: 664/1315] 10.0.0.187 () {32 vars in 816 bytes} [Thu Jul 16 08:20:28 2026] GET /resource_providers/d43061d0-a76c-4ff8-8007-7c21d071af50/aggregates => generated 235 bytes in 5 msecs (HTTP/1.1 404) 5 headers in 202 bytes (1 switches on core 0)
2026-07-16 08:20:28.512 7 INFO placement.requestlog [None req-ac36a7b1-7c3a-484c-98fb-da4d98c0f562 0c91f88703ed4a52bfbd5446150a909c 73a05f69873c4e79bdc14be99de9d108 - - c0c2e8167abe4228b9d9b618248004b7 c0c2e8167abe4228b9d9b618248004b7] 10.0.0.187 "GET /resource_providers/d43061d0-a76c-4ff8-8007-7c21d071af50/aggregates" status: 404 len: 235 microversion: 1.1 [pid: 7|app: 0|req: 652/1316] 10.0.0.187 () {32 vars in 816 bytes} [Thu Jul 16 08:20:28 2026] GET /resource_providers/d43061d0-a76c-4ff8-8007-7c21d071af50/aggregates => generated 235 bytes in 7 msecs (HTTP/1.1 404) 5 headers in 202 bytes (1 switches on core 0)
2026-07-16 08:20:28.521 8 INFO placement.requestlog [None req-46344ec4-31d3-4bbc-af30-3d5bbaaa2ea9 0c91f88703ed4a52bfbd5446150a909c 73a05f69873c4e79bdc14be99de9d108 - - c0c2e8167abe4228b9d9b618248004b7 c0c2e8167abe4228b9d9b618248004b7] 10.0.0.187 "DELETE /resource_providers/d43061d0-a76c-4ff8-8007-7c21d071af50" status: 404 len: 246 microversion: 1.1 [pid: 8|app: 0|req: 665/1317] 10.0.0.187 () {34 vars in 816 bytes} [Thu Jul 16 08:20:28 2026] DELETE /resource_providers/d43061d0-a76c-4ff8-8007-7c21d071af50 => generated 246 bytes in 5 msecs (HTTP/1.1 404) 6 headers in 231 bytes (1 switches on core 0)
2026-07-16 08:20:28.528 7 INFO placement.requestlog [None req-61ff30e8-50e0-4e04-9e81-a25f19824eec 0c91f88703ed4a52bfbd5446150a909c 73a05f69873c4e79bdc14be99de9d108 - - c0c2e8167abe4228b9d9b618248004b7 c0c2e8167abe4228b9d9b618248004b7] 10.0.0.187 "DELETE /resource_providers/d43061d0-a76c-4ff8-8007-7c21d071af50" status: 404 len: 246 microversion: 1.1 [pid: 7|app: 0|req: 653/1318] 10.0.0.187 () {34 vars in 816 bytes} [Thu Jul 16 08:20:28 2026] DELETE /resource_providers/d43061d0-a76c-4ff8-8007-7c21d071af50 => generated 246 bytes in 8 msecs (HTTP/1.1 404) 6 headers in 231 bytes (1 switches on core 0)
2026-07-16 08:20:30.549 8 INFO placement.requestlog [None req-1cfc3d7d-7753-46ef-85d5-4cd073b70a34 0c91f88703ed4a52bfbd5446150a909c 73a05f69873c4e79bdc14be99de9d108 - - c0c2e8167abe4228b9d9b618248004b7 c0c2e8167abe4228b9d9b618248004b7] 10.0.0.187 "GET /resource_providers/809809be-d1f9-4abf-b158-58b366f0c2c2/aggregates" status: 404 len: 235 microversion: 1.1 [pid: 8|app: 0|req: 666/1319] 10.0.0.187 () {32 vars in 816 bytes} [Thu Jul 16 08:20:30 2026] GET /resource_providers/809809be-d1f9-4abf-b158-58b366f0c2c2/aggregates => generated 235 bytes in 18 msecs (HTTP/1.1 404) 5 headers in 202 bytes (1 switches on core 0)
2026-07-16 08:20:30.551 7 INFO placement.requestlog [None req-875774f4-60a6-4713-9b99-b1cc9d07cb5a 0c91f88703ed4a52bfbd5446150a909c 73a05f69873c4e79bdc14be99de9d108 - - c0c2e8167abe4228b9d9b618248004b7 c0c2e8167abe4228b9d9b618248004b7] 10.0.0.187 "GET /resource_providers/809809be-d1f9-4abf-b158-58b366f0c2c2/aggregates" status: 404 len: 235 microversion: 1.1 [pid: 7|app: 0|req: 654/1320] 10.0.0.187 () {32 vars in 816 bytes} [Thu Jul 16 08:20:30 2026] GET /resource_providers/809809be-d1f9-4abf-b158-58b366f0c2c2/aggregates => generated 235 bytes in 9 msecs (HTTP/1.1 404) 5 headers in 202 bytes (1 switches on core 0)
2026-07-16 08:20:30.570 8 INFO placement.requestlog [None req-c47bdeda-dc3d-42a0-8a4f-38b37a6a97f1 0c91f88703ed4a52bfbd5446150a909c 73a05f69873c4e79bdc14be99de9d108 - - c0c2e8167abe4228b9d9b618248004b7 c0c2e8167abe4228b9d9b618248004b7] 10.0.0.187 "DELETE /resource_providers/809809be-d1f9-4abf-b158-58b366f0c2c2" status: 404 len: 246 microversion: 1.1 [pid: 8|app: 0|req: 667/1321] 10.0.0.187 () {34 vars in 816 bytes} [Thu Jul 16 08:20:30 2026] DELETE /resource_providers/809809be-d1f9-4abf-b158-58b366f0c2c2 => generated 246 bytes in 9 msecs (HTTP/1.1 404) 6 headers in 231 bytes (1 switches on core 0)
