2026-07-15 00:16:43.125 9 INFO neutron.notifiers.nova [-] Nova event matching ['req-1968d222-508a-4ba3-92a1-ed1a022bebf9'] response: {'server_uuid': 'eb2dcb32-0a61-4e6b-a140-f838ccf93d1f', 'name': 'network-vif-plugged', 'status': 'completed', 'tag': 'bb6137a9-e04e-4ee4-b9d0-c9cfd49fb5aa', 'code': 200}
2026-07-15 00:16:43.125 9 INFO neutron.notifiers.nova [-] Nova event matching ['req-1968d222-508a-4ba3-92a1-ed1a022bebf9'] response: {'server_uuid': 'eb2dcb32-0a61-4e6b-a140-f838ccf93d1f', 'name': 'network-vif-plugged', 'status': 'completed', 'tag': 'bb6137a9-e04e-4ee4-b9d0-c9cfd49fb5aa', 'code': 200}
2026-07-15 00:16:43.518 10 INFO neutron.wsgi [req-15b53e35-2990-4f4e-b623-bdd9147a51f5 req-01e0c4ce-728a-4680-9dfb-dbe9b3df965f 3b5103273dba4d32b23887f022c825b0 8cc18e2fd1c341a4b17cafa2ceb8fd6e - - default default] 10.0.0.93 "GET /v2.0/ports?device_id=eb2dcb32-0a61-4e6b-a140-f838ccf93d1f HTTP/1.1" status: 200 len: 1210 time: 0.0606358
2026-07-15 00:16:43.574 10 INFO neutron.wsgi [req-15b53e35-2990-4f4e-b623-bdd9147a51f5 req-c8a25606-07b0-4a5b-ae74-599923b38b9c 3b5103273dba4d32b23887f022c825b0 8cc18e2fd1c341a4b17cafa2ceb8fd6e - - default default] 10.0.0.93 "GET /v2.0/security-groups?id=bd3e5abd-fd0d-4c34-bf28-2cf720169b06&id=ff45cd3c-dd2f-4c7b-9b43-1b76f7ad5dfa&fields=id&fields=name HTTP/1.1" status: 200 len: 403 time: 0.0491395
2026-07-15 00:16:43.788 9 INFO neutron.wsgi [req-39073652-5677-4f2d-a7e5-34b5718482e2 req-8fa6ddc2-dc94-457d-99bb-f5085d8ce001 3b5103273dba4d32b23887f022c825b0 8cc18e2fd1c341a4b17cafa2ceb8fd6e - - default default] 10.0.0.93 "GET /v2.0/ports?device_id=eb2dcb32-0a61-4e6b-a140-f838ccf93d1f HTTP/1.1" status: 200 len: 1210 time: 0.1397407
2026-07-15 00:16:44.500 10 INFO neutron.wsgi [-] 10.0.0.102 "GET / HTTP/1.1" status: 200 len: 246 time: 0.0014086
2026-07-15 00:16:44.502 10 INFO neutron.wsgi [-] 10.0.0.102 "GET / HTTP/1.1" status: 200 len: 246 time: 0.0010135
2026-07-15 00:16:44.519 10 WARNING neutron_lib.context [None req-145642ab-4f4e-4cc2-86de-87415a0e6059 ae17986d42e5475292187c6d8eb66838 a450c9a6b409407198ede72d342c320f - - default default] Method 'is_advsvc' is deprecated since 2023.2 release (neutron-lib 3.8.0) and will be removed once support for the old RBAC API policies will be removed from Neutron. Please use method 'is_service_role' instead.
2026-07-15 00:16:44.646 10 INFO neutron.db.ovn_revision_numbers_db [None req-145642ab-4f4e-4cc2-86de-87415a0e6059 ae17986d42e5475292187c6d8eb66838 a450c9a6b409407198ede72d342c320f - - default default] Successfully bumped revision number for resource dba9e263-78c3-4c91-aa2a-6bbf9f0407e2 (type: security_groups) to 1
2026-07-15 00:16:44.658 10 INFO neutron.db.ovn_revision_numbers_db [None req-145642ab-4f4e-4cc2-86de-87415a0e6059 ae17986d42e5475292187c6d8eb66838 a450c9a6b409407198ede72d342c320f - - default default] Successfully bumped revision number for resource 1815748c-c827-4cde-957d-d7391c389dd0 (type: security_group_rules) to 0
2026-07-15 00:16:44.668 10 INFO neutron.db.ovn_revision_numbers_db [None req-145642ab-4f4e-4cc2-86de-87415a0e6059 ae17986d42e5475292187c6d8eb66838 a450c9a6b409407198ede72d342c320f - - default default] Successfully bumped revision number for resource 1b2fd092-1121-4ce7-81e9-0674d88eb2e7 (type: security_group_rules) to 0
2026-07-15 00:16:44.682 10 INFO neutron.db.ovn_revision_numbers_db [None req-145642ab-4f4e-4cc2-86de-87415a0e6059 ae17986d42e5475292187c6d8eb66838 a450c9a6b409407198ede72d342c320f - - default default] Successfully bumped revision number for resource 2260c943-71d9-4e97-9eaf-efb3ad124811 (type: security_group_rules) to 0
2026-07-15 00:16:44.695 10 INFO neutron.db.ovn_revision_numbers_db [None req-145642ab-4f4e-4cc2-86de-87415a0e6059 ae17986d42e5475292187c6d8eb66838 a450c9a6b409407198ede72d342c320f - - default default] Successfully bumped revision number for resource f5ce88ac-2e98-4f7f-827e-f44ae3072294 (type: security_group_rules) to 0
2026-07-15 00:16:44.751 10 INFO neutron.db.segments_db [None req-145642ab-4f4e-4cc2-86de-87415a0e6059 ae17986d42e5475292187c6d8eb66838 a450c9a6b409407198ede72d342c320f - - default default] Added segment 4bcc58a1-7098-4cb5-9fd7-efdbe0164c21 of type geneve for network 9b268918-b8de-4066-a706-e32626540f6c
2026-07-15 00:16:44.833 9 INFO neutron.db.ovn_revision_numbers_db [None req-ae4479a5-8c69-47c1-8e41-1bc58b7a7a76 3b5103273dba4d32b23887f022c825b0 8cc18e2fd1c341a4b17cafa2ceb8fd6e - - default default] Successfully bumped revision number for resource 859242f0-31ba-4a0e-9c6c-4ebbcf612104 (type: floatingips) to 1
2026-07-15 00:16:44.900 10 INFO neutron.db.ovn_revision_numbers_db [None req-145642ab-4f4e-4cc2-86de-87415a0e6059 ae17986d42e5475292187c6d8eb66838 a450c9a6b409407198ede72d342c320f - - default default] Successfully bumped revision number for resource 9b268918-b8de-4066-a706-e32626540f6c (type: networks) to 1
2026-07-15 00:16:44.965 9 INFO neutron.db.ovn_revision_numbers_db [None req-ae4479a5-8c69-47c1-8e41-1bc58b7a7a76 3b5103273dba4d32b23887f022c825b0 8cc18e2fd1c341a4b17cafa2ceb8fd6e - - default default] Successfully bumped revision number for resource 859242f0-31ba-4a0e-9c6c-4ebbcf612104 (type: floatingips) to 2
2026-07-15 00:16:44.966 9 INFO neutron.db.l3_db [None req-ae4479a5-8c69-47c1-8e41-1bc58b7a7a76 3b5103273dba4d32b23887f022c825b0 8cc18e2fd1c341a4b17cafa2ceb8fd6e - - default default] Floating IP 859242f0-31ba-4a0e-9c6c-4ebbcf612104 associated. External IP: 10.96.250.215, port: bb6137a9-e04e-4ee4-b9d0-c9cfd49fb5aa.
2026-07-15 00:16:45.010 9 INFO neutron.wsgi [None req-ae4479a5-8c69-47c1-8e41-1bc58b7a7a76 3b5103273dba4d32b23887f022c825b0 8cc18e2fd1c341a4b17cafa2ceb8fd6e - - default default] 10.0.0.217 "PUT /v2.0/floatingips/859242f0-31ba-4a0e-9c6c-4ebbcf612104 HTTP/1.1" status: 200 len: 1049 time: 1.2063935
2026-07-15 00:16:45.110 10 WARNING neutron.scheduler.dhcp_agent_scheduler [None req-145642ab-4f4e-4cc2-86de-87415a0e6059 ae17986d42e5475292187c6d8eb66838 a450c9a6b409407198ede72d342c320f - - default default] No more DHCP agents
2026-07-15 00:16:45.112 10 WARNING neutron.api.rpc.agentnotifiers.dhcp_rpc_agent_api [None req-145642ab-4f4e-4cc2-86de-87415a0e6059 ae17986d42e5475292187c6d8eb66838 a450c9a6b409407198ede72d342c320f - - default default] Unable to schedule network 9b268918-b8de-4066-a706-e32626540f6c: no agents available; will retry on subsequent port and subnet creation events.
2026-07-15 00:16:45.181 9 INFO neutron.notifiers.nova [-] Nova event matching ['req-6217685c-a2da-4600-96ca-7157ca55d70b'] response: {'name': 'network-changed', 'server_uuid': 'eb2dcb32-0a61-4e6b-a140-f838ccf93d1f', 'tag': 'bb6137a9-e04e-4ee4-b9d0-c9cfd49fb5aa', 'status': 'completed', 'code': 200} /var/lib/openstack/lib/python3.10/site-packages/pycadf/identifier.py:71: UserWarning: Invalid uuid: neutron. To ensure interoperability, identifiers should be a valid uuid. warnings.warn(('Invalid uuid: %s. To ensure interoperability, '
2026-07-15 00:16:45.254 10 INFO neutron.db.ovn_revision_numbers_db [None req-145642ab-4f4e-4cc2-86de-87415a0e6059 ae17986d42e5475292187c6d8eb66838 a450c9a6b409407198ede72d342c320f - - default default] Successfully bumped revision number for resource 7a9b3b8e-e3a3-49cd-8cb6-d8a90be01037 (type: ports) to 1
2026-07-15 00:16:45.258 9 INFO neutron.wsgi [req-b1e367f2-320b-49c4-9749-85c41423434e req-9c02a215-1ad8-4a7b-9cd5-8c492b0b907b a754bae6f1a04627af4b07292851ad2c d4f72008438441d799b5c7b357853935 - - 5c41aad2933c46f48380ba9f661a8615 5c41aad2933c46f48380ba9f661a8615] 199.204.45.4 "GET /v2.0/ports?tenant_id=8cc18e2fd1c341a4b17cafa2ceb8fd6e&device_id=eb2dcb32-0a61-4e6b-a140-f838ccf93d1f HTTP/1.1" status: 200 len: 1448 time: 0.0489767
2026-07-15 00:16:45.288 10 INFO neutron.wsgi [None req-145642ab-4f4e-4cc2-86de-87415a0e6059 ae17986d42e5475292187c6d8eb66838 a450c9a6b409407198ede72d342c320f - - default default] 10.0.0.217 "POST /v2.0/networks HTTP/1.1" status: 201 len: 831 time: 0.9426618
2026-07-15 00:16:45.297 10 WARNING neutron_lib.context [None req-901c5abd-0e92-4140-8064-e50ee6339057 ae17986d42e5475292187c6d8eb66838 a450c9a6b409407198ede72d342c320f - - default default] Method 'is_advsvc' is deprecated since 2023.2 release (neutron-lib 3.8.0) and will be removed once support for the old RBAC API policies will be removed from Neutron. Please use method 'is_service_role' instead.
2026-07-15 00:16:45.341 9 INFO neutron.wsgi [req-b1e367f2-320b-49c4-9749-85c41423434e req-c324c3d2-bee8-435a-aa8d-50b4109d803c a754bae6f1a04627af4b07292851ad2c d4f72008438441d799b5c7b357853935 - - 5c41aad2933c46f48380ba9f661a8615 5c41aad2933c46f48380ba9f661a8615] 199.204.45.4 "GET /v2.0/networks?id=53dc4de0-4117-462b-8fec-bc758df6be77 HTTP/1.1" status: 200 len: 971 time: 0.0772555
2026-07-15 00:16:45.414 9 INFO neutron.wsgi [req-b1e367f2-320b-49c4-9749-85c41423434e req-c5b7e3a2-9173-46ee-9925-49dc789977e2 a754bae6f1a04627af4b07292851ad2c d4f72008438441d799b5c7b357853935 - - 5c41aad2933c46f48380ba9f661a8615 5c41aad2933c46f48380ba9f661a8615] 199.204.45.4 "GET /v2.0/floatingips?fixed_ip_address=10.100.0.3&port_id=bb6137a9-e04e-4ee4-b9d0-c9cfd49fb5aa HTTP/1.1" status: 200 len: 1059 time: 0.0674117
2026-07-15 00:16:45.460 9 INFO neutron.wsgi [req-b1e367f2-320b-49c4-9749-85c41423434e req-522f498e-6b2f-4ad4-ac85-9c2929e97bcf a754bae6f1a04627af4b07292851ad2c d4f72008438441d799b5c7b357853935 - - 5c41aad2933c46f48380ba9f661a8615 5c41aad2933c46f48380ba9f661a8615] 199.204.45.4 "GET /v2.0/subnets?id=26da8337-fdc4-4de2-9383-9c112b5a09ff HTTP/1.1" status: 200 len: 866 time: 0.0403817
2026-07-15 00:16:45.491 9 INFO neutron.wsgi [req-b1e367f2-320b-49c4-9749-85c41423434e req-49ada354-3ccf-48a3-84f5-d0833a3fcc5a a754bae6f1a04627af4b07292851ad2c d4f72008438441d799b5c7b357853935 - - 5c41aad2933c46f48380ba9f661a8615 5c41aad2933c46f48380ba9f661a8615] 199.204.45.4 "GET /v2.0/ports?network_id=53dc4de0-4117-462b-8fec-bc758df6be77&device_owner=network%3Adhcp HTTP/1.1" status: 200 len: 210 time: 0.0238869
2026-07-15 00:16:45.564 9 INFO neutron.wsgi [req-b1e367f2-320b-49c4-9749-85c41423434e req-7bde871f-2e74-495f-8ad7-f9949d4d3c62 a754bae6f1a04627af4b07292851ad2c d4f72008438441d799b5c7b357853935 - - 5c41aad2933c46f48380ba9f661a8615 5c41aad2933c46f48380ba9f661a8615] 199.204.45.4 "GET /v2.0/networks/53dc4de0-4117-462b-8fec-bc758df6be77?fields=segments HTTP/1.1" status: 200 len: 212 time: 0.0647392
2026-07-15 00:16:45.604 10 WARNING neutron.scheduler.dhcp_agent_scheduler [None req-901c5abd-0e92-4140-8064-e50ee6339057 ae17986d42e5475292187c6d8eb66838 a450c9a6b409407198ede72d342c320f - - default default] No more DHCP agents
2026-07-15 00:16:45.609 10 WARNING neutron.api.rpc.agentnotifiers.dhcp_rpc_agent_api [None req-901c5abd-0e92-4140-8064-e50ee6339057 ae17986d42e5475292187c6d8eb66838 a450c9a6b409407198ede72d342c320f - - default default] Unable to schedule network 9b268918-b8de-4066-a706-e32626540f6c: no agents available; will retry on subsequent port and subnet creation events.
2026-07-15 00:16:45.629 9 INFO neutron.wsgi [req-b1e367f2-320b-49c4-9749-85c41423434e req-1c44c397-63ab-4860-99cc-5e6ec5e7816a a754bae6f1a04627af4b07292851ad2c d4f72008438441d799b5c7b357853935 - - 5c41aad2933c46f48380ba9f661a8615 5c41aad2933c46f48380ba9f661a8615] 199.204.45.4 "GET /v2.0/networks/53dc4de0-4117-462b-8fec-bc758df6be77?fields=provider%3Aphysical_network&fields=provider%3Anetwork_type HTTP/1.1" status: 200 len: 277 time: 0.0577450
2026-07-15 00:16:45.718 10 INFO neutron.db.ovn_revision_numbers_db [None req-901c5abd-0e92-4140-8064-e50ee6339057 ae17986d42e5475292187c6d8eb66838 a450c9a6b409407198ede72d342c320f - - default default] Successfully bumped revision number for resource 3d653e1f-fa76-47c7-a92c-5536563e9118 (type: ports) to 1
2026-07-15 00:16:45.744 10 INFO neutron.wsgi [None req-901c5abd-0e92-4140-8064-e50ee6339057 ae17986d42e5475292187c6d8eb66838 a450c9a6b409407198ede72d342c320f - - default default] 10.0.0.217 "POST /v2.0/ports HTTP/1.1" status: 201 len: 942 time: 0.4509811 /var/lib/openstack/lib/python3.10/site-packages/pycadf/identifier.py:71: UserWarning: Invalid uuid: neutron. To ensure interoperability, identifiers should be a valid uuid. warnings.warn(('Invalid uuid: %s. To ensure interoperability, '
2026-07-15 00:16:45.755 10 WARNING neutron_lib.context [None req-81af0768-3589-47cf-b68c-3f4cec54bed1 ae17986d42e5475292187c6d8eb66838 a450c9a6b409407198ede72d342c320f - - default default] Method 'is_advsvc' is deprecated since 2023.2 release (neutron-lib 3.8.0) and will be removed once support for the old RBAC API policies will be removed from Neutron. Please use method 'is_service_role' instead.
2026-07-15 00:16:45.966 10 INFO neutron.wsgi [None req-81af0768-3589-47cf-b68c-3f4cec54bed1 ae17986d42e5475292187c6d8eb66838 a450c9a6b409407198ede72d342c320f - - default default] 10.0.0.217 "POST /v2.0/trunks HTTP/1.1" status: 201 len: 608 time: 0.2165933
2026-07-15 00:16:46.006 9 INFO neutron.wsgi [req-1dea37fd-264c-4671-8173-2bfa5dfcb27a req-b90424f6-a7de-46d2-8bb3-431f9531c14e a754bae6f1a04627af4b07292851ad2c d4f72008438441d799b5c7b357853935 - - 5c41aad2933c46f48380ba9f661a8615 5c41aad2933c46f48380ba9f661a8615] 199.204.45.4 "GET /v2.0/ports?device_id=eb2dcb32-0a61-4e6b-a140-f838ccf93d1f&fields=binding%3Ahost_id&fields=binding%3Avif_type HTTP/1.1" status: 200 len: 265 time: 0.0482063
2026-07-15 00:16:46.022 9 INFO neutron.wsgi [None req-50b148db-7d15-41b7-b820-394afdc56f2d ae17986d42e5475292187c6d8eb66838 a450c9a6b409407198ede72d342c320f - - default default] 10.0.0.217 "PUT /v2.0/trunks/793a3c43-f6d7-4335-ae51-12d8cafd4121/tags HTTP/1.1" status: 200 len: 218 time: 0.0499203
2026-07-15 00:16:46.056 9 INFO neutron.wsgi [None req-30896f40-c902-4621-a643-076f89e825ce ae17986d42e5475292187c6d8eb66838 a450c9a6b409407198ede72d342c320f - - default default] 10.0.0.217 "GET /v2.0/trunks/793a3c43-f6d7-4335-ae51-12d8cafd4121/tags HTTP/1.1" status: 200 len: 218 time: 0.0268364
2026-07-15 00:16:46.089 9 INFO neutron.wsgi [req-1dea37fd-264c-4671-8173-2bfa5dfcb27a req-561db9dd-1394-405d-b23f-a44d1f1cc066 a754bae6f1a04627af4b07292851ad2c d4f72008438441d799b5c7b357853935 - - 5c41aad2933c46f48380ba9f661a8615 5c41aad2933c46f48380ba9f661a8615] 199.204.45.4 "GET /v2.0/ports?tenant_id=8cc18e2fd1c341a4b17cafa2ceb8fd6e&device_id=eb2dcb32-0a61-4e6b-a140-f838ccf93d1f HTTP/1.1" status: 200 len: 1448 time: 0.0422928
2026-07-15 00:16:46.101 10 INFO neutron.wsgi [None req-d4e8d7b8-d416-491a-8884-7fb3cdb4a3b8 ae17986d42e5475292187c6d8eb66838 a450c9a6b409407198ede72d342c320f - - default default] 10.0.0.217 "PUT /v2.0/trunks/793a3c43-f6d7-4335-ae51-12d8cafd4121/tags/green HTTP/1.1" status: 201 len: 201 time: 0.0387228
2026-07-15 00:16:46.127 10 INFO neutron.wsgi [None req-15118108-cc63-452e-8ecc-48ed19f66591 ae17986d42e5475292187c6d8eb66838 a450c9a6b409407198ede72d342c320f - - default default] 10.0.0.217 "GET /v2.0/trunks/793a3c43-f6d7-4335-ae51-12d8cafd4121/tags HTTP/1.1" status: 200 len: 227 time: 0.0189042
2026-07-15 00:16:46.154 10 INFO neutron.wsgi [None req-26d5a869-d882-4fcb-8f94-f81e0cc16478 ae17986d42e5475292187c6d8eb66838 a450c9a6b409407198ede72d342c320f - - default default] 10.0.0.217 "PUT /v2.0/trunks/793a3c43-f6d7-4335-ae51-12d8cafd4121/tags/red HTTP/1.1" status: 201 len: 201 time: 0.0226462
2026-07-15 00:16:46.186 9 INFO neutron.wsgi [None req-cd79e982-a12e-47b6-8e72-deb70e965da1 ae17986d42e5475292187c6d8eb66838 a450c9a6b409407198ede72d342c320f - - default default] 10.0.0.217 "GET /v2.0/trunks/793a3c43-f6d7-4335-ae51-12d8cafd4121/tags HTTP/1.1" status: 200 len: 227 time: 0.0278976
2026-07-15 00:16:46.195 9 INFO neutron.wsgi [req-1dea37fd-264c-4671-8173-2bfa5dfcb27a req-9714928c-c3a3-4946-b54f-cd297a591896 a754bae6f1a04627af4b07292851ad2c d4f72008438441d799b5c7b357853935 - - 5c41aad2933c46f48380ba9f661a8615 5c41aad2933c46f48380ba9f661a8615] 199.204.45.4 "GET /v2.0/networks?id=53dc4de0-4117-462b-8fec-bc758df6be77 HTTP/1.1" status: 200 len: 971 time: 0.0883598
2026-07-15 00:16:46.250 9 INFO neutron.wsgi [req-1dea37fd-264c-4671-8173-2bfa5dfcb27a req-2aed1eea-2535-478d-aadb-d71fbad0b44b a754bae6f1a04627af4b07292851ad2c d4f72008438441d799b5c7b357853935 - - 5c41aad2933c46f48380ba9f661a8615 5c41aad2933c46f48380ba9f661a8615] 199.204.45.4 "GET /v2.0/floatingips?fixed_ip_address=10.100.0.3&port_id=bb6137a9-e04e-4ee4-b9d0-c9cfd49fb5aa HTTP/1.1" status: 200 len: 1059 time: 0.0496721
2026-07-15 00:16:46.253 9 INFO neutron.wsgi [None req-4fb25008-9bf5-4e6d-9ce3-6998db0ab6f9 ae17986d42e5475292187c6d8eb66838 a450c9a6b409407198ede72d342c320f - - default default] 10.0.0.217 "PUT /v2.0/trunks/793a3c43-f6d7-4335-ae51-12d8cafd4121/tags/black.or.white HTTP/1.1" status: 201 len: 201 time: 0.0622911
2026-07-15 00:16:46.281 10 INFO neutron.wsgi [None req-88b9167c-caef-4401-bdca-3a1da2d57e8c ae17986d42e5475292187c6d8eb66838 a450c9a6b409407198ede72d342c320f - - default default] 10.0.0.217 "GET /v2.0/trunks/793a3c43-f6d7-4335-ae51-12d8cafd4121/tags HTTP/1.1" status: 200 len: 245 time: 0.0210495
2026-07-15 00:16:46.300 9 INFO neutron.wsgi [req-1dea37fd-264c-4671-8173-2bfa5dfcb27a req-e8692bbf-7f56-4275-85a7-7b43fe19c649 a754bae6f1a04627af4b07292851ad2c d4f72008438441d799b5c7b357853935 - - 5c41aad2933c46f48380ba9f661a8615 5c41aad2933c46f48380ba9f661a8615] 199.204.45.4 "GET /v2.0/subnets?id=26da8337-fdc4-4de2-9383-9c112b5a09ff HTTP/1.1" status: 200 len: 866 time: 0.0426836
2026-07-15 00:16:46.329 9 INFO neutron.wsgi [req-1dea37fd-264c-4671-8173-2bfa5dfcb27a req-5f1ec2b7-81da-4d9d-b077-78145787fb75 a754bae6f1a04627af4b07292851ad2c d4f72008438441d799b5c7b357853935 - - 5c41aad2933c46f48380ba9f661a8615 5c41aad2933c46f48380ba9f661a8615] 199.204.45.4 "GET /v2.0/ports?network_id=53dc4de0-4117-462b-8fec-bc758df6be77&device_owner=network%3Adhcp HTTP/1.1" status: 200 len: 210 time: 0.0225499
2026-07-15 00:16:46.339 9 INFO neutron.wsgi [None req-2a931833-ee4f-4e22-904e-9a79d8ef603a ae17986d42e5475292187c6d8eb66838 a450c9a6b409407198ede72d342c320f - - default default] 10.0.0.217 "PUT /v2.0/trunks/793a3c43-f6d7-4335-ae51-12d8cafd4121/tags HTTP/1.1" status: 200 len: 230 time: 0.0519910
2026-07-15 00:16:46.368 10 INFO neutron.wsgi [None req-056a4564-b9b4-470b-b2d4-28e695d79b97 ae17986d42e5475292187c6d8eb66838 a450c9a6b409407198ede72d342c320f - - default default] 10.0.0.217 "GET /v2.0/trunks/793a3c43-f6d7-4335-ae51-12d8cafd4121/tags HTTP/1.1" status: 200 len: 230 time: 0.0242364
2026-07-15 00:16:46.396 10 INFO neutron.wsgi [None req-eb185cb9-006f-4ad9-b9a9-104271547220 ae17986d42e5475292187c6d8eb66838 a450c9a6b409407198ede72d342c320f - - default default] 10.0.0.217 "GET /v2.0/trunks/793a3c43-f6d7-4335-ae51-12d8cafd4121/tags/red HTTP/1.1" status: 204 len: 168 time: 0.0231497
2026-07-15 00:16:46.409 9 INFO neutron.wsgi [req-1dea37fd-264c-4671-8173-2bfa5dfcb27a req-5b82a27f-0040-458d-a7fd-927d9282d21f a754bae6f1a04627af4b07292851ad2c d4f72008438441d799b5c7b357853935 - - 5c41aad2933c46f48380ba9f661a8615 5c41aad2933c46f48380ba9f661a8615] 199.204.45.4 "GET /v2.0/networks/53dc4de0-4117-462b-8fec-bc758df6be77?fields=segments HTTP/1.1" status: 200 len: 212 time: 0.0687363
2026-07-15 00:16:46.427 9 INFO neutron.api.v2.resource [None req-bc444355-35ff-4f7c-9b89-cda0fb1c8569 ae17986d42e5475292187c6d8eb66838 a450c9a6b409407198ede72d342c320f - - default default] show failed (client error): The resource could not be found.
2026-07-15 00:16:46.428 9 INFO neutron.wsgi [None req-bc444355-35ff-4f7c-9b89-cda0fb1c8569 ae17986d42e5475292187c6d8eb66838 a450c9a6b409407198ede72d342c320f - - default default] 10.0.0.217 "GET /v2.0/trunks/793a3c43-f6d7-4335-ae51-12d8cafd4121/tags/green HTTP/1.1" status: 404 len: 299 time: 0.0270009
2026-07-15 00:16:46.473 10 INFO neutron.wsgi [None req-715f14f7-8b87-4ea8-9398-eb60c4892e0b ae17986d42e5475292187c6d8eb66838 a450c9a6b409407198ede72d342c320f - - default default] 10.0.0.217 "DELETE /v2.0/trunks/793a3c43-f6d7-4335-ae51-12d8cafd4121/tags/red HTTP/1.1" status: 204 len: 168 time: 0.0378783
2026-07-15 00:16:46.476 9 INFO neutron.wsgi [req-1dea37fd-264c-4671-8173-2bfa5dfcb27a req-596559a9-4573-4347-b1eb-645b97ae236e a754bae6f1a04627af4b07292851ad2c d4f72008438441d799b5c7b357853935 - - 5c41aad2933c46f48380ba9f661a8615 5c41aad2933c46f48380ba9f661a8615] 199.204.45.4 "GET /v2.0/networks/53dc4de0-4117-462b-8fec-bc758df6be77?fields=provider%3Aphysical_network&fields=provider%3Anetwork_type HTTP/1.1" status: 200 len: 277 time: 0.0604923
2026-07-15 00:16:46.498 9 INFO neutron.wsgi [None req-86463393-8faa-472d-a1d8-5a79cc1a2b2c ae17986d42e5475292187c6d8eb66838 a450c9a6b409407198ede72d342c320f - - default default] 10.0.0.217 "GET /v2.0/trunks/793a3c43-f6d7-4335-ae51-12d8cafd4121/tags HTTP/1.1" status: 200 len: 223 time: 0.0211527
2026-07-15 00:16:46.527 9 INFO neutron.api.v2.resource [None req-1f3a6b61-0e5a-4b86-a0ea-f200c4a0decf ae17986d42e5475292187c6d8eb66838 a450c9a6b409407198ede72d342c320f - - default default] delete failed (client error): The resource could not be found.
2026-07-15 00:16:46.529 9 INFO neutron.wsgi [None req-1f3a6b61-0e5a-4b86-a0ea-f200c4a0decf ae17986d42e5475292187c6d8eb66838 a450c9a6b409407198ede72d342c320f - - default default] 10.0.0.217 "DELETE /v2.0/trunks/793a3c43-f6d7-4335-ae51-12d8cafd4121/tags/green HTTP/1.1" status: 404 len: 299 time: 0.0251689
2026-07-15 00:16:46.569 9 INFO neutron.wsgi [None req-2d3b22db-9809-4fd4-ab3f-f47f18f41640 ae17986d42e5475292187c6d8eb66838 a450c9a6b409407198ede72d342c320f - - default default] 10.0.0.217 "DELETE /v2.0/trunks/793a3c43-f6d7-4335-ae51-12d8cafd4121/tags HTTP/1.1" status: 204 len: 168 time: 0.0344968
2026-07-15 00:16:46.598 9 INFO neutron.wsgi [None req-1e8869b4-ff0d-476c-b7ea-e51890d3554d ae17986d42e5475292187c6d8eb66838 a450c9a6b409407198ede72d342c320f - - default default] 10.0.0.217 "GET /v2.0/trunks/793a3c43-f6d7-4335-ae51-12d8cafd4121/tags HTTP/1.1" status: 200 len: 205 time: 0.0225492
2026-07-15 00:16:46.635 9 INFO neutron.wsgi [None req-e6e2ebc8-bb64-4ef9-966e-535136e17256 ae17986d42e5475292187c6d8eb66838 a450c9a6b409407198ede72d342c320f - - default default] 10.0.0.217 "GET /v2.0/trunks/793a3c43-f6d7-4335-ae51-12d8cafd4121 HTTP/1.1" status: 200 len: 603 time: 0.0306952
2026-07-15 00:16:46.751 9 INFO neutron.wsgi [None req-96e8ed9a-8da5-41c6-bc53-96d6c18a490f ae17986d42e5475292187c6d8eb66838 a450c9a6b409407198ede72d342c320f - - default default] 10.0.0.217 "GET /v2.0/ports/3d653e1f-fa76-47c7-a92c-5536563e9118 HTTP/1.1" status: 200 len: 1020 time: 0.1120410
2026-07-15 00:16:46.848 9 INFO neutron.wsgi [None req-2ecfa8d0-d7d7-4794-b4b7-f6182c45448e ae17986d42e5475292187c6d8eb66838 a450c9a6b409407198ede72d342c320f - - default default] 10.0.0.217 "DELETE /v2.0/trunks/793a3c43-f6d7-4335-ae51-12d8cafd4121 HTTP/1.1" status: 204 len: 168 time: 0.0930061
2026-07-15 00:16:47.156 9 INFO neutron.wsgi [None req-5ca62852-d5da-4b20-a4a8-103c1612bd6f ae17986d42e5475292187c6d8eb66838 a450c9a6b409407198ede72d342c320f - - default default] 10.0.0.217 "DELETE /v2.0/ports/3d653e1f-fa76-47c7-a92c-5536563e9118 HTTP/1.1" status: 204 len: 168 time: 0.3015766
2026-07-15 00:16:47.551 9 INFO neutron.services.segments.plugin [-] Segment 4bcc58a1-7098-4cb5-9fd7-efdbe0164c21 resource provider aggregate not found
2026-07-15 00:16:47.560 9 INFO neutron.services.segments.plugin [-] Segment 4bcc58a1-7098-4cb5-9fd7-efdbe0164c21 resource provider aggregate not found
2026-07-15 00:16:47.568 9 INFO neutron.services.segments.plugin [-] Segment 4bcc58a1-7098-4cb5-9fd7-efdbe0164c21 resource provider not found; error: Placement Client Error (4xx): {"errors": [{"status": 404, "title": "Not Found", "detail": "The resource could not be found.\n\n No resource provider with uuid 4bcc58a1-7098-4cb5-9fd7-efdbe0164c21 found for delete ", "request_id": "req-3cc6ef3b-49bf-4370-99bc-8d2347883f6f"}]}
2026-07-15 00:16:47.572 9 INFO neutron.wsgi [None req-51dad34e-8935-42ac-b668-e7d5cab1984e ae17986d42e5475292187c6d8eb66838 a450c9a6b409407198ede72d342c320f - - default default] 10.0.0.217 "DELETE /v2.0/networks/9b268918-b8de-4066-a706-e32626540f6c HTTP/1.1" status: 204 len: 168 time: 0.4117339
2026-07-15 00:16:47.576 9 INFO neutron.services.segments.plugin [-] Segment 4bcc58a1-7098-4cb5-9fd7-efdbe0164c21 resource provider not found; error: Placement Client Error (4xx): {"errors": [{"status": 404, "title": "Not Found", "detail": "The resource could not be found.\n\n No resource provider with uuid 4bcc58a1-7098-4cb5-9fd7-efdbe0164c21 found for delete ", "request_id": "req-cf766b30-f76c-476a-975e-97236a75bb2a"}]}
2026-07-15 00:16:48.522 9 INFO neutron.db.ovn_revision_numbers_db [None req-dac337d8-ac77-4a36-8a2d-bdadd13cfeb7 851b7c2d5e414e4295867e176e51c3f5 d37282b52f0c42eeb9a5de6b4a37b929 - - default default] Successfully bumped revision number for resource bca7eb8f-6139-4f7e-b051-fde11db68117 (type: security_groups) to 1
2026-07-15 00:16:48.536 9 INFO neutron.db.ovn_revision_numbers_db [None req-dac337d8-ac77-4a36-8a2d-bdadd13cfeb7 851b7c2d5e414e4295867e176e51c3f5 d37282b52f0c42eeb9a5de6b4a37b929 - - default default] Successfully bumped revision number for resource 049b3346-3993-4613-8923-07e3db24a4de (type: security_group_rules) to 0
2026-07-15 00:16:48.551 9 INFO neutron.db.ovn_revision_numbers_db [None req-dac337d8-ac77-4a36-8a2d-bdadd13cfeb7 851b7c2d5e414e4295867e176e51c3f5 d37282b52f0c42eeb9a5de6b4a37b929 - - default default] Successfully bumped revision number for resource 492b8b67-bbec-4648-9f64-3ae92e9e43b1 (type: security_group_rules) to 0
2026-07-15 00:16:48.567 9 INFO neutron.db.ovn_revision_numbers_db [None req-dac337d8-ac77-4a36-8a2d-bdadd13cfeb7 851b7c2d5e414e4295867e176e51c3f5 d37282b52f0c42eeb9a5de6b4a37b929 - - default default] Successfully bumped revision number for resource 612724d0-8783-46d6-8ee1-7eef236254b9 (type: security_group_rules) to 0
2026-07-15 00:16:48.581 9 INFO neutron.db.ovn_revision_numbers_db [None req-dac337d8-ac77-4a36-8a2d-bdadd13cfeb7 851b7c2d5e414e4295867e176e51c3f5 d37282b52f0c42eeb9a5de6b4a37b929 - - default default] Successfully bumped revision number for resource d1ea7499-3c09-4c73-9c1c-eb2abfb0313a (type: security_group_rules) to 0
2026-07-15 00:16:48.605 9 INFO neutron.wsgi [None req-dac337d8-ac77-4a36-8a2d-bdadd13cfeb7 851b7c2d5e414e4295867e176e51c3f5 d37282b52f0c42eeb9a5de6b4a37b929 - - default default] 10.0.0.217 "GET /v2.0/security-groups?tenant_id=320f2acdf6af4b0d91107b4a2c9e97f2&name=default HTTP/1.1" status: 200 len: 3124 time: 0.3405538
2026-07-15 00:16:48.889 10 INFO neutron.wsgi [None req-133085f2-38fe-459e-a4ee-8edcf630ca64 851b7c2d5e414e4295867e176e51c3f5 d37282b52f0c42eeb9a5de6b4a37b929 - - default default] 10.0.0.217 "DELETE /v2.0/security-groups/bca7eb8f-6139-4f7e-b051-fde11db68117 HTTP/1.1" status: 204 len: 168 time: 0.2778304
2026-07-15 00:16:49.038 10 INFO neutron.wsgi [None req-fe266cf5-306c-4223-8bac-1498b082f41d 851b7c2d5e414e4295867e176e51c3f5 d37282b52f0c42eeb9a5de6b4a37b929 - - default default] 10.0.0.217 "GET /v2.0/security-groups?tenant_id=a450c9a6b409407198ede72d342c320f&name=default HTTP/1.1" status: 200 len: 3124 time: 0.0370691
2026-07-15 00:16:49.277 10 INFO neutron.wsgi [None req-d57b0ad6-c0d6-4da1-9e8f-9a3489ab6d52 851b7c2d5e414e4295867e176e51c3f5 d37282b52f0c42eeb9a5de6b4a37b929 - - default default] 10.0.0.217 "DELETE /v2.0/security-groups/dba9e263-78c3-4c91-aa2a-6bbf9f0407e2 HTTP/1.1" status: 204 len: 168 time: 0.2338502
2026-07-15 00:16:52.638 9 WARNING neutron_lib.context [None req-459f23ee-ebf0-4610-b348-d7b62734dacc cd513d91e87d4c199c8b6e5f1f0f3fc2 1e98b493bed34d9e865a4235cd739c6f - - default default] Method 'is_advsvc' is deprecated since 2023.2 release (neutron-lib 3.8.0) and will be removed once support for the old RBAC API policies will be removed from Neutron. Please use method 'is_service_role' instead.
2026-07-15 00:16:52.812 9 INFO neutron.db.ovn_revision_numbers_db [None req-459f23ee-ebf0-4610-b348-d7b62734dacc cd513d91e87d4c199c8b6e5f1f0f3fc2 1e98b493bed34d9e865a4235cd739c6f - - default default] Successfully bumped revision number for resource bae5f23d-33b2-4a9c-9572-0fb3f9580e70 (type: security_groups) to 1
2026-07-15 00:16:52.828 9 INFO neutron.db.ovn_revision_numbers_db [None req-459f23ee-ebf0-4610-b348-d7b62734dacc cd513d91e87d4c199c8b6e5f1f0f3fc2 1e98b493bed34d9e865a4235cd739c6f - - default default] Successfully bumped revision number for resource 3fcafbfa-c1b4-4d30-8e3b-4e720a8b0e6a (type: security_group_rules) to 0
2026-07-15 00:16:52.843 9 INFO neutron.db.ovn_revision_numbers_db [None req-459f23ee-ebf0-4610-b348-d7b62734dacc cd513d91e87d4c199c8b6e5f1f0f3fc2 1e98b493bed34d9e865a4235cd739c6f - - default default] Successfully bumped revision number for resource 4f3222f7-2ab6-42ea-b97f-ab51459c070c (type: security_group_rules) to 0
2026-07-15 00:16:52.864 9 INFO neutron.db.ovn_revision_numbers_db [None req-459f23ee-ebf0-4610-b348-d7b62734dacc cd513d91e87d4c199c8b6e5f1f0f3fc2 1e98b493bed34d9e865a4235cd739c6f - - default default] Successfully bumped revision number for resource 7cbdaa18-c407-4684-b183-dfdab92b054d (type: security_group_rules) to 0
2026-07-15 00:16:52.882 9 INFO neutron.db.ovn_revision_numbers_db [None req-459f23ee-ebf0-4610-b348-d7b62734dacc cd513d91e87d4c199c8b6e5f1f0f3fc2 1e98b493bed34d9e865a4235cd739c6f - - default default] Successfully bumped revision number for resource 969c8a05-ae54-44c6-b889-ff0dfb7c027b (type: security_group_rules) to 0
2026-07-15 00:16:52.933 9 INFO neutron.db.segments_db [None req-459f23ee-ebf0-4610-b348-d7b62734dacc cd513d91e87d4c199c8b6e5f1f0f3fc2 1e98b493bed34d9e865a4235cd739c6f - - default default] Added segment 24909209-9857-4181-87b9-7cd4c0c46315 of type geneve for network 7744dcc5-65cd-46a6-993e-1a22744bfa51
2026-07-15 00:16:53.081 9 INFO neutron.db.ovn_revision_numbers_db [None req-459f23ee-ebf0-4610-b348-d7b62734dacc cd513d91e87d4c199c8b6e5f1f0f3fc2 1e98b493bed34d9e865a4235cd739c6f - - default default] Successfully bumped revision number for resource 7744dcc5-65cd-46a6-993e-1a22744bfa51 (type: networks) to 1
2026-07-15 00:16:53.276 9 WARNING neutron.scheduler.dhcp_agent_scheduler [None req-459f23ee-ebf0-4610-b348-d7b62734dacc cd513d91e87d4c199c8b6e5f1f0f3fc2 1e98b493bed34d9e865a4235cd739c6f - - default default] No more DHCP agents
2026-07-15 00:16:53.277 9 WARNING neutron.api.rpc.agentnotifiers.dhcp_rpc_agent_api [None req-459f23ee-ebf0-4610-b348-d7b62734dacc cd513d91e87d4c199c8b6e5f1f0f3fc2 1e98b493bed34d9e865a4235cd739c6f - - default default] Unable to schedule network 7744dcc5-65cd-46a6-993e-1a22744bfa51: no agents available; will retry on subsequent port and subnet creation events.
2026-07-15 00:16:53.354 9 INFO neutron.db.ovn_revision_numbers_db [None req-459f23ee-ebf0-4610-b348-d7b62734dacc cd513d91e87d4c199c8b6e5f1f0f3fc2 1e98b493bed34d9e865a4235cd739c6f - - default default] Successfully bumped revision number for resource 6d27d128-1b67-4969-9184-edec6fe2e5bd (type: ports) to 1
2026-07-15 00:16:53.378 9 INFO neutron.wsgi [None req-459f23ee-ebf0-4610-b348-d7b62734dacc cd513d91e87d4c199c8b6e5f1f0f3fc2 1e98b493bed34d9e865a4235cd739c6f - - default default] 10.0.0.217 "POST /v2.0/networks HTTP/1.1" status: 201 len: 830 time: 0.8920496
2026-07-15 00:16:53.388 9 WARNING neutron_lib.context [None req-61b21476-2cbc-4e7a-a7ab-9791e5ee66fb cd513d91e87d4c199c8b6e5f1f0f3fc2 1e98b493bed34d9e865a4235cd739c6f - - default default] Method 'is_advsvc' is deprecated since 2023.2 release (neutron-lib 3.8.0) and will be removed once support for the old RBAC API policies will be removed from Neutron. Please use method 'is_service_role' instead.
2026-07-15 00:16:53.472 9 INFO neutron.db.segments_db [None req-61b21476-2cbc-4e7a-a7ab-9791e5ee66fb cd513d91e87d4c199c8b6e5f1f0f3fc2 1e98b493bed34d9e865a4235cd739c6f - - default default] Added segment 46bbc484-64c4-44f5-87d1-057806acf90a of type geneve for network c87fbcb0-2747-44a2-8924-8c7b171dbc3d
2026-07-15 00:16:53.622 9 INFO neutron.db.ovn_revision_numbers_db [None req-61b21476-2cbc-4e7a-a7ab-9791e5ee66fb cd513d91e87d4c199c8b6e5f1f0f3fc2 1e98b493bed34d9e865a4235cd739c6f - - default default] Successfully bumped revision number for resource c87fbcb0-2747-44a2-8924-8c7b171dbc3d (type: networks) to 1
2026-07-15 00:16:53.853 9 WARNING neutron.scheduler.dhcp_agent_scheduler [None req-61b21476-2cbc-4e7a-a7ab-9791e5ee66fb cd513d91e87d4c199c8b6e5f1f0f3fc2 1e98b493bed34d9e865a4235cd739c6f - - default default] No more DHCP agents
2026-07-15 00:16:53.855 9 WARNING neutron.api.rpc.agentnotifiers.dhcp_rpc_agent_api [None req-61b21476-2cbc-4e7a-a7ab-9791e5ee66fb cd513d91e87d4c199c8b6e5f1f0f3fc2 1e98b493bed34d9e865a4235cd739c6f - - default default] Unable to schedule network c87fbcb0-2747-44a2-8924-8c7b171dbc3d: no agents available; will retry on subsequent port and subnet creation events.
2026-07-15 00:16:53.948 9 INFO neutron.db.ovn_revision_numbers_db [None req-61b21476-2cbc-4e7a-a7ab-9791e5ee66fb cd513d91e87d4c199c8b6e5f1f0f3fc2 1e98b493bed34d9e865a4235cd739c6f - - default default] Successfully bumped revision number for resource bb06cc05-e060-4a2b-ade3-2379c149665e (type: ports) to 1
2026-07-15 00:16:53.978 9 INFO neutron.wsgi [None req-61b21476-2cbc-4e7a-a7ab-9791e5ee66fb cd513d91e87d4c199c8b6e5f1f0f3fc2 1e98b493bed34d9e865a4235cd739c6f - - default default] 10.0.0.217 "POST /v2.0/networks HTTP/1.1" status: 201 len: 831 time: 0.5954928
2026-07-15 00:16:54.053 9 INFO neutron.wsgi [None req-b5acb364-1bc7-4847-a9a4-d887596266c5 cd513d91e87d4c199c8b6e5f1f0f3fc2 1e98b493bed34d9e865a4235cd739c6f - - default default] 10.0.0.217 "PUT /v2.0/networks/7744dcc5-65cd-46a6-993e-1a22744bfa51/tags HTTP/1.1" status: 200 len: 218 time: 0.0699134
2026-07-15 00:16:54.106 10 INFO neutron.wsgi [None req-f66581b7-cf10-4173-845f-c406c1aa5112 cd513d91e87d4c199c8b6e5f1f0f3fc2 1e98b493bed34d9e865a4235cd739c6f - - default default] 10.0.0.217 "GET /v2.0/networks/7744dcc5-65cd-46a6-993e-1a22744bfa51/tags HTTP/1.1" status: 200 len: 218 time: 0.0487411
2026-07-15 00:16:54.164 10 INFO neutron.wsgi [None req-82ca03ad-2ef5-480f-bd7a-066ad71ced73 cd513d91e87d4c199c8b6e5f1f0f3fc2 1e98b493bed34d9e865a4235cd739c6f - - default default] 10.0.0.217 "PUT /v2.0/networks/c87fbcb0-2747-44a2-8924-8c7b171dbc3d/tags HTTP/1.1" status: 200 len: 210 time: 0.0534959
2026-07-15 00:16:54.210 10 INFO neutron.wsgi [None req-5f157c9a-3f6d-47e7-9c83-c5a0c6e693b9 cd513d91e87d4c199c8b6e5f1f0f3fc2 1e98b493bed34d9e865a4235cd739c6f - - default default] 10.0.0.217 "GET /v2.0/networks/c87fbcb0-2747-44a2-8924-8c7b171dbc3d/tags HTTP/1.1" status: 200 len: 210 time: 0.0409589
2026-07-15 00:16:54.274 9 INFO neutron.wsgi [None req-5c215794-70c2-49ad-ab23-cf6afc6d1325 cd513d91e87d4c199c8b6e5f1f0f3fc2 1e98b493bed34d9e865a4235cd739c6f - - default default] 10.0.0.217 "PUT /v2.0/networks/c87fbcb0-2747-44a2-8924-8c7b171dbc3d/tags HTTP/1.1" status: 200 len: 205 time: 0.0590193
2026-07-15 00:16:54.319 10 INFO neutron.wsgi [None req-7f49c24a-6018-4641-a91a-e2f514d65fcc cd513d91e87d4c199c8b6e5f1f0f3fc2 1e98b493bed34d9e865a4235cd739c6f - - default default] 10.0.0.217 "GET /v2.0/networks/c87fbcb0-2747-44a2-8924-8c7b171dbc3d/tags HTTP/1.1" status: 200 len: 205 time: 0.0394161
2026-07-15 00:16:54.363 10 INFO neutron.wsgi [None req-32a6525e-03f4-4dde-b352-9e652261ea64 cd513d91e87d4c199c8b6e5f1f0f3fc2 1e98b493bed34d9e865a4235cd739c6f - - default default] 10.0.0.217 "GET /v2.0/networks/7744dcc5-65cd-46a6-993e-1a22744bfa51/tags HTTP/1.1" status: 200 len: 218 time: 0.0389411
2026-07-15 00:16:54.765 9 INFO neutron.services.segments.plugin [-] Segment 24909209-9857-4181-87b9-7cd4c0c46315 resource provider aggregate not found
2026-07-15 00:16:54.770 9 INFO neutron.services.segments.plugin [-] Segment 24909209-9857-4181-87b9-7cd4c0c46315 resource provider aggregate not found
2026-07-15 00:16:54.788 9 INFO neutron.services.segments.plugin [-] Segment 24909209-9857-4181-87b9-7cd4c0c46315 resource provider not found; error: Placement Client Error (4xx): {"errors": [{"status": 404, "title": "Not Found", "detail": "The resource could not be found.\n\n No resource provider with uuid 24909209-9857-4181-87b9-7cd4c0c46315 found for delete ", "request_id": "req-a38deaef-757c-4657-adcd-262b35e9e9a1"}]}
2026-07-15 00:16:54.799 9 INFO neutron.services.segments.plugin [-] Segment 24909209-9857-4181-87b9-7cd4c0c46315 resource provider not found; error: Placement Client Error (4xx): {"errors": [{"status": 404, "title": "Not Found", "detail": "The resource could not be found.\n\n No resource provider with uuid 24909209-9857-4181-87b9-7cd4c0c46315 found for delete ", "request_id": "req-6f725736-f80a-4dbe-b50a-eddada397b4a"}]}
2026-07-15 00:16:54.827 9 INFO neutron.wsgi [None req-18e0917d-0271-489a-a2b6-1dd083d21688 cd513d91e87d4c199c8b6e5f1f0f3fc2 1e98b493bed34d9e865a4235cd739c6f - - default default] 10.0.0.217 "DELETE /v2.0/networks/7744dcc5-65cd-46a6-993e-1a22744bfa51 HTTP/1.1" status: 204 len: 168 time: 0.4530089
2026-07-15 00:16:55.224 10 INFO neutron.services.segments.plugin [-] Segment 46bbc484-64c4-44f5-87d1-057806acf90a resource provider aggregate not found
2026-07-15 00:16:55.229 10 INFO neutron.services.segments.plugin [-] Segment 46bbc484-64c4-44f5-87d1-057806acf90a resource provider aggregate not found
2026-07-15 00:16:55.243 10 INFO neutron.wsgi [None req-b453bdc1-52b6-43ea-b89d-cedba8572502 cd513d91e87d4c199c8b6e5f1f0f3fc2 1e98b493bed34d9e865a4235cd739c6f - - default default] 10.0.0.217 "DELETE /v2.0/networks/c87fbcb0-2747-44a2-8924-8c7b171dbc3d HTTP/1.1" status: 204 len: 168 time: 0.4111774
2026-07-15 00:16:55.244 10 INFO neutron.services.segments.plugin [-] Segment 46bbc484-64c4-44f5-87d1-057806acf90a resource provider not found; error: Placement Client Error (4xx): {"errors": [{"status": 404, "title": "Not Found", "detail": "The resource could not be found.\n\n No resource provider with uuid 46bbc484-64c4-44f5-87d1-057806acf90a found for delete ", "request_id": "req-3c6d4928-9ba8-4b70-886a-bb02fa5d5f87"}]}
2026-07-15 00:16:55.251 10 INFO neutron.services.segments.plugin [-] Segment 46bbc484-64c4-44f5-87d1-057806acf90a resource provider not found; error: Placement Client Error (4xx): {"errors": [{"status": 404, "title": "Not Found", "detail": "The resource could not be found.\n\n No resource provider with uuid 46bbc484-64c4-44f5-87d1-057806acf90a found for delete ", "request_id": "req-ddd99109-f6be-45d6-8393-be305f86f0f9"}]}
2026-07-15 00:16:56.209 10 INFO neutron.db.ovn_revision_numbers_db [None req-05019b29-28f8-402b-9f31-e789a28c4e98 851b7c2d5e414e4295867e176e51c3f5 d37282b52f0c42eeb9a5de6b4a37b929 - - default default] Successfully bumped revision number for resource 018834ee-ab65-49f3-b0b3-0b831597b513 (type: security_groups) to 1
2026-07-15 00:16:56.223 10 INFO neutron.db.ovn_revision_numbers_db [None req-05019b29-28f8-402b-9f31-e789a28c4e98 851b7c2d5e414e4295867e176e51c3f5 d37282b52f0c42eeb9a5de6b4a37b929 - - default default] Successfully bumped revision number for resource 6d6dcb5f-17fc-484a-ae9a-0e28f47c4a9b (type: security_group_rules) to 0
2026-07-15 00:16:56.236 10 INFO neutron.db.ovn_revision_numbers_db [None req-05019b29-28f8-402b-9f31-e789a28c4e98 851b7c2d5e414e4295867e176e51c3f5 d37282b52f0c42eeb9a5de6b4a37b929 - - default default] Successfully bumped revision number for resource 6e311bd3-dcb5-49e9-bb3d-9e291786f0c9 (type: security_group_rules) to 0
2026-07-15 00:16:56.251 10 INFO neutron.db.ovn_revision_numbers_db [None req-05019b29-28f8-402b-9f31-e789a28c4e98 851b7c2d5e414e4295867e176e51c3f5 d37282b52f0c42eeb9a5de6b4a37b929 - - default default] Successfully bumped revision number for resource 9dbfc2a3-032d-44a2-b0d2-16f72a1bb9be (type: security_group_rules) to 0
2026-07-15 00:16:56.264 10 INFO neutron.db.ovn_revision_numbers_db [None req-05019b29-28f8-402b-9f31-e789a28c4e98 851b7c2d5e414e4295867e176e51c3f5 d37282b52f0c42eeb9a5de6b4a37b929 - - default default] Successfully bumped revision number for resource b98869d3-d253-4111-b730-418861bd2a02 (type: security_group_rules) to 0
2026-07-15 00:16:56.285 10 INFO neutron.wsgi [None req-05019b29-28f8-402b-9f31-e789a28c4e98 851b7c2d5e414e4295867e176e51c3f5 d37282b52f0c42eeb9a5de6b4a37b929 - - default default] 10.0.0.217 "GET /v2.0/security-groups?tenant_id=a1ebea9be5a44b5b86a48ef88c44a3cc&name=default HTTP/1.1" status: 200 len: 3124 time: 0.2959867
2026-07-15 00:16:56.526 9 INFO neutron.wsgi [None req-86591663-3890-4c9c-a212-223c0961c496 851b7c2d5e414e4295867e176e51c3f5 d37282b52f0c42eeb9a5de6b4a37b929 - - default default] 10.0.0.217 "DELETE /v2.0/security-groups/018834ee-ab65-49f3-b0b3-0b831597b513 HTTP/1.1" status: 204 len: 168 time: 0.2342162
2026-07-15 00:16:56.698 10 INFO neutron.wsgi [None req-16d270a0-7a07-44ef-a24e-1fbfce443d72 851b7c2d5e414e4295867e176e51c3f5 d37282b52f0c42eeb9a5de6b4a37b929 - - default default] 10.0.0.217 "GET /v2.0/security-groups?tenant_id=1e98b493bed34d9e865a4235cd739c6f&name=default HTTP/1.1" status: 200 len: 3124 time: 0.0583973
2026-07-15 00:16:56.953 9 INFO neutron.wsgi [None req-cacd97ff-03b4-464f-bd01-65cf4622ca87 851b7c2d5e414e4295867e176e51c3f5 d37282b52f0c42eeb9a5de6b4a37b929 - - default default] 10.0.0.217 "DELETE /v2.0/security-groups/bae5f23d-33b2-4a9c-9572-0fb3f9580e70 HTTP/1.1" status: 204 len: 168 time: 0.2481165
2026-07-15 00:16:58.828 9 INFO neutron.wsgi [None req-ff40f37c-5783-4b6b-b9d5-c4cac45e7926 851b7c2d5e414e4295867e176e51c3f5 d37282b52f0c42eeb9a5de6b4a37b929 - - default default] 10.0.0.110 "GET /v2.0/subnets HTTP/1.1" status: 200 len: 2744 time: 0.2004180
2026-07-15 00:16:58.841 9 INFO neutron.wsgi [None req-00e9a62f-087b-48ae-bf11-d7205e26769c 851b7c2d5e414e4295867e176e51c3f5 d37282b52f0c42eeb9a5de6b4a37b929 - - default default] 10.0.0.110 "GET /v2.0/subnetpools HTTP/1.1" status: 200 len: 193 time: 0.0113611
2026-07-15 00:16:58.857 9 INFO neutron.wsgi [None req-e95e6a6e-d5e6-4ffb-b5e0-1ff3e320ab98 851b7c2d5e414e4295867e176e51c3f5 d37282b52f0c42eeb9a5de6b4a37b929 - - default default] 10.0.0.110 "GET /v2.0/network-ip-availabilities HTTP/1.1" status: 200 len: 2222 time: 0.0151906
2026-07-15 00:16:58.911 9 INFO neutron.wsgi [None req-e4dad5af-33d2-4a2c-8838-6f2433d8ea07 851b7c2d5e414e4295867e176e51c3f5 d37282b52f0c42eeb9a5de6b4a37b929 - - default default] 10.0.0.110 "GET /v2.0/security-groups HTTP/1.1" status: 200 len: 31589 time: 0.0526886
2026-07-15 00:16:59.002 9 INFO neutron.wsgi [None req-209b69dc-4fe2-4c96-aa66-f7c31bc674fd 851b7c2d5e414e4295867e176e51c3f5 d37282b52f0c42eeb9a5de6b4a37b929 - - default default] 10.0.0.110 "GET /v2.0/ports HTTP/1.1" status: 200 len: 14033 time: 0.0823758
2026-07-15 00:16:59.362 9 INFO neutron.wsgi [None req-f84b03eb-8389-454d-a60a-bb4334510801 851b7c2d5e414e4295867e176e51c3f5 d37282b52f0c42eeb9a5de6b4a37b929 - - default default] 10.0.0.110 "GET /v2.0/networks HTTP/1.1" status: 200 len: 3864 time: 0.3495090
2026-07-15 00:16:59.427 9 INFO neutron.wsgi [None req-0936fb6e-27e2-43f8-a4ce-20ef9d015fab 851b7c2d5e414e4295867e176e51c3f5 d37282b52f0c42eeb9a5de6b4a37b929 - - default default] 10.0.0.110 "GET /v2.0/floatingips HTTP/1.1" status: 200 len: 1035 time: 0.0618339
2026-07-15 00:16:59.508 10 INFO neutron.wsgi [-] 10.0.0.102 "GET / HTTP/1.1" status: 200 len: 246 time: 0.0019112
2026-07-15 00:16:59.514 10 INFO neutron.wsgi [-] 10.0.0.102 "GET / HTTP/1.1" status: 200 len: 246 time: 0.0020697
2026-07-15 00:16:59.569 9 INFO neutron.wsgi [None req-5bbb9f39-b652-417a-b513-b99d88141fdf 851b7c2d5e414e4295867e176e51c3f5 d37282b52f0c42eeb9a5de6b4a37b929 - - default default] 10.0.0.110 "GET /v2.0/routers HTTP/1.1" status: 200 len: 2112 time: 0.1402705
2026-07-15 00:16:59.585 9 INFO neutron.wsgi [None req-645c1921-ddba-48ac-b8e5-1c816afd5459 851b7c2d5e414e4295867e176e51c3f5 d37282b52f0c42eeb9a5de6b4a37b929 - - default default] 10.0.0.110 "GET /v2.0/agents?binary=ovn-controller HTTP/1.1" status: 200 len: 591 time: 0.0149603
2026-07-15 00:16:59.604 9 INFO neutron.wsgi [None req-1dcf7914-dc52-4cf4-a086-cef2443556f7 851b7c2d5e414e4295867e176e51c3f5 d37282b52f0c42eeb9a5de6b4a37b929 - - default default] 10.0.0.110 "GET /v2.0/agents HTTP/1.1" status: 200 len: 1390 time: 0.0176985
2026-07-15 00:16:59.643 9 INFO neutron.wsgi [None req-2811a3d1-d651-4bc2-a538-7f6f8cf2975e 851b7c2d5e414e4295867e176e51c3f5 d37282b52f0c42eeb9a5de6b4a37b929 - - default default] 10.0.0.110 "GET /v2.0/subnets HTTP/1.1" status: 200 len: 2744 time: 0.0385480
2026-07-15 00:17:00.373 9 WARNING neutron_lib.context [None req-d206ea9f-2eaf-4ea4-aadd-cad1650cb669 210a730e3b994f2ea2aa288fe2884819 4f4d15e693084cc28a21ea10b6098fb0 - - default default] Method 'is_advsvc' is deprecated since 2023.2 release (neutron-lib 3.8.0) and will be removed once support for the old RBAC API policies will be removed from Neutron. Please use method 'is_service_role' instead.
2026-07-15 00:17:00.529 9 INFO neutron.db.ovn_revision_numbers_db [None req-d206ea9f-2eaf-4ea4-aadd-cad1650cb669 210a730e3b994f2ea2aa288fe2884819 4f4d15e693084cc28a21ea10b6098fb0 - - default default] Successfully bumped revision number for resource 35214fae-d561-4514-8872-e9bb6cf1919a (type: security_groups) to 1
2026-07-15 00:17:00.542 9 INFO neutron.db.ovn_revision_numbers_db [None req-d206ea9f-2eaf-4ea4-aadd-cad1650cb669 210a730e3b994f2ea2aa288fe2884819 4f4d15e693084cc28a21ea10b6098fb0 - - default default] Successfully bumped revision number for resource 163e8a4f-fad7-4f57-99b1-8e3001199fc2 (type: security_group_rules) to 0
2026-07-15 00:17:00.558 9 INFO neutron.db.ovn_revision_numbers_db [None req-d206ea9f-2eaf-4ea4-aadd-cad1650cb669 210a730e3b994f2ea2aa288fe2884819 4f4d15e693084cc28a21ea10b6098fb0 - - default default] Successfully bumped revision number for resource 7656f232-e1aa-47a2-a453-892e88eb820e (type: security_group_rules) to 0
2026-07-15 00:17:00.576 9 INFO neutron.db.ovn_revision_numbers_db [None req-d206ea9f-2eaf-4ea4-aadd-cad1650cb669 210a730e3b994f2ea2aa288fe2884819 4f4d15e693084cc28a21ea10b6098fb0 - - default default] Successfully bumped revision number for resource b351ec44-c637-48a4-826f-4c7a12a68ad0 (type: security_group_rules) to 0
2026-07-15 00:17:00.591 9 INFO neutron.db.ovn_revision_numbers_db [None req-d206ea9f-2eaf-4ea4-aadd-cad1650cb669 210a730e3b994f2ea2aa288fe2884819 4f4d15e693084cc28a21ea10b6098fb0 - - default default] Successfully bumped revision number for resource c605ff82-4916-4bc8-99e0-c2eed5024a01 (type: security_group_rules) to 0
2026-07-15 00:17:00.643 9 INFO neutron.db.segments_db [None req-d206ea9f-2eaf-4ea4-aadd-cad1650cb669 210a730e3b994f2ea2aa288fe2884819 4f4d15e693084cc28a21ea10b6098fb0 - - default default] Added segment 488ff8c7-1386-4c84-9204-eacc312bec4e of type geneve for network de65e869-2642-48d0-968e-7f2e92b0aaaf
2026-07-15 00:17:00.753 9 INFO neutron.wsgi [req-110a470c-aeb7-43c4-8e46-f13def89d694 req-b9c2b9cb-085c-4ffd-80f3-03f4db9470b5 3b5103273dba4d32b23887f022c825b0 8cc18e2fd1c341a4b17cafa2ceb8fd6e - - default default] 10.0.0.93 "GET /v2.0/ports?device_id=eb2dcb32-0a61-4e6b-a140-f838ccf93d1f HTTP/1.1" status: 200 len: 1210 time: 0.1500180
2026-07-15 00:17:00.848 9 INFO neutron.wsgi [req-110a470c-aeb7-43c4-8e46-f13def89d694 req-b5faedd5-da20-4703-ac13-776b73db161f 3b5103273dba4d32b23887f022c825b0 8cc18e2fd1c341a4b17cafa2ceb8fd6e - - default default] 10.0.0.93 "GET /v2.0/security-groups?id=bd3e5abd-fd0d-4c34-bf28-2cf720169b06&id=ff45cd3c-dd2f-4c7b-9b43-1b76f7ad5dfa&fields=id&fields=name HTTP/1.1" status: 200 len: 403 time: 0.0863402
2026-07-15 00:17:00.860 9 INFO neutron.db.ovn_revision_numbers_db [None req-d206ea9f-2eaf-4ea4-aadd-cad1650cb669 210a730e3b994f2ea2aa288fe2884819 4f4d15e693084cc28a21ea10b6098fb0 - - default default] Successfully bumped revision number for resource de65e869-2642-48d0-968e-7f2e92b0aaaf (type: networks) to 1
2026-07-15 00:17:01.055 10 INFO neutron.wsgi [None req-28230314-3461-4992-a76f-db8633139604 f34279978f814b418c09004d6aea7e32 8b9f9341f5254bdc82e44ba96ff31ca3 - - default default] 10.0.0.217 "GET /v2.0/ports?device_id=eb2dcb32-0a61-4e6b-a140-f838ccf93d1f HTTP/1.1" status: 200 len: 1443 time: 0.1789949
2026-07-15 00:17:01.076 9 WARNING neutron.scheduler.dhcp_agent_scheduler [None req-d206ea9f-2eaf-4ea4-aadd-cad1650cb669 210a730e3b994f2ea2aa288fe2884819 4f4d15e693084cc28a21ea10b6098fb0 - - default default] No more DHCP agents
2026-07-15 00:17:01.079 9 WARNING neutron.api.rpc.agentnotifiers.dhcp_rpc_agent_api [None req-d206ea9f-2eaf-4ea4-aadd-cad1650cb669 210a730e3b994f2ea2aa288fe2884819 4f4d15e693084cc28a21ea10b6098fb0 - - default default] Unable to schedule network de65e869-2642-48d0-968e-7f2e92b0aaaf: no agents available; will retry on subsequent port and subnet creation events.
2026-07-15 00:17:01.166 9 INFO neutron.db.ovn_revision_numbers_db [None req-d206ea9f-2eaf-4ea4-aadd-cad1650cb669 210a730e3b994f2ea2aa288fe2884819 4f4d15e693084cc28a21ea10b6098fb0 - - default default] Successfully bumped revision number for resource c9a2e9ef-5282-4c86-9a75-afa4b97657fa (type: ports) to 1
2026-07-15 00:17:01.190 9 INFO neutron.wsgi [None req-d206ea9f-2eaf-4ea4-aadd-cad1650cb669 210a730e3b994f2ea2aa288fe2884819 4f4d15e693084cc28a21ea10b6098fb0 - - default default] 10.0.0.217 "POST /v2.0/networks HTTP/1.1" status: 201 len: 825 time: 0.9733932
2026-07-15 00:17:01.201 9 WARNING neutron_lib.context [None req-f75be5cc-92dc-432e-a3d0-0792f8337725 210a730e3b994f2ea2aa288fe2884819 4f4d15e693084cc28a21ea10b6098fb0 - - default default] Method 'is_advsvc' is deprecated since 2023.2 release (neutron-lib 3.8.0) and will be removed once support for the old RBAC API policies will be removed from Neutron. Please use method 'is_service_role' instead.
2026-07-15 00:17:01.335 10 INFO neutron.wsgi [None req-57bf6e8b-80ec-4674-9ce9-92889af6611c 3b5103273dba4d32b23887f022c825b0 8cc18e2fd1c341a4b17cafa2ceb8fd6e - - default default] 10.0.0.217 "GET /v2.0/floatingips?floating_network_id=26c6b39e-c936-438f-b814-b71b15a8d673&port_id=bb6137a9-e04e-4ee4-b9d0-c9cfd49fb5aa HTTP/1.1" status: 200 len: 1054 time: 0.2743542
2026-07-15 00:17:01.445 9 WARNING neutron.scheduler.dhcp_agent_scheduler [None req-f75be5cc-92dc-432e-a3d0-0792f8337725 210a730e3b994f2ea2aa288fe2884819 4f4d15e693084cc28a21ea10b6098fb0 - - default default] No more DHCP agents
