2026-07-15 00:17:52.189 10 INFO neutron.wsgi [None req-6dd12337-9593-41e4-85d5-1f23f07ce120 2e16d47fe472414ab1853edc2c160219 080c8c133af3455ab862d4cd9327db62 - - default default] 10.0.0.217 "POST /v2.0/networks HTTP/1.1" status: 201 len: 830 time: 0.9773760 /var/lib/openstack/lib/python3.10/site-packages/pycadf/identifier.py:71: UserWarning: Invalid uuid: neutron. To ensure interoperability, identifiers should be a valid uuid. warnings.warn(('Invalid uuid: %s. To ensure interoperability, '
2026-07-15 00:17:52.200 9 WARNING neutron_lib.context [None req-7b89a375-2380-4ccc-9989-2bf37d4a1c1e 2e16d47fe472414ab1853edc2c160219 080c8c133af3455ab862d4cd9327db62 - - default default] Method 'is_advsvc' is deprecated since 2023.2 release (neutron-lib 3.8.0) and will be removed once support for the old RBAC API policies will be removed from Neutron. Please use method 'is_service_role' instead.
2026-07-15 00:17:52.555 9 WARNING neutron.scheduler.dhcp_agent_scheduler [None req-7b89a375-2380-4ccc-9989-2bf37d4a1c1e 2e16d47fe472414ab1853edc2c160219 080c8c133af3455ab862d4cd9327db62 - - default default] No more DHCP agents
2026-07-15 00:17:52.571 9 WARNING neutron.api.rpc.agentnotifiers.dhcp_rpc_agent_api [None req-7b89a375-2380-4ccc-9989-2bf37d4a1c1e 2e16d47fe472414ab1853edc2c160219 080c8c133af3455ab862d4cd9327db62 - - default default] Unable to schedule network cf19401a-0bd7-4637-b493-4f580cec7550: no agents available; will retry on subsequent port and subnet creation events.
2026-07-15 00:17:52.594 9 INFO neutron.services.segments.plugin [-] Segment 1988e14c-577e-4654-8d36-79dfa6cfa8a3 resource provider aggregate not found
2026-07-15 00:17:52.601 9 INFO neutron.services.segments.plugin [-] Segment 1988e14c-577e-4654-8d36-79dfa6cfa8a3 resource provider aggregate not found
2026-07-15 00:17:52.611 9 INFO neutron.services.segments.plugin [-] Segment 1988e14c-577e-4654-8d36-79dfa6cfa8a3 resource provider not found; error: Placement Client Error (4xx): {"errors": [{"status": 404, "title": "Not Found", "detail": "The resource could not be found.\n\n No resource provider with uuid 1988e14c-577e-4654-8d36-79dfa6cfa8a3 found for delete ", "request_id": "req-aca06a77-c11b-4673-9f18-b2d188817bdb"}]}
2026-07-15 00:17:52.620 9 INFO neutron.services.segments.plugin [-] Segment 1988e14c-577e-4654-8d36-79dfa6cfa8a3 resource provider not found; error: Placement Client Error (4xx): {"errors": [{"status": 404, "title": "Not Found", "detail": "The resource could not be found.\n\n No resource provider with uuid 1988e14c-577e-4654-8d36-79dfa6cfa8a3 found for delete ", "request_id": "req-c2e69a73-28bd-412c-b96c-2e87e22ce665"}]}
2026-07-15 00:17:52.679 9 INFO neutron.wsgi [None req-d5d03e2e-07ab-4015-8076-9e2c5d985c21 210a730e3b994f2ea2aa288fe2884819 4f4d15e693084cc28a21ea10b6098fb0 - - default default] 10.0.0.217 "DELETE /v2.0/vpn/vpnservices/2b5a7cbe-28da-48d0-ac4d-92dec9cadef9 HTTP/1.1" status: 204 len: 168 time: 3.1388559
2026-07-15 00:17:52.680 10 WARNING neutron.plugins.ml2.drivers.ovn.mech_driver.ovsdb.ovn_client [None req-54af771d-6cd2-404c-b450-159907c9d9b0 - - - - - -] No hosting information found for port 58f4ae61-dd12-4d4b-8016-ee05a7dd8621: RuntimeError: No hosting information found for port 58f4ae61-dd12-4d4b-8016-ee05a7dd8621
2026-07-15 00:17:52.680 10 INFO neutron.plugins.ml2.drivers.ovn.mech_driver.mech_driver [None req-54af771d-6cd2-404c-b450-159907c9d9b0 - - - - - -] OVN reports status up for port: 21cf965a-7ffd-4941-b9bd-096014c47a5e
2026-07-15 00:17:52.700 9 INFO neutron.db.ovn_revision_numbers_db [None req-7b89a375-2380-4ccc-9989-2bf37d4a1c1e 2e16d47fe472414ab1853edc2c160219 080c8c133af3455ab862d4cd9327db62 - - default default] Successfully bumped revision number for resource b3da2b15-11ab-49ef-ba36-a4c5f936ff20 (type: ports) to 1
2026-07-15 00:17:52.704 10 INFO neutron.wsgi [None req-065e4260-9388-4dd1-bb65-91d624fba1f7 210a730e3b994f2ea2aa288fe2884819 4f4d15e693084cc28a21ea10b6098fb0 - - default default] 10.0.0.217 "GET /v2.0/vpn/vpnservices HTTP/1.1" status: 200 len: 1055 time: 0.0186849
2026-07-15 00:17:52.714 10 WARNING neutron_lib.context [None req-581c12a6-0820-4c21-92a9-db6cd122f8e6 210a730e3b994f2ea2aa288fe2884819 4f4d15e693084cc28a21ea10b6098fb0 - - default default] Method 'is_advsvc' is deprecated since 2023.2 release (neutron-lib 3.8.0) and will be removed once support for the old RBAC API policies will be removed from Neutron. Please use method 'is_service_role' instead.
2026-07-15 00:17:52.729 9 INFO neutron.wsgi [None req-7b89a375-2380-4ccc-9989-2bf37d4a1c1e 2e16d47fe472414ab1853edc2c160219 080c8c133af3455ab862d4cd9327db62 - - default default] 10.0.0.217 "POST /v2.0/ports HTTP/1.1" status: 201 len: 942 time: 0.5354669 /var/lib/openstack/lib/python3.10/site-packages/pycadf/identifier.py:71: UserWarning: Invalid uuid: neutron. To ensure interoperability, identifiers should be a valid uuid. warnings.warn(('Invalid uuid: %s. To ensure interoperability, '
2026-07-15 00:17:52.780 10 INFO neutron.api.v2.resource [None req-581c12a6-0820-4c21-92a9-db6cd122f8e6 210a730e3b994f2ea2aa288fe2884819 4f4d15e693084cc28a21ea10b6098fb0 - - default default] create failed (client error): The server could not comply with the request since it is either malformed or otherwise incorrect.
2026-07-15 00:17:52.783 10 INFO neutron.wsgi [None req-581c12a6-0820-4c21-92a9-db6cd122f8e6 210a730e3b994f2ea2aa288fe2884819 4f4d15e693084cc28a21ea10b6098fb0 - - default default] 10.0.0.217 "POST /v2.0/vpn/ipsec-site-connections HTTP/1.1" status: 400 len: 330 time: 0.0735478
2026-07-15 00:17:52.789 9 INFO neutron.wsgi [None req-98c4f1d0-6e99-4f7a-97b0-7ad5957ae475 2e16d47fe472414ab1853edc2c160219 080c8c133af3455ab862d4cd9327db62 - - default default] 10.0.0.217 "PUT /v2.0/ports/b3da2b15-11ab-49ef-ba36-a4c5f936ff20/tags HTTP/1.1" status: 200 len: 218 time: 0.0539947
2026-07-15 00:17:52.804 10 WARNING neutron_lib.context [None req-fe6c5556-6e9f-4e1c-b9ea-2c4c1cef3ae3 210a730e3b994f2ea2aa288fe2884819 4f4d15e693084cc28a21ea10b6098fb0 - - default default] Method 'is_advsvc' is deprecated since 2023.2 release (neutron-lib 3.8.0) and will be removed once support for the old RBAC API policies will be removed from Neutron. Please use method 'is_service_role' instead.
2026-07-15 00:17:52.849 10 INFO neutron.wsgi [None req-b7ac200a-40f6-4f83-ae8e-6c1ca82ffd3d 2e16d47fe472414ab1853edc2c160219 080c8c133af3455ab862d4cd9327db62 - - default default] 10.0.0.217 "GET /v2.0/ports/b3da2b15-11ab-49ef-ba36-a4c5f936ff20/tags HTTP/1.1" status: 200 len: 218 time: 0.0540566
2026-07-15 00:17:52.878 10 INFO neutron.api.v2.resource [None req-fe6c5556-6e9f-4e1c-b9ea-2c4c1cef3ae3 210a730e3b994f2ea2aa288fe2884819 4f4d15e693084cc28a21ea10b6098fb0 - - default default] create failed (client error): The server could not comply with the request since it is either malformed or otherwise incorrect.
2026-07-15 00:17:52.880 10 INFO neutron.wsgi [None req-fe6c5556-6e9f-4e1c-b9ea-2c4c1cef3ae3 210a730e3b994f2ea2aa288fe2884819 4f4d15e693084cc28a21ea10b6098fb0 - - default default] 10.0.0.217 "POST /v2.0/vpn/ipsec-site-connections HTTP/1.1" status: 400 len: 339 time: 0.0873380
2026-07-15 00:17:52.897 10 WARNING neutron.api.v2.base [None req-2db66d40-9d07-488d-9aba-89261444ac5d 210a730e3b994f2ea2aa288fe2884819 4f4d15e693084cc28a21ea10b6098fb0 - - default default] An exception happened while processing the request body. The exception message is [Invalid input for dpd. Reason: '59' is not a dictionary.].: webob.exc.HTTPBadRequest: Invalid input for dpd. Reason: '59' is not a dictionary.
2026-07-15 00:17:52.899 10 INFO neutron.api.v2.resource [None req-2db66d40-9d07-488d-9aba-89261444ac5d 210a730e3b994f2ea2aa288fe2884819 4f4d15e693084cc28a21ea10b6098fb0 - - default default] create failed (client error): Invalid input for dpd. Reason: '59' is not a dictionary.
2026-07-15 00:17:52.900 10 INFO neutron.wsgi [None req-2db66d40-9d07-488d-9aba-89261444ac5d 210a730e3b994f2ea2aa288fe2884819 4f4d15e693084cc28a21ea10b6098fb0 - - default default] 10.0.0.217 "POST /v2.0/vpn/ipsec-site-connections HTTP/1.1" status: 400 len: 332 time: 0.0100901
2026-07-15 00:17:52.913 9 WARNING neutron_lib.context [None req-022cdc75-56af-4bb9-8634-387099d66506 210a730e3b994f2ea2aa288fe2884819 4f4d15e693084cc28a21ea10b6098fb0 - - default default] Method 'is_advsvc' is deprecated since 2023.2 release (neutron-lib 3.8.0) and will be removed once support for the old RBAC API policies will be removed from Neutron. Please use method 'is_service_role' instead.
2026-07-15 00:17:52.923 9 INFO neutron.wsgi [None req-c31ac400-f515-47c0-baa4-8290625cb814 2e16d47fe472414ab1853edc2c160219 080c8c133af3455ab862d4cd9327db62 - - default default] 10.0.0.217 "PUT /v2.0/ports/b3da2b15-11ab-49ef-ba36-a4c5f936ff20/tags/green HTTP/1.1" status: 201 len: 201 time: 0.0684361
2026-07-15 00:17:52.966 9 INFO neutron.wsgi [None req-022cdc75-56af-4bb9-8634-387099d66506 210a730e3b994f2ea2aa288fe2884819 4f4d15e693084cc28a21ea10b6098fb0 - - default default] 10.0.0.217 "POST /v2.0/vpn/endpoint-groups HTTP/1.1" status: 201 len: 493 time: 0.0583155
2026-07-15 00:17:52.968 9 INFO neutron.wsgi [None req-3c127d8e-3b82-4877-bdfd-5bfde9cdcaac 2e16d47fe472414ab1853edc2c160219 080c8c133af3455ab862d4cd9327db62 - - default default] 10.0.0.217 "GET /v2.0/ports/b3da2b15-11ab-49ef-ba36-a4c5f936ff20/tags HTTP/1.1" status: 200 len: 227 time: 0.0391247
2026-07-15 00:17:52.975 9 WARNING neutron_lib.context [None req-9ee05ac0-1fde-49ff-a802-25c019d22816 210a730e3b994f2ea2aa288fe2884819 4f4d15e693084cc28a21ea10b6098fb0 - - default default] Method 'is_advsvc' is deprecated since 2023.2 release (neutron-lib 3.8.0) and will be removed once support for the old RBAC API policies will be removed from Neutron. Please use method 'is_service_role' instead.
2026-07-15 00:17:53.020 10 INFO neutron.wsgi [None req-b4b359b5-9396-418e-9f66-bda009ccb9b6 2e16d47fe472414ab1853edc2c160219 080c8c133af3455ab862d4cd9327db62 - - default default] 10.0.0.217 "PUT /v2.0/ports/b3da2b15-11ab-49ef-ba36-a4c5f936ff20/tags/red HTTP/1.1" status: 201 len: 201 time: 0.0473859
2026-07-15 00:17:53.021 9 INFO neutron.api.v2.resource [None req-9ee05ac0-1fde-49ff-a802-25c019d22816 210a730e3b994f2ea2aa288fe2884819 4f4d15e693084cc28a21ea10b6098fb0 - - default default] create failed (client error): The server could not comply with the request since it is either malformed or otherwise incorrect.
2026-07-15 00:17:53.022 9 INFO neutron.wsgi [None req-9ee05ac0-1fde-49ff-a802-25c019d22816 210a730e3b994f2ea2aa288fe2884819 4f4d15e693084cc28a21ea10b6098fb0 - - default default] 10.0.0.217 "POST /v2.0/vpn/ipsec-site-connections HTTP/1.1" status: 400 len: 352 time: 0.0505450
2026-07-15 00:17:53.045 10 INFO neutron.wsgi [None req-c0cd90dc-33f6-4bc2-b9b5-18c1e0aa6fd0 210a730e3b994f2ea2aa288fe2884819 4f4d15e693084cc28a21ea10b6098fb0 - - default default] 10.0.0.217 "GET /v2.0/vpn/endpoint-groups HTTP/1.1" status: 200 len: 1103 time: 0.0142782
2026-07-15 00:17:53.066 9 INFO neutron.wsgi [None req-b418a3a0-a051-495b-8a5a-75e940b9fd33 2e16d47fe472414ab1853edc2c160219 080c8c133af3455ab862d4cd9327db62 - - default default] 10.0.0.217 "GET /v2.0/ports/b3da2b15-11ab-49ef-ba36-a4c5f936ff20/tags HTTP/1.1" status: 200 len: 227 time: 0.0407236
2026-07-15 00:17:53.085 10 INFO neutron.wsgi [None req-b8244e93-602b-4cac-91d5-83fa19263b69 210a730e3b994f2ea2aa288fe2884819 4f4d15e693084cc28a21ea10b6098fb0 - - default default] 10.0.0.217 "DELETE /v2.0/vpn/endpoint-groups/01641adc-cca1-458a-8ad4-4aa2e39bd984 HTTP/1.1" status: 204 len: 168 time: 0.0346127
2026-07-15 00:17:53.103 9 INFO neutron.wsgi [None req-a542b0eb-3c16-4e35-91a3-1520319a2cea 210a730e3b994f2ea2aa288fe2884819 4f4d15e693084cc28a21ea10b6098fb0 - - default default] 10.0.0.217 "GET /v2.0/vpn/endpoint-groups HTTP/1.1" status: 200 len: 827 time: 0.0132031
2026-07-15 00:17:53.114 9 WARNING neutron_lib.context [None req-47651cc2-e517-4c9c-bbb4-5c48cae7cc5a 210a730e3b994f2ea2aa288fe2884819 4f4d15e693084cc28a21ea10b6098fb0 - - default default] Method 'is_advsvc' is deprecated since 2023.2 release (neutron-lib 3.8.0) and will be removed once support for the old RBAC API policies will be removed from Neutron. Please use method 'is_service_role' instead.
2026-07-15 00:17:53.129 10 INFO neutron.wsgi [None req-f1e8ece3-0272-4038-980e-5ba533f48d4b 2e16d47fe472414ab1853edc2c160219 080c8c133af3455ab862d4cd9327db62 - - default default] 10.0.0.217 "PUT /v2.0/ports/b3da2b15-11ab-49ef-ba36-a4c5f936ff20/tags/black.or.white HTTP/1.1" status: 201 len: 201 time: 0.0547807
2026-07-15 00:17:53.169 10 INFO neutron.wsgi [None req-191a6b7e-ad7b-4af3-87bc-c5d91e6eceed 2e16d47fe472414ab1853edc2c160219 080c8c133af3455ab862d4cd9327db62 - - default default] 10.0.0.217 "GET /v2.0/ports/b3da2b15-11ab-49ef-ba36-a4c5f936ff20/tags HTTP/1.1" status: 200 len: 245 time: 0.0358374
2026-07-15 00:17:53.171 9 INFO neutron.wsgi [None req-47651cc2-e517-4c9c-bbb4-5c48cae7cc5a 210a730e3b994f2ea2aa288fe2884819 4f4d15e693084cc28a21ea10b6098fb0 - - default default] 10.0.0.217 "POST /v2.0/vpn/endpoint-groups HTTP/1.1" status: 201 len: 501 time: 0.0611029
2026-07-15 00:17:53.182 9 WARNING neutron_lib.context [None req-93931a3a-f94f-47fd-a865-24905e6e5ffd 210a730e3b994f2ea2aa288fe2884819 4f4d15e693084cc28a21ea10b6098fb0 - - default default] Method 'is_advsvc' is deprecated since 2023.2 release (neutron-lib 3.8.0) and will be removed once support for the old RBAC API policies will be removed from Neutron. Please use method 'is_service_role' instead.
2026-07-15 00:17:53.222 9 INFO neutron.api.v2.resource [None req-93931a3a-f94f-47fd-a865-24905e6e5ffd 210a730e3b994f2ea2aa288fe2884819 4f4d15e693084cc28a21ea10b6098fb0 - - default default] create failed (client error): The server could not comply with the request since it is either malformed or otherwise incorrect.
2026-07-15 00:17:53.224 9 INFO neutron.wsgi [None req-93931a3a-f94f-47fd-a865-24905e6e5ffd 210a730e3b994f2ea2aa288fe2884819 4f4d15e693084cc28a21ea10b6098fb0 - - default default] 10.0.0.217 "POST /v2.0/vpn/ipsec-site-connections HTTP/1.1" status: 400 len: 351 time: 0.0473285
2026-07-15 00:17:53.225 10 INFO neutron.wsgi [None req-f8e4f7f1-d3b6-4aba-b3f4-13f98c520b1a 2e16d47fe472414ab1853edc2c160219 080c8c133af3455ab862d4cd9327db62 - - default default] 10.0.0.217 "PUT /v2.0/ports/b3da2b15-11ab-49ef-ba36-a4c5f936ff20/tags HTTP/1.1" status: 200 len: 230 time: 0.0501480
2026-07-15 00:17:53.243 10 INFO neutron.wsgi [None req-d92f7247-c0de-4863-bdb9-7663487829be 210a730e3b994f2ea2aa288fe2884819 4f4d15e693084cc28a21ea10b6098fb0 - - default default] 10.0.0.217 "GET /v2.0/vpn/endpoint-groups HTTP/1.1" status: 200 len: 1111 time: 0.0118940
2026-07-15 00:17:53.271 10 INFO neutron.wsgi [None req-481a27d1-6a38-4371-a5e6-fc539de564e7 210a730e3b994f2ea2aa288fe2884819 4f4d15e693084cc28a21ea10b6098fb0 - - default default] 10.0.0.217 "DELETE /v2.0/vpn/endpoint-groups/5103bd83-257c-4629-bce2-9edb633c367c HTTP/1.1" status: 204 len: 168 time: 0.0232866
2026-07-15 00:17:53.274 9 INFO neutron.wsgi [None req-4ad92f0f-0180-4fe6-99cc-c81c5dfa06e0 2e16d47fe472414ab1853edc2c160219 080c8c133af3455ab862d4cd9327db62 - - default default] 10.0.0.217 "GET /v2.0/ports/b3da2b15-11ab-49ef-ba36-a4c5f936ff20/tags HTTP/1.1" status: 200 len: 230 time: 0.0421085
2026-07-15 00:17:53.286 10 INFO neutron.wsgi [None req-99bd41b4-fa68-41eb-a827-313ee599bb6a 210a730e3b994f2ea2aa288fe2884819 4f4d15e693084cc28a21ea10b6098fb0 - - default default] 10.0.0.217 "GET /v2.0/vpn/endpoint-groups HTTP/1.1" status: 200 len: 827 time: 0.0107436
2026-07-15 00:17:53.302 9 WARNING neutron.api.v2.base [None req-f2c43dea-5c90-4b5a-9024-bb4514969de4 210a730e3b994f2ea2aa288fe2884819 4f4d15e693084cc28a21ea10b6098fb0 - - default default] An exception happened while processing the request body. The exception message is [Invalid input for peer_cidrs. Reason: '1.0.0.0/33' is not a valid IP subnet.].: webob.exc.HTTPBadRequest: Invalid input for peer_cidrs. Reason: '1.0.0.0/33' is not a valid IP subnet.
2026-07-15 00:17:53.303 9 INFO neutron.api.v2.resource [None req-f2c43dea-5c90-4b5a-9024-bb4514969de4 210a730e3b994f2ea2aa288fe2884819 4f4d15e693084cc28a21ea10b6098fb0 - - default default] create failed (client error): Invalid input for peer_cidrs. Reason: '1.0.0.0/33' is not a valid IP subnet.
2026-07-15 00:17:53.304 9 INFO neutron.wsgi [None req-f2c43dea-5c90-4b5a-9024-bb4514969de4 210a730e3b994f2ea2aa288fe2884819 4f4d15e693084cc28a21ea10b6098fb0 - - default default] 10.0.0.217 "POST /v2.0/vpn/ipsec-site-connections HTTP/1.1" status: 400 len: 352 time: 0.0126619
2026-07-15 00:17:53.313 9 WARNING neutron_lib.context [None req-39db2df7-fce3-4714-8e4d-1ab133713214 210a730e3b994f2ea2aa288fe2884819 4f4d15e693084cc28a21ea10b6098fb0 - - default default] Method 'is_advsvc' is deprecated since 2023.2 release (neutron-lib 3.8.0) and will be removed once support for the old RBAC API policies will be removed from Neutron. Please use method 'is_service_role' instead.
2026-07-15 00:17:53.324 9 INFO neutron.wsgi [None req-cb10623d-9bd8-49c2-91d2-d1b4f4fcf7b9 2e16d47fe472414ab1853edc2c160219 080c8c133af3455ab862d4cd9327db62 - - default default] 10.0.0.217 "GET /v2.0/ports/b3da2b15-11ab-49ef-ba36-a4c5f936ff20/tags/red HTTP/1.1" status: 204 len: 168 time: 0.0458186
2026-07-15 00:17:53.369 9 INFO neutron.api.v2.resource [None req-20a67267-0082-4d04-be77-7fc6473e7045 2e16d47fe472414ab1853edc2c160219 080c8c133af3455ab862d4cd9327db62 - - default default] show failed (client error): The resource could not be found.
2026-07-15 00:17:53.370 9 INFO neutron.wsgi [None req-20a67267-0082-4d04-be77-7fc6473e7045 2e16d47fe472414ab1853edc2c160219 080c8c133af3455ab862d4cd9327db62 - - default default] 10.0.0.217 "GET /v2.0/ports/b3da2b15-11ab-49ef-ba36-a4c5f936ff20/tags/green HTTP/1.1" status: 404 len: 299 time: 0.0403888
2026-07-15 00:17:53.417 9 INFO neutron.db.segments_db [None req-39db2df7-fce3-4714-8e4d-1ab133713214 210a730e3b994f2ea2aa288fe2884819 4f4d15e693084cc28a21ea10b6098fb0 - - default default] Added segment 1cd6a6cc-005e-4148-9a81-18b673f6d64d of type geneve for network 776e6ccf-2747-4fe0-834a-579919cf83fa
2026-07-15 00:17:53.459 9 INFO neutron.wsgi [None req-8bee66aa-a256-4bdb-a889-f00e914f6597 2e16d47fe472414ab1853edc2c160219 080c8c133af3455ab862d4cd9327db62 - - default default] 10.0.0.217 "DELETE /v2.0/ports/b3da2b15-11ab-49ef-ba36-a4c5f936ff20/tags/red HTTP/1.1" status: 204 len: 168 time: 0.0736828
2026-07-15 00:17:53.503 10 INFO neutron.wsgi [None req-fa08201d-698e-444e-bdaf-0be1b5207f6d 2e16d47fe472414ab1853edc2c160219 080c8c133af3455ab862d4cd9327db62 - - default default] 10.0.0.217 "GET /v2.0/ports/b3da2b15-11ab-49ef-ba36-a4c5f936ff20/tags HTTP/1.1" status: 200 len: 223 time: 0.0378799
2026-07-15 00:17:53.554 10 INFO neutron.api.v2.resource [None req-7128da12-846e-44db-a21d-481c96cec2ba 2e16d47fe472414ab1853edc2c160219 080c8c133af3455ab862d4cd9327db62 - - default default] delete failed (client error): The resource could not be found.
2026-07-15 00:17:53.555 10 INFO neutron.wsgi [None req-7128da12-846e-44db-a21d-481c96cec2ba 2e16d47fe472414ab1853edc2c160219 080c8c133af3455ab862d4cd9327db62 - - default default] 10.0.0.217 "DELETE /v2.0/ports/b3da2b15-11ab-49ef-ba36-a4c5f936ff20/tags/green HTTP/1.1" status: 404 len: 299 time: 0.0468321
2026-07-15 00:17:53.573 9 INFO neutron.db.ovn_revision_numbers_db [None req-39db2df7-fce3-4714-8e4d-1ab133713214 210a730e3b994f2ea2aa288fe2884819 4f4d15e693084cc28a21ea10b6098fb0 - - default default] Successfully bumped revision number for resource 776e6ccf-2747-4fe0-834a-579919cf83fa (type: networks) to 1
2026-07-15 00:17:53.627 9 INFO neutron.wsgi [None req-df74d914-e8ed-4a55-8c5c-54956026194e 2e16d47fe472414ab1853edc2c160219 080c8c133af3455ab862d4cd9327db62 - - default default] 10.0.0.217 "DELETE /v2.0/ports/b3da2b15-11ab-49ef-ba36-a4c5f936ff20/tags HTTP/1.1" status: 204 len: 168 time: 0.0650544
2026-07-15 00:17:53.671 10 INFO neutron.wsgi [None req-7e806e0d-cce7-4c81-a797-5bcd3e80b221 2e16d47fe472414ab1853edc2c160219 080c8c133af3455ab862d4cd9327db62 - - default default] 10.0.0.217 "GET /v2.0/ports/b3da2b15-11ab-49ef-ba36-a4c5f936ff20/tags HTTP/1.1" status: 200 len: 205 time: 0.0393858
2026-07-15 00:17:53.798 9 WARNING neutron.scheduler.dhcp_agent_scheduler [None req-39db2df7-fce3-4714-8e4d-1ab133713214 210a730e3b994f2ea2aa288fe2884819 4f4d15e693084cc28a21ea10b6098fb0 - - default default] No more DHCP agents
2026-07-15 00:17:53.801 9 WARNING neutron.api.rpc.agentnotifiers.dhcp_rpc_agent_api [None req-39db2df7-fce3-4714-8e4d-1ab133713214 210a730e3b994f2ea2aa288fe2884819 4f4d15e693084cc28a21ea10b6098fb0 - - default default] Unable to schedule network 776e6ccf-2747-4fe0-834a-579919cf83fa: no agents available; will retry on subsequent port and subnet creation events.
2026-07-15 00:17:53.892 9 INFO neutron.db.ovn_revision_numbers_db [None req-39db2df7-fce3-4714-8e4d-1ab133713214 210a730e3b994f2ea2aa288fe2884819 4f4d15e693084cc28a21ea10b6098fb0 - - default default] Successfully bumped revision number for resource 1ba5ba62-0bad-46b8-94f0-d179b0dfbb57 (type: ports) to 1
2026-07-15 00:17:53.914 9 INFO neutron.wsgi [None req-39db2df7-fce3-4714-8e4d-1ab133713214 210a730e3b994f2ea2aa288fe2884819 4f4d15e693084cc28a21ea10b6098fb0 - - default default] 10.0.0.217 "POST /v2.0/networks HTTP/1.1" status: 201 len: 831 time: 0.6047008
2026-07-15 00:17:53.925 10 WARNING neutron_lib.context [None req-50b29de4-d774-45c0-8788-eafbf0d7913f 210a730e3b994f2ea2aa288fe2884819 4f4d15e693084cc28a21ea10b6098fb0 - - default default] Method 'is_advsvc' is deprecated since 2023.2 release (neutron-lib 3.8.0) and will be removed once support for the old RBAC API policies will be removed from Neutron. Please use method 'is_service_role' instead.
2026-07-15 00:17:54.108 10 INFO neutron.wsgi [None req-603d861e-3503-4494-ba1a-df842bd1f2b7 2e16d47fe472414ab1853edc2c160219 080c8c133af3455ab862d4cd9327db62 - - default default] 10.0.0.217 "DELETE /v2.0/ports/b3da2b15-11ab-49ef-ba36-a4c5f936ff20 HTTP/1.1" status: 204 len: 168 time: 0.4281657
2026-07-15 00:17:54.234 10 WARNING neutron.scheduler.dhcp_agent_scheduler [None req-50b29de4-d774-45c0-8788-eafbf0d7913f 210a730e3b994f2ea2aa288fe2884819 4f4d15e693084cc28a21ea10b6098fb0 - - default default] No more DHCP agents
2026-07-15 00:17:54.246 10 WARNING neutron.api.rpc.agentnotifiers.dhcp_rpc_agent_api [None req-50b29de4-d774-45c0-8788-eafbf0d7913f 210a730e3b994f2ea2aa288fe2884819 4f4d15e693084cc28a21ea10b6098fb0 - - default default] Unable to schedule network 776e6ccf-2747-4fe0-834a-579919cf83fa: no agents available; will retry on subsequent port and subnet creation events.
2026-07-15 00:17:54.582 10 INFO neutron.wsgi [None req-1f2f440b-c77b-4cbf-a597-84ef60f5953b 2e16d47fe472414ab1853edc2c160219 080c8c133af3455ab862d4cd9327db62 - - default default] 10.0.0.217 "DELETE /v2.0/networks/cf19401a-0bd7-4637-b493-4f580cec7550 HTTP/1.1" status: 204 len: 168 time: 0.4702072
2026-07-15 00:17:54.682 10 INFO neutron.services.segments.plugin [-] Segment d47c14c3-1ef6-4d37-9fc7-bf7240c268c6 resource provider aggregate not found
2026-07-15 00:17:54.689 10 INFO neutron.services.segments.plugin [-] Segment d47c14c3-1ef6-4d37-9fc7-bf7240c268c6 resource provider aggregate not found
2026-07-15 00:17:54.712 10 INFO neutron.services.segments.plugin [-] Segment d47c14c3-1ef6-4d37-9fc7-bf7240c268c6 resource provider not found; error: Placement Client Error (4xx): {"errors": [{"status": 404, "title": "Not Found", "detail": "The resource could not be found.\n\n No resource provider with uuid d47c14c3-1ef6-4d37-9fc7-bf7240c268c6 found for delete ", "request_id": "req-777fafa4-9ce1-4db4-920d-80ef14b8b179"}]}
2026-07-15 00:17:54.714 10 INFO neutron.services.segments.plugin [-] Segment d47c14c3-1ef6-4d37-9fc7-bf7240c268c6 resource provider not found; error: Placement Client Error (4xx): {"errors": [{"status": 404, "title": "Not Found", "detail": "The resource could not be found.\n\n No resource provider with uuid d47c14c3-1ef6-4d37-9fc7-bf7240c268c6 found for delete ", "request_id": "req-a908eb5d-2342-4da9-b41f-8f5bd6b14055"}]}
2026-07-15 00:17:54.854 10 INFO neutron.db.ovn_revision_numbers_db [None req-50b29de4-d774-45c0-8788-eafbf0d7913f 210a730e3b994f2ea2aa288fe2884819 4f4d15e693084cc28a21ea10b6098fb0 - - default default] Successfully bumped revision number for resource 1ba5ba62-0bad-46b8-94f0-d179b0dfbb57 (type: ports) to 2
2026-07-15 00:17:54.886 10 INFO neutron.db.ovn_revision_numbers_db [None req-50b29de4-d774-45c0-8788-eafbf0d7913f 210a730e3b994f2ea2aa288fe2884819 4f4d15e693084cc28a21ea10b6098fb0 - - default default] Successfully bumped revision number for resource a9063c84-cd59-4d92-adb2-7f2f4e8522da (type: subnets) to 0
2026-07-15 00:17:54.917 10 INFO neutron.wsgi [None req-50b29de4-d774-45c0-8788-eafbf0d7913f 210a730e3b994f2ea2aa288fe2884819 4f4d15e693084cc28a21ea10b6098fb0 - - default default] 10.0.0.217 "POST /v2.0/subnets HTTP/1.1" status: 201 len: 804 time: 0.9971647
2026-07-15 00:17:54.928 10 WARNING neutron_lib.context [None req-f247ade5-6a1b-4b7f-ba93-ad774e19d823 210a730e3b994f2ea2aa288fe2884819 4f4d15e693084cc28a21ea10b6098fb0 - - default default] Method 'is_advsvc' is deprecated since 2023.2 release (neutron-lib 3.8.0) and will be removed once support for the old RBAC API policies will be removed from Neutron. Please use method 'is_service_role' instead.
2026-07-15 00:17:55.425 10 WARNING neutron.scheduler.dhcp_agent_scheduler [None req-f247ade5-6a1b-4b7f-ba93-ad774e19d823 210a730e3b994f2ea2aa288fe2884819 4f4d15e693084cc28a21ea10b6098fb0 - - default default] No more DHCP agents
2026-07-15 00:17:55.426 10 WARNING neutron.api.rpc.agentnotifiers.dhcp_rpc_agent_api [None req-f247ade5-6a1b-4b7f-ba93-ad774e19d823 210a730e3b994f2ea2aa288fe2884819 4f4d15e693084cc28a21ea10b6098fb0 - - default default] Unable to schedule network 26c6b39e-c936-438f-b814-b71b15a8d673: no agents available; will retry on subsequent port and subnet creation events.
2026-07-15 00:17:55.559 9 INFO neutron.db.ovn_revision_numbers_db [None req-afd28021-bbe4-45d1-abb3-a0e981e9cbd5 851b7c2d5e414e4295867e176e51c3f5 d37282b52f0c42eeb9a5de6b4a37b929 - - default default] Successfully bumped revision number for resource e7159d01-532a-46be-a7a0-fe4c21b87c09 (type: security_groups) to 1
2026-07-15 00:17:55.579 9 INFO neutron.db.ovn_revision_numbers_db [None req-afd28021-bbe4-45d1-abb3-a0e981e9cbd5 851b7c2d5e414e4295867e176e51c3f5 d37282b52f0c42eeb9a5de6b4a37b929 - - default default] Successfully bumped revision number for resource 2ea40e94-ea4f-41f0-a948-bf489ee93593 (type: security_group_rules) to 0
2026-07-15 00:17:55.592 9 INFO neutron.db.ovn_revision_numbers_db [None req-afd28021-bbe4-45d1-abb3-a0e981e9cbd5 851b7c2d5e414e4295867e176e51c3f5 d37282b52f0c42eeb9a5de6b4a37b929 - - default default] Successfully bumped revision number for resource 72bccdca-c88e-4af4-bfc5-3c2afc24241a (type: security_group_rules) to 0
2026-07-15 00:17:55.599 10 INFO neutron.db.ovn_revision_numbers_db [None req-f247ade5-6a1b-4b7f-ba93-ad774e19d823 210a730e3b994f2ea2aa288fe2884819 4f4d15e693084cc28a21ea10b6098fb0 - - default default] Successfully bumped revision number for resource 591d9dd6-31b8-4864-b97e-d68016151a7e (type: ports) to 1
2026-07-15 00:17:55.609 9 INFO neutron.db.ovn_revision_numbers_db [None req-afd28021-bbe4-45d1-abb3-a0e981e9cbd5 851b7c2d5e414e4295867e176e51c3f5 d37282b52f0c42eeb9a5de6b4a37b929 - - default default] Successfully bumped revision number for resource d3305116-8e9c-4191-9255-78ac7f88b8c6 (type: security_group_rules) to 0
2026-07-15 00:17:55.626 9 INFO neutron.db.ovn_revision_numbers_db [None req-afd28021-bbe4-45d1-abb3-a0e981e9cbd5 851b7c2d5e414e4295867e176e51c3f5 d37282b52f0c42eeb9a5de6b4a37b929 - - default default] Successfully bumped revision number for resource ff4dc656-4444-4046-874f-7a399d02a0ff (type: security_group_rules) to 0
2026-07-15 00:17:55.657 9 INFO neutron.wsgi [None req-afd28021-bbe4-45d1-abb3-a0e981e9cbd5 851b7c2d5e414e4295867e176e51c3f5 d37282b52f0c42eeb9a5de6b4a37b929 - - default default] 10.0.0.217 "GET /v2.0/security-groups?tenant_id=a09cbfd1bfc84c1dac7a9bd0d29ab249&name=default HTTP/1.1" status: 200 len: 3124 time: 0.3412962
2026-07-15 00:17:55.892 9 INFO neutron.wsgi [None req-7d4388b2-ec8a-4186-a8f0-c569d862f45f 851b7c2d5e414e4295867e176e51c3f5 d37282b52f0c42eeb9a5de6b4a37b929 - - default default] 10.0.0.217 "DELETE /v2.0/security-groups/e7159d01-532a-46be-a7a0-fe4c21b87c09 HTTP/1.1" status: 204 len: 168 time: 0.2280657
2026-07-15 00:17:56.061 9 INFO neutron.wsgi [None req-cf0e9c60-3ed5-4e3a-92ce-568c6c04fa99 851b7c2d5e414e4295867e176e51c3f5 d37282b52f0c42eeb9a5de6b4a37b929 - - default default] 10.0.0.217 "GET /v2.0/security-groups?tenant_id=080c8c133af3455ab862d4cd9327db62&name=default HTTP/1.1" status: 200 len: 3124 time: 0.0366399
2026-07-15 00:17:56.286 9 INFO neutron.wsgi [None req-1365b2fe-91a5-488e-9b20-50eba1e4159f 851b7c2d5e414e4295867e176e51c3f5 d37282b52f0c42eeb9a5de6b4a37b929 - - default default] 10.0.0.217 "DELETE /v2.0/security-groups/ea3855f6-c800-4946-858a-30d39beb62a3 HTTP/1.1" status: 204 len: 168 time: 0.2186387
2026-07-15 00:17:56.355 10 INFO neutron.plugins.ml2.drivers.ovn.mech_driver.ovsdb.commands [None req-c66ee7ba-241d-47b0-816e-80847652ef73 - - - - - -] Schedule LRP lrp-591d9dd6-31b8-4864-b97e-d68016151a7e on gateway 84088eff-252a-4915-9c95-760fd31e4e38 with priority 1
2026-07-15 00:17:56.371 9 INFO neutron.plugins.ml2.drivers.ovn.mech_driver.mech_driver [None req-ba97e2e0-8c8a-46c9-aec5-5954db8ceda4 - - - - - -] OVN reports status up for port: 591d9dd6-31b8-4864-b97e-d68016151a7e
2026-07-15 00:17:56.379 9 INFO neutron.plugins.ml2.plugin [None req-ba97e2e0-8c8a-46c9-aec5-5954db8ceda4 - - - - - -] Attempt 1 to provision port 591d9dd6-31b8-4864-b97e-d68016151a7e
2026-07-15 00:17:56.390 10 INFO neutron.db.ovn_revision_numbers_db [None req-f247ade5-6a1b-4b7f-ba93-ad774e19d823 210a730e3b994f2ea2aa288fe2884819 4f4d15e693084cc28a21ea10b6098fb0 - - default default] Successfully bumped revision number for resource 591d9dd6-31b8-4864-b97e-d68016151a7e (type: router_ports) to 1
2026-07-15 00:17:56.461 10 INFO neutron.db.ovn_revision_numbers_db [None req-f247ade5-6a1b-4b7f-ba93-ad774e19d823 210a730e3b994f2ea2aa288fe2884819 4f4d15e693084cc28a21ea10b6098fb0 - - default default] Successfully bumped revision number for resource 72bb5dc3-f2f9-4bea-a309-3de98e9d3408 (type: routers) to 2
2026-07-15 00:17:56.478 10 INFO neutron.wsgi [None req-f247ade5-6a1b-4b7f-ba93-ad774e19d823 210a730e3b994f2ea2aa288fe2884819 4f4d15e693084cc28a21ea10b6098fb0 - - default default] 10.0.0.217 "POST /v2.0/routers HTTP/1.1" status: 201 len: 1135 time: 1.5559139
2026-07-15 00:17:56.589 10 INFO neutron.api.v2.resource [None req-f23adfbe-e38f-4431-8735-4e431dbb6911 3d7bc793eea84b95917540d10e579190 7f7e9372c04845ada26ea9392682888b - - default default] create failed (client error): The server could not comply with the request since it is either malformed or otherwise incorrect.
2026-07-15 00:17:56.591 10 INFO neutron.wsgi [None req-f23adfbe-e38f-4431-8735-4e431dbb6911 3d7bc793eea84b95917540d10e579190 7f7e9372c04845ada26ea9392682888b - - default default] 10.0.0.217 "POST /v2.0/vpn/vpnservices HTTP/1.1" status: 400 len: 397 time: 0.1080077
2026-07-15 00:17:57.176 10 INFO neutron.services.segments.plugin [-] Segment 1cd6a6cc-005e-4148-9a81-18b673f6d64d resource provider aggregate not found
2026-07-15 00:17:57.180 10 INFO neutron.services.segments.plugin [-] Segment 1cd6a6cc-005e-4148-9a81-18b673f6d64d resource provider aggregate not found
2026-07-15 00:17:57.195 10 INFO neutron.services.segments.plugin [-] Segment 1cd6a6cc-005e-4148-9a81-18b673f6d64d resource provider not found; error: Placement Client Error (4xx): {"errors": [{"status": 404, "title": "Not Found", "detail": "The resource could not be found.\n\n No resource provider with uuid 1cd6a6cc-005e-4148-9a81-18b673f6d64d found for delete ", "request_id": "req-d68ccdc5-db6f-4901-b8ac-313988da8b9f"}]}
2026-07-15 00:17:57.203 10 INFO neutron.services.segments.plugin [-] Segment 1cd6a6cc-005e-4148-9a81-18b673f6d64d resource provider not found; error: Placement Client Error (4xx): {"errors": [{"status": 404, "title": "Not Found", "detail": "The resource could not be found.\n\n No resource provider with uuid 1cd6a6cc-005e-4148-9a81-18b673f6d64d found for delete ", "request_id": "req-d4aa1646-95c3-4257-82ab-c1f247cd64e0"}]}
2026-07-15 00:17:57.224 10 INFO neutron.wsgi [None req-62f6734c-f269-4bd4-a1c1-dee8ca97a902 3d7bc793eea84b95917540d10e579190 7f7e9372c04845ada26ea9392682888b - - default default] 10.0.0.217 "DELETE /v2.0/networks/776e6ccf-2747-4fe0-834a-579919cf83fa HTTP/1.1" status: 204 len: 168 time: 0.6288514
2026-07-15 00:17:58.078 9 INFO neutron.wsgi [None req-69f65fd8-bac5-406f-ab75-87f2d5eb53c2 3d7bc793eea84b95917540d10e579190 7f7e9372c04845ada26ea9392682888b - - default default] 10.0.0.217 "DELETE /v2.0/routers/72bb5dc3-f2f9-4bea-a309-3de98e9d3408 HTTP/1.1" status: 204 len: 168 time: 0.8469789
2026-07-15 00:17:58.086 9 WARNING neutron.api.v2.base [None req-f63aecfa-25f2-4fd0-8c6b-0faab6703bcf 210a730e3b994f2ea2aa288fe2884819 4f4d15e693084cc28a21ea10b6098fb0 - - default default] An exception happened while processing the request body. The exception message is [Invalid input for description. Reason: 'yyyyyyyyyyyyyyyyyyyyyyyyyyyyyyyyyyyyyyyyyyyyyyyyyyyyyyyyyyyyyyyyyyyyyyyyyyyyyyyyyyyyyyyyyyyyyyyyyyyyyyyyyyyyyyyyyyyyyyyyyyyyyyyyyyyyyyyyyyyyyyyyyyyyyyyyyyyyyyyyyyyyyyyyyyyyyyyyyyyyyyyyyyyyyyyyyyyyyyyyyyyyyyyyyyyyyyyyyyyyyyyyyyyyyyyyyyyyyyyyyyyyyyyyyyyyyyyy' exceeds maximum length of 255.].: webob.exc.HTTPBadRequest: Invalid input for description. Reason: 'yyyyyyyyyyyyyyyyyyyyyyyyyyyyyyyyyyyyyyyyyyyyyyyyyyyyyyyyyyyyyyyyyyyyyyyyyyyyyyyyyyyyyyyyyyyyyyyyyyyyyyyyyyyyyyyyyyyyyyyyyyyyyyyyyyyyyyyyyyyyyyyyyyyyyyyyyyyyyyyyyyyyyyyyyyyyyyyyyyyyyyyyyyyyyyyyyyyyyyyyyyyyyyyyyyyyyyyyyyyyyyyyyyyyyyyyyyyyyyyyyyyyyyyyyyyyyyyy' exceeds maximum length of 255.
2026-07-15 00:17:58.086 9 INFO neutron.api.v2.resource [None req-f63aecfa-25f2-4fd0-8c6b-0faab6703bcf 210a730e3b994f2ea2aa288fe2884819 4f4d15e693084cc28a21ea10b6098fb0 - - default default] create failed (client error): Invalid input for description. Reason: 'yyyyyyyyyyyyyyyyyyyyyyyyyyyyyyyyyyyyyyyyyyyyyyyyyyyyyyyyyyyyyyyyyyyyyyyyyyyyyyyyyyyyyyyyyyyyyyyyyyyyyyyyyyyyyyyyyyyyyyyyyyyyyyyyyyyyyyyyyyyyyyyyyyyyyyyyyyyyyyyyyyyyyyyyyyyyyyyyyyyyyyyyyyyyyyyyyyyyyyyyyyyyyyyyyyyyyyyyyyyyyyyyyyyyyyyyyyyyyyyyyyyyyyyyyyyyyyyy' exceeds maximum length of 255.
2026-07-15 00:17:58.087 9 INFO neutron.wsgi [None req-f63aecfa-25f2-4fd0-8c6b-0faab6703bcf 210a730e3b994f2ea2aa288fe2884819 4f4d15e693084cc28a21ea10b6098fb0 - - default default] 10.0.0.217 "POST /v2.0/vpn/vpnservices HTTP/1.1" status: 400 len: 604 time: 0.0056660
2026-07-15 00:17:58.099 9 WARNING neutron.api.v2.base [None req-c583a58f-bffb-4f36-a731-cbb8f0b3a3a3 210a730e3b994f2ea2aa288fe2884819 4f4d15e693084cc28a21ea10b6098fb0 - - default default] An exception happened while processing the request body. The exception message is [Invalid input for name. Reason: 'xxxxxxxxxxxxxxxxxxxxxxxxxxxxxxxxxxxxxxxxxxxxxxxxxxxxxxxxxxxxxxxxxxxxxxxxxxxxxxxxxxxxxxxxxxxxxxxxxxxxxxxxxxxxxxxxxxxxxxxxxxxxxxxxxxxxxxxxxxxxxxxxxxxxxxxxxxxxxxxxxxxxxxxxxxxxxxxxxxxxxxxxxxxxxxxxxxxxxxxxxxxxxxxxxxxxxxxxxxxxxxxxxxxxxxxxxxxxxxxxxxxxxxxxxxxxxxxx' exceeds maximum length of 255.].: webob.exc.HTTPBadRequest: Invalid input for name. Reason: 'xxxxxxxxxxxxxxxxxxxxxxxxxxxxxxxxxxxxxxxxxxxxxxxxxxxxxxxxxxxxxxxxxxxxxxxxxxxxxxxxxxxxxxxxxxxxxxxxxxxxxxxxxxxxxxxxxxxxxxxxxxxxxxxxxxxxxxxxxxxxxxxxxxxxxxxxxxxxxxxxxxxxxxxxxxxxxxxxxxxxxxxxxxxxxxxxxxxxxxxxxxxxxxxxxxxxxxxxxxxxxxxxxxxxxxxxxxxxxxxxxxxxxxxxxxxxxxxx' exceeds maximum length of 255.
2026-07-15 00:17:58.099 9 INFO neutron.api.v2.resource [None req-c583a58f-bffb-4f36-a731-cbb8f0b3a3a3 210a730e3b994f2ea2aa288fe2884819 4f4d15e693084cc28a21ea10b6098fb0 - - default default] create failed (client error): Invalid input for name. Reason: 'xxxxxxxxxxxxxxxxxxxxxxxxxxxxxxxxxxxxxxxxxxxxxxxxxxxxxxxxxxxxxxxxxxxxxxxxxxxxxxxxxxxxxxxxxxxxxxxxxxxxxxxxxxxxxxxxxxxxxxxxxxxxxxxxxxxxxxxxxxxxxxxxxxxxxxxxxxxxxxxxxxxxxxxxxxxxxxxxxxxxxxxxxxxxxxxxxxxxxxxxxxxxxxxxxxxxxxxxxxxxxxxxxxxxxxxxxxxxxxxxxxxxxxxxxxxxxxxx' exceeds maximum length of 255.
2026-07-15 00:17:58.101 9 INFO neutron.wsgi [None req-c583a58f-bffb-4f36-a731-cbb8f0b3a3a3 210a730e3b994f2ea2aa288fe2884819 4f4d15e693084cc28a21ea10b6098fb0 - - default default] 10.0.0.217 "POST /v2.0/vpn/vpnservices HTTP/1.1" status: 400 len: 597 time: 0.0085874
2026-07-15 00:17:58.110 9 WARNING neutron_lib.context [None req-b321a9c3-9e11-48aa-8133-fea6de3cfc58 210a730e3b994f2ea2aa288fe2884819 4f4d15e693084cc28a21ea10b6098fb0 - - default default] Method 'is_advsvc' is deprecated since 2023.2 release (neutron-lib 3.8.0) and will be removed once support for the old RBAC API policies will be removed from Neutron. Please use method 'is_service_role' instead.
2026-07-15 00:17:58.133 9 INFO neutron.api.v2.resource [None req-b321a9c3-9e11-48aa-8133-fea6de3cfc58 210a730e3b994f2ea2aa288fe2884819 4f4d15e693084cc28a21ea10b6098fb0 - - default default] create failed (client error): The server could not comply with the request since it is either malformed or otherwise incorrect.
2026-07-15 00:17:58.134 9 INFO neutron.wsgi [None req-b321a9c3-9e11-48aa-8133-fea6de3cfc58 210a730e3b994f2ea2aa288fe2884819 4f4d15e693084cc28a21ea10b6098fb0 - - default default] 10.0.0.217 "POST /v2.0/vpn/endpoint-groups HTTP/1.1" status: 400 len: 386 time: 0.0294137
2026-07-15 00:17:58.143 9 WARNING neutron_lib.context [None req-412d00bd-7e01-4e4f-b1b9-42f50e1c0f29 210a730e3b994f2ea2aa288fe2884819 4f4d15e693084cc28a21ea10b6098fb0 - - default default] Method 'is_advsvc' is deprecated since 2023.2 release (neutron-lib 3.8.0) and will be removed once support for the old RBAC API policies will be removed from Neutron. Please use method 'is_service_role' instead.
2026-07-15 00:17:58.170 9 INFO neutron.api.v2.resource [None req-412d00bd-7e01-4e4f-b1b9-42f50e1c0f29 210a730e3b994f2ea2aa288fe2884819 4f4d15e693084cc28a21ea10b6098fb0 - - default default] create failed (client error): The server could not comply with the request since it is either malformed or otherwise incorrect.
2026-07-15 00:17:58.171 9 INFO neutron.wsgi [None req-412d00bd-7e01-4e4f-b1b9-42f50e1c0f29 210a730e3b994f2ea2aa288fe2884819 4f4d15e693084cc28a21ea10b6098fb0 - - default default] 10.0.0.217 "POST /v2.0/vpn/endpoint-groups HTTP/1.1" status: 400 len: 363 time: 0.0326724
2026-07-15 00:17:58.181 9 WARNING neutron_lib.context [None req-b27d447f-2ad8-422b-b57c-2a4de55ba02c 210a730e3b994f2ea2aa288fe2884819 4f4d15e693084cc28a21ea10b6098fb0 - - default default] Method 'is_advsvc' is deprecated since 2023.2 release (neutron-lib 3.8.0) and will be removed once support for the old RBAC API policies will be removed from Neutron. Please use method 'is_service_role' instead.
2026-07-15 00:17:58.204 9 INFO neutron.api.v2.resource [None req-b27d447f-2ad8-422b-b57c-2a4de55ba02c 210a730e3b994f2ea2aa288fe2884819 4f4d15e693084cc28a21ea10b6098fb0 - - default default] create failed (client error): The server could not comply with the request since it is either malformed or otherwise incorrect.
2026-07-15 00:17:58.205 9 INFO neutron.wsgi [None req-b27d447f-2ad8-422b-b57c-2a4de55ba02c 210a730e3b994f2ea2aa288fe2884819 4f4d15e693084cc28a21ea10b6098fb0 - - default default] 10.0.0.217 "POST /v2.0/vpn/endpoint-groups HTTP/1.1" status: 400 len: 357 time: 0.0285275
2026-07-15 00:17:58.219 9 INFO neutron.wsgi [None req-a4d0d5e9-35e7-42a1-b70a-c209f7d364f7 210a730e3b994f2ea2aa288fe2884819 4f4d15e693084cc28a21ea10b6098fb0 - - default default] 10.0.0.217 "GET /v2.0/vpn/ikepolicies HTTP/1.1" status: 200 len: 601 time: 0.0092392
2026-07-15 00:17:58.233 9 INFO neutron.wsgi [None req-09fe9a8d-9bb6-4994-97ee-0ccc05ff1f80 210a730e3b994f2ea2aa288fe2884819 4f4d15e693084cc28a21ea10b6098fb0 - - default default] 10.0.0.217 "GET /v2.0/vpn/ipsecpolicies HTTP/1.1" status: 200 len: 610 time: 0.0108356
2026-07-15 00:17:58.251 10 INFO neutron.wsgi [None req-5b18d49e-59f7-477b-8af0-c430a4fd865e 210a730e3b994f2ea2aa288fe2884819 4f4d15e693084cc28a21ea10b6098fb0 - - default default] 10.0.0.217 "GET /v2.0/vpn/ipsec-site-connections HTTP/1.1" status: 200 len: 989 time: 0.0132401
2026-07-15 00:17:58.575 10 INFO neutron.wsgi [None req-af259768-d635-4a92-9a67-8f9515d922f3 210a730e3b994f2ea2aa288fe2884819 4f4d15e693084cc28a21ea10b6098fb0 - - default default] 10.0.0.217 "GET /v2.0/vpn/vpnservices HTTP/1.1" status: 200 len: 1055 time: 0.3194575
2026-07-15 00:17:58.592 10 INFO neutron.wsgi [None req-34d2d7b1-2afa-4d4f-92c6-ecfd3b5daf8f 210a730e3b994f2ea2aa288fe2884819 4f4d15e693084cc28a21ea10b6098fb0 - - default default] 10.0.0.217 "GET /v2.0/vpn/endpoint-groups/f4537134-77f4-43d1-a419-67c085c2b8ed HTTP/1.1" status: 200 len: 523 time: 0.0100679
2026-07-15 00:17:58.607 10 INFO neutron.wsgi [None req-fb6fabb1-f684-422e-ab13-86ced8b231b3 210a730e3b994f2ea2aa288fe2884819 4f4d15e693084cc28a21ea10b6098fb0 - - default default] 10.0.0.217 "GET /v2.0/vpn/endpoint-groups/b3b8dd68-0edd-4ec7-bc51-fb8ad59af448 HTTP/1.1" status: 200 len: 513 time: 0.0112207
2026-07-15 00:17:58.625 10 INFO neutron.wsgi [None req-9fd76c9d-57eb-4903-8124-93bc58959a55 210a730e3b994f2ea2aa288fe2884819 4f4d15e693084cc28a21ea10b6098fb0 - - default default] 10.0.0.217 "GET /v2.0/vpn/ikepolicies/d97999e6-f639-4b34-b3f6-c0a13758ad3d HTTP/1.1" status: 200 len: 597 time: 0.0102057
2026-07-15 00:17:58.647 9 INFO neutron.wsgi [None req-3f4e02fa-062d-453d-96da-5270180b6683 210a730e3b994f2ea2aa288fe2884819 4f4d15e693084cc28a21ea10b6098fb0 - - default default] 10.0.0.217 "GET /v2.0/vpn/ipsecpolicies/1511b0de-c18a-4a48-8232-1f1fb2e6b77f HTTP/1.1" status: 200 len: 606 time: 0.0142410
2026-07-15 00:17:58.667 9 INFO neutron.wsgi [None req-079b9e10-deb0-4bbf-bc53-3f41853440c9 210a730e3b994f2ea2aa288fe2884819 4f4d15e693084cc28a21ea10b6098fb0 - - default default] 10.0.0.217 "GET /v2.0/vpn/vpnservices/ef7e0c9b-65dd-463a-93c5-f3574a550f44 HTTP/1.1" status: 200 len: 644 time: 0.0114684
2026-07-15 00:17:58.810 9 INFO neutron.wsgi [None req-6a48f6c8-abea-4f19-8e20-9e3e673edc19 851b7c2d5e414e4295867e176e51c3f5 d37282b52f0c42eeb9a5de6b4a37b929 - - default default] 10.0.0.110 "GET /v2.0/subnets HTTP/1.1" status: 200 len: 3943 time: 0.2416914
2026-07-15 00:17:58.920 9 INFO neutron.wsgi [None req-4c4dc4a5-2a22-4ffe-8ee6-2c0fd1ce7c1c 851b7c2d5e414e4295867e176e51c3f5 d37282b52f0c42eeb9a5de6b4a37b929 - - default default] 10.0.0.110 "GET /v2.0/ports HTTP/1.1" status: 200 len: 18873 time: 0.1086874
2026-07-15 00:17:58.998 9 INFO neutron.wsgi [None req-6fc2d10c-2ad4-462d-a8bb-7f7a54f162f0 851b7c2d5e414e4295867e176e51c3f5 d37282b52f0c42eeb9a5de6b4a37b929 - - default default] 10.0.0.110 "GET /v2.0/security-groups HTTP/1.1" status: 200 len: 20486 time: 0.0566399
2026-07-15 00:17:59.181 9 INFO neutron.wsgi [None req-560ac7c0-7248-47c8-9da1-afc31f260191 851b7c2d5e414e4295867e176e51c3f5 d37282b52f0c42eeb9a5de6b4a37b929 - - default default] 10.0.0.110 "GET /v2.0/routers HTTP/1.1" status: 200 len: 3134 time: 0.1789105
2026-07-15 00:17:59.194 9 INFO neutron.wsgi [None req-48968189-17cb-4b39-8e88-7da87859d080 851b7c2d5e414e4295867e176e51c3f5 d37282b52f0c42eeb9a5de6b4a37b929 - - default default] 10.0.0.110 "GET /v2.0/agents?binary=ovn-controller HTTP/1.1" status: 200 len: 591 time: 0.0118361
2026-07-15 00:17:59.312 10 INFO neutron.db.ovn_revision_numbers_db [None req-bd4759b6-64a5-4aab-a994-1a34fa74771d 210a730e3b994f2ea2aa288fe2884819 4f4d15e693084cc28a21ea10b6098fb0 - - default default] Successfully bumped revision number for resource 0494226e-b9d5-44ad-9cfb-e29e011ba7fc (type: routers) to 10
2026-07-15 00:17:59.334 10 INFO neutron.wsgi [None req-bd4759b6-64a5-4aab-a994-1a34fa74771d 210a730e3b994f2ea2aa288fe2884819 4f4d15e693084cc28a21ea10b6098fb0 - - default default] 10.0.0.217 "DELETE /v2.0/vpn/ipsec-site-connections/ea076f78-ea7d-4b31-9384-489c32915910 HTTP/1.1" status: 204 len: 168 time: 0.6457090
2026-07-15 00:17:59.360 10 INFO neutron.wsgi [None req-3907fc9f-0fb3-4c09-8076-ccf60a211402 210a730e3b994f2ea2aa288fe2884819 4f4d15e693084cc28a21ea10b6098fb0 - - default default] 10.0.0.217 "DELETE /v2.0/vpn/endpoint-groups/f4537134-77f4-43d1-a419-67c085c2b8ed HTTP/1.1" status: 204 len: 168 time: 0.0209355
2026-07-15 00:17:59.392 10 INFO neutron.wsgi [None req-0c717bcb-5d77-43c3-ad0d-a5f2218501b6 210a730e3b994f2ea2aa288fe2884819 4f4d15e693084cc28a21ea10b6098fb0 - - default default] 10.0.0.217 "DELETE /v2.0/vpn/endpoint-groups/b3b8dd68-0edd-4ec7-bc51-fb8ad59af448 HTTP/1.1" status: 204 len: 168 time: 0.0298629
2026-07-15 00:17:59.415 10 INFO neutron.wsgi [None req-d395e205-5b52-4bd3-8ca0-be9818177754 210a730e3b994f2ea2aa288fe2884819 4f4d15e693084cc28a21ea10b6098fb0 - - default default] 10.0.0.217 "DELETE /v2.0/vpn/ipsecpolicies/1511b0de-c18a-4a48-8232-1f1fb2e6b77f HTTP/1.1" status: 204 len: 168 time: 0.0191131
2026-07-15 00:17:59.439 10 INFO neutron.wsgi [None req-935b4f7b-2550-4061-9ff4-eb846a23fc79 210a730e3b994f2ea2aa288fe2884819 4f4d15e693084cc28a21ea10b6098fb0 - - default default] 10.0.0.217 "DELETE /v2.0/vpn/ikepolicies/d97999e6-f639-4b34-b3f6-c0a13758ad3d HTTP/1.1" status: 204 len: 168 time: 0.0215635
2026-07-15 00:17:59.488 10 INFO neutron.wsgi [None req-85c94584-e7bc-4334-80f2-b67b5c084f4f 210a730e3b994f2ea2aa288fe2884819 4f4d15e693084cc28a21ea10b6098fb0 - - default default] 10.0.0.217 "DELETE /v2.0/vpn/vpnservices/ef7e0c9b-65dd-463a-93c5-f3574a550f44 HTTP/1.1" status: 204 len: 168 time: 0.0452216
2026-07-15 00:17:59.492 9 INFO neutron.wsgi [None req-275a7168-1d95-4d0f-ac2b-6b6992b82acd 851b7c2d5e414e4295867e176e51c3f5 d37282b52f0c42eeb9a5de6b4a37b929 - - default default] 10.0.0.110 "GET /v2.0/subnets HTTP/1.1" status: 200 len: 3943 time: 0.2961447
2026-07-15 00:17:59.504 9 INFO neutron.wsgi [-] 10.0.0.102 "GET / HTTP/1.1" status: 200 len: 246 time: 0.0028551
2026-07-15 00:17:59.506 9 INFO neutron.wsgi [-] 10.0.0.102 "GET / HTTP/1.1" status: 200 len: 246 time: 0.0014062
2026-07-15 00:17:59.510 9 INFO neutron.wsgi [None req-c0f8cd62-f278-4e58-8d18-77f97acb0134 851b7c2d5e414e4295867e176e51c3f5 d37282b52f0c42eeb9a5de6b4a37b929 - - default default] 10.0.0.110 "GET /v2.0/subnetpools HTTP/1.1" status: 200 len: 193 time: 0.0168386
2026-07-15 00:17:59.537 9 INFO neutron.wsgi [None req-ec187ca4-50b8-44cb-b905-81f96e8b5ac4 851b7c2d5e414e4295867e176e51c3f5 d37282b52f0c42eeb9a5de6b4a37b929 - - default default] 10.0.0.110 "GET /v2.0/floatingips HTTP/1.1" status: 200 len: 193 time: 0.0265491
2026-07-15 00:17:59.648 9 INFO neutron.wsgi [None req-380117ff-9e9e-4e8c-814f-4ae5d29ce79a 851b7c2d5e414e4295867e176e51c3f5 d37282b52f0c42eeb9a5de6b4a37b929 - - default default] 10.0.0.110 "GET /v2.0/networks HTTP/1.1" status: 200 len: 5283 time: 0.1095920
2026-07-15 00:17:59.667 9 INFO neutron.wsgi [None req-ef5dc6b2-2b3a-4247-ada4-e8b54435a437 851b7c2d5e414e4295867e176e51c3f5 d37282b52f0c42eeb9a5de6b4a37b929 - - default default] 10.0.0.110 "GET /v2.0/agents HTTP/1.1" status: 200 len: 1390 time: 0.0144482
2026-07-15 00:17:59.684 9 INFO neutron.wsgi [None req-8f226e9e-2754-4238-a4a8-3d99c81beaed 851b7c2d5e414e4295867e176e51c3f5 d37282b52f0c42eeb9a5de6b4a37b929 - - default default] 10.0.0.110 "GET /v2.0/network-ip-availabilities HTTP/1.1" status: 200 len: 2952 time: 0.0158131
2026-07-15 00:17:59.713 9 WARNING neutron_lib.context [None req-5f4fdb6c-69cb-48f8-b321-b3760fa80f8b ba0cd2703bea4f4092fcddede4827ef1 95de50fab3eb4428a69633d18d12e90a - - default default] Method 'is_advsvc' is deprecated since 2023.2 release (neutron-lib 3.8.0) and will be removed once support for the old RBAC API policies will be removed from Neutron. Please use method 'is_service_role' instead.
2026-07-15 00:17:59.869 9 INFO neutron.db.ovn_revision_numbers_db [None req-5f4fdb6c-69cb-48f8-b321-b3760fa80f8b ba0cd2703bea4f4092fcddede4827ef1 95de50fab3eb4428a69633d18d12e90a - - default default] Successfully bumped revision number for resource fbb24339-b7cf-4209-bc3d-ae878c30a9e8 (type: security_groups) to 1
2026-07-15 00:17:59.886 9 INFO neutron.db.ovn_revision_numbers_db [None req-5f4fdb6c-69cb-48f8-b321-b3760fa80f8b ba0cd2703bea4f4092fcddede4827ef1 95de50fab3eb4428a69633d18d12e90a - - default default] Successfully bumped revision number for resource 0d4acbfe-7a78-472b-bac2-c63915311605 (type: security_group_rules) to 0
2026-07-15 00:17:59.898 9 INFO neutron.db.ovn_revision_numbers_db [None req-5f4fdb6c-69cb-48f8-b321-b3760fa80f8b ba0cd2703bea4f4092fcddede4827ef1 95de50fab3eb4428a69633d18d12e90a - - default default] Successfully bumped revision number for resource 7840c6b1-5c26-4708-9aec-18516ce65a60 (type: security_group_rules) to 0
2026-07-15 00:17:59.915 9 INFO neutron.db.ovn_revision_numbers_db [None req-5f4fdb6c-69cb-48f8-b321-b3760fa80f8b ba0cd2703bea4f4092fcddede4827ef1 95de50fab3eb4428a69633d18d12e90a - - default default] Successfully bumped revision number for resource 820609c2-09fd-4a61-afab-9dcecfee3066 (type: security_group_rules) to 0
2026-07-15 00:17:59.929 9 INFO neutron.db.ovn_revision_numbers_db [None req-5f4fdb6c-69cb-48f8-b321-b3760fa80f8b ba0cd2703bea4f4092fcddede4827ef1 95de50fab3eb4428a69633d18d12e90a - - default default] Successfully bumped revision number for resource ad3ed2a5-3397-4307-afb9-639748a1a3ef (type: security_group_rules) to 0
2026-07-15 00:18:00.036 9 INFO neutron.db.ovn_revision_numbers_db [None req-5f4fdb6c-69cb-48f8-b321-b3760fa80f8b ba0cd2703bea4f4092fcddede4827ef1 95de50fab3eb4428a69633d18d12e90a - - default default] Successfully bumped revision number for resource ee3df09c-ac0d-4cd4-9ebf-09c78be4cdeb (type: security_groups) to 1
2026-07-15 00:18:00.052 9 INFO neutron.db.ovn_revision_numbers_db [None req-5f4fdb6c-69cb-48f8-b321-b3760fa80f8b ba0cd2703bea4f4092fcddede4827ef1 95de50fab3eb4428a69633d18d12e90a - - default default] Successfully bumped revision number for resource 319572d5-828d-4ed5-890a-0b223d236f38 (type: security_group_rules) to 0
