2026-07-15 00:15:59.776 9 INFO neutron.db.ovn_revision_numbers_db [None req-941af629-9277-4719-b2fb-e760764a7a20 851b7c2d5e414e4295867e176e51c3f5 d37282b52f0c42eeb9a5de6b4a37b929 - - default default] Successfully bumped revision number for resource 457a0388-3458-4eff-a04d-d8461e626396 (type: security_group_rules) to 0
2026-07-15 00:15:59.796 9 INFO neutron.db.ovn_revision_numbers_db [None req-941af629-9277-4719-b2fb-e760764a7a20 851b7c2d5e414e4295867e176e51c3f5 d37282b52f0c42eeb9a5de6b4a37b929 - - default default] Successfully bumped revision number for resource 5c8de4e3-8121-49e7-b266-f26449e8f6e2 (type: security_group_rules) to 0
2026-07-15 00:15:59.812 9 INFO neutron.db.ovn_revision_numbers_db [None req-941af629-9277-4719-b2fb-e760764a7a20 851b7c2d5e414e4295867e176e51c3f5 d37282b52f0c42eeb9a5de6b4a37b929 - - default default] Successfully bumped revision number for resource 77802caa-c83a-4457-a3c9-a8871148a73a (type: security_group_rules) to 0
2026-07-15 00:15:59.830 9 INFO neutron.db.ovn_revision_numbers_db [None req-941af629-9277-4719-b2fb-e760764a7a20 851b7c2d5e414e4295867e176e51c3f5 d37282b52f0c42eeb9a5de6b4a37b929 - - default default] Successfully bumped revision number for resource fd6d2f66-c348-4fa6-9276-ee58deb5067e (type: security_group_rules) to 0
2026-07-15 00:15:59.853 9 INFO neutron.wsgi [None req-941af629-9277-4719-b2fb-e760764a7a20 851b7c2d5e414e4295867e176e51c3f5 d37282b52f0c42eeb9a5de6b4a37b929 - - default default] 10.0.0.217 "GET /v2.0/security-groups?tenant_id=e7c3fda2df2342ed962aa59cbc3bd7e1&name=default HTTP/1.1" status: 200 len: 3120 time: 0.3328214
2026-07-15 00:15:59.983 10 WARNING neutron.scheduler.dhcp_agent_scheduler [None req-eecfcf1c-f1ba-4b39-986d-f4b4ae9afed0 d3a0d06af38e4aa7a8e98369cb6bcbcf 9e1add05be0a4cdb8bdd0505d76ab5c6 - - default default] No more DHCP agents
2026-07-15 00:15:59.988 10 WARNING neutron.api.rpc.agentnotifiers.dhcp_rpc_agent_api [None req-eecfcf1c-f1ba-4b39-986d-f4b4ae9afed0 d3a0d06af38e4aa7a8e98369cb6bcbcf 9e1add05be0a4cdb8bdd0505d76ab5c6 - - default default] Unable to schedule network 61c7f65c-2115-4922-b30a-88937a133d80: no agents available; will retry on subsequent port and subnet creation events.
2026-07-15 00:16:00.099 10 INFO neutron.db.ovn_revision_numbers_db [None req-eecfcf1c-f1ba-4b39-986d-f4b4ae9afed0 d3a0d06af38e4aa7a8e98369cb6bcbcf 9e1add05be0a4cdb8bdd0505d76ab5c6 - - default default] Successfully bumped revision number for resource 547f4648-5f40-4181-8f47-1f29f116550d (type: ports) to 1
2026-07-15 00:16:00.123 9 INFO neutron.wsgi [None req-d304d72b-5100-44a5-8755-5e3aaf488c57 851b7c2d5e414e4295867e176e51c3f5 d37282b52f0c42eeb9a5de6b4a37b929 - - default default] 10.0.0.217 "DELETE /v2.0/security-groups/90c23630-d288-4a70-8814-1a51a2c416f2 HTTP/1.1" status: 204 len: 168 time: 0.2633820
2026-07-15 00:16:00.175 10 INFO neutron.wsgi [None req-eecfcf1c-f1ba-4b39-986d-f4b4ae9afed0 d3a0d06af38e4aa7a8e98369cb6bcbcf 9e1add05be0a4cdb8bdd0505d76ab5c6 - - default default] 10.0.0.217 "POST /v2.0/networks HTTP/1.1" status: 201 len: 830 time: 1.2259531
2026-07-15 00:16:00.188 9 WARNING neutron_lib.context [None req-62ce70d7-527e-4585-bcd2-0e0a39bb4556 d3a0d06af38e4aa7a8e98369cb6bcbcf 9e1add05be0a4cdb8bdd0505d76ab5c6 - - default default] Method 'is_advsvc' is deprecated since 2023.2 release (neutron-lib 3.8.0) and will be removed once support for the old RBAC API policies will be removed from Neutron. Please use method 'is_service_role' instead.
2026-07-15 00:16:00.379 10 INFO neutron.wsgi [None req-01718412-7eb9-4788-9317-39d9714d27ee 0869261180e7469a9cd4f2ae3e49bc8e 030afebcd17444e4a8d86a5550356350 - - default default] 10.0.0.217 "DELETE /v2.0/routers/fda0dd17-6e68-437d-b64c-1d7bf2e8c7ce HTTP/1.1" status: 204 len: 168 time: 1.1969779
2026-07-15 00:16:00.409 10 INFO neutron.wsgi [None req-d6ed02a8-86bd-4bbd-b246-bbc8f09b6005 0869261180e7469a9cd4f2ae3e49bc8e 030afebcd17444e4a8d86a5550356350 - - default default] 10.0.0.217 "GET /v2.0/ports?device_id=fda0dd17-6e68-437d-b64c-1d7bf2e8c7ce HTTP/1.1" status: 200 len: 205 time: 0.0241101
2026-07-15 00:16:00.436 10 INFO neutron.api.v2.resource [None req-503ab0f4-2cc2-470c-a785-cb3945d76bca 0869261180e7469a9cd4f2ae3e49bc8e 030afebcd17444e4a8d86a5550356350 - - default default] delete failed (client error): The resource could not be found.
2026-07-15 00:16:00.437 10 INFO neutron.wsgi [None req-503ab0f4-2cc2-470c-a785-cb3945d76bca 0869261180e7469a9cd4f2ae3e49bc8e 030afebcd17444e4a8d86a5550356350 - - default default] 10.0.0.217 "DELETE /v2.0/routers/fda0dd17-6e68-437d-b64c-1d7bf2e8c7ce HTTP/1.1" status: 404 len: 336 time: 0.0229173
2026-07-15 00:16:00.444 9 INFO neutron.db.ovn_revision_numbers_db [None req-04638b8f-4b87-4d1c-86c7-111f4b8829b1 851b7c2d5e414e4295867e176e51c3f5 d37282b52f0c42eeb9a5de6b4a37b929 - - default default] Successfully bumped revision number for resource 7427e974-9286-4cc3-81b4-18b92ce6ab1c (type: security_groups) to 1
2026-07-15 00:16:00.461 9 WARNING neutron.scheduler.dhcp_agent_scheduler [None req-62ce70d7-527e-4585-bcd2-0e0a39bb4556 d3a0d06af38e4aa7a8e98369cb6bcbcf 9e1add05be0a4cdb8bdd0505d76ab5c6 - - default default] No more DHCP agents
2026-07-15 00:16:00.466 9 WARNING neutron.api.rpc.agentnotifiers.dhcp_rpc_agent_api [None req-62ce70d7-527e-4585-bcd2-0e0a39bb4556 d3a0d06af38e4aa7a8e98369cb6bcbcf 9e1add05be0a4cdb8bdd0505d76ab5c6 - - default default] Unable to schedule network 61c7f65c-2115-4922-b30a-88937a133d80: no agents available; will retry on subsequent port and subnet creation events.
2026-07-15 00:16:00.467 10 INFO neutron.wsgi [None req-38c85240-baa9-46ee-8c71-b90607699999 0869261180e7469a9cd4f2ae3e49bc8e 030afebcd17444e4a8d86a5550356350 - - default default] 10.0.0.217 "GET /v2.0/ports?device_id=cbeef147-c6fe-4e43-8917-552cc7ffe9a3 HTTP/1.1" status: 200 len: 205 time: 0.0223520
2026-07-15 00:16:00.505 10 INFO neutron.api.v2.resource [None req-8ff62f8a-015d-4e07-857a-faefea56f8ee 0869261180e7469a9cd4f2ae3e49bc8e 030afebcd17444e4a8d86a5550356350 - - default default] delete failed (client error): The resource could not be found.
2026-07-15 00:16:00.507 10 INFO neutron.wsgi [None req-8ff62f8a-015d-4e07-857a-faefea56f8ee 0869261180e7469a9cd4f2ae3e49bc8e 030afebcd17444e4a8d86a5550356350 - - default default] 10.0.0.217 "DELETE /v2.0/routers/cbeef147-c6fe-4e43-8917-552cc7ffe9a3 HTTP/1.1" status: 404 len: 336 time: 0.0311110
2026-07-15 00:16:00.532 10 INFO neutron.pecan_wsgi.hooks.translation [None req-93d38b64-af9e-40be-823f-1806dde1726f 0869261180e7469a9cd4f2ae3e49bc8e 030afebcd17444e4a8d86a5550356350 - - default default] DELETE failed (client error): The resource could not be found.
2026-07-15 00:16:00.534 10 INFO neutron.wsgi [None req-93d38b64-af9e-40be-823f-1806dde1726f 0869261180e7469a9cd4f2ae3e49bc8e 030afebcd17444e4a8d86a5550356350 - - default default] 10.0.0.217 "DELETE /v2.0/subnets/58c8b46f-5129-4dd8-9af8-f3b777cb1c2e HTTP/1.1" status: 404 len: 337 time: 0.0219722
2026-07-15 00:16:00.560 10 INFO neutron.wsgi [None req-55355497-29bf-41bd-80a3-3a77be2fe28d 0869261180e7469a9cd4f2ae3e49bc8e 030afebcd17444e4a8d86a5550356350 - - default default] 10.0.0.217 "GET /v2.0/ports?device_id=43eecb10-96a0-4880-b1ec-0a95def5b1cd HTTP/1.1" status: 200 len: 205 time: 0.0196328
2026-07-15 00:16:00.590 10 INFO neutron.api.v2.resource [None req-09053b38-ac3d-4d21-a340-a7ca715c643f 0869261180e7469a9cd4f2ae3e49bc8e 030afebcd17444e4a8d86a5550356350 - - default default] delete failed (client error): The resource could not be found.
2026-07-15 00:16:00.591 10 INFO neutron.wsgi [None req-09053b38-ac3d-4d21-a340-a7ca715c643f 0869261180e7469a9cd4f2ae3e49bc8e 030afebcd17444e4a8d86a5550356350 - - default default] 10.0.0.217 "DELETE /v2.0/routers/43eecb10-96a0-4880-b1ec-0a95def5b1cd HTTP/1.1" status: 404 len: 336 time: 0.0249856
2026-07-15 00:16:00.611 10 INFO neutron.pecan_wsgi.hooks.translation [None req-148dd8c7-1562-4bba-a3fd-847417b8754a 0869261180e7469a9cd4f2ae3e49bc8e 030afebcd17444e4a8d86a5550356350 - - default default] DELETE failed (client error): The resource could not be found.
2026-07-15 00:16:00.614 10 INFO neutron.wsgi [None req-148dd8c7-1562-4bba-a3fd-847417b8754a 0869261180e7469a9cd4f2ae3e49bc8e 030afebcd17444e4a8d86a5550356350 - - default default] 10.0.0.217 "DELETE /v2.0/subnets/db9cd804-4c3b-4a52-bc5c-e10266eb7384 HTTP/1.1" status: 404 len: 337 time: 0.0184660
2026-07-15 00:16:00.645 10 INFO neutron.wsgi [None req-0764a3c0-5c6d-47d7-b5cd-85b143c4cd4d 0869261180e7469a9cd4f2ae3e49bc8e 030afebcd17444e4a8d86a5550356350 - - default default] 10.0.0.217 "GET /v2.0/ports?device_id=cb757957-939c-4f24-bfea-3b337eda249b HTTP/1.1" status: 200 len: 205 time: 0.0252006
2026-07-15 00:16:00.680 10 INFO neutron.api.v2.resource [None req-757637f4-7681-4540-ad23-1c8f20ac00f6 0869261180e7469a9cd4f2ae3e49bc8e 030afebcd17444e4a8d86a5550356350 - - default default] delete failed (client error): The resource could not be found.
2026-07-15 00:16:00.681 10 INFO neutron.wsgi [None req-757637f4-7681-4540-ad23-1c8f20ac00f6 0869261180e7469a9cd4f2ae3e49bc8e 030afebcd17444e4a8d86a5550356350 - - default default] 10.0.0.217 "DELETE /v2.0/routers/cb757957-939c-4f24-bfea-3b337eda249b HTTP/1.1" status: 404 len: 336 time: 0.0298753
2026-07-15 00:16:00.709 10 INFO neutron.pecan_wsgi.hooks.translation [None req-749939d1-9e6d-4ba8-a138-4250bd43b3ec 0869261180e7469a9cd4f2ae3e49bc8e 030afebcd17444e4a8d86a5550356350 - - default default] DELETE failed (client error): The resource could not be found.
2026-07-15 00:16:00.712 10 INFO neutron.wsgi [None req-749939d1-9e6d-4ba8-a138-4250bd43b3ec 0869261180e7469a9cd4f2ae3e49bc8e 030afebcd17444e4a8d86a5550356350 - - default default] 10.0.0.217 "DELETE /v2.0/subnets/2231961f-c35b-41e9-b0d3-6a36f88d801f HTTP/1.1" status: 404 len: 337 time: 0.0256968
2026-07-15 00:16:00.741 10 INFO neutron.pecan_wsgi.hooks.translation [None req-55efd611-a5e6-472b-a50e-708d0e7a3a03 0869261180e7469a9cd4f2ae3e49bc8e 030afebcd17444e4a8d86a5550356350 - - default default] DELETE failed (client error): The resource could not be found.
2026-07-15 00:16:00.746 10 INFO neutron.wsgi [None req-55efd611-a5e6-472b-a50e-708d0e7a3a03 0869261180e7469a9cd4f2ae3e49bc8e 030afebcd17444e4a8d86a5550356350 - - default default] 10.0.0.217 "DELETE /v2.0/subnets/0c501b40-bf96-4df4-b436-91030ca80d9c HTTP/1.1" status: 404 len: 337 time: 0.0281384
2026-07-15 00:16:00.772 9 INFO neutron.db.ovn_revision_numbers_db [None req-04638b8f-4b87-4d1c-86c7-111f4b8829b1 851b7c2d5e414e4295867e176e51c3f5 d37282b52f0c42eeb9a5de6b4a37b929 - - default default] Successfully bumped revision number for resource 31df8125-8a72-43fd-bbf7-3e14911feb33 (type: security_group_rules) to 0
2026-07-15 00:16:00.800 9 INFO neutron.db.ovn_revision_numbers_db [None req-04638b8f-4b87-4d1c-86c7-111f4b8829b1 851b7c2d5e414e4295867e176e51c3f5 d37282b52f0c42eeb9a5de6b4a37b929 - - default default] Successfully bumped revision number for resource 742cbb3b-874c-493b-b871-558af9a6a89e (type: security_group_rules) to 0
2026-07-15 00:16:00.816 9 INFO neutron.db.ovn_revision_numbers_db [None req-04638b8f-4b87-4d1c-86c7-111f4b8829b1 851b7c2d5e414e4295867e176e51c3f5 d37282b52f0c42eeb9a5de6b4a37b929 - - default default] Successfully bumped revision number for resource 9f6ebcb4-6d2c-4d45-a474-c3c12e056c39 (type: security_group_rules) to 0
2026-07-15 00:16:00.832 9 INFO neutron.db.ovn_revision_numbers_db [None req-04638b8f-4b87-4d1c-86c7-111f4b8829b1 851b7c2d5e414e4295867e176e51c3f5 d37282b52f0c42eeb9a5de6b4a37b929 - - default default] Successfully bumped revision number for resource dfa86230-6cf4-4f3c-ba63-7d43376794d8 (type: security_group_rules) to 0
2026-07-15 00:16:00.856 9 INFO neutron.wsgi [None req-04638b8f-4b87-4d1c-86c7-111f4b8829b1 851b7c2d5e414e4295867e176e51c3f5 d37282b52f0c42eeb9a5de6b4a37b929 - - default default] 10.0.0.217 "GET /v2.0/security-groups?tenant_id=f362000ca4f24b0cb19684ba4ba75ee6&name=default HTTP/1.1" status: 200 len: 3120 time: 0.5990582
2026-07-15 00:16:01.094 10 INFO neutron.wsgi [None req-7e9707e4-b7cc-49ed-991a-7479cb0ec6a3 851b7c2d5e414e4295867e176e51c3f5 d37282b52f0c42eeb9a5de6b4a37b929 - - default default] 10.0.0.217 "DELETE /v2.0/security-groups/7427e974-9286-4cc3-81b4-18b92ce6ab1c HTTP/1.1" status: 204 len: 168 time: 0.2314470
2026-07-15 00:16:01.284 9 INFO neutron.db.ovn_revision_numbers_db [None req-62ce70d7-527e-4585-bcd2-0e0a39bb4556 d3a0d06af38e4aa7a8e98369cb6bcbcf 9e1add05be0a4cdb8bdd0505d76ab5c6 - - default default] Successfully bumped revision number for resource 547f4648-5f40-4181-8f47-1f29f116550d (type: ports) to 2
2026-07-15 00:16:01.323 9 INFO neutron.db.ovn_revision_numbers_db [None req-62ce70d7-527e-4585-bcd2-0e0a39bb4556 d3a0d06af38e4aa7a8e98369cb6bcbcf 9e1add05be0a4cdb8bdd0505d76ab5c6 - - default default] Successfully bumped revision number for resource 830cadf8-7a53-4481-abc2-23b616c01b4e (type: subnets) to 0
2026-07-15 00:16:01.340 9 INFO neutron.wsgi [None req-62ce70d7-527e-4585-bcd2-0e0a39bb4556 d3a0d06af38e4aa7a8e98369cb6bcbcf 9e1add05be0a4cdb8bdd0505d76ab5c6 - - default default] 10.0.0.217 "POST /v2.0/subnets HTTP/1.1" status: 201 len: 801 time: 1.1595979
2026-07-15 00:16:01.414 9 INFO neutron.wsgi [None req-a4009993-bfac-475b-8430-40a6b1f88dd6 d3a0d06af38e4aa7a8e98369cb6bcbcf 9e1add05be0a4cdb8bdd0505d76ab5c6 - - default default] 10.0.0.217 "PUT /v2.0/subnets/830cadf8-7a53-4481-abc2-23b616c01b4e/tags HTTP/1.1" status: 200 len: 218 time: 0.0674765
2026-07-15 00:16:01.456 9 INFO neutron.wsgi [None req-6ff977b3-d37f-4e2e-911b-3ec18f9dc787 d3a0d06af38e4aa7a8e98369cb6bcbcf 9e1add05be0a4cdb8bdd0505d76ab5c6 - - default default] 10.0.0.217 "GET /v2.0/subnets/830cadf8-7a53-4481-abc2-23b616c01b4e/tags HTTP/1.1" status: 200 len: 218 time: 0.0376673
2026-07-15 00:16:01.514 9 INFO neutron.wsgi [None req-3b689348-5239-4bb0-9e94-f5f56119b7d2 851b7c2d5e414e4295867e176e51c3f5 d37282b52f0c42eeb9a5de6b4a37b929 - - default default] 10.0.0.217 "GET /v2.0/security-groups?tenant_id=030afebcd17444e4a8d86a5550356350&name=default HTTP/1.1" status: 200 len: 3120 time: 0.2207913
2026-07-15 00:16:01.557 10 INFO neutron.wsgi [None req-e648de00-a509-428a-b5c5-a1de3bfd76ae d3a0d06af38e4aa7a8e98369cb6bcbcf 9e1add05be0a4cdb8bdd0505d76ab5c6 - - default default] 10.0.0.217 "PUT /v2.0/subnets/830cadf8-7a53-4481-abc2-23b616c01b4e/tags/green HTTP/1.1" status: 201 len: 201 time: 0.0922561
2026-07-15 00:16:01.602 10 INFO neutron.wsgi [None req-7c3a1488-2d14-4bec-ab2a-ec7e9d9e3253 d3a0d06af38e4aa7a8e98369cb6bcbcf 9e1add05be0a4cdb8bdd0505d76ab5c6 - - default default] 10.0.0.217 "GET /v2.0/subnets/830cadf8-7a53-4481-abc2-23b616c01b4e/tags HTTP/1.1" status: 200 len: 227 time: 0.0402117
2026-07-15 00:16:01.661 9 INFO neutron.wsgi [None req-88598919-dabf-4de6-b863-60c91dd78453 d3a0d06af38e4aa7a8e98369cb6bcbcf 9e1add05be0a4cdb8bdd0505d76ab5c6 - - default default] 10.0.0.217 "PUT /v2.0/subnets/830cadf8-7a53-4481-abc2-23b616c01b4e/tags/red HTTP/1.1" status: 201 len: 201 time: 0.0522611
2026-07-15 00:16:01.711 10 INFO neutron.wsgi [None req-364ac809-b85d-4466-b997-88b69dba1f76 d3a0d06af38e4aa7a8e98369cb6bcbcf 9e1add05be0a4cdb8bdd0505d76ab5c6 - - default default] 10.0.0.217 "GET /v2.0/subnets/830cadf8-7a53-4481-abc2-23b616c01b4e/tags HTTP/1.1" status: 200 len: 227 time: 0.0434136
2026-07-15 00:16:01.769 9 INFO neutron.wsgi [None req-34171644-b980-422f-87c0-a00c6d2b5952 851b7c2d5e414e4295867e176e51c3f5 d37282b52f0c42eeb9a5de6b4a37b929 - - default default] 10.0.0.217 "DELETE /v2.0/security-groups/cce6fb86-0d2f-4da7-a3af-254907a5b3b3 HTTP/1.1" status: 204 len: 168 time: 0.2491951
2026-07-15 00:16:01.794 10 INFO neutron.wsgi [None req-0b0afc8e-dfa8-481f-bcdf-6e7b49a3095b d3a0d06af38e4aa7a8e98369cb6bcbcf 9e1add05be0a4cdb8bdd0505d76ab5c6 - - default default] 10.0.0.217 "PUT /v2.0/subnets/830cadf8-7a53-4481-abc2-23b616c01b4e/tags/black.or.white HTTP/1.1" status: 201 len: 201 time: 0.0776114
2026-07-15 00:16:01.838 10 INFO neutron.wsgi [None req-6bfa9d0a-28c0-4b26-86d8-b7e9acf2bb7b d3a0d06af38e4aa7a8e98369cb6bcbcf 9e1add05be0a4cdb8bdd0505d76ab5c6 - - default default] 10.0.0.217 "GET /v2.0/subnets/830cadf8-7a53-4481-abc2-23b616c01b4e/tags HTTP/1.1" status: 200 len: 245 time: 0.0384090
2026-07-15 00:16:01.900 10 INFO neutron.wsgi [None req-cb8320e9-80ca-46bd-92a1-23adb259d8a5 d3a0d06af38e4aa7a8e98369cb6bcbcf 9e1add05be0a4cdb8bdd0505d76ab5c6 - - default default] 10.0.0.217 "PUT /v2.0/subnets/830cadf8-7a53-4481-abc2-23b616c01b4e/tags HTTP/1.1" status: 200 len: 230 time: 0.0537810
2026-07-15 00:16:01.950 10 INFO neutron.wsgi [None req-b7a3b1dc-7c51-41e1-a35f-9fc51ef4cce2 d3a0d06af38e4aa7a8e98369cb6bcbcf 9e1add05be0a4cdb8bdd0505d76ab5c6 - - default default] 10.0.0.217 "GET /v2.0/subnets/830cadf8-7a53-4481-abc2-23b616c01b4e/tags HTTP/1.1" status: 200 len: 230 time: 0.0434039
2026-07-15 00:16:01.995 10 INFO neutron.wsgi [None req-f065bf36-c157-46c6-be53-c5d46bcd7323 d3a0d06af38e4aa7a8e98369cb6bcbcf 9e1add05be0a4cdb8bdd0505d76ab5c6 - - default default] 10.0.0.217 "GET /v2.0/subnets/830cadf8-7a53-4481-abc2-23b616c01b4e/tags/red HTTP/1.1" status: 204 len: 168 time: 0.0401063
2026-07-15 00:16:02.042 10 INFO neutron.api.v2.resource [None req-7fd6b063-3ce7-4428-9801-a29b3b99d156 d3a0d06af38e4aa7a8e98369cb6bcbcf 9e1add05be0a4cdb8bdd0505d76ab5c6 - - default default] show failed (client error): The resource could not be found.
2026-07-15 00:16:02.044 10 INFO neutron.wsgi [None req-7fd6b063-3ce7-4428-9801-a29b3b99d156 d3a0d06af38e4aa7a8e98369cb6bcbcf 9e1add05be0a4cdb8bdd0505d76ab5c6 - - default default] 10.0.0.217 "GET /v2.0/subnets/830cadf8-7a53-4481-abc2-23b616c01b4e/tags/green HTTP/1.1" status: 404 len: 299 time: 0.0426369
2026-07-15 00:16:02.107 10 INFO neutron.wsgi [None req-15e81d2c-064c-4e8b-a99e-341daadb042f d3a0d06af38e4aa7a8e98369cb6bcbcf 9e1add05be0a4cdb8bdd0505d76ab5c6 - - default default] 10.0.0.217 "DELETE /v2.0/subnets/830cadf8-7a53-4481-abc2-23b616c01b4e/tags/red HTTP/1.1" status: 204 len: 168 time: 0.0570123
2026-07-15 00:16:02.146 9 INFO neutron.wsgi [None req-fc8c8829-f5c2-4962-88a9-d386df07f8ff d3a0d06af38e4aa7a8e98369cb6bcbcf 9e1add05be0a4cdb8bdd0505d76ab5c6 - - default default] 10.0.0.217 "GET /v2.0/subnets/830cadf8-7a53-4481-abc2-23b616c01b4e/tags HTTP/1.1" status: 200 len: 223 time: 0.0345178
2026-07-15 00:16:02.185 9 INFO neutron.api.v2.resource [None req-8048594f-2593-430f-9ed3-109115ac1bec d3a0d06af38e4aa7a8e98369cb6bcbcf 9e1add05be0a4cdb8bdd0505d76ab5c6 - - default default] delete failed (client error): The resource could not be found.
2026-07-15 00:16:02.186 9 INFO neutron.wsgi [None req-8048594f-2593-430f-9ed3-109115ac1bec d3a0d06af38e4aa7a8e98369cb6bcbcf 9e1add05be0a4cdb8bdd0505d76ab5c6 - - default default] 10.0.0.217 "DELETE /v2.0/subnets/830cadf8-7a53-4481-abc2-23b616c01b4e/tags/green HTTP/1.1" status: 404 len: 299 time: 0.0328865
2026-07-15 00:16:02.232 9 INFO neutron.wsgi [None req-049b13c1-64b1-4e14-ac99-b844f05f91d0 d3a0d06af38e4aa7a8e98369cb6bcbcf 9e1add05be0a4cdb8bdd0505d76ab5c6 - - default default] 10.0.0.217 "DELETE /v2.0/subnets/830cadf8-7a53-4481-abc2-23b616c01b4e/tags HTTP/1.1" status: 204 len: 168 time: 0.0405202
2026-07-15 00:16:02.289 9 INFO neutron.wsgi [None req-ca90dc3b-15e1-4e44-a71c-baca3da3e589 d3a0d06af38e4aa7a8e98369cb6bcbcf 9e1add05be0a4cdb8bdd0505d76ab5c6 - - default default] 10.0.0.217 "GET /v2.0/subnets/830cadf8-7a53-4481-abc2-23b616c01b4e/tags HTTP/1.1" status: 200 len: 205 time: 0.0511889
2026-07-15 00:16:02.517 9 INFO neutron.wsgi [None req-991a0714-0e42-49da-9c3c-c9ddbdf35666 d3a0d06af38e4aa7a8e98369cb6bcbcf 9e1add05be0a4cdb8bdd0505d76ab5c6 - - default default] 10.0.0.217 "DELETE /v2.0/subnets/830cadf8-7a53-4481-abc2-23b616c01b4e HTTP/1.1" status: 204 len: 168 time: 0.2078001
2026-07-15 00:16:02.941 10 INFO neutron.services.segments.plugin [-] Segment 2ac31236-cde1-4972-9afe-2bcf9b0755b8 resource provider aggregate not found
2026-07-15 00:16:02.950 10 INFO neutron.services.segments.plugin [-] Segment 2ac31236-cde1-4972-9afe-2bcf9b0755b8 resource provider aggregate not found
2026-07-15 00:16:02.960 10 INFO neutron.services.segments.plugin [-] Segment 2ac31236-cde1-4972-9afe-2bcf9b0755b8 resource provider not found; error: Placement Client Error (4xx): {"errors": [{"status": 404, "title": "Not Found", "detail": "The resource could not be found.\n\n No resource provider with uuid 2ac31236-cde1-4972-9afe-2bcf9b0755b8 found for delete ", "request_id": "req-07e2d601-8248-497f-a7b3-9aea42c8c07b"}]}
2026-07-15 00:16:02.965 10 INFO neutron.services.segments.plugin [-] Segment 2ac31236-cde1-4972-9afe-2bcf9b0755b8 resource provider not found; error: Placement Client Error (4xx): {"errors": [{"status": 404, "title": "Not Found", "detail": "The resource could not be found.\n\n No resource provider with uuid 2ac31236-cde1-4972-9afe-2bcf9b0755b8 found for delete ", "request_id": "req-a065bce2-6e0c-4b48-a201-382354ce437b"}]}
2026-07-15 00:16:02.990 10 INFO neutron.wsgi [None req-8c57636b-5a67-4266-8d59-440dc3453a17 d3a0d06af38e4aa7a8e98369cb6bcbcf 9e1add05be0a4cdb8bdd0505d76ab5c6 - - default default] 10.0.0.217 "DELETE /v2.0/networks/61c7f65c-2115-4922-b30a-88937a133d80 HTTP/1.1" status: 204 len: 168 time: 0.4653854
2026-07-15 00:16:03.688 9 WARNING neutron_lib.context [None req-193a1fff-9945-4808-b3c0-df9b80f1efbd 972c258895a14c8f8eb59ecdd77f874c 44eecfa66cdf48c796e19a99e0c9a6c9 - - default default] Method 'is_advsvc' is deprecated since 2023.2 release (neutron-lib 3.8.0) and will be removed once support for the old RBAC API policies will be removed from Neutron. Please use method 'is_service_role' instead.
2026-07-15 00:16:03.848 10 INFO neutron.wsgi [None req-071c6a89-9f05-4a85-b7d8-51ddab46ae86 851b7c2d5e414e4295867e176e51c3f5 d37282b52f0c42eeb9a5de6b4a37b929 - - default default] 10.0.0.217 "GET /v2.0/security-groups?tenant_id=9e1add05be0a4cdb8bdd0505d76ab5c6&name=default HTTP/1.1" status: 200 len: 3120 time: 0.0934813
2026-07-15 00:16:03.873 9 INFO neutron.db.ovn_revision_numbers_db [None req-193a1fff-9945-4808-b3c0-df9b80f1efbd 972c258895a14c8f8eb59ecdd77f874c 44eecfa66cdf48c796e19a99e0c9a6c9 - - default default] Successfully bumped revision number for resource 17ee8740-7b03-4f63-aee7-84f2a776a32f (type: security_groups) to 1
2026-07-15 00:16:03.891 9 INFO neutron.db.ovn_revision_numbers_db [None req-193a1fff-9945-4808-b3c0-df9b80f1efbd 972c258895a14c8f8eb59ecdd77f874c 44eecfa66cdf48c796e19a99e0c9a6c9 - - default default] Successfully bumped revision number for resource 15ffcbff-e86a-4932-bcc1-4976776e0ffb (type: security_group_rules) to 0
2026-07-15 00:16:03.908 9 INFO neutron.db.ovn_revision_numbers_db [None req-193a1fff-9945-4808-b3c0-df9b80f1efbd 972c258895a14c8f8eb59ecdd77f874c 44eecfa66cdf48c796e19a99e0c9a6c9 - - default default] Successfully bumped revision number for resource 1a7add3c-9962-4c7d-a8cd-862b05ce45a1 (type: security_group_rules) to 0
2026-07-15 00:16:03.929 9 INFO neutron.db.ovn_revision_numbers_db [None req-193a1fff-9945-4808-b3c0-df9b80f1efbd 972c258895a14c8f8eb59ecdd77f874c 44eecfa66cdf48c796e19a99e0c9a6c9 - - default default] Successfully bumped revision number for resource 41f08a40-d805-493f-a2b4-262316434f9e (type: security_group_rules) to 0
2026-07-15 00:16:03.946 9 INFO neutron.db.ovn_revision_numbers_db [None req-193a1fff-9945-4808-b3c0-df9b80f1efbd 972c258895a14c8f8eb59ecdd77f874c 44eecfa66cdf48c796e19a99e0c9a6c9 - - default default] Successfully bumped revision number for resource f1c32488-aae8-4ef5-a9b5-5fdb354c6616 (type: security_group_rules) to 0
2026-07-15 00:16:04.064 9 INFO neutron.db.ovn_revision_numbers_db [None req-193a1fff-9945-4808-b3c0-df9b80f1efbd 972c258895a14c8f8eb59ecdd77f874c 44eecfa66cdf48c796e19a99e0c9a6c9 - - default default] Successfully bumped revision number for resource 45d3e036-75f1-455c-b96c-7f709d183e33 (type: security_groups) to 1
2026-07-15 00:16:04.079 9 INFO neutron.db.ovn_revision_numbers_db [None req-193a1fff-9945-4808-b3c0-df9b80f1efbd 972c258895a14c8f8eb59ecdd77f874c 44eecfa66cdf48c796e19a99e0c9a6c9 - - default default] Successfully bumped revision number for resource 07994bb4-c851-4bd1-b3f8-e7547258b56a (type: security_group_rules) to 0
2026-07-15 00:16:04.094 9 INFO neutron.db.ovn_revision_numbers_db [None req-193a1fff-9945-4808-b3c0-df9b80f1efbd 972c258895a14c8f8eb59ecdd77f874c 44eecfa66cdf48c796e19a99e0c9a6c9 - - default default] Successfully bumped revision number for resource 1943a4e1-1971-4c8b-9392-a4b15a44b772 (type: security_group_rules) to 0
2026-07-15 00:16:04.096 10 INFO neutron.wsgi [None req-9b776745-514a-4450-ba09-90abb451c070 851b7c2d5e414e4295867e176e51c3f5 d37282b52f0c42eeb9a5de6b4a37b929 - - default default] 10.0.0.217 "DELETE /v2.0/security-groups/eef0c00c-5c15-462f-917c-e5ba68feb11f HTTP/1.1" status: 204 len: 168 time: 0.2424078
2026-07-15 00:16:04.122 9 INFO neutron.wsgi [None req-193a1fff-9945-4808-b3c0-df9b80f1efbd 972c258895a14c8f8eb59ecdd77f874c 44eecfa66cdf48c796e19a99e0c9a6c9 - - default default] 10.0.0.217 "POST /v2.0/security-groups HTTP/1.1" status: 201 len: 1824 time: 0.6321967
2026-07-15 00:16:04.183 10 INFO neutron.wsgi [None req-fc7e2e65-8998-4a19-9030-bb83c851df29 972c258895a14c8f8eb59ecdd77f874c 44eecfa66cdf48c796e19a99e0c9a6c9 - - default default] 10.0.0.217 "GET /v2.0/security-groups HTTP/1.1" status: 200 len: 4724 time: 0.0543823
2026-07-15 00:16:04.298 10 INFO neutron.db.ovn_revision_numbers_db [None req-476b5b73-5dd8-4ff2-9044-3052ff21c971 972c258895a14c8f8eb59ecdd77f874c 44eecfa66cdf48c796e19a99e0c9a6c9 - - default default] Successfully bumped revision number for resource 45d3e036-75f1-455c-b96c-7f709d183e33 (type: security_groups) to 2
2026-07-15 00:16:04.303 10 INFO neutron.wsgi [None req-476b5b73-5dd8-4ff2-9044-3052ff21c971 972c258895a14c8f8eb59ecdd77f874c 44eecfa66cdf48c796e19a99e0c9a6c9 - - default default] 10.0.0.217 "PUT /v2.0/security-groups/45d3e036-75f1-455c-b96c-7f709d183e33 HTTP/1.1" status: 200 len: 1856 time: 0.1160598
2026-07-15 00:16:04.366 10 INFO neutron.wsgi [None req-1c2c6d06-4f9e-4ba8-918e-b3a1ea0722a6 972c258895a14c8f8eb59ecdd77f874c 44eecfa66cdf48c796e19a99e0c9a6c9 - - default default] 10.0.0.217 "GET /v2.0/security-groups/45d3e036-75f1-455c-b96c-7f709d183e33 HTTP/1.1" status: 200 len: 1856 time: 0.0552227
2026-07-15 00:16:04.416 9 INFO neutron.db.ovn_revision_numbers_db [None req-7af7abe7-42db-4558-8523-277c16540a32 851b7c2d5e414e4295867e176e51c3f5 d37282b52f0c42eeb9a5de6b4a37b929 - - default default] Successfully bumped revision number for resource dff1e5b5-1514-48df-90a5-4c183ec8f083 (type: security_groups) to 1
2026-07-15 00:16:04.435 9 INFO neutron.db.ovn_revision_numbers_db [None req-7af7abe7-42db-4558-8523-277c16540a32 851b7c2d5e414e4295867e176e51c3f5 d37282b52f0c42eeb9a5de6b4a37b929 - - default default] Successfully bumped revision number for resource b6bb42f6-81da-40a9-83fa-b303c22f9e03 (type: security_group_rules) to 0
2026-07-15 00:16:04.454 9 INFO neutron.db.ovn_revision_numbers_db [None req-7af7abe7-42db-4558-8523-277c16540a32 851b7c2d5e414e4295867e176e51c3f5 d37282b52f0c42eeb9a5de6b4a37b929 - - default default] Successfully bumped revision number for resource c284647e-37e5-4430-892c-bcf28b6b79f7 (type: security_group_rules) to 0
2026-07-15 00:16:04.474 9 INFO neutron.db.ovn_revision_numbers_db [None req-7af7abe7-42db-4558-8523-277c16540a32 851b7c2d5e414e4295867e176e51c3f5 d37282b52f0c42eeb9a5de6b4a37b929 - - default default] Successfully bumped revision number for resource f95e4193-33c5-4df1-b579-15d4f7c66a74 (type: security_group_rules) to 0
2026-07-15 00:16:04.495 9 INFO neutron.db.ovn_revision_numbers_db [None req-7af7abe7-42db-4558-8523-277c16540a32 851b7c2d5e414e4295867e176e51c3f5 d37282b52f0c42eeb9a5de6b4a37b929 - - default default] Successfully bumped revision number for resource ffdceb40-abc6-4622-9133-ea228b66134d (type: security_group_rules) to 0
2026-07-15 00:16:04.500 10 INFO neutron.wsgi [None req-a5dc93c7-3693-487c-9673-07b9666ea0e8 972c258895a14c8f8eb59ecdd77f874c 44eecfa66cdf48c796e19a99e0c9a6c9 - - default default] 10.0.0.217 "DELETE /v2.0/security-groups/45d3e036-75f1-455c-b96c-7f709d183e33 HTTP/1.1" status: 204 len: 168 time: 0.1293473
2026-07-15 00:16:04.537 9 INFO neutron.wsgi [None req-7af7abe7-42db-4558-8523-277c16540a32 851b7c2d5e414e4295867e176e51c3f5 d37282b52f0c42eeb9a5de6b4a37b929 - - default default] 10.0.0.217 "GET /v2.0/security-groups?tenant_id=8240cd2bbad747ee926049456cdc137e&name=default HTTP/1.1" status: 200 len: 3120 time: 0.2887766
2026-07-15 00:16:04.552 10 INFO neutron.wsgi [None req-d9f23183-e194-41ee-89c1-4072ab56c1d0 972c258895a14c8f8eb59ecdd77f874c 44eecfa66cdf48c796e19a99e0c9a6c9 - - default default] 10.0.0.217 "GET /v2.0/security-groups HTTP/1.1" status: 200 len: 3120 time: 0.0460491
2026-07-15 00:16:04.577 9 INFO neutron.api.v2.resource [None req-b095d412-754d-4b50-b431-f3a49121e355 972c258895a14c8f8eb59ecdd77f874c 44eecfa66cdf48c796e19a99e0c9a6c9 - - default default] delete failed (client error): The resource could not be found.
2026-07-15 00:16:04.579 9 INFO neutron.wsgi [None req-b095d412-754d-4b50-b431-f3a49121e355 972c258895a14c8f8eb59ecdd77f874c 44eecfa66cdf48c796e19a99e0c9a6c9 - - default default] 10.0.0.217 "DELETE /v2.0/security-groups/45d3e036-75f1-455c-b96c-7f709d183e33 HTTP/1.1" status: 404 len: 347 time: 0.0190251
2026-07-15 00:16:04.594 9 WARNING neutron_lib.context [None req-12b281c8-3263-4f74-8df1-f0334d57c0f1 972c258895a14c8f8eb59ecdd77f874c 44eecfa66cdf48c796e19a99e0c9a6c9 - - default default] Method 'is_advsvc' is deprecated since 2023.2 release (neutron-lib 3.8.0) and will be removed once support for the old RBAC API policies will be removed from Neutron. Please use method 'is_service_role' instead.
2026-07-15 00:16:04.716 9 INFO neutron.db.ovn_revision_numbers_db [None req-12b281c8-3263-4f74-8df1-f0334d57c0f1 972c258895a14c8f8eb59ecdd77f874c 44eecfa66cdf48c796e19a99e0c9a6c9 - - default default] Successfully bumped revision number for resource 6ced0d11-4de9-41b0-bdd2-871021e1a80d (type: security_groups) to 1
2026-07-15 00:16:04.733 9 INFO neutron.db.ovn_revision_numbers_db [None req-12b281c8-3263-4f74-8df1-f0334d57c0f1 972c258895a14c8f8eb59ecdd77f874c 44eecfa66cdf48c796e19a99e0c9a6c9 - - default default] Successfully bumped revision number for resource a958f485-8580-47c6-b2a0-f443ba22e123 (type: security_group_rules) to 0
2026-07-15 00:16:04.749 9 INFO neutron.db.ovn_revision_numbers_db [None req-12b281c8-3263-4f74-8df1-f0334d57c0f1 972c258895a14c8f8eb59ecdd77f874c 44eecfa66cdf48c796e19a99e0c9a6c9 - - default default] Successfully bumped revision number for resource e872df28-3e66-49b1-80b1-0ba4971093cc (type: security_group_rules) to 0
2026-07-15 00:16:04.767 9 INFO neutron.wsgi [None req-12b281c8-3263-4f74-8df1-f0334d57c0f1 972c258895a14c8f8eb59ecdd77f874c 44eecfa66cdf48c796e19a99e0c9a6c9 - - default default] 10.0.0.217 "POST /v2.0/security-groups HTTP/1.1" status: 201 len: 1824 time: 0.1786366
2026-07-15 00:16:04.777 9 WARNING neutron_lib.context [None req-8f21b70a-15e3-431e-a0e1-1f444901ea1d 972c258895a14c8f8eb59ecdd77f874c 44eecfa66cdf48c796e19a99e0c9a6c9 - - default default] Method 'is_advsvc' is deprecated since 2023.2 release (neutron-lib 3.8.0) and will be removed once support for the old RBAC API policies will be removed from Neutron. Please use method 'is_service_role' instead.
2026-07-15 00:16:04.822 10 INFO neutron.wsgi [None req-eca29d9b-424b-419b-9250-a35671b59073 851b7c2d5e414e4295867e176e51c3f5 d37282b52f0c42eeb9a5de6b4a37b929 - - default default] 10.0.0.217 "DELETE /v2.0/security-groups/dff1e5b5-1514-48df-90a5-4c183ec8f083 HTTP/1.1" status: 204 len: 168 time: 0.2795739
2026-07-15 00:16:04.927 9 INFO neutron.db.ovn_revision_numbers_db [None req-8f21b70a-15e3-431e-a0e1-1f444901ea1d 972c258895a14c8f8eb59ecdd77f874c 44eecfa66cdf48c796e19a99e0c9a6c9 - - default default] Successfully bumped revision number for resource 4742c32b-868d-4127-a650-4624010dd6a6 (type: security_group_rules) to 0
2026-07-15 00:16:04.963 9 INFO neutron.wsgi [None req-8f21b70a-15e3-431e-a0e1-1f444901ea1d 972c258895a14c8f8eb59ecdd77f874c 44eecfa66cdf48c796e19a99e0c9a6c9 - - default default] 10.0.0.217 "POST /v2.0/security-group-rules HTTP/1.1" status: 201 len: 800 time: 0.1904554
2026-07-15 00:16:04.963 9 WARNING neutron.plugins.ml2.drivers.ovn.mech_driver.ovsdb.ovn_client [None req-ba97e2e0-8c8a-46c9-aec5-5954db8ceda4 - - - - - -] No port found with ID f6e2d928-f22b-44b4-a0b4-2edaa4562019: RuntimeError: No port found with ID f6e2d928-f22b-44b4-a0b4-2edaa4562019
2026-07-15 00:16:04.991 9 INFO neutron.wsgi [None req-7fe40ba0-4689-4dd1-a1a6-3c79898a8ea3 972c258895a14c8f8eb59ecdd77f874c 44eecfa66cdf48c796e19a99e0c9a6c9 - - default default] 10.0.0.217 "GET /v2.0/security-group-rules/4742c32b-868d-4127-a650-4624010dd6a6 HTTP/1.1" status: 200 len: 795 time: 0.0219846
2026-07-15 00:16:05.085 9 INFO neutron.wsgi [None req-c0b28052-77b5-4a1b-8d0f-af37692ec64a 972c258895a14c8f8eb59ecdd77f874c 44eecfa66cdf48c796e19a99e0c9a6c9 - - default default] 10.0.0.217 "GET /v2.0/security-group-rules HTTP/1.1" status: 200 len: 4333 time: 0.0889103
2026-07-15 00:16:05.223 9 INFO neutron.wsgi [None req-a7944c14-5652-4a71-94ff-498c5bb2626d 972c258895a14c8f8eb59ecdd77f874c 44eecfa66cdf48c796e19a99e0c9a6c9 - - default default] 10.0.0.217 "DELETE /v2.0/security-group-rules/4742c32b-868d-4127-a650-4624010dd6a6 HTTP/1.1" status: 204 len: 168 time: 0.1317990
2026-07-15 00:16:05.289 9 INFO neutron.wsgi [None req-b875f31e-bc8c-4c6e-815c-a49c0774c8b0 972c258895a14c8f8eb59ecdd77f874c 44eecfa66cdf48c796e19a99e0c9a6c9 - - default default] 10.0.0.217 "GET /v2.0/security-group-rules HTTP/1.1" status: 200 len: 3755 time: 0.0605507
2026-07-15 00:16:05.299 9 WARNING neutron_lib.context [None req-28538dc9-fc54-4a79-9220-4785b57554f0 972c258895a14c8f8eb59ecdd77f874c 44eecfa66cdf48c796e19a99e0c9a6c9 - - default default] Method 'is_advsvc' is deprecated since 2023.2 release (neutron-lib 3.8.0) and will be removed once support for the old RBAC API policies will be removed from Neutron. Please use method 'is_service_role' instead.
2026-07-15 00:16:05.430 9 INFO neutron.db.ovn_revision_numbers_db [None req-28538dc9-fc54-4a79-9220-4785b57554f0 972c258895a14c8f8eb59ecdd77f874c 44eecfa66cdf48c796e19a99e0c9a6c9 - - default default] Successfully bumped revision number for resource 2d74ea62-c576-47b1-9bb0-68b3803e4c7b (type: security_group_rules) to 0
2026-07-15 00:16:05.456 9 INFO neutron.wsgi [None req-28538dc9-fc54-4a79-9220-4785b57554f0 972c258895a14c8f8eb59ecdd77f874c 44eecfa66cdf48c796e19a99e0c9a6c9 - - default default] 10.0.0.217 "POST /v2.0/security-group-rules HTTP/1.1" status: 201 len: 800 time: 0.1615508
2026-07-15 00:16:05.485 9 INFO neutron.wsgi [None req-59ed48cf-38d8-4f99-b764-e7883e8ba357 972c258895a14c8f8eb59ecdd77f874c 44eecfa66cdf48c796e19a99e0c9a6c9 - - default default] 10.0.0.217 "GET /v2.0/security-group-rules/2d74ea62-c576-47b1-9bb0-68b3803e4c7b HTTP/1.1" status: 200 len: 795 time: 0.0228245
2026-07-15 00:16:05.529 10 WARNING neutron_lib.context [None req-91221a15-4095-41ba-8e44-1f8caa5212d4 3b1bdf282a4e4003b784206a585d32a4 203a32b47b7d482485602fec8c509c45 - - default default] Method 'is_advsvc' is deprecated since 2023.2 release (neutron-lib 3.8.0) and will be removed once support for the old RBAC API policies will be removed from Neutron. Please use method 'is_service_role' instead.
2026-07-15 00:16:05.559 9 INFO neutron.wsgi [None req-3427ba26-83d3-4181-a5d0-426785d81469 972c258895a14c8f8eb59ecdd77f874c 44eecfa66cdf48c796e19a99e0c9a6c9 - - default default] 10.0.0.217 "GET /v2.0/security-group-rules HTTP/1.1" status: 200 len: 4333 time: 0.0690701
2026-07-15 00:16:05.722 10 INFO neutron.db.ovn_revision_numbers_db [None req-91221a15-4095-41ba-8e44-1f8caa5212d4 3b1bdf282a4e4003b784206a585d32a4 203a32b47b7d482485602fec8c509c45 - - default default] Successfully bumped revision number for resource 07ba58c4-abcd-4449-b555-47eaf3d7fef5 (type: security_groups) to 1
2026-07-15 00:16:05.740 10 INFO neutron.db.ovn_revision_numbers_db [None req-91221a15-4095-41ba-8e44-1f8caa5212d4 3b1bdf282a4e4003b784206a585d32a4 203a32b47b7d482485602fec8c509c45 - - default default] Successfully bumped revision number for resource 1d2901de-e29a-4e0f-8e34-be1404d1f98c (type: security_group_rules) to 0
2026-07-15 00:16:05.759 10 INFO neutron.wsgi [None req-5893d450-9334-4bc8-a66c-eead351061b4 972c258895a14c8f8eb59ecdd77f874c 44eecfa66cdf48c796e19a99e0c9a6c9 - - default default] 10.0.0.217 "DELETE /v2.0/security-group-rules/2d74ea62-c576-47b1-9bb0-68b3803e4c7b HTTP/1.1" status: 204 len: 168 time: 0.1921904
2026-07-15 00:16:05.769 10 INFO neutron.db.ovn_revision_numbers_db [None req-91221a15-4095-41ba-8e44-1f8caa5212d4 3b1bdf282a4e4003b784206a585d32a4 203a32b47b7d482485602fec8c509c45 - - default default] Successfully bumped revision number for resource 3990aff9-f638-4449-9a33-ddda7d971622 (type: security_group_rules) to 0
2026-07-15 00:16:05.790 10 INFO neutron.db.ovn_revision_numbers_db [None req-91221a15-4095-41ba-8e44-1f8caa5212d4 3b1bdf282a4e4003b784206a585d32a4 203a32b47b7d482485602fec8c509c45 - - default default] Successfully bumped revision number for resource 8a01fd5b-f38c-4140-aaeb-a09ed4e8647f (type: security_group_rules) to 0
2026-07-15 00:16:05.804 10 INFO neutron.db.ovn_revision_numbers_db [None req-91221a15-4095-41ba-8e44-1f8caa5212d4 3b1bdf282a4e4003b784206a585d32a4 203a32b47b7d482485602fec8c509c45 - - default default] Successfully bumped revision number for resource fb4e6b15-3cd4-4d37-8140-6abe6badb7de (type: security_group_rules) to 0
2026-07-15 00:16:05.833 9 INFO neutron.wsgi [None req-3ba14c09-a568-4730-b38b-33abf7a1403e 972c258895a14c8f8eb59ecdd77f874c 44eecfa66cdf48c796e19a99e0c9a6c9 - - default default] 10.0.0.217 "GET /v2.0/security-group-rules HTTP/1.1" status: 200 len: 3755 time: 0.0676327
2026-07-15 00:16:05.847 9 WARNING neutron_lib.context [None req-6c664ee1-581a-4d55-a808-b93a3504abc7 972c258895a14c8f8eb59ecdd77f874c 44eecfa66cdf48c796e19a99e0c9a6c9 - - default default] Method 'is_advsvc' is deprecated since 2023.2 release (neutron-lib 3.8.0) and will be removed once support for the old RBAC API policies will be removed from Neutron. Please use method 'is_service_role' instead.
2026-07-15 00:16:05.862 10 INFO neutron.db.segments_db [None req-91221a15-4095-41ba-8e44-1f8caa5212d4 3b1bdf282a4e4003b784206a585d32a4 203a32b47b7d482485602fec8c509c45 - - default default] Added segment 70caf046-6dd0-407c-a6c7-11093cdba530 of type geneve for network 18e1dcc8-eb98-4d95-9727-77a41a957cf9
2026-07-15 00:16:05.884 9 INFO neutron.db.securitygroups_db [None req-6c664ee1-581a-4d55-a808-b93a3504abc7 972c258895a14c8f8eb59ecdd77f874c 44eecfa66cdf48c796e19a99e0c9a6c9 - - default default] Project 44eecfa66cdf48c796e19a99e0c9a6c9 added a security group rule with legacy IPv6 ICMP protocol name icmp, ipv6-icmp should be used instead. It was automatically converted.
2026-07-15 00:16:05.978 9 INFO neutron.db.ovn_revision_numbers_db [None req-6c664ee1-581a-4d55-a808-b93a3504abc7 972c258895a14c8f8eb59ecdd77f874c 44eecfa66cdf48c796e19a99e0c9a6c9 - - default default] Successfully bumped revision number for resource 49848baf-b7d8-4939-a9c2-3e9839daa18f (type: security_group_rules) to 0
2026-07-15 00:16:06.001 9 INFO neutron.wsgi [None req-6c664ee1-581a-4d55-a808-b93a3504abc7 972c258895a14c8f8eb59ecdd77f874c 44eecfa66cdf48c796e19a99e0c9a6c9 - - default default] 10.0.0.217 "POST /v2.0/security-group-rules HTTP/1.1" status: 201 len: 806 time: 0.1609900
2026-07-15 00:16:06.020 10 INFO neutron.db.ovn_revision_numbers_db [None req-91221a15-4095-41ba-8e44-1f8caa5212d4 3b1bdf282a4e4003b784206a585d32a4 203a32b47b7d482485602fec8c509c45 - - default default] Successfully bumped revision number for resource 18e1dcc8-eb98-4d95-9727-77a41a957cf9 (type: networks) to 1
2026-07-15 00:16:06.026 10 INFO neutron.wsgi [None req-44ffb78d-d627-48af-8ff7-7427805e8739 972c258895a14c8f8eb59ecdd77f874c 44eecfa66cdf48c796e19a99e0c9a6c9 - - default default] 10.0.0.217 "GET /v2.0/security-group-rules/49848baf-b7d8-4939-a9c2-3e9839daa18f HTTP/1.1" status: 200 len: 801 time: 0.0198584
2026-07-15 00:16:06.136 10 INFO neutron.wsgi [None req-a89ca6ac-408d-47ac-9d01-9d865683d762 972c258895a14c8f8eb59ecdd77f874c 44eecfa66cdf48c796e19a99e0c9a6c9 - - default default] 10.0.0.217 "GET /v2.0/security-group-rules HTTP/1.1" status: 200 len: 4339 time: 0.1030056
2026-07-15 00:16:06.222 10 WARNING neutron.scheduler.dhcp_agent_scheduler [None req-91221a15-4095-41ba-8e44-1f8caa5212d4 3b1bdf282a4e4003b784206a585d32a4 203a32b47b7d482485602fec8c509c45 - - default default] No more DHCP agents
2026-07-15 00:16:06.225 10 WARNING neutron.api.rpc.agentnotifiers.dhcp_rpc_agent_api [None req-91221a15-4095-41ba-8e44-1f8caa5212d4 3b1bdf282a4e4003b784206a585d32a4 203a32b47b7d482485602fec8c509c45 - - default default] Unable to schedule network 18e1dcc8-eb98-4d95-9727-77a41a957cf9: no agents available; will retry on subsequent port and subnet creation events.
2026-07-15 00:16:06.302 10 INFO neutron.wsgi [None req-7b7249d7-c8ac-4923-958b-b59af3dce899 972c258895a14c8f8eb59ecdd77f874c 44eecfa66cdf48c796e19a99e0c9a6c9 - - default default] 10.0.0.217 "DELETE /v2.0/security-group-rules/49848baf-b7d8-4939-a9c2-3e9839daa18f HTTP/1.1" status: 204 len: 168 time: 0.1607993
2026-07-15 00:16:06.312 10 INFO neutron.db.ovn_revision_numbers_db [None req-91221a15-4095-41ba-8e44-1f8caa5212d4 3b1bdf282a4e4003b784206a585d32a4 203a32b47b7d482485602fec8c509c45 - - default default] Successfully bumped revision number for resource 9e498e80-0848-4d57-9888-5ef7233b98a0 (type: ports) to 1
2026-07-15 00:16:06.330 10 INFO neutron.wsgi [None req-91221a15-4095-41ba-8e44-1f8caa5212d4 3b1bdf282a4e4003b784206a585d32a4 203a32b47b7d482485602fec8c509c45 - - default default] 10.0.0.217 "POST /v2.0/networks HTTP/1.1" status: 201 len: 831 time: 0.9606371
2026-07-15 00:16:06.339 9 WARNING neutron_lib.context [None req-5e67f01d-eaab-4478-80b3-b9697560b56a 3b1bdf282a4e4003b784206a585d32a4 203a32b47b7d482485602fec8c509c45 - - default default] Method 'is_advsvc' is deprecated since 2023.2 release (neutron-lib 3.8.0) and will be removed once support for the old RBAC API policies will be removed from Neutron. Please use method 'is_service_role' instead.
2026-07-15 00:16:06.383 9 INFO neutron.wsgi [None req-50c35dc7-accc-49fd-b4c9-4e94374587e2 972c258895a14c8f8eb59ecdd77f874c 44eecfa66cdf48c796e19a99e0c9a6c9 - - default default] 10.0.0.217 "GET /v2.0/security-group-rules HTTP/1.1" status: 200 len: 3755 time: 0.0757926
2026-07-15 00:16:06.535 9 INFO neutron.wsgi [None req-b3a8894c-6c5e-41b7-8c31-02dbdfbd4961 972c258895a14c8f8eb59ecdd77f874c 44eecfa66cdf48c796e19a99e0c9a6c9 - - default default] 10.0.0.217 "DELETE /v2.0/security-groups/6ced0d11-4de9-41b0-bdd2-871021e1a80d HTTP/1.1" status: 204 len: 168 time: 0.1468506
2026-07-15 00:16:06.590 10 INFO neutron.wsgi [None req-f85d2f46-5b68-43fb-9eb3-b3f0460e4f0b 972c258895a14c8f8eb59ecdd77f874c 44eecfa66cdf48c796e19a99e0c9a6c9 - - default default] 10.0.0.217 "GET /v2.0/security-groups HTTP/1.1" status: 200 len: 3120 time: 0.0494862
2026-07-15 00:16:06.623 9 WARNING neutron.scheduler.dhcp_agent_scheduler [None req-5e67f01d-eaab-4478-80b3-b9697560b56a 3b1bdf282a4e4003b784206a585d32a4 203a32b47b7d482485602fec8c509c45 - - default default] No more DHCP agents
2026-07-15 00:16:06.627 9 WARNING neutron.api.rpc.agentnotifiers.dhcp_rpc_agent_api [None req-5e67f01d-eaab-4478-80b3-b9697560b56a 3b1bdf282a4e4003b784206a585d32a4 203a32b47b7d482485602fec8c509c45 - - default default] Unable to schedule network 18e1dcc8-eb98-4d95-9727-77a41a957cf9: no agents available; will retry on subsequent port and subnet creation events.
2026-07-15 00:16:06.723 9 INFO neutron.db.ovn_revision_numbers_db [None req-5e67f01d-eaab-4478-80b3-b9697560b56a 3b1bdf282a4e4003b784206a585d32a4 203a32b47b7d482485602fec8c509c45 - - default default] Successfully bumped revision number for resource 0d0fa5fc-38be-487a-b688-4ddaffcdf8c2 (type: ports) to 1
2026-07-15 00:16:06.754 9 INFO neutron.wsgi [None req-5e67f01d-eaab-4478-80b3-b9697560b56a 3b1bdf282a4e4003b784206a585d32a4 203a32b47b7d482485602fec8c509c45 - - default default] 10.0.0.217 "POST /v2.0/ports HTTP/1.1" status: 201 len: 942 time: 0.4181645 /var/lib/openstack/lib/python3.10/site-packages/pycadf/identifier.py:71: UserWarning: Invalid uuid: neutron. To ensure interoperability, identifiers should be a valid uuid. warnings.warn(('Invalid uuid: %s. To ensure interoperability, '
2026-07-15 00:16:06.765 9 WARNING neutron_lib.context [None req-8ac99299-3748-43fd-9549-e2bdf34b08b1 3b1bdf282a4e4003b784206a585d32a4 203a32b47b7d482485602fec8c509c45 - - default default] Method 'is_advsvc' is deprecated since 2023.2 release (neutron-lib 3.8.0) and will be removed once support for the old RBAC API policies will be removed from Neutron. Please use method 'is_service_role' instead.
2026-07-15 00:16:06.943 10 INFO neutron.wsgi [None req-bd9a0494-73f1-4d8e-a401-5250f9cbca34 972c258895a14c8f8eb59ecdd77f874c 44eecfa66cdf48c796e19a99e0c9a6c9 - - default default] 10.0.0.217 "GET /v2.0/security-groups HTTP/1.1" status: 200 len: 3120 time: 0.3441846
2026-07-15 00:16:07.004 9 INFO neutron.wsgi [None req-8ac99299-3748-43fd-9549-e2bdf34b08b1 3b1bdf282a4e4003b784206a585d32a4 203a32b47b7d482485602fec8c509c45 - - default default] 10.0.0.217 "POST /v2.0/trunks HTTP/1.1" status: 201 len: 608 time: 0.2440488
2026-07-15 00:16:07.014 9 WARNING neutron_lib.context [None req-9521bbed-b224-4a17-b6ab-b5c3d59f6f09 3b1bdf282a4e4003b784206a585d32a4 203a32b47b7d482485602fec8c509c45 - - default default] Method 'is_advsvc' is deprecated since 2023.2 release (neutron-lib 3.8.0) and will be removed once support for the old RBAC API policies will be removed from Neutron. Please use method 'is_service_role' instead.
2026-07-15 00:16:07.112 9 INFO neutron.db.segments_db [None req-9521bbed-b224-4a17-b6ab-b5c3d59f6f09 3b1bdf282a4e4003b784206a585d32a4 203a32b47b7d482485602fec8c509c45 - - default default] Added segment fd4390c4-e51d-4641-bf3d-048a2d6545d4 of type geneve for network 1a9516c8-6679-4347-900a-80e8808b590b
2026-07-15 00:16:07.244 9 INFO neutron.db.ovn_revision_numbers_db [None req-9521bbed-b224-4a17-b6ab-b5c3d59f6f09 3b1bdf282a4e4003b784206a585d32a4 203a32b47b7d482485602fec8c509c45 - - default default] Successfully bumped revision number for resource 1a9516c8-6679-4347-900a-80e8808b590b (type: networks) to 1
2026-07-15 00:16:07.436 9 WARNING neutron.scheduler.dhcp_agent_scheduler [None req-9521bbed-b224-4a17-b6ab-b5c3d59f6f09 3b1bdf282a4e4003b784206a585d32a4 203a32b47b7d482485602fec8c509c45 - - default default] No more DHCP agents
2026-07-15 00:16:07.439 9 WARNING neutron.api.rpc.agentnotifiers.dhcp_rpc_agent_api [None req-9521bbed-b224-4a17-b6ab-b5c3d59f6f09 3b1bdf282a4e4003b784206a585d32a4 203a32b47b7d482485602fec8c509c45 - - default default] Unable to schedule network 1a9516c8-6679-4347-900a-80e8808b590b: no agents available; will retry on subsequent port and subnet creation events.
2026-07-15 00:16:07.562 9 INFO neutron.db.ovn_revision_numbers_db [None req-9521bbed-b224-4a17-b6ab-b5c3d59f6f09 3b1bdf282a4e4003b784206a585d32a4 203a32b47b7d482485602fec8c509c45 - - default default] Successfully bumped revision number for resource b76adf2a-da57-427c-a0e6-d99e5d546e3b (type: ports) to 1
2026-07-15 00:16:07.604 9 INFO neutron.wsgi [None req-9521bbed-b224-4a17-b6ab-b5c3d59f6f09 3b1bdf282a4e4003b784206a585d32a4 203a32b47b7d482485602fec8c509c45 - - default default] 10.0.0.217 "POST /v2.0/networks HTTP/1.1" status: 201 len: 830 time: 0.5946438
2026-07-15 00:16:07.618 10 WARNING neutron_lib.context [None req-f727d582-9bd3-491c-835f-fde618bae5f5 3b1bdf282a4e4003b784206a585d32a4 203a32b47b7d482485602fec8c509c45 - - default default] Method 'is_advsvc' is deprecated since 2023.2 release (neutron-lib 3.8.0) and will be removed once support for the old RBAC API policies will be removed from Neutron. Please use method 'is_service_role' instead.
2026-07-15 00:16:07.626 9 INFO neutron.wsgi [None req-0e55f7c5-167f-4279-9a02-a11dc5801e7c 851b7c2d5e414e4295867e176e51c3f5 d37282b52f0c42eeb9a5de6b4a37b929 - - default default] 10.0.0.217 "GET /v2.0/security-groups?tenant_id=44eecfa66cdf48c796e19a99e0c9a6c9&name=default HTTP/1.1" status: 200 len: 3120 time: 0.1638873
2026-07-15 00:16:07.913 9 INFO neutron.wsgi [None req-1bd11668-bd36-4f5e-9c45-a57cbe12be28 851b7c2d5e414e4295867e176e51c3f5 d37282b52f0c42eeb9a5de6b4a37b929 - - default default] 10.0.0.217 "DELETE /v2.0/security-groups/17ee8740-7b03-4f63-aee7-84f2a776a32f HTTP/1.1" status: 204 len: 168 time: 0.2806149
2026-07-15 00:16:07.916 10 WARNING neutron.scheduler.dhcp_agent_scheduler [None req-f727d582-9bd3-491c-835f-fde618bae5f5 3b1bdf282a4e4003b784206a585d32a4 203a32b47b7d482485602fec8c509c45 - - default default] No more DHCP agents
2026-07-15 00:16:07.922 10 WARNING neutron.api.rpc.agentnotifiers.dhcp_rpc_agent_api [None req-f727d582-9bd3-491c-835f-fde618bae5f5 3b1bdf282a4e4003b784206a585d32a4 203a32b47b7d482485602fec8c509c45 - - default default] Unable to schedule network 1a9516c8-6679-4347-900a-80e8808b590b: no agents available; will retry on subsequent port and subnet creation events.
2026-07-15 00:16:08.039 10 INFO neutron.db.ovn_revision_numbers_db [None req-f727d582-9bd3-491c-835f-fde618bae5f5 3b1bdf282a4e4003b784206a585d32a4 203a32b47b7d482485602fec8c509c45 - - default default] Successfully bumped revision number for resource 787cdcdc-02ba-42be-b8e6-b21af8d7ab93 (type: ports) to 1
2026-07-15 00:16:08.074 10 INFO neutron.wsgi [None req-f727d582-9bd3-491c-835f-fde618bae5f5 3b1bdf282a4e4003b784206a585d32a4 203a32b47b7d482485602fec8c509c45 - - default default] 10.0.0.217 "POST /v2.0/ports HTTP/1.1" status: 201 len: 942 time: 0.4640079 /var/lib/openstack/lib/python3.10/site-packages/pycadf/identifier.py:71: UserWarning: Invalid uuid: neutron. To ensure interoperability, identifiers should be a valid uuid. warnings.warn(('Invalid uuid: %s. To ensure interoperability, '
