2026-07-15 00:17:01.448 9 WARNING neutron.api.rpc.agentnotifiers.dhcp_rpc_agent_api [None req-f75be5cc-92dc-432e-a3d0-0792f8337725 210a730e3b994f2ea2aa288fe2884819 4f4d15e693084cc28a21ea10b6098fb0 - - default default] Unable to schedule network de65e869-2642-48d0-968e-7f2e92b0aaaf: no agents available; will retry on subsequent port and subnet creation events.
2026-07-15 00:17:01.641 10 INFO neutron.wsgi [req-f63a9727-a5a5-4ccb-8df8-905b07bdb8b6 req-a9a603ea-1700-47a6-90c5-95b84acae9d9 a754bae6f1a04627af4b07292851ad2c d4f72008438441d799b5c7b357853935 - - 5c41aad2933c46f48380ba9f661a8615 5c41aad2933c46f48380ba9f661a8615] 10.0.0.238 "GET /v2.0/ports?device_id=eb2dcb32-0a61-4e6b-a140-f838ccf93d1f HTTP/1.1" status: 200 len: 1448 time: 0.0493634
2026-07-15 00:17:01.724 10 INFO neutron.wsgi [req-f63a9727-a5a5-4ccb-8df8-905b07bdb8b6 req-917377cd-3fd1-4be7-9a87-16fc34c169ae a754bae6f1a04627af4b07292851ad2c d4f72008438441d799b5c7b357853935 - - 5c41aad2933c46f48380ba9f661a8615 5c41aad2933c46f48380ba9f661a8615] 10.0.0.238 "GET /v2.0/security-groups?id=ff45cd3c-dd2f-4c7b-9b43-1b76f7ad5dfa&id=bd3e5abd-fd0d-4c34-bf28-2cf720169b06&fields=id&fields=name HTTP/1.1" status: 200 len: 403 time: 0.0747342
2026-07-15 00:17:02.048 9 INFO neutron.db.ovn_revision_numbers_db [None req-f75be5cc-92dc-432e-a3d0-0792f8337725 210a730e3b994f2ea2aa288fe2884819 4f4d15e693084cc28a21ea10b6098fb0 - - default default] Successfully bumped revision number for resource c9a2e9ef-5282-4c86-9a75-afa4b97657fa (type: ports) to 2
2026-07-15 00:17:02.096 9 INFO neutron.db.ovn_revision_numbers_db [None req-f75be5cc-92dc-432e-a3d0-0792f8337725 210a730e3b994f2ea2aa288fe2884819 4f4d15e693084cc28a21ea10b6098fb0 - - default default] Successfully bumped revision number for resource b88e4268-71ce-45bd-831d-b4ac340d1c1b (type: subnets) to 0
2026-07-15 00:17:02.114 9 INFO neutron.wsgi [None req-f75be5cc-92dc-432e-a3d0-0792f8337725 210a730e3b994f2ea2aa288fe2884819 4f4d15e693084cc28a21ea10b6098fb0 - - default default] 10.0.0.217 "POST /v2.0/subnets HTTP/1.1" status: 201 len: 801 time: 0.9179058
2026-07-15 00:17:02.125 9 WARNING neutron_lib.context [None req-48316841-770a-44da-b2a1-3aca96cc7cfb 210a730e3b994f2ea2aa288fe2884819 4f4d15e693084cc28a21ea10b6098fb0 - - default default] Method 'is_advsvc' is deprecated since 2023.2 release (neutron-lib 3.8.0) and will be removed once support for the old RBAC API policies will be removed from Neutron. Please use method 'is_service_role' instead.
2026-07-15 00:17:03.037 9 WARNING neutron.scheduler.dhcp_agent_scheduler [None req-48316841-770a-44da-b2a1-3aca96cc7cfb 210a730e3b994f2ea2aa288fe2884819 4f4d15e693084cc28a21ea10b6098fb0 - - default default] No more DHCP agents
2026-07-15 00:17:03.041 9 WARNING neutron.api.rpc.agentnotifiers.dhcp_rpc_agent_api [None req-48316841-770a-44da-b2a1-3aca96cc7cfb 210a730e3b994f2ea2aa288fe2884819 4f4d15e693084cc28a21ea10b6098fb0 - - default default] Unable to schedule network 26c6b39e-c936-438f-b814-b71b15a8d673: no agents available; will retry on subsequent port and subnet creation events.
2026-07-15 00:17:03.245 9 INFO neutron.db.ovn_revision_numbers_db [None req-48316841-770a-44da-b2a1-3aca96cc7cfb 210a730e3b994f2ea2aa288fe2884819 4f4d15e693084cc28a21ea10b6098fb0 - - default default] Successfully bumped revision number for resource 01427e26-76c7-468f-b47c-7fe329d6136d (type: ports) to 1
2026-07-15 00:17:03.883 9 INFO neutron.plugins.ml2.drivers.ovn.mech_driver.mech_driver [None req-ba97e2e0-8c8a-46c9-aec5-5954db8ceda4 - - - - - -] OVN reports status down for port: bb6137a9-e04e-4ee4-b9d0-c9cfd49fb5aa
2026-07-15 00:17:03.901 9 INFO neutron.wsgi [req-2039c33d-fb12-48d9-9e3c-a085eacdf85b req-f18cab94-1eac-4242-baa0-a159499983dc 3b5103273dba4d32b23887f022c825b0 8cc18e2fd1c341a4b17cafa2ceb8fd6e - - default default] 10.0.0.93 "GET /v2.0/ports?device_id=eb2dcb32-0a61-4e6b-a140-f838ccf93d1f HTTP/1.1" status: 200 len: 1210 time: 0.0741634
2026-07-15 00:17:04.001 9 INFO neutron.wsgi [req-2039c33d-fb12-48d9-9e3c-a085eacdf85b req-fc0e00a7-d15b-4300-b656-eeedfe99ecea 3b5103273dba4d32b23887f022c825b0 8cc18e2fd1c341a4b17cafa2ceb8fd6e - - default default] 10.0.0.93 "GET /v2.0/security-groups?id=bd3e5abd-fd0d-4c34-bf28-2cf720169b06&id=ff45cd3c-dd2f-4c7b-9b43-1b76f7ad5dfa&fields=id&fields=name HTTP/1.1" status: 200 len: 403 time: 0.0909851
2026-07-15 00:17:04.189 9 INFO neutron.notifiers.nova [-] Nova event matching ['req-cb08af4a-905f-4af0-a79c-6cd44efaee29'] response: {'server_uuid': 'eb2dcb32-0a61-4e6b-a140-f838ccf93d1f', 'name': 'network-vif-unplugged', 'status': 'completed', 'tag': 'bb6137a9-e04e-4ee4-b9d0-c9cfd49fb5aa', 'code': 200}
2026-07-15 00:17:04.250 9 INFO neutron.wsgi [req-c74665ab-6efb-4c64-959a-613f685af835 req-0dace42e-2464-4ffb-bff8-8170a697e8c8 3b5103273dba4d32b23887f022c825b0 8cc18e2fd1c341a4b17cafa2ceb8fd6e - - default default] 199.204.45.4 "GET /v2.0/ports?device_id=eb2dcb32-0a61-4e6b-a140-f838ccf93d1f HTTP/1.1" status: 200 len: 1208 time: 0.1087470
2026-07-15 00:17:04.449 9 INFO neutron.plugins.ml2.drivers.ovn.mech_driver.ovsdb.commands [None req-0a8bd426-bdde-4d07-8805-1102f97e05f2 - - - - - -] Schedule LRP lrp-01427e26-76c7-468f-b47c-7fe329d6136d on gateway 84088eff-252a-4915-9c95-760fd31e4e38 with priority 1
2026-07-15 00:17:04.463 10 INFO neutron.plugins.ml2.drivers.ovn.mech_driver.mech_driver [None req-54af771d-6cd2-404c-b450-159907c9d9b0 - - - - - -] OVN reports status up for port: 01427e26-76c7-468f-b47c-7fe329d6136d
2026-07-15 00:17:04.470 10 INFO neutron.plugins.ml2.plugin [None req-54af771d-6cd2-404c-b450-159907c9d9b0 - - - - - -] Attempt 1 to provision port 01427e26-76c7-468f-b47c-7fe329d6136d
2026-07-15 00:17:04.519 9 INFO neutron.db.ovn_revision_numbers_db [None req-48316841-770a-44da-b2a1-3aca96cc7cfb 210a730e3b994f2ea2aa288fe2884819 4f4d15e693084cc28a21ea10b6098fb0 - - default default] Successfully bumped revision number for resource 01427e26-76c7-468f-b47c-7fe329d6136d (type: router_ports) to 1
2026-07-15 00:17:04.542 9 INFO neutron.db.ovn_revision_numbers_db [None req-ba97e2e0-8c8a-46c9-aec5-5954db8ceda4 - - - - - -] Successfully bumped revision number for resource bb6137a9-e04e-4ee4-b9d0-c9cfd49fb5aa (type: ports) to 5
2026-07-15 00:17:05.251 9 INFO neutron.wsgi [req-db78ac6e-260c-47d7-bb20-64eb81aa15a7 req-c447e8ae-5071-4e72-b5cb-399a4bba7b7b 3b5103273dba4d32b23887f022c825b0 8cc18e2fd1c341a4b17cafa2ceb8fd6e - - default default] 10.0.0.93 "GET /v2.0/ports?device_id=eb2dcb32-0a61-4e6b-a140-f838ccf93d1f HTTP/1.1" status: 200 len: 1208 time: 0.1121347
2026-07-15 00:17:05.264 9 INFO neutron.db.ovn_revision_numbers_db [None req-48316841-770a-44da-b2a1-3aca96cc7cfb 210a730e3b994f2ea2aa288fe2884819 4f4d15e693084cc28a21ea10b6098fb0 - - default default] Successfully bumped revision number for resource 0494226e-b9d5-44ad-9cfb-e29e011ba7fc (type: routers) to 2 /var/lib/openstack/lib/python3.10/site-packages/pycadf/identifier.py:71: UserWarning: Invalid uuid: neutron. To ensure interoperability, identifiers should be a valid uuid. warnings.warn(('Invalid uuid: %s. To ensure interoperability, '
2026-07-15 00:17:05.297 9 INFO neutron.wsgi [None req-48316841-770a-44da-b2a1-3aca96cc7cfb 210a730e3b994f2ea2aa288fe2884819 4f4d15e693084cc28a21ea10b6098fb0 - - default default] 10.0.0.217 "POST /v2.0/routers HTTP/1.1" status: 201 len: 1135 time: 3.1776471
2026-07-15 00:17:05.346 9 INFO neutron.wsgi [req-db78ac6e-260c-47d7-bb20-64eb81aa15a7 req-d4829b6f-c058-4524-9394-be288279f4b0 3b5103273dba4d32b23887f022c825b0 8cc18e2fd1c341a4b17cafa2ceb8fd6e - - default default] 10.0.0.93 "GET /v2.0/security-groups?id=bd3e5abd-fd0d-4c34-bf28-2cf720169b06&id=ff45cd3c-dd2f-4c7b-9b43-1b76f7ad5dfa&fields=id&fields=name HTTP/1.1" status: 200 len: 403 time: 0.0857031
2026-07-15 00:17:05.485 9 INFO neutron.db.l3_db [req-c74665ab-6efb-4c64-959a-613f685af835 req-a5e537a9-340c-455c-82a5-4b46509ebaa8 3b5103273dba4d32b23887f022c825b0 8cc18e2fd1c341a4b17cafa2ceb8fd6e - - default default] Floating IP 859242f0-31ba-4a0e-9c6c-4ebbcf612104 disassociated. External IP: 10.96.250.215, port: bb6137a9-e04e-4ee4-b9d0-c9cfd49fb5aa.
2026-07-15 00:17:05.638 9 INFO neutron.wsgi [req-c74665ab-6efb-4c64-959a-613f685af835 req-a5e537a9-340c-455c-82a5-4b46509ebaa8 3b5103273dba4d32b23887f022c825b0 8cc18e2fd1c341a4b17cafa2ceb8fd6e - - default default] 199.204.45.4 "DELETE /v2.0/ports/bb6137a9-e04e-4ee4-b9d0-c9cfd49fb5aa HTTP/1.1" status: 204 len: 173 time: 1.3808396
2026-07-15 00:17:06.142 10 WARNING neutron.scheduler.dhcp_agent_scheduler [None req-5ce94bd4-870d-4abc-acc0-1d86c1d47ba7 210a730e3b994f2ea2aa288fe2884819 4f4d15e693084cc28a21ea10b6098fb0 - - default default] No more DHCP agents
2026-07-15 00:17:06.143 10 WARNING neutron.api.rpc.agentnotifiers.dhcp_rpc_agent_api [None req-5ce94bd4-870d-4abc-acc0-1d86c1d47ba7 210a730e3b994f2ea2aa288fe2884819 4f4d15e693084cc28a21ea10b6098fb0 - - default default] Unable to schedule network de65e869-2642-48d0-968e-7f2e92b0aaaf: no agents available; will retry on subsequent port and subnet creation events.
2026-07-15 00:17:06.236 9 INFO neutron.notifiers.nova [-] Nova event matching ['req-28475edc-c865-4c67-b6cc-7849b0865cc8'] response: {'server_uuid': 'eb2dcb32-0a61-4e6b-a140-f838ccf93d1f', 'name': 'network-vif-unplugged', 'status': 'completed', 'tag': 'bb6137a9-e04e-4ee4-b9d0-c9cfd49fb5aa', 'code': 200}
2026-07-15 00:17:06.236 9 INFO neutron.notifiers.nova [-] Nova event matching ['req-28475edc-c865-4c67-b6cc-7849b0865cc8'] response: {'server_uuid': 'eb2dcb32-0a61-4e6b-a140-f838ccf93d1f', 'name': 'network-vif-deleted', 'tag': 'bb6137a9-e04e-4ee4-b9d0-c9cfd49fb5aa', 'status': 'completed', 'code': 200}
2026-07-15 00:17:06.300 10 INFO neutron.db.ovn_revision_numbers_db [None req-5ce94bd4-870d-4abc-acc0-1d86c1d47ba7 210a730e3b994f2ea2aa288fe2884819 4f4d15e693084cc28a21ea10b6098fb0 - - default default] Successfully bumped revision number for resource 2cc59b5c-0d22-40b7-be3e-86b1466311ce (type: ports) to 1
2026-07-15 00:17:06.902 10 INFO neutron.wsgi [None req-5bdca167-9c32-4fed-a7b2-faebf6196a1e 3b5103273dba4d32b23887f022c825b0 8cc18e2fd1c341a4b17cafa2ceb8fd6e - - default default] 10.0.0.217 "DELETE /v2.0/security-groups/ff45cd3c-dd2f-4c7b-9b43-1b76f7ad5dfa HTTP/1.1" status: 204 len: 168 time: 0.4143908 /var/lib/openstack/lib/python3.10/site-packages/pycadf/identifier.py:71: UserWarning: Invalid uuid: neutron. To ensure interoperability, identifiers should be a valid uuid. warnings.warn(('Invalid uuid: %s. To ensure interoperability, '
2026-07-15 00:17:06.921 9 INFO neutron.api.v2.resource [None req-85a7d14c-a4a2-4f6f-8e73-41100ceedde6 3b5103273dba4d32b23887f022c825b0 8cc18e2fd1c341a4b17cafa2ceb8fd6e - - default default] show failed (client error): The resource could not be found.
2026-07-15 00:17:06.922 9 INFO neutron.wsgi [None req-85a7d14c-a4a2-4f6f-8e73-41100ceedde6 3b5103273dba4d32b23887f022c825b0 8cc18e2fd1c341a4b17cafa2ceb8fd6e - - default default] 10.0.0.217 "GET /v2.0/security-groups/ff45cd3c-dd2f-4c7b-9b43-1b76f7ad5dfa HTTP/1.1" status: 404 len: 347 time: 0.0140643
2026-07-15 00:17:07.141 10 ERROR ovsdbapp.backend.ovs_idl.command [None req-5ce94bd4-870d-4abc-acc0-1d86c1d47ba7 210a730e3b994f2ea2aa288fe2884819 4f4d15e693084cc28a21ea10b6098fb0 - - default default] Error executing command (DbGetCommand): ovsdbapp.backend.ovs_idl.idlutils.RowNotFound: Cannot find Logical_Router_Port with name=lrp-2cc59b5c-0d22-40b7-be3e-86b1466311ce
2026-07-15 00:17:07.141 10 ERROR ovsdbapp.backend.ovs_idl.command
Traceback (most recent call last):
2026-07-15 00:17:07.141 10 ERROR ovsdbapp.backend.ovs_idl.command
File "/var/lib/openstack/lib/python3.10/site-packages/ovsdbapp/backend/ovs_idl/command.py", line 47, in execute
2026-07-15 00:17:07.141 10 ERROR ovsdbapp.backend.ovs_idl.command self.run_idl(None)
2026-07-15 00:17:07.141 10 ERROR ovsdbapp.backend.ovs_idl.command
File "/var/lib/openstack/lib/python3.10/site-packages/ovsdbapp/backend/ovs_idl/command.py", line 235, in run_idl
2026-07-15 00:17:07.141 10 ERROR ovsdbapp.backend.ovs_idl.command record = self.api.lookup(self.table, self.record)
2026-07-15 00:17:07.141 10 ERROR ovsdbapp.backend.ovs_idl.command
File "/var/lib/openstack/lib/python3.10/site-packages/ovsdbapp/backend/ovs_idl/__init__.py", line 184, in lookup
2026-07-15 00:17:07.141 10 ERROR ovsdbapp.backend.ovs_idl.command return self._lookup(table, record)
2026-07-15 00:17:07.141 10 ERROR ovsdbapp.backend.ovs_idl.command
File "/var/lib/openstack/lib/python3.10/site-packages/ovsdbapp/backend/ovs_idl/__init__.py", line 235, in _lookup
2026-07-15 00:17:07.141 10 ERROR ovsdbapp.backend.ovs_idl.command row = idlutils.row_by_value(self, rl.table, rl.column, record)
2026-07-15 00:17:07.141 10 ERROR ovsdbapp.backend.ovs_idl.command
File "/var/lib/openstack/lib/python3.10/site-packages/ovsdbapp/backend/ovs_idl/idlutils.py", line 114, in row_by_value
2026-07-15 00:17:07.141 10 ERROR ovsdbapp.backend.ovs_idl.command raise RowNotFound(table=table, col=column, match=match)
2026-07-15 00:17:07.141 10 ERROR ovsdbapp.backend.ovs_idl.command ovsdbapp.backend.ovs_idl.idlutils.RowNotFound: Cannot find Logical_Router_Port with name=lrp-2cc59b5c-0d22-40b7-be3e-86b1466311ce
2026-07-15 00:17:07.141 10 ERROR ovsdbapp.backend.ovs_idl.command 
2026-07-15 00:17:07.142 10 ERROR neutron_lib.callbacks.manager [None req-5ce94bd4-870d-4abc-acc0-1d86c1d47ba7 210a730e3b994f2ea2aa288fe2884819 4f4d15e693084cc28a21ea10b6098fb0 - - default default] Error during notification for neutron.services.ovn_l3.plugin.OVNL3RouterPlugin._port_update-8771991230173 port, after_update: ovsdbapp.backend.ovs_idl.idlutils.RowNotFound: Cannot find Logical_Router_Port with name=lrp-2cc59b5c-0d22-40b7-be3e-86b1466311ce
2026-07-15 00:17:07.142 10 ERROR neutron_lib.callbacks.manager
Traceback (most recent call last):
2026-07-15 00:17:07.142 10 ERROR neutron_lib.callbacks.manager
File "/var/lib/openstack/lib/python3.10/site-packages/neutron_lib/callbacks/manager.py", line 189, in _notify_loop
2026-07-15 00:17:07.142 10 ERROR neutron_lib.callbacks.manager callback.method(resource, event, trigger, payload=payload)
2026-07-15 00:17:07.142 10 ERROR neutron_lib.callbacks.manager
File "/var/lib/openstack/lib/python3.10/site-packages/neutron/services/ovn_l3/plugin.py", line 391, in _port_update
2026-07-15 00:17:07.142 10 ERROR neutron_lib.callbacks.manager l3plugin._ovn_client.update_router_port(context,
2026-07-15 00:17:07.142 10 ERROR neutron_lib.callbacks.manager
File "/var/lib/openstack/lib/python3.10/site-packages/neutron/plugins/ml2/drivers/ovn/mech_driver/ovsdb/ovn_client.py", line 1878, in update_router_port
2026-07-15 00:17:07.142 10 ERROR neutron_lib.callbacks.manager self._update_lrouter_port(context, port, if_exists=if_exists,
2026-07-15 00:17:07.142 10 ERROR neutron_lib.callbacks.manager
File "/var/lib/openstack/lib/python3.10/site-packages/neutron/plugins/ml2/drivers/ovn/mech_driver/ovsdb/ovn_client.py", line 1855, in _update_lrouter_port
2026-07-15 00:17:07.142 10 ERROR neutron_lib.callbacks.manager external_ids = self._nb_idl.db_get(
2026-07-15 00:17:07.142 10 ERROR neutron_lib.callbacks.manager
File "/var/lib/openstack/lib/python3.10/site-packages/ovsdbapp/backend/ovs_idl/command.py", line 47, in execute
2026-07-15 00:17:07.142 10 ERROR neutron_lib.callbacks.manager self.run_idl(None)
2026-07-15 00:17:07.142 10 ERROR neutron_lib.callbacks.manager
File "/var/lib/openstack/lib/python3.10/site-packages/ovsdbapp/backend/ovs_idl/command.py", line 235, in run_idl
2026-07-15 00:17:07.142 10 ERROR neutron_lib.callbacks.manager record = self.api.lookup(self.table, self.record)
2026-07-15 00:17:07.142 10 ERROR neutron_lib.callbacks.manager
File "/var/lib/openstack/lib/python3.10/site-packages/ovsdbapp/backend/ovs_idl/__init__.py", line 184, in lookup
2026-07-15 00:17:07.142 10 ERROR neutron_lib.callbacks.manager return self._lookup(table, record)
2026-07-15 00:17:07.142 10 ERROR neutron_lib.callbacks.manager
File "/var/lib/openstack/lib/python3.10/site-packages/ovsdbapp/backend/ovs_idl/__init__.py", line 235, in _lookup
2026-07-15 00:17:07.142 10 ERROR neutron_lib.callbacks.manager row = idlutils.row_by_value(self, rl.table, rl.column, record)
2026-07-15 00:17:07.142 10 ERROR neutron_lib.callbacks.manager
File "/var/lib/openstack/lib/python3.10/site-packages/ovsdbapp/backend/ovs_idl/idlutils.py", line 114, in row_by_value
2026-07-15 00:17:07.142 10 ERROR neutron_lib.callbacks.manager raise RowNotFound(table=table, col=column, match=match)
2026-07-15 00:17:07.142 10 ERROR neutron_lib.callbacks.manager ovsdbapp.backend.ovs_idl.idlutils.RowNotFound: Cannot find Logical_Router_Port with name=lrp-2cc59b5c-0d22-40b7-be3e-86b1466311ce
2026-07-15 00:17:07.142 10 ERROR neutron_lib.callbacks.manager 
2026-07-15 00:17:07.294 9 INFO neutron.wsgi [None req-01e46381-3356-4981-b551-4cbfc56ccc62 3b5103273dba4d32b23887f022c825b0 8cc18e2fd1c341a4b17cafa2ceb8fd6e - - default default] 10.0.0.217 "DELETE /v2.0/floatingips/859242f0-31ba-4a0e-9c6c-4ebbcf612104 HTTP/1.1" status: 204 len: 168 time: 0.3682976
2026-07-15 00:17:07.392 10 INFO neutron.db.ovn_revision_numbers_db [None req-5ce94bd4-870d-4abc-acc0-1d86c1d47ba7 210a730e3b994f2ea2aa288fe2884819 4f4d15e693084cc28a21ea10b6098fb0 - - default default] Successfully bumped revision number for resource 2cc59b5c-0d22-40b7-be3e-86b1466311ce (type: ports) to 1
2026-07-15 00:17:07.457 9 INFO neutron.wsgi [None req-f9913c0c-d062-44cd-a247-1c0ea7b2bf6e 3b5103273dba4d32b23887f022c825b0 8cc18e2fd1c341a4b17cafa2ceb8fd6e - - default default] 10.0.0.217 "DELETE /v2.0/security-groups/bd3e5abd-fd0d-4c34-bf28-2cf720169b06 HTTP/1.1" status: 204 len: 168 time: 0.1568108
2026-07-15 00:17:07.463 10 WARNING neutron.scheduler.dhcp_agent_scheduler [None req-5ce94bd4-870d-4abc-acc0-1d86c1d47ba7 210a730e3b994f2ea2aa288fe2884819 4f4d15e693084cc28a21ea10b6098fb0 - - default default] No more DHCP agents
2026-07-15 00:17:07.464 10 WARNING neutron.api.rpc.agentnotifiers.dhcp_rpc_agent_api [None req-5ce94bd4-870d-4abc-acc0-1d86c1d47ba7 210a730e3b994f2ea2aa288fe2884819 4f4d15e693084cc28a21ea10b6098fb0 - - default default] Unable to schedule network de65e869-2642-48d0-968e-7f2e92b0aaaf: no agents available; will retry on subsequent port and subnet creation events.
2026-07-15 00:17:07.850 10 INFO neutron.db.ovn_revision_numbers_db [None req-5ce94bd4-870d-4abc-acc0-1d86c1d47ba7 210a730e3b994f2ea2aa288fe2884819 4f4d15e693084cc28a21ea10b6098fb0 - - default default] Successfully bumped revision number for resource 2cc59b5c-0d22-40b7-be3e-86b1466311ce (type: router_ports) to 1
2026-07-15 00:17:07.855 10 INFO neutron.wsgi [None req-5ce94bd4-870d-4abc-acc0-1d86c1d47ba7 210a730e3b994f2ea2aa288fe2884819 4f4d15e693084cc28a21ea10b6098fb0 - - default default] 10.0.0.217 "PUT /v2.0/routers/0494226e-b9d5-44ad-9cfb-e29e011ba7fc/add_router_interface HTTP/1.1" status: 200 len: 503 time: 2.5528009
2026-07-15 00:17:07.865 10 WARNING neutron_lib.context [None req-59a5a94d-e15f-432c-a3a0-3e8bf00fb466 210a730e3b994f2ea2aa288fe2884819 4f4d15e693084cc28a21ea10b6098fb0 - - default default] Method 'is_advsvc' is deprecated since 2023.2 release (neutron-lib 3.8.0) and will be removed once support for the old RBAC API policies will be removed from Neutron. Please use method 'is_service_role' instead.
2026-07-15 00:17:08.816 10 WARNING neutron.scheduler.dhcp_agent_scheduler [None req-59a5a94d-e15f-432c-a3a0-3e8bf00fb466 210a730e3b994f2ea2aa288fe2884819 4f4d15e693084cc28a21ea10b6098fb0 - - default default] No more DHCP agents
2026-07-15 00:17:08.818 10 WARNING neutron.api.rpc.agentnotifiers.dhcp_rpc_agent_api [None req-59a5a94d-e15f-432c-a3a0-3e8bf00fb466 210a730e3b994f2ea2aa288fe2884819 4f4d15e693084cc28a21ea10b6098fb0 - - default default] Unable to schedule network 26c6b39e-c936-438f-b814-b71b15a8d673: no agents available; will retry on subsequent port and subnet creation events.
2026-07-15 00:17:08.982 10 INFO neutron.db.ovn_revision_numbers_db [None req-59a5a94d-e15f-432c-a3a0-3e8bf00fb466 210a730e3b994f2ea2aa288fe2884819 4f4d15e693084cc28a21ea10b6098fb0 - - default default] Successfully bumped revision number for resource 7e166f7d-b475-415b-b1ce-306e931c55f7 (type: ports) to 1
2026-07-15 00:17:09.185 9 INFO neutron.wsgi [None req-2402f0ad-c040-4486-836d-e9ed2122fa9d 851b7c2d5e414e4295867e176e51c3f5 d37282b52f0c42eeb9a5de6b4a37b929 - - default default] 10.0.0.217 "PUT /v2.0/routers/6c6d3f94-6c2a-408e-ba99-801e0882fc4b/remove_router_interface HTTP/1.1" status: 200 len: 503 time: 1.6977911 /var/lib/openstack/lib/python3.10/site-packages/pycadf/identifier.py:71: UserWarning: Invalid uuid: neutron. To ensure interoperability, identifiers should be a valid uuid. warnings.warn(('Invalid uuid: %s. To ensure interoperability, '
2026-07-15 00:17:09.261 10 INFO neutron.db.ovn_revision_numbers_db [None req-59a5a94d-e15f-432c-a3a0-3e8bf00fb466 210a730e3b994f2ea2aa288fe2884819 4f4d15e693084cc28a21ea10b6098fb0 - - default default] Successfully bumped revision number for resource 7e166f7d-b475-415b-b1ce-306e931c55f7 (type: ports) to 1
2026-07-15 00:17:09.322 10 INFO neutron.db.segments_db [None req-59a5a94d-e15f-432c-a3a0-3e8bf00fb466 210a730e3b994f2ea2aa288fe2884819 4f4d15e693084cc28a21ea10b6098fb0 - - default default] Added segment 680bc314-bcbe-4c34-b24a-f20ac2355947 of type geneve for network e5f571a7-08ee-406f-bba8-ef3f94655d3b
2026-07-15 00:17:09.502 10 INFO neutron.db.ovn_revision_numbers_db [None req-59a5a94d-e15f-432c-a3a0-3e8bf00fb466 210a730e3b994f2ea2aa288fe2884819 4f4d15e693084cc28a21ea10b6098fb0 - - default default] Successfully bumped revision number for resource e5f571a7-08ee-406f-bba8-ef3f94655d3b (type: networks) to 1
2026-07-15 00:17:09.729 10 WARNING neutron.scheduler.dhcp_agent_scheduler [None req-59a5a94d-e15f-432c-a3a0-3e8bf00fb466 210a730e3b994f2ea2aa288fe2884819 4f4d15e693084cc28a21ea10b6098fb0 - - default default] No more DHCP agents
2026-07-15 00:17:09.732 10 WARNING neutron.api.rpc.agentnotifiers.dhcp_rpc_agent_api [None req-59a5a94d-e15f-432c-a3a0-3e8bf00fb466 210a730e3b994f2ea2aa288fe2884819 4f4d15e693084cc28a21ea10b6098fb0 - - default default] Unable to schedule network e5f571a7-08ee-406f-bba8-ef3f94655d3b: no agents available; will retry on subsequent port and subnet creation events.
2026-07-15 00:17:09.845 10 INFO neutron.db.ovn_revision_numbers_db [None req-59a5a94d-e15f-432c-a3a0-3e8bf00fb466 210a730e3b994f2ea2aa288fe2884819 4f4d15e693084cc28a21ea10b6098fb0 - - default default] Successfully bumped revision number for resource c97186d5-f5a5-43b7-acc6-6126bad48900 (type: ports) to 1
2026-07-15 00:17:09.932 10 WARNING neutron.plugins.ml2.drivers.ovn.mech_driver.ovsdb.ovn_client [None req-54af771d-6cd2-404c-b450-159907c9d9b0 - - - - - -] No hosting information found for port 01427e26-76c7-468f-b47c-7fe329d6136d: RuntimeError: No hosting information found for port 01427e26-76c7-468f-b47c-7fe329d6136d
2026-07-15 00:17:09.933 10 INFO neutron.plugins.ml2.drivers.ovn.mech_driver.mech_driver [None req-54af771d-6cd2-404c-b450-159907c9d9b0 - - - - - -] OVN reports status up for port: 2cc59b5c-0d22-40b7-be3e-86b1466311ce
2026-07-15 00:17:09.944 10 INFO neutron.plugins.ml2.plugin [None req-54af771d-6cd2-404c-b450-159907c9d9b0 - - - - - -] Attempt 1 to provision port 2cc59b5c-0d22-40b7-be3e-86b1466311ce
2026-07-15 00:17:10.025 10 WARNING neutron.scheduler.dhcp_agent_scheduler [None req-59a5a94d-e15f-432c-a3a0-3e8bf00fb466 210a730e3b994f2ea2aa288fe2884819 4f4d15e693084cc28a21ea10b6098fb0 - - default default] No more DHCP agents
2026-07-15 00:17:10.029 10 WARNING neutron.api.rpc.agentnotifiers.dhcp_rpc_agent_api [None req-59a5a94d-e15f-432c-a3a0-3e8bf00fb466 210a730e3b994f2ea2aa288fe2884819 4f4d15e693084cc28a21ea10b6098fb0 - - default default] Unable to schedule network e5f571a7-08ee-406f-bba8-ef3f94655d3b: no agents available; will retry on subsequent port and subnet creation events.
2026-07-15 00:17:10.062 10 INFO neutron.db.ovn_revision_numbers_db [None req-59a5a94d-e15f-432c-a3a0-3e8bf00fb466 210a730e3b994f2ea2aa288fe2884819 4f4d15e693084cc28a21ea10b6098fb0 - - default default] Successfully bumped revision number for resource 709ae64f-7d7a-4586-b0d4-272188d13bd4 (type: subnets) to 0
2026-07-15 00:17:10.106 9 INFO neutron.wsgi [None req-ba753762-5ec4-4b4c-bc01-71d58e3508ea 851b7c2d5e414e4295867e176e51c3f5 d37282b52f0c42eeb9a5de6b4a37b929 - - default default] 10.0.0.217 "DELETE /v2.0/routers/6c6d3f94-6c2a-408e-ba99-801e0882fc4b HTTP/1.1" status: 204 len: 168 time: 0.9164691
2026-07-15 00:17:10.338 9 INFO neutron.wsgi [None req-382ec1cd-e291-450c-8666-933e7e0826ce 851b7c2d5e414e4295867e176e51c3f5 d37282b52f0c42eeb9a5de6b4a37b929 - - default default] 10.0.0.217 "DELETE /v2.0/subnets/26da8337-fdc4-4de2-9383-9c112b5a09ff HTTP/1.1" status: 204 len: 168 time: 0.2243962
2026-07-15 00:17:10.547 10 INFO neutron.db.ovn_revision_numbers_db [None req-54af771d-6cd2-404c-b450-159907c9d9b0 - - - - - -] Successfully bumped revision number for resource 2cc59b5c-0d22-40b7-be3e-86b1466311ce (type: ports) to 2
2026-07-15 00:17:10.715 10 WARNING neutron.scheduler.dhcp_agent_scheduler [None req-59a5a94d-e15f-432c-a3a0-3e8bf00fb466 210a730e3b994f2ea2aa288fe2884819 4f4d15e693084cc28a21ea10b6098fb0 - - default default] No more DHCP agents
2026-07-15 00:17:10.722 10 WARNING neutron.api.rpc.agentnotifiers.dhcp_rpc_agent_api [None req-59a5a94d-e15f-432c-a3a0-3e8bf00fb466 210a730e3b994f2ea2aa288fe2884819 4f4d15e693084cc28a21ea10b6098fb0 - - default default] Unable to schedule network e5f571a7-08ee-406f-bba8-ef3f94655d3b: no agents available; will retry on subsequent port and subnet creation events.
2026-07-15 00:17:10.758 9 INFO neutron.services.segments.plugin [-] Segment 6dd026d8-2f0f-435c-b742-701bf37de594 resource provider aggregate not found
2026-07-15 00:17:10.763 9 INFO neutron.services.segments.plugin [-] Segment 6dd026d8-2f0f-435c-b742-701bf37de594 resource provider aggregate not found
2026-07-15 00:17:10.784 9 INFO neutron.services.segments.plugin [-] Segment 6dd026d8-2f0f-435c-b742-701bf37de594 resource provider not found; error: Placement Client Error (4xx): {"errors": [{"status": 404, "title": "Not Found", "detail": "The resource could not be found.\n\n No resource provider with uuid 6dd026d8-2f0f-435c-b742-701bf37de594 found for delete ", "request_id": "req-bf8f7239-0661-4013-b8cb-25343c920654"}]}
2026-07-15 00:17:10.790 9 INFO neutron.services.segments.plugin [-] Segment 6dd026d8-2f0f-435c-b742-701bf37de594 resource provider not found; error: Placement Client Error (4xx): {"errors": [{"status": 404, "title": "Not Found", "detail": "The resource could not be found.\n\n No resource provider with uuid 6dd026d8-2f0f-435c-b742-701bf37de594 found for delete ", "request_id": "req-644ad84a-ddde-46ea-a475-e1a298583347"}]}
2026-07-15 00:17:10.806 9 INFO neutron.wsgi [None req-7de5637f-bc04-429c-890d-155a790b7911 851b7c2d5e414e4295867e176e51c3f5 d37282b52f0c42eeb9a5de6b4a37b929 - - default default] 10.0.0.217 "DELETE /v2.0/networks/53dc4de0-4117-462b-8fec-bc758df6be77 HTTP/1.1" status: 204 len: 168 time: 0.4613206
2026-07-15 00:17:10.806 10 INFO neutron.db.ovn_revision_numbers_db [None req-54af771d-6cd2-404c-b450-159907c9d9b0 - - - - - -] Successfully bumped revision number for resource 2cc59b5c-0d22-40b7-be3e-86b1466311ce (type: router_ports) to 2
2026-07-15 00:17:10.985 10 INFO neutron.db.ovn_revision_numbers_db [None req-59a5a94d-e15f-432c-a3a0-3e8bf00fb466 210a730e3b994f2ea2aa288fe2884819 4f4d15e693084cc28a21ea10b6098fb0 - - default default] Successfully bumped revision number for resource 0b249927-a8b0-4a31-a939-8aacb105c919 (type: ports) to 1
2026-07-15 00:17:11.518 10 ERROR ovsdbapp.backend.ovs_idl.command [None req-59a5a94d-e15f-432c-a3a0-3e8bf00fb466 210a730e3b994f2ea2aa288fe2884819 4f4d15e693084cc28a21ea10b6098fb0 - - default default] Error executing command (DbGetCommand): ovsdbapp.backend.ovs_idl.idlutils.RowNotFound: Cannot find Logical_Router_Port with name=lrp-0b249927-a8b0-4a31-a939-8aacb105c919
2026-07-15 00:17:11.518 10 ERROR ovsdbapp.backend.ovs_idl.command
Traceback (most recent call last):
2026-07-15 00:17:11.518 10 ERROR ovsdbapp.backend.ovs_idl.command
File "/var/lib/openstack/lib/python3.10/site-packages/ovsdbapp/backend/ovs_idl/command.py", line 47, in execute
2026-07-15 00:17:11.518 10 ERROR ovsdbapp.backend.ovs_idl.command self.run_idl(None)
2026-07-15 00:17:11.518 10 ERROR ovsdbapp.backend.ovs_idl.command
File "/var/lib/openstack/lib/python3.10/site-packages/ovsdbapp/backend/ovs_idl/command.py", line 235, in run_idl
2026-07-15 00:17:11.518 10 ERROR ovsdbapp.backend.ovs_idl.command record = self.api.lookup(self.table, self.record)
2026-07-15 00:17:11.518 10 ERROR ovsdbapp.backend.ovs_idl.command
File "/var/lib/openstack/lib/python3.10/site-packages/ovsdbapp/backend/ovs_idl/__init__.py", line 184, in lookup
2026-07-15 00:17:11.518 10 ERROR ovsdbapp.backend.ovs_idl.command return self._lookup(table, record)
2026-07-15 00:17:11.518 10 ERROR ovsdbapp.backend.ovs_idl.command
File "/var/lib/openstack/lib/python3.10/site-packages/ovsdbapp/backend/ovs_idl/__init__.py", line 235, in _lookup
2026-07-15 00:17:11.518 10 ERROR ovsdbapp.backend.ovs_idl.command row = idlutils.row_by_value(self, rl.table, rl.column, record)
2026-07-15 00:17:11.518 10 ERROR ovsdbapp.backend.ovs_idl.command
File "/var/lib/openstack/lib/python3.10/site-packages/ovsdbapp/backend/ovs_idl/idlutils.py", line 114, in row_by_value
2026-07-15 00:17:11.518 10 ERROR ovsdbapp.backend.ovs_idl.command raise RowNotFound(table=table, col=column, match=match)
2026-07-15 00:17:11.518 10 ERROR ovsdbapp.backend.ovs_idl.command ovsdbapp.backend.ovs_idl.idlutils.RowNotFound: Cannot find Logical_Router_Port with name=lrp-0b249927-a8b0-4a31-a939-8aacb105c919
2026-07-15 00:17:11.518 10 ERROR ovsdbapp.backend.ovs_idl.command 
2026-07-15 00:17:11.518 10 ERROR neutron_lib.callbacks.manager [None req-59a5a94d-e15f-432c-a3a0-3e8bf00fb466 210a730e3b994f2ea2aa288fe2884819 4f4d15e693084cc28a21ea10b6098fb0 - - default default] Error during notification for neutron.services.ovn_l3.plugin.OVNL3RouterPlugin._port_update-8771991230173 port, after_update: ovsdbapp.backend.ovs_idl.idlutils.RowNotFound: Cannot find Logical_Router_Port with name=lrp-0b249927-a8b0-4a31-a939-8aacb105c919
2026-07-15 00:17:11.518 10 ERROR neutron_lib.callbacks.manager
Traceback (most recent call last):
2026-07-15 00:17:11.518 10 ERROR neutron_lib.callbacks.manager
File "/var/lib/openstack/lib/python3.10/site-packages/neutron_lib/callbacks/manager.py", line 189, in _notify_loop
2026-07-15 00:17:11.518 10 ERROR neutron_lib.callbacks.manager callback.method(resource, event, trigger, payload=payload)
2026-07-15 00:17:11.518 10 ERROR neutron_lib.callbacks.manager
File "/var/lib/openstack/lib/python3.10/site-packages/neutron/services/ovn_l3/plugin.py", line 391, in _port_update
2026-07-15 00:17:11.518 10 ERROR neutron_lib.callbacks.manager l3plugin._ovn_client.update_router_port(context,
2026-07-15 00:17:11.518 10 ERROR neutron_lib.callbacks.manager
File "/var/lib/openstack/lib/python3.10/site-packages/neutron/plugins/ml2/drivers/ovn/mech_driver/ovsdb/ovn_client.py", line 1878, in update_router_port
2026-07-15 00:17:11.518 10 ERROR neutron_lib.callbacks.manager self._update_lrouter_port(context, port, if_exists=if_exists,
2026-07-15 00:17:11.518 10 ERROR neutron_lib.callbacks.manager
File "/var/lib/openstack/lib/python3.10/site-packages/neutron/plugins/ml2/drivers/ovn/mech_driver/ovsdb/ovn_client.py", line 1855, in _update_lrouter_port
2026-07-15 00:17:11.518 10 ERROR neutron_lib.callbacks.manager external_ids = self._nb_idl.db_get(
2026-07-15 00:17:11.518 10 ERROR neutron_lib.callbacks.manager
File "/var/lib/openstack/lib/python3.10/site-packages/ovsdbapp/backend/ovs_idl/command.py", line 47, in execute
2026-07-15 00:17:11.518 10 ERROR neutron_lib.callbacks.manager self.run_idl(None)
2026-07-15 00:17:11.518 10 ERROR neutron_lib.callbacks.manager
File "/var/lib/openstack/lib/python3.10/site-packages/ovsdbapp/backend/ovs_idl/command.py", line 235, in run_idl
2026-07-15 00:17:11.518 10 ERROR neutron_lib.callbacks.manager record = self.api.lookup(self.table, self.record)
2026-07-15 00:17:11.518 10 ERROR neutron_lib.callbacks.manager
File "/var/lib/openstack/lib/python3.10/site-packages/ovsdbapp/backend/ovs_idl/__init__.py", line 184, in lookup
2026-07-15 00:17:11.518 10 ERROR neutron_lib.callbacks.manager return self._lookup(table, record)
2026-07-15 00:17:11.518 10 ERROR neutron_lib.callbacks.manager
File "/var/lib/openstack/lib/python3.10/site-packages/ovsdbapp/backend/ovs_idl/__init__.py", line 235, in _lookup
2026-07-15 00:17:11.518 10 ERROR neutron_lib.callbacks.manager row = idlutils.row_by_value(self, rl.table, rl.column, record)
2026-07-15 00:17:11.518 10 ERROR neutron_lib.callbacks.manager
File "/var/lib/openstack/lib/python3.10/site-packages/ovsdbapp/backend/ovs_idl/idlutils.py", line 114, in row_by_value
2026-07-15 00:17:11.518 10 ERROR neutron_lib.callbacks.manager raise RowNotFound(table=table, col=column, match=match)
2026-07-15 00:17:11.518 10 ERROR neutron_lib.callbacks.manager ovsdbapp.backend.ovs_idl.idlutils.RowNotFound: Cannot find Logical_Router_Port with name=lrp-0b249927-a8b0-4a31-a939-8aacb105c919
2026-07-15 00:17:11.518 10 ERROR neutron_lib.callbacks.manager 
2026-07-15 00:17:12.015 9 INFO neutron.plugins.ml2.drivers.ovn.mech_driver.mech_driver [None req-ba97e2e0-8c8a-46c9-aec5-5954db8ceda4 - - - - - -] OVN reports status up for port: 0b249927-a8b0-4a31-a939-8aacb105c919
2026-07-15 00:17:12.027 9 INFO neutron.plugins.ml2.plugin [None req-ba97e2e0-8c8a-46c9-aec5-5954db8ceda4 - - - - - -] Attempt 1 to provision port 0b249927-a8b0-4a31-a939-8aacb105c919
2026-07-15 00:17:12.038 10 INFO neutron.db.ovn_revision_numbers_db [None req-59a5a94d-e15f-432c-a3a0-3e8bf00fb466 210a730e3b994f2ea2aa288fe2884819 4f4d15e693084cc28a21ea10b6098fb0 - - default default] Successfully bumped revision number for resource 0b249927-a8b0-4a31-a939-8aacb105c919 (type: ports) to 1
2026-07-15 00:17:12.116 10 WARNING neutron.scheduler.dhcp_agent_scheduler [None req-59a5a94d-e15f-432c-a3a0-3e8bf00fb466 210a730e3b994f2ea2aa288fe2884819 4f4d15e693084cc28a21ea10b6098fb0 - - default default] No more DHCP agents
2026-07-15 00:17:12.116 9 INFO neutron.wsgi [None req-bec775d8-e31f-426e-973a-be4604f22340 851b7c2d5e414e4295867e176e51c3f5 d37282b52f0c42eeb9a5de6b4a37b929 - - default default] 10.0.0.217 "PUT /v2.0/routers/6d87424d-b6e1-46de-b199-5eb8b9a8a416/remove_router_interface HTTP/1.1" status: 200 len: 503 time: 1.3037629
2026-07-15 00:17:12.119 10 WARNING neutron.api.rpc.agentnotifiers.dhcp_rpc_agent_api [None req-59a5a94d-e15f-432c-a3a0-3e8bf00fb466 210a730e3b994f2ea2aa288fe2884819 4f4d15e693084cc28a21ea10b6098fb0 - - default default] Unable to schedule network e5f571a7-08ee-406f-bba8-ef3f94655d3b: no agents available; will retry on subsequent port and subnet creation events.
2026-07-15 00:17:12.824 9 INFO neutron.db.ovn_revision_numbers_db [None req-ba97e2e0-8c8a-46c9-aec5-5954db8ceda4 - - - - - -] Successfully bumped revision number for resource 0b249927-a8b0-4a31-a939-8aacb105c919 (type: ports) to 2
2026-07-15 00:17:12.929 10 INFO neutron.db.ovn_revision_numbers_db [None req-59a5a94d-e15f-432c-a3a0-3e8bf00fb466 210a730e3b994f2ea2aa288fe2884819 4f4d15e693084cc28a21ea10b6098fb0 - - default default] Successfully bumped revision number for resource 0b249927-a8b0-4a31-a939-8aacb105c919 (type: router_ports) to 1
2026-07-15 00:17:12.983 9 INFO neutron.db.ovn_revision_numbers_db [None req-ba97e2e0-8c8a-46c9-aec5-5954db8ceda4 - - - - - -] Successfully bumped revision number for resource 0b249927-a8b0-4a31-a939-8aacb105c919 (type: router_ports) to 2
2026-07-15 00:17:13.323 10 INFO neutron.wsgi [None req-4e360dd8-e29f-4751-ad18-20fdf63d3856 851b7c2d5e414e4295867e176e51c3f5 d37282b52f0c42eeb9a5de6b4a37b929 - - default default] 10.0.0.217 "DELETE /v2.0/routers/6d87424d-b6e1-46de-b199-5eb8b9a8a416 HTTP/1.1" status: 204 len: 168 time: 1.2014618 /var/lib/openstack/lib/python3.10/site-packages/pycadf/identifier.py:71: UserWarning: Invalid uuid: neutron. To ensure interoperability, identifiers should be a valid uuid. warnings.warn(('Invalid uuid: %s. To ensure interoperability, '
2026-07-15 00:17:13.332 10 WARNING neutron.scheduler.dhcp_agent_scheduler [None req-08161341-60ec-4382-8356-dd18c2733ca9 - - - - - -] No more DHCP agents
2026-07-15 00:17:13.334 10 WARNING neutron.api.rpc.agentnotifiers.dhcp_rpc_agent_api [None req-08161341-60ec-4382-8356-dd18c2733ca9 - - - - - -] Unable to schedule network e5f571a7-08ee-406f-bba8-ef3f94655d3b: no agents available; will retry on subsequent port and subnet creation events.
2026-07-15 00:17:13.486 10 INFO neutron.db.ovn_revision_numbers_db [None req-08161341-60ec-4382-8356-dd18c2733ca9 - - - - - -] Successfully bumped revision number for resource 8bb481bb-c8c1-40da-8089-a970942ede63 (type: ports) to 1
2026-07-15 00:17:13.538 9 INFO neutron.wsgi [None req-7adcb16a-e283-48a5-87ce-b79a0361bc01 851b7c2d5e414e4295867e176e51c3f5 d37282b52f0c42eeb9a5de6b4a37b929 - - default default] 10.0.0.217 "DELETE /v2.0/subnets/33087e3c-a9e8-4220-9890-ee5a0e1b103b HTTP/1.1" status: 204 len: 168 time: 0.2094159
2026-07-15 00:17:13.797 10 INFO neutron.db.ovn_revision_numbers_db [None req-08161341-60ec-4382-8356-dd18c2733ca9 - - - - - -] Successfully bumped revision number for resource 8bb481bb-c8c1-40da-8089-a970942ede63 (type: ports) to 1
2026-07-15 00:17:13.956 9 INFO neutron.services.segments.plugin [-] Segment 7aac71e0-b294-4704-9545-22e789a5b1b8 resource provider aggregate not found
2026-07-15 00:17:13.963 9 INFO neutron.services.segments.plugin [-] Segment 7aac71e0-b294-4704-9545-22e789a5b1b8 resource provider aggregate not found
2026-07-15 00:17:13.979 9 INFO neutron.services.segments.plugin [-] Segment 7aac71e0-b294-4704-9545-22e789a5b1b8 resource provider not found; error: Placement Client Error (4xx): {"errors": [{"status": 404, "title": "Not Found", "detail": "The resource could not be found.\n\n No resource provider with uuid 7aac71e0-b294-4704-9545-22e789a5b1b8 found for delete ", "request_id": "req-f1095430-3e2a-4c21-bdb2-828cde61641b"}]}
2026-07-15 00:17:13.980 9 INFO neutron.services.segments.plugin [-] Segment 7aac71e0-b294-4704-9545-22e789a5b1b8 resource provider not found; error: Placement Client Error (4xx): {"errors": [{"status": 404, "title": "Not Found", "detail": "The resource could not be found.\n\n No resource provider with uuid 7aac71e0-b294-4704-9545-22e789a5b1b8 found for delete ", "request_id": "req-6b593c0e-a5d5-49fa-8ec7-6078a040d1ab"}]}
2026-07-15 00:17:13.998 9 INFO neutron.wsgi [None req-7ef599c1-c7fb-4adf-bcc4-fc4a55ce1dde 851b7c2d5e414e4295867e176e51c3f5 d37282b52f0c42eeb9a5de6b4a37b929 - - default default] 10.0.0.217 "DELETE /v2.0/networks/e571807d-3859-4071-8579-17a49956b358 HTTP/1.1" status: 204 len: 168 time: 0.4383326
2026-07-15 00:17:14.344 10 INFO neutron.wsgi [None req-59a5a94d-e15f-432c-a3a0-3e8bf00fb466 210a730e3b994f2ea2aa288fe2884819 4f4d15e693084cc28a21ea10b6098fb0 - - default default] 10.0.0.217 "POST /v2.0/vpn/vpnservices HTTP/1.1" status: 201 len: 657 time: 6.4842360
2026-07-15 00:17:14.349 9 INFO neutron.wsgi [None req-52c45d04-627d-44f2-b4c6-65588047592c 851b7c2d5e414e4295867e176e51c3f5 d37282b52f0c42eeb9a5de6b4a37b929 - - default default] 10.0.0.217 "GET /v2.0/security-groups?tenant_id=8cc18e2fd1c341a4b17cafa2ceb8fd6e&name=default HTTP/1.1" status: 200 len: 3120 time: 0.0400844
2026-07-15 00:17:14.354 10 WARNING neutron_lib.context [None req-49fd4296-215c-4b72-b35f-b6b613c63a30 210a730e3b994f2ea2aa288fe2884819 4f4d15e693084cc28a21ea10b6098fb0 - - default default] Method 'is_advsvc' is deprecated since 2023.2 release (neutron-lib 3.8.0) and will be removed once support for the old RBAC API policies will be removed from Neutron. Please use method 'is_service_role' instead.
2026-07-15 00:17:14.502 9 INFO neutron.wsgi [-] 10.0.0.102 "GET / HTTP/1.1" status: 200 len: 246 time: 0.0018125
2026-07-15 00:17:14.504 9 INFO neutron.wsgi [-] 10.0.0.102 "GET / HTTP/1.1" status: 200 len: 246 time: 0.0012960
2026-07-15 00:17:14.559 9 INFO neutron.wsgi [None req-570f329c-a7bd-4b73-8bd2-5c0385928ac6 851b7c2d5e414e4295867e176e51c3f5 d37282b52f0c42eeb9a5de6b4a37b929 - - default default] 10.0.0.217 "DELETE /v2.0/security-groups/d3afabfe-4ba9-4568-b97f-26355fcb53ed HTTP/1.1" status: 204 len: 168 time: 0.2058680
2026-07-15 00:17:14.736 10 INFO neutron.wsgi [None req-49fd4296-215c-4b72-b35f-b6b613c63a30 210a730e3b994f2ea2aa288fe2884819 4f4d15e693084cc28a21ea10b6098fb0 - - default default] 10.0.0.217 "POST /v2.0/vpn/vpnservices HTTP/1.1" status: 201 len: 621 time: 0.3867044
2026-07-15 00:17:14.746 10 WARNING neutron_lib.context [None req-aaade80e-f963-47c7-8461-fe27e43913c0 210a730e3b994f2ea2aa288fe2884819 4f4d15e693084cc28a21ea10b6098fb0 - - default default] Method 'is_advsvc' is deprecated since 2023.2 release (neutron-lib 3.8.0) and will be removed once support for the old RBAC API policies will be removed from Neutron. Please use method 'is_service_role' instead.
2026-07-15 00:17:14.748 9 INFO neutron.wsgi [None req-b0f9d0af-12f9-42bf-bc49-8899555d22b3 851b7c2d5e414e4295867e176e51c3f5 d37282b52f0c42eeb9a5de6b4a37b929 - - default default] 10.0.0.217 "GET /v2.0/security-groups?tenant_id=8b9f9341f5254bdc82e44ba96ff31ca3&name=default HTTP/1.1" status: 200 len: 3120 time: 0.0410745
2026-07-15 00:17:14.783 10 INFO neutron.wsgi [None req-aaade80e-f963-47c7-8461-fe27e43913c0 210a730e3b994f2ea2aa288fe2884819 4f4d15e693084cc28a21ea10b6098fb0 - - default default] 10.0.0.217 "POST /v2.0/vpn/ikepolicies HTTP/1.1" status: 201 len: 602 time: 0.0420651
2026-07-15 00:17:14.797 9 WARNING neutron_lib.context [None req-6febcf13-8ca9-4512-b17b-3f61c270477e 210a730e3b994f2ea2aa288fe2884819 4f4d15e693084cc28a21ea10b6098fb0 - - default default] Method 'is_advsvc' is deprecated since 2023.2 release (neutron-lib 3.8.0) and will be removed once support for the old RBAC API policies will be removed from Neutron. Please use method 'is_service_role' instead.
2026-07-15 00:17:14.847 9 INFO neutron.wsgi [None req-6febcf13-8ca9-4512-b17b-3f61c270477e 210a730e3b994f2ea2aa288fe2884819 4f4d15e693084cc28a21ea10b6098fb0 - - default default] 10.0.0.217 "POST /v2.0/vpn/ipsecpolicies HTTP/1.1" status: 201 len: 611 time: 0.0538359
2026-07-15 00:17:14.860 10 WARNING neutron_lib.context [None req-aa41dbcb-d273-473f-a2b2-805d29b1f88b 210a730e3b994f2ea2aa288fe2884819 4f4d15e693084cc28a21ea10b6098fb0 - - default default] Method 'is_advsvc' is deprecated since 2023.2 release (neutron-lib 3.8.0) and will be removed once support for the old RBAC API policies will be removed from Neutron. Please use method 'is_service_role' instead.
2026-07-15 00:17:14.926 10 INFO neutron.wsgi [None req-aa41dbcb-d273-473f-a2b2-805d29b1f88b 210a730e3b994f2ea2aa288fe2884819 4f4d15e693084cc28a21ea10b6098fb0 - - default default] 10.0.0.217 "POST /v2.0/vpn/endpoint-groups HTTP/1.1" status: 201 len: 528 time: 0.0730350
2026-07-15 00:17:14.937 9 WARNING neutron_lib.context [None req-cdf116c1-0bb2-4f13-b33d-21710e561807 210a730e3b994f2ea2aa288fe2884819 4f4d15e693084cc28a21ea10b6098fb0 - - default default] Method 'is_advsvc' is deprecated since 2023.2 release (neutron-lib 3.8.0) and will be removed once support for the old RBAC API policies will be removed from Neutron. Please use method 'is_service_role' instead.
2026-07-15 00:17:14.978 9 INFO neutron.wsgi [None req-cdf116c1-0bb2-4f13-b33d-21710e561807 210a730e3b994f2ea2aa288fe2884819 4f4d15e693084cc28a21ea10b6098fb0 - - default default] 10.0.0.217 "POST /v2.0/vpn/endpoint-groups HTTP/1.1" status: 201 len: 518 time: 0.0461040
2026-07-15 00:17:14.987 9 INFO neutron.wsgi [None req-b38999a4-be1e-462e-866e-61fc2bc9a984 851b7c2d5e414e4295867e176e51c3f5 d37282b52f0c42eeb9a5de6b4a37b929 - - default default] 10.0.0.217 "DELETE /v2.0/security-groups/65fdfb29-076f-406b-a02c-602f02d0aad7 HTTP/1.1" status: 204 len: 168 time: 0.2349751
2026-07-15 00:17:14.990 10 WARNING neutron_lib.context [None req-84cb2248-dbc8-465e-ab36-c473e28bed27 210a730e3b994f2ea2aa288fe2884819 4f4d15e693084cc28a21ea10b6098fb0 - - default default] Method 'is_advsvc' is deprecated since 2023.2 release (neutron-lib 3.8.0) and will be removed once support for the old RBAC API policies will be removed from Neutron. Please use method 'is_service_role' instead.
2026-07-15 00:17:15.744 10 WARNING neutron.plugins.ml2.drivers.ovn.mech_driver.ovsdb.ovn_client [None req-54af771d-6cd2-404c-b450-159907c9d9b0 - - - - - -] No hosting information found for port 2cc59b5c-0d22-40b7-be3e-86b1466311ce: RuntimeError: No hosting information found for port 2cc59b5c-0d22-40b7-be3e-86b1466311ce
2026-07-15 00:17:15.797 10 INFO neutron.db.ovn_revision_numbers_db [None req-84cb2248-dbc8-465e-ab36-c473e28bed27 210a730e3b994f2ea2aa288fe2884819 4f4d15e693084cc28a21ea10b6098fb0 - - default default] Successfully bumped revision number for resource 0494226e-b9d5-44ad-9cfb-e29e011ba7fc (type: routers) to 5
2026-07-15 00:17:15.830 10 INFO neutron.wsgi [None req-84cb2248-dbc8-465e-ab36-c473e28bed27 210a730e3b994f2ea2aa288fe2884819 4f4d15e693084cc28a21ea10b6098fb0 - - default default] 10.0.0.217 "POST /v2.0/vpn/ipsec-site-connections HTTP/1.1" status: 201 len: 1001 time: 0.8468900
2026-07-15 00:17:15.839 10 WARNING neutron_lib.context [None req-62e0e8d5-e279-4d68-9e20-c33423a7670a 210a730e3b994f2ea2aa288fe2884819 4f4d15e693084cc28a21ea10b6098fb0 - - default default] Method 'is_advsvc' is deprecated since 2023.2 release (neutron-lib 3.8.0) and will be removed once support for the old RBAC API policies will be removed from Neutron. Please use method 'is_service_role' instead.
2026-07-15 00:17:15.874 10 INFO neutron.wsgi [None req-62e0e8d5-e279-4d68-9e20-c33423a7670a 210a730e3b994f2ea2aa288fe2884819 4f4d15e693084cc28a21ea10b6098fb0 - - default default] 10.0.0.217 "POST /v2.0/vpn/endpoint-groups HTTP/1.1" status: 201 len: 489 time: 0.0399492
2026-07-15 00:17:15.915 10 INFO neutron.wsgi [None req-c4181db6-7384-41f3-a825-17f5940f64f8 210a730e3b994f2ea2aa288fe2884819 4f4d15e693084cc28a21ea10b6098fb0 - - default default] 10.0.0.217 "DELETE /v2.0/vpn/endpoint-groups/c680627e-29e9-40aa-8024-65f8f2a67aee HTTP/1.1" status: 204 len: 168 time: 0.0359607
2026-07-15 00:17:15.935 10 INFO neutron.wsgi [None req-b03c0ccb-f57d-450d-b911-9d7d65560beb 210a730e3b994f2ea2aa288fe2884819 4f4d15e693084cc28a21ea10b6098fb0 - - default default] 10.0.0.217 "GET /v2.0/vpn/endpoint-groups HTTP/1.1" status: 200 len: 827 time: 0.0153883
2026-07-15 00:17:15.950 10 INFO neutron.wsgi [None req-fc4e8b44-5c56-48b1-96b8-b22028866c88 210a730e3b994f2ea2aa288fe2884819 4f4d15e693084cc28a21ea10b6098fb0 - - default default] 10.0.0.217 "GET /v2.0/vpn/endpoint-groups HTTP/1.1" status: 200 len: 827 time: 0.0099678
2026-07-15 00:17:16.579 10 INFO neutron.wsgi [None req-fb7903b1-f61b-4015-acc4-6a31dfca48e5 3d7bc793eea84b95917540d10e579190 7f7e9372c04845ada26ea9392682888b - - default default] 10.0.0.217 "POST /v2.0/vpn/ikepolicies HTTP/1.1" status: 201 len: 602 time: 0.2649286
2026-07-15 00:17:16.596 10 INFO neutron.wsgi [None req-72cafe3c-cffd-4570-9d8c-502a843a6e24 210a730e3b994f2ea2aa288fe2884819 4f4d15e693084cc28a21ea10b6098fb0 - - default default] 10.0.0.217 "GET /v2.0/vpn/ikepolicies HTTP/1.1" status: 200 len: 991 time: 0.0111148
2026-07-15 00:17:16.634 10 INFO neutron.wsgi [None req-fcee4b09-b51e-4de8-a329-c349ab4c5619 3d7bc793eea84b95917540d10e579190 7f7e9372c04845ada26ea9392682888b - - default default] 10.0.0.217 "DELETE /v2.0/vpn/ikepolicies/67c01fef-3a2f-4974-bcfa-09afa89c638b HTTP/1.1" status: 204 len: 168 time: 0.0345812
2026-07-15 00:17:16.683 10 INFO neutron.wsgi [None req-8a6fa588-b6de-4522-8fc4-02ba631877c7 3d7bc793eea84b95917540d10e579190 7f7e9372c04845ada26ea9392682888b - - default default] 10.0.0.217 "POST /v2.0/vpn/ipsecpolicies HTTP/1.1" status: 201 len: 611 time: 0.0447497
2026-07-15 00:17:16.703 10 INFO neutron.wsgi [None req-52b45c9a-dc38-48a5-8e42-d1619d0acecb 210a730e3b994f2ea2aa288fe2884819 4f4d15e693084cc28a21ea10b6098fb0 - - default default] 10.0.0.217 "GET /v2.0/vpn/ipsecpolicies HTTP/1.1" status: 200 len: 1007 time: 0.0122161
2026-07-15 00:17:16.741 10 INFO neutron.wsgi [None req-8770dc4a-4791-4e10-a30c-1ad1959de058 3d7bc793eea84b95917540d10e579190 7f7e9372c04845ada26ea9392682888b - - default default] 10.0.0.217 "DELETE /v2.0/vpn/ipsecpolicies/7bd1f602-ade4-49a4-9dcb-9e6893af4e2b HTTP/1.1" status: 204 len: 168 time: 0.0332241
2026-07-15 00:17:16.754 10 WARNING neutron_lib.context [None req-5ac88553-605c-4293-8133-057c1bd8adfc 210a730e3b994f2ea2aa288fe2884819 4f4d15e693084cc28a21ea10b6098fb0 - - default default] Method 'is_advsvc' is deprecated since 2023.2 release (neutron-lib 3.8.0) and will be removed once support for the old RBAC API policies will be removed from Neutron. Please use method 'is_service_role' instead.
2026-07-15 00:17:16.856 10 INFO neutron.db.segments_db [None req-5ac88553-605c-4293-8133-057c1bd8adfc 210a730e3b994f2ea2aa288fe2884819 4f4d15e693084cc28a21ea10b6098fb0 - - default default] Added segment 561e3887-17c0-4853-822f-4d4d7990f071 of type geneve for network cd109a27-d01b-4781-ba96-d9c90dfea5e7
2026-07-15 00:17:17.009 10 INFO neutron.db.ovn_revision_numbers_db [None req-5ac88553-605c-4293-8133-057c1bd8adfc 210a730e3b994f2ea2aa288fe2884819 4f4d15e693084cc28a21ea10b6098fb0 - - default default] Successfully bumped revision number for resource cd109a27-d01b-4781-ba96-d9c90dfea5e7 (type: networks) to 1
2026-07-15 00:17:17.197 10 WARNING neutron.scheduler.dhcp_agent_scheduler [None req-5ac88553-605c-4293-8133-057c1bd8adfc 210a730e3b994f2ea2aa288fe2884819 4f4d15e693084cc28a21ea10b6098fb0 - - default default] No more DHCP agents
2026-07-15 00:17:17.200 10 WARNING neutron.api.rpc.agentnotifiers.dhcp_rpc_agent_api [None req-5ac88553-605c-4293-8133-057c1bd8adfc 210a730e3b994f2ea2aa288fe2884819 4f4d15e693084cc28a21ea10b6098fb0 - - default default] Unable to schedule network cd109a27-d01b-4781-ba96-d9c90dfea5e7: no agents available; will retry on subsequent port and subnet creation events.
