2026-07-15 00:16:08.084 10 WARNING neutron_lib.context [None req-563ac900-5a5e-454a-b8b7-929e052f3604 3b1bdf282a4e4003b784206a585d32a4 203a32b47b7d482485602fec8c509c45 - - default default] Method 'is_advsvc' is deprecated since 2023.2 release (neutron-lib 3.8.0) and will be removed once support for the old RBAC API policies will be removed from Neutron. Please use method 'is_service_role' instead.
2026-07-15 00:16:08.340 10 INFO neutron.wsgi [None req-563ac900-5a5e-454a-b8b7-929e052f3604 3b1bdf282a4e4003b784206a585d32a4 203a32b47b7d482485602fec8c509c45 - - default default] 10.0.0.217 "POST /v2.0/trunks HTTP/1.1" status: 201 len: 608 time: 0.2615342
2026-07-15 00:16:08.351 10 WARNING neutron_lib.context [None req-d2bdffe0-523f-478a-87ab-b9023e0cd8f2 3b1bdf282a4e4003b784206a585d32a4 203a32b47b7d482485602fec8c509c45 - - default default] Method 'is_advsvc' is deprecated since 2023.2 release (neutron-lib 3.8.0) and will be removed once support for the old RBAC API policies will be removed from Neutron. Please use method 'is_service_role' instead.
2026-07-15 00:16:08.436 10 INFO neutron.db.segments_db [None req-d2bdffe0-523f-478a-87ab-b9023e0cd8f2 3b1bdf282a4e4003b784206a585d32a4 203a32b47b7d482485602fec8c509c45 - - default default] Added segment 02bd46d1-4547-47eb-b677-fde43f85dc29 of type geneve for network 7a731e70-5eca-45fb-b44f-3d611f2e0d70
2026-07-15 00:16:08.571 10 INFO neutron.db.ovn_revision_numbers_db [None req-d2bdffe0-523f-478a-87ab-b9023e0cd8f2 3b1bdf282a4e4003b784206a585d32a4 203a32b47b7d482485602fec8c509c45 - - default default] Successfully bumped revision number for resource 7a731e70-5eca-45fb-b44f-3d611f2e0d70 (type: networks) to 1
2026-07-15 00:16:08.811 10 WARNING neutron.scheduler.dhcp_agent_scheduler [None req-d2bdffe0-523f-478a-87ab-b9023e0cd8f2 3b1bdf282a4e4003b784206a585d32a4 203a32b47b7d482485602fec8c509c45 - - default default] No more DHCP agents
2026-07-15 00:16:08.814 10 WARNING neutron.api.rpc.agentnotifiers.dhcp_rpc_agent_api [None req-d2bdffe0-523f-478a-87ab-b9023e0cd8f2 3b1bdf282a4e4003b784206a585d32a4 203a32b47b7d482485602fec8c509c45 - - default default] Unable to schedule network 7a731e70-5eca-45fb-b44f-3d611f2e0d70: no agents available; will retry on subsequent port and subnet creation events.
2026-07-15 00:16:08.903 10 INFO neutron.db.ovn_revision_numbers_db [None req-d2bdffe0-523f-478a-87ab-b9023e0cd8f2 3b1bdf282a4e4003b784206a585d32a4 203a32b47b7d482485602fec8c509c45 - - default default] Successfully bumped revision number for resource 28b1f827-839e-4a1a-88b0-25b90e81c26a (type: ports) to 1
2026-07-15 00:16:08.927 10 INFO neutron.wsgi [None req-d2bdffe0-523f-478a-87ab-b9023e0cd8f2 3b1bdf282a4e4003b784206a585d32a4 203a32b47b7d482485602fec8c509c45 - - default default] 10.0.0.217 "POST /v2.0/networks HTTP/1.1" status: 201 len: 830 time: 0.5802577
2026-07-15 00:16:08.937 10 WARNING neutron_lib.context [None req-2f85a862-178b-483d-8633-353a98fb0aac 3b1bdf282a4e4003b784206a585d32a4 203a32b47b7d482485602fec8c509c45 - - default default] Method 'is_advsvc' is deprecated since 2023.2 release (neutron-lib 3.8.0) and will be removed once support for the old RBAC API policies will be removed from Neutron. Please use method 'is_service_role' instead.
2026-07-15 00:16:09.227 10 WARNING neutron.scheduler.dhcp_agent_scheduler [None req-2f85a862-178b-483d-8633-353a98fb0aac 3b1bdf282a4e4003b784206a585d32a4 203a32b47b7d482485602fec8c509c45 - - default default] No more DHCP agents
2026-07-15 00:16:09.230 10 WARNING neutron.api.rpc.agentnotifiers.dhcp_rpc_agent_api [None req-2f85a862-178b-483d-8633-353a98fb0aac 3b1bdf282a4e4003b784206a585d32a4 203a32b47b7d482485602fec8c509c45 - - default default] Unable to schedule network 7a731e70-5eca-45fb-b44f-3d611f2e0d70: no agents available; will retry on subsequent port and subnet creation events.
2026-07-15 00:16:09.334 10 INFO neutron.db.ovn_revision_numbers_db [None req-2f85a862-178b-483d-8633-353a98fb0aac 3b1bdf282a4e4003b784206a585d32a4 203a32b47b7d482485602fec8c509c45 - - default default] Successfully bumped revision number for resource ead344be-c300-4bfa-a047-de6c027e993b (type: ports) to 1
2026-07-15 00:16:09.361 10 INFO neutron.wsgi [None req-2f85a862-178b-483d-8633-353a98fb0aac 3b1bdf282a4e4003b784206a585d32a4 203a32b47b7d482485602fec8c509c45 - - default default] 10.0.0.217 "POST /v2.0/ports HTTP/1.1" status: 201 len: 942 time: 0.4296100 /var/lib/openstack/lib/python3.10/site-packages/pycadf/identifier.py:71: UserWarning: Invalid uuid: neutron. To ensure interoperability, identifiers should be a valid uuid. warnings.warn(('Invalid uuid: %s. To ensure interoperability, '
2026-07-15 00:16:09.372 10 WARNING neutron_lib.context [None req-dd28ac57-5f94-432d-8bd6-de59a1e1e400 3b1bdf282a4e4003b784206a585d32a4 203a32b47b7d482485602fec8c509c45 - - default default] Method 'is_advsvc' is deprecated since 2023.2 release (neutron-lib 3.8.0) and will be removed once support for the old RBAC API policies will be removed from Neutron. Please use method 'is_service_role' instead.
2026-07-15 00:16:09.601 10 INFO neutron.wsgi [None req-dd28ac57-5f94-432d-8bd6-de59a1e1e400 3b1bdf282a4e4003b784206a585d32a4 203a32b47b7d482485602fec8c509c45 - - default default] 10.0.0.217 "POST /v2.0/trunks HTTP/1.1" status: 201 len: 608 time: 0.2343535
2026-07-15 00:16:09.617 10 WARNING neutron_lib.context [None req-079404ca-f851-4a8b-95c1-16f42449cb0b 3b1bdf282a4e4003b784206a585d32a4 203a32b47b7d482485602fec8c509c45 - - default default] Method 'is_advsvc' is deprecated since 2023.2 release (neutron-lib 3.8.0) and will be removed once support for the old RBAC API policies will be removed from Neutron. Please use method 'is_service_role' instead.
2026-07-15 00:16:09.721 10 INFO neutron.db.segments_db [None req-079404ca-f851-4a8b-95c1-16f42449cb0b 3b1bdf282a4e4003b784206a585d32a4 203a32b47b7d482485602fec8c509c45 - - default default] Added segment 974a7707-91c2-4c9d-b3c3-8cd45fc011e9 of type geneve for network b8a8f316-2d47-4ccc-baf6-88d718af9581
2026-07-15 00:16:09.787 9 WARNING neutron_lib.context [None req-bb4007a4-ab69-451e-ad0b-dce6b1ba27d3 a8970de9610f44afa28a4d7d52497490 b9f5ccba079d4241bd781b58d3a88c51 - - default default] Method 'is_advsvc' is deprecated since 2023.2 release (neutron-lib 3.8.0) and will be removed once support for the old RBAC API policies will be removed from Neutron. Please use method 'is_service_role' instead.
2026-07-15 00:16:09.852 9 INFO neutron.wsgi [None req-bb4007a4-ab69-451e-ad0b-dce6b1ba27d3 a8970de9610f44afa28a4d7d52497490 b9f5ccba079d4241bd781b58d3a88c51 - - default default] 10.0.0.217 "POST /v2.0/subnetpools HTTP/1.1" status: 201 len: 748 time: 0.2222159
2026-07-15 00:16:09.879 9 INFO neutron.wsgi [None req-373e1034-00b0-4237-9fa6-5e7aafbcd1dc a8970de9610f44afa28a4d7d52497490 b9f5ccba079d4241bd781b58d3a88c51 - - default default] 10.0.0.217 "GET /v2.0/subnetpools/50f54c1c-3f53-4e66-bba8-f3a36f11e7f5 HTTP/1.1" status: 200 len: 743 time: 0.0240583
2026-07-15 00:16:09.888 10 INFO neutron.db.ovn_revision_numbers_db [None req-079404ca-f851-4a8b-95c1-16f42449cb0b 3b1bdf282a4e4003b784206a585d32a4 203a32b47b7d482485602fec8c509c45 - - default default] Successfully bumped revision number for resource b8a8f316-2d47-4ccc-baf6-88d718af9581 (type: networks) to 1
2026-07-15 00:16:09.957 9 INFO neutron.wsgi [None req-e5e530b7-f4cf-4786-955c-74d0261a62bd a8970de9610f44afa28a4d7d52497490 b9f5ccba079d4241bd781b58d3a88c51 - - default default] 10.0.0.217 "PUT /v2.0/subnetpools/50f54c1c-3f53-4e66-bba8-f3a36f11e7f5 HTTP/1.1" status: 200 len: 694 time: 0.0744333
2026-07-15 00:16:10.021 9 INFO neutron.wsgi [None req-fc2b5a9b-0f1b-4bc4-b6b4-063fb1eea7fe a8970de9610f44afa28a4d7d52497490 b9f5ccba079d4241bd781b58d3a88c51 - - default default] 10.0.0.217 "DELETE /v2.0/subnetpools/50f54c1c-3f53-4e66-bba8-f3a36f11e7f5 HTTP/1.1" status: 204 len: 168 time: 0.0597239
2026-07-15 00:16:10.042 10 INFO neutron.api.v2.resource [None req-562a92fe-bf14-4792-93c6-2752e8d77bc8 a8970de9610f44afa28a4d7d52497490 b9f5ccba079d4241bd781b58d3a88c51 - - default default] show failed (client error): The resource could not be found.
2026-07-15 00:16:10.043 10 INFO neutron.wsgi [None req-562a92fe-bf14-4792-93c6-2752e8d77bc8 a8970de9610f44afa28a4d7d52497490 b9f5ccba079d4241bd781b58d3a88c51 - - default default] 10.0.0.217 "GET /v2.0/subnetpools/50f54c1c-3f53-4e66-bba8-f3a36f11e7f5 HTTP/1.1" status: 404 len: 346 time: 0.0181539
2026-07-15 00:16:10.069 10 INFO neutron.api.v2.resource [None req-d233d542-51de-48a5-8441-6cf6e31de134 a8970de9610f44afa28a4d7d52497490 b9f5ccba079d4241bd781b58d3a88c51 - - default default] delete failed (client error): The resource could not be found.
2026-07-15 00:16:10.070 10 INFO neutron.wsgi [None req-d233d542-51de-48a5-8441-6cf6e31de134 a8970de9610f44afa28a4d7d52497490 b9f5ccba079d4241bd781b58d3a88c51 - - default default] 10.0.0.217 "DELETE /v2.0/subnetpools/50f54c1c-3f53-4e66-bba8-f3a36f11e7f5 HTTP/1.1" status: 404 len: 346 time: 0.0201352
2026-07-15 00:16:10.126 10 WARNING neutron.scheduler.dhcp_agent_scheduler [None req-079404ca-f851-4a8b-95c1-16f42449cb0b 3b1bdf282a4e4003b784206a585d32a4 203a32b47b7d482485602fec8c509c45 - - default default] No more DHCP agents
2026-07-15 00:16:10.128 10 WARNING neutron.api.rpc.agentnotifiers.dhcp_rpc_agent_api [None req-079404ca-f851-4a8b-95c1-16f42449cb0b 3b1bdf282a4e4003b784206a585d32a4 203a32b47b7d482485602fec8c509c45 - - default default] Unable to schedule network b8a8f316-2d47-4ccc-baf6-88d718af9581: no agents available; will retry on subsequent port and subnet creation events.
2026-07-15 00:16:10.237 10 INFO neutron.db.ovn_revision_numbers_db [None req-079404ca-f851-4a8b-95c1-16f42449cb0b 3b1bdf282a4e4003b784206a585d32a4 203a32b47b7d482485602fec8c509c45 - - default default] Successfully bumped revision number for resource b27847a5-086a-47e3-8ffa-baa2b1e0bcff (type: ports) to 1
2026-07-15 00:16:10.261 10 INFO neutron.wsgi [None req-079404ca-f851-4a8b-95c1-16f42449cb0b 3b1bdf282a4e4003b784206a585d32a4 203a32b47b7d482485602fec8c509c45 - - default default] 10.0.0.217 "POST /v2.0/networks HTTP/1.1" status: 201 len: 830 time: 0.6523399
2026-07-15 00:16:10.269 10 WARNING neutron_lib.context [None req-223759f1-4ec9-455f-96f3-b18f828cf512 3b1bdf282a4e4003b784206a585d32a4 203a32b47b7d482485602fec8c509c45 - - default default] Method 'is_advsvc' is deprecated since 2023.2 release (neutron-lib 3.8.0) and will be removed once support for the old RBAC API policies will be removed from Neutron. Please use method 'is_service_role' instead.
2026-07-15 00:16:10.534 10 WARNING neutron.scheduler.dhcp_agent_scheduler [None req-223759f1-4ec9-455f-96f3-b18f828cf512 3b1bdf282a4e4003b784206a585d32a4 203a32b47b7d482485602fec8c509c45 - - default default] No more DHCP agents
2026-07-15 00:16:10.536 10 WARNING neutron.api.rpc.agentnotifiers.dhcp_rpc_agent_api [None req-223759f1-4ec9-455f-96f3-b18f828cf512 3b1bdf282a4e4003b784206a585d32a4 203a32b47b7d482485602fec8c509c45 - - default default] Unable to schedule network b8a8f316-2d47-4ccc-baf6-88d718af9581: no agents available; will retry on subsequent port and subnet creation events.
2026-07-15 00:16:10.637 10 INFO neutron.db.ovn_revision_numbers_db [None req-223759f1-4ec9-455f-96f3-b18f828cf512 3b1bdf282a4e4003b784206a585d32a4 203a32b47b7d482485602fec8c509c45 - - default default] Successfully bumped revision number for resource c0b7e1bc-6b3d-4444-9446-c40520cd8bdd (type: ports) to 1
2026-07-15 00:16:10.675 10 INFO neutron.wsgi [None req-223759f1-4ec9-455f-96f3-b18f828cf512 3b1bdf282a4e4003b784206a585d32a4 203a32b47b7d482485602fec8c509c45 - - default default] 10.0.0.217 "POST /v2.0/ports HTTP/1.1" status: 201 len: 942 time: 0.4102006 /var/lib/openstack/lib/python3.10/site-packages/pycadf/identifier.py:71: UserWarning: Invalid uuid: neutron. To ensure interoperability, identifiers should be a valid uuid. warnings.warn(('Invalid uuid: %s. To ensure interoperability, '
2026-07-15 00:16:10.687 10 WARNING neutron_lib.context [None req-8168d41d-fb8e-4066-8e1c-0156f4ec528d 3b1bdf282a4e4003b784206a585d32a4 203a32b47b7d482485602fec8c509c45 - - default default] Method 'is_advsvc' is deprecated since 2023.2 release (neutron-lib 3.8.0) and will be removed once support for the old RBAC API policies will be removed from Neutron. Please use method 'is_service_role' instead.
2026-07-15 00:16:10.884 9 INFO neutron.db.ovn_revision_numbers_db [None req-da977114-f6b6-4ff3-9f03-d85be1c55016 851b7c2d5e414e4295867e176e51c3f5 d37282b52f0c42eeb9a5de6b4a37b929 - - default default] Successfully bumped revision number for resource 408b5df1-f64d-4391-b2c8-310eb90a4cf5 (type: security_groups) to 1
2026-07-15 00:16:10.898 9 INFO neutron.db.ovn_revision_numbers_db [None req-da977114-f6b6-4ff3-9f03-d85be1c55016 851b7c2d5e414e4295867e176e51c3f5 d37282b52f0c42eeb9a5de6b4a37b929 - - default default] Successfully bumped revision number for resource 41792fd2-ef73-4cba-9c43-6919adcad094 (type: security_group_rules) to 0
2026-07-15 00:16:10.914 9 INFO neutron.db.ovn_revision_numbers_db [None req-da977114-f6b6-4ff3-9f03-d85be1c55016 851b7c2d5e414e4295867e176e51c3f5 d37282b52f0c42eeb9a5de6b4a37b929 - - default default] Successfully bumped revision number for resource 6f5236bc-425a-47d5-a42a-ea578c911052 (type: security_group_rules) to 0
2026-07-15 00:16:10.929 9 INFO neutron.db.ovn_revision_numbers_db [None req-da977114-f6b6-4ff3-9f03-d85be1c55016 851b7c2d5e414e4295867e176e51c3f5 d37282b52f0c42eeb9a5de6b4a37b929 - - default default] Successfully bumped revision number for resource 7796a961-6861-4caa-839d-efe6d31cde53 (type: security_group_rules) to 0
2026-07-15 00:16:10.945 10 INFO neutron.wsgi [None req-8168d41d-fb8e-4066-8e1c-0156f4ec528d 3b1bdf282a4e4003b784206a585d32a4 203a32b47b7d482485602fec8c509c45 - - default default] 10.0.0.217 "POST /v2.0/trunks HTTP/1.1" status: 201 len: 608 time: 0.2637236
2026-07-15 00:16:10.945 9 INFO neutron.db.ovn_revision_numbers_db [None req-da977114-f6b6-4ff3-9f03-d85be1c55016 851b7c2d5e414e4295867e176e51c3f5 d37282b52f0c42eeb9a5de6b4a37b929 - - default default] Successfully bumped revision number for resource bc236b87-5deb-4ff1-ac7b-c5598700f974 (type: security_group_rules) to 0
2026-07-15 00:16:10.967 10 WARNING neutron_lib.context [None req-17c2e57e-e5d2-4792-bbd8-370dcf3e904b 3b1bdf282a4e4003b784206a585d32a4 203a32b47b7d482485602fec8c509c45 - - default default] Method 'is_advsvc' is deprecated since 2023.2 release (neutron-lib 3.8.0) and will be removed once support for the old RBAC API policies will be removed from Neutron. Please use method 'is_service_role' instead.
2026-07-15 00:16:10.979 9 INFO neutron.wsgi [None req-da977114-f6b6-4ff3-9f03-d85be1c55016 851b7c2d5e414e4295867e176e51c3f5 d37282b52f0c42eeb9a5de6b4a37b929 - - default default] 10.0.0.217 "GET /v2.0/security-groups?tenant_id=b9f5ccba079d4241bd781b58d3a88c51&name=default HTTP/1.1" status: 200 len: 3120 time: 0.3531625
2026-07-15 00:16:11.065 10 INFO neutron.db.segments_db [None req-17c2e57e-e5d2-4792-bbd8-370dcf3e904b 3b1bdf282a4e4003b784206a585d32a4 203a32b47b7d482485602fec8c509c45 - - default default] Added segment 0cb71283-4950-46ad-9dd7-8ef09e744787 of type geneve for network c8add4d5-344e-4b26-a7ee-6fa90d87ad48
2026-07-15 00:16:11.194 9 INFO neutron.wsgi [None req-e8ba1a36-55f6-469b-bbad-3a12564dfef6 851b7c2d5e414e4295867e176e51c3f5 d37282b52f0c42eeb9a5de6b4a37b929 - - default default] 10.0.0.217 "DELETE /v2.0/security-groups/408b5df1-f64d-4391-b2c8-310eb90a4cf5 HTTP/1.1" status: 204 len: 168 time: 0.2060523
2026-07-15 00:16:11.212 10 INFO neutron.db.ovn_revision_numbers_db [None req-17c2e57e-e5d2-4792-bbd8-370dcf3e904b 3b1bdf282a4e4003b784206a585d32a4 203a32b47b7d482485602fec8c509c45 - - default default] Successfully bumped revision number for resource c8add4d5-344e-4b26-a7ee-6fa90d87ad48 (type: networks) to 1
2026-07-15 00:16:11.410 10 WARNING neutron.scheduler.dhcp_agent_scheduler [None req-17c2e57e-e5d2-4792-bbd8-370dcf3e904b 3b1bdf282a4e4003b784206a585d32a4 203a32b47b7d482485602fec8c509c45 - - default default] No more DHCP agents
2026-07-15 00:16:11.413 10 WARNING neutron.api.rpc.agentnotifiers.dhcp_rpc_agent_api [None req-17c2e57e-e5d2-4792-bbd8-370dcf3e904b 3b1bdf282a4e4003b784206a585d32a4 203a32b47b7d482485602fec8c509c45 - - default default] Unable to schedule network c8add4d5-344e-4b26-a7ee-6fa90d87ad48: no agents available; will retry on subsequent port and subnet creation events.
2026-07-15 00:16:11.505 10 INFO neutron.db.ovn_revision_numbers_db [None req-17c2e57e-e5d2-4792-bbd8-370dcf3e904b 3b1bdf282a4e4003b784206a585d32a4 203a32b47b7d482485602fec8c509c45 - - default default] Successfully bumped revision number for resource f82a5f5b-5504-4d5d-88ed-01b16103ec5d (type: ports) to 1
2026-07-15 00:16:11.527 10 INFO neutron.wsgi [None req-17c2e57e-e5d2-4792-bbd8-370dcf3e904b 3b1bdf282a4e4003b784206a585d32a4 203a32b47b7d482485602fec8c509c45 - - default default] 10.0.0.217 "POST /v2.0/networks HTTP/1.1" status: 201 len: 831 time: 0.5651731
2026-07-15 00:16:11.538 10 WARNING neutron_lib.context [None req-1cdcf8c5-7741-42f0-84aa-59d9b18ea376 3b1bdf282a4e4003b784206a585d32a4 203a32b47b7d482485602fec8c509c45 - - default default] Method 'is_advsvc' is deprecated since 2023.2 release (neutron-lib 3.8.0) and will be removed once support for the old RBAC API policies will be removed from Neutron. Please use method 'is_service_role' instead.
2026-07-15 00:16:11.809 10 WARNING neutron.scheduler.dhcp_agent_scheduler [None req-1cdcf8c5-7741-42f0-84aa-59d9b18ea376 3b1bdf282a4e4003b784206a585d32a4 203a32b47b7d482485602fec8c509c45 - - default default] No more DHCP agents
2026-07-15 00:16:11.811 10 WARNING neutron.api.rpc.agentnotifiers.dhcp_rpc_agent_api [None req-1cdcf8c5-7741-42f0-84aa-59d9b18ea376 3b1bdf282a4e4003b784206a585d32a4 203a32b47b7d482485602fec8c509c45 - - default default] Unable to schedule network c8add4d5-344e-4b26-a7ee-6fa90d87ad48: no agents available; will retry on subsequent port and subnet creation events.
2026-07-15 00:16:11.910 10 INFO neutron.db.ovn_revision_numbers_db [None req-1cdcf8c5-7741-42f0-84aa-59d9b18ea376 3b1bdf282a4e4003b784206a585d32a4 203a32b47b7d482485602fec8c509c45 - - default default] Successfully bumped revision number for resource 8e47ceca-3634-41a7-b98c-5b990f892d99 (type: ports) to 1
2026-07-15 00:16:11.936 10 INFO neutron.wsgi [None req-1cdcf8c5-7741-42f0-84aa-59d9b18ea376 3b1bdf282a4e4003b784206a585d32a4 203a32b47b7d482485602fec8c509c45 - - default default] 10.0.0.217 "POST /v2.0/ports HTTP/1.1" status: 201 len: 942 time: 0.4033120 /var/lib/openstack/lib/python3.10/site-packages/pycadf/identifier.py:71: UserWarning: Invalid uuid: neutron. To ensure interoperability, identifiers should be a valid uuid. warnings.warn(('Invalid uuid: %s. To ensure interoperability, '
2026-07-15 00:16:11.946 10 WARNING neutron_lib.context [None req-b93754ee-bceb-481b-bd3c-c6a028d2f49d 3b1bdf282a4e4003b784206a585d32a4 203a32b47b7d482485602fec8c509c45 - - default default] Method 'is_advsvc' is deprecated since 2023.2 release (neutron-lib 3.8.0) and will be removed once support for the old RBAC API policies will be removed from Neutron. Please use method 'is_service_role' instead.
2026-07-15 00:16:12.144 10 INFO neutron.wsgi [None req-b93754ee-bceb-481b-bd3c-c6a028d2f49d 3b1bdf282a4e4003b784206a585d32a4 203a32b47b7d482485602fec8c509c45 - - default default] 10.0.0.217 "POST /v2.0/trunks HTTP/1.1" status: 201 len: 608 time: 0.2043586
2026-07-15 00:16:12.179 10 INFO neutron.wsgi [None req-1df2c2f2-8eec-4860-ad50-8c604dcf4f4d 3b1bdf282a4e4003b784206a585d32a4 203a32b47b7d482485602fec8c509c45 - - default default] 10.0.0.217 "PUT /v2.0/trunks/b6e2f916-f811-4362-8593-e0083cf1f1d3/tags HTTP/1.1" status: 200 len: 210 time: 0.0307827
2026-07-15 00:16:12.212 10 INFO neutron.wsgi [None req-c63bfa97-95a3-4e54-97a2-c5577cc7314d 3b1bdf282a4e4003b784206a585d32a4 203a32b47b7d482485602fec8c509c45 - - default default] 10.0.0.217 "PUT /v2.0/trunks/571577a2-a4ad-4931-a8c7-411984e5337b/tags HTTP/1.1" status: 200 len: 218 time: 0.0286717
2026-07-15 00:16:12.252 10 INFO neutron.wsgi [None req-5cab0ea9-baf6-4ea8-a645-32b244c1f066 3b1bdf282a4e4003b784206a585d32a4 203a32b47b7d482485602fec8c509c45 - - default default] 10.0.0.217 "PUT /v2.0/trunks/a782c9a4-ffef-449d-8af0-e1457ecb6381/tags HTTP/1.1" status: 200 len: 227 time: 0.0362780
2026-07-15 00:16:12.286 10 INFO neutron.wsgi [None req-9c201f91-f4e7-4617-a291-80528fae10c2 3b1bdf282a4e4003b784206a585d32a4 203a32b47b7d482485602fec8c509c45 - - default default] 10.0.0.217 "PUT /v2.0/trunks/63d1c43b-d2ea-409e-8740-b12483f656f4/tags HTTP/1.1" status: 200 len: 212 time: 0.0292950
2026-07-15 00:16:12.312 10 INFO neutron.wsgi [None req-6d09ec08-82fa-46b9-b1bc-42c29a471c3d 3b1bdf282a4e4003b784206a585d32a4 203a32b47b7d482485602fec8c509c45 - - default default] 10.0.0.217 "GET /v2.0/trunks?tags=red HTTP/1.1" status: 200 len: 1447 time: 0.0202641
2026-07-15 00:16:12.337 10 INFO neutron.wsgi [None req-6325e855-c80e-4134-a052-c6d9c9be1baf 3b1bdf282a4e4003b784206a585d32a4 203a32b47b7d482485602fec8c509c45 - - default default] 10.0.0.217 "GET /v2.0/trunks?tags=red%2Cblue HTTP/1.1" status: 200 len: 1041 time: 0.0195346
2026-07-15 00:16:12.362 10 INFO neutron.wsgi [None req-3a463f0a-8bed-48da-acec-31911d2a82c8 3b1bdf282a4e4003b784206a585d32a4 203a32b47b7d482485602fec8c509c45 - - default default] 10.0.0.217 "GET /v2.0/trunks?tags-any=blue HTTP/1.1" status: 200 len: 1041 time: 0.0200744
2026-07-15 00:16:12.387 10 INFO neutron.wsgi [None req-80a76d2d-3a81-460e-bf71-8e61a4b6012f 3b1bdf282a4e4003b784206a585d32a4 203a32b47b7d482485602fec8c509c45 - - default default] 10.0.0.217 "GET /v2.0/trunks?tags-any=red%2Cblue HTTP/1.1" status: 200 len: 1447 time: 0.0200448
2026-07-15 00:16:12.414 10 INFO neutron.wsgi [None req-20190d56-02d1-4d7b-9b6f-d39137b9b956 3b1bdf282a4e4003b784206a585d32a4 203a32b47b7d482485602fec8c509c45 - - default default] 10.0.0.217 "GET /v2.0/trunks?not-tags=red HTTP/1.1" status: 200 len: 1013 time: 0.0214236
2026-07-15 00:16:12.442 10 INFO neutron.wsgi [None req-10b42498-af3c-443b-bf0e-f0ba574ed294 3b1bdf282a4e4003b784206a585d32a4 203a32b47b7d482485602fec8c509c45 - - default default] 10.0.0.217 "GET /v2.0/trunks?not-tags=red%2Cblue HTTP/1.1" status: 200 len: 1419 time: 0.0220108
2026-07-15 00:16:12.468 10 INFO neutron.wsgi [None req-adfa2687-8dbf-4ffd-9b9c-5bc25edbbcfd 3b1bdf282a4e4003b784206a585d32a4 203a32b47b7d482485602fec8c509c45 - - default default] 10.0.0.217 "GET /v2.0/trunks?not-tags-any=blue HTTP/1.1" status: 200 len: 1419 time: 0.0204105
2026-07-15 00:16:12.494 10 INFO neutron.wsgi [None req-85f24408-9f13-49ed-bae7-0fd1e3a92fc7 3b1bdf282a4e4003b784206a585d32a4 203a32b47b7d482485602fec8c509c45 - - default default] 10.0.0.217 "GET /v2.0/trunks?not-tags-any=red%2Cblue HTTP/1.1" status: 200 len: 1013 time: 0.0195167
2026-07-15 00:16:12.523 10 INFO neutron.wsgi [None req-9e2787eb-c0d8-4c1e-9dd6-dffffff3a855 3b1bdf282a4e4003b784206a585d32a4 203a32b47b7d482485602fec8c509c45 - - default default] 10.0.0.217 "GET /v2.0/trunks/b6e2f916-f811-4362-8593-e0083cf1f1d3 HTTP/1.1" status: 200 len: 608 time: 0.0204670
2026-07-15 00:16:12.631 10 INFO neutron.wsgi [None req-9866e71b-99fa-4773-aa43-8e8edee177a3 3b1bdf282a4e4003b784206a585d32a4 203a32b47b7d482485602fec8c509c45 - - default default] 10.0.0.217 "GET /v2.0/ports/0d0fa5fc-38be-487a-b688-4ddaffcdf8c2 HTTP/1.1" status: 200 len: 1020 time: 0.1028175
2026-07-15 00:16:12.749 10 INFO neutron.wsgi [None req-b5a3b029-7175-47f3-949c-e347ae78bd6e 3b1bdf282a4e4003b784206a585d32a4 203a32b47b7d482485602fec8c509c45 - - default default] 10.0.0.217 "DELETE /v2.0/trunks/b6e2f916-f811-4362-8593-e0083cf1f1d3 HTTP/1.1" status: 204 len: 168 time: 0.1115487
2026-07-15 00:16:12.777 10 INFO neutron.wsgi [None req-3fccdd5b-2534-47cc-8e20-5fbbd5d3a822 3b1bdf282a4e4003b784206a585d32a4 203a32b47b7d482485602fec8c509c45 - - default default] 10.0.0.217 "GET /v2.0/trunks/571577a2-a4ad-4931-a8c7-411984e5337b HTTP/1.1" status: 200 len: 616 time: 0.0219316
2026-07-15 00:16:12.915 9 INFO neutron.wsgi [None req-8b2b5f12-74ad-43d7-ada9-669a3609aaf1 3b1bdf282a4e4003b784206a585d32a4 203a32b47b7d482485602fec8c509c45 - - default default] 10.0.0.217 "GET /v2.0/ports/787cdcdc-02ba-42be-b8e6-b21af8d7ab93 HTTP/1.1" status: 200 len: 1020 time: 0.1309905
2026-07-15 00:16:13.014 9 INFO neutron.wsgi [None req-19762aa4-fe32-4d05-9b1f-b65b6b1b66b9 3b1bdf282a4e4003b784206a585d32a4 203a32b47b7d482485602fec8c509c45 - - default default] 10.0.0.217 "DELETE /v2.0/trunks/571577a2-a4ad-4931-a8c7-411984e5337b HTTP/1.1" status: 204 len: 168 time: 0.0923629
2026-07-15 00:16:13.036 9 INFO neutron.wsgi [None req-a4ccff6d-c9bf-40dc-a5b3-d836eeba4d1a 3b1bdf282a4e4003b784206a585d32a4 203a32b47b7d482485602fec8c509c45 - - default default] 10.0.0.217 "GET /v2.0/trunks/a782c9a4-ffef-449d-8af0-e1457ecb6381 HTTP/1.1" status: 200 len: 625 time: 0.0177372
2026-07-15 00:16:13.137 9 INFO neutron.wsgi [None req-bd2454ce-711b-4b17-baf9-04aa792d8782 3b1bdf282a4e4003b784206a585d32a4 203a32b47b7d482485602fec8c509c45 - - default default] 10.0.0.217 "GET /v2.0/ports/ead344be-c300-4bfa-a047-de6c027e993b HTTP/1.1" status: 200 len: 1020 time: 0.0953653
2026-07-15 00:16:13.245 9 INFO neutron.wsgi [None req-aa50de4d-fa02-4f69-b17a-177f1dd9aae7 3b1bdf282a4e4003b784206a585d32a4 203a32b47b7d482485602fec8c509c45 - - default default] 10.0.0.217 "DELETE /v2.0/trunks/a782c9a4-ffef-449d-8af0-e1457ecb6381 HTTP/1.1" status: 204 len: 168 time: 0.1023417
2026-07-15 00:16:13.269 9 INFO neutron.wsgi [None req-cff8c35c-22da-4371-af6e-b65a26bd5757 3b1bdf282a4e4003b784206a585d32a4 203a32b47b7d482485602fec8c509c45 - - default default] 10.0.0.217 "GET /v2.0/trunks/63d1c43b-d2ea-409e-8740-b12483f656f4 HTTP/1.1" status: 200 len: 610 time: 0.0195162
2026-07-15 00:16:13.368 9 INFO neutron.wsgi [None req-83fbf230-e53e-4183-9ce2-4973840816fb 3b1bdf282a4e4003b784206a585d32a4 203a32b47b7d482485602fec8c509c45 - - default default] 10.0.0.217 "GET /v2.0/ports/c0b7e1bc-6b3d-4444-9446-c40520cd8bdd HTTP/1.1" status: 200 len: 1020 time: 0.0939455
2026-07-15 00:16:13.483 9 INFO neutron.wsgi [None req-2258f2da-80e0-4f2e-920c-78df9aa36937 3b1bdf282a4e4003b784206a585d32a4 203a32b47b7d482485602fec8c509c45 - - default default] 10.0.0.217 "DELETE /v2.0/trunks/63d1c43b-d2ea-409e-8740-b12483f656f4 HTTP/1.1" status: 204 len: 168 time: 0.1099181
2026-07-15 00:16:13.507 9 INFO neutron.wsgi [None req-e64e55f3-ab5a-44ce-995a-7a5ef12b064e 3b1bdf282a4e4003b784206a585d32a4 203a32b47b7d482485602fec8c509c45 - - default default] 10.0.0.217 "GET /v2.0/trunks/77ad5bd7-d437-48e9-a618-d6da2cc7bd0d HTTP/1.1" status: 200 len: 603 time: 0.0200956
2026-07-15 00:16:13.606 9 INFO neutron.wsgi [None req-228b77f5-58f2-4db4-8adc-3fb092a6ac23 3b1bdf282a4e4003b784206a585d32a4 203a32b47b7d482485602fec8c509c45 - - default default] 10.0.0.217 "GET /v2.0/ports/8e47ceca-3634-41a7-b98c-5b990f892d99 HTTP/1.1" status: 200 len: 1020 time: 0.0947897
2026-07-15 00:16:13.708 9 INFO neutron.wsgi [None req-7e458418-58e8-48b0-b8e9-98d807bddd70 3b1bdf282a4e4003b784206a585d32a4 203a32b47b7d482485602fec8c509c45 - - default default] 10.0.0.217 "DELETE /v2.0/trunks/77ad5bd7-d437-48e9-a618-d6da2cc7bd0d HTTP/1.1" status: 204 len: 168 time: 0.0977478
2026-07-15 00:16:14.232 9 INFO neutron.wsgi [None req-4764b5b1-dc55-4ebb-b537-062885b1d027 3b1bdf282a4e4003b784206a585d32a4 203a32b47b7d482485602fec8c509c45 - - default default] 10.0.0.217 "DELETE /v2.0/ports/0d0fa5fc-38be-487a-b688-4ddaffcdf8c2 HTTP/1.1" status: 204 len: 168 time: 0.5167120
2026-07-15 00:16:14.502 9 INFO neutron.wsgi [-] 10.0.0.102 "GET / HTTP/1.1" status: 200 len: 246 time: 0.0013669
2026-07-15 00:16:14.502 10 INFO neutron.wsgi [-] 10.0.0.102 "GET / HTTP/1.1" status: 200 len: 246 time: 0.0024414
2026-07-15 00:16:14.535 9 INFO neutron.wsgi [None req-08a01733-229e-4862-9e47-3077588741ac 3b1bdf282a4e4003b784206a585d32a4 203a32b47b7d482485602fec8c509c45 - - default default] 10.0.0.217 "DELETE /v2.0/ports/787cdcdc-02ba-42be-b8e6-b21af8d7ab93 HTTP/1.1" status: 204 len: 168 time: 0.2976954
2026-07-15 00:16:14.739 10 INFO neutron.db.ovn_revision_numbers_db [None req-b47ff758-572f-46f6-8a50-4306d1d5b1dd 851b7c2d5e414e4295867e176e51c3f5 d37282b52f0c42eeb9a5de6b4a37b929 - - default default] Successfully bumped revision number for resource 3add25fe-7267-4630-90c4-7408db22854f (type: security_groups) to 1
2026-07-15 00:16:14.765 10 INFO neutron.db.ovn_revision_numbers_db [None req-b47ff758-572f-46f6-8a50-4306d1d5b1dd 851b7c2d5e414e4295867e176e51c3f5 d37282b52f0c42eeb9a5de6b4a37b929 - - default default] Successfully bumped revision number for resource 09dd96cd-1f21-462c-8c60-55d00f61c4d6 (type: security_group_rules) to 0
2026-07-15 00:16:14.787 10 INFO neutron.db.ovn_revision_numbers_db [None req-b47ff758-572f-46f6-8a50-4306d1d5b1dd 851b7c2d5e414e4295867e176e51c3f5 d37282b52f0c42eeb9a5de6b4a37b929 - - default default] Successfully bumped revision number for resource 0bec5f5a-bf35-4c9d-a457-3cb8ea88cde4 (type: security_group_rules) to 0
2026-07-15 00:16:14.814 10 INFO neutron.db.ovn_revision_numbers_db [None req-b47ff758-572f-46f6-8a50-4306d1d5b1dd 851b7c2d5e414e4295867e176e51c3f5 d37282b52f0c42eeb9a5de6b4a37b929 - - default default] Successfully bumped revision number for resource 5738616d-73af-4c19-873b-905fb1a4a7f0 (type: security_group_rules) to 0
2026-07-15 00:16:14.827 10 INFO neutron.db.ovn_revision_numbers_db [None req-b47ff758-572f-46f6-8a50-4306d1d5b1dd 851b7c2d5e414e4295867e176e51c3f5 d37282b52f0c42eeb9a5de6b4a37b929 - - default default] Successfully bumped revision number for resource c5b6953e-0173-48e8-8181-ebfb3a5c2f87 (type: security_group_rules) to 0
2026-07-15 00:16:14.849 10 INFO neutron.wsgi [None req-b47ff758-572f-46f6-8a50-4306d1d5b1dd 851b7c2d5e414e4295867e176e51c3f5 d37282b52f0c42eeb9a5de6b4a37b929 - - default default] 10.0.0.217 "GET /v2.0/security-groups?tenant_id=9edebd1527db4e029c85b00fdf2dddc5&name=default HTTP/1.1" status: 200 len: 3120 time: 0.4502931
2026-07-15 00:16:14.886 10 INFO neutron.wsgi [None req-65d622a7-325b-4f47-9b97-0c4d649274f1 3b1bdf282a4e4003b784206a585d32a4 203a32b47b7d482485602fec8c509c45 - - default default] 10.0.0.217 "DELETE /v2.0/ports/ead344be-c300-4bfa-a047-de6c027e993b HTTP/1.1" status: 204 len: 168 time: 0.3471930
2026-07-15 00:16:15.105 9 INFO neutron.wsgi [None req-11834270-f8a7-4556-bb95-82bf91eacf3c 851b7c2d5e414e4295867e176e51c3f5 d37282b52f0c42eeb9a5de6b4a37b929 - - default default] 10.0.0.217 "DELETE /v2.0/security-groups/3add25fe-7267-4630-90c4-7408db22854f HTTP/1.1" status: 204 len: 168 time: 0.2504859
2026-07-15 00:16:15.194 10 INFO neutron.wsgi [None req-a106f08f-b629-46fa-82d5-50ebbecfc30b 3b1bdf282a4e4003b784206a585d32a4 203a32b47b7d482485602fec8c509c45 - - default default] 10.0.0.217 "DELETE /v2.0/ports/c0b7e1bc-6b3d-4444-9446-c40520cd8bdd HTTP/1.1" status: 204 len: 168 time: 0.3027918
2026-07-15 00:16:15.448 10 INFO neutron.wsgi [None req-7e72c6bd-1254-404d-805f-1655bf90d1ac 3b1bdf282a4e4003b784206a585d32a4 203a32b47b7d482485602fec8c509c45 - - default default] 10.0.0.217 "DELETE /v2.0/ports/8e47ceca-3634-41a7-b98c-5b990f892d99 HTTP/1.1" status: 204 len: 168 time: 0.2498000
2026-07-15 00:16:16.154 10 INFO neutron.services.segments.plugin [-] Segment 70caf046-6dd0-407c-a6c7-11093cdba530 resource provider aggregate not found
2026-07-15 00:16:16.160 10 INFO neutron.services.segments.plugin [-] Segment 70caf046-6dd0-407c-a6c7-11093cdba530 resource provider aggregate not found
2026-07-15 00:16:16.175 10 INFO neutron.services.segments.plugin [-] Segment 70caf046-6dd0-407c-a6c7-11093cdba530 resource provider not found; error: Placement Client Error (4xx): {"errors": [{"status": 404, "title": "Not Found", "detail": "The resource could not be found.\n\n No resource provider with uuid 70caf046-6dd0-407c-a6c7-11093cdba530 found for delete ", "request_id": "req-b34693d1-aa72-44f6-9667-4e1770365e18"}]}
2026-07-15 00:16:16.176 10 INFO neutron.services.segments.plugin [-] Segment 70caf046-6dd0-407c-a6c7-11093cdba530 resource provider not found; error: Placement Client Error (4xx): {"errors": [{"status": 404, "title": "Not Found", "detail": "The resource could not be found.\n\n No resource provider with uuid 70caf046-6dd0-407c-a6c7-11093cdba530 found for delete ", "request_id": "req-2174e2c3-5b89-41ee-b66c-95f8e1a8af21"}]}
2026-07-15 00:16:16.185 10 INFO neutron.wsgi [None req-f38cf5e4-ded1-4c8c-9ec8-339d9cd9d5ff 3b1bdf282a4e4003b784206a585d32a4 203a32b47b7d482485602fec8c509c45 - - default default] 10.0.0.217 "DELETE /v2.0/networks/18e1dcc8-eb98-4d95-9727-77a41a957cf9 HTTP/1.1" status: 204 len: 168 time: 0.7318454
2026-07-15 00:16:16.589 9 INFO neutron.services.segments.plugin [-] Segment fd4390c4-e51d-4641-bf3d-048a2d6545d4 resource provider aggregate not found
2026-07-15 00:16:16.594 9 INFO neutron.services.segments.plugin [-] Segment fd4390c4-e51d-4641-bf3d-048a2d6545d4 resource provider aggregate not found
2026-07-15 00:16:16.604 9 INFO neutron.services.segments.plugin [-] Segment fd4390c4-e51d-4641-bf3d-048a2d6545d4 resource provider not found; error: Placement Client Error (4xx): {"errors": [{"status": 404, "title": "Not Found", "detail": "The resource could not be found.\n\n No resource provider with uuid fd4390c4-e51d-4641-bf3d-048a2d6545d4 found for delete ", "request_id": "req-f18cc63b-cb12-43e9-8237-25475df95cea"}]}
2026-07-15 00:16:16.625 9 INFO neutron.wsgi [None req-c4c004de-fdfc-4df2-9a93-86e45ab22a38 3b1bdf282a4e4003b784206a585d32a4 203a32b47b7d482485602fec8c509c45 - - default default] 10.0.0.217 "DELETE /v2.0/networks/1a9516c8-6679-4347-900a-80e8808b590b HTTP/1.1" status: 204 len: 168 time: 0.4349015
2026-07-15 00:16:16.626 9 INFO neutron.services.segments.plugin [-] Segment fd4390c4-e51d-4641-bf3d-048a2d6545d4 resource provider not found; error: Placement Client Error (4xx): {"errors": [{"status": 404, "title": "Not Found", "detail": "The resource could not be found.\n\n No resource provider with uuid fd4390c4-e51d-4641-bf3d-048a2d6545d4 found for delete ", "request_id": "req-a69e9e2a-e30b-4bbb-a2d2-1673bbf4163d"}]}
2026-07-15 00:16:17.103 10 INFO neutron.wsgi [None req-9386e236-99e4-491b-a228-fb00b40c3381 3b1bdf282a4e4003b784206a585d32a4 203a32b47b7d482485602fec8c509c45 - - default default] 10.0.0.217 "DELETE /v2.0/networks/7a731e70-5eca-45fb-b44f-3d611f2e0d70 HTTP/1.1" status: 204 len: 168 time: 0.4696074
2026-07-15 00:16:17.550 9 INFO neutron.wsgi [None req-c8f73fc7-8139-4d2b-ac0b-0cc3bb8e0342 3b1bdf282a4e4003b784206a585d32a4 203a32b47b7d482485602fec8c509c45 - - default default] 10.0.0.217 "DELETE /v2.0/networks/b8a8f316-2d47-4ccc-baf6-88d718af9581 HTTP/1.1" status: 204 len: 168 time: 0.4409959
2026-07-15 00:16:17.697 9 INFO neutron.db.ovn_revision_numbers_db [None req-fcaa6f33-0730-42de-83c6-83821ef4bd76 851b7c2d5e414e4295867e176e51c3f5 d37282b52f0c42eeb9a5de6b4a37b929 - - default default] Successfully bumped revision number for resource 374e3a78-e27a-405d-88c6-7cf2e810e882 (type: security_groups) to 1
2026-07-15 00:16:17.715 9 INFO neutron.db.ovn_revision_numbers_db [None req-fcaa6f33-0730-42de-83c6-83821ef4bd76 851b7c2d5e414e4295867e176e51c3f5 d37282b52f0c42eeb9a5de6b4a37b929 - - default default] Successfully bumped revision number for resource 3b0dbced-d2ed-40f9-8f56-527e2da66105 (type: security_group_rules) to 0
2026-07-15 00:16:17.733 9 INFO neutron.db.ovn_revision_numbers_db [None req-fcaa6f33-0730-42de-83c6-83821ef4bd76 851b7c2d5e414e4295867e176e51c3f5 d37282b52f0c42eeb9a5de6b4a37b929 - - default default] Successfully bumped revision number for resource 4a3274dd-3e0e-4c44-93ea-4275628b09fa (type: security_group_rules) to 0
2026-07-15 00:16:17.754 9 INFO neutron.db.ovn_revision_numbers_db [None req-fcaa6f33-0730-42de-83c6-83821ef4bd76 851b7c2d5e414e4295867e176e51c3f5 d37282b52f0c42eeb9a5de6b4a37b929 - - default default] Successfully bumped revision number for resource cee5bd8e-392a-4fa5-a40a-0f46720ab528 (type: security_group_rules) to 0
2026-07-15 00:16:17.772 9 INFO neutron.db.ovn_revision_numbers_db [None req-fcaa6f33-0730-42de-83c6-83821ef4bd76 851b7c2d5e414e4295867e176e51c3f5 d37282b52f0c42eeb9a5de6b4a37b929 - - default default] Successfully bumped revision number for resource d7b82d83-b88e-4109-a643-c385d3233f25 (type: security_group_rules) to 0
2026-07-15 00:16:17.799 9 INFO neutron.wsgi [None req-fcaa6f33-0730-42de-83c6-83821ef4bd76 851b7c2d5e414e4295867e176e51c3f5 d37282b52f0c42eeb9a5de6b4a37b929 - - default default] 10.0.0.217 "GET /v2.0/security-groups?tenant_id=afcb45796b56454790d7aa92fec8472d&name=default HTTP/1.1" status: 200 len: 3120 time: 0.4207346
2026-07-15 00:16:18.047 10 INFO neutron.wsgi [None req-8e718b6d-934b-46c8-91bc-cc0855a247dd 3b1bdf282a4e4003b784206a585d32a4 203a32b47b7d482485602fec8c509c45 - - default default] 10.0.0.217 "DELETE /v2.0/networks/c8add4d5-344e-4b26-a7ee-6fa90d87ad48 HTTP/1.1" status: 204 len: 168 time: 0.4922853
2026-07-15 00:16:18.114 10 INFO neutron.wsgi [None req-90636195-8d5f-4af4-bcc5-076896440d16 851b7c2d5e414e4295867e176e51c3f5 d37282b52f0c42eeb9a5de6b4a37b929 - - default default] 10.0.0.217 "DELETE /v2.0/security-groups/374e3a78-e27a-405d-88c6-7cf2e810e882 HTTP/1.1" status: 204 len: 168 time: 0.3094358
2026-07-15 00:16:18.196 10 INFO neutron.services.segments.plugin [-] Segment 02bd46d1-4547-47eb-b677-fde43f85dc29 resource provider aggregate not found
2026-07-15 00:16:18.200 10 INFO neutron.services.segments.plugin [-] Segment 02bd46d1-4547-47eb-b677-fde43f85dc29 resource provider aggregate not found
2026-07-15 00:16:18.214 10 INFO neutron.services.segments.plugin [-] Segment 02bd46d1-4547-47eb-b677-fde43f85dc29 resource provider not found; error: Placement Client Error (4xx): {"errors": [{"status": 404, "title": "Not Found", "detail": "The resource could not be found.\n\n No resource provider with uuid 02bd46d1-4547-47eb-b677-fde43f85dc29 found for delete ", "request_id": "req-62471df5-de05-422c-8ce9-3a86c4810e00"}]}
2026-07-15 00:16:18.218 10 INFO neutron.services.segments.plugin [-] Segment 02bd46d1-4547-47eb-b677-fde43f85dc29 resource provider not found; error: Placement Client Error (4xx): {"errors": [{"status": 404, "title": "Not Found", "detail": "The resource could not be found.\n\n No resource provider with uuid 02bd46d1-4547-47eb-b677-fde43f85dc29 found for delete ", "request_id": "req-fbb5684c-8504-4f71-a03a-c8fcda292945"}]}
2026-07-15 00:16:18.226 10 INFO neutron.services.segments.plugin [-] Segment 0cb71283-4950-46ad-9dd7-8ef09e744787 resource provider aggregate not found
2026-07-15 00:16:18.235 10 INFO neutron.services.segments.plugin [-] Segment 0cb71283-4950-46ad-9dd7-8ef09e744787 resource provider aggregate not found
2026-07-15 00:16:18.241 10 INFO neutron.services.segments.plugin [-] Segment 0cb71283-4950-46ad-9dd7-8ef09e744787 resource provider not found; error: Placement Client Error (4xx): {"errors": [{"status": 404, "title": "Not Found", "detail": "The resource could not be found.\n\n No resource provider with uuid 0cb71283-4950-46ad-9dd7-8ef09e744787 found for delete ", "request_id": "req-02e64720-b648-4a08-a4d9-f960e7e92ebc"}]}
2026-07-15 00:16:18.251 10 INFO neutron.services.segments.plugin [-] Segment 0cb71283-4950-46ad-9dd7-8ef09e744787 resource provider not found; error: Placement Client Error (4xx): {"errors": [{"status": 404, "title": "Not Found", "detail": "The resource could not be found.\n\n No resource provider with uuid 0cb71283-4950-46ad-9dd7-8ef09e744787 found for delete ", "request_id": "req-8d53c581-7c53-4fb3-b493-c1c32afd5c2f"}]}
2026-07-15 00:16:18.634 9 INFO neutron.services.segments.plugin [-] Segment 974a7707-91c2-4c9d-b3c3-8cd45fc011e9 resource provider aggregate not found
2026-07-15 00:16:18.645 9 INFO neutron.services.segments.plugin [-] Segment 974a7707-91c2-4c9d-b3c3-8cd45fc011e9 resource provider aggregate not found
2026-07-15 00:16:18.659 9 INFO neutron.services.segments.plugin [-] Segment 974a7707-91c2-4c9d-b3c3-8cd45fc011e9 resource provider not found; error: Placement Client Error (4xx): {"errors": [{"status": 404, "title": "Not Found", "detail": "The resource could not be found.\n\n No resource provider with uuid 974a7707-91c2-4c9d-b3c3-8cd45fc011e9 found for delete ", "request_id": "req-2e83f680-51fe-480b-8a0e-707e78453a3b"}]}
2026-07-15 00:16:18.660 9 INFO neutron.services.segments.plugin [-] Segment 974a7707-91c2-4c9d-b3c3-8cd45fc011e9 resource provider not found; error: Placement Client Error (4xx): {"errors": [{"status": 404, "title": "Not Found", "detail": "The resource could not be found.\n\n No resource provider with uuid 974a7707-91c2-4c9d-b3c3-8cd45fc011e9 found for delete ", "request_id": "req-59661b5b-9558-45d0-b226-5b49ad53c7a5"}]}
2026-07-15 00:16:19.086 9 INFO neutron.db.ovn_revision_numbers_db [None req-a1dad6f1-f26d-44e0-a545-f1b78c6b8890 851b7c2d5e414e4295867e176e51c3f5 d37282b52f0c42eeb9a5de6b4a37b929 - - default default] Successfully bumped revision number for resource bdcbf634-86bc-4ccb-869a-5ecea9541978 (type: security_groups) to 1
2026-07-15 00:16:19.100 9 INFO neutron.db.ovn_revision_numbers_db [None req-a1dad6f1-f26d-44e0-a545-f1b78c6b8890 851b7c2d5e414e4295867e176e51c3f5 d37282b52f0c42eeb9a5de6b4a37b929 - - default default] Successfully bumped revision number for resource 22a7fb79-8d64-484f-a267-9398cd55545e (type: security_group_rules) to 0
2026-07-15 00:16:19.116 9 INFO neutron.db.ovn_revision_numbers_db [None req-a1dad6f1-f26d-44e0-a545-f1b78c6b8890 851b7c2d5e414e4295867e176e51c3f5 d37282b52f0c42eeb9a5de6b4a37b929 - - default default] Successfully bumped revision number for resource 2834df4c-6423-49a6-9048-3bce6b1735ea (type: security_group_rules) to 0
2026-07-15 00:16:19.132 9 INFO neutron.db.ovn_revision_numbers_db [None req-a1dad6f1-f26d-44e0-a545-f1b78c6b8890 851b7c2d5e414e4295867e176e51c3f5 d37282b52f0c42eeb9a5de6b4a37b929 - - default default] Successfully bumped revision number for resource 44f0f75b-2b5e-49f0-92c9-36af03ab9f17 (type: security_group_rules) to 0
2026-07-15 00:16:19.149 9 INFO neutron.db.ovn_revision_numbers_db [None req-a1dad6f1-f26d-44e0-a545-f1b78c6b8890 851b7c2d5e414e4295867e176e51c3f5 d37282b52f0c42eeb9a5de6b4a37b929 - - default default] Successfully bumped revision number for resource d33ee7fa-8cdc-44ff-9eb1-ce061d180c88 (type: security_group_rules) to 0
2026-07-15 00:16:19.175 9 INFO neutron.wsgi [None req-a1dad6f1-f26d-44e0-a545-f1b78c6b8890 851b7c2d5e414e4295867e176e51c3f5 d37282b52f0c42eeb9a5de6b4a37b929 - - default default] 10.0.0.217 "GET /v2.0/security-groups?tenant_id=51370f76498747eda3d3824ad31fb22c&name=default HTTP/1.1" status: 200 len: 3120 time: 0.3381906
2026-07-15 00:16:19.437 10 INFO neutron.wsgi [None req-b3baac93-f111-4db5-8001-af57ccae3867 851b7c2d5e414e4295867e176e51c3f5 d37282b52f0c42eeb9a5de6b4a37b929 - - default default] 10.0.0.217 "DELETE /v2.0/security-groups/bdcbf634-86bc-4ccb-869a-5ecea9541978 HTTP/1.1" status: 204 len: 168 time: 0.2554138
2026-07-15 00:16:19.701 10 INFO neutron.db.ovn_revision_numbers_db [None req-63e65c8e-28ff-4f55-a021-131651f0d7c4 851b7c2d5e414e4295867e176e51c3f5 d37282b52f0c42eeb9a5de6b4a37b929 - - default default] Successfully bumped revision number for resource be6c7433-6370-431b-866f-3ee3835d0e10 (type: security_groups) to 1
2026-07-15 00:16:19.716 10 INFO neutron.db.ovn_revision_numbers_db [None req-63e65c8e-28ff-4f55-a021-131651f0d7c4 851b7c2d5e414e4295867e176e51c3f5 d37282b52f0c42eeb9a5de6b4a37b929 - - default default] Successfully bumped revision number for resource 09453206-b973-4077-8c20-eea761f3f86d (type: security_group_rules) to 0
2026-07-15 00:16:19.733 10 INFO neutron.db.ovn_revision_numbers_db [None req-63e65c8e-28ff-4f55-a021-131651f0d7c4 851b7c2d5e414e4295867e176e51c3f5 d37282b52f0c42eeb9a5de6b4a37b929 - - default default] Successfully bumped revision number for resource 1292faab-2ad0-4a52-8581-d4ab1fccc608 (type: security_group_rules) to 0
2026-07-15 00:16:19.752 10 INFO neutron.db.ovn_revision_numbers_db [None req-63e65c8e-28ff-4f55-a021-131651f0d7c4 851b7c2d5e414e4295867e176e51c3f5 d37282b52f0c42eeb9a5de6b4a37b929 - - default default] Successfully bumped revision number for resource 4a9d66d7-2f90-4b16-978a-fdf58a21ee38 (type: security_group_rules) to 0
2026-07-15 00:16:19.770 10 INFO neutron.db.ovn_revision_numbers_db [None req-63e65c8e-28ff-4f55-a021-131651f0d7c4 851b7c2d5e414e4295867e176e51c3f5 d37282b52f0c42eeb9a5de6b4a37b929 - - default default] Successfully bumped revision number for resource 4ae0b42b-420a-4c69-bc08-09cd5fa77fe1 (type: security_group_rules) to 0
2026-07-15 00:16:19.804 10 INFO neutron.wsgi [None req-63e65c8e-28ff-4f55-a021-131651f0d7c4 851b7c2d5e414e4295867e176e51c3f5 d37282b52f0c42eeb9a5de6b4a37b929 - - default default] 10.0.0.217 "GET /v2.0/security-groups?tenant_id=823e2d9da5f246dab78362d9799e4ab5&name=default HTTP/1.1" status: 200 len: 3120 time: 0.2602611
2026-07-15 00:16:20.050 9 INFO neutron.wsgi [None req-0e9835ff-bc98-41c4-af27-4ae57b091bdb 851b7c2d5e414e4295867e176e51c3f5 d37282b52f0c42eeb9a5de6b4a37b929 - - default default] 10.0.0.217 "DELETE /v2.0/security-groups/be6c7433-6370-431b-866f-3ee3835d0e10 HTTP/1.1" status: 204 len: 168 time: 0.2375393
2026-07-15 00:16:20.195 9 INFO neutron.wsgi [None req-598eb6d8-07bf-4572-b40d-fa9a85efbcab 851b7c2d5e414e4295867e176e51c3f5 d37282b52f0c42eeb9a5de6b4a37b929 - - default default] 10.0.0.217 "GET /v2.0/security-groups?tenant_id=203a32b47b7d482485602fec8c509c45&name=default HTTP/1.1" status: 200 len: 3120 time: 0.0491977
2026-07-15 00:16:20.347 10 INFO neutron.db.ovn_revision_numbers_db [None req-9448015a-0e64-424a-8a69-9159f64822f8 851b7c2d5e414e4295867e176e51c3f5 d37282b52f0c42eeb9a5de6b4a37b929 - - default default] Successfully bumped revision number for resource d3afabfe-4ba9-4568-b97f-26355fcb53ed (type: security_groups) to 1
2026-07-15 00:16:20.361 10 INFO neutron.db.ovn_revision_numbers_db [None req-9448015a-0e64-424a-8a69-9159f64822f8 851b7c2d5e414e4295867e176e51c3f5 d37282b52f0c42eeb9a5de6b4a37b929 - - default default] Successfully bumped revision number for resource 0d511868-7e64-4b8b-b17b-21c1e49405bf (type: security_group_rules) to 0
2026-07-15 00:16:20.377 10 INFO neutron.db.ovn_revision_numbers_db [None req-9448015a-0e64-424a-8a69-9159f64822f8 851b7c2d5e414e4295867e176e51c3f5 d37282b52f0c42eeb9a5de6b4a37b929 - - default default] Successfully bumped revision number for resource 304bf6dd-ca1f-429a-a337-30316546d1a5 (type: security_group_rules) to 0
2026-07-15 00:16:20.392 10 INFO neutron.db.ovn_revision_numbers_db [None req-9448015a-0e64-424a-8a69-9159f64822f8 851b7c2d5e414e4295867e176e51c3f5 d37282b52f0c42eeb9a5de6b4a37b929 - - default default] Successfully bumped revision number for resource 89ab34b1-2ec9-485a-ae4f-5f4e0b9792ea (type: security_group_rules) to 0
2026-07-15 00:16:20.405 10 INFO neutron.db.ovn_revision_numbers_db [None req-9448015a-0e64-424a-8a69-9159f64822f8 851b7c2d5e414e4295867e176e51c3f5 d37282b52f0c42eeb9a5de6b4a37b929 - - default default] Successfully bumped revision number for resource aa48a7ac-0769-4064-8792-409bc215bf79 (type: security_group_rules) to 0
2026-07-15 00:16:20.431 9 INFO neutron.wsgi [None req-fd71f39b-8a69-406a-a615-8b6971b167ab 851b7c2d5e414e4295867e176e51c3f5 d37282b52f0c42eeb9a5de6b4a37b929 - - default default] 10.0.0.217 "DELETE /v2.0/security-groups/07ba58c4-abcd-4449-b555-47eaf3d7fef5 HTTP/1.1" status: 204 len: 168 time: 0.2323000
2026-07-15 00:16:20.459 10 INFO neutron.db.segments_db [None req-9448015a-0e64-424a-8a69-9159f64822f8 851b7c2d5e414e4295867e176e51c3f5 d37282b52f0c42eeb9a5de6b4a37b929 - - default default] Added segment 6dd026d8-2f0f-435c-b742-701bf37de594 of type geneve for network 53dc4de0-4117-462b-8fec-bc758df6be77
2026-07-15 00:16:20.613 10 INFO neutron.db.ovn_revision_numbers_db [None req-9448015a-0e64-424a-8a69-9159f64822f8 851b7c2d5e414e4295867e176e51c3f5 d37282b52f0c42eeb9a5de6b4a37b929 - - default default] Successfully bumped revision number for resource 53dc4de0-4117-462b-8fec-bc758df6be77 (type: networks) to 1
2026-07-15 00:16:20.816 10 WARNING neutron.scheduler.dhcp_agent_scheduler [None req-9448015a-0e64-424a-8a69-9159f64822f8 851b7c2d5e414e4295867e176e51c3f5 d37282b52f0c42eeb9a5de6b4a37b929 - - default default] No more DHCP agents
2026-07-15 00:16:20.818 10 WARNING neutron.api.rpc.agentnotifiers.dhcp_rpc_agent_api [None req-9448015a-0e64-424a-8a69-9159f64822f8 851b7c2d5e414e4295867e176e51c3f5 d37282b52f0c42eeb9a5de6b4a37b929 - - default default] Unable to schedule network 53dc4de0-4117-462b-8fec-bc758df6be77: no agents available; will retry on subsequent port and subnet creation events.
2026-07-15 00:16:20.917 10 INFO neutron.db.ovn_revision_numbers_db [None req-9448015a-0e64-424a-8a69-9159f64822f8 851b7c2d5e414e4295867e176e51c3f5 d37282b52f0c42eeb9a5de6b4a37b929 - - default default] Successfully bumped revision number for resource 2cb1c58b-2a3b-4a45-83f1-9800b78eb2b4 (type: ports) to 1
2026-07-15 00:16:20.946 10 INFO neutron.wsgi [None req-9448015a-0e64-424a-8a69-9159f64822f8 851b7c2d5e414e4295867e176e51c3f5 d37282b52f0c42eeb9a5de6b4a37b929 - - default default] 10.0.0.217 "POST /v2.0/networks HTTP/1.1" status: 201 len: 943 time: 0.9575505
2026-07-15 00:16:21.123 10 WARNING neutron.scheduler.dhcp_agent_scheduler [None req-ba0066c2-75a7-4ec4-a878-308c709269ed 851b7c2d5e414e4295867e176e51c3f5 d37282b52f0c42eeb9a5de6b4a37b929 - - default default] No more DHCP agents
2026-07-15 00:16:21.128 10 WARNING neutron.api.rpc.agentnotifiers.dhcp_rpc_agent_api [None req-ba0066c2-75a7-4ec4-a878-308c709269ed 851b7c2d5e414e4295867e176e51c3f5 d37282b52f0c42eeb9a5de6b4a37b929 - - default default] Unable to schedule network 53dc4de0-4117-462b-8fec-bc758df6be77: no agents available; will retry on subsequent port and subnet creation events.
2026-07-15 00:16:21.612 10 INFO neutron.db.ovn_revision_numbers_db [None req-ba0066c2-75a7-4ec4-a878-308c709269ed 851b7c2d5e414e4295867e176e51c3f5 d37282b52f0c42eeb9a5de6b4a37b929 - - default default] Successfully bumped revision number for resource 2cb1c58b-2a3b-4a45-83f1-9800b78eb2b4 (type: ports) to 2
