2026-07-15 00:11:29.502 10 INFO neutron.wsgi [-] 10.0.0.102 "GET / HTTP/1.1" status: 200 len: 246 time: 0.0024388
2026-07-15 00:11:29.503 9 INFO neutron.wsgi [-] 10.0.0.102 "GET / HTTP/1.1" status: 200 len: 246 time: 0.0029998
2026-07-15 00:11:44.502 10 INFO neutron.wsgi [-] 10.0.0.102 "GET / HTTP/1.1" status: 200 len: 246 time: 0.0027614
2026-07-15 00:11:44.502 9 INFO neutron.wsgi [-] 10.0.0.102 "GET / HTTP/1.1" status: 200 len: 246 time: 0.0024154
2026-07-15 00:11:58.860 9 INFO neutron.wsgi [None req-ebaed99f-149b-4790-b351-b305a7b2efb7 851b7c2d5e414e4295867e176e51c3f5 d37282b52f0c42eeb9a5de6b4a37b929 - - default default] 10.0.0.110 "GET /v2.0/agents HTTP/1.1" status: 200 len: 1390 time: 0.1917801
2026-07-15 00:11:58.907 9 INFO neutron.wsgi [None req-e8835b1f-be43-4545-9629-ba717d6d051f 851b7c2d5e414e4295867e176e51c3f5 d37282b52f0c42eeb9a5de6b4a37b929 - - default default] 10.0.0.110 "GET /v2.0/security-groups HTTP/1.1" status: 200 len: 17578 time: 0.0463514
2026-07-15 00:11:58.968 9 INFO neutron.wsgi [None req-237469ff-1a71-479c-8197-e4cfbd884eb9 851b7c2d5e414e4295867e176e51c3f5 d37282b52f0c42eeb9a5de6b4a37b929 - - default default] 10.0.0.110 "GET /v2.0/ports HTTP/1.1" status: 200 len: 5351 time: 0.0525625
2026-07-15 00:11:59.010 9 INFO neutron.wsgi [None req-0c04fa71-7684-4952-8156-e042dbdcf118 851b7c2d5e414e4295867e176e51c3f5 d37282b52f0c42eeb9a5de6b4a37b929 - - default default] 10.0.0.110 "GET /v2.0/subnets HTTP/1.1" status: 200 len: 1437 time: 0.0388892
2026-07-15 00:11:59.035 9 INFO neutron.wsgi [None req-8154cc77-b982-4267-8a04-17f435a53089 851b7c2d5e414e4295867e176e51c3f5 d37282b52f0c42eeb9a5de6b4a37b929 - - default default] 10.0.0.110 "GET /v2.0/subnetpools HTTP/1.1" status: 200 len: 193 time: 0.0157526
2026-07-15 00:11:59.066 9 INFO neutron.wsgi [None req-54a75fc1-4f89-40a7-bd33-5ff96812e0df 851b7c2d5e414e4295867e176e51c3f5 d37282b52f0c42eeb9a5de6b4a37b929 - - default default] 10.0.0.110 "GET /v2.0/floatingips HTTP/1.1" status: 200 len: 193 time: 0.0280890
2026-07-15 00:11:59.079 9 INFO neutron.wsgi [None req-a7d473f3-72ae-4270-8e91-f68985294993 851b7c2d5e414e4295867e176e51c3f5 d37282b52f0c42eeb9a5de6b4a37b929 - - default default] 10.0.0.110 "GET /v2.0/network-ip-availabilities HTTP/1.1" status: 200 len: 1280 time: 0.0124147
2026-07-15 00:11:59.120 9 INFO neutron.wsgi [None req-7d4588b8-2879-42a0-b227-7af96023168b 851b7c2d5e414e4295867e176e51c3f5 d37282b52f0c42eeb9a5de6b4a37b929 - - default default] 10.0.0.110 "GET /v2.0/subnets HTTP/1.1" status: 200 len: 1437 time: 0.0397964
2026-07-15 00:11:59.143 9 INFO neutron.wsgi [None req-d4ae12b3-1802-41f3-b4d1-e715d6640539 851b7c2d5e414e4295867e176e51c3f5 d37282b52f0c42eeb9a5de6b4a37b929 - - default default] 10.0.0.110 "GET /v2.0/routers HTTP/1.1" status: 200 len: 189 time: 0.0214891
2026-07-15 00:11:59.160 9 INFO neutron.wsgi [None req-79322d72-d608-468f-aecf-943579af29ed 851b7c2d5e414e4295867e176e51c3f5 d37282b52f0c42eeb9a5de6b4a37b929 - - default default] 10.0.0.110 "GET /v2.0/agents?binary=ovn-controller HTTP/1.1" status: 200 len: 591 time: 0.0171328
2026-07-15 00:11:59.303 9 INFO neutron.wsgi [None req-f5c393b4-3e97-4a40-bceb-2ed8950a3656 851b7c2d5e414e4295867e176e51c3f5 d37282b52f0c42eeb9a5de6b4a37b929 - - default default] 10.0.0.110 "GET /v2.0/networks HTTP/1.1" status: 200 len: 2349 time: 0.1413145
2026-07-15 00:11:59.502 9 INFO neutron.wsgi [-] 10.0.0.102 "GET / HTTP/1.1" status: 200 len: 246 time: 0.0025971
2026-07-15 00:11:59.502 10 INFO neutron.wsgi [-] 10.0.0.102 "GET / HTTP/1.1" status: 200 len: 246 time: 0.0027254
2026-07-15 00:12:02.138 10 INFO neutron.wsgi [None req-d13c41fd-34f3-4569-a3b9-882626418b86 851b7c2d5e414e4295867e176e51c3f5 d37282b52f0c42eeb9a5de6b4a37b929 - - default default] 10.0.0.217 "GET /v2.0/networks HTTP/1.1" status: 200 len: 2368 time: 0.1401405
2026-07-15 00:12:03.286 10 INFO neutron.wsgi [None req-ae68325f-a4f2-4139-8737-ecb06d4db05d 851b7c2d5e414e4295867e176e51c3f5 d37282b52f0c42eeb9a5de6b4a37b929 - - default default] 10.0.0.217 "GET /v2.0/floatingips HTTP/1.1" status: 200 len: 212 time: 0.0327196
2026-07-15 00:12:03.327 10 INFO neutron.wsgi [None req-48e5407c-b279-4607-b80c-5cc804a8703f 851b7c2d5e414e4295867e176e51c3f5 d37282b52f0c42eeb9a5de6b4a37b929 - - default default] 10.0.0.217 "GET /v2.0/routers HTTP/1.1" status: 200 len: 208 time: 0.0366404
2026-07-15 00:12:03.385 10 INFO neutron.wsgi [None req-990c5e4a-6a41-4728-bb2f-36422fe1806d 851b7c2d5e414e4295867e176e51c3f5 d37282b52f0c42eeb9a5de6b4a37b929 - - default default] 10.0.0.217 "GET /v2.0/ports HTTP/1.1" status: 200 len: 5370 time: 0.0512531
2026-07-15 00:12:03.440 10 INFO neutron.wsgi [None req-1c5e67a4-8190-4f9d-93c3-c0401eab0b01 851b7c2d5e414e4295867e176e51c3f5 d37282b52f0c42eeb9a5de6b4a37b929 - - default default] 10.0.0.217 "GET /v2.0/subnets HTTP/1.1" status: 200 len: 1456 time: 0.0500817
2026-07-15 00:12:03.509 10 INFO neutron.wsgi [None req-3837c7b4-576a-45bc-8560-15ec8ab984b1 851b7c2d5e414e4295867e176e51c3f5 d37282b52f0c42eeb9a5de6b4a37b929 - - default default] 10.0.0.217 "GET /v2.0/networks HTTP/1.1" status: 200 len: 2368 time: 0.0633962
2026-07-15 00:12:03.560 10 INFO neutron.wsgi [None req-4ea5532c-a550-4d71-a4c1-9466a655c8e5 851b7c2d5e414e4295867e176e51c3f5 d37282b52f0c42eeb9a5de6b4a37b929 - - default default] 10.0.0.217 "GET /v2.0/security-groups HTTP/1.1" status: 200 len: 17597 time: 0.0461814
2026-07-15 00:12:03.578 10 INFO neutron.wsgi [None req-6c6ba14b-6d16-44aa-9455-9e62f48ef6f8 851b7c2d5e414e4295867e176e51c3f5 d37282b52f0c42eeb9a5de6b4a37b929 - - default default] 10.0.0.217 "GET /v2.0/subnetpools HTTP/1.1" status: 200 len: 212 time: 0.0125351
2026-07-15 00:12:14.503 10 INFO neutron.wsgi [-] 10.0.0.102 "GET / HTTP/1.1" status: 200 len: 246 time: 0.0029714
2026-07-15 00:12:14.505 9 INFO neutron.wsgi [-] 10.0.0.102 "GET / HTTP/1.1" status: 200 len: 246 time: 0.0048921
2026-07-15 00:12:15.037 9 INFO neutron.db.ovn_revision_numbers_db [None req-5671e911-e51a-48b0-9a20-5efa91cd7a2f 851b7c2d5e414e4295867e176e51c3f5 d37282b52f0c42eeb9a5de6b4a37b929 - - default default] Successfully bumped revision number for resource 90365d1b-6888-4b58-add8-9a316035cb91 (type: security_groups) to 1
2026-07-15 00:12:15.060 9 INFO neutron.db.ovn_revision_numbers_db [None req-5671e911-e51a-48b0-9a20-5efa91cd7a2f 851b7c2d5e414e4295867e176e51c3f5 d37282b52f0c42eeb9a5de6b4a37b929 - - default default] Successfully bumped revision number for resource 2990b86d-9b73-4f50-b423-e66c39b9ea17 (type: security_group_rules) to 0
2026-07-15 00:12:15.069 9 INFO neutron.db.ovn_revision_numbers_db [None req-37025a5c-6ea3-4b98-92ac-a6816825b5cf 851b7c2d5e414e4295867e176e51c3f5 d37282b52f0c42eeb9a5de6b4a37b929 - - default default] Successfully bumped revision number for resource ba4b7661-f14b-4135-8230-9babc5a9f6c4 (type: security_groups) to 1
2026-07-15 00:12:15.078 9 INFO neutron.db.ovn_revision_numbers_db [None req-5671e911-e51a-48b0-9a20-5efa91cd7a2f 851b7c2d5e414e4295867e176e51c3f5 d37282b52f0c42eeb9a5de6b4a37b929 - - default default] Successfully bumped revision number for resource 3b1a4710-76f8-4275-bd58-991b0ba6cfa0 (type: security_group_rules) to 0
2026-07-15 00:12:15.084 9 INFO neutron.db.ovn_revision_numbers_db [None req-37025a5c-6ea3-4b98-92ac-a6816825b5cf 851b7c2d5e414e4295867e176e51c3f5 d37282b52f0c42eeb9a5de6b4a37b929 - - default default] Successfully bumped revision number for resource 0a657049-92a7-43c7-846d-b2ed18e123a9 (type: security_group_rules) to 0
2026-07-15 00:12:15.091 9 INFO neutron.db.ovn_revision_numbers_db [None req-5671e911-e51a-48b0-9a20-5efa91cd7a2f 851b7c2d5e414e4295867e176e51c3f5 d37282b52f0c42eeb9a5de6b4a37b929 - - default default] Successfully bumped revision number for resource 59945fe6-d861-42fc-972f-6e713cc63c9f (type: security_group_rules) to 0
2026-07-15 00:12:15.102 9 INFO neutron.db.ovn_revision_numbers_db [None req-37025a5c-6ea3-4b98-92ac-a6816825b5cf 851b7c2d5e414e4295867e176e51c3f5 d37282b52f0c42eeb9a5de6b4a37b929 - - default default] Successfully bumped revision number for resource 62523613-e725-462c-afd0-b11804ebbbe0 (type: security_group_rules) to 0
2026-07-15 00:12:15.108 9 INFO neutron.db.ovn_revision_numbers_db [None req-5671e911-e51a-48b0-9a20-5efa91cd7a2f 851b7c2d5e414e4295867e176e51c3f5 d37282b52f0c42eeb9a5de6b4a37b929 - - default default] Successfully bumped revision number for resource 74a332a4-ff6b-4555-ac52-027cbb001645 (type: security_group_rules) to 0
2026-07-15 00:12:15.119 9 INFO neutron.db.ovn_revision_numbers_db [None req-37025a5c-6ea3-4b98-92ac-a6816825b5cf 851b7c2d5e414e4295867e176e51c3f5 d37282b52f0c42eeb9a5de6b4a37b929 - - default default] Successfully bumped revision number for resource 699829fc-a471-458c-9995-8dd9b5935ac7 (type: security_group_rules) to 0
2026-07-15 00:12:15.120 10 INFO neutron.db.ovn_revision_numbers_db [None req-bb3b357e-bde5-4f86-83dd-83b4dff03d8a 851b7c2d5e414e4295867e176e51c3f5 d37282b52f0c42eeb9a5de6b4a37b929 - - default default] Successfully bumped revision number for resource d30f016a-6c2f-4017-9dcb-7aece1a85028 (type: security_groups) to 1
2026-07-15 00:12:15.138 9 INFO neutron.db.ovn_revision_numbers_db [None req-37025a5c-6ea3-4b98-92ac-a6816825b5cf 851b7c2d5e414e4295867e176e51c3f5 d37282b52f0c42eeb9a5de6b4a37b929 - - default default] Successfully bumped revision number for resource ce201f61-d221-42ba-8dca-68cc444b2c90 (type: security_group_rules) to 0
2026-07-15 00:12:15.137 10 INFO neutron.db.ovn_revision_numbers_db [None req-bb3b357e-bde5-4f86-83dd-83b4dff03d8a 851b7c2d5e414e4295867e176e51c3f5 d37282b52f0c42eeb9a5de6b4a37b929 - - default default] Successfully bumped revision number for resource 025601ac-60cb-4dfd-a122-f380e652ec6d (type: security_group_rules) to 0
2026-07-15 00:12:15.165 10 INFO neutron.db.ovn_revision_numbers_db [None req-bb3b357e-bde5-4f86-83dd-83b4dff03d8a 851b7c2d5e414e4295867e176e51c3f5 d37282b52f0c42eeb9a5de6b4a37b929 - - default default] Successfully bumped revision number for resource 1c53e440-3051-4b36-94b9-34cb4ef47f5b (type: security_group_rules) to 0
2026-07-15 00:12:15.174 9 INFO neutron.db.segments_db [None req-5671e911-e51a-48b0-9a20-5efa91cd7a2f 851b7c2d5e414e4295867e176e51c3f5 d37282b52f0c42eeb9a5de6b4a37b929 - - default default] Added segment 686442c4-0845-41d8-ba90-9666bf0d1cfc of type geneve for network 71d36747-0620-4964-ac11-e4a47efd013f
2026-07-15 00:12:15.179 10 INFO neutron.db.ovn_revision_numbers_db [None req-bb3b357e-bde5-4f86-83dd-83b4dff03d8a 851b7c2d5e414e4295867e176e51c3f5 d37282b52f0c42eeb9a5de6b4a37b929 - - default default] Successfully bumped revision number for resource b6355d56-6e88-4d81-91e2-6b7242005bbb (type: security_group_rules) to 0
2026-07-15 00:12:15.192 9 INFO neutron.db.segments_db [None req-37025a5c-6ea3-4b98-92ac-a6816825b5cf 851b7c2d5e414e4295867e176e51c3f5 d37282b52f0c42eeb9a5de6b4a37b929 - - default default] Added segment 360334b2-6f38-4299-98e5-97dad973a415 of type geneve for network 23fde5f5-2580-4e90-9f3f-dbe8c6335bdc
2026-07-15 00:12:15.196 10 INFO neutron.db.ovn_revision_numbers_db [None req-bb3b357e-bde5-4f86-83dd-83b4dff03d8a 851b7c2d5e414e4295867e176e51c3f5 d37282b52f0c42eeb9a5de6b4a37b929 - - default default] Successfully bumped revision number for resource bd1a2c5e-7831-49f6-bc01-01e949e70e78 (type: security_group_rules) to 0
2026-07-15 00:12:15.246 10 INFO neutron.db.segments_db [None req-bb3b357e-bde5-4f86-83dd-83b4dff03d8a 851b7c2d5e414e4295867e176e51c3f5 d37282b52f0c42eeb9a5de6b4a37b929 - - default default] Added segment e47ce7c7-4435-4791-b9f5-cf243310ce4a of type geneve for network c953201d-77b2-48e8-a5ad-887b1f28b332
2026-07-15 00:12:15.368 9 INFO neutron.db.ovn_revision_numbers_db [None req-5671e911-e51a-48b0-9a20-5efa91cd7a2f 851b7c2d5e414e4295867e176e51c3f5 d37282b52f0c42eeb9a5de6b4a37b929 - - default default] Successfully bumped revision number for resource 71d36747-0620-4964-ac11-e4a47efd013f (type: networks) to 1
2026-07-15 00:12:15.404 10 INFO neutron.db.ovn_revision_numbers_db [None req-bb3b357e-bde5-4f86-83dd-83b4dff03d8a 851b7c2d5e414e4295867e176e51c3f5 d37282b52f0c42eeb9a5de6b4a37b929 - - default default] Successfully bumped revision number for resource c953201d-77b2-48e8-a5ad-887b1f28b332 (type: networks) to 1
2026-07-15 00:12:15.411 9 INFO neutron.db.ovn_revision_numbers_db [None req-37025a5c-6ea3-4b98-92ac-a6816825b5cf 851b7c2d5e414e4295867e176e51c3f5 d37282b52f0c42eeb9a5de6b4a37b929 - - default default] Successfully bumped revision number for resource 23fde5f5-2580-4e90-9f3f-dbe8c6335bdc (type: networks) to 1
2026-07-15 00:12:15.583 10 WARNING neutron.scheduler.dhcp_agent_scheduler [None req-bb3b357e-bde5-4f86-83dd-83b4dff03d8a 851b7c2d5e414e4295867e176e51c3f5 d37282b52f0c42eeb9a5de6b4a37b929 - - default default] No more DHCP agents
2026-07-15 00:12:15.584 10 WARNING neutron.api.rpc.agentnotifiers.dhcp_rpc_agent_api [None req-bb3b357e-bde5-4f86-83dd-83b4dff03d8a 851b7c2d5e414e4295867e176e51c3f5 d37282b52f0c42eeb9a5de6b4a37b929 - - default default] Unable to schedule network c953201d-77b2-48e8-a5ad-887b1f28b332: no agents available; will retry on subsequent port and subnet creation events.
2026-07-15 00:12:15.628 9 WARNING neutron.scheduler.dhcp_agent_scheduler [None req-5671e911-e51a-48b0-9a20-5efa91cd7a2f 851b7c2d5e414e4295867e176e51c3f5 d37282b52f0c42eeb9a5de6b4a37b929 - - default default] No more DHCP agents
2026-07-15 00:12:15.634 9 WARNING neutron.api.rpc.agentnotifiers.dhcp_rpc_agent_api [None req-5671e911-e51a-48b0-9a20-5efa91cd7a2f 851b7c2d5e414e4295867e176e51c3f5 d37282b52f0c42eeb9a5de6b4a37b929 - - default default] Unable to schedule network 71d36747-0620-4964-ac11-e4a47efd013f: no agents available; will retry on subsequent port and subnet creation events.
2026-07-15 00:12:15.662 9 WARNING neutron.scheduler.dhcp_agent_scheduler [None req-37025a5c-6ea3-4b98-92ac-a6816825b5cf 851b7c2d5e414e4295867e176e51c3f5 d37282b52f0c42eeb9a5de6b4a37b929 - - default default] No more DHCP agents
2026-07-15 00:12:15.674 10 INFO neutron.db.ovn_revision_numbers_db [None req-bb3b357e-bde5-4f86-83dd-83b4dff03d8a 851b7c2d5e414e4295867e176e51c3f5 d37282b52f0c42eeb9a5de6b4a37b929 - - default default] Successfully bumped revision number for resource a42bac7e-38de-4568-b6b5-4f45185ff94e (type: ports) to 1
2026-07-15 00:12:15.677 9 WARNING neutron.api.rpc.agentnotifiers.dhcp_rpc_agent_api [None req-37025a5c-6ea3-4b98-92ac-a6816825b5cf 851b7c2d5e414e4295867e176e51c3f5 d37282b52f0c42eeb9a5de6b4a37b929 - - default default] Unable to schedule network 23fde5f5-2580-4e90-9f3f-dbe8c6335bdc: no agents available; will retry on subsequent port and subnet creation events.
2026-07-15 00:12:15.713 10 INFO neutron.wsgi [None req-bb3b357e-bde5-4f86-83dd-83b4dff03d8a 851b7c2d5e414e4295867e176e51c3f5 d37282b52f0c42eeb9a5de6b4a37b929 - - default default] 10.0.0.217 "POST /v2.0/networks HTTP/1.1" status: 201 len: 946 time: 0.7838335
2026-07-15 00:12:15.784 9 INFO neutron.db.ovn_revision_numbers_db [None req-5671e911-e51a-48b0-9a20-5efa91cd7a2f 851b7c2d5e414e4295867e176e51c3f5 d37282b52f0c42eeb9a5de6b4a37b929 - - default default] Successfully bumped revision number for resource e719551c-f0cc-4a78-9cbc-d7a0177aef24 (type: ports) to 1
2026-07-15 00:12:15.804 9 INFO neutron.db.ovn_revision_numbers_db [None req-37025a5c-6ea3-4b98-92ac-a6816825b5cf 851b7c2d5e414e4295867e176e51c3f5 d37282b52f0c42eeb9a5de6b4a37b929 - - default default] Successfully bumped revision number for resource 2181c049-1457-4b2b-9f11-9efb71aba2f5 (type: ports) to 1
2026-07-15 00:12:15.808 9 INFO neutron.wsgi [None req-5671e911-e51a-48b0-9a20-5efa91cd7a2f 851b7c2d5e414e4295867e176e51c3f5 d37282b52f0c42eeb9a5de6b4a37b929 - - default default] 10.0.0.217 "POST /v2.0/networks HTTP/1.1" status: 201 len: 950 time: 1.0311012
2026-07-15 00:12:15.838 9 INFO neutron.wsgi [None req-37025a5c-6ea3-4b98-92ac-a6816825b5cf 851b7c2d5e414e4295867e176e51c3f5 d37282b52f0c42eeb9a5de6b4a37b929 - - default default] 10.0.0.217 "POST /v2.0/networks HTTP/1.1" status: 201 len: 949 time: 1.0381794
2026-07-15 00:12:15.885 10 INFO neutron.db.ovn_revision_numbers_db [None req-51ed8753-7074-4080-88d7-483732ca9815 851b7c2d5e414e4295867e176e51c3f5 d37282b52f0c42eeb9a5de6b4a37b929 - - default default] Successfully bumped revision number for resource 55e50125-cf42-46b3-b476-210a449753bc (type: security_groups) to 1
2026-07-15 00:12:15.902 10 INFO neutron.db.ovn_revision_numbers_db [None req-51ed8753-7074-4080-88d7-483732ca9815 851b7c2d5e414e4295867e176e51c3f5 d37282b52f0c42eeb9a5de6b4a37b929 - - default default] Successfully bumped revision number for resource 06ac3384-600c-48da-acee-2c885a07aeb2 (type: security_group_rules) to 0
2026-07-15 00:12:15.926 10 INFO neutron.db.ovn_revision_numbers_db [None req-51ed8753-7074-4080-88d7-483732ca9815 851b7c2d5e414e4295867e176e51c3f5 d37282b52f0c42eeb9a5de6b4a37b929 - - default default] Successfully bumped revision number for resource 424b8bd3-79cc-4db5-87f7-761a5ec332fb (type: security_group_rules) to 0
2026-07-15 00:12:15.932 10 WARNING neutron.scheduler.dhcp_agent_scheduler [None req-c7539a60-2417-470f-a81a-1b6888c699e9 851b7c2d5e414e4295867e176e51c3f5 d37282b52f0c42eeb9a5de6b4a37b929 - - default default] No more DHCP agents
2026-07-15 00:12:15.936 10 WARNING neutron.api.rpc.agentnotifiers.dhcp_rpc_agent_api [None req-c7539a60-2417-470f-a81a-1b6888c699e9 851b7c2d5e414e4295867e176e51c3f5 d37282b52f0c42eeb9a5de6b4a37b929 - - default default] Unable to schedule network c953201d-77b2-48e8-a5ad-887b1f28b332: no agents available; will retry on subsequent port and subnet creation events.
2026-07-15 00:12:15.950 10 INFO neutron.db.ovn_revision_numbers_db [None req-51ed8753-7074-4080-88d7-483732ca9815 851b7c2d5e414e4295867e176e51c3f5 d37282b52f0c42eeb9a5de6b4a37b929 - - default default] Successfully bumped revision number for resource c883a505-b3ac-426c-89da-984ecc36e524 (type: security_group_rules) to 0
2026-07-15 00:12:15.967 10 INFO neutron.db.ovn_revision_numbers_db [None req-51ed8753-7074-4080-88d7-483732ca9815 851b7c2d5e414e4295867e176e51c3f5 d37282b52f0c42eeb9a5de6b4a37b929 - - default default] Successfully bumped revision number for resource fb949f4f-d9c6-4d09-bfe7-1f24e4ae26db (type: security_group_rules) to 0
2026-07-15 00:12:16.001 10 INFO neutron.wsgi [None req-51ed8753-7074-4080-88d7-483732ca9815 851b7c2d5e414e4295867e176e51c3f5 d37282b52f0c42eeb9a5de6b4a37b929 - - default default] 10.0.0.217 "GET /v2.0/security-groups?tenant_id=3a7983f38cf84d8fb2426866b325ddcb&name=default HTTP/1.1" status: 200 len: 3116 time: 0.4284046
2026-07-15 00:12:16.025 9 WARNING neutron.scheduler.dhcp_agent_scheduler [None req-56da4d77-e0c5-4cfa-956a-1f72b1cbe3d8 851b7c2d5e414e4295867e176e51c3f5 d37282b52f0c42eeb9a5de6b4a37b929 - - default default] No more DHCP agents
2026-07-15 00:12:16.028 9 WARNING neutron.api.rpc.agentnotifiers.dhcp_rpc_agent_api [None req-56da4d77-e0c5-4cfa-956a-1f72b1cbe3d8 851b7c2d5e414e4295867e176e51c3f5 d37282b52f0c42eeb9a5de6b4a37b929 - - default default] Unable to schedule network 71d36747-0620-4964-ac11-e4a47efd013f: no agents available; will retry on subsequent port and subnet creation events.
2026-07-15 00:12:16.058 9 WARNING neutron.scheduler.dhcp_agent_scheduler [None req-ed4e6ddf-6acc-46ab-8b64-69484871338d 851b7c2d5e414e4295867e176e51c3f5 d37282b52f0c42eeb9a5de6b4a37b929 - - default default] No more DHCP agents
2026-07-15 00:12:16.063 9 WARNING neutron.api.rpc.agentnotifiers.dhcp_rpc_agent_api [None req-ed4e6ddf-6acc-46ab-8b64-69484871338d 851b7c2d5e414e4295867e176e51c3f5 d37282b52f0c42eeb9a5de6b4a37b929 - - default default] Unable to schedule network 23fde5f5-2580-4e90-9f3f-dbe8c6335bdc: no agents available; will retry on subsequent port and subnet creation events.
2026-07-15 00:12:16.431 10 INFO neutron.wsgi [None req-31d8d1ff-c0d5-46ae-9bfb-b61acf11f83f 851b7c2d5e414e4295867e176e51c3f5 d37282b52f0c42eeb9a5de6b4a37b929 - - default default] 10.0.0.217 "DELETE /v2.0/security-groups/55e50125-cf42-46b3-b476-210a449753bc HTTP/1.1" status: 204 len: 168 time: 0.4231169
2026-07-15 00:12:16.605 10 INFO neutron.db.ovn_revision_numbers_db [None req-c7539a60-2417-470f-a81a-1b6888c699e9 851b7c2d5e414e4295867e176e51c3f5 d37282b52f0c42eeb9a5de6b4a37b929 - - default default] Successfully bumped revision number for resource a42bac7e-38de-4568-b6b5-4f45185ff94e (type: ports) to 2
2026-07-15 00:12:16.654 10 INFO neutron.db.ovn_revision_numbers_db [None req-c7539a60-2417-470f-a81a-1b6888c699e9 851b7c2d5e414e4295867e176e51c3f5 d37282b52f0c42eeb9a5de6b4a37b929 - - default default] Successfully bumped revision number for resource 2b36ba66-5b38-49e7-96a8-c007d5495952 (type: subnets) to 0
2026-07-15 00:12:16.679 10 INFO neutron.wsgi [None req-c7539a60-2417-470f-a81a-1b6888c699e9 851b7c2d5e414e4295867e176e51c3f5 d37282b52f0c42eeb9a5de6b4a37b929 - - default default] 10.0.0.217 "POST /v2.0/subnets HTTP/1.1" status: 201 len: 866 time: 0.9536536
2026-07-15 00:12:16.901 9 INFO neutron.db.ovn_revision_numbers_db [None req-ed4e6ddf-6acc-46ab-8b64-69484871338d 851b7c2d5e414e4295867e176e51c3f5 d37282b52f0c42eeb9a5de6b4a37b929 - - default default] Successfully bumped revision number for resource 2181c049-1457-4b2b-9f11-9efb71aba2f5 (type: ports) to 2
2026-07-15 00:12:16.986 9 INFO neutron.db.ovn_revision_numbers_db [None req-56da4d77-e0c5-4cfa-956a-1f72b1cbe3d8 851b7c2d5e414e4295867e176e51c3f5 d37282b52f0c42eeb9a5de6b4a37b929 - - default default] Successfully bumped revision number for resource e719551c-f0cc-4a78-9cbc-d7a0177aef24 (type: ports) to 2
2026-07-15 00:12:16.995 9 INFO neutron.db.ovn_revision_numbers_db [None req-ed4e6ddf-6acc-46ab-8b64-69484871338d 851b7c2d5e414e4295867e176e51c3f5 d37282b52f0c42eeb9a5de6b4a37b929 - - default default] Successfully bumped revision number for resource e0d6404d-b09b-4c78-9b89-d927ca7e140a (type: subnets) to 0
2026-07-15 00:12:17.022 9 INFO neutron.wsgi [None req-ed4e6ddf-6acc-46ab-8b64-69484871338d 851b7c2d5e414e4295867e176e51c3f5 d37282b52f0c42eeb9a5de6b4a37b929 - - default default] 10.0.0.217 "POST /v2.0/subnets HTTP/1.1" status: 201 len: 869 time: 1.1796656
2026-07-15 00:12:17.041 9 INFO neutron.db.ovn_revision_numbers_db [None req-56da4d77-e0c5-4cfa-956a-1f72b1cbe3d8 851b7c2d5e414e4295867e176e51c3f5 d37282b52f0c42eeb9a5de6b4a37b929 - - default default] Successfully bumped revision number for resource 5d458ff7-6ab6-44d9-802b-26038eabc740 (type: subnets) to 0
2026-07-15 00:12:17.068 9 INFO neutron.wsgi [None req-56da4d77-e0c5-4cfa-956a-1f72b1cbe3d8 851b7c2d5e414e4295867e176e51c3f5 d37282b52f0c42eeb9a5de6b4a37b929 - - default default] 10.0.0.217 "POST /v2.0/subnets HTTP/1.1" status: 201 len: 870 time: 1.2530134
2026-07-15 00:12:17.601 9 WARNING neutron.scheduler.dhcp_agent_scheduler [None req-7c00b9dd-f469-4149-b7ac-0d7800ee6e4b 851b7c2d5e414e4295867e176e51c3f5 d37282b52f0c42eeb9a5de6b4a37b929 - - default default] No more DHCP agents
2026-07-15 00:12:17.605 9 WARNING neutron.api.rpc.agentnotifiers.dhcp_rpc_agent_api [None req-7c00b9dd-f469-4149-b7ac-0d7800ee6e4b 851b7c2d5e414e4295867e176e51c3f5 d37282b52f0c42eeb9a5de6b4a37b929 - - default default] Unable to schedule network 26c6b39e-c936-438f-b814-b71b15a8d673: no agents available; will retry on subsequent port and subnet creation events.
2026-07-15 00:12:17.692 10 WARNING neutron.scheduler.dhcp_agent_scheduler [None req-15cc6bfa-c4e8-425e-88ed-098d0f2a0787 851b7c2d5e414e4295867e176e51c3f5 d37282b52f0c42eeb9a5de6b4a37b929 - - default default] No more DHCP agents
2026-07-15 00:12:17.694 10 WARNING neutron.api.rpc.agentnotifiers.dhcp_rpc_agent_api [None req-15cc6bfa-c4e8-425e-88ed-098d0f2a0787 851b7c2d5e414e4295867e176e51c3f5 d37282b52f0c42eeb9a5de6b4a37b929 - - default default] Unable to schedule network 26c6b39e-c936-438f-b814-b71b15a8d673: no agents available; will retry on subsequent port and subnet creation events.
2026-07-15 00:12:17.849 9 INFO neutron.db.ovn_revision_numbers_db [None req-7c00b9dd-f469-4149-b7ac-0d7800ee6e4b 851b7c2d5e414e4295867e176e51c3f5 d37282b52f0c42eeb9a5de6b4a37b929 - - default default] Successfully bumped revision number for resource a61d3e57-a398-4e8c-a048-4a2c56504646 (type: ports) to 1
2026-07-15 00:12:17.901 9 WARNING neutron.scheduler.dhcp_agent_scheduler [None req-653fb995-fc04-47e6-859f-9341e3e0d321 851b7c2d5e414e4295867e176e51c3f5 d37282b52f0c42eeb9a5de6b4a37b929 - - default default] No more DHCP agents
2026-07-15 00:12:17.905 9 WARNING neutron.api.rpc.agentnotifiers.dhcp_rpc_agent_api [None req-653fb995-fc04-47e6-859f-9341e3e0d321 851b7c2d5e414e4295867e176e51c3f5 d37282b52f0c42eeb9a5de6b4a37b929 - - default default] Unable to schedule network 26c6b39e-c936-438f-b814-b71b15a8d673: no agents available; will retry on subsequent port and subnet creation events.
2026-07-15 00:12:17.983 10 INFO neutron.db.ovn_revision_numbers_db [None req-15cc6bfa-c4e8-425e-88ed-098d0f2a0787 851b7c2d5e414e4295867e176e51c3f5 d37282b52f0c42eeb9a5de6b4a37b929 - - default default] Successfully bumped revision number for resource 4241b7f3-2fde-4f7b-99fc-88c48b91c804 (type: ports) to 1
2026-07-15 00:12:18.221 9 INFO neutron.db.ovn_revision_numbers_db [None req-653fb995-fc04-47e6-859f-9341e3e0d321 851b7c2d5e414e4295867e176e51c3f5 d37282b52f0c42eeb9a5de6b4a37b929 - - default default] Successfully bumped revision number for resource cca5ae9d-0fa6-4e46-a9c8-6c3b0581bd9d (type: ports) to 1
2026-07-15 00:12:18.401 10 INFO neutron.plugins.ml2.drivers.ovn.mech_driver.ovsdb.extensions.qos [None req-15cc6bfa-c4e8-425e-88ed-098d0f2a0787 851b7c2d5e414e4295867e176e51c3f5 d37282b52f0c42eeb9a5de6b4a37b929 - - default default] Starting OVNClientQosExtension
2026-07-15 00:12:18.411 9 INFO neutron.plugins.ml2.drivers.ovn.mech_driver.ovsdb.extensions.qos [None req-7c00b9dd-f469-4149-b7ac-0d7800ee6e4b 851b7c2d5e414e4295867e176e51c3f5 d37282b52f0c42eeb9a5de6b4a37b929 - - default default] Starting OVNClientQosExtension
2026-07-15 00:12:18.865 10 INFO neutron.plugins.ml2.drivers.ovn.mech_driver.ovsdb.commands [None req-c66ee7ba-241d-47b0-816e-80847652ef73 - - - - - -] Schedule LRP lrp-4241b7f3-2fde-4f7b-99fc-88c48b91c804 on gateway 84088eff-252a-4915-9c95-760fd31e4e38 with priority 1
2026-07-15 00:12:18.874 10 INFO neutron.plugins.ml2.drivers.ovn.mech_driver.mech_driver [None req-54af771d-6cd2-404c-b450-159907c9d9b0 - - - - - -] OVN reports status up for port: 4241b7f3-2fde-4f7b-99fc-88c48b91c804
2026-07-15 00:12:18.907 10 INFO neutron.plugins.ml2.plugin [None req-54af771d-6cd2-404c-b450-159907c9d9b0 - - - - - -] Attempt 1 to provision port 4241b7f3-2fde-4f7b-99fc-88c48b91c804
2026-07-15 00:12:18.943 10 INFO neutron.db.ovn_revision_numbers_db [None req-15cc6bfa-c4e8-425e-88ed-098d0f2a0787 851b7c2d5e414e4295867e176e51c3f5 d37282b52f0c42eeb9a5de6b4a37b929 - - default default] Successfully bumped revision number for resource 4241b7f3-2fde-4f7b-99fc-88c48b91c804 (type: router_ports) to 1
2026-07-15 00:12:18.987 9 INFO neutron.plugins.ml2.drivers.ovn.mech_driver.ovsdb.ovsdb_monitor [-] Router 21a82b01-7158-4dbb-89b4-146c72c023af is bound to host instance
2026-07-15 00:12:19.012 9 INFO neutron.db.ovn_revision_numbers_db [None req-82467a7e-da56-49f4-b4fb-b058910baadd 851b7c2d5e414e4295867e176e51c3f5 d37282b52f0c42eeb9a5de6b4a37b929 - - default default] Successfully bumped revision number for resource 28738f41-957e-4c8e-bccd-6f02dfc8b59c (type: security_groups) to 1
2026-07-15 00:12:19.049 10 INFO neutron.db.ovn_revision_numbers_db [None req-15cc6bfa-c4e8-425e-88ed-098d0f2a0787 851b7c2d5e414e4295867e176e51c3f5 d37282b52f0c42eeb9a5de6b4a37b929 - - default default] Successfully bumped revision number for resource 21a82b01-7158-4dbb-89b4-146c72c023af (type: routers) to 2
2026-07-15 00:12:19.059 9 INFO neutron.db.ovn_revision_numbers_db [None req-82467a7e-da56-49f4-b4fb-b058910baadd 851b7c2d5e414e4295867e176e51c3f5 d37282b52f0c42eeb9a5de6b4a37b929 - - default default] Successfully bumped revision number for resource 1609d82d-2216-487f-8a66-df6dbf2ad38f (type: security_group_rules) to 0
2026-07-15 00:12:19.075 10 INFO neutron.wsgi [None req-15cc6bfa-c4e8-425e-88ed-098d0f2a0787 851b7c2d5e414e4295867e176e51c3f5 d37282b52f0c42eeb9a5de6b4a37b929 - - default default] 10.0.0.217 "POST /v2.0/routers HTTP/1.1" status: 201 len: 1171 time: 2.0477464
2026-07-15 00:12:19.097 9 INFO neutron.db.ovn_revision_numbers_db [None req-82467a7e-da56-49f4-b4fb-b058910baadd 851b7c2d5e414e4295867e176e51c3f5 d37282b52f0c42eeb9a5de6b4a37b929 - - default default] Successfully bumped revision number for resource a10ced20-449a-49c1-b612-75814881711b (type: security_group_rules) to 0
2026-07-15 00:12:19.140 9 INFO neutron.db.ovn_revision_numbers_db [None req-82467a7e-da56-49f4-b4fb-b058910baadd 851b7c2d5e414e4295867e176e51c3f5 d37282b52f0c42eeb9a5de6b4a37b929 - - default default] Successfully bumped revision number for resource a9b217df-b2fc-4235-9cad-c75418080c88 (type: security_group_rules) to 0
2026-07-15 00:12:19.180 9 INFO neutron.db.ovn_revision_numbers_db [None req-82467a7e-da56-49f4-b4fb-b058910baadd 851b7c2d5e414e4295867e176e51c3f5 d37282b52f0c42eeb9a5de6b4a37b929 - - default default] Successfully bumped revision number for resource c09a4152-8185-421e-9253-d5ed5981177a (type: security_group_rules) to 0
2026-07-15 00:12:19.203 9 INFO neutron.plugins.ml2.drivers.ovn.mech_driver.ovsdb.commands [None req-0a8bd426-bdde-4d07-8805-1102f97e05f2 - - - - - -] Schedule LRP lrp-a61d3e57-a398-4e8c-a048-4a2c56504646 on gateway 84088eff-252a-4915-9c95-760fd31e4e38 with priority 1
2026-07-15 00:12:19.278 9 INFO neutron.db.segments_db [None req-82467a7e-da56-49f4-b4fb-b058910baadd 851b7c2d5e414e4295867e176e51c3f5 d37282b52f0c42eeb9a5de6b4a37b929 - - default default] Added segment 59961aa6-8d4e-43e8-ace3-c25fddb7884a of type geneve for network 4726607e-fa81-4137-a81a-440319df2780
2026-07-15 00:12:19.374 9 INFO neutron.db.ovn_revision_numbers_db [None req-7c00b9dd-f469-4149-b7ac-0d7800ee6e4b 851b7c2d5e414e4295867e176e51c3f5 d37282b52f0c42eeb9a5de6b4a37b929 - - default default] Successfully bumped revision number for resource a61d3e57-a398-4e8c-a048-4a2c56504646 (type: router_ports) to 1
2026-07-15 00:12:19.590 9 INFO neutron.db.ovn_revision_numbers_db [None req-7c00b9dd-f469-4149-b7ac-0d7800ee6e4b 851b7c2d5e414e4295867e176e51c3f5 d37282b52f0c42eeb9a5de6b4a37b929 - - default default] Successfully bumped revision number for resource fcbfa0de-7a2f-411f-a4dc-63d5058a8795 (type: routers) to 2
2026-07-15 00:12:19.613 9 INFO neutron.db.ovn_revision_numbers_db [None req-82467a7e-da56-49f4-b4fb-b058910baadd 851b7c2d5e414e4295867e176e51c3f5 d37282b52f0c42eeb9a5de6b4a37b929 - - default default] Successfully bumped revision number for resource 4726607e-fa81-4137-a81a-440319df2780 (type: networks) to 1
2026-07-15 00:12:19.620 9 INFO neutron.wsgi [None req-7c00b9dd-f469-4149-b7ac-0d7800ee6e4b 851b7c2d5e414e4295867e176e51c3f5 d37282b52f0c42eeb9a5de6b4a37b929 - - default default] 10.0.0.217 "POST /v2.0/routers HTTP/1.1" status: 201 len: 1168 time: 2.9364450
2026-07-15 00:12:19.772 9 INFO neutron.plugins.ml2.drivers.ovn.mech_driver.ovsdb.commands [None req-0a8bd426-bdde-4d07-8805-1102f97e05f2 - - - - - -] Schedule LRP lrp-cca5ae9d-0fa6-4e46-a9c8-6c3b0581bd9d on gateway 84088eff-252a-4915-9c95-760fd31e4e38 with priority 1
2026-07-15 00:12:19.941 9 INFO neutron.plugins.ml2.drivers.ovn.mech_driver.mech_driver [None req-ba97e2e0-8c8a-46c9-aec5-5954db8ceda4 - - - - - -] OVN reports status up for port: cca5ae9d-0fa6-4e46-a9c8-6c3b0581bd9d
2026-07-15 00:12:20.000 9 INFO neutron.plugins.ml2.plugin [None req-ba97e2e0-8c8a-46c9-aec5-5954db8ceda4 - - - - - -] Attempt 1 to provision port cca5ae9d-0fa6-4e46-a9c8-6c3b0581bd9d
2026-07-15 00:12:20.046 9 INFO neutron.db.ovn_revision_numbers_db [None req-653fb995-fc04-47e6-859f-9341e3e0d321 851b7c2d5e414e4295867e176e51c3f5 d37282b52f0c42eeb9a5de6b4a37b929 - - default default] Successfully bumped revision number for resource cca5ae9d-0fa6-4e46-a9c8-6c3b0581bd9d (type: router_ports) to 1
2026-07-15 00:12:20.077 10 WARNING neutron.scheduler.dhcp_agent_scheduler [None req-b75bf405-bca0-42b9-815b-d212054d1f80 851b7c2d5e414e4295867e176e51c3f5 d37282b52f0c42eeb9a5de6b4a37b929 - - default default] No more DHCP agents
2026-07-15 00:12:20.084 10 WARNING neutron.api.rpc.agentnotifiers.dhcp_rpc_agent_api [None req-b75bf405-bca0-42b9-815b-d212054d1f80 851b7c2d5e414e4295867e176e51c3f5 d37282b52f0c42eeb9a5de6b4a37b929 - - default default] Unable to schedule network 23fde5f5-2580-4e90-9f3f-dbe8c6335bdc: no agents available; will retry on subsequent port and subnet creation events.
2026-07-15 00:12:20.165 9 WARNING neutron.scheduler.dhcp_agent_scheduler [None req-82467a7e-da56-49f4-b4fb-b058910baadd 851b7c2d5e414e4295867e176e51c3f5 d37282b52f0c42eeb9a5de6b4a37b929 - - default default] No more DHCP agents
2026-07-15 00:12:20.182 9 WARNING neutron.api.rpc.agentnotifiers.dhcp_rpc_agent_api [None req-82467a7e-da56-49f4-b4fb-b058910baadd 851b7c2d5e414e4295867e176e51c3f5 d37282b52f0c42eeb9a5de6b4a37b929 - - default default] Unable to schedule network 4726607e-fa81-4137-a81a-440319df2780: no agents available; will retry on subsequent port and subnet creation events.
2026-07-15 00:12:20.229 9 INFO neutron.db.ovn_revision_numbers_db [None req-653fb995-fc04-47e6-859f-9341e3e0d321 851b7c2d5e414e4295867e176e51c3f5 d37282b52f0c42eeb9a5de6b4a37b929 - - default default] Successfully bumped revision number for resource 376c879e-5e3b-46aa-a069-cc73113fbfe4 (type: routers) to 2
2026-07-15 00:12:20.263 9 INFO neutron.wsgi [None req-653fb995-fc04-47e6-859f-9341e3e0d321 851b7c2d5e414e4295867e176e51c3f5 d37282b52f0c42eeb9a5de6b4a37b929 - - default default] 10.0.0.217 "POST /v2.0/routers HTTP/1.1" status: 201 len: 1172 time: 3.1808658
2026-07-15 00:12:20.267 10 INFO neutron.db.ovn_revision_numbers_db [None req-b75bf405-bca0-42b9-815b-d212054d1f80 851b7c2d5e414e4295867e176e51c3f5 d37282b52f0c42eeb9a5de6b4a37b929 - - default default] Successfully bumped revision number for resource 15ceaa28-8f47-4c15-9d57-fd88427d7c2b (type: ports) to 1
2026-07-15 00:12:20.359 9 INFO neutron.db.ovn_revision_numbers_db [None req-82467a7e-da56-49f4-b4fb-b058910baadd 851b7c2d5e414e4295867e176e51c3f5 d37282b52f0c42eeb9a5de6b4a37b929 - - default default] Successfully bumped revision number for resource c82baf44-f56e-4a54-bb6d-8689bf07ef5f (type: ports) to 1
2026-07-15 00:12:20.413 9 INFO neutron.wsgi [None req-82467a7e-da56-49f4-b4fb-b058910baadd 851b7c2d5e414e4295867e176e51c3f5 d37282b52f0c42eeb9a5de6b4a37b929 - - default default] 10.0.0.217 "POST /v2.0/networks HTTP/1.1" status: 201 len: 946 time: 2.0803003
2026-07-15 00:12:20.493 10 WARNING neutron.scheduler.dhcp_agent_scheduler [None req-7313e99a-217b-418e-b704-cdaea0b87f60 851b7c2d5e414e4295867e176e51c3f5 d37282b52f0c42eeb9a5de6b4a37b929 - - default default] No more DHCP agents
2026-07-15 00:12:20.497 10 WARNING neutron.api.rpc.agentnotifiers.dhcp_rpc_agent_api [None req-7313e99a-217b-418e-b704-cdaea0b87f60 851b7c2d5e414e4295867e176e51c3f5 d37282b52f0c42eeb9a5de6b4a37b929 - - default default] Unable to schedule network c953201d-77b2-48e8-a5ad-887b1f28b332: no agents available; will retry on subsequent port and subnet creation events.
2026-07-15 00:12:20.656 9 INFO neutron.db.ovn_revision_numbers_db [None req-6546944e-fc8b-4466-8222-37d43300598a - - - - - -] Successfully bumped revision number for resource 4241b7f3-2fde-4f7b-99fc-88c48b91c804 (type: ports) to 1
2026-07-15 00:12:20.684 10 INFO neutron.db.ovn_revision_numbers_db [None req-7313e99a-217b-418e-b704-cdaea0b87f60 851b7c2d5e414e4295867e176e51c3f5 d37282b52f0c42eeb9a5de6b4a37b929 - - default default] Successfully bumped revision number for resource de119f00-dd16-45f2-a8da-aae0aeaf6cfe (type: ports) to 1
2026-07-15 00:12:20.730 9 WARNING neutron.scheduler.dhcp_agent_scheduler [None req-a8826b4a-edf1-4b51-bb2e-ee5551512904 851b7c2d5e414e4295867e176e51c3f5 d37282b52f0c42eeb9a5de6b4a37b929 - - default default] No more DHCP agents
2026-07-15 00:12:20.737 9 WARNING neutron.api.rpc.agentnotifiers.dhcp_rpc_agent_api [None req-a8826b4a-edf1-4b51-bb2e-ee5551512904 851b7c2d5e414e4295867e176e51c3f5 d37282b52f0c42eeb9a5de6b4a37b929 - - default default] Unable to schedule network 4726607e-fa81-4137-a81a-440319df2780: no agents available; will retry on subsequent port and subnet creation events.
2026-07-15 00:12:21.117 10 ERROR ovsdbapp.backend.ovs_idl.command [None req-b75bf405-bca0-42b9-815b-d212054d1f80 851b7c2d5e414e4295867e176e51c3f5 d37282b52f0c42eeb9a5de6b4a37b929 - - default default] Error executing command (DbGetCommand): ovsdbapp.backend.ovs_idl.idlutils.RowNotFound: Cannot find Logical_Router_Port with name=lrp-15ceaa28-8f47-4c15-9d57-fd88427d7c2b
2026-07-15 00:12:21.117 10 ERROR ovsdbapp.backend.ovs_idl.command
Traceback (most recent call last):
2026-07-15 00:12:21.117 10 ERROR ovsdbapp.backend.ovs_idl.command
File "/var/lib/openstack/lib/python3.10/site-packages/ovsdbapp/backend/ovs_idl/command.py", line 47, in execute
2026-07-15 00:12:21.117 10 ERROR ovsdbapp.backend.ovs_idl.command self.run_idl(None)
2026-07-15 00:12:21.117 10 ERROR ovsdbapp.backend.ovs_idl.command
File "/var/lib/openstack/lib/python3.10/site-packages/ovsdbapp/backend/ovs_idl/command.py", line 235, in run_idl
2026-07-15 00:12:21.117 10 ERROR ovsdbapp.backend.ovs_idl.command record = self.api.lookup(self.table, self.record)
2026-07-15 00:12:21.117 10 ERROR ovsdbapp.backend.ovs_idl.command
File "/var/lib/openstack/lib/python3.10/site-packages/ovsdbapp/backend/ovs_idl/__init__.py", line 184, in lookup
2026-07-15 00:12:21.117 10 ERROR ovsdbapp.backend.ovs_idl.command return self._lookup(table, record)
2026-07-15 00:12:21.117 10 ERROR ovsdbapp.backend.ovs_idl.command
File "/var/lib/openstack/lib/python3.10/site-packages/ovsdbapp/backend/ovs_idl/__init__.py", line 235, in _lookup
2026-07-15 00:12:21.117 10 ERROR ovsdbapp.backend.ovs_idl.command row = idlutils.row_by_value(self, rl.table, rl.column, record)
2026-07-15 00:12:21.117 10 ERROR ovsdbapp.backend.ovs_idl.command
File "/var/lib/openstack/lib/python3.10/site-packages/ovsdbapp/backend/ovs_idl/idlutils.py", line 114, in row_by_value
2026-07-15 00:12:21.117 10 ERROR ovsdbapp.backend.ovs_idl.command raise RowNotFound(table=table, col=column, match=match)
2026-07-15 00:12:21.117 10 ERROR ovsdbapp.backend.ovs_idl.command ovsdbapp.backend.ovs_idl.idlutils.RowNotFound: Cannot find Logical_Router_Port with name=lrp-15ceaa28-8f47-4c15-9d57-fd88427d7c2b
2026-07-15 00:12:21.117 10 ERROR ovsdbapp.backend.ovs_idl.command 
2026-07-15 00:12:21.118 10 ERROR neutron_lib.callbacks.manager [None req-b75bf405-bca0-42b9-815b-d212054d1f80 851b7c2d5e414e4295867e176e51c3f5 d37282b52f0c42eeb9a5de6b4a37b929 - - default default] Error during notification for neutron.services.ovn_l3.plugin.OVNL3RouterPlugin._port_update-8771991230173 port, after_update: ovsdbapp.backend.ovs_idl.idlutils.RowNotFound: Cannot find Logical_Router_Port with name=lrp-15ceaa28-8f47-4c15-9d57-fd88427d7c2b
2026-07-15 00:12:21.118 10 ERROR neutron_lib.callbacks.manager
Traceback (most recent call last):
2026-07-15 00:12:21.118 10 ERROR neutron_lib.callbacks.manager
File "/var/lib/openstack/lib/python3.10/site-packages/neutron_lib/callbacks/manager.py", line 189, in _notify_loop
2026-07-15 00:12:21.118 10 ERROR neutron_lib.callbacks.manager callback.method(resource, event, trigger, payload=payload)
2026-07-15 00:12:21.118 10 ERROR neutron_lib.callbacks.manager
File "/var/lib/openstack/lib/python3.10/site-packages/neutron/services/ovn_l3/plugin.py", line 391, in _port_update
2026-07-15 00:12:21.118 10 ERROR neutron_lib.callbacks.manager l3plugin._ovn_client.update_router_port(context,
2026-07-15 00:12:21.118 10 ERROR neutron_lib.callbacks.manager
File "/var/lib/openstack/lib/python3.10/site-packages/neutron/plugins/ml2/drivers/ovn/mech_driver/ovsdb/ovn_client.py", line 1878, in update_router_port
2026-07-15 00:12:21.118 10 ERROR neutron_lib.callbacks.manager self._update_lrouter_port(context, port, if_exists=if_exists,
2026-07-15 00:12:21.118 10 ERROR neutron_lib.callbacks.manager
File "/var/lib/openstack/lib/python3.10/site-packages/neutron/plugins/ml2/drivers/ovn/mech_driver/ovsdb/ovn_client.py", line 1855, in _update_lrouter_port
2026-07-15 00:12:21.118 10 ERROR neutron_lib.callbacks.manager external_ids = self._nb_idl.db_get(
2026-07-15 00:12:21.118 10 ERROR neutron_lib.callbacks.manager
File "/var/lib/openstack/lib/python3.10/site-packages/ovsdbapp/backend/ovs_idl/command.py", line 47, in execute
2026-07-15 00:12:21.118 10 ERROR neutron_lib.callbacks.manager self.run_idl(None)
2026-07-15 00:12:21.118 10 ERROR neutron_lib.callbacks.manager
File "/var/lib/openstack/lib/python3.10/site-packages/ovsdbapp/backend/ovs_idl/command.py", line 235, in run_idl
2026-07-15 00:12:21.118 10 ERROR neutron_lib.callbacks.manager record = self.api.lookup(self.table, self.record)
2026-07-15 00:12:21.118 10 ERROR neutron_lib.callbacks.manager
File "/var/lib/openstack/lib/python3.10/site-packages/ovsdbapp/backend/ovs_idl/__init__.py", line 184, in lookup
2026-07-15 00:12:21.118 10 ERROR neutron_lib.callbacks.manager return self._lookup(table, record)
2026-07-15 00:12:21.118 10 ERROR neutron_lib.callbacks.manager
File "/var/lib/openstack/lib/python3.10/site-packages/ovsdbapp/backend/ovs_idl/__init__.py", line 235, in _lookup
2026-07-15 00:12:21.118 10 ERROR neutron_lib.callbacks.manager row = idlutils.row_by_value(self, rl.table, rl.column, record)
2026-07-15 00:12:21.118 10 ERROR neutron_lib.callbacks.manager
File "/var/lib/openstack/lib/python3.10/site-packages/ovsdbapp/backend/ovs_idl/idlutils.py", line 114, in row_by_value
2026-07-15 00:12:21.118 10 ERROR neutron_lib.callbacks.manager raise RowNotFound(table=table, col=column, match=match)
2026-07-15 00:12:21.118 10 ERROR neutron_lib.callbacks.manager ovsdbapp.backend.ovs_idl.idlutils.RowNotFound: Cannot find Logical_Router_Port with name=lrp-15ceaa28-8f47-4c15-9d57-fd88427d7c2b
2026-07-15 00:12:21.118 10 ERROR neutron_lib.callbacks.manager 
2026-07-15 00:12:21.340 9 WARNING neutron.scheduler.dhcp_agent_scheduler [None req-ac33a70d-c59d-4974-8bd6-cb26e20549d2 851b7c2d5e414e4295867e176e51c3f5 d37282b52f0c42eeb9a5de6b4a37b929 - - default default] No more DHCP agents
2026-07-15 00:12:21.345 9 WARNING neutron.api.rpc.agentnotifiers.dhcp_rpc_agent_api [None req-ac33a70d-c59d-4974-8bd6-cb26e20549d2 851b7c2d5e414e4295867e176e51c3f5 d37282b52f0c42eeb9a5de6b4a37b929 - - default default] Unable to schedule network 71d36747-0620-4964-ac11-e4a47efd013f: no agents available; will retry on subsequent port and subnet creation events.
2026-07-15 00:12:21.501 10 ERROR ovsdbapp.backend.ovs_idl.command [None req-7313e99a-217b-418e-b704-cdaea0b87f60 851b7c2d5e414e4295867e176e51c3f5 d37282b52f0c42eeb9a5de6b4a37b929 - - default default] Error executing command (DbGetCommand): ovsdbapp.backend.ovs_idl.idlutils.RowNotFound: Cannot find Logical_Router_Port with name=lrp-de119f00-dd16-45f2-a8da-aae0aeaf6cfe
2026-07-15 00:12:21.501 10 ERROR ovsdbapp.backend.ovs_idl.command
Traceback (most recent call last):
2026-07-15 00:12:21.501 10 ERROR ovsdbapp.backend.ovs_idl.command
File "/var/lib/openstack/lib/python3.10/site-packages/ovsdbapp/backend/ovs_idl/command.py", line 47, in execute
2026-07-15 00:12:21.501 10 ERROR ovsdbapp.backend.ovs_idl.command self.run_idl(None)
2026-07-15 00:12:21.501 10 ERROR ovsdbapp.backend.ovs_idl.command
File "/var/lib/openstack/lib/python3.10/site-packages/ovsdbapp/backend/ovs_idl/command.py", line 235, in run_idl
2026-07-15 00:12:21.501 10 ERROR ovsdbapp.backend.ovs_idl.command record = self.api.lookup(self.table, self.record)
2026-07-15 00:12:21.501 10 ERROR ovsdbapp.backend.ovs_idl.command
File "/var/lib/openstack/lib/python3.10/site-packages/ovsdbapp/backend/ovs_idl/__init__.py", line 184, in lookup
2026-07-15 00:12:21.501 10 ERROR ovsdbapp.backend.ovs_idl.command return self._lookup(table, record)
2026-07-15 00:12:21.501 10 ERROR ovsdbapp.backend.ovs_idl.command
File "/var/lib/openstack/lib/python3.10/site-packages/ovsdbapp/backend/ovs_idl/__init__.py", line 235, in _lookup
2026-07-15 00:12:21.501 10 ERROR ovsdbapp.backend.ovs_idl.command row = idlutils.row_by_value(self, rl.table, rl.column, record)
2026-07-15 00:12:21.501 10 ERROR ovsdbapp.backend.ovs_idl.command
File "/var/lib/openstack/lib/python3.10/site-packages/ovsdbapp/backend/ovs_idl/idlutils.py", line 114, in row_by_value
2026-07-15 00:12:21.501 10 ERROR ovsdbapp.backend.ovs_idl.command raise RowNotFound(table=table, col=column, match=match)
2026-07-15 00:12:21.501 10 ERROR ovsdbapp.backend.ovs_idl.command ovsdbapp.backend.ovs_idl.idlutils.RowNotFound: Cannot find Logical_Router_Port with name=lrp-de119f00-dd16-45f2-a8da-aae0aeaf6cfe
2026-07-15 00:12:21.501 10 ERROR ovsdbapp.backend.ovs_idl.command 
2026-07-15 00:12:21.501 10 ERROR neutron_lib.callbacks.manager [None req-7313e99a-217b-418e-b704-cdaea0b87f60 851b7c2d5e414e4295867e176e51c3f5 d37282b52f0c42eeb9a5de6b4a37b929 - - default default] Error during notification for neutron.services.ovn_l3.plugin.OVNL3RouterPlugin._port_update-8771991230173 port, after_update: ovsdbapp.backend.ovs_idl.idlutils.RowNotFound: Cannot find Logical_Router_Port with name=lrp-de119f00-dd16-45f2-a8da-aae0aeaf6cfe
2026-07-15 00:12:21.501 10 ERROR neutron_lib.callbacks.manager
Traceback (most recent call last):
2026-07-15 00:12:21.501 10 ERROR neutron_lib.callbacks.manager
File "/var/lib/openstack/lib/python3.10/site-packages/neutron_lib/callbacks/manager.py", line 189, in _notify_loop
2026-07-15 00:12:21.501 10 ERROR neutron_lib.callbacks.manager callback.method(resource, event, trigger, payload=payload)
2026-07-15 00:12:21.501 10 ERROR neutron_lib.callbacks.manager
File "/var/lib/openstack/lib/python3.10/site-packages/neutron/services/ovn_l3/plugin.py", line 391, in _port_update
2026-07-15 00:12:21.501 10 ERROR neutron_lib.callbacks.manager l3plugin._ovn_client.update_router_port(context,
2026-07-15 00:12:21.501 10 ERROR neutron_lib.callbacks.manager
File "/var/lib/openstack/lib/python3.10/site-packages/neutron/plugins/ml2/drivers/ovn/mech_driver/ovsdb/ovn_client.py", line 1878, in update_router_port
2026-07-15 00:12:21.501 10 ERROR neutron_lib.callbacks.manager self._update_lrouter_port(context, port, if_exists=if_exists,
2026-07-15 00:12:21.501 10 ERROR neutron_lib.callbacks.manager
File "/var/lib/openstack/lib/python3.10/site-packages/neutron/plugins/ml2/drivers/ovn/mech_driver/ovsdb/ovn_client.py", line 1855, in _update_lrouter_port
2026-07-15 00:12:21.501 10 ERROR neutron_lib.callbacks.manager external_ids = self._nb_idl.db_get(
2026-07-15 00:12:21.501 10 ERROR neutron_lib.callbacks.manager
File "/var/lib/openstack/lib/python3.10/site-packages/ovsdbapp/backend/ovs_idl/command.py", line 47, in execute
2026-07-15 00:12:21.501 10 ERROR neutron_lib.callbacks.manager self.run_idl(None)
2026-07-15 00:12:21.501 10 ERROR neutron_lib.callbacks.manager
File "/var/lib/openstack/lib/python3.10/site-packages/ovsdbapp/backend/ovs_idl/command.py", line 235, in run_idl
2026-07-15 00:12:21.501 10 ERROR neutron_lib.callbacks.manager record = self.api.lookup(self.table, self.record)
2026-07-15 00:12:21.501 10 ERROR neutron_lib.callbacks.manager
File "/var/lib/openstack/lib/python3.10/site-packages/ovsdbapp/backend/ovs_idl/__init__.py", line 184, in lookup
2026-07-15 00:12:21.501 10 ERROR neutron_lib.callbacks.manager return self._lookup(table, record)
2026-07-15 00:12:21.501 10 ERROR neutron_lib.callbacks.manager
File "/var/lib/openstack/lib/python3.10/site-packages/ovsdbapp/backend/ovs_idl/__init__.py", line 235, in _lookup
2026-07-15 00:12:21.501 10 ERROR neutron_lib.callbacks.manager row = idlutils.row_by_value(self, rl.table, rl.column, record)
2026-07-15 00:12:21.501 10 ERROR neutron_lib.callbacks.manager
File "/var/lib/openstack/lib/python3.10/site-packages/ovsdbapp/backend/ovs_idl/idlutils.py", line 114, in row_by_value
2026-07-15 00:12:21.501 10 ERROR neutron_lib.callbacks.manager raise RowNotFound(table=table, col=column, match=match)
2026-07-15 00:12:21.501 10 ERROR neutron_lib.callbacks.manager ovsdbapp.backend.ovs_idl.idlutils.RowNotFound: Cannot find Logical_Router_Port with name=lrp-de119f00-dd16-45f2-a8da-aae0aeaf6cfe
2026-07-15 00:12:21.501 10 ERROR neutron_lib.callbacks.manager 
2026-07-15 00:12:21.545 10 INFO neutron.db.ovn_revision_numbers_db [None req-b75bf405-bca0-42b9-815b-d212054d1f80 851b7c2d5e414e4295867e176e51c3f5 d37282b52f0c42eeb9a5de6b4a37b929 - - default default] Successfully bumped revision number for resource 15ceaa28-8f47-4c15-9d57-fd88427d7c2b (type: ports) to 1
2026-07-15 00:12:21.579 9 INFO neutron.db.ovn_revision_numbers_db [None req-6546944e-fc8b-4466-8222-37d43300598a - - - - - -] Successfully bumped revision number for resource 4241b7f3-2fde-4f7b-99fc-88c48b91c804 (type: router_ports) to 3
2026-07-15 00:12:21.664 10 WARNING neutron.scheduler.dhcp_agent_scheduler [None req-b75bf405-bca0-42b9-815b-d212054d1f80 851b7c2d5e414e4295867e176e51c3f5 d37282b52f0c42eeb9a5de6b4a37b929 - - default default] No more DHCP agents
2026-07-15 00:12:21.666 9 INFO neutron.db.ovn_revision_numbers_db [None req-ac33a70d-c59d-4974-8bd6-cb26e20549d2 851b7c2d5e414e4295867e176e51c3f5 d37282b52f0c42eeb9a5de6b4a37b929 - - default default] Successfully bumped revision number for resource f407a7bc-ca20-4058-9de6-4b894bc561be (type: ports) to 1
2026-07-15 00:12:21.666 10 WARNING neutron.api.rpc.agentnotifiers.dhcp_rpc_agent_api [None req-b75bf405-bca0-42b9-815b-d212054d1f80 851b7c2d5e414e4295867e176e51c3f5 d37282b52f0c42eeb9a5de6b4a37b929 - - default default] Unable to schedule network 23fde5f5-2580-4e90-9f3f-dbe8c6335bdc: no agents available; will retry on subsequent port and subnet creation events.
2026-07-15 00:12:21.791 10 INFO neutron.db.ovn_revision_numbers_db [None req-7313e99a-217b-418e-b704-cdaea0b87f60 851b7c2d5e414e4295867e176e51c3f5 d37282b52f0c42eeb9a5de6b4a37b929 - - default default] Successfully bumped revision number for resource de119f00-dd16-45f2-a8da-aae0aeaf6cfe (type: ports) to 1
