2026-07-15 00:15:51.274 9 INFO neutron.wsgi [None req-28b69487-c869-4356-96a9-ad53b2408f28 0869261180e7469a9cd4f2ae3e49bc8e 030afebcd17444e4a8d86a5550356350 - - default default] 10.0.0.217 "POST /v2.0/subnets HTTP/1.1" status: 201 len: 801 time: 1.4195862
2026-07-15 00:15:51.285 10 WARNING neutron_lib.context [None req-4d023d38-653b-4d2f-8987-3594517517c6 0869261180e7469a9cd4f2ae3e49bc8e 030afebcd17444e4a8d86a5550356350 - - default default] Method 'is_advsvc' is deprecated since 2023.2 release (neutron-lib 3.8.0) and will be removed once support for the old RBAC API policies will be removed from Neutron. Please use method 'is_service_role' instead.
2026-07-15 00:15:51.289 9 INFO neutron.wsgi [None req-bd3d8ddc-2527-4183-aafd-064df38eeaf0 29de980e1cf14083ad0d0dfeebbea240 5b05697cafab4c1a81d2f23c3aed71ff - - default default] 10.0.0.217 "POST /v2.0/routers HTTP/1.1" status: 201 len: 769 time: 0.3778443
2026-07-15 00:15:51.362 9 INFO neutron.wsgi [None req-0cea6fe6-cc83-429c-8356-946fc60e30e5 29de980e1cf14083ad0d0dfeebbea240 5b05697cafab4c1a81d2f23c3aed71ff - - default default] 10.0.0.217 "PUT /v2.0/routers/f526ef7f-251a-414c-bdff-366ab35c77b5/tags HTTP/1.1" status: 200 len: 218 time: 0.0664723
2026-07-15 00:15:51.417 9 INFO neutron.wsgi [None req-56e823a6-d956-4ce5-b3f8-a1b8acf13c5d 29de980e1cf14083ad0d0dfeebbea240 5b05697cafab4c1a81d2f23c3aed71ff - - default default] 10.0.0.217 "GET /v2.0/routers/f526ef7f-251a-414c-bdff-366ab35c77b5/tags HTTP/1.1" status: 200 len: 218 time: 0.0485950
2026-07-15 00:15:51.424 10 INFO neutron.db.ovn_revision_numbers_db [None req-4d023d38-653b-4d2f-8987-3594517517c6 0869261180e7469a9cd4f2ae3e49bc8e 030afebcd17444e4a8d86a5550356350 - - default default] Successfully bumped revision number for resource cbeef147-c6fe-4e43-8917-552cc7ffe9a3 (type: routers) to 1
2026-07-15 00:15:51.429 10 WARNING neutron.scheduler.dhcp_agent_scheduler [None req-6a4260fc-d107-4662-bdf4-c60452e62a00 69ecaa193f1c4d9082715cfa6768175a 7984a038063548d88d1789b74bd9b319 - - default default] No more DHCP agents
2026-07-15 00:15:51.432 10 WARNING neutron.api.rpc.agentnotifiers.dhcp_rpc_agent_api [None req-6a4260fc-d107-4662-bdf4-c60452e62a00 69ecaa193f1c4d9082715cfa6768175a 7984a038063548d88d1789b74bd9b319 - - default default] Unable to schedule network c1619881-6775-4b38-810a-8b04fa77ce0c: no agents available; will retry on subsequent port and subnet creation events.
2026-07-15 00:15:51.448 10 INFO neutron.wsgi [None req-4d023d38-653b-4d2f-8987-3594517517c6 0869261180e7469a9cd4f2ae3e49bc8e 030afebcd17444e4a8d86a5550356350 - - default default] 10.0.0.217 "POST /v2.0/routers HTTP/1.1" status: 201 len: 802 time: 0.1673486
2026-07-15 00:15:51.494 9 INFO neutron.wsgi [None req-6c676f22-6920-4b37-b6b8-a4e0c64a8aac 29de980e1cf14083ad0d0dfeebbea240 5b05697cafab4c1a81d2f23c3aed71ff - - default default] 10.0.0.217 "PUT /v2.0/routers/f526ef7f-251a-414c-bdff-366ab35c77b5/tags/green HTTP/1.1" status: 201 len: 201 time: 0.0704060
2026-07-15 00:15:51.568 9 INFO neutron.wsgi [None req-cfc5c1dc-dace-4150-9a74-e36a979a51d4 29de980e1cf14083ad0d0dfeebbea240 5b05697cafab4c1a81d2f23c3aed71ff - - default default] 10.0.0.217 "GET /v2.0/routers/f526ef7f-251a-414c-bdff-366ab35c77b5/tags HTTP/1.1" status: 200 len: 227 time: 0.0676618
2026-07-15 00:15:51.577 9 WARNING neutron.plugins.ml2.drivers.ovn.mech_driver.ovsdb.ovn_client [None req-ba97e2e0-8c8a-46c9-aec5-5954db8ceda4 - - - - - -] No port found with ID 8380448c-78cf-40ab-8c58-154b527e222c: RuntimeError: No port found with ID 8380448c-78cf-40ab-8c58-154b527e222c
2026-07-15 00:15:51.654 10 INFO neutron.wsgi [None req-cfd3e574-8ca7-4410-98b0-d7db30775a3f 29de980e1cf14083ad0d0dfeebbea240 5b05697cafab4c1a81d2f23c3aed71ff - - default default] 10.0.0.217 "PUT /v2.0/routers/f526ef7f-251a-414c-bdff-366ab35c77b5/tags/red HTTP/1.1" status: 201 len: 201 time: 0.0751593
2026-07-15 00:15:51.718 9 INFO neutron.wsgi [None req-adb4d131-4bd0-478e-b7a1-babe8aa7d650 29de980e1cf14083ad0d0dfeebbea240 5b05697cafab4c1a81d2f23c3aed71ff - - default default] 10.0.0.217 "GET /v2.0/routers/f526ef7f-251a-414c-bdff-366ab35c77b5/tags HTTP/1.1" status: 200 len: 227 time: 0.0581253
2026-07-15 00:15:51.801 9 INFO neutron.wsgi [None req-c8d25031-1f37-45b0-8d7f-336d02cb5620 29de980e1cf14083ad0d0dfeebbea240 5b05697cafab4c1a81d2f23c3aed71ff - - default default] 10.0.0.217 "PUT /v2.0/routers/f526ef7f-251a-414c-bdff-366ab35c77b5/tags/black.or.white HTTP/1.1" status: 201 len: 201 time: 0.0769687
2026-07-15 00:15:51.862 9 INFO neutron.wsgi [None req-55437708-6cb7-43f6-b5a2-12d2ce8d2e90 29de980e1cf14083ad0d0dfeebbea240 5b05697cafab4c1a81d2f23c3aed71ff - - default default] 10.0.0.217 "GET /v2.0/routers/f526ef7f-251a-414c-bdff-366ab35c77b5/tags HTTP/1.1" status: 200 len: 245 time: 0.0548947
2026-07-15 00:15:51.945 9 INFO neutron.wsgi [None req-83dd7372-eab2-4233-8ebf-39b6c449af94 29de980e1cf14083ad0d0dfeebbea240 5b05697cafab4c1a81d2f23c3aed71ff - - default default] 10.0.0.217 "PUT /v2.0/routers/f526ef7f-251a-414c-bdff-366ab35c77b5/tags HTTP/1.1" status: 200 len: 230 time: 0.0766451
2026-07-15 00:15:52.009 9 INFO neutron.wsgi [None req-2baab37d-ada7-4d70-8e64-450ae30ccc38 29de980e1cf14083ad0d0dfeebbea240 5b05697cafab4c1a81d2f23c3aed71ff - - default default] 10.0.0.217 "GET /v2.0/routers/f526ef7f-251a-414c-bdff-366ab35c77b5/tags HTTP/1.1" status: 200 len: 230 time: 0.0574543
2026-07-15 00:15:52.069 9 INFO neutron.wsgi [None req-2147af0b-0b2c-40f1-97c7-dbe8505251c3 29de980e1cf14083ad0d0dfeebbea240 5b05697cafab4c1a81d2f23c3aed71ff - - default default] 10.0.0.217 "GET /v2.0/routers/f526ef7f-251a-414c-bdff-366ab35c77b5/tags/red HTTP/1.1" status: 204 len: 168 time: 0.0557168
2026-07-15 00:15:52.128 9 INFO neutron.api.v2.resource [None req-81a5d943-71ea-429d-a898-248e0951f692 29de980e1cf14083ad0d0dfeebbea240 5b05697cafab4c1a81d2f23c3aed71ff - - default default] show failed (client error): The resource could not be found.
2026-07-15 00:15:52.129 9 INFO neutron.wsgi [None req-81a5d943-71ea-429d-a898-248e0951f692 29de980e1cf14083ad0d0dfeebbea240 5b05697cafab4c1a81d2f23c3aed71ff - - default default] 10.0.0.217 "GET /v2.0/routers/f526ef7f-251a-414c-bdff-366ab35c77b5/tags/green HTTP/1.1" status: 404 len: 299 time: 0.0562253
2026-07-15 00:15:52.197 9 INFO neutron.wsgi [None req-21df1ff8-1553-4981-b58b-794b4cb5bf26 29de980e1cf14083ad0d0dfeebbea240 5b05697cafab4c1a81d2f23c3aed71ff - - default default] 10.0.0.217 "DELETE /v2.0/routers/f526ef7f-251a-414c-bdff-366ab35c77b5/tags/red HTTP/1.1" status: 204 len: 168 time: 0.0642319
2026-07-15 00:15:52.255 9 INFO neutron.wsgi [None req-06e9eeee-75e2-42bd-a1c8-af9a994d0070 29de980e1cf14083ad0d0dfeebbea240 5b05697cafab4c1a81d2f23c3aed71ff - - default default] 10.0.0.217 "GET /v2.0/routers/f526ef7f-251a-414c-bdff-366ab35c77b5/tags HTTP/1.1" status: 200 len: 223 time: 0.0528843
2026-07-15 00:15:52.308 9 INFO neutron.api.v2.resource [None req-837b1578-1a50-4842-8e6b-bb9d04b36e6f 29de980e1cf14083ad0d0dfeebbea240 5b05697cafab4c1a81d2f23c3aed71ff - - default default] delete failed (client error): The resource could not be found.
2026-07-15 00:15:52.309 9 INFO neutron.wsgi [None req-837b1578-1a50-4842-8e6b-bb9d04b36e6f 29de980e1cf14083ad0d0dfeebbea240 5b05697cafab4c1a81d2f23c3aed71ff - - default default] 10.0.0.217 "DELETE /v2.0/routers/f526ef7f-251a-414c-bdff-366ab35c77b5/tags/green HTTP/1.1" status: 404 len: 299 time: 0.0473852
2026-07-15 00:15:52.362 10 WARNING neutron.scheduler.dhcp_agent_scheduler [None req-e518b428-9f79-40f7-bb5b-26440fcdd3c9 0869261180e7469a9cd4f2ae3e49bc8e 030afebcd17444e4a8d86a5550356350 - - default default] No more DHCP agents
2026-07-15 00:15:52.373 10 WARNING neutron.api.rpc.agentnotifiers.dhcp_rpc_agent_api [None req-e518b428-9f79-40f7-bb5b-26440fcdd3c9 0869261180e7469a9cd4f2ae3e49bc8e 030afebcd17444e4a8d86a5550356350 - - default default] Unable to schedule network 8e2322d5-5f68-4314-8e27-5610e9c37d3e: no agents available; will retry on subsequent port and subnet creation events.
2026-07-15 00:15:52.408 9 INFO neutron.wsgi [None req-69d41ce7-c556-40b1-93b7-af5cfe0691a0 29de980e1cf14083ad0d0dfeebbea240 5b05697cafab4c1a81d2f23c3aed71ff - - default default] 10.0.0.217 "DELETE /v2.0/routers/f526ef7f-251a-414c-bdff-366ab35c77b5/tags HTTP/1.1" status: 204 len: 168 time: 0.0892289
2026-07-15 00:15:52.476 9 INFO neutron.wsgi [None req-47db81af-23c7-4f28-82a0-d0c6715d16af 29de980e1cf14083ad0d0dfeebbea240 5b05697cafab4c1a81d2f23c3aed71ff - - default default] 10.0.0.217 "GET /v2.0/routers/f526ef7f-251a-414c-bdff-366ab35c77b5/tags HTTP/1.1" status: 200 len: 205 time: 0.0630867
2026-07-15 00:15:52.541 10 INFO neutron.db.ovn_revision_numbers_db [None req-6a4260fc-d107-4662-bdf4-c60452e62a00 69ecaa193f1c4d9082715cfa6768175a 7984a038063548d88d1789b74bd9b319 - - default default] Successfully bumped revision number for resource 4eb43bc0-b455-414f-a5c0-1652841a92ac (type: ports) to 2
2026-07-15 00:15:52.549 9 INFO neutron.wsgi [None req-06040c37-99aa-43b6-9e6e-da283dc1fcb0 29de980e1cf14083ad0d0dfeebbea240 5b05697cafab4c1a81d2f23c3aed71ff - - default default] 10.0.0.217 "GET /v2.0/routers/f526ef7f-251a-414c-bdff-366ab35c77b5 HTTP/1.1" status: 200 len: 770 time: 0.0647941
2026-07-15 00:15:52.594 10 INFO neutron.db.ovn_revision_numbers_db [None req-6a4260fc-d107-4662-bdf4-c60452e62a00 69ecaa193f1c4d9082715cfa6768175a 7984a038063548d88d1789b74bd9b319 - - default default] Successfully bumped revision number for resource 27aed2a7-e5ef-4295-a122-70e8c7e0e96c (type: subnets) to 0
2026-07-15 00:15:52.608 10 INFO neutron.wsgi [None req-6a4260fc-d107-4662-bdf4-c60452e62a00 69ecaa193f1c4d9082715cfa6768175a 7984a038063548d88d1789b74bd9b319 - - default default] 10.0.0.217 "POST /v2.0/subnets HTTP/1.1" status: 201 len: 822 time: 1.4159648
2026-07-15 00:15:52.610 10 INFO neutron.db.ovn_revision_numbers_db [None req-e518b428-9f79-40f7-bb5b-26440fcdd3c9 0869261180e7469a9cd4f2ae3e49bc8e 030afebcd17444e4a8d86a5550356350 - - default default] Successfully bumped revision number for resource 13d3a5d1-79ad-49ff-acfe-4a55f40640c1 (type: ports) to 1
2026-07-15 00:15:52.619 10 WARNING neutron.api.v2.base [None req-2c824320-57e5-408c-a689-419d9cd677cb 69ecaa193f1c4d9082715cfa6768175a 7984a038063548d88d1789b74bd9b319 - - default default] An exception happened while processing the request body. The exception message is [Invalid input for target_tenant. Reason: '1234123412341234123412341234123412341234123412341234123412341234123412341234123412341234123412341234123412341234123412341234123412341234123412341234123412341234123412341234123412341234123412341234123412341234123412341234123412341234123412341234123412341234123412341234123412341234123412341234123412341234123412341234123412341234123412341234123412341234123412341234123412341234123412341234123412341234' exceeds maximum length of 255.].: webob.exc.HTTPBadRequest: Invalid input for target_tenant. Reason: '1234123412341234123412341234123412341234123412341234123412341234123412341234123412341234123412341234123412341234123412341234123412341234123412341234123412341234123412341234123412341234123412341234123412341234123412341234123412341234123412341234123412341234123412341234123412341234123412341234123412341234123412341234123412341234123412341234123412341234123412341234123412341234123412341234123412341234' exceeds maximum length of 255.
2026-07-15 00:15:52.620 10 INFO neutron.api.v2.resource [None req-2c824320-57e5-408c-a689-419d9cd677cb 69ecaa193f1c4d9082715cfa6768175a 7984a038063548d88d1789b74bd9b319 - - default default] create failed (client error): Invalid input for target_tenant. Reason: '1234123412341234123412341234123412341234123412341234123412341234123412341234123412341234123412341234123412341234123412341234123412341234123412341234123412341234123412341234123412341234123412341234123412341234123412341234123412341234123412341234123412341234123412341234123412341234123412341234123412341234123412341234123412341234123412341234123412341234123412341234123412341234123412341234123412341234' exceeds maximum length of 255.
2026-07-15 00:15:52.621 10 INFO neutron.wsgi [None req-2c824320-57e5-408c-a689-419d9cd677cb 69ecaa193f1c4d9082715cfa6768175a 7984a038063548d88d1789b74bd9b319 - - default default] 10.0.0.217 "POST /v2.0/rbac-policies HTTP/1.1" status: 400 len: 750 time: 0.0069089
2026-07-15 00:15:53.196 10 ERROR ovsdbapp.backend.ovs_idl.command [None req-e518b428-9f79-40f7-bb5b-26440fcdd3c9 0869261180e7469a9cd4f2ae3e49bc8e 030afebcd17444e4a8d86a5550356350 - - default default] Error executing command (DbGetCommand): ovsdbapp.backend.ovs_idl.idlutils.RowNotFound: Cannot find Logical_Router_Port with name=lrp-13d3a5d1-79ad-49ff-acfe-4a55f40640c1
2026-07-15 00:15:53.196 10 ERROR ovsdbapp.backend.ovs_idl.command
Traceback (most recent call last):
2026-07-15 00:15:53.196 10 ERROR ovsdbapp.backend.ovs_idl.command
File "/var/lib/openstack/lib/python3.10/site-packages/ovsdbapp/backend/ovs_idl/command.py", line 47, in execute
2026-07-15 00:15:53.196 10 ERROR ovsdbapp.backend.ovs_idl.command self.run_idl(None)
2026-07-15 00:15:53.196 10 ERROR ovsdbapp.backend.ovs_idl.command
File "/var/lib/openstack/lib/python3.10/site-packages/ovsdbapp/backend/ovs_idl/command.py", line 235, in run_idl
2026-07-15 00:15:53.196 10 ERROR ovsdbapp.backend.ovs_idl.command record = self.api.lookup(self.table, self.record)
2026-07-15 00:15:53.196 10 ERROR ovsdbapp.backend.ovs_idl.command
File "/var/lib/openstack/lib/python3.10/site-packages/ovsdbapp/backend/ovs_idl/__init__.py", line 184, in lookup
2026-07-15 00:15:53.196 10 ERROR ovsdbapp.backend.ovs_idl.command return self._lookup(table, record)
2026-07-15 00:15:53.196 10 ERROR ovsdbapp.backend.ovs_idl.command
File "/var/lib/openstack/lib/python3.10/site-packages/ovsdbapp/backend/ovs_idl/__init__.py", line 235, in _lookup
2026-07-15 00:15:53.196 10 ERROR ovsdbapp.backend.ovs_idl.command row = idlutils.row_by_value(self, rl.table, rl.column, record)
2026-07-15 00:15:53.196 10 ERROR ovsdbapp.backend.ovs_idl.command
File "/var/lib/openstack/lib/python3.10/site-packages/ovsdbapp/backend/ovs_idl/idlutils.py", line 114, in row_by_value
2026-07-15 00:15:53.196 10 ERROR ovsdbapp.backend.ovs_idl.command raise RowNotFound(table=table, col=column, match=match)
2026-07-15 00:15:53.196 10 ERROR ovsdbapp.backend.ovs_idl.command ovsdbapp.backend.ovs_idl.idlutils.RowNotFound: Cannot find Logical_Router_Port with name=lrp-13d3a5d1-79ad-49ff-acfe-4a55f40640c1
2026-07-15 00:15:53.196 10 ERROR ovsdbapp.backend.ovs_idl.command 
2026-07-15 00:15:53.197 10 ERROR neutron_lib.callbacks.manager [None req-e518b428-9f79-40f7-bb5b-26440fcdd3c9 0869261180e7469a9cd4f2ae3e49bc8e 030afebcd17444e4a8d86a5550356350 - - default default] Error during notification for neutron.services.ovn_l3.plugin.OVNL3RouterPlugin._port_update-8771991230173 port, after_update: ovsdbapp.backend.ovs_idl.idlutils.RowNotFound: Cannot find Logical_Router_Port with name=lrp-13d3a5d1-79ad-49ff-acfe-4a55f40640c1
2026-07-15 00:15:53.197 10 ERROR neutron_lib.callbacks.manager
Traceback (most recent call last):
2026-07-15 00:15:53.197 10 ERROR neutron_lib.callbacks.manager
File "/var/lib/openstack/lib/python3.10/site-packages/neutron_lib/callbacks/manager.py", line 189, in _notify_loop
2026-07-15 00:15:53.197 10 ERROR neutron_lib.callbacks.manager callback.method(resource, event, trigger, payload=payload)
2026-07-15 00:15:53.197 10 ERROR neutron_lib.callbacks.manager
File "/var/lib/openstack/lib/python3.10/site-packages/neutron/services/ovn_l3/plugin.py", line 391, in _port_update
2026-07-15 00:15:53.197 10 ERROR neutron_lib.callbacks.manager l3plugin._ovn_client.update_router_port(context,
2026-07-15 00:15:53.197 10 ERROR neutron_lib.callbacks.manager
File "/var/lib/openstack/lib/python3.10/site-packages/neutron/plugins/ml2/drivers/ovn/mech_driver/ovsdb/ovn_client.py", line 1878, in update_router_port
2026-07-15 00:15:53.197 10 ERROR neutron_lib.callbacks.manager self._update_lrouter_port(context, port, if_exists=if_exists,
2026-07-15 00:15:53.197 10 ERROR neutron_lib.callbacks.manager
File "/var/lib/openstack/lib/python3.10/site-packages/neutron/plugins/ml2/drivers/ovn/mech_driver/ovsdb/ovn_client.py", line 1855, in _update_lrouter_port
2026-07-15 00:15:53.197 10 ERROR neutron_lib.callbacks.manager external_ids = self._nb_idl.db_get(
2026-07-15 00:15:53.197 10 ERROR neutron_lib.callbacks.manager
File "/var/lib/openstack/lib/python3.10/site-packages/ovsdbapp/backend/ovs_idl/command.py", line 47, in execute
2026-07-15 00:15:53.197 10 ERROR neutron_lib.callbacks.manager self.run_idl(None)
2026-07-15 00:15:53.197 10 ERROR neutron_lib.callbacks.manager
File "/var/lib/openstack/lib/python3.10/site-packages/ovsdbapp/backend/ovs_idl/command.py", line 235, in run_idl
2026-07-15 00:15:53.197 10 ERROR neutron_lib.callbacks.manager record = self.api.lookup(self.table, self.record)
2026-07-15 00:15:53.197 10 ERROR neutron_lib.callbacks.manager
File "/var/lib/openstack/lib/python3.10/site-packages/ovsdbapp/backend/ovs_idl/__init__.py", line 184, in lookup
2026-07-15 00:15:53.197 10 ERROR neutron_lib.callbacks.manager return self._lookup(table, record)
2026-07-15 00:15:53.197 10 ERROR neutron_lib.callbacks.manager
File "/var/lib/openstack/lib/python3.10/site-packages/ovsdbapp/backend/ovs_idl/__init__.py", line 235, in _lookup
2026-07-15 00:15:53.197 10 ERROR neutron_lib.callbacks.manager row = idlutils.row_by_value(self, rl.table, rl.column, record)
2026-07-15 00:15:53.197 10 ERROR neutron_lib.callbacks.manager
File "/var/lib/openstack/lib/python3.10/site-packages/ovsdbapp/backend/ovs_idl/idlutils.py", line 114, in row_by_value
2026-07-15 00:15:53.197 10 ERROR neutron_lib.callbacks.manager raise RowNotFound(table=table, col=column, match=match)
2026-07-15 00:15:53.197 10 ERROR neutron_lib.callbacks.manager ovsdbapp.backend.ovs_idl.idlutils.RowNotFound: Cannot find Logical_Router_Port with name=lrp-13d3a5d1-79ad-49ff-acfe-4a55f40640c1
2026-07-15 00:15:53.197 10 ERROR neutron_lib.callbacks.manager 
2026-07-15 00:15:53.225 9 INFO neutron.db.ovn_revision_numbers_db [None req-61ff4153-5117-4302-bde3-646f7645571a 29de980e1cf14083ad0d0dfeebbea240 5b05697cafab4c1a81d2f23c3aed71ff - - default default] Successfully bumped revision number for resource f526ef7f-251a-414c-bdff-366ab35c77b5 (type: routers) to 7
2026-07-15 00:15:53.233 9 INFO neutron.wsgi [None req-61ff4153-5117-4302-bde3-646f7645571a 29de980e1cf14083ad0d0dfeebbea240 5b05697cafab4c1a81d2f23c3aed71ff - - default default] 10.0.0.217 "PUT /v2.0/routers/f526ef7f-251a-414c-bdff-366ab35c77b5 HTTP/1.1" status: 200 len: 770 time: 0.6783319
2026-07-15 00:15:53.257 9 INFO neutron.wsgi [None req-1fabe810-ff7d-4941-81e6-34a6c3913126 29de980e1cf14083ad0d0dfeebbea240 5b05697cafab4c1a81d2f23c3aed71ff - - default default] 10.0.0.217 "GET /v2.0/ports?device_id=f526ef7f-251a-414c-bdff-366ab35c77b5 HTTP/1.1" status: 200 len: 205 time: 0.0187433
2026-07-15 00:15:53.415 10 INFO neutron.services.segments.plugin [-] Segment 283882ee-4d65-48b7-ac31-c8c04887bdc8 resource provider aggregate not found
2026-07-15 00:15:53.421 10 INFO neutron.services.segments.plugin [-] Segment 283882ee-4d65-48b7-ac31-c8c04887bdc8 resource provider aggregate not found
2026-07-15 00:15:53.434 10 INFO neutron.services.segments.plugin [-] Segment 283882ee-4d65-48b7-ac31-c8c04887bdc8 resource provider not found; error: Placement Client Error (4xx): {"errors": [{"status": 404, "title": "Not Found", "detail": "The resource could not be found.\n\n No resource provider with uuid 283882ee-4d65-48b7-ac31-c8c04887bdc8 found for delete ", "request_id": "req-8960fd00-2a13-43fb-901c-2d980e0c41e9"}]}
2026-07-15 00:15:53.439 9 INFO neutron.plugins.ml2.drivers.ovn.mech_driver.mech_driver [None req-ba97e2e0-8c8a-46c9-aec5-5954db8ceda4 - - - - - -] OVN reports status up for port: 13d3a5d1-79ad-49ff-acfe-4a55f40640c1
2026-07-15 00:15:53.441 10 INFO neutron.services.segments.plugin [-] Segment 283882ee-4d65-48b7-ac31-c8c04887bdc8 resource provider not found; error: Placement Client Error (4xx): {"errors": [{"status": 404, "title": "Not Found", "detail": "The resource could not be found.\n\n No resource provider with uuid 283882ee-4d65-48b7-ac31-c8c04887bdc8 found for delete ", "request_id": "req-e3c0c831-768a-46f7-b503-3810ef55bb96"}]}
2026-07-15 00:15:53.450 9 INFO neutron.plugins.ml2.plugin [None req-ba97e2e0-8c8a-46c9-aec5-5954db8ceda4 - - - - - -] Attempt 1 to provision port 13d3a5d1-79ad-49ff-acfe-4a55f40640c1
2026-07-15 00:15:53.465 10 INFO neutron.wsgi [None req-dbcff5cb-c2b3-421d-bcac-da2425211498 69ecaa193f1c4d9082715cfa6768175a 7984a038063548d88d1789b74bd9b319 - - default default] 10.0.0.217 "DELETE /v2.0/networks/c1619881-6775-4b38-810a-8b04fa77ce0c HTTP/1.1" status: 204 len: 168 time: 0.8409398
2026-07-15 00:15:53.476 10 INFO neutron.db.ovn_revision_numbers_db [None req-e518b428-9f79-40f7-bb5b-26440fcdd3c9 0869261180e7469a9cd4f2ae3e49bc8e 030afebcd17444e4a8d86a5550356350 - - default default] Successfully bumped revision number for resource 13d3a5d1-79ad-49ff-acfe-4a55f40640c1 (type: ports) to 1
2026-07-15 00:15:53.510 9 INFO neutron.wsgi [None req-9bf5a423-3763-4a22-aa6e-f836301cc35c 29de980e1cf14083ad0d0dfeebbea240 5b05697cafab4c1a81d2f23c3aed71ff - - default default] 10.0.0.217 "DELETE /v2.0/routers/f526ef7f-251a-414c-bdff-366ab35c77b5 HTTP/1.1" status: 204 len: 168 time: 0.2420213
2026-07-15 00:15:53.546 10 WARNING neutron.scheduler.dhcp_agent_scheduler [None req-e518b428-9f79-40f7-bb5b-26440fcdd3c9 0869261180e7469a9cd4f2ae3e49bc8e 030afebcd17444e4a8d86a5550356350 - - default default] No more DHCP agents
2026-07-15 00:15:53.547 10 WARNING neutron.api.rpc.agentnotifiers.dhcp_rpc_agent_api [None req-e518b428-9f79-40f7-bb5b-26440fcdd3c9 0869261180e7469a9cd4f2ae3e49bc8e 030afebcd17444e4a8d86a5550356350 - - default default] Unable to schedule network 8e2322d5-5f68-4314-8e27-5610e9c37d3e: no agents available; will retry on subsequent port and subnet creation events.
2026-07-15 00:15:53.583 9 INFO neutron.db.segments_db [None req-5adac276-9a9c-4796-891c-d2c97d97aca6 69ecaa193f1c4d9082715cfa6768175a 7984a038063548d88d1789b74bd9b319 - - default default] Added segment 50f4c35d-2d50-4a62-8bcf-12c957643fbe of type geneve for network 664dd6e8-3b94-4585-942b-53043fbc3978
2026-07-15 00:15:53.740 10 INFO neutron.db.ovn_revision_numbers_db [None req-e518b428-9f79-40f7-bb5b-26440fcdd3c9 0869261180e7469a9cd4f2ae3e49bc8e 030afebcd17444e4a8d86a5550356350 - - default default] Successfully bumped revision number for resource 13d3a5d1-79ad-49ff-acfe-4a55f40640c1 (type: router_ports) to 1
2026-07-15 00:15:53.747 10 INFO neutron.wsgi [None req-e518b428-9f79-40f7-bb5b-26440fcdd3c9 0869261180e7469a9cd4f2ae3e49bc8e 030afebcd17444e4a8d86a5550356350 - - default default] 10.0.0.217 "PUT /v2.0/routers/cbeef147-c6fe-4e43-8917-552cc7ffe9a3/add_router_interface HTTP/1.1" status: 200 len: 503 time: 2.2800026
2026-07-15 00:15:53.822 9 INFO neutron.db.ovn_revision_numbers_db [None req-5adac276-9a9c-4796-891c-d2c97d97aca6 69ecaa193f1c4d9082715cfa6768175a 7984a038063548d88d1789b74bd9b319 - - default default] Successfully bumped revision number for resource 664dd6e8-3b94-4585-942b-53043fbc3978 (type: networks) to 1
2026-07-15 00:15:53.853 10 INFO neutron.wsgi [None req-b39e02b5-8541-4a09-9bc7-24e9bd4cf63a 0869261180e7469a9cd4f2ae3e49bc8e 030afebcd17444e4a8d86a5550356350 - - default default] 10.0.0.217 "GET /v2.0/ports/13d3a5d1-79ad-49ff-acfe-4a55f40640c1 HTTP/1.1" status: 200 len: 1137 time: 0.0967078
2026-07-15 00:15:53.902 10 INFO neutron.wsgi [None req-a8baf1a6-2f7c-4fa2-91bc-ad258ed195e5 0869261180e7469a9cd4f2ae3e49bc8e 030afebcd17444e4a8d86a5550356350 - - default default] 10.0.0.217 "GET /v2.0/ports/13d3a5d1-79ad-49ff-acfe-4a55f40640c1 HTTP/1.1" status: 200 len: 1137 time: 0.0447197
2026-07-15 00:15:54.097 9 WARNING neutron.scheduler.dhcp_agent_scheduler [None req-5adac276-9a9c-4796-891c-d2c97d97aca6 69ecaa193f1c4d9082715cfa6768175a 7984a038063548d88d1789b74bd9b319 - - default default] No more DHCP agents
2026-07-15 00:15:54.100 9 WARNING neutron.api.rpc.agentnotifiers.dhcp_rpc_agent_api [None req-5adac276-9a9c-4796-891c-d2c97d97aca6 69ecaa193f1c4d9082715cfa6768175a 7984a038063548d88d1789b74bd9b319 - - default default] Unable to schedule network 664dd6e8-3b94-4585-942b-53043fbc3978: no agents available; will retry on subsequent port and subnet creation events.
2026-07-15 00:15:54.110 9 INFO neutron.db.ovn_revision_numbers_db [None req-ba97e2e0-8c8a-46c9-aec5-5954db8ceda4 - - - - - -] Successfully bumped revision number for resource 13d3a5d1-79ad-49ff-acfe-4a55f40640c1 (type: ports) to 2
2026-07-15 00:15:54.242 9 INFO neutron.db.ovn_revision_numbers_db [None req-5adac276-9a9c-4796-891c-d2c97d97aca6 69ecaa193f1c4d9082715cfa6768175a 7984a038063548d88d1789b74bd9b319 - - default default] Successfully bumped revision number for resource 37e8f98b-ace2-42fd-9151-240e64e63845 (type: ports) to 1
2026-07-15 00:15:54.273 9 INFO neutron.wsgi [None req-5adac276-9a9c-4796-891c-d2c97d97aca6 69ecaa193f1c4d9082715cfa6768175a 7984a038063548d88d1789b74bd9b319 - - default default] 10.0.0.217 "POST /v2.0/networks HTTP/1.1" status: 201 len: 929 time: 0.8004029
2026-07-15 00:15:54.287 9 INFO neutron.db.ovn_revision_numbers_db [None req-ba97e2e0-8c8a-46c9-aec5-5954db8ceda4 - - - - - -] Successfully bumped revision number for resource 13d3a5d1-79ad-49ff-acfe-4a55f40640c1 (type: router_ports) to 2
2026-07-15 00:15:54.434 9 WARNING neutron.scheduler.dhcp_agent_scheduler [None req-7adb8972-cfa4-4020-bf05-7059390d9585 69ecaa193f1c4d9082715cfa6768175a 7984a038063548d88d1789b74bd9b319 - - default default] No more DHCP agents
2026-07-15 00:15:54.436 9 WARNING neutron.api.rpc.agentnotifiers.dhcp_rpc_agent_api [None req-7adb8972-cfa4-4020-bf05-7059390d9585 69ecaa193f1c4d9082715cfa6768175a 7984a038063548d88d1789b74bd9b319 - - default default] Unable to schedule network 664dd6e8-3b94-4585-942b-53043fbc3978: no agents available; will retry on subsequent port and subnet creation events.
2026-07-15 00:15:54.597 10 INFO neutron.db.ovn_revision_numbers_db [None req-83dbb743-a058-4028-abf1-cbdcdbadbb5a 851b7c2d5e414e4295867e176e51c3f5 d37282b52f0c42eeb9a5de6b4a37b929 - - default default] Successfully bumped revision number for resource edae4461-3128-45aa-b3cd-bab1596848b2 (type: security_groups) to 1
2026-07-15 00:15:54.612 10 INFO neutron.db.ovn_revision_numbers_db [None req-83dbb743-a058-4028-abf1-cbdcdbadbb5a 851b7c2d5e414e4295867e176e51c3f5 d37282b52f0c42eeb9a5de6b4a37b929 - - default default] Successfully bumped revision number for resource 194d0391-b845-4fa4-8827-8a212554feaa (type: security_group_rules) to 0
2026-07-15 00:15:54.659 10 INFO neutron.db.ovn_revision_numbers_db [None req-83dbb743-a058-4028-abf1-cbdcdbadbb5a 851b7c2d5e414e4295867e176e51c3f5 d37282b52f0c42eeb9a5de6b4a37b929 - - default default] Successfully bumped revision number for resource 4230da9d-2607-4dbb-b06f-03a39a1e10c1 (type: security_group_rules) to 0
2026-07-15 00:15:54.681 10 INFO neutron.db.ovn_revision_numbers_db [None req-83dbb743-a058-4028-abf1-cbdcdbadbb5a 851b7c2d5e414e4295867e176e51c3f5 d37282b52f0c42eeb9a5de6b4a37b929 - - default default] Successfully bumped revision number for resource 7a8932c7-828e-4d2b-b38d-5bd424e5615a (type: security_group_rules) to 0
2026-07-15 00:15:54.735 10 INFO neutron.wsgi [None req-d6640347-8ff0-4a96-8c37-cbff3a47c6f9 0869261180e7469a9cd4f2ae3e49bc8e 030afebcd17444e4a8d86a5550356350 - - default default] 10.0.0.217 "PUT /v2.0/routers/cbeef147-c6fe-4e43-8917-552cc7ffe9a3/remove_router_interface HTTP/1.1" status: 200 len: 503 time: 0.8272574
2026-07-15 00:15:54.736 10 INFO neutron.db.ovn_revision_numbers_db [None req-83dbb743-a058-4028-abf1-cbdcdbadbb5a 851b7c2d5e414e4295867e176e51c3f5 d37282b52f0c42eeb9a5de6b4a37b929 - - default default] Successfully bumped revision number for resource ba9bf5a2-0540-469b-8ac7-44447289db0a (type: security_group_rules) to 0 /var/lib/openstack/lib/python3.10/site-packages/pycadf/identifier.py:71: UserWarning: Invalid uuid: neutron. To ensure interoperability, identifiers should be a valid uuid. warnings.warn(('Invalid uuid: %s. To ensure interoperability, '
2026-07-15 00:15:54.773 10 INFO neutron.wsgi [None req-ffabac73-44a1-4eeb-9f6d-dc11c47f244b 0869261180e7469a9cd4f2ae3e49bc8e 030afebcd17444e4a8d86a5550356350 - - default default] 10.0.0.217 "GET /v2.0/ports?device_id=cbeef147-c6fe-4e43-8917-552cc7ffe9a3 HTTP/1.1" status: 200 len: 205 time: 0.0326867
2026-07-15 00:15:54.779 10 INFO neutron.wsgi [None req-83dbb743-a058-4028-abf1-cbdcdbadbb5a 851b7c2d5e414e4295867e176e51c3f5 d37282b52f0c42eeb9a5de6b4a37b929 - - default default] 10.0.0.217 "GET /v2.0/security-groups?tenant_id=5b05697cafab4c1a81d2f23c3aed71ff&name=default HTTP/1.1" status: 200 len: 3120 time: 0.5053852
2026-07-15 00:15:54.992 10 INFO neutron.wsgi [None req-fe8d4a5c-5d2d-4d5e-a8b1-834d91b8f495 851b7c2d5e414e4295867e176e51c3f5 d37282b52f0c42eeb9a5de6b4a37b929 - - default default] 10.0.0.217 "DELETE /v2.0/security-groups/edae4461-3128-45aa-b3cd-bab1596848b2 HTTP/1.1" status: 204 len: 168 time: 0.2068906
2026-07-15 00:15:55.066 9 INFO neutron.wsgi [None req-eb5deec7-6d27-4595-bba6-2d8654aa568f 0869261180e7469a9cd4f2ae3e49bc8e 030afebcd17444e4a8d86a5550356350 - - default default] 10.0.0.217 "DELETE /v2.0/routers/cbeef147-c6fe-4e43-8917-552cc7ffe9a3 HTTP/1.1" status: 204 len: 168 time: 0.2860551
2026-07-15 00:15:55.246 10 INFO neutron.db.ovn_revision_numbers_db [None req-c08d9f74-b5f6-4128-97e7-435499fb616a 851b7c2d5e414e4295867e176e51c3f5 d37282b52f0c42eeb9a5de6b4a37b929 - - default default] Successfully bumped revision number for resource 520012aa-1973-47c7-85d5-95ba0b8d1ab4 (type: security_groups) to 1
2026-07-15 00:15:55.260 10 INFO neutron.db.ovn_revision_numbers_db [None req-c08d9f74-b5f6-4128-97e7-435499fb616a 851b7c2d5e414e4295867e176e51c3f5 d37282b52f0c42eeb9a5de6b4a37b929 - - default default] Successfully bumped revision number for resource 13920647-1817-4445-884a-1f0916175afc (type: security_group_rules) to 0
2026-07-15 00:15:55.274 10 INFO neutron.db.ovn_revision_numbers_db [None req-c08d9f74-b5f6-4128-97e7-435499fb616a 851b7c2d5e414e4295867e176e51c3f5 d37282b52f0c42eeb9a5de6b4a37b929 - - default default] Successfully bumped revision number for resource 211468c1-f37f-4587-9b3e-fd3452680351 (type: security_group_rules) to 0
2026-07-15 00:15:55.288 10 INFO neutron.db.ovn_revision_numbers_db [None req-c08d9f74-b5f6-4128-97e7-435499fb616a 851b7c2d5e414e4295867e176e51c3f5 d37282b52f0c42eeb9a5de6b4a37b929 - - default default] Successfully bumped revision number for resource 4c328b87-2c80-456c-8071-12330dfa25de (type: security_group_rules) to 0
2026-07-15 00:15:55.303 10 INFO neutron.db.ovn_revision_numbers_db [None req-c08d9f74-b5f6-4128-97e7-435499fb616a 851b7c2d5e414e4295867e176e51c3f5 d37282b52f0c42eeb9a5de6b4a37b929 - - default default] Successfully bumped revision number for resource 74509916-ab5d-4a67-8e97-b25347e06ce7 (type: security_group_rules) to 0
2026-07-15 00:15:55.330 10 INFO neutron.wsgi [None req-c08d9f74-b5f6-4128-97e7-435499fb616a 851b7c2d5e414e4295867e176e51c3f5 d37282b52f0c42eeb9a5de6b4a37b929 - - default default] 10.0.0.217 "GET /v2.0/security-groups?tenant_id=98761d469b0f4934b43499ebe7cc4381&name=default HTTP/1.1" status: 200 len: 3120 time: 0.2034531
2026-07-15 00:15:55.469 9 INFO neutron.db.ovn_revision_numbers_db [None req-7adb8972-cfa4-4020-bf05-7059390d9585 69ecaa193f1c4d9082715cfa6768175a 7984a038063548d88d1789b74bd9b319 - - default default] Successfully bumped revision number for resource 37e8f98b-ace2-42fd-9151-240e64e63845 (type: ports) to 2
2026-07-15 00:15:55.518 9 INFO neutron.db.ovn_revision_numbers_db [None req-7adb8972-cfa4-4020-bf05-7059390d9585 69ecaa193f1c4d9082715cfa6768175a 7984a038063548d88d1789b74bd9b319 - - default default] Successfully bumped revision number for resource 8d826943-dde3-469c-bd28-7ce31ecf2501 (type: subnets) to 0
2026-07-15 00:15:55.544 9 INFO neutron.wsgi [None req-7adb8972-cfa4-4020-bf05-7059390d9585 69ecaa193f1c4d9082715cfa6768175a 7984a038063548d88d1789b74bd9b319 - - default default] 10.0.0.217 "POST /v2.0/subnets HTTP/1.1" status: 201 len: 822 time: 1.2669811
2026-07-15 00:15:55.551 10 INFO neutron.wsgi [None req-df27b9f3-086c-4066-ae6f-9483090cb1ad 851b7c2d5e414e4295867e176e51c3f5 d37282b52f0c42eeb9a5de6b4a37b929 - - default default] 10.0.0.217 "DELETE /v2.0/security-groups/520012aa-1973-47c7-85d5-95ba0b8d1ab4 HTTP/1.1" status: 204 len: 168 time: 0.2136261
2026-07-15 00:15:55.654 9 INFO neutron.wsgi [None req-36661895-7840-4a35-ad56-400cc5e066a8 0869261180e7469a9cd4f2ae3e49bc8e 030afebcd17444e4a8d86a5550356350 - - default default] 10.0.0.217 "DELETE /v2.0/subnets/58c8b46f-5129-4dd8-9af8-f3b777cb1c2e HTTP/1.1" status: 204 len: 168 time: 0.5830710
2026-07-15 00:15:55.902 9 INFO neutron.wsgi [None req-97897cac-5d73-4b32-a975-276e15aa38d9 69ecaa193f1c4d9082715cfa6768175a 7984a038063548d88d1789b74bd9b319 - - default default] 10.0.0.217 "POST /v2.0/rbac-policies HTTP/1.1" status: 201 len: 523 time: 0.3519998
2026-07-15 00:15:56.049 10 INFO neutron.services.segments.plugin [-] Segment 02ed2467-e839-4077-8dd9-d0382aa0cc3f resource provider aggregate not found
2026-07-15 00:15:56.055 10 INFO neutron.services.segments.plugin [-] Segment 02ed2467-e839-4077-8dd9-d0382aa0cc3f resource provider aggregate not found
2026-07-15 00:15:56.070 10 INFO neutron.services.segments.plugin [-] Segment 02ed2467-e839-4077-8dd9-d0382aa0cc3f resource provider not found; error: Placement Client Error (4xx): {"errors": [{"status": 404, "title": "Not Found", "detail": "The resource could not be found.\n\n No resource provider with uuid 02ed2467-e839-4077-8dd9-d0382aa0cc3f found for delete ", "request_id": "req-71a885d9-6c0d-410d-a16b-863ba51e70d0"}]}
2026-07-15 00:15:56.097 10 INFO neutron.wsgi [None req-9000e008-32b0-4f1c-a07f-228981690791 0869261180e7469a9cd4f2ae3e49bc8e 030afebcd17444e4a8d86a5550356350 - - default default] 10.0.0.217 "DELETE /v2.0/networks/8e2322d5-5f68-4314-8e27-5610e9c37d3e HTTP/1.1" status: 204 len: 168 time: 0.4371476
2026-07-15 00:15:56.113 9 WARNING neutron_lib.context [None req-a861c491-b8e6-40f0-a0ab-ac52f843f835 0869261180e7469a9cd4f2ae3e49bc8e 030afebcd17444e4a8d86a5550356350 - - default default] Method 'is_advsvc' is deprecated since 2023.2 release (neutron-lib 3.8.0) and will be removed once support for the old RBAC API policies will be removed from Neutron. Please use method 'is_service_role' instead.
2026-07-15 00:15:56.130 10 INFO neutron.services.segments.plugin [-] Segment 02ed2467-e839-4077-8dd9-d0382aa0cc3f resource provider not found; error: Placement Client Error (4xx): {"errors": [{"status": 404, "title": "Not Found", "detail": "The resource could not be found.\n\n No resource provider with uuid 02ed2467-e839-4077-8dd9-d0382aa0cc3f found for delete ", "request_id": "req-87350e3a-2656-46ba-aac3-89468adff0aa"}]}
2026-07-15 00:15:56.453 10 INFO neutron.wsgi [None req-441c7327-3091-4f13-842f-b301f0716b41 f810eaafd6c94f46a7054ad53b6d9cb5 f362000ca4f24b0cb19684ba4ba75ee6 - - default default] 10.0.0.217 "GET /v2.0/networks/664dd6e8-3b94-4585-942b-53043fbc3978 HTTP/1.1" status: 200 len: 849 time: 0.1602743
2026-07-15 00:15:56.689 9 WARNING neutron.scheduler.dhcp_agent_scheduler [None req-a861c491-b8e6-40f0-a0ab-ac52f843f835 0869261180e7469a9cd4f2ae3e49bc8e 030afebcd17444e4a8d86a5550356350 - - default default] No more DHCP agents
2026-07-15 00:15:56.691 9 WARNING neutron.api.rpc.agentnotifiers.dhcp_rpc_agent_api [None req-a861c491-b8e6-40f0-a0ab-ac52f843f835 0869261180e7469a9cd4f2ae3e49bc8e 030afebcd17444e4a8d86a5550356350 - - default default] Unable to schedule network 26c6b39e-c936-438f-b814-b71b15a8d673: no agents available; will retry on subsequent port and subnet creation events.
2026-07-15 00:15:56.887 9 INFO neutron.db.ovn_revision_numbers_db [None req-a861c491-b8e6-40f0-a0ab-ac52f843f835 0869261180e7469a9cd4f2ae3e49bc8e 030afebcd17444e4a8d86a5550356350 - - default default] Successfully bumped revision number for resource f6e2d928-f22b-44b4-a0b4-2edaa4562019 (type: ports) to 1
2026-07-15 00:15:56.966 9 INFO neutron.pecan_wsgi.hooks.translation [None req-15683fea-902e-4d56-9d35-4263dd2a8efe 6fa266827d91499b9bb5d9a336a05883 e7c3fda2df2342ed962aa59cbc3bd7e1 - - default default] GET failed (client error): The resource could not be found.
2026-07-15 00:15:56.968 9 INFO neutron.wsgi [None req-15683fea-902e-4d56-9d35-4263dd2a8efe 6fa266827d91499b9bb5d9a336a05883 e7c3fda2df2342ed962aa59cbc3bd7e1 - - default default] 10.0.0.217 "GET /v2.0/networks/664dd6e8-3b94-4585-942b-53043fbc3978 HTTP/1.1" status: 404 len: 339 time: 0.1229162
2026-07-15 00:15:57.830 10 INFO neutron.wsgi [None req-12587b74-af0b-4179-89d4-f52117c866e2 69ecaa193f1c4d9082715cfa6768175a 7984a038063548d88d1789b74bd9b319 - - default default] 10.0.0.217 "DELETE /v2.0/networks/664dd6e8-3b94-4585-942b-53043fbc3978 HTTP/1.1" status: 204 len: 168 time: 0.8558340
2026-07-15 00:15:57.854 10 INFO neutron.pecan_wsgi.hooks.translation [None req-bb83c325-fa5a-4ede-9661-b37dabb86029 69ecaa193f1c4d9082715cfa6768175a 7984a038063548d88d1789b74bd9b319 - - default default] DELETE failed (client error): The resource could not be found.
2026-07-15 00:15:57.857 10 INFO neutron.wsgi [None req-bb83c325-fa5a-4ede-9661-b37dabb86029 69ecaa193f1c4d9082715cfa6768175a 7984a038063548d88d1789b74bd9b319 - - default default] 10.0.0.217 "DELETE /v2.0/subnets/a94fbfbc-6535-4613-a499-9b8d6d15e66f HTTP/1.1" status: 404 len: 337 time: 0.0186534
2026-07-15 00:15:57.885 10 INFO neutron.pecan_wsgi.hooks.translation [None req-ba6938b9-9378-4eed-a09f-96c4f679fb7a 69ecaa193f1c4d9082715cfa6768175a 7984a038063548d88d1789b74bd9b319 - - default default] DELETE failed (client error): The resource could not be found.
2026-07-15 00:15:57.888 10 INFO neutron.wsgi [None req-ba6938b9-9378-4eed-a09f-96c4f679fb7a 69ecaa193f1c4d9082715cfa6768175a 7984a038063548d88d1789b74bd9b319 - - default default] 10.0.0.217 "DELETE /v2.0/subnets/27aed2a7-e5ef-4295-a122-70e8c7e0e96c HTTP/1.1" status: 404 len: 337 time: 0.0207100
2026-07-15 00:15:57.911 10 INFO neutron.pecan_wsgi.hooks.translation [None req-211dbb1f-7835-4480-9e26-493660c6efbf 69ecaa193f1c4d9082715cfa6768175a 7984a038063548d88d1789b74bd9b319 - - default default] DELETE failed (client error): The resource could not be found.
2026-07-15 00:15:57.914 10 INFO neutron.wsgi [None req-211dbb1f-7835-4480-9e26-493660c6efbf 69ecaa193f1c4d9082715cfa6768175a 7984a038063548d88d1789b74bd9b319 - - default default] 10.0.0.217 "DELETE /v2.0/subnets/8d826943-dde3-469c-bd28-7ce31ecf2501 HTTP/1.1" status: 404 len: 337 time: 0.0213704
2026-07-15 00:15:57.973 9 INFO neutron.plugins.ml2.drivers.ovn.mech_driver.ovsdb.commands [None req-0a8bd426-bdde-4d07-8805-1102f97e05f2 - - - - - -] Schedule LRP lrp-f6e2d928-f22b-44b4-a0b4-2edaa4562019 on gateway 84088eff-252a-4915-9c95-760fd31e4e38 with priority 1
2026-07-15 00:15:58.016 9 INFO neutron.db.ovn_revision_numbers_db [None req-a861c491-b8e6-40f0-a0ab-ac52f843f835 0869261180e7469a9cd4f2ae3e49bc8e 030afebcd17444e4a8d86a5550356350 - - default default] Successfully bumped revision number for resource f6e2d928-f22b-44b4-a0b4-2edaa4562019 (type: router_ports) to 1
2026-07-15 00:15:58.095 10 INFO neutron.services.segments.plugin [-] Segment 50f4c35d-2d50-4a62-8bcf-12c957643fbe resource provider aggregate not found
2026-07-15 00:15:58.115 9 INFO neutron.db.ovn_revision_numbers_db [None req-a861c491-b8e6-40f0-a0ab-ac52f843f835 0869261180e7469a9cd4f2ae3e49bc8e 030afebcd17444e4a8d86a5550356350 - - default default] Successfully bumped revision number for resource fda0dd17-6e68-437d-b64c-1d7bf2e8c7ce (type: routers) to 2
2026-07-15 00:15:58.116 10 INFO neutron.services.segments.plugin [-] Segment 50f4c35d-2d50-4a62-8bcf-12c957643fbe resource provider not found; error: Placement Client Error (4xx): {"errors": [{"status": 404, "title": "Not Found", "detail": "The resource could not be found.\n\n No resource provider with uuid 50f4c35d-2d50-4a62-8bcf-12c957643fbe found for delete ", "request_id": "req-68919013-d7ad-46d9-9095-aab5d31e05e4"}]}
2026-07-15 00:15:58.136 9 INFO neutron.wsgi [None req-a861c491-b8e6-40f0-a0ab-ac52f843f835 0869261180e7469a9cd4f2ae3e49bc8e 030afebcd17444e4a8d86a5550356350 - - default default] 10.0.0.217 "POST /v2.0/routers HTTP/1.1" status: 201 len: 1147 time: 2.0315700
2026-07-15 00:15:58.149 10 INFO neutron.services.segments.plugin [-] Segment 50f4c35d-2d50-4a62-8bcf-12c957643fbe resource provider aggregate not found
2026-07-15 00:15:58.167 10 INFO neutron.services.segments.plugin [-] Segment 50f4c35d-2d50-4a62-8bcf-12c957643fbe resource provider not found; error: Placement Client Error (4xx): {"errors": [{"status": 404, "title": "Not Found", "detail": "The resource could not be found.\n\n No resource provider with uuid 50f4c35d-2d50-4a62-8bcf-12c957643fbe found for delete ", "request_id": "req-a5ad405c-c3a1-421c-8bcc-63fc7ae73441"}]}
2026-07-15 00:15:58.222 9 INFO neutron.wsgi [None req-b245a0c7-2437-4233-b07f-4aa512985e7c 0869261180e7469a9cd4f2ae3e49bc8e 030afebcd17444e4a8d86a5550356350 - - default default] 10.0.0.217 "GET /v2.0/routers/fda0dd17-6e68-437d-b64c-1d7bf2e8c7ce HTTP/1.1" status: 200 len: 1148 time: 0.0812275
2026-07-15 00:15:58.361 9 INFO neutron.wsgi [None req-3fff770c-c36f-4ec3-8576-379def9da072 0869261180e7469a9cd4f2ae3e49bc8e 030afebcd17444e4a8d86a5550356350 - - default default] 10.0.0.217 "GET /v2.0/routers HTTP/1.1" status: 200 len: 1151 time: 0.1329145
2026-07-15 00:15:58.949 9 INFO neutron.wsgi [None req-fac4132d-051c-42ba-b03f-6c76adb38049 851b7c2d5e414e4295867e176e51c3f5 d37282b52f0c42eeb9a5de6b4a37b929 - - default default] 10.0.0.110 "GET /v2.0/ports HTTP/1.1" status: 200 len: 6350 time: 0.2291756
2026-07-15 00:15:58.957 9 INFO neutron.db.ovn_revision_numbers_db [None req-03338180-12c3-4a70-a0c1-da3691459dcd 0869261180e7469a9cd4f2ae3e49bc8e 030afebcd17444e4a8d86a5550356350 - - default default] Successfully bumped revision number for resource fda0dd17-6e68-437d-b64c-1d7bf2e8c7ce (type: routers) to 3
2026-07-15 00:15:58.964 10 INFO neutron.wsgi [None req-edfe7cc3-b025-4856-a5f2-6e1cfbba3c8d 851b7c2d5e414e4295867e176e51c3f5 d37282b52f0c42eeb9a5de6b4a37b929 - - default default] 10.0.0.217 "GET /v2.0/security-groups?tenant_id=7984a038063548d88d1789b74bd9b319&name=default HTTP/1.1" status: 200 len: 3120 time: 0.0961263
2026-07-15 00:15:58.968 9 INFO neutron.wsgi [None req-03338180-12c3-4a70-a0c1-da3691459dcd 0869261180e7469a9cd4f2ae3e49bc8e 030afebcd17444e4a8d86a5550356350 - - default default] 10.0.0.217 "PUT /v2.0/routers/fda0dd17-6e68-437d-b64c-1d7bf2e8c7ce HTTP/1.1" status: 200 len: 1155 time: 0.6019647
2026-07-15 00:15:58.990 10 WARNING neutron_lib.context [None req-eecfcf1c-f1ba-4b39-986d-f4b4ae9afed0 d3a0d06af38e4aa7a8e98369cb6bcbcf 9e1add05be0a4cdb8bdd0505d76ab5c6 - - default default] Method 'is_advsvc' is deprecated since 2023.2 release (neutron-lib 3.8.0) and will be removed once support for the old RBAC API policies will be removed from Neutron. Please use method 'is_service_role' instead.
2026-07-15 00:15:59.113 9 INFO neutron.wsgi [None req-bd22e888-f82f-417c-a1b9-0a033a157370 851b7c2d5e414e4295867e176e51c3f5 d37282b52f0c42eeb9a5de6b4a37b929 - - default default] 10.0.0.110 "GET /v2.0/networks HTTP/1.1" status: 200 len: 2349 time: 0.1558626
2026-07-15 00:15:59.131 9 INFO neutron.wsgi [None req-c4eddc0b-0539-4c5c-bc9a-0e7955f06f5b 0869261180e7469a9cd4f2ae3e49bc8e 030afebcd17444e4a8d86a5550356350 - - default default] 10.0.0.217 "GET /v2.0/routers/fda0dd17-6e68-437d-b64c-1d7bf2e8c7ce HTTP/1.1" status: 200 len: 1155 time: 0.1562507
2026-07-15 00:15:59.142 9 INFO neutron.wsgi [None req-ea5e3ba2-1d65-4239-8230-bef4db472bd8 851b7c2d5e414e4295867e176e51c3f5 d37282b52f0c42eeb9a5de6b4a37b929 - - default default] 10.0.0.110 "GET /v2.0/agents HTTP/1.1" status: 200 len: 1390 time: 0.0267386
2026-07-15 00:15:59.171 10 INFO neutron.wsgi [None req-639364af-ec8f-4622-a027-8cd7e6d6588c 0869261180e7469a9cd4f2ae3e49bc8e 030afebcd17444e4a8d86a5550356350 - - default default] 10.0.0.217 "GET /v2.0/ports?device_id=fda0dd17-6e68-437d-b64c-1d7bf2e8c7ce HTTP/1.1" status: 200 len: 205 time: 0.0281413
2026-07-15 00:15:59.182 9 INFO neutron.wsgi [None req-26753a6e-6a8a-44ae-8cab-d95fd4f10f79 851b7c2d5e414e4295867e176e51c3f5 d37282b52f0c42eeb9a5de6b4a37b929 - - default default] 10.0.0.110 "GET /v2.0/floatingips HTTP/1.1" status: 200 len: 193 time: 0.0367794
2026-07-15 00:15:59.225 9 INFO neutron.wsgi [None req-5631b66f-a752-4ffb-b14b-acd0644b770a 851b7c2d5e414e4295867e176e51c3f5 d37282b52f0c42eeb9a5de6b4a37b929 - - default default] 10.0.0.110 "GET /v2.0/subnets HTTP/1.1" status: 200 len: 1437 time: 0.0415080
2026-07-15 00:15:59.238 9 INFO neutron.wsgi [None req-cc06f0fc-d44f-4913-8595-d9b2b2262cf6 851b7c2d5e414e4295867e176e51c3f5 d37282b52f0c42eeb9a5de6b4a37b929 - - default default] 10.0.0.110 "GET /v2.0/subnetpools HTTP/1.1" status: 200 len: 193 time: 0.0124333
2026-07-15 00:15:59.279 10 INFO neutron.db.ovn_revision_numbers_db [None req-eecfcf1c-f1ba-4b39-986d-f4b4ae9afed0 d3a0d06af38e4aa7a8e98369cb6bcbcf 9e1add05be0a4cdb8bdd0505d76ab5c6 - - default default] Successfully bumped revision number for resource eef0c00c-5c15-462f-917c-e5ba68feb11f (type: security_groups) to 1
2026-07-15 00:15:59.323 10 INFO neutron.db.ovn_revision_numbers_db [None req-eecfcf1c-f1ba-4b39-986d-f4b4ae9afed0 d3a0d06af38e4aa7a8e98369cb6bcbcf 9e1add05be0a4cdb8bdd0505d76ab5c6 - - default default] Successfully bumped revision number for resource 7f33a5f6-631e-43ab-aa3a-058b07510d9d (type: security_group_rules) to 0
2026-07-15 00:15:59.352 10 INFO neutron.db.ovn_revision_numbers_db [None req-eecfcf1c-f1ba-4b39-986d-f4b4ae9afed0 d3a0d06af38e4aa7a8e98369cb6bcbcf 9e1add05be0a4cdb8bdd0505d76ab5c6 - - default default] Successfully bumped revision number for resource 8855c949-d29d-496b-90f3-8d595f32ea76 (type: security_group_rules) to 0
2026-07-15 00:15:59.370 9 INFO neutron.wsgi [None req-852f4781-dcaf-4b62-b557-4ba9099936d2 851b7c2d5e414e4295867e176e51c3f5 d37282b52f0c42eeb9a5de6b4a37b929 - - default default] 10.0.0.110 "GET /v2.0/routers HTTP/1.1" status: 200 len: 1151 time: 0.1299431
2026-07-15 00:15:59.374 10 INFO neutron.db.ovn_revision_numbers_db [None req-eecfcf1c-f1ba-4b39-986d-f4b4ae9afed0 d3a0d06af38e4aa7a8e98369cb6bcbcf 9e1add05be0a4cdb8bdd0505d76ab5c6 - - default default] Successfully bumped revision number for resource b51d314e-a137-4b4b-a0e3-b9359b63e58a (type: security_group_rules) to 0
2026-07-15 00:15:59.381 9 INFO neutron.wsgi [None req-42122cce-8be7-41ac-88b6-544c7a18638b 851b7c2d5e414e4295867e176e51c3f5 d37282b52f0c42eeb9a5de6b4a37b929 - - default default] 10.0.0.110 "GET /v2.0/agents?binary=ovn-controller HTTP/1.1" status: 200 len: 591 time: 0.0095572
2026-07-15 00:15:59.395 10 INFO neutron.wsgi [None req-d0d4906b-6add-4a59-9885-18a7c91d267b 851b7c2d5e414e4295867e176e51c3f5 d37282b52f0c42eeb9a5de6b4a37b929 - - default default] 10.0.0.217 "DELETE /v2.0/security-groups/71ceb35a-a029-4666-84f1-3f2fad8f0a7b HTTP/1.1" status: 204 len: 168 time: 0.4268835
2026-07-15 00:15:59.397 10 INFO neutron.db.ovn_revision_numbers_db [None req-eecfcf1c-f1ba-4b39-986d-f4b4ae9afed0 d3a0d06af38e4aa7a8e98369cb6bcbcf 9e1add05be0a4cdb8bdd0505d76ab5c6 - - default default] Successfully bumped revision number for resource bead1d64-7fef-447f-a1e0-8a43e02f0080 (type: security_group_rules) to 0
2026-07-15 00:15:59.405 9 INFO neutron.wsgi [None req-b9c00360-3f92-48ed-ad5f-5fdd6e04da08 851b7c2d5e414e4295867e176e51c3f5 d37282b52f0c42eeb9a5de6b4a37b929 - - default default] 10.0.0.110 "GET /v2.0/network-ip-availabilities HTTP/1.1" status: 200 len: 1280 time: 0.0231016
2026-07-15 00:15:59.462 9 INFO neutron.wsgi [None req-d42f106a-fb8a-44ee-acd6-fc07b4b04fd3 851b7c2d5e414e4295867e176e51c3f5 d37282b52f0c42eeb9a5de6b4a37b929 - - default default] 10.0.0.110 "GET /v2.0/security-groups HTTP/1.1" status: 200 len: 23386 time: 0.0542545
2026-07-15 00:15:59.472 10 INFO neutron.db.segments_db [None req-eecfcf1c-f1ba-4b39-986d-f4b4ae9afed0 d3a0d06af38e4aa7a8e98369cb6bcbcf 9e1add05be0a4cdb8bdd0505d76ab5c6 - - default default] Added segment 2ac31236-cde1-4972-9afe-2bcf9b0755b8 of type geneve for network 61c7f65c-2115-4922-b30a-88937a133d80
2026-07-15 00:15:59.500 9 INFO neutron.wsgi [-] 10.0.0.102 "GET / HTTP/1.1" status: 200 len: 246 time: 0.0013516
2026-07-15 00:15:59.500 10 INFO neutron.wsgi [-] 10.0.0.102 "GET / HTTP/1.1" status: 200 len: 246 time: 0.0014436
2026-07-15 00:15:59.532 9 INFO neutron.wsgi [None req-c0c01542-7462-46ed-ab0a-190d715acbc8 851b7c2d5e414e4295867e176e51c3f5 d37282b52f0c42eeb9a5de6b4a37b929 - - default default] 10.0.0.110 "GET /v2.0/subnets HTTP/1.1" status: 200 len: 1437 time: 0.0622499
2026-07-15 00:15:59.533 9 WARNING neutron.plugins.ml2.drivers.ovn.mech_driver.ovsdb.ovn_client [None req-ba97e2e0-8c8a-46c9-aec5-5954db8ceda4 - - - - - -] No port found with ID 13d3a5d1-79ad-49ff-acfe-4a55f40640c1: RuntimeError: No port found with ID 13d3a5d1-79ad-49ff-acfe-4a55f40640c1
2026-07-15 00:15:59.534 9 INFO neutron.plugins.ml2.drivers.ovn.mech_driver.mech_driver [None req-ba97e2e0-8c8a-46c9-aec5-5954db8ceda4 - - - - - -] OVN reports status up for port: f6e2d928-f22b-44b4-a0b4-2edaa4562019
2026-07-15 00:15:59.543 9 INFO neutron.plugins.ml2.plugin [None req-ba97e2e0-8c8a-46c9-aec5-5954db8ceda4 - - - - - -] Attempt 1 to provision port f6e2d928-f22b-44b4-a0b4-2edaa4562019
2026-07-15 00:15:59.699 10 INFO neutron.db.ovn_revision_numbers_db [None req-eecfcf1c-f1ba-4b39-986d-f4b4ae9afed0 d3a0d06af38e4aa7a8e98369cb6bcbcf 9e1add05be0a4cdb8bdd0505d76ab5c6 - - default default] Successfully bumped revision number for resource 61c7f65c-2115-4922-b30a-88937a133d80 (type: networks) to 1
2026-07-15 00:15:59.744 9 INFO neutron.db.ovn_revision_numbers_db [None req-941af629-9277-4719-b2fb-e760764a7a20 851b7c2d5e414e4295867e176e51c3f5 d37282b52f0c42eeb9a5de6b4a37b929 - - default default] Successfully bumped revision number for resource 90c23630-d288-4a70-8814-1a51a2c416f2 (type: security_groups) to 1
