2026-07-15 00:13:42.422 9 INFO neutron.wsgi [req-90c07545-4e6e-405a-9109-b43897dfd4f8 req-779cbb97-c41c-4c25-b8f3-e67d1358afd4 a754bae6f1a04627af4b07292851ad2c d4f72008438441d799b5c7b357853935 - - 5c41aad2933c46f48380ba9f661a8615 5c41aad2933c46f48380ba9f661a8615] 199.204.45.4 "GET /v2.0/networks/1705389e-5ea9-4cdb-baa3-6d71077ea96d?fields=provider%3Aphysical_network&fields=provider%3Anetwork_type HTTP/1.1" status: 200 len: 277 time: 0.0569236
2026-07-15 00:13:42.682 10 INFO neutron.api.v2.resource [None req-6b6eedc0-1038-455c-8f3b-7e5baa9ba9b9 fdfa8706164040d5a33ba5db9800f2c7 db0847ca42484ebbbc7411aa7426e35e - - default default] delete failed (client error): The resource could not be found.
2026-07-15 00:13:42.685 10 INFO neutron.wsgi [None req-6b6eedc0-1038-455c-8f3b-7e5baa9ba9b9 fdfa8706164040d5a33ba5db9800f2c7 db0847ca42484ebbbc7411aa7426e35e - - default default] 10.0.0.217 "DELETE /v2.0/security-groups/70421b96-c033-42c6-a336-082b4353e82b HTTP/1.1" status: 404 len: 347 time: 0.3605635
2026-07-15 00:13:42.699 9 WARNING neutron_lib.context [None req-b9348077-31c1-47ea-ac88-b4ffb98b8462 fdfa8706164040d5a33ba5db9800f2c7 db0847ca42484ebbbc7411aa7426e35e - - default default] Method 'is_advsvc' is deprecated since 2023.2 release (neutron-lib 3.8.0) and will be removed once support for the old RBAC API policies will be removed from Neutron. Please use method 'is_service_role' instead.
2026-07-15 00:13:42.733 10 INFO neutron.wsgi [None req-e863c045-eff0-4b66-918b-a2ce42a7f8d5 e79be1a489044c6db7d36e038c1bc5fa 1e54d9ed67104bb18837955d27d8b635 - - default default] 10.0.0.217 "GET /v2.0/ports/e8510c30-7172-4651-9f08-51e55d3fa270 HTTP/1.1" status: 200 len: 1141 time: 0.5102026
2026-07-15 00:13:42.844 9 INFO neutron.db.ovn_revision_numbers_db [None req-b9348077-31c1-47ea-ac88-b4ffb98b8462 fdfa8706164040d5a33ba5db9800f2c7 db0847ca42484ebbbc7411aa7426e35e - - default default] Successfully bumped revision number for resource 2bf8c7fe-6634-4f04-9edc-8e870a70b23f (type: security_groups) to 1
2026-07-15 00:13:42.855 9 INFO neutron.db.ovn_revision_numbers_db [None req-b9348077-31c1-47ea-ac88-b4ffb98b8462 fdfa8706164040d5a33ba5db9800f2c7 db0847ca42484ebbbc7411aa7426e35e - - default default] Successfully bumped revision number for resource 738af794-b52a-416c-b8b1-342478ad2f78 (type: security_group_rules) to 0
2026-07-15 00:13:42.865 9 INFO neutron.db.ovn_revision_numbers_db [None req-b9348077-31c1-47ea-ac88-b4ffb98b8462 fdfa8706164040d5a33ba5db9800f2c7 db0847ca42484ebbbc7411aa7426e35e - - default default] Successfully bumped revision number for resource b4e1f16d-1bb3-4674-992f-fdec8073b2e4 (type: security_group_rules) to 0
2026-07-15 00:13:42.870 10 INFO neutron.db.ovn_revision_numbers_db [None req-54af771d-6cd2-404c-b450-159907c9d9b0 - - - - - -] Successfully bumped revision number for resource e8510c30-7172-4651-9f08-51e55d3fa270 (type: ports) to 2
2026-07-15 00:13:42.881 9 INFO neutron.wsgi [None req-b9348077-31c1-47ea-ac88-b4ffb98b8462 fdfa8706164040d5a33ba5db9800f2c7 db0847ca42484ebbbc7411aa7426e35e - - default default] 10.0.0.217 "POST /v2.0/security-groups HTTP/1.1" status: 201 len: 1825 time: 0.1879225
2026-07-15 00:13:42.890 9 WARNING neutron_lib.context [None req-dc5dd789-1897-4b37-b77e-362c9952b8cc fdfa8706164040d5a33ba5db9800f2c7 db0847ca42484ebbbc7411aa7426e35e - - default default] Method 'is_advsvc' is deprecated since 2023.2 release (neutron-lib 3.8.0) and will be removed once support for the old RBAC API policies will be removed from Neutron. Please use method 'is_service_role' instead.
2026-07-15 00:13:43.006 9 INFO neutron.db.ovn_revision_numbers_db [None req-dc5dd789-1897-4b37-b77e-362c9952b8cc fdfa8706164040d5a33ba5db9800f2c7 db0847ca42484ebbbc7411aa7426e35e - - default default] Successfully bumped revision number for resource 350c2193-d04a-4e47-be07-7a125f9eb417 (type: security_group_rules) to 0
2026-07-15 00:13:43.032 9 INFO neutron.wsgi [None req-dc5dd789-1897-4b37-b77e-362c9952b8cc fdfa8706164040d5a33ba5db9800f2c7 db0847ca42484ebbbc7411aa7426e35e - - default default] 10.0.0.217 "POST /v2.0/security-group-rules HTTP/1.1" status: 201 len: 800 time: 0.1462226
2026-07-15 00:13:43.058 9 INFO neutron.wsgi [None req-fe6459f3-3faf-4137-a061-c6c6aaa2847f fdfa8706164040d5a33ba5db9800f2c7 db0847ca42484ebbbc7411aa7426e35e - - default default] 10.0.0.217 "GET /v2.0/security-group-rules/350c2193-d04a-4e47-be07-7a125f9eb417 HTTP/1.1" status: 200 len: 795 time: 0.0220220
2026-07-15 00:13:43.090 10 INFO neutron.db.ovn_revision_numbers_db [None req-54af771d-6cd2-404c-b450-159907c9d9b0 - - - - - -] Successfully bumped revision number for resource e8510c30-7172-4651-9f08-51e55d3fa270 (type: router_ports) to 2
2026-07-15 00:13:43.135 9 INFO neutron.wsgi [None req-c364791f-4307-4fd1-abe1-95dfd057abe2 fdfa8706164040d5a33ba5db9800f2c7 db0847ca42484ebbbc7411aa7426e35e - - default default] 10.0.0.217 "GET /v2.0/security-group-rules HTTP/1.1" status: 200 len: 4333 time: 0.0716441
2026-07-15 00:13:43.271 9 INFO neutron.wsgi [None req-467e3485-eb89-4d03-b067-8166164f4f52 fdfa8706164040d5a33ba5db9800f2c7 db0847ca42484ebbbc7411aa7426e35e - - default default] 10.0.0.217 "DELETE /v2.0/security-group-rules/350c2193-d04a-4e47-be07-7a125f9eb417 HTTP/1.1" status: 204 len: 168 time: 0.1307690
2026-07-15 00:13:43.339 9 INFO neutron.wsgi [None req-26466ab7-7ed2-4e6a-9f8c-9cd697fdbc11 fdfa8706164040d5a33ba5db9800f2c7 db0847ca42484ebbbc7411aa7426e35e - - default default] 10.0.0.217 "GET /v2.0/security-group-rules HTTP/1.1" status: 200 len: 3755 time: 0.0632062
2026-07-15 00:13:43.347 9 WARNING neutron_lib.context [None req-356e0c16-a62b-46b4-946f-0ebd4ef4301c fdfa8706164040d5a33ba5db9800f2c7 db0847ca42484ebbbc7411aa7426e35e - - default default] Method 'is_advsvc' is deprecated since 2023.2 release (neutron-lib 3.8.0) and will be removed once support for the old RBAC API policies will be removed from Neutron. Please use method 'is_service_role' instead.
2026-07-15 00:13:43.413 10 WARNING neutron.scheduler.dhcp_agent_scheduler [None req-2f206ef4-4782-4412-85f2-e8ffd3079504 e79be1a489044c6db7d36e038c1bc5fa 1e54d9ed67104bb18837955d27d8b635 - - default default] No more DHCP agents
2026-07-15 00:13:43.420 10 WARNING neutron.api.rpc.agentnotifiers.dhcp_rpc_agent_api [None req-2f206ef4-4782-4412-85f2-e8ffd3079504 e79be1a489044c6db7d36e038c1bc5fa 1e54d9ed67104bb18837955d27d8b635 - - default default] Unable to schedule network ecf5a18d-c1ff-40c6-b84f-56f73f6bca28: no agents available; will retry on subsequent port and subnet creation events.
2026-07-15 00:13:43.484 9 INFO neutron.db.ovn_revision_numbers_db [None req-356e0c16-a62b-46b4-946f-0ebd4ef4301c fdfa8706164040d5a33ba5db9800f2c7 db0847ca42484ebbbc7411aa7426e35e - - default default] Successfully bumped revision number for resource 4a658d64-22e3-45f0-bc9d-80fec122f8f6 (type: security_group_rules) to 0
2026-07-15 00:13:43.514 10 INFO neutron.wsgi [req-50199373-facf-4898-ad3a-a3db72ffb51b req-c9a99e24-c6aa-4409-adee-95d9ed540c25 334f1926f1084ffaba5fa8c354e06e44 7cf7bf867d66484d980a9716e2915f9f - - default default] 10.0.0.93 "GET /v2.0/ports?device_id=c5a43464-0c85-496b-9a27-973b5eabde00 HTTP/1.1" status: 200 len: 1168 time: 0.1524985
2026-07-15 00:13:43.519 9 INFO neutron.wsgi [None req-356e0c16-a62b-46b4-946f-0ebd4ef4301c fdfa8706164040d5a33ba5db9800f2c7 db0847ca42484ebbbc7411aa7426e35e - - default default] 10.0.0.217 "POST /v2.0/security-group-rules HTTP/1.1" status: 201 len: 800 time: 0.1755276
2026-07-15 00:13:43.546 9 INFO neutron.wsgi [None req-e278dccf-05e7-4117-a498-7c6e3311980d fdfa8706164040d5a33ba5db9800f2c7 db0847ca42484ebbbc7411aa7426e35e - - default default] 10.0.0.217 "GET /v2.0/security-group-rules/4a658d64-22e3-45f0-bc9d-80fec122f8f6 HTTP/1.1" status: 200 len: 795 time: 0.0184021
2026-07-15 00:13:43.572 10 INFO neutron.db.ovn_revision_numbers_db [None req-2f206ef4-4782-4412-85f2-e8ffd3079504 e79be1a489044c6db7d36e038c1bc5fa 1e54d9ed67104bb18837955d27d8b635 - - default default] Successfully bumped revision number for resource 377ef2b0-a0db-46b4-872b-6ad2d39acc21 (type: ports) to 1
2026-07-15 00:13:43.585 10 INFO neutron.wsgi [req-50199373-facf-4898-ad3a-a3db72ffb51b req-77c15c6b-3cf4-400e-a150-5c397fd0bca5 334f1926f1084ffaba5fa8c354e06e44 7cf7bf867d66484d980a9716e2915f9f - - default default] 10.0.0.93 "GET /v2.0/security-groups?id=16fa7d3f-4c42-4e7b-9701-43ec2cfe88de&fields=id&fields=name HTTP/1.1" status: 200 len: 313 time: 0.0637558
2026-07-15 00:13:43.625 9 INFO neutron.wsgi [None req-c3b7fb66-0c67-4ae3-8e55-07917dff4a09 fdfa8706164040d5a33ba5db9800f2c7 db0847ca42484ebbbc7411aa7426e35e - - default default] 10.0.0.217 "GET /v2.0/security-group-rules HTTP/1.1" status: 200 len: 4333 time: 0.0734270
2026-07-15 00:13:43.774 9 INFO neutron.wsgi [None req-0dd76d74-8e6c-411c-8ab4-083994203710 fdfa8706164040d5a33ba5db9800f2c7 db0847ca42484ebbbc7411aa7426e35e - - default default] 10.0.0.217 "DELETE /v2.0/security-group-rules/4a658d64-22e3-45f0-bc9d-80fec122f8f6 HTTP/1.1" status: 204 len: 168 time: 0.1423342
2026-07-15 00:13:43.854 9 INFO neutron.wsgi [None req-53e9efd3-3c43-45d4-a81b-9dea569fb7c7 fdfa8706164040d5a33ba5db9800f2c7 db0847ca42484ebbbc7411aa7426e35e - - default default] 10.0.0.217 "GET /v2.0/security-group-rules HTTP/1.1" status: 200 len: 3755 time: 0.0738645
2026-07-15 00:13:43.864 9 WARNING neutron_lib.context [None req-c7114e0a-9994-4324-b615-ebd2b17e5c00 fdfa8706164040d5a33ba5db9800f2c7 db0847ca42484ebbbc7411aa7426e35e - - default default] Method 'is_advsvc' is deprecated since 2023.2 release (neutron-lib 3.8.0) and will be removed once support for the old RBAC API policies will be removed from Neutron. Please use method 'is_service_role' instead.
2026-07-15 00:13:43.987 9 INFO neutron.db.ovn_revision_numbers_db [None req-c7114e0a-9994-4324-b615-ebd2b17e5c00 fdfa8706164040d5a33ba5db9800f2c7 db0847ca42484ebbbc7411aa7426e35e - - default default] Successfully bumped revision number for resource f6baadf3-908b-404a-94d1-bea6e6e2df7b (type: security_group_rules) to 0
2026-07-15 00:13:44.017 9 INFO neutron.wsgi [None req-c7114e0a-9994-4324-b615-ebd2b17e5c00 fdfa8706164040d5a33ba5db9800f2c7 db0847ca42484ebbbc7411aa7426e35e - - default default] 10.0.0.217 "POST /v2.0/security-group-rules HTTP/1.1" status: 201 len: 801 time: 0.1570690
2026-07-15 00:13:44.040 9 INFO neutron.wsgi [None req-9d2c319c-8a29-4b94-80a8-9c424d1995df fdfa8706164040d5a33ba5db9800f2c7 db0847ca42484ebbbc7411aa7426e35e - - default default] 10.0.0.217 "GET /v2.0/security-group-rules/f6baadf3-908b-404a-94d1-bea6e6e2df7b HTTP/1.1" status: 200 len: 796 time: 0.0175595
2026-07-15 00:13:44.119 9 INFO neutron.wsgi [None req-32fc87b8-8d6b-42cd-bf34-72d3fc7eea37 fdfa8706164040d5a33ba5db9800f2c7 db0847ca42484ebbbc7411aa7426e35e - - default default] 10.0.0.217 "GET /v2.0/security-group-rules HTTP/1.1" status: 200 len: 4334 time: 0.0746331
2026-07-15 00:13:44.213 10 ERROR ovsdbapp.backend.ovs_idl.command [None req-2f206ef4-4782-4412-85f2-e8ffd3079504 e79be1a489044c6db7d36e038c1bc5fa 1e54d9ed67104bb18837955d27d8b635 - - default default] Error executing command (DbGetCommand): ovsdbapp.backend.ovs_idl.idlutils.RowNotFound: Cannot find Logical_Router_Port with name=lrp-377ef2b0-a0db-46b4-872b-6ad2d39acc21
2026-07-15 00:13:44.213 10 ERROR ovsdbapp.backend.ovs_idl.command
Traceback (most recent call last):
2026-07-15 00:13:44.213 10 ERROR ovsdbapp.backend.ovs_idl.command
File "/var/lib/openstack/lib/python3.10/site-packages/ovsdbapp/backend/ovs_idl/command.py", line 47, in execute
2026-07-15 00:13:44.213 10 ERROR ovsdbapp.backend.ovs_idl.command self.run_idl(None)
2026-07-15 00:13:44.213 10 ERROR ovsdbapp.backend.ovs_idl.command
File "/var/lib/openstack/lib/python3.10/site-packages/ovsdbapp/backend/ovs_idl/command.py", line 235, in run_idl
2026-07-15 00:13:44.213 10 ERROR ovsdbapp.backend.ovs_idl.command record = self.api.lookup(self.table, self.record)
2026-07-15 00:13:44.213 10 ERROR ovsdbapp.backend.ovs_idl.command
File "/var/lib/openstack/lib/python3.10/site-packages/ovsdbapp/backend/ovs_idl/__init__.py", line 184, in lookup
2026-07-15 00:13:44.213 10 ERROR ovsdbapp.backend.ovs_idl.command return self._lookup(table, record)
2026-07-15 00:13:44.213 10 ERROR ovsdbapp.backend.ovs_idl.command
File "/var/lib/openstack/lib/python3.10/site-packages/ovsdbapp/backend/ovs_idl/__init__.py", line 235, in _lookup
2026-07-15 00:13:44.213 10 ERROR ovsdbapp.backend.ovs_idl.command row = idlutils.row_by_value(self, rl.table, rl.column, record)
2026-07-15 00:13:44.213 10 ERROR ovsdbapp.backend.ovs_idl.command
File "/var/lib/openstack/lib/python3.10/site-packages/ovsdbapp/backend/ovs_idl/idlutils.py", line 114, in row_by_value
2026-07-15 00:13:44.213 10 ERROR ovsdbapp.backend.ovs_idl.command raise RowNotFound(table=table, col=column, match=match)
2026-07-15 00:13:44.213 10 ERROR ovsdbapp.backend.ovs_idl.command ovsdbapp.backend.ovs_idl.idlutils.RowNotFound: Cannot find Logical_Router_Port with name=lrp-377ef2b0-a0db-46b4-872b-6ad2d39acc21
2026-07-15 00:13:44.213 10 ERROR ovsdbapp.backend.ovs_idl.command 
2026-07-15 00:13:44.214 10 ERROR neutron_lib.callbacks.manager [None req-2f206ef4-4782-4412-85f2-e8ffd3079504 e79be1a489044c6db7d36e038c1bc5fa 1e54d9ed67104bb18837955d27d8b635 - - default default] Error during notification for neutron.services.ovn_l3.plugin.OVNL3RouterPlugin._port_update-8771991230173 port, after_update: ovsdbapp.backend.ovs_idl.idlutils.RowNotFound: Cannot find Logical_Router_Port with name=lrp-377ef2b0-a0db-46b4-872b-6ad2d39acc21
2026-07-15 00:13:44.214 10 ERROR neutron_lib.callbacks.manager
Traceback (most recent call last):
2026-07-15 00:13:44.214 10 ERROR neutron_lib.callbacks.manager
File "/var/lib/openstack/lib/python3.10/site-packages/neutron_lib/callbacks/manager.py", line 189, in _notify_loop
2026-07-15 00:13:44.214 10 ERROR neutron_lib.callbacks.manager callback.method(resource, event, trigger, payload=payload)
2026-07-15 00:13:44.214 10 ERROR neutron_lib.callbacks.manager
File "/var/lib/openstack/lib/python3.10/site-packages/neutron/services/ovn_l3/plugin.py", line 391, in _port_update
2026-07-15 00:13:44.214 10 ERROR neutron_lib.callbacks.manager l3plugin._ovn_client.update_router_port(context,
2026-07-15 00:13:44.214 10 ERROR neutron_lib.callbacks.manager
File "/var/lib/openstack/lib/python3.10/site-packages/neutron/plugins/ml2/drivers/ovn/mech_driver/ovsdb/ovn_client.py", line 1878, in update_router_port
2026-07-15 00:13:44.214 10 ERROR neutron_lib.callbacks.manager self._update_lrouter_port(context, port, if_exists=if_exists,
2026-07-15 00:13:44.214 10 ERROR neutron_lib.callbacks.manager
File "/var/lib/openstack/lib/python3.10/site-packages/neutron/plugins/ml2/drivers/ovn/mech_driver/ovsdb/ovn_client.py", line 1855, in _update_lrouter_port
2026-07-15 00:13:44.214 10 ERROR neutron_lib.callbacks.manager external_ids = self._nb_idl.db_get(
2026-07-15 00:13:44.214 10 ERROR neutron_lib.callbacks.manager
File "/var/lib/openstack/lib/python3.10/site-packages/ovsdbapp/backend/ovs_idl/command.py", line 47, in execute
2026-07-15 00:13:44.214 10 ERROR neutron_lib.callbacks.manager self.run_idl(None)
2026-07-15 00:13:44.214 10 ERROR neutron_lib.callbacks.manager
File "/var/lib/openstack/lib/python3.10/site-packages/ovsdbapp/backend/ovs_idl/command.py", line 235, in run_idl
2026-07-15 00:13:44.214 10 ERROR neutron_lib.callbacks.manager record = self.api.lookup(self.table, self.record)
2026-07-15 00:13:44.214 10 ERROR neutron_lib.callbacks.manager
File "/var/lib/openstack/lib/python3.10/site-packages/ovsdbapp/backend/ovs_idl/__init__.py", line 184, in lookup
2026-07-15 00:13:44.214 10 ERROR neutron_lib.callbacks.manager return self._lookup(table, record)
2026-07-15 00:13:44.214 10 ERROR neutron_lib.callbacks.manager
File "/var/lib/openstack/lib/python3.10/site-packages/ovsdbapp/backend/ovs_idl/__init__.py", line 235, in _lookup
2026-07-15 00:13:44.214 10 ERROR neutron_lib.callbacks.manager row = idlutils.row_by_value(self, rl.table, rl.column, record)
2026-07-15 00:13:44.214 10 ERROR neutron_lib.callbacks.manager
File "/var/lib/openstack/lib/python3.10/site-packages/ovsdbapp/backend/ovs_idl/idlutils.py", line 114, in row_by_value
2026-07-15 00:13:44.214 10 ERROR neutron_lib.callbacks.manager raise RowNotFound(table=table, col=column, match=match)
2026-07-15 00:13:44.214 10 ERROR neutron_lib.callbacks.manager ovsdbapp.backend.ovs_idl.idlutils.RowNotFound: Cannot find Logical_Router_Port with name=lrp-377ef2b0-a0db-46b4-872b-6ad2d39acc21
2026-07-15 00:13:44.214 10 ERROR neutron_lib.callbacks.manager 
2026-07-15 00:13:44.249 9 INFO neutron.wsgi [None req-01edccf9-83cf-4fab-a526-ebeba365129c fdfa8706164040d5a33ba5db9800f2c7 db0847ca42484ebbbc7411aa7426e35e - - default default] 10.0.0.217 "DELETE /v2.0/security-group-rules/f6baadf3-908b-404a-94d1-bea6e6e2df7b HTTP/1.1" status: 204 len: 168 time: 0.1248484
2026-07-15 00:13:44.313 9 INFO neutron.wsgi [None req-ed0d853c-b3ce-4969-8ecc-51c3faec12a3 fdfa8706164040d5a33ba5db9800f2c7 db0847ca42484ebbbc7411aa7426e35e - - default default] 10.0.0.217 "GET /v2.0/security-group-rules HTTP/1.1" status: 200 len: 3755 time: 0.0591974
2026-07-15 00:13:44.443 9 INFO neutron.wsgi [None req-4228d4c5-0a32-4886-b4db-15fde307a596 fdfa8706164040d5a33ba5db9800f2c7 db0847ca42484ebbbc7411aa7426e35e - - default default] 10.0.0.217 "DELETE /v2.0/security-groups/2bf8c7fe-6634-4f04-9edc-8e870a70b23f HTTP/1.1" status: 204 len: 168 time: 0.1252034
2026-07-15 00:13:44.496 9 INFO neutron.wsgi [None req-314d2798-7e8b-45d9-823e-b100fe7d242b fdfa8706164040d5a33ba5db9800f2c7 db0847ca42484ebbbc7411aa7426e35e - - default default] 10.0.0.217 "GET /v2.0/security-groups HTTP/1.1" status: 200 len: 3120 time: 0.0489013
2026-07-15 00:13:44.502 9 INFO neutron.wsgi [-] 10.0.0.102 "GET / HTTP/1.1" status: 200 len: 246 time: 0.0023267
2026-07-15 00:13:44.505 9 INFO neutron.wsgi [-] 10.0.0.102 "GET / HTTP/1.1" status: 200 len: 246 time: 0.0017548
2026-07-15 00:13:44.564 9 INFO neutron.wsgi [None req-cd471a21-68ef-46a4-a259-761a454cdcef fdfa8706164040d5a33ba5db9800f2c7 db0847ca42484ebbbc7411aa7426e35e - - default default] 10.0.0.217 "GET /v2.0/security-groups HTTP/1.1" status: 200 len: 3120 time: 0.0589445
2026-07-15 00:13:44.599 10 INFO neutron.db.ovn_revision_numbers_db [None req-2f206ef4-4782-4412-85f2-e8ffd3079504 e79be1a489044c6db7d36e038c1bc5fa 1e54d9ed67104bb18837955d27d8b635 - - default default] Successfully bumped revision number for resource 377ef2b0-a0db-46b4-872b-6ad2d39acc21 (type: ports) to 1
2026-07-15 00:13:44.680 10 WARNING neutron.scheduler.dhcp_agent_scheduler [None req-2f206ef4-4782-4412-85f2-e8ffd3079504 e79be1a489044c6db7d36e038c1bc5fa 1e54d9ed67104bb18837955d27d8b635 - - default default] No more DHCP agents
2026-07-15 00:13:44.682 10 WARNING neutron.api.rpc.agentnotifiers.dhcp_rpc_agent_api [None req-2f206ef4-4782-4412-85f2-e8ffd3079504 e79be1a489044c6db7d36e038c1bc5fa 1e54d9ed67104bb18837955d27d8b635 - - default default] Unable to schedule network ecf5a18d-c1ff-40c6-b84f-56f73f6bca28: no agents available; will retry on subsequent port and subnet creation events.
2026-07-15 00:13:44.708 9 INFO neutron.wsgi [req-3a51c325-fb17-464e-8da8-7694665e8fdf req-c7017da8-d993-4db8-a5ac-1c8cf76f75f7 334f1926f1084ffaba5fa8c354e06e44 7cf7bf867d66484d980a9716e2915f9f - - default default] 10.0.0.93 "GET /v2.0/ports?device_id=c5a43464-0c85-496b-9a27-973b5eabde00 HTTP/1.1" status: 200 len: 1168 time: 0.0568457
2026-07-15 00:13:44.774 9 INFO neutron.wsgi [req-3a51c325-fb17-464e-8da8-7694665e8fdf req-134f72a3-000a-453b-a07e-c26e2a849b1b 334f1926f1084ffaba5fa8c354e06e44 7cf7bf867d66484d980a9716e2915f9f - - default default] 10.0.0.93 "GET /v2.0/security-groups?id=16fa7d3f-4c42-4e7b-9701-43ec2cfe88de&fields=id&fields=name HTTP/1.1" status: 200 len: 313 time: 0.0580804
2026-07-15 00:13:44.899 10 INFO neutron.db.ovn_revision_numbers_db [None req-2f206ef4-4782-4412-85f2-e8ffd3079504 e79be1a489044c6db7d36e038c1bc5fa 1e54d9ed67104bb18837955d27d8b635 - - default default] Successfully bumped revision number for resource 377ef2b0-a0db-46b4-872b-6ad2d39acc21 (type: router_ports) to 1
2026-07-15 00:13:44.908 10 INFO neutron.wsgi [None req-2f206ef4-4782-4412-85f2-e8ffd3079504 e79be1a489044c6db7d36e038c1bc5fa 1e54d9ed67104bb18837955d27d8b635 - - default default] 10.0.0.217 "PUT /v2.0/routers/53ef49f0-39af-4321-b14c-7c73e809bf69/add_router_interface HTTP/1.1" status: 200 len: 503 time: 2.1672022
2026-07-15 00:13:45.005 10 INFO neutron.wsgi [None req-bf809532-cda0-4ade-b283-163abd224ae4 e79be1a489044c6db7d36e038c1bc5fa 1e54d9ed67104bb18837955d27d8b635 - - default default] 10.0.0.217 "GET /v2.0/ports/377ef2b0-a0db-46b4-872b-6ad2d39acc21 HTTP/1.1" status: 200 len: 1147 time: 0.0909736
2026-07-15 00:13:45.063 10 INFO neutron.wsgi [None req-1585c92e-0da8-4939-8fae-f03b7ba72047 e79be1a489044c6db7d36e038c1bc5fa 1e54d9ed67104bb18837955d27d8b635 - - default default] 10.0.0.217 "GET /v2.0/ports/377ef2b0-a0db-46b4-872b-6ad2d39acc21 HTTP/1.1" status: 200 len: 1147 time: 0.0512679
2026-07-15 00:13:45.410 10 INFO neutron.wsgi [None req-a2dd02f9-eef5-4f9f-ae76-9f7d9b80905e 851b7c2d5e414e4295867e176e51c3f5 d37282b52f0c42eeb9a5de6b4a37b929 - - default default] 10.0.0.217 "GET /v2.0/security-groups?tenant_id=db0847ca42484ebbbc7411aa7426e35e&name=default HTTP/1.1" status: 200 len: 3120 time: 0.2333062
2026-07-15 00:13:45.634 10 INFO neutron.wsgi [None req-a76d2d15-e6f7-47cf-9977-65c66d9284ea 851b7c2d5e414e4295867e176e51c3f5 d37282b52f0c42eeb9a5de6b4a37b929 - - default default] 10.0.0.217 "DELETE /v2.0/security-groups/d65f6c35-e77c-44c3-aa60-07648b8ebe6f HTTP/1.1" status: 204 len: 168 time: 0.2165468
2026-07-15 00:13:45.889 10 INFO neutron.wsgi [req-d3bd116d-81f8-4884-aabe-287d189e7774 req-10f7da17-c8bf-4554-9e23-6d4da2306576 334f1926f1084ffaba5fa8c354e06e44 7cf7bf867d66484d980a9716e2915f9f - - default default] 10.0.0.93 "GET /v2.0/ports?device_id=c5a43464-0c85-496b-9a27-973b5eabde00 HTTP/1.1" status: 200 len: 1168 time: 0.0453668
2026-07-15 00:13:45.936 10 INFO neutron.wsgi [req-d3bd116d-81f8-4884-aabe-287d189e7774 req-5bce141a-d841-470d-80b0-1d2cef69e519 334f1926f1084ffaba5fa8c354e06e44 7cf7bf867d66484d980a9716e2915f9f - - default default] 10.0.0.93 "GET /v2.0/security-groups?id=16fa7d3f-4c42-4e7b-9701-43ec2cfe88de&fields=id&fields=name HTTP/1.1" status: 200 len: 313 time: 0.0392637
2026-07-15 00:13:46.112 10 INFO neutron.wsgi [None req-63311c02-6934-42c8-b827-52098ef06984 e79be1a489044c6db7d36e038c1bc5fa 1e54d9ed67104bb18837955d27d8b635 - - default default] 10.0.0.217 "GET /v2.0/ports/377ef2b0-a0db-46b4-872b-6ad2d39acc21 HTTP/1.1" status: 200 len: 1147 time: 0.0421050
2026-07-15 00:13:47.098 9 INFO neutron.wsgi [req-17828d55-2053-41a7-828a-5048b94eee4e req-801884c5-ced3-4a14-a0e9-10f46afe0258 334f1926f1084ffaba5fa8c354e06e44 7cf7bf867d66484d980a9716e2915f9f - - default default] 10.0.0.93 "GET /v2.0/ports?device_id=c5a43464-0c85-496b-9a27-973b5eabde00 HTTP/1.1" status: 200 len: 1168 time: 0.0987360
2026-07-15 00:13:47.153 10 INFO neutron.db.ovn_revision_numbers_db [None req-bd184212-7629-410a-94d0-1872d5f08899 851b7c2d5e414e4295867e176e51c3f5 d37282b52f0c42eeb9a5de6b4a37b929 - - default default] Successfully bumped revision number for resource 5faff972-56c0-4ff0-b74b-4d38ca9e78c6 (type: security_groups) to 1
2026-07-15 00:13:47.167 9 INFO neutron.wsgi [req-17828d55-2053-41a7-828a-5048b94eee4e req-9866682d-bad6-4a9d-8d3c-f9d31687cd0b 334f1926f1084ffaba5fa8c354e06e44 7cf7bf867d66484d980a9716e2915f9f - - default default] 10.0.0.93 "GET /v2.0/security-groups?id=16fa7d3f-4c42-4e7b-9701-43ec2cfe88de&fields=id&fields=name HTTP/1.1" status: 200 len: 313 time: 0.0606942
2026-07-15 00:13:47.168 10 INFO neutron.wsgi [None req-af2a9b0c-f2df-4968-a75d-c628b9ffa179 e79be1a489044c6db7d36e038c1bc5fa 1e54d9ed67104bb18837955d27d8b635 - - default default] 10.0.0.217 "GET /v2.0/ports/377ef2b0-a0db-46b4-872b-6ad2d39acc21 HTTP/1.1" status: 200 len: 1147 time: 0.0501118
2026-07-15 00:13:47.178 10 INFO neutron.db.ovn_revision_numbers_db [None req-bd184212-7629-410a-94d0-1872d5f08899 851b7c2d5e414e4295867e176e51c3f5 d37282b52f0c42eeb9a5de6b4a37b929 - - default default] Successfully bumped revision number for resource 2593f0ab-aed8-4190-bd89-5c0c34eee540 (type: security_group_rules) to 0
2026-07-15 00:13:47.196 10 INFO neutron.db.ovn_revision_numbers_db [None req-bd184212-7629-410a-94d0-1872d5f08899 851b7c2d5e414e4295867e176e51c3f5 d37282b52f0c42eeb9a5de6b4a37b929 - - default default] Successfully bumped revision number for resource 54b69da6-8e4b-4429-873d-06d396c6add7 (type: security_group_rules) to 0
2026-07-15 00:13:47.211 10 INFO neutron.db.ovn_revision_numbers_db [None req-bd184212-7629-410a-94d0-1872d5f08899 851b7c2d5e414e4295867e176e51c3f5 d37282b52f0c42eeb9a5de6b4a37b929 - - default default] Successfully bumped revision number for resource a478e6a8-d570-43dd-84fd-d1cac4979686 (type: security_group_rules) to 0
2026-07-15 00:13:47.224 10 INFO neutron.db.ovn_revision_numbers_db [None req-bd184212-7629-410a-94d0-1872d5f08899 851b7c2d5e414e4295867e176e51c3f5 d37282b52f0c42eeb9a5de6b4a37b929 - - default default] Successfully bumped revision number for resource b3111d3a-7d7e-406e-8d6f-f9d405f6819f (type: security_group_rules) to 0
2026-07-15 00:13:47.245 10 INFO neutron.wsgi [None req-bd184212-7629-410a-94d0-1872d5f08899 851b7c2d5e414e4295867e176e51c3f5 d37282b52f0c42eeb9a5de6b4a37b929 - - default default] 10.0.0.217 "GET /v2.0/security-groups?tenant_id=91357f24d56d4682bd56a0e7bf1b7afc&name=default HTTP/1.1" status: 200 len: 3120 time: 0.3889318
2026-07-15 00:13:47.494 10 WARNING neutron.plugins.ml2.drivers.ovn.mech_driver.ovsdb.ovn_client [None req-54af771d-6cd2-404c-b450-159907c9d9b0 - - - - - -] No hosting information found for port e8510c30-7172-4651-9f08-51e55d3fa270: RuntimeError: No hosting information found for port e8510c30-7172-4651-9f08-51e55d3fa270
2026-07-15 00:13:47.494 10 INFO neutron.plugins.ml2.drivers.ovn.mech_driver.mech_driver [None req-54af771d-6cd2-404c-b450-159907c9d9b0 - - - - - -] OVN reports status up for port: 27ac6a44-d638-4185-8074-f35ec376a59d
2026-07-15 00:13:47.504 10 INFO neutron.plugins.ml2.plugin [None req-54af771d-6cd2-404c-b450-159907c9d9b0 - - - - - -] Attempt 1 to provision port 27ac6a44-d638-4185-8074-f35ec376a59d
2026-07-15 00:13:47.516 9 INFO neutron.wsgi [None req-aa1feb7b-3011-4bae-b751-9aad9e025ad1 851b7c2d5e414e4295867e176e51c3f5 d37282b52f0c42eeb9a5de6b4a37b929 - - default default] 10.0.0.217 "DELETE /v2.0/security-groups/5faff972-56c0-4ff0-b74b-4d38ca9e78c6 HTTP/1.1" status: 204 len: 168 time: 0.2641938
2026-07-15 00:13:47.580 9 INFO neutron.wsgi [-] 10.0.0.217 "GET / HTTP/1.1" status: 200 len: 279 time: 0.0018690
2026-07-15 00:13:47.640 10 INFO neutron.notifiers.nova [-] Nova event matching ['req-7b14b068-5fa9-4274-aea4-680b55b00bc9'] response: {'server_uuid': 'c5a43464-0c85-496b-9a27-973b5eabde00', 'name': 'network-vif-plugged', 'status': 'completed', 'tag': '27ac6a44-d638-4185-8074-f35ec376a59d', 'code': 200}
2026-07-15 00:13:47.817 9 INFO neutron.wsgi [None req-229b7918-ee7c-42f1-becd-7449343886f3 8e15ffc0450c4fb5aa21ca745713d6f8 7014ad3b709d4aa69e669e33f8594f7d - - default default] 10.0.0.217 "GET /v2.0/ HTTP/1.1" status: 200 len: 826 time: 0.2325847
2026-07-15 00:13:47.828 9 INFO neutron.db.ovn_revision_numbers_db [None req-ae565d1b-ede6-4ea7-849e-a545a5d1023e 851b7c2d5e414e4295867e176e51c3f5 d37282b52f0c42eeb9a5de6b4a37b929 - - default default] Successfully bumped revision number for resource 0068ca1a-c9e8-4531-b16f-e650d088f2e2 (type: security_groups) to 1
2026-07-15 00:13:47.847 9 INFO neutron.db.ovn_revision_numbers_db [None req-ae565d1b-ede6-4ea7-849e-a545a5d1023e 851b7c2d5e414e4295867e176e51c3f5 d37282b52f0c42eeb9a5de6b4a37b929 - - default default] Successfully bumped revision number for resource 0d4e657b-5a52-4e7c-93dd-82f035091051 (type: security_group_rules) to 0
2026-07-15 00:13:47.861 10 INFO neutron.db.ovn_revision_numbers_db [None req-54af771d-6cd2-404c-b450-159907c9d9b0 - - - - - -] Successfully bumped revision number for resource 27ac6a44-d638-4185-8074-f35ec376a59d (type: ports) to 4
2026-07-15 00:13:47.870 9 INFO neutron.db.ovn_revision_numbers_db [None req-ae565d1b-ede6-4ea7-849e-a545a5d1023e 851b7c2d5e414e4295867e176e51c3f5 d37282b52f0c42eeb9a5de6b4a37b929 - - default default] Successfully bumped revision number for resource 3dc225fd-259e-401d-bf59-91bd974fd588 (type: security_group_rules) to 0
2026-07-15 00:13:47.890 9 INFO neutron.db.ovn_revision_numbers_db [None req-ae565d1b-ede6-4ea7-849e-a545a5d1023e 851b7c2d5e414e4295867e176e51c3f5 d37282b52f0c42eeb9a5de6b4a37b929 - - default default] Successfully bumped revision number for resource 5d6f8702-e405-4360-b66a-8c951e83a3b4 (type: security_group_rules) to 0
2026-07-15 00:13:47.912 9 INFO neutron.db.ovn_revision_numbers_db [None req-ae565d1b-ede6-4ea7-849e-a545a5d1023e 851b7c2d5e414e4295867e176e51c3f5 d37282b52f0c42eeb9a5de6b4a37b929 - - default default] Successfully bumped revision number for resource 77c815e0-398d-4f32-8f55-90efb967609f (type: security_group_rules) to 0
2026-07-15 00:13:47.925 10 INFO neutron.plugins.ml2.drivers.ovn.mech_driver.mech_driver [None req-54af771d-6cd2-404c-b450-159907c9d9b0 - - - - - -] OVN reports status up for port: 377ef2b0-a0db-46b4-872b-6ad2d39acc21
2026-07-15 00:13:47.939 10 INFO neutron.plugins.ml2.plugin [None req-54af771d-6cd2-404c-b450-159907c9d9b0 - - - - - -] Attempt 1 to provision port 377ef2b0-a0db-46b4-872b-6ad2d39acc21
2026-07-15 00:13:47.940 9 INFO neutron.wsgi [None req-ae565d1b-ede6-4ea7-849e-a545a5d1023e 851b7c2d5e414e4295867e176e51c3f5 d37282b52f0c42eeb9a5de6b4a37b929 - - default default] 10.0.0.217 "GET /v2.0/security-groups?tenant_id=2edb765fbd084d6d8b3e127566b41141&name=default HTTP/1.1" status: 200 len: 3120 time: 0.2717593
2026-07-15 00:13:48.174 9 INFO neutron.wsgi [None req-40fec75b-2b8c-4567-a5af-adf0143e1db4 851b7c2d5e414e4295867e176e51c3f5 d37282b52f0c42eeb9a5de6b4a37b929 - - default default] 10.0.0.217 "DELETE /v2.0/security-groups/0068ca1a-c9e8-4531-b16f-e650d088f2e2 HTTP/1.1" status: 204 len: 168 time: 0.2252862 /var/lib/openstack/lib/python3.10/site-packages/pycadf/identifier.py:71: UserWarning: Invalid uuid: neutron. To ensure interoperability, identifiers should be a valid uuid. warnings.warn(('Invalid uuid: %s. To ensure interoperability, '
2026-07-15 00:13:48.240 10 INFO neutron.wsgi [None req-d7c4635d-244d-4888-8095-df39f431af8a e79be1a489044c6db7d36e038c1bc5fa 1e54d9ed67104bb18837955d27d8b635 - - default default] 10.0.0.217 "GET /v2.0/ports/377ef2b0-a0db-46b4-872b-6ad2d39acc21 HTTP/1.1" status: 200 len: 1149 time: 0.0647259
2026-07-15 00:13:48.331 9 INFO neutron.wsgi [req-ac418fe2-59a7-42ca-b52f-5622206679d8 req-25b27ef8-178a-447f-aa01-cd87c18b8a64 334f1926f1084ffaba5fa8c354e06e44 7cf7bf867d66484d980a9716e2915f9f - - default default] 10.0.0.93 "GET /v2.0/ports?device_id=c5a43464-0c85-496b-9a27-973b5eabde00 HTTP/1.1" status: 200 len: 1170 time: 0.0980787
2026-07-15 00:13:48.399 9 INFO neutron.wsgi [req-ac418fe2-59a7-42ca-b52f-5622206679d8 req-d915ebbc-4f93-4013-b9f9-722aea6ac24e 334f1926f1084ffaba5fa8c354e06e44 7cf7bf867d66484d980a9716e2915f9f - - default default] 10.0.0.93 "GET /v2.0/security-groups?id=16fa7d3f-4c42-4e7b-9701-43ec2cfe88de&fields=id&fields=name HTTP/1.1" status: 200 len: 313 time: 0.0584266
2026-07-15 00:13:48.443 10 INFO neutron.db.ovn_revision_numbers_db [None req-54af771d-6cd2-404c-b450-159907c9d9b0 - - - - - -] Successfully bumped revision number for resource 377ef2b0-a0db-46b4-872b-6ad2d39acc21 (type: ports) to 2
2026-07-15 00:13:48.625 10 INFO neutron.wsgi [req-2ec3701f-acb2-4b37-b05a-3e7dbea33099 req-ca0b44f5-3c59-4a91-bf47-917d678383fc 334f1926f1084ffaba5fa8c354e06e44 7cf7bf867d66484d980a9716e2915f9f - - default default] 10.0.0.93 "GET /v2.0/ports?device_id=c5a43464-0c85-496b-9a27-973b5eabde00 HTTP/1.1" status: 200 len: 1170 time: 0.1523209
2026-07-15 00:13:48.673 10 INFO neutron.db.ovn_revision_numbers_db [None req-54af771d-6cd2-404c-b450-159907c9d9b0 - - - - - -] Successfully bumped revision number for resource 377ef2b0-a0db-46b4-872b-6ad2d39acc21 (type: router_ports) to 2
2026-07-15 00:13:48.921 10 INFO neutron.db.ovn_revision_numbers_db [None req-46e4a3bd-bd82-4adb-9070-538b32456369 851b7c2d5e414e4295867e176e51c3f5 d37282b52f0c42eeb9a5de6b4a37b929 - - default default] Successfully bumped revision number for resource e53a3155-84bb-4060-8706-6d11912464de (type: security_groups) to 1
2026-07-15 00:13:48.947 10 INFO neutron.db.ovn_revision_numbers_db [None req-46e4a3bd-bd82-4adb-9070-538b32456369 851b7c2d5e414e4295867e176e51c3f5 d37282b52f0c42eeb9a5de6b4a37b929 - - default default] Successfully bumped revision number for resource 20e1be33-0934-4cfd-b6c1-be1a310a4de6 (type: security_group_rules) to 0
2026-07-15 00:13:48.980 10 INFO neutron.db.ovn_revision_numbers_db [None req-46e4a3bd-bd82-4adb-9070-538b32456369 851b7c2d5e414e4295867e176e51c3f5 d37282b52f0c42eeb9a5de6b4a37b929 - - default default] Successfully bumped revision number for resource 4e059a72-5ba0-47a4-a72c-fc7ed2821817 (type: security_group_rules) to 0
2026-07-15 00:13:49.020 10 INFO neutron.db.ovn_revision_numbers_db [None req-46e4a3bd-bd82-4adb-9070-538b32456369 851b7c2d5e414e4295867e176e51c3f5 d37282b52f0c42eeb9a5de6b4a37b929 - - default default] Successfully bumped revision number for resource 717b021b-40b4-4284-b9de-99dd1e1606e7 (type: security_group_rules) to 0
2026-07-15 00:13:49.052 10 INFO neutron.db.ovn_revision_numbers_db [None req-46e4a3bd-bd82-4adb-9070-538b32456369 851b7c2d5e414e4295867e176e51c3f5 d37282b52f0c42eeb9a5de6b4a37b929 - - default default] Successfully bumped revision number for resource ed6c608a-2ae3-4631-bbd0-a5d0c10aa607 (type: security_group_rules) to 0
2026-07-15 00:13:49.076 9 INFO neutron.wsgi [None req-431afa68-e278-4930-804b-7ae2857e7003 e79be1a489044c6db7d36e038c1bc5fa 1e54d9ed67104bb18837955d27d8b635 - - default default] 10.0.0.217 "PUT /v2.0/routers/53ef49f0-39af-4321-b14c-7c73e809bf69/remove_router_interface HTTP/1.1" status: 200 len: 503 time: 0.8288879 /var/lib/openstack/lib/python3.10/site-packages/pycadf/identifier.py:71: UserWarning: Invalid uuid: neutron. To ensure interoperability, identifiers should be a valid uuid. warnings.warn(('Invalid uuid: %s. To ensure interoperability, '
2026-07-15 00:13:49.180 9 INFO neutron.wsgi [None req-284ee9c0-a73b-40e5-958f-ca282a62273d e79be1a489044c6db7d36e038c1bc5fa 1e54d9ed67104bb18837955d27d8b635 - - default default] 10.0.0.217 "GET /v2.0/ports/e8510c30-7172-4651-9f08-51e55d3fa270 HTTP/1.1" status: 200 len: 1141 time: 0.0991299
2026-07-15 00:13:49.299 10 INFO neutron.wsgi [None req-46e4a3bd-bd82-4adb-9070-538b32456369 851b7c2d5e414e4295867e176e51c3f5 d37282b52f0c42eeb9a5de6b4a37b929 - - default default] 10.0.0.217 "GET /v2.0/security-groups?tenant_id=7014ad3b709d4aa69e669e33f8594f7d&name=default HTTP/1.1" status: 200 len: 3120 time: 0.9189036
2026-07-15 00:13:49.649 10 INFO neutron.db.ovn_revision_numbers_db [None req-b4831ae7-f5b0-460e-9970-b0e22ba9aa1f 334f1926f1084ffaba5fa8c354e06e44 7cf7bf867d66484d980a9716e2915f9f - - default default] Successfully bumped revision number for resource 0af475f1-9b71-4561-b04a-a886fc7e63cb (type: floatingips) to 1
2026-07-15 00:13:49.677 10 INFO neutron.wsgi [None req-fa81665a-cdca-43b5-a666-6fc44d07d178 851b7c2d5e414e4295867e176e51c3f5 d37282b52f0c42eeb9a5de6b4a37b929 - - default default] 10.0.0.217 "DELETE /v2.0/security-groups/e53a3155-84bb-4060-8706-6d11912464de HTTP/1.1" status: 204 len: 168 time: 0.3723397
2026-07-15 00:13:49.681 10 INFO neutron.notifiers.nova [-] Nova event matching ['req-d6a3ade4-ac08-4a71-ac91-dac196da78ba'] response: {'server_uuid': 'c5a43464-0c85-496b-9a27-973b5eabde00', 'name': 'network-vif-plugged', 'status': 'completed', 'tag': '27ac6a44-d638-4185-8074-f35ec376a59d', 'code': 200}
2026-07-15 00:13:49.820 10 INFO neutron.db.ovn_revision_numbers_db [None req-b4831ae7-f5b0-460e-9970-b0e22ba9aa1f 334f1926f1084ffaba5fa8c354e06e44 7cf7bf867d66484d980a9716e2915f9f - - default default] Successfully bumped revision number for resource 0af475f1-9b71-4561-b04a-a886fc7e63cb (type: floatingips) to 2
2026-07-15 00:13:49.820 10 INFO neutron.db.l3_db [None req-b4831ae7-f5b0-460e-9970-b0e22ba9aa1f 334f1926f1084ffaba5fa8c354e06e44 7cf7bf867d66484d980a9716e2915f9f - - default default] Floating IP 0af475f1-9b71-4561-b04a-a886fc7e63cb associated. External IP: 10.96.250.212, port: 27ac6a44-d638-4185-8074-f35ec376a59d.
2026-07-15 00:13:49.859 10 INFO neutron.wsgi [None req-b4831ae7-f5b0-460e-9970-b0e22ba9aa1f 334f1926f1084ffaba5fa8c354e06e44 7cf7bf867d66484d980a9716e2915f9f - - default default] 10.0.0.217 "PUT /v2.0/floatingips/0af475f1-9b71-4561-b04a-a886fc7e63cb HTTP/1.1" status: 200 len: 1049 time: 1.2176569
2026-07-15 00:13:50.211 9 INFO neutron.wsgi [None req-6f408638-43b6-4d77-be48-77907e64eac8 e79be1a489044c6db7d36e038c1bc5fa 1e54d9ed67104bb18837955d27d8b635 - - default default] 10.0.0.217 "PUT /v2.0/routers/53ef49f0-39af-4321-b14c-7c73e809bf69/remove_router_interface HTTP/1.1" status: 200 len: 503 time: 1.0254877 /var/lib/openstack/lib/python3.10/site-packages/pycadf/identifier.py:71: UserWarning: Invalid uuid: neutron. To ensure interoperability, identifiers should be a valid uuid. warnings.warn(('Invalid uuid: %s. To ensure interoperability, '
2026-07-15 00:13:50.244 9 INFO neutron.wsgi [None req-ce93b39f-5d55-4a50-a39d-7b05addf406b e79be1a489044c6db7d36e038c1bc5fa 1e54d9ed67104bb18837955d27d8b635 - - default default] 10.0.0.217 "GET /v2.0/ports?device_id=53ef49f0-39af-4321-b14c-7c73e809bf69 HTTP/1.1" status: 200 len: 205 time: 0.0285447
2026-07-15 00:13:50.513 9 INFO neutron.wsgi [None req-c197c0d7-2fbe-417b-90f1-c6064bc639a5 e79be1a489044c6db7d36e038c1bc5fa 1e54d9ed67104bb18837955d27d8b635 - - default default] 10.0.0.217 "DELETE /v2.0/routers/53ef49f0-39af-4321-b14c-7c73e809bf69 HTTP/1.1" status: 204 len: 168 time: 0.2563071
2026-07-15 00:13:50.742 9 INFO neutron.wsgi [None req-6c2ac7bd-0c7a-455d-9df8-267ccbee4bce e79be1a489044c6db7d36e038c1bc5fa 1e54d9ed67104bb18837955d27d8b635 - - default default] 10.0.0.217 "DELETE /v2.0/subnets/e01691d5-a59f-49d5-8b31-0cdb566d08dd HTTP/1.1" status: 204 len: 168 time: 0.2226658
2026-07-15 00:13:50.961 10 INFO neutron.wsgi [None req-53283356-3f3a-4e2e-923f-d1d75f6e1178 e79be1a489044c6db7d36e038c1bc5fa 1e54d9ed67104bb18837955d27d8b635 - - default default] 10.0.0.217 "DELETE /v2.0/subnets/e3fa00a1-f742-4740-bf38-42d80c122254 HTTP/1.1" status: 204 len: 168 time: 0.2143877
2026-07-15 00:13:51.426 10 INFO neutron.services.segments.plugin [-] Segment b2042362-2b64-450d-b26f-ac6b45a7c213 resource provider aggregate not found
2026-07-15 00:13:51.431 10 INFO neutron.services.segments.plugin [-] Segment b2042362-2b64-450d-b26f-ac6b45a7c213 resource provider aggregate not found
2026-07-15 00:13:51.446 10 INFO neutron.services.segments.plugin [-] Segment b2042362-2b64-450d-b26f-ac6b45a7c213 resource provider not found; error: Placement Client Error (4xx): {"errors": [{"status": 404, "title": "Not Found", "detail": "The resource could not be found.\n\n No resource provider with uuid b2042362-2b64-450d-b26f-ac6b45a7c213 found for delete ", "request_id": "req-90abeb9b-9a63-416e-a056-978430eb9a46"}]}
2026-07-15 00:13:51.450 10 INFO neutron.services.segments.plugin [-] Segment b2042362-2b64-450d-b26f-ac6b45a7c213 resource provider not found; error: Placement Client Error (4xx): {"errors": [{"status": 404, "title": "Not Found", "detail": "The resource could not be found.\n\n No resource provider with uuid b2042362-2b64-450d-b26f-ac6b45a7c213 found for delete ", "request_id": "req-bbae710b-74a0-4e85-a5ca-6cbf011ab4d1"}]}
2026-07-15 00:13:51.471 10 INFO neutron.wsgi [None req-1e8617f9-0dd5-4915-9cce-fe3ad85dcbe8 e79be1a489044c6db7d36e038c1bc5fa 1e54d9ed67104bb18837955d27d8b635 - - default default] 10.0.0.217 "DELETE /v2.0/networks/ecf5a18d-c1ff-40c6-b84f-56f73f6bca28 HTTP/1.1" status: 204 len: 168 time: 0.5044897
2026-07-15 00:13:51.733 10 INFO neutron.notifiers.nova [-] Nova event matching ['req-59f7b62e-ea23-438b-9605-3f6936cc2ad4'] response: {'name': 'network-changed', 'server_uuid': 'c5a43464-0c85-496b-9a27-973b5eabde00', 'tag': '27ac6a44-d638-4185-8074-f35ec376a59d', 'status': 'completed', 'code': 200}
2026-07-15 00:13:51.815 9 INFO neutron.wsgi [req-6c47b50b-ad12-47b4-8780-bfe3dbd88489 req-8fb37928-7c58-4a68-977b-9dc23d1c8509 a754bae6f1a04627af4b07292851ad2c d4f72008438441d799b5c7b357853935 - - 5c41aad2933c46f48380ba9f661a8615 5c41aad2933c46f48380ba9f661a8615] 199.204.45.4 "GET /v2.0/ports?tenant_id=7cf7bf867d66484d980a9716e2915f9f&device_id=c5a43464-0c85-496b-9a27-973b5eabde00 HTTP/1.1" status: 200 len: 1409 time: 0.0585709
2026-07-15 00:13:51.906 9 INFO neutron.wsgi [req-6c47b50b-ad12-47b4-8780-bfe3dbd88489 req-852d1fdc-7bd3-4bfb-af99-9c6c957a9957 a754bae6f1a04627af4b07292851ad2c d4f72008438441d799b5c7b357853935 - - 5c41aad2933c46f48380ba9f661a8615 5c41aad2933c46f48380ba9f661a8615] 199.204.45.4 "GET /v2.0/networks?id=1705389e-5ea9-4cdb-baa3-6d71077ea96d HTTP/1.1" status: 200 len: 974 time: 0.0854080
2026-07-15 00:13:52.003 9 INFO neutron.wsgi [req-6c47b50b-ad12-47b4-8780-bfe3dbd88489 req-238cf1eb-3b21-4ffe-b965-49937283e639 a754bae6f1a04627af4b07292851ad2c d4f72008438441d799b5c7b357853935 - - 5c41aad2933c46f48380ba9f661a8615 5c41aad2933c46f48380ba9f661a8615] 199.204.45.4 "GET /v2.0/floatingips?fixed_ip_address=10.100.0.6&port_id=27ac6a44-d638-4185-8074-f35ec376a59d HTTP/1.1" status: 200 len: 1059 time: 0.0904665
2026-07-15 00:13:52.004 9 INFO neutron.services.segments.plugin [-] Segment f5a93c55-67a4-4b67-a9d5-f838d1585478 resource provider aggregate not found
2026-07-15 00:13:52.009 9 INFO neutron.services.segments.plugin [-] Segment f5a93c55-67a4-4b67-a9d5-f838d1585478 resource provider aggregate not found
2026-07-15 00:13:52.025 9 INFO neutron.services.segments.plugin [-] Segment f5a93c55-67a4-4b67-a9d5-f838d1585478 resource provider not found; error: Placement Client Error (4xx): {"errors": [{"status": 404, "title": "Not Found", "detail": "The resource could not be found.\n\n No resource provider with uuid f5a93c55-67a4-4b67-a9d5-f838d1585478 found for delete ", "request_id": "req-470e11e0-d548-42d0-bde3-3551a49f5588"}]}
2026-07-15 00:13:52.031 9 INFO neutron.services.segments.plugin [-] Segment f5a93c55-67a4-4b67-a9d5-f838d1585478 resource provider not found; error: Placement Client Error (4xx): {"errors": [{"status": 404, "title": "Not Found", "detail": "The resource could not be found.\n\n No resource provider with uuid f5a93c55-67a4-4b67-a9d5-f838d1585478 found for delete ", "request_id": "req-4aaa42a5-7eb5-43e6-bbd5-9427669a712c"}]}
2026-07-15 00:13:52.052 9 INFO neutron.wsgi [None req-0b518764-e31c-4279-88c6-64572cdd0cb3 e79be1a489044c6db7d36e038c1bc5fa 1e54d9ed67104bb18837955d27d8b635 - - default default] 10.0.0.217 "DELETE /v2.0/networks/6fe846e4-1fc9-4852-9134-5e8c3ba8c008 HTTP/1.1" status: 204 len: 168 time: 0.5760465
2026-07-15 00:13:52.058 9 INFO neutron.wsgi [req-6c47b50b-ad12-47b4-8780-bfe3dbd88489 req-9582e939-0634-4b08-82d7-065d8c816691 a754bae6f1a04627af4b07292851ad2c d4f72008438441d799b5c7b357853935 - - 5c41aad2933c46f48380ba9f661a8615 5c41aad2933c46f48380ba9f661a8615] 199.204.45.4 "GET /v2.0/subnets?id=c33b4563-2e14-48b3-8dee-8acf38d598e7 HTTP/1.1" status: 200 len: 869 time: 0.0495358
2026-07-15 00:13:52.065 10 WARNING neutron_lib.context [None req-49f671de-b2f1-4549-b4b8-9e2919bd4b6e e79be1a489044c6db7d36e038c1bc5fa 1e54d9ed67104bb18837955d27d8b635 - - default default] Method 'is_advsvc' is deprecated since 2023.2 release (neutron-lib 3.8.0) and will be removed once support for the old RBAC API policies will be removed from Neutron. Please use method 'is_service_role' instead.
2026-07-15 00:13:52.084 9 INFO neutron.wsgi [req-6c47b50b-ad12-47b4-8780-bfe3dbd88489 req-37f2957c-3ef4-4fbd-9609-db3428091070 a754bae6f1a04627af4b07292851ad2c d4f72008438441d799b5c7b357853935 - - 5c41aad2933c46f48380ba9f661a8615 5c41aad2933c46f48380ba9f661a8615] 199.204.45.4 "GET /v2.0/ports?network_id=1705389e-5ea9-4cdb-baa3-6d71077ea96d&device_owner=network%3Adhcp HTTP/1.1" status: 200 len: 210 time: 0.0187979
2026-07-15 00:13:52.140 10 INFO neutron.db.segments_db [None req-49f671de-b2f1-4549-b4b8-9e2919bd4b6e e79be1a489044c6db7d36e038c1bc5fa 1e54d9ed67104bb18837955d27d8b635 - - default default] Added segment 33aea82a-9747-47c7-927a-e03eca8e5973 of type geneve for network c8d453eb-8a8d-4754-883a-8ac2c5d67944
2026-07-15 00:13:52.150 9 INFO neutron.wsgi [req-6c47b50b-ad12-47b4-8780-bfe3dbd88489 req-3ba3a4b5-80c3-4c37-a680-e443d3258a96 a754bae6f1a04627af4b07292851ad2c d4f72008438441d799b5c7b357853935 - - 5c41aad2933c46f48380ba9f661a8615 5c41aad2933c46f48380ba9f661a8615] 199.204.45.4 "GET /v2.0/networks/1705389e-5ea9-4cdb-baa3-6d71077ea96d?fields=segments HTTP/1.1" status: 200 len: 212 time: 0.0580332
2026-07-15 00:13:52.220 9 INFO neutron.wsgi [req-6c47b50b-ad12-47b4-8780-bfe3dbd88489 req-2187989d-269f-420a-aeb0-cfa0c82378f0 a754bae6f1a04627af4b07292851ad2c d4f72008438441d799b5c7b357853935 - - 5c41aad2933c46f48380ba9f661a8615 5c41aad2933c46f48380ba9f661a8615] 199.204.45.4 "GET /v2.0/networks/1705389e-5ea9-4cdb-baa3-6d71077ea96d?fields=provider%3Aphysical_network&fields=provider%3Anetwork_type HTTP/1.1" status: 200 len: 277 time: 0.0616658
2026-07-15 00:13:52.326 10 INFO neutron.db.ovn_revision_numbers_db [None req-49f671de-b2f1-4549-b4b8-9e2919bd4b6e e79be1a489044c6db7d36e038c1bc5fa 1e54d9ed67104bb18837955d27d8b635 - - default default] Successfully bumped revision number for resource c8d453eb-8a8d-4754-883a-8ac2c5d67944 (type: networks) to 1
2026-07-15 00:13:52.379 10 INFO neutron.db.ovn_revision_numbers_db [None req-02db6d51-f676-4a2f-abe7-648e9e2e365f 851b7c2d5e414e4295867e176e51c3f5 d37282b52f0c42eeb9a5de6b4a37b929 - - default default] Successfully bumped revision number for resource d2680ed5-e1f2-4c89-bce5-f65eff149f48 (type: security_groups) to 1
2026-07-15 00:13:52.404 10 INFO neutron.db.ovn_revision_numbers_db [None req-02db6d51-f676-4a2f-abe7-648e9e2e365f 851b7c2d5e414e4295867e176e51c3f5 d37282b52f0c42eeb9a5de6b4a37b929 - - default default] Successfully bumped revision number for resource 022f4e84-c1bb-486d-8ae8-c1e78d31e33e (type: security_group_rules) to 0
2026-07-15 00:13:52.431 10 INFO neutron.db.ovn_revision_numbers_db [None req-02db6d51-f676-4a2f-abe7-648e9e2e365f 851b7c2d5e414e4295867e176e51c3f5 d37282b52f0c42eeb9a5de6b4a37b929 - - default default] Successfully bumped revision number for resource 06bc796a-a66f-41b3-8e0b-7e8cdc759d58 (type: security_group_rules) to 0
2026-07-15 00:13:52.466 10 INFO neutron.db.ovn_revision_numbers_db [None req-02db6d51-f676-4a2f-abe7-648e9e2e365f 851b7c2d5e414e4295867e176e51c3f5 d37282b52f0c42eeb9a5de6b4a37b929 - - default default] Successfully bumped revision number for resource 3c0a1d89-4e5f-449e-a4d5-bf21c1febb3a (type: security_group_rules) to 0
2026-07-15 00:13:52.484 10 INFO neutron.db.ovn_revision_numbers_db [None req-02db6d51-f676-4a2f-abe7-648e9e2e365f 851b7c2d5e414e4295867e176e51c3f5 d37282b52f0c42eeb9a5de6b4a37b929 - - default default] Successfully bumped revision number for resource b70bbbe1-9e94-42fc-86d5-344bde8083dd (type: security_group_rules) to 0
2026-07-15 00:13:52.511 10 INFO neutron.wsgi [None req-02db6d51-f676-4a2f-abe7-648e9e2e365f 851b7c2d5e414e4295867e176e51c3f5 d37282b52f0c42eeb9a5de6b4a37b929 - - default default] 10.0.0.217 "GET /v2.0/security-groups?tenant_id=c1ad79419af04a649d05ad53f594ea02&name=default HTTP/1.1" status: 200 len: 3120 time: 0.5418127
2026-07-15 00:13:52.545 10 WARNING neutron.scheduler.dhcp_agent_scheduler [None req-49f671de-b2f1-4549-b4b8-9e2919bd4b6e e79be1a489044c6db7d36e038c1bc5fa 1e54d9ed67104bb18837955d27d8b635 - - default default] No more DHCP agents
2026-07-15 00:13:52.548 10 WARNING neutron.api.rpc.agentnotifiers.dhcp_rpc_agent_api [None req-49f671de-b2f1-4549-b4b8-9e2919bd4b6e e79be1a489044c6db7d36e038c1bc5fa 1e54d9ed67104bb18837955d27d8b635 - - default default] Unable to schedule network c8d453eb-8a8d-4754-883a-8ac2c5d67944: no agents available; will retry on subsequent port and subnet creation events.
2026-07-15 00:13:52.633 10 INFO neutron.db.ovn_revision_numbers_db [None req-49f671de-b2f1-4549-b4b8-9e2919bd4b6e e79be1a489044c6db7d36e038c1bc5fa 1e54d9ed67104bb18837955d27d8b635 - - default default] Successfully bumped revision number for resource acf553c1-d7e2-4513-b8b0-c0cdfc3b69d9 (type: ports) to 1
2026-07-15 00:13:52.659 10 INFO neutron.wsgi [None req-49f671de-b2f1-4549-b4b8-9e2919bd4b6e e79be1a489044c6db7d36e038c1bc5fa 1e54d9ed67104bb18837955d27d8b635 - - default default] 10.0.0.217 "POST /v2.0/networks HTTP/1.1" status: 201 len: 833 time: 0.6006081
2026-07-15 00:13:52.669 10 WARNING neutron_lib.context [None req-1b04435f-4a4b-4dc2-8969-1f773a047737 e79be1a489044c6db7d36e038c1bc5fa 1e54d9ed67104bb18837955d27d8b635 - - default default] Method 'is_advsvc' is deprecated since 2023.2 release (neutron-lib 3.8.0) and will be removed once support for the old RBAC API policies will be removed from Neutron. Please use method 'is_service_role' instead.
2026-07-15 00:13:52.757 9 INFO neutron.wsgi [None req-9da01991-3fe1-4c32-ad41-fc46902c322f 851b7c2d5e414e4295867e176e51c3f5 d37282b52f0c42eeb9a5de6b4a37b929 - - default default] 10.0.0.217 "DELETE /v2.0/security-groups/d2680ed5-e1f2-4c89-bce5-f65eff149f48 HTTP/1.1" status: 204 len: 168 time: 0.2395999
2026-07-15 00:13:52.914 10 WARNING neutron.scheduler.dhcp_agent_scheduler [None req-1b04435f-4a4b-4dc2-8969-1f773a047737 e79be1a489044c6db7d36e038c1bc5fa 1e54d9ed67104bb18837955d27d8b635 - - default default] No more DHCP agents
2026-07-15 00:13:52.917 10 WARNING neutron.api.rpc.agentnotifiers.dhcp_rpc_agent_api [None req-1b04435f-4a4b-4dc2-8969-1f773a047737 e79be1a489044c6db7d36e038c1bc5fa 1e54d9ed67104bb18837955d27d8b635 - - default default] Unable to schedule network c8d453eb-8a8d-4754-883a-8ac2c5d67944: no agents available; will retry on subsequent port and subnet creation events.
