2026-07-15 00:14:38.646 9 INFO neutron.wsgi [req-34ba4c6a-6687-4a5b-961f-fb3eb2ee522b req-a851864b-abc0-4473-a8ea-ba0688313cda a754bae6f1a04627af4b07292851ad2c d4f72008438441d799b5c7b357853935 - - 5c41aad2933c46f48380ba9f661a8615 5c41aad2933c46f48380ba9f661a8615] 199.204.45.4 "GET /v2.0/ports?network_id=7839eb9f-fdae-4507-854c-0011c4aa1565&device_owner=network%3Adhcp HTTP/1.1" status: 200 len: 210 time: 0.0230129
2026-07-15 00:14:38.704 10 INFO neutron.wsgi [req-93c9cda0-db4a-40fc-b098-dfac643ce2eb req-a30760d8-ce88-4ca1-a022-86f49adf0214 aee5c2fdbdc54cc98eed30312ada10b6 7d1f6ec9741048268fef69699f7d9dc1 - - default default] 10.0.0.93 "GET /v2.0/security-groups?id=bdafd74c-73ad-4700-9cc1-13ee309db552&fields=id&fields=name HTTP/1.1" status: 200 len: 286 time: 0.1358993
2026-07-15 00:14:38.715 9 INFO neutron.wsgi [req-34ba4c6a-6687-4a5b-961f-fb3eb2ee522b req-af9c589b-81b3-4bb3-9fcf-1790350b45e8 a754bae6f1a04627af4b07292851ad2c d4f72008438441d799b5c7b357853935 - - 5c41aad2933c46f48380ba9f661a8615 5c41aad2933c46f48380ba9f661a8615] 199.204.45.4 "GET /v2.0/networks/7839eb9f-fdae-4507-854c-0011c4aa1565?fields=segments HTTP/1.1" status: 200 len: 212 time: 0.0640845
2026-07-15 00:14:38.740 10 INFO neutron.db.ovn_revision_numbers_db [None req-b087f3a5-9d3b-4ace-bf5f-755ef5ade757 9e50593cd90046f78ce442c98dcd328e 9c3887423bc14a27836c4423825fb11c - - default default] Successfully bumped revision number for resource 9bccb30d-db87-4d2a-86e3-81ae969302bb (type: networks) to 1
2026-07-15 00:14:38.778 9 INFO neutron.wsgi [req-34ba4c6a-6687-4a5b-961f-fb3eb2ee522b req-093aa207-afdc-4752-8e3c-75b81c7fe73a a754bae6f1a04627af4b07292851ad2c d4f72008438441d799b5c7b357853935 - - 5c41aad2933c46f48380ba9f661a8615 5c41aad2933c46f48380ba9f661a8615] 199.204.45.4 "GET /v2.0/networks/7839eb9f-fdae-4507-854c-0011c4aa1565?fields=provider%3Aphysical_network&fields=provider%3Anetwork_type HTTP/1.1" status: 200 len: 277 time: 0.0504684
2026-07-15 00:14:38.856 9 INFO neutron.wsgi [req-9d4ce9d3-eadd-4178-bcfb-a8b9a2496ea4 req-b7854cc0-0c35-4ced-bb6c-aa20c11bfd2b a754bae6f1a04627af4b07292851ad2c d4f72008438441d799b5c7b357853935 - - 5c41aad2933c46f48380ba9f661a8615 5c41aad2933c46f48380ba9f661a8615] 199.204.45.4 "GET /v2.0/ports?tenant_id=7d1f6ec9741048268fef69699f7d9dc1&device_id=61c86939-8037-4c78-8b17-202e15c0e21e HTTP/1.1" status: 200 len: 1407 time: 0.0348434
2026-07-15 00:14:38.924 9 INFO neutron.wsgi [req-9d4ce9d3-eadd-4178-bcfb-a8b9a2496ea4 req-34773f91-d47b-417a-a386-0f0277a6872a a754bae6f1a04627af4b07292851ad2c d4f72008438441d799b5c7b357853935 - - 5c41aad2933c46f48380ba9f661a8615 5c41aad2933c46f48380ba9f661a8615] 199.204.45.4 "GET /v2.0/networks?id=7839eb9f-fdae-4507-854c-0011c4aa1565 HTTP/1.1" status: 200 len: 969 time: 0.0596557
2026-07-15 00:14:38.975 9 INFO neutron.plugins.ml2.drivers.ovn.mech_driver.mech_driver [None req-ba97e2e0-8c8a-46c9-aec5-5954db8ceda4 - - - - - -] OVN reports status up for port: c887d683-ff77-4bac-855e-840e280404e2
2026-07-15 00:14:38.978 9 INFO neutron.wsgi [req-9d4ce9d3-eadd-4178-bcfb-a8b9a2496ea4 req-eb650767-ba16-4660-8031-3f934a1268b7 a754bae6f1a04627af4b07292851ad2c d4f72008438441d799b5c7b357853935 - - 5c41aad2933c46f48380ba9f661a8615 5c41aad2933c46f48380ba9f661a8615] 199.204.45.4 "GET /v2.0/floatingips?fixed_ip_address=10.100.0.7&port_id=c887d683-ff77-4bac-855e-840e280404e2 HTTP/1.1" status: 200 len: 217 time: 0.0405326
2026-07-15 00:14:38.990 9 INFO neutron.plugins.ml2.plugin [None req-ba97e2e0-8c8a-46c9-aec5-5954db8ceda4 - - - - - -] Attempt 1 to provision port c887d683-ff77-4bac-855e-840e280404e2
2026-07-15 00:14:39.037 9 INFO neutron.wsgi [req-9d4ce9d3-eadd-4178-bcfb-a8b9a2496ea4 req-5443a534-b19c-432b-841b-5de5ab5026ae a754bae6f1a04627af4b07292851ad2c d4f72008438441d799b5c7b357853935 - - 5c41aad2933c46f48380ba9f661a8615 5c41aad2933c46f48380ba9f661a8615] 199.204.45.4 "GET /v2.0/subnets?id=5a24691e-62ec-4fa1-9d0d-02db1a4bccae HTTP/1.1" status: 200 len: 865 time: 0.0537574
2026-07-15 00:14:39.076 9 INFO neutron.wsgi [req-9d4ce9d3-eadd-4178-bcfb-a8b9a2496ea4 req-3daf8efe-affa-4af5-b0c0-e1e5e2f99d26 a754bae6f1a04627af4b07292851ad2c d4f72008438441d799b5c7b357853935 - - 5c41aad2933c46f48380ba9f661a8615 5c41aad2933c46f48380ba9f661a8615] 199.204.45.4 "GET /v2.0/ports?network_id=7839eb9f-fdae-4507-854c-0011c4aa1565&device_owner=network%3Adhcp HTTP/1.1" status: 200 len: 210 time: 0.0266998
2026-07-15 00:14:39.131 10 INFO neutron.db.ovn_revision_numbers_db [None req-502b2228-f613-4cf4-8dc8-9aa3323a73ed 25a3cc09e4cc4d159002d1f8f7997b0a 42c5914868a6448e8a720af83e84d5ac - - default default] Successfully bumped revision number for resource 619d4c55-f976-41da-9072-14e5ce41c010 (type: security_groups) to 1
2026-07-15 00:14:39.173 10 INFO neutron.db.ovn_revision_numbers_db [None req-502b2228-f613-4cf4-8dc8-9aa3323a73ed 25a3cc09e4cc4d159002d1f8f7997b0a 42c5914868a6448e8a720af83e84d5ac - - default default] Successfully bumped revision number for resource 4fa12c5a-3738-48b1-bfa1-ffe5d3536446 (type: security_group_rules) to 0
2026-07-15 00:14:39.174 9 INFO neutron.wsgi [req-9d4ce9d3-eadd-4178-bcfb-a8b9a2496ea4 req-dc50ee6b-fab9-4542-b549-c6a373b0849b a754bae6f1a04627af4b07292851ad2c d4f72008438441d799b5c7b357853935 - - 5c41aad2933c46f48380ba9f661a8615 5c41aad2933c46f48380ba9f661a8615] 199.204.45.4 "GET /v2.0/networks/7839eb9f-fdae-4507-854c-0011c4aa1565?fields=segments HTTP/1.1" status: 200 len: 212 time: 0.0916090
2026-07-15 00:14:39.216 10 INFO neutron.db.ovn_revision_numbers_db [None req-502b2228-f613-4cf4-8dc8-9aa3323a73ed 25a3cc09e4cc4d159002d1f8f7997b0a 42c5914868a6448e8a720af83e84d5ac - - default default] Successfully bumped revision number for resource 5bc02a7b-d4d7-42c5-bd3e-ae2cc1cfbdcf (type: security_group_rules) to 0
2026-07-15 00:14:39.246 10 INFO neutron.wsgi [None req-502b2228-f613-4cf4-8dc8-9aa3323a73ed 25a3cc09e4cc4d159002d1f8f7997b0a 42c5914868a6448e8a720af83e84d5ac - - default default] 10.0.0.217 "POST /v2.0/security-groups HTTP/1.1" status: 201 len: 1801 time: 0.6754458
2026-07-15 00:14:39.256 9 INFO neutron.wsgi [req-9d4ce9d3-eadd-4178-bcfb-a8b9a2496ea4 req-d4aa752c-c6c1-4ed8-b7de-e1e0c359e813 a754bae6f1a04627af4b07292851ad2c d4f72008438441d799b5c7b357853935 - - 5c41aad2933c46f48380ba9f661a8615 5c41aad2933c46f48380ba9f661a8615] 199.204.45.4 "GET /v2.0/networks/7839eb9f-fdae-4507-854c-0011c4aa1565?fields=provider%3Aphysical_network&fields=provider%3Anetwork_type HTTP/1.1" status: 200 len: 277 time: 0.0753214
2026-07-15 00:14:39.263 9 WARNING neutron_lib.context [None req-252c0c51-9542-4b5f-a8e6-6b78d89595ca 25a3cc09e4cc4d159002d1f8f7997b0a 42c5914868a6448e8a720af83e84d5ac - - default default] Method 'is_advsvc' is deprecated since 2023.2 release (neutron-lib 3.8.0) and will be removed once support for the old RBAC API policies will be removed from Neutron. Please use method 'is_service_role' instead.
2026-07-15 00:14:39.315 10 WARNING neutron.scheduler.dhcp_agent_scheduler [None req-b087f3a5-9d3b-4ace-bf5f-755ef5ade757 9e50593cd90046f78ce442c98dcd328e 9c3887423bc14a27836c4423825fb11c - - default default] No more DHCP agents
2026-07-15 00:14:39.319 10 WARNING neutron.api.rpc.agentnotifiers.dhcp_rpc_agent_api [None req-b087f3a5-9d3b-4ace-bf5f-755ef5ade757 9e50593cd90046f78ce442c98dcd328e 9c3887423bc14a27836c4423825fb11c - - default default] Unable to schedule network 9bccb30d-db87-4d2a-86e3-81ae969302bb: no agents available; will retry on subsequent port and subnet creation events.
2026-07-15 00:14:39.412 9 INFO neutron.db.ovn_revision_numbers_db [None req-ba97e2e0-8c8a-46c9-aec5-5954db8ceda4 - - - - - -] Successfully bumped revision number for resource c887d683-ff77-4bac-855e-840e280404e2 (type: ports) to 4
2026-07-15 00:14:39.450 10 INFO neutron.db.ovn_revision_numbers_db [None req-b087f3a5-9d3b-4ace-bf5f-755ef5ade757 9e50593cd90046f78ce442c98dcd328e 9c3887423bc14a27836c4423825fb11c - - default default] Successfully bumped revision number for resource 995e7778-0783-4cac-9419-fbe8a7f642a0 (type: ports) to 1
2026-07-15 00:14:39.471 9 INFO neutron.db.ovn_revision_numbers_db [None req-252c0c51-9542-4b5f-a8e6-6b78d89595ca 25a3cc09e4cc4d159002d1f8f7997b0a 42c5914868a6448e8a720af83e84d5ac - - default default] Successfully bumped revision number for resource b40cb3ed-b47a-415e-88c1-e10d461570d6 (type: security_groups) to 1
2026-07-15 00:14:39.484 9 INFO neutron.db.ovn_revision_numbers_db [None req-252c0c51-9542-4b5f-a8e6-6b78d89595ca 25a3cc09e4cc4d159002d1f8f7997b0a 42c5914868a6448e8a720af83e84d5ac - - default default] Successfully bumped revision number for resource 4672336d-fc57-43e9-96ef-9575d06fc4be (type: security_group_rules) to 0
2026-07-15 00:14:39.499 10 INFO neutron.wsgi [None req-b087f3a5-9d3b-4ace-bf5f-755ef5ade757 9e50593cd90046f78ce442c98dcd328e 9c3887423bc14a27836c4423825fb11c - - default default] 10.0.0.217 "POST /v2.0/networks HTTP/1.1" status: 201 len: 849 time: 1.6805563
2026-07-15 00:14:39.502 9 INFO neutron.db.ovn_revision_numbers_db [None req-252c0c51-9542-4b5f-a8e6-6b78d89595ca 25a3cc09e4cc4d159002d1f8f7997b0a 42c5914868a6448e8a720af83e84d5ac - - default default] Successfully bumped revision number for resource fdb68586-80b3-4851-a1be-b38535bfa42f (type: security_group_rules) to 0
2026-07-15 00:14:39.509 10 WARNING neutron_lib.context [None req-a24cfe79-8ca6-4d70-ad5a-a29617ecb22d 9e50593cd90046f78ce442c98dcd328e 9c3887423bc14a27836c4423825fb11c - - default default] Method 'is_advsvc' is deprecated since 2023.2 release (neutron-lib 3.8.0) and will be removed once support for the old RBAC API policies will be removed from Neutron. Please use method 'is_service_role' instead.
2026-07-15 00:14:39.531 9 INFO neutron.wsgi [None req-252c0c51-9542-4b5f-a8e6-6b78d89595ca 25a3cc09e4cc4d159002d1f8f7997b0a 42c5914868a6448e8a720af83e84d5ac - - default default] 10.0.0.217 "POST /v2.0/security-groups HTTP/1.1" status: 201 len: 1801 time: 0.2742081 /var/lib/openstack/lib/python3.10/site-packages/pycadf/identifier.py:71: UserWarning: Invalid uuid: neutron. To ensure interoperability, identifiers should be a valid uuid. warnings.warn(('Invalid uuid: %s. To ensure interoperability, '
2026-07-15 00:14:39.546 9 WARNING neutron_lib.context [None req-81577520-d5d3-499f-98bd-431841584c72 25a3cc09e4cc4d159002d1f8f7997b0a 42c5914868a6448e8a720af83e84d5ac - - default default] Method 'is_advsvc' is deprecated since 2023.2 release (neutron-lib 3.8.0) and will be removed once support for the old RBAC API policies will be removed from Neutron. Please use method 'is_service_role' instead.
2026-07-15 00:14:39.661 10 ERROR ovsdbapp.backend.ovs_idl.command [None req-70da2f35-16eb-4c98-addb-f4c79edbbeb6 d373721a75b3488d80253e095454b5db 0b2dcf0264a04a428e23c2eb69b848e4 - - default default] Error executing command (DbGetCommand): ovsdbapp.backend.ovs_idl.idlutils.RowNotFound: Cannot find Logical_Router_Port with name=lrp-c9d932a6-a668-47a8-80bc-c0c19ebbe9e7
2026-07-15 00:14:39.661 10 ERROR ovsdbapp.backend.ovs_idl.command
Traceback (most recent call last):
2026-07-15 00:14:39.661 10 ERROR ovsdbapp.backend.ovs_idl.command
File "/var/lib/openstack/lib/python3.10/site-packages/ovsdbapp/backend/ovs_idl/command.py", line 47, in execute
2026-07-15 00:14:39.661 10 ERROR ovsdbapp.backend.ovs_idl.command self.run_idl(None)
2026-07-15 00:14:39.661 10 ERROR ovsdbapp.backend.ovs_idl.command
File "/var/lib/openstack/lib/python3.10/site-packages/ovsdbapp/backend/ovs_idl/command.py", line 235, in run_idl
2026-07-15 00:14:39.661 10 ERROR ovsdbapp.backend.ovs_idl.command record = self.api.lookup(self.table, self.record)
2026-07-15 00:14:39.661 10 ERROR ovsdbapp.backend.ovs_idl.command
File "/var/lib/openstack/lib/python3.10/site-packages/ovsdbapp/backend/ovs_idl/__init__.py", line 184, in lookup
2026-07-15 00:14:39.661 10 ERROR ovsdbapp.backend.ovs_idl.command return self._lookup(table, record)
2026-07-15 00:14:39.661 10 ERROR ovsdbapp.backend.ovs_idl.command
File "/var/lib/openstack/lib/python3.10/site-packages/ovsdbapp/backend/ovs_idl/__init__.py", line 235, in _lookup
2026-07-15 00:14:39.661 10 ERROR ovsdbapp.backend.ovs_idl.command row = idlutils.row_by_value(self, rl.table, rl.column, record)
2026-07-15 00:14:39.661 10 ERROR ovsdbapp.backend.ovs_idl.command
File "/var/lib/openstack/lib/python3.10/site-packages/ovsdbapp/backend/ovs_idl/idlutils.py", line 114, in row_by_value
2026-07-15 00:14:39.661 10 ERROR ovsdbapp.backend.ovs_idl.command raise RowNotFound(table=table, col=column, match=match)
2026-07-15 00:14:39.661 10 ERROR ovsdbapp.backend.ovs_idl.command ovsdbapp.backend.ovs_idl.idlutils.RowNotFound: Cannot find Logical_Router_Port with name=lrp-c9d932a6-a668-47a8-80bc-c0c19ebbe9e7
2026-07-15 00:14:39.661 10 ERROR ovsdbapp.backend.ovs_idl.command 
2026-07-15 00:14:39.662 10 ERROR neutron_lib.callbacks.manager [None req-70da2f35-16eb-4c98-addb-f4c79edbbeb6 d373721a75b3488d80253e095454b5db 0b2dcf0264a04a428e23c2eb69b848e4 - - default default] Error during notification for neutron.services.ovn_l3.plugin.OVNL3RouterPlugin._port_update-8771991230173 port, after_update: ovsdbapp.backend.ovs_idl.idlutils.RowNotFound: Cannot find Logical_Router_Port with name=lrp-c9d932a6-a668-47a8-80bc-c0c19ebbe9e7
2026-07-15 00:14:39.662 10 ERROR neutron_lib.callbacks.manager
Traceback (most recent call last):
2026-07-15 00:14:39.662 10 ERROR neutron_lib.callbacks.manager
File "/var/lib/openstack/lib/python3.10/site-packages/neutron_lib/callbacks/manager.py", line 189, in _notify_loop
2026-07-15 00:14:39.662 10 ERROR neutron_lib.callbacks.manager callback.method(resource, event, trigger, payload=payload)
2026-07-15 00:14:39.662 10 ERROR neutron_lib.callbacks.manager
File "/var/lib/openstack/lib/python3.10/site-packages/neutron/services/ovn_l3/plugin.py", line 391, in _port_update
2026-07-15 00:14:39.662 10 ERROR neutron_lib.callbacks.manager l3plugin._ovn_client.update_router_port(context,
2026-07-15 00:14:39.662 10 ERROR neutron_lib.callbacks.manager
File "/var/lib/openstack/lib/python3.10/site-packages/neutron/plugins/ml2/drivers/ovn/mech_driver/ovsdb/ovn_client.py", line 1878, in update_router_port
2026-07-15 00:14:39.662 10 ERROR neutron_lib.callbacks.manager self._update_lrouter_port(context, port, if_exists=if_exists,
2026-07-15 00:14:39.662 10 ERROR neutron_lib.callbacks.manager
File "/var/lib/openstack/lib/python3.10/site-packages/neutron/plugins/ml2/drivers/ovn/mech_driver/ovsdb/ovn_client.py", line 1855, in _update_lrouter_port
2026-07-15 00:14:39.662 10 ERROR neutron_lib.callbacks.manager external_ids = self._nb_idl.db_get(
2026-07-15 00:14:39.662 10 ERROR neutron_lib.callbacks.manager
File "/var/lib/openstack/lib/python3.10/site-packages/ovsdbapp/backend/ovs_idl/command.py", line 47, in execute
2026-07-15 00:14:39.662 10 ERROR neutron_lib.callbacks.manager self.run_idl(None)
2026-07-15 00:14:39.662 10 ERROR neutron_lib.callbacks.manager
File "/var/lib/openstack/lib/python3.10/site-packages/ovsdbapp/backend/ovs_idl/command.py", line 235, in run_idl
2026-07-15 00:14:39.662 10 ERROR neutron_lib.callbacks.manager record = self.api.lookup(self.table, self.record)
2026-07-15 00:14:39.662 10 ERROR neutron_lib.callbacks.manager
File "/var/lib/openstack/lib/python3.10/site-packages/ovsdbapp/backend/ovs_idl/__init__.py", line 184, in lookup
2026-07-15 00:14:39.662 10 ERROR neutron_lib.callbacks.manager return self._lookup(table, record)
2026-07-15 00:14:39.662 10 ERROR neutron_lib.callbacks.manager
File "/var/lib/openstack/lib/python3.10/site-packages/ovsdbapp/backend/ovs_idl/__init__.py", line 235, in _lookup
2026-07-15 00:14:39.662 10 ERROR neutron_lib.callbacks.manager row = idlutils.row_by_value(self, rl.table, rl.column, record)
2026-07-15 00:14:39.662 10 ERROR neutron_lib.callbacks.manager
File "/var/lib/openstack/lib/python3.10/site-packages/ovsdbapp/backend/ovs_idl/idlutils.py", line 114, in row_by_value
2026-07-15 00:14:39.662 10 ERROR neutron_lib.callbacks.manager raise RowNotFound(table=table, col=column, match=match)
2026-07-15 00:14:39.662 10 ERROR neutron_lib.callbacks.manager ovsdbapp.backend.ovs_idl.idlutils.RowNotFound: Cannot find Logical_Router_Port with name=lrp-c9d932a6-a668-47a8-80bc-c0c19ebbe9e7
2026-07-15 00:14:39.662 10 ERROR neutron_lib.callbacks.manager 
2026-07-15 00:14:39.670 9 INFO neutron.db.ovn_revision_numbers_db [None req-81577520-d5d3-499f-98bd-431841584c72 25a3cc09e4cc4d159002d1f8f7997b0a 42c5914868a6448e8a720af83e84d5ac - - default default] Successfully bumped revision number for resource 14b894d6-db4d-49fc-81c3-49fffc08639c (type: security_groups) to 1
2026-07-15 00:14:39.698 9 INFO neutron.db.ovn_revision_numbers_db [None req-81577520-d5d3-499f-98bd-431841584c72 25a3cc09e4cc4d159002d1f8f7997b0a 42c5914868a6448e8a720af83e84d5ac - - default default] Successfully bumped revision number for resource 21dca253-6c7a-4e8f-8728-f85f742e7412 (type: security_group_rules) to 0
2026-07-15 00:14:39.717 9 INFO neutron.db.ovn_revision_numbers_db [None req-81577520-d5d3-499f-98bd-431841584c72 25a3cc09e4cc4d159002d1f8f7997b0a 42c5914868a6448e8a720af83e84d5ac - - default default] Successfully bumped revision number for resource 4ccba581-a10b-4237-90c4-8590ecc80df3 (type: security_group_rules) to 0
2026-07-15 00:14:39.744 9 INFO neutron.wsgi [None req-81577520-d5d3-499f-98bd-431841584c72 25a3cc09e4cc4d159002d1f8f7997b0a 42c5914868a6448e8a720af83e84d5ac - - default default] 10.0.0.217 "POST /v2.0/security-groups HTTP/1.1" status: 201 len: 1801 time: 0.2053549
2026-07-15 00:14:39.808 9 INFO neutron.wsgi [None req-12f3b406-e449-42f7-b667-33ec19b68018 25a3cc09e4cc4d159002d1f8f7997b0a 42c5914868a6448e8a720af83e84d5ac - - default default] 10.0.0.217 "PUT /v2.0/security-groups/8876d193-add3-4cf4-b766-526525538405/tags HTTP/1.1" status: 200 len: 210 time: 0.0563388
2026-07-15 00:14:39.861 9 INFO neutron.wsgi [req-62d20415-029e-41e8-81a2-f1e11a60c2eb req-773519ca-fa02-442c-9a1e-ca75525a3ffe aee5c2fdbdc54cc98eed30312ada10b6 7d1f6ec9741048268fef69699f7d9dc1 - - default default] 10.0.0.93 "GET /v2.0/ports?device_id=61c86939-8037-4c78-8b17-202e15c0e21e HTTP/1.1" status: 200 len: 1170 time: 0.0590308
2026-07-15 00:14:39.875 9 INFO neutron.wsgi [None req-852d9bf5-1040-4068-8eaf-7faa879bdbe5 25a3cc09e4cc4d159002d1f8f7997b0a 42c5914868a6448e8a720af83e84d5ac - - default default] 10.0.0.217 "PUT /v2.0/security-groups/e415feea-27d5-4928-b9ff-b3527cf28342/tags HTTP/1.1" status: 200 len: 218 time: 0.0596361
2026-07-15 00:14:39.897 10 WARNING neutron.scheduler.dhcp_agent_scheduler [None req-a24cfe79-8ca6-4d70-ad5a-a29617ecb22d 9e50593cd90046f78ce442c98dcd328e 9c3887423bc14a27836c4423825fb11c - - default default] No more DHCP agents
2026-07-15 00:14:39.901 10 WARNING neutron.api.rpc.agentnotifiers.dhcp_rpc_agent_api [None req-a24cfe79-8ca6-4d70-ad5a-a29617ecb22d 9e50593cd90046f78ce442c98dcd328e 9c3887423bc14a27836c4423825fb11c - - default default] Unable to schedule network 9bccb30d-db87-4d2a-86e3-81ae969302bb: no agents available; will retry on subsequent port and subnet creation events.
2026-07-15 00:14:39.913 9 INFO neutron.wsgi [req-62d20415-029e-41e8-81a2-f1e11a60c2eb req-32dbd1c1-ff46-4426-9232-5c210d1e7048 aee5c2fdbdc54cc98eed30312ada10b6 7d1f6ec9741048268fef69699f7d9dc1 - - default default] 10.0.0.93 "GET /v2.0/security-groups?id=bdafd74c-73ad-4700-9cc1-13ee309db552&fields=id&fields=name HTTP/1.1" status: 200 len: 286 time: 0.0430295
2026-07-15 00:14:39.969 10 INFO neutron.wsgi [None req-0ffedd6c-5327-44f1-a5f7-d5fe311f56de 25a3cc09e4cc4d159002d1f8f7997b0a 42c5914868a6448e8a720af83e84d5ac - - default default] 10.0.0.217 "PUT /v2.0/security-groups/619d4c55-f976-41da-9072-14e5ce41c010/tags HTTP/1.1" status: 200 len: 227 time: 0.0855489
2026-07-15 00:14:39.990 10 INFO neutron.db.ovn_revision_numbers_db [None req-a24cfe79-8ca6-4d70-ad5a-a29617ecb22d 9e50593cd90046f78ce442c98dcd328e 9c3887423bc14a27836c4423825fb11c - - default default] Successfully bumped revision number for resource f7961c9d-db06-45ed-9a02-2f20424b79e0 (type: subnets) to 0
2026-07-15 00:14:40.012 9 INFO neutron.wsgi [None req-5855d348-2ce8-4806-a474-f17f98ecb087 25a3cc09e4cc4d159002d1f8f7997b0a 42c5914868a6448e8a720af83e84d5ac - - default default] 10.0.0.217 "PUT /v2.0/security-groups/b40cb3ed-b47a-415e-88c1-e10d461570d6/tags HTTP/1.1" status: 200 len: 212 time: 0.0342846
2026-07-15 00:14:40.012 10 INFO neutron.wsgi [None req-a24cfe79-8ca6-4d70-ad5a-a29617ecb22d 9e50593cd90046f78ce442c98dcd328e 9c3887423bc14a27836c4423825fb11c - - default default] 10.0.0.217 "POST /v2.0/subnets HTTP/1.1" status: 201 len: 802 time: 0.5080881
2026-07-15 00:14:40.031 9 WARNING neutron_lib.context [None req-0ca11b92-3ba8-478b-947e-a2a3168c5b9c 9e50593cd90046f78ce442c98dcd328e 9c3887423bc14a27836c4423825fb11c - - default default] Method 'is_advsvc' is deprecated since 2023.2 release (neutron-lib 3.8.0) and will be removed once support for the old RBAC API policies will be removed from Neutron. Please use method 'is_service_role' instead.
2026-07-15 00:14:40.041 9 INFO neutron.plugins.ml2.drivers.ovn.mech_driver.mech_driver [None req-ba97e2e0-8c8a-46c9-aec5-5954db8ceda4 - - - - - -] OVN reports status up for port: c9d932a6-a668-47a8-80bc-c0c19ebbe9e7
2026-07-15 00:14:40.054 9 INFO neutron.plugins.ml2.plugin [None req-ba97e2e0-8c8a-46c9-aec5-5954db8ceda4 - - - - - -] Attempt 1 to provision port c9d932a6-a668-47a8-80bc-c0c19ebbe9e7
2026-07-15 00:14:40.065 10 INFO neutron.db.ovn_revision_numbers_db [None req-70da2f35-16eb-4c98-addb-f4c79edbbeb6 d373721a75b3488d80253e095454b5db 0b2dcf0264a04a428e23c2eb69b848e4 - - default default] Successfully bumped revision number for resource c9d932a6-a668-47a8-80bc-c0c19ebbe9e7 (type: ports) to 1
2026-07-15 00:14:40.080 10 INFO neutron.wsgi [None req-a9e795e3-d285-4087-8101-a9714b3014bb 25a3cc09e4cc4d159002d1f8f7997b0a 42c5914868a6448e8a720af83e84d5ac - - default default] 10.0.0.217 "GET /v2.0/security-groups?tags=red HTTP/1.1" status: 200 len: 4999 time: 0.0627146
2026-07-15 00:14:40.148 10 INFO neutron.wsgi [None req-cdfac0cc-065b-4cef-a151-39f087bb264f 25a3cc09e4cc4d159002d1f8f7997b0a 42c5914868a6448e8a720af83e84d5ac - - default default] 10.0.0.217 "GET /v2.0/security-groups?tags=red%2Cblue HTTP/1.1" status: 200 len: 3413 time: 0.0626101
2026-07-15 00:14:40.171 10 WARNING neutron.scheduler.dhcp_agent_scheduler [None req-70da2f35-16eb-4c98-addb-f4c79edbbeb6 d373721a75b3488d80253e095454b5db 0b2dcf0264a04a428e23c2eb69b848e4 - - default default] No more DHCP agents
2026-07-15 00:14:40.174 10 WARNING neutron.api.rpc.agentnotifiers.dhcp_rpc_agent_api [None req-70da2f35-16eb-4c98-addb-f4c79edbbeb6 d373721a75b3488d80253e095454b5db 0b2dcf0264a04a428e23c2eb69b848e4 - - default default] Unable to schedule network a2dd015e-da8c-4d87-aa72-9eb975900fbb: no agents available; will retry on subsequent port and subnet creation events.
2026-07-15 00:14:40.211 10 INFO neutron.wsgi [None req-5703efd8-3ed5-4bf5-88cc-081ae74c0dca 25a3cc09e4cc4d159002d1f8f7997b0a 42c5914868a6448e8a720af83e84d5ac - - default default] 10.0.0.217 "GET /v2.0/security-groups?tags-any=blue HTTP/1.1" status: 200 len: 3413 time: 0.0580051
2026-07-15 00:14:40.313 9 INFO neutron.wsgi [None req-b013da34-c93b-467f-86aa-fa64aa102a11 25a3cc09e4cc4d159002d1f8f7997b0a 42c5914868a6448e8a720af83e84d5ac - - default default] 10.0.0.217 "GET /v2.0/security-groups?tags-any=red%2Cblue HTTP/1.1" status: 200 len: 4999 time: 0.0930290
2026-07-15 00:14:40.386 10 INFO neutron.wsgi [None req-7f522f12-34d6-4c17-90e7-5904ac5313da 25a3cc09e4cc4d159002d1f8f7997b0a 42c5914868a6448e8a720af83e84d5ac - - default default] 10.0.0.217 "GET /v2.0/security-groups?not-tags=red HTTP/1.1" status: 200 len: 6289 time: 0.0677204
2026-07-15 00:14:40.495 9 INFO neutron.wsgi [None req-6040ab64-3f61-41b9-8e5e-4b4fed18019c 25a3cc09e4cc4d159002d1f8f7997b0a 42c5914868a6448e8a720af83e84d5ac - - default default] 10.0.0.217 "GET /v2.0/security-groups?not-tags=red%2Cblue HTTP/1.1" status: 200 len: 7875 time: 0.1017785
2026-07-15 00:14:40.552 9 INFO neutron.notifiers.nova [-] Nova event matching ['req-d2646ff7-5538-4964-890f-6155ed392845'] response: {'server_uuid': '61c86939-8037-4c78-8b17-202e15c0e21e', 'name': 'network-vif-plugged', 'status': 'completed', 'tag': 'c887d683-ff77-4bac-855e-840e280404e2', 'code': 200}
2026-07-15 00:14:40.553 9 INFO neutron.notifiers.nova [-] Nova event matching ['req-d2646ff7-5538-4964-890f-6155ed392845'] response: {'server_uuid': '61c86939-8037-4c78-8b17-202e15c0e21e', 'name': 'network-vif-plugged', 'status': 'completed', 'tag': 'c887d683-ff77-4bac-855e-840e280404e2', 'code': 200}
2026-07-15 00:14:40.605 9 INFO neutron.wsgi [None req-420dc31e-a6bc-420a-85df-da3df0a6ec25 25a3cc09e4cc4d159002d1f8f7997b0a 42c5914868a6448e8a720af83e84d5ac - - default default] 10.0.0.217 "GET /v2.0/security-groups?not-tags-any=blue HTTP/1.1" status: 200 len: 7875 time: 0.1002321
2026-07-15 00:14:40.607 10 INFO neutron.db.ovn_revision_numbers_db [None req-70da2f35-16eb-4c98-addb-f4c79edbbeb6 d373721a75b3488d80253e095454b5db 0b2dcf0264a04a428e23c2eb69b848e4 - - default default] Successfully bumped revision number for resource c9d932a6-a668-47a8-80bc-c0c19ebbe9e7 (type: router_ports) to 1
2026-07-15 00:14:40.615 10 INFO neutron.wsgi [None req-70da2f35-16eb-4c98-addb-f4c79edbbeb6 d373721a75b3488d80253e095454b5db 0b2dcf0264a04a428e23c2eb69b848e4 - - default default] 10.0.0.217 "PUT /v2.0/routers/b3bef3fd-cb72-491c-9781-53e7eca8cbd7/add_router_interface HTTP/1.1" status: 200 len: 503 time: 3.3706696
2026-07-15 00:14:40.708 9 INFO neutron.wsgi [None req-108a350c-0edb-40eb-b80d-ac2dee9ae109 25a3cc09e4cc4d159002d1f8f7997b0a 42c5914868a6448e8a720af83e84d5ac - - default default] 10.0.0.217 "GET /v2.0/security-groups?not-tags-any=red%2Cblue HTTP/1.1" status: 200 len: 6289 time: 0.0957959
2026-07-15 00:14:40.731 10 INFO neutron.wsgi [None req-1436361c-29a2-497e-a9eb-335d09c0c88b 5d7cd0f1ac354bf8ab03e4fb6ec76bde 1618d24fa45e4c72b643596ea0999fb9 - - default default] 10.0.0.217 "GET /v2.0/networks HTTP/1.1" status: 200 len: 4631 time: 0.1109617
2026-07-15 00:14:40.796 10 INFO neutron.wsgi [None req-6169bd92-8624-4571-ae64-e48ddce40842 5d7cd0f1ac354bf8ab03e4fb6ec76bde 1618d24fa45e4c72b643596ea0999fb9 - - default default] 10.0.0.217 "GET /v2.0/subnets HTTP/1.1" status: 200 len: 3361 time: 0.0599768
2026-07-15 00:14:40.833 9 WARNING neutron.scheduler.dhcp_agent_scheduler [None req-0ca11b92-3ba8-478b-947e-a2a3168c5b9c 9e50593cd90046f78ce442c98dcd328e 9c3887423bc14a27836c4423825fb11c - - default default] No more DHCP agents
2026-07-15 00:14:40.839 9 WARNING neutron.api.rpc.agentnotifiers.dhcp_rpc_agent_api [None req-0ca11b92-3ba8-478b-947e-a2a3168c5b9c 9e50593cd90046f78ce442c98dcd328e 9c3887423bc14a27836c4423825fb11c - - default default] Unable to schedule network 26c6b39e-c936-438f-b814-b71b15a8d673: no agents available; will retry on subsequent port and subnet creation events.
2026-07-15 00:14:40.932 9 INFO neutron.db.ovn_revision_numbers_db [None req-ba97e2e0-8c8a-46c9-aec5-5954db8ceda4 - - - - - -] Successfully bumped revision number for resource c9d932a6-a668-47a8-80bc-c0c19ebbe9e7 (type: ports) to 2
2026-07-15 00:14:40.958 10 INFO neutron.wsgi [None req-0a660a76-85b8-4e7b-8bd1-36f79f39c9b0 5d7cd0f1ac354bf8ab03e4fb6ec76bde 1618d24fa45e4c72b643596ea0999fb9 - - default default] 10.0.0.217 "GET /v2.0/routers HTTP/1.1" status: 200 len: 2744 time: 0.1568022
2026-07-15 00:14:41.019 10 WARNING neutron_lib.context [None req-664bab4b-57ed-4804-a283-0b4c7a5c4917 d373721a75b3488d80253e095454b5db 0b2dcf0264a04a428e23c2eb69b848e4 - - default default] Method 'is_advsvc' is deprecated since 2023.2 release (neutron-lib 3.8.0) and will be removed once support for the old RBAC API policies will be removed from Neutron. Please use method 'is_service_role' instead.
2026-07-15 00:14:41.149 10 INFO neutron.db.ovn_revision_numbers_db [None req-664bab4b-57ed-4804-a283-0b4c7a5c4917 d373721a75b3488d80253e095454b5db 0b2dcf0264a04a428e23c2eb69b848e4 - - default default] Successfully bumped revision number for resource 9265c4e9-6bde-441a-9e06-fa2401e24ae9 (type: security_groups) to 1
2026-07-15 00:14:41.166 10 INFO neutron.db.ovn_revision_numbers_db [None req-664bab4b-57ed-4804-a283-0b4c7a5c4917 d373721a75b3488d80253e095454b5db 0b2dcf0264a04a428e23c2eb69b848e4 - - default default] Successfully bumped revision number for resource 215d6fdd-391b-40e0-84eb-094b23ce49ff (type: security_group_rules) to 0
2026-07-15 00:14:41.198 10 INFO neutron.db.ovn_revision_numbers_db [None req-664bab4b-57ed-4804-a283-0b4c7a5c4917 d373721a75b3488d80253e095454b5db 0b2dcf0264a04a428e23c2eb69b848e4 - - default default] Successfully bumped revision number for resource 688b88d7-54b3-4677-8f8e-8d8b29370015 (type: security_group_rules) to 0
2026-07-15 00:14:41.220 10 INFO neutron.wsgi [None req-664bab4b-57ed-4804-a283-0b4c7a5c4917 d373721a75b3488d80253e095454b5db 0b2dcf0264a04a428e23c2eb69b848e4 - - default default] 10.0.0.217 "POST /v2.0/security-groups HTTP/1.1" status: 201 len: 1875 time: 0.2113276
2026-07-15 00:14:41.241 10 WARNING neutron_lib.context [None req-54b4e027-5f1f-4157-93aa-ac1bbcfd6b11 d373721a75b3488d80253e095454b5db 0b2dcf0264a04a428e23c2eb69b848e4 - - default default] Method 'is_advsvc' is deprecated since 2023.2 release (neutron-lib 3.8.0) and will be removed once support for the old RBAC API policies will be removed from Neutron. Please use method 'is_service_role' instead.
2026-07-15 00:14:41.260 9 INFO neutron.wsgi [None req-f1e5db9a-22a7-450b-9dfa-a50a8252e741 25a3cc09e4cc4d159002d1f8f7997b0a 42c5914868a6448e8a720af83e84d5ac - - default default] 10.0.0.217 "DELETE /v2.0/security-groups/8876d193-add3-4cf4-b766-526525538405 HTTP/1.1" status: 204 len: 168 time: 0.5451715
2026-07-15 00:14:41.335 9 INFO neutron.wsgi [req-1a0b8b34-63e7-492b-b798-56fb8621032d req-12a18752-0445-47f0-a312-c601ac431272 aee5c2fdbdc54cc98eed30312ada10b6 7d1f6ec9741048268fef69699f7d9dc1 - - default default] 10.0.0.93 "GET /v2.0/ports?device_id=61c86939-8037-4c78-8b17-202e15c0e21e HTTP/1.1" status: 200 len: 1170 time: 0.1081564
2026-07-15 00:14:41.425 9 INFO neutron.wsgi [req-1a0b8b34-63e7-492b-b798-56fb8621032d req-d6ad177a-2f53-4688-861b-ed0095cc2353 aee5c2fdbdc54cc98eed30312ada10b6 7d1f6ec9741048268fef69699f7d9dc1 - - default default] 10.0.0.93 "GET /v2.0/security-groups?id=bdafd74c-73ad-4700-9cc1-13ee309db552&fields=id&fields=name HTTP/1.1" status: 200 len: 286 time: 0.0834303
2026-07-15 00:14:41.430 10 INFO neutron.wsgi [None req-e65e171a-0ea3-4b36-855d-f239fdb26c9f 25a3cc09e4cc4d159002d1f8f7997b0a 42c5914868a6448e8a720af83e84d5ac - - default default] 10.0.0.217 "DELETE /v2.0/security-groups/e415feea-27d5-4928-b9ff-b3527cf28342 HTTP/1.1" status: 204 len: 168 time: 0.1671488
2026-07-15 00:14:41.441 9 INFO neutron.db.ovn_revision_numbers_db [None req-0ca11b92-3ba8-478b-947e-a2a3168c5b9c 9e50593cd90046f78ce442c98dcd328e 9c3887423bc14a27836c4423825fb11c - - default default] Successfully bumped revision number for resource f10b13b5-5127-4f85-ac2e-0f9cec308515 (type: ports) to 1
2026-07-15 00:14:41.442 10 INFO neutron.db.ovn_revision_numbers_db [None req-54b4e027-5f1f-4157-93aa-ac1bbcfd6b11 d373721a75b3488d80253e095454b5db 0b2dcf0264a04a428e23c2eb69b848e4 - - default default] Successfully bumped revision number for resource 18863ec9-fcf3-4bc3-a93b-26eec1a01a17 (type: security_group_rules) to 0
2026-07-15 00:14:41.454 9 INFO neutron.db.ovn_revision_numbers_db [None req-ba97e2e0-8c8a-46c9-aec5-5954db8ceda4 - - - - - -] Successfully bumped revision number for resource c9d932a6-a668-47a8-80bc-c0c19ebbe9e7 (type: router_ports) to 2
2026-07-15 00:14:41.480 10 INFO neutron.wsgi [None req-54b4e027-5f1f-4157-93aa-ac1bbcfd6b11 d373721a75b3488d80253e095454b5db 0b2dcf0264a04a428e23c2eb69b848e4 - - default default] 10.0.0.217 "POST /v2.0/security-group-rules HTTP/1.1" status: 201 len: 796 time: 0.2453043
2026-07-15 00:14:41.489 10 WARNING neutron_lib.context [None req-955b1195-c251-4d45-a4bf-032213c5af30 d373721a75b3488d80253e095454b5db 0b2dcf0264a04a428e23c2eb69b848e4 - - default default] Method 'is_advsvc' is deprecated since 2023.2 release (neutron-lib 3.8.0) and will be removed once support for the old RBAC API policies will be removed from Neutron. Please use method 'is_service_role' instead.
2026-07-15 00:14:41.827 10 INFO neutron.wsgi [None req-82780f02-80cf-4324-aef7-911f0f7d4a53 25a3cc09e4cc4d159002d1f8f7997b0a 42c5914868a6448e8a720af83e84d5ac - - default default] 10.0.0.217 "DELETE /v2.0/security-groups/619d4c55-f976-41da-9072-14e5ce41c010 HTTP/1.1" status: 204 len: 168 time: 0.3916044
2026-07-15 00:14:41.893 10 INFO neutron.db.ovn_revision_numbers_db [None req-955b1195-c251-4d45-a4bf-032213c5af30 d373721a75b3488d80253e095454b5db 0b2dcf0264a04a428e23c2eb69b848e4 - - default default] Successfully bumped revision number for resource 6e10d81e-1d81-4325-8fe0-a1b448138637 (type: security_group_rules) to 0
2026-07-15 00:14:41.917 10 INFO neutron.wsgi [None req-955b1195-c251-4d45-a4bf-032213c5af30 d373721a75b3488d80253e095454b5db 0b2dcf0264a04a428e23c2eb69b848e4 - - default default] 10.0.0.217 "POST /v2.0/security-group-rules HTTP/1.1" status: 201 len: 795 time: 0.4318385
2026-07-15 00:14:41.925 10 WARNING neutron_lib.context [None req-3e1e2014-7c91-41d0-a1e9-0c95dde153a1 d373721a75b3488d80253e095454b5db 0b2dcf0264a04a428e23c2eb69b848e4 - - default default] Method 'is_advsvc' is deprecated since 2023.2 release (neutron-lib 3.8.0) and will be removed once support for the old RBAC API policies will be removed from Neutron. Please use method 'is_service_role' instead.
2026-07-15 00:14:42.044 9 INFO neutron.wsgi [req-ba88038a-883d-4b06-830c-a800b01e4a8c req-5a6fc2f3-a38e-45ab-ae16-c0f92c72bff6 aee5c2fdbdc54cc98eed30312ada10b6 7d1f6ec9741048268fef69699f7d9dc1 - - default default] 10.0.0.93 "GET /v2.0/ports?device_id=61c86939-8037-4c78-8b17-202e15c0e21e HTTP/1.1" status: 200 len: 1170 time: 0.0598626
2026-07-15 00:14:42.053 9 INFO neutron.wsgi [None req-1cba8c4c-1d7b-43ce-bd09-339277b167d6 25a3cc09e4cc4d159002d1f8f7997b0a 42c5914868a6448e8a720af83e84d5ac - - default default] 10.0.0.217 "DELETE /v2.0/security-groups/b40cb3ed-b47a-415e-88c1-e10d461570d6 HTTP/1.1" status: 204 len: 168 time: 0.2202902
2026-07-15 00:14:42.092 10 INFO neutron.db.ovn_revision_numbers_db [None req-3e1e2014-7c91-41d0-a1e9-0c95dde153a1 d373721a75b3488d80253e095454b5db 0b2dcf0264a04a428e23c2eb69b848e4 - - default default] Successfully bumped revision number for resource 3f9ffb24-b9eb-4ee2-bc60-c4890dded1ae (type: security_group_rules) to 0
2026-07-15 00:14:42.108 9 INFO neutron.wsgi [req-ba88038a-883d-4b06-830c-a800b01e4a8c req-a503ceb3-ccaf-408a-af91-ac8fb6ff9545 aee5c2fdbdc54cc98eed30312ada10b6 7d1f6ec9741048268fef69699f7d9dc1 - - default default] 10.0.0.93 "GET /v2.0/security-groups?id=bdafd74c-73ad-4700-9cc1-13ee309db552&fields=id&fields=name HTTP/1.1" status: 200 len: 286 time: 0.0541739
2026-07-15 00:14:42.133 10 INFO neutron.wsgi [None req-3e1e2014-7c91-41d0-a1e9-0c95dde153a1 d373721a75b3488d80253e095454b5db 0b2dcf0264a04a428e23c2eb69b848e4 - - default default] 10.0.0.217 "POST /v2.0/security-group-rules HTTP/1.1" status: 201 len: 801 time: 0.2108274
2026-07-15 00:14:42.143 10 WARNING neutron_lib.context [None req-b06f024c-e197-4428-bd50-88f6d745fa12 d373721a75b3488d80253e095454b5db 0b2dcf0264a04a428e23c2eb69b848e4 - - default default] Method 'is_advsvc' is deprecated since 2023.2 release (neutron-lib 3.8.0) and will be removed once support for the old RBAC API policies will be removed from Neutron. Please use method 'is_service_role' instead.
2026-07-15 00:14:42.248 10 INFO neutron.wsgi [None req-978613f2-632c-45be-8146-99189b2419be 25a3cc09e4cc4d159002d1f8f7997b0a 42c5914868a6448e8a720af83e84d5ac - - default default] 10.0.0.217 "DELETE /v2.0/security-groups/14b894d6-db4d-49fc-81c3-49fffc08639c HTTP/1.1" status: 204 len: 168 time: 0.1828494
2026-07-15 00:14:42.312 9 INFO neutron.plugins.ml2.drivers.ovn.mech_driver.ovsdb.commands [None req-0a8bd426-bdde-4d07-8805-1102f97e05f2 - - - - - -] Schedule LRP lrp-f10b13b5-5127-4f85-ac2e-0f9cec308515 on gateway 84088eff-252a-4915-9c95-760fd31e4e38 with priority 1
2026-07-15 00:14:42.314 10 INFO neutron.db.ovn_revision_numbers_db [None req-b06f024c-e197-4428-bd50-88f6d745fa12 d373721a75b3488d80253e095454b5db 0b2dcf0264a04a428e23c2eb69b848e4 - - default default] Successfully bumped revision number for resource e34f169a-f73f-4f76-bb1c-4bd6753d58a5 (type: security_group_rules) to 0
2026-07-15 00:14:42.348 10 INFO neutron.wsgi [None req-b06f024c-e197-4428-bd50-88f6d745fa12 d373721a75b3488d80253e095454b5db 0b2dcf0264a04a428e23c2eb69b848e4 - - default default] 10.0.0.217 "POST /v2.0/security-group-rules HTTP/1.1" status: 201 len: 800 time: 0.2103169
2026-07-15 00:14:42.362 10 WARNING neutron_lib.context [None req-1a14f541-fdc9-4d53-ab49-f52b67b5c9d4 d373721a75b3488d80253e095454b5db 0b2dcf0264a04a428e23c2eb69b848e4 - - default default] Method 'is_advsvc' is deprecated since 2023.2 release (neutron-lib 3.8.0) and will be removed once support for the old RBAC API policies will be removed from Neutron. Please use method 'is_service_role' instead.
2026-07-15 00:14:42.395 9 INFO neutron.db.ovn_revision_numbers_db [None req-0ca11b92-3ba8-478b-947e-a2a3168c5b9c 9e50593cd90046f78ce442c98dcd328e 9c3887423bc14a27836c4423825fb11c - - default default] Successfully bumped revision number for resource f10b13b5-5127-4f85-ac2e-0f9cec308515 (type: router_ports) to 1
2026-07-15 00:14:42.398 10 INFO neutron.db.securitygroups_db [None req-1a14f541-fdc9-4d53-ab49-f52b67b5c9d4 d373721a75b3488d80253e095454b5db 0b2dcf0264a04a428e23c2eb69b848e4 - - default default] Project 0b2dcf0264a04a428e23c2eb69b848e4 added a security group rule with legacy IPv6 ICMP protocol name icmp, ipv6-icmp should be used instead. It was automatically converted.
2026-07-15 00:14:42.474 9 INFO neutron.wsgi [req-8f4663ae-0d18-466e-873c-dbf91784d4fa req-84dedfc7-08f5-4a96-b6b7-ccb806b57335 aee5c2fdbdc54cc98eed30312ada10b6 7d1f6ec9741048268fef69699f7d9dc1 - - default default] 199.204.45.4 "GET /v2.0/ports?device_id=61c86939-8037-4c78-8b17-202e15c0e21e HTTP/1.1" status: 200 len: 1170 time: 0.1269779
2026-07-15 00:14:42.513 10 INFO neutron.db.ovn_revision_numbers_db [None req-1a14f541-fdc9-4d53-ab49-f52b67b5c9d4 d373721a75b3488d80253e095454b5db 0b2dcf0264a04a428e23c2eb69b848e4 - - default default] Successfully bumped revision number for resource c09800fd-738b-4f84-8733-6f21b69e19cb (type: security_group_rules) to 0
2026-07-15 00:14:42.521 9 INFO neutron.db.ovn_revision_numbers_db [None req-0ca11b92-3ba8-478b-947e-a2a3168c5b9c 9e50593cd90046f78ce442c98dcd328e 9c3887423bc14a27836c4423825fb11c - - default default] Successfully bumped revision number for resource f1983e18-1a21-482e-a668-0791b9781b4c (type: routers) to 2
2026-07-15 00:14:42.541 10 INFO neutron.wsgi [None req-1a14f541-fdc9-4d53-ab49-f52b67b5c9d4 d373721a75b3488d80253e095454b5db 0b2dcf0264a04a428e23c2eb69b848e4 - - default default] 10.0.0.217 "POST /v2.0/security-group-rules HTTP/1.1" status: 201 len: 806 time: 0.1857061
2026-07-15 00:14:42.544 9 INFO neutron.wsgi [None req-0ca11b92-3ba8-478b-947e-a2a3168c5b9c 9e50593cd90046f78ce442c98dcd328e 9c3887423bc14a27836c4423825fb11c - - default default] 10.0.0.217 "POST /v2.0/routers HTTP/1.1" status: 201 len: 1154 time: 2.5255086
2026-07-15 00:14:42.560 10 WARNING neutron_lib.context [None req-e50031aa-d129-416e-acad-14ee188d5d06 d373721a75b3488d80253e095454b5db 0b2dcf0264a04a428e23c2eb69b848e4 - - default default] Method 'is_advsvc' is deprecated since 2023.2 release (neutron-lib 3.8.0) and will be removed once support for the old RBAC API policies will be removed from Neutron. Please use method 'is_service_role' instead.
2026-07-15 00:14:42.629 10 INFO neutron.db.securitygroups_db [None req-e50031aa-d129-416e-acad-14ee188d5d06 d373721a75b3488d80253e095454b5db 0b2dcf0264a04a428e23c2eb69b848e4 - - default default] Project 0b2dcf0264a04a428e23c2eb69b848e4 added a security group rule with legacy IPv6 ICMP protocol name icmp, ipv6-icmp should be used instead. It was automatically converted.
2026-07-15 00:14:42.809 10 INFO neutron.db.ovn_revision_numbers_db [None req-e50031aa-d129-416e-acad-14ee188d5d06 d373721a75b3488d80253e095454b5db 0b2dcf0264a04a428e23c2eb69b848e4 - - default default] Successfully bumped revision number for resource 670f174c-32bb-4474-871f-919f7097bcfc (type: security_group_rules) to 0
2026-07-15 00:14:42.843 10 INFO neutron.wsgi [None req-e50031aa-d129-416e-acad-14ee188d5d06 d373721a75b3488d80253e095454b5db 0b2dcf0264a04a428e23c2eb69b848e4 - - default default] 10.0.0.217 "POST /v2.0/security-group-rules HTTP/1.1" status: 201 len: 805 time: 0.2941496
2026-07-15 00:14:42.898 9 INFO neutron.wsgi [req-8f4663ae-0d18-466e-873c-dbf91784d4fa req-44a69c7a-f4d2-4274-8656-e8282323342c aee5c2fdbdc54cc98eed30312ada10b6 7d1f6ec9741048268fef69699f7d9dc1 - - default default] 199.204.45.4 "DELETE /v2.0/ports/c887d683-ff77-4bac-855e-840e280404e2 HTTP/1.1" status: 204 len: 173 time: 0.4189911
2026-07-15 00:14:42.957 9 INFO neutron.notifiers.nova [-] Nova event matching ['req-e4601da9-fed7-4483-9c73-a7942175a243'] response: {'server_uuid': '61c86939-8037-4c78-8b17-202e15c0e21e', 'name': 'network-vif-deleted', 'tag': 'c887d683-ff77-4bac-855e-840e280404e2', 'status': 'completed', 'code': 200}
2026-07-15 00:14:43.227 10 INFO neutron.wsgi [req-800fc1cf-8ddd-433b-a275-c5ab20ad575f req-1f1dcdfc-be29-4bff-a786-5ae5cd05a90e aee5c2fdbdc54cc98eed30312ada10b6 7d1f6ec9741048268fef69699f7d9dc1 - - default default] 10.0.0.93 "GET /v2.0/ports?device_id=61c86939-8037-4c78-8b17-202e15c0e21e HTTP/1.1" status: 200 len: 210 time: 0.0228570
2026-07-15 00:14:43.310 10 WARNING neutron.scheduler.dhcp_agent_scheduler [None req-4c1511f6-31ad-43f6-bd56-9d28579d4d0a 9e50593cd90046f78ce442c98dcd328e 9c3887423bc14a27836c4423825fb11c - - default default] No more DHCP agents
2026-07-15 00:14:43.312 10 WARNING neutron.api.rpc.agentnotifiers.dhcp_rpc_agent_api [None req-4c1511f6-31ad-43f6-bd56-9d28579d4d0a 9e50593cd90046f78ce442c98dcd328e 9c3887423bc14a27836c4423825fb11c - - default default] Unable to schedule network 9bccb30d-db87-4d2a-86e3-81ae969302bb: no agents available; will retry on subsequent port and subnet creation events.
2026-07-15 00:14:43.473 9 INFO neutron.wsgi [None req-81662db8-7f02-42e8-885b-9cf66370d722 d373721a75b3488d80253e095454b5db 0b2dcf0264a04a428e23c2eb69b848e4 - - default default] 10.0.0.217 "GET /v2.0/networks HTTP/1.1" status: 200 len: 1492 time: 0.2379420
2026-07-15 00:14:43.518 10 INFO neutron.db.ovn_revision_numbers_db [None req-4c1511f6-31ad-43f6-bd56-9d28579d4d0a 9e50593cd90046f78ce442c98dcd328e 9c3887423bc14a27836c4423825fb11c - - default default] Successfully bumped revision number for resource 2fc5c8d2-415f-4487-a90d-508af69862b2 (type: ports) to 1
2026-07-15 00:14:43.547 10 INFO neutron.db.ovn_revision_numbers_db [None req-a9c9edf7-1ada-4f34-a377-4e9f69dda74f 851b7c2d5e414e4295867e176e51c3f5 d37282b52f0c42eeb9a5de6b4a37b929 - - default default] Successfully bumped revision number for resource 4ded6be6-18c9-463c-8ffb-0bb0a9d5f14a (type: security_groups) to 1
2026-07-15 00:14:43.563 10 INFO neutron.db.ovn_revision_numbers_db [None req-a9c9edf7-1ada-4f34-a377-4e9f69dda74f 851b7c2d5e414e4295867e176e51c3f5 d37282b52f0c42eeb9a5de6b4a37b929 - - default default] Successfully bumped revision number for resource 6ac14391-ff28-492e-94eb-6daaf874af8e (type: security_group_rules) to 0
2026-07-15 00:14:43.587 10 INFO neutron.db.ovn_revision_numbers_db [None req-a9c9edf7-1ada-4f34-a377-4e9f69dda74f 851b7c2d5e414e4295867e176e51c3f5 d37282b52f0c42eeb9a5de6b4a37b929 - - default default] Successfully bumped revision number for resource 855d1c89-1b62-49ac-bbcb-a685490e8862 (type: security_group_rules) to 0
2026-07-15 00:14:43.600 10 INFO neutron.db.ovn_revision_numbers_db [None req-a9c9edf7-1ada-4f34-a377-4e9f69dda74f 851b7c2d5e414e4295867e176e51c3f5 d37282b52f0c42eeb9a5de6b4a37b929 - - default default] Successfully bumped revision number for resource bea25899-2f5e-4a71-80b8-c027cb544703 (type: security_group_rules) to 0
2026-07-15 00:14:43.616 9 INFO neutron.wsgi [req-1f52bc3b-8b27-437d-9e27-3f718a49b4a9 req-ed4b56cf-666b-4e25-9466-c49bf0b649fa d373721a75b3488d80253e095454b5db 0b2dcf0264a04a428e23c2eb69b848e4 - - default default] 10.0.0.93 "GET /v2.0/security-groups?name=tempest-secgroup-smoke-2049828283&fields=id&tenant_id=0b2dcf0264a04a428e23c2eb69b848e4 HTTP/1.1" status: 200 len: 267 time: 0.0541222
2026-07-15 00:14:43.626 10 INFO neutron.db.ovn_revision_numbers_db [None req-a9c9edf7-1ada-4f34-a377-4e9f69dda74f 851b7c2d5e414e4295867e176e51c3f5 d37282b52f0c42eeb9a5de6b4a37b929 - - default default] Successfully bumped revision number for resource f380f383-693c-4bbe-b577-809afbb9e3dc (type: security_group_rules) to 0
2026-07-15 00:14:43.654 10 INFO neutron.wsgi [None req-a9c9edf7-1ada-4f34-a377-4e9f69dda74f 851b7c2d5e414e4295867e176e51c3f5 d37282b52f0c42eeb9a5de6b4a37b929 - - default default] 10.0.0.217 "GET /v2.0/security-groups?tenant_id=c1e40cdc405d4192a99aa28d45be0721&name=default HTTP/1.1" status: 200 len: 3120 time: 0.5089397
2026-07-15 00:14:43.711 9 INFO neutron.wsgi [req-1f52bc3b-8b27-437d-9e27-3f718a49b4a9 req-033a4818-55f3-4d72-9d14-8501a47945de d373721a75b3488d80253e095454b5db 0b2dcf0264a04a428e23c2eb69b848e4 - - default default] 10.0.0.93 "GET /v2.0/networks?id=a2dd015e-da8c-4d87-aa72-9eb975900fbb HTTP/1.1" status: 200 len: 859 time: 0.0865755
2026-07-15 00:14:43.741 9 INFO neutron.wsgi [req-1f52bc3b-8b27-437d-9e27-3f718a49b4a9 req-3d26c4d8-0f85-4f78-b579-afa1ca4412dc d373721a75b3488d80253e095454b5db 0b2dcf0264a04a428e23c2eb69b848e4 - - default default] 10.0.0.93 "GET /v2.0/quotas/0b2dcf0264a04a428e23c2eb69b848e4 HTTP/1.1" status: 200 len: 491 time: 0.0174243
2026-07-15 00:14:43.901 9 INFO neutron.wsgi [req-1f52bc3b-8b27-437d-9e27-3f718a49b4a9 req-3516fa56-7d55-4b8e-b412-87b4dd5d2d31 d373721a75b3488d80253e095454b5db 0b2dcf0264a04a428e23c2eb69b848e4 - - default default] 10.0.0.93 "GET /v2.0/ports?tenant_id=0b2dcf0264a04a428e23c2eb69b848e4&fields=id HTTP/1.1" status: 200 len: 302 time: 0.1544368
2026-07-15 00:14:43.999 9 INFO neutron.wsgi [req-1f52bc3b-8b27-437d-9e27-3f718a49b4a9 req-395dac37-731b-4f98-a35b-5ac798ff3bf4 a754bae6f1a04627af4b07292851ad2c d4f72008438441d799b5c7b357853935 - - 5c41aad2933c46f48380ba9f661a8615 5c41aad2933c46f48380ba9f661a8615] 10.0.0.93 "GET /v2.0/networks/a2dd015e-da8c-4d87-aa72-9eb975900fbb?fields=segments HTTP/1.1" status: 200 len: 212 time: 0.0873952
2026-07-15 00:14:44.058 9 INFO neutron.wsgi [None req-d7a8651c-a15e-4787-a426-585279493f2d 851b7c2d5e414e4295867e176e51c3f5 d37282b52f0c42eeb9a5de6b4a37b929 - - default default] 10.0.0.217 "DELETE /v2.0/security-groups/4ded6be6-18c9-463c-8ffb-0bb0a9d5f14a HTTP/1.1" status: 204 len: 168 time: 0.3965328
2026-07-15 00:14:44.084 9 INFO neutron.wsgi [req-1f52bc3b-8b27-437d-9e27-3f718a49b4a9 req-2c534897-c8a6-4ca6-89d8-7dff0a06ce36 a754bae6f1a04627af4b07292851ad2c d4f72008438441d799b5c7b357853935 - - 5c41aad2933c46f48380ba9f661a8615 5c41aad2933c46f48380ba9f661a8615] 10.0.0.93 "GET /v2.0/networks/a2dd015e-da8c-4d87-aa72-9eb975900fbb?fields=provider%3Aphysical_network&fields=provider%3Anetwork_type HTTP/1.1" status: 200 len: 277 time: 0.0793211
2026-07-15 00:14:44.155 10 ERROR ovsdbapp.backend.ovs_idl.command [None req-4c1511f6-31ad-43f6-bd56-9d28579d4d0a 9e50593cd90046f78ce442c98dcd328e 9c3887423bc14a27836c4423825fb11c - - default default] Error executing command (DbGetCommand): ovsdbapp.backend.ovs_idl.idlutils.RowNotFound: Cannot find Logical_Router_Port with name=lrp-2fc5c8d2-415f-4487-a90d-508af69862b2
2026-07-15 00:14:44.155 10 ERROR ovsdbapp.backend.ovs_idl.command
Traceback (most recent call last):
2026-07-15 00:14:44.155 10 ERROR ovsdbapp.backend.ovs_idl.command
File "/var/lib/openstack/lib/python3.10/site-packages/ovsdbapp/backend/ovs_idl/command.py", line 47, in execute
2026-07-15 00:14:44.155 10 ERROR ovsdbapp.backend.ovs_idl.command self.run_idl(None)
2026-07-15 00:14:44.155 10 ERROR ovsdbapp.backend.ovs_idl.command
File "/var/lib/openstack/lib/python3.10/site-packages/ovsdbapp/backend/ovs_idl/command.py", line 235, in run_idl
2026-07-15 00:14:44.155 10 ERROR ovsdbapp.backend.ovs_idl.command record = self.api.lookup(self.table, self.record)
2026-07-15 00:14:44.155 10 ERROR ovsdbapp.backend.ovs_idl.command
File "/var/lib/openstack/lib/python3.10/site-packages/ovsdbapp/backend/ovs_idl/__init__.py", line 184, in lookup
2026-07-15 00:14:44.155 10 ERROR ovsdbapp.backend.ovs_idl.command return self._lookup(table, record)
2026-07-15 00:14:44.155 10 ERROR ovsdbapp.backend.ovs_idl.command
File "/var/lib/openstack/lib/python3.10/site-packages/ovsdbapp/backend/ovs_idl/__init__.py", line 235, in _lookup
2026-07-15 00:14:44.155 10 ERROR ovsdbapp.backend.ovs_idl.command row = idlutils.row_by_value(self, rl.table, rl.column, record)
2026-07-15 00:14:44.155 10 ERROR ovsdbapp.backend.ovs_idl.command
File "/var/lib/openstack/lib/python3.10/site-packages/ovsdbapp/backend/ovs_idl/idlutils.py", line 114, in row_by_value
2026-07-15 00:14:44.155 10 ERROR ovsdbapp.backend.ovs_idl.command raise RowNotFound(table=table, col=column, match=match)
2026-07-15 00:14:44.155 10 ERROR ovsdbapp.backend.ovs_idl.command ovsdbapp.backend.ovs_idl.idlutils.RowNotFound: Cannot find Logical_Router_Port with name=lrp-2fc5c8d2-415f-4487-a90d-508af69862b2
2026-07-15 00:14:44.155 10 ERROR ovsdbapp.backend.ovs_idl.command 
2026-07-15 00:14:44.156 10 ERROR neutron_lib.callbacks.manager [None req-4c1511f6-31ad-43f6-bd56-9d28579d4d0a 9e50593cd90046f78ce442c98dcd328e 9c3887423bc14a27836c4423825fb11c - - default default] Error during notification for neutron.services.ovn_l3.plugin.OVNL3RouterPlugin._port_update-8771991230173 port, after_update: ovsdbapp.backend.ovs_idl.idlutils.RowNotFound: Cannot find Logical_Router_Port with name=lrp-2fc5c8d2-415f-4487-a90d-508af69862b2
2026-07-15 00:14:44.156 10 ERROR neutron_lib.callbacks.manager
Traceback (most recent call last):
2026-07-15 00:14:44.156 10 ERROR neutron_lib.callbacks.manager
File "/var/lib/openstack/lib/python3.10/site-packages/neutron_lib/callbacks/manager.py", line 189, in _notify_loop
