2026-07-15 00:14:09.178 9 INFO neutron.wsgi [None req-8b235b59-d5db-47f8-a829-2e8375cc6ae6 e79be1a489044c6db7d36e038c1bc5fa 1e54d9ed67104bb18837955d27d8b635 - - default default] 10.0.0.217 "DELETE /v2.0/subnets/e3fa00a1-f742-4740-bf38-42d80c122254 HTTP/1.1" status: 404 len: 337 time: 0.0267951
2026-07-15 00:14:09.353 9 INFO neutron.db.ovn_revision_numbers_db [None req-ece2f084-72d6-4f48-85fc-a4ba6a96babc 89db06eada3c46a19a5a5ab8601594b7 d42a30b382da4f7fbeeb360475b7396e - - default default] Successfully bumped revision number for resource 0157b7fb-e005-419c-9658-c58351b505a0 (type: ports) to 2
2026-07-15 00:14:09.406 9 INFO neutron.db.ovn_revision_numbers_db [None req-ece2f084-72d6-4f48-85fc-a4ba6a96babc 89db06eada3c46a19a5a5ab8601594b7 d42a30b382da4f7fbeeb360475b7396e - - default default] Successfully bumped revision number for resource aa6b1380-12ef-48bc-9c0c-8fb99215f4bc (type: subnets) to 0
2026-07-15 00:14:09.428 9 WARNING neutron.scheduler.dhcp_agent_scheduler [None req-ece2f084-72d6-4f48-85fc-a4ba6a96babc 89db06eada3c46a19a5a5ab8601594b7 d42a30b382da4f7fbeeb360475b7396e - - default default] No more DHCP agents
2026-07-15 00:14:09.432 9 WARNING neutron.api.rpc.agentnotifiers.dhcp_rpc_agent_api [None req-ece2f084-72d6-4f48-85fc-a4ba6a96babc 89db06eada3c46a19a5a5ab8601594b7 d42a30b382da4f7fbeeb360475b7396e - - default default] Unable to schedule network 455b6f45-2beb-44e2-bac7-2c22972550e1: no agents available; will retry on subsequent port and subnet creation events.
2026-07-15 00:14:10.022 9 INFO neutron.db.ovn_revision_numbers_db [None req-ece2f084-72d6-4f48-85fc-a4ba6a96babc 89db06eada3c46a19a5a5ab8601594b7 d42a30b382da4f7fbeeb360475b7396e - - default default] Successfully bumped revision number for resource 738dcf3c-f374-4da8-8abb-b276a90c452e (type: ports) to 2
2026-07-15 00:14:10.036 10 INFO neutron.wsgi [req-e550d18c-b94c-4582-a67b-c92ac8dc4412 req-f48e7748-6a1e-4251-bd77-902fded1bfbf 334f1926f1084ffaba5fa8c354e06e44 7cf7bf867d66484d980a9716e2915f9f - - default default] 10.0.0.93 "GET /v2.0/ports?device_id=c5a43464-0c85-496b-9a27-973b5eabde00 HTTP/1.1" status: 200 len: 1170 time: 0.0453346
2026-07-15 00:14:10.038 10 INFO neutron.wsgi [None req-9e01ecdc-d6d1-43d9-a62a-8870cdddb938 851b7c2d5e414e4295867e176e51c3f5 d37282b52f0c42eeb9a5de6b4a37b929 - - default default] 10.0.0.217 "GET /v2.0/security-groups?tenant_id=1e54d9ed67104bb18837955d27d8b635&name=default HTTP/1.1" status: 200 len: 3120 time: 0.2905173
2026-07-15 00:14:10.081 9 INFO neutron.db.ovn_revision_numbers_db [None req-ece2f084-72d6-4f48-85fc-a4ba6a96babc 89db06eada3c46a19a5a5ab8601594b7 d42a30b382da4f7fbeeb360475b7396e - - default default] Successfully bumped revision number for resource 0c0d6f28-209d-4425-b65f-c9a1e9b6deae (type: subnets) to 0
2026-07-15 00:14:10.085 10 INFO neutron.wsgi [req-e550d18c-b94c-4582-a67b-c92ac8dc4412 req-23ae5ba7-453f-48e7-8496-6a654a8adb3b 334f1926f1084ffaba5fa8c354e06e44 7cf7bf867d66484d980a9716e2915f9f - - default default] 10.0.0.93 "GET /v2.0/security-groups?id=16fa7d3f-4c42-4e7b-9701-43ec2cfe88de&fields=id&fields=name HTTP/1.1" status: 200 len: 313 time: 0.0428004
2026-07-15 00:14:10.121 9 INFO neutron.wsgi [None req-ece2f084-72d6-4f48-85fc-a4ba6a96babc 89db06eada3c46a19a5a5ab8601594b7 d42a30b382da4f7fbeeb360475b7396e - - default default] 10.0.0.217 "POST /v2.0/subnets HTTP/1.1" status: 201 len: 1426 time: 1.9581852
2026-07-15 00:14:10.192 10 INFO neutron.wsgi [None req-7a7c176e-4f99-43ca-888f-108a02373fb7 89db06eada3c46a19a5a5ab8601594b7 d42a30b382da4f7fbeeb360475b7396e - - default default] 10.0.0.217 "GET /v2.0/subnets HTTP/1.1" status: 200 len: 2034 time: 0.0659337
2026-07-15 00:14:10.339 9 INFO neutron.wsgi [None req-6c46f55b-b12a-4fdc-b60a-e045a6009d2c 851b7c2d5e414e4295867e176e51c3f5 d37282b52f0c42eeb9a5de6b4a37b929 - - default default] 10.0.0.217 "DELETE /v2.0/security-groups/71e8509d-6713-439d-b552-6b412de3a5ec HTTP/1.1" status: 204 len: 168 time: 0.2920070
2026-07-15 00:14:10.453 10 INFO neutron.wsgi [None req-cf1f0a66-0b1e-46e7-81f9-ae8bf2c3e8eb 89db06eada3c46a19a5a5ab8601594b7 d42a30b382da4f7fbeeb360475b7396e - - default default] 10.0.0.217 "DELETE /v2.0/subnets/aa6b1380-12ef-48bc-9c0c-8fb99215f4bc HTTP/1.1" status: 204 len: 168 time: 0.2458606
2026-07-15 00:14:10.711 10 INFO neutron.db.ovn_revision_numbers_db [None req-5e540923-3ae1-4e9f-bddd-7e4d63bd2d82 851b7c2d5e414e4295867e176e51c3f5 d37282b52f0c42eeb9a5de6b4a37b929 - - default default] Successfully bumped revision number for resource 47e0951c-08b3-43d5-8985-1194959a7902 (type: security_groups) to 1
2026-07-15 00:14:10.748 10 INFO neutron.wsgi [None req-43eee076-c2b4-4c53-81cd-57f6a7b4ff46 89db06eada3c46a19a5a5ab8601594b7 d42a30b382da4f7fbeeb360475b7396e - - default default] 10.0.0.217 "DELETE /v2.0/subnets/0c0d6f28-209d-4425-b65f-c9a1e9b6deae HTTP/1.1" status: 204 len: 168 time: 0.2899611
2026-07-15 00:14:10.765 10 INFO neutron.db.ovn_revision_numbers_db [None req-5e540923-3ae1-4e9f-bddd-7e4d63bd2d82 851b7c2d5e414e4295867e176e51c3f5 d37282b52f0c42eeb9a5de6b4a37b929 - - default default] Successfully bumped revision number for resource 6f358445-c87f-4773-9159-65f63487fb3b (type: security_group_rules) to 0
2026-07-15 00:14:10.787 10 INFO neutron.db.ovn_revision_numbers_db [None req-5e540923-3ae1-4e9f-bddd-7e4d63bd2d82 851b7c2d5e414e4295867e176e51c3f5 d37282b52f0c42eeb9a5de6b4a37b929 - - default default] Successfully bumped revision number for resource 9ec51399-9c3d-43e6-a7c5-b5b021e93921 (type: security_group_rules) to 0
2026-07-15 00:14:10.809 10 INFO neutron.db.ovn_revision_numbers_db [None req-5e540923-3ae1-4e9f-bddd-7e4d63bd2d82 851b7c2d5e414e4295867e176e51c3f5 d37282b52f0c42eeb9a5de6b4a37b929 - - default default] Successfully bumped revision number for resource b4c5881c-a0b9-4dfa-9c83-38c44bc866b5 (type: security_group_rules) to 0
2026-07-15 00:14:10.816 9 INFO neutron.wsgi [None req-dcedea33-08b0-429f-9f2f-213f9958e9d7 89db06eada3c46a19a5a5ab8601594b7 d42a30b382da4f7fbeeb360475b7396e - - default default] 10.0.0.217 "GET /v2.0/subnets HTTP/1.1" status: 200 len: 820 time: 0.0618963
2026-07-15 00:14:10.823 10 INFO neutron.db.ovn_revision_numbers_db [None req-5e540923-3ae1-4e9f-bddd-7e4d63bd2d82 851b7c2d5e414e4295867e176e51c3f5 d37282b52f0c42eeb9a5de6b4a37b929 - - default default] Successfully bumped revision number for resource f1ec155b-283c-484a-be4c-09bb00508275 (type: security_group_rules) to 0
2026-07-15 00:14:10.844 10 INFO neutron.wsgi [None req-5e540923-3ae1-4e9f-bddd-7e4d63bd2d82 851b7c2d5e414e4295867e176e51c3f5 d37282b52f0c42eeb9a5de6b4a37b929 - - default default] 10.0.0.217 "GET /v2.0/security-groups?tenant_id=b00244f3fc13412fbeb5c61e46e166e8&name=default HTTP/1.1" status: 200 len: 3120 time: 0.4130003
2026-07-15 00:14:11.069 10 INFO neutron.wsgi [None req-cd0986f7-55c3-476f-98e2-49f6199134cd 851b7c2d5e414e4295867e176e51c3f5 d37282b52f0c42eeb9a5de6b4a37b929 - - default default] 10.0.0.217 "DELETE /v2.0/security-groups/47e0951c-08b3-43d5-8985-1194959a7902 HTTP/1.1" status: 204 len: 168 time: 0.2186818
2026-07-15 00:14:11.231 9 INFO neutron.services.segments.plugin [-] Segment e6aa62ec-c170-47f0-80c2-01c949989a0b resource provider aggregate not found
2026-07-15 00:14:11.236 9 INFO neutron.services.segments.plugin [-] Segment e6aa62ec-c170-47f0-80c2-01c949989a0b resource provider aggregate not found
2026-07-15 00:14:11.254 9 INFO neutron.services.segments.plugin [-] Segment e6aa62ec-c170-47f0-80c2-01c949989a0b resource provider not found; error: Placement Client Error (4xx): {"errors": [{"status": 404, "title": "Not Found", "detail": "The resource could not be found.\n\n No resource provider with uuid e6aa62ec-c170-47f0-80c2-01c949989a0b found for delete ", "request_id": "req-2c7b13de-d9d3-4ba4-8da3-8232531f1d36"}]}
2026-07-15 00:14:11.255 9 INFO neutron.services.segments.plugin [-] Segment e6aa62ec-c170-47f0-80c2-01c949989a0b resource provider not found; error: Placement Client Error (4xx): {"errors": [{"status": 404, "title": "Not Found", "detail": "The resource could not be found.\n\n No resource provider with uuid e6aa62ec-c170-47f0-80c2-01c949989a0b found for delete ", "request_id": "req-db18b05c-7a1e-4a16-af96-14dd2be8621a"}]}
2026-07-15 00:14:11.273 9 INFO neutron.wsgi [None req-4fb9035a-65db-4843-9207-4ed1e9bc4e07 89db06eada3c46a19a5a5ab8601594b7 d42a30b382da4f7fbeeb360475b7396e - - default default] 10.0.0.217 "DELETE /v2.0/networks/455b6f45-2beb-44e2-bac7-2c22972550e1 HTTP/1.1" status: 204 len: 168 time: 0.4498715
2026-07-15 00:14:11.446 10 WARNING neutron.plugins.ml2.drivers.ovn.mech_driver.ovsdb.ovn_client [None req-54af771d-6cd2-404c-b450-159907c9d9b0 - - - - - -] No port found with ID d45c6fb1-4324-44c3-bc84-1bfbcb6e211a: RuntimeError: No port found with ID d45c6fb1-4324-44c3-bc84-1bfbcb6e211a
2026-07-15 00:14:11.447 10 INFO neutron.plugins.ml2.drivers.ovn.mech_driver.mech_driver [None req-54af771d-6cd2-404c-b450-159907c9d9b0 - - - - - -] OVN reports status down for port: 27ac6a44-d638-4185-8074-f35ec376a59d
2026-07-15 00:14:11.911 10 INFO neutron.notifiers.nova [-] Nova event matching ['req-928df130-8d5c-4273-94db-3e568350bd8d'] response: {'server_uuid': 'c5a43464-0c85-496b-9a27-973b5eabde00', 'name': 'network-vif-unplugged', 'status': 'completed', 'tag': '27ac6a44-d638-4185-8074-f35ec376a59d', 'code': 200}
2026-07-15 00:14:11.968 10 INFO neutron.services.segments.plugin [-] Segment 6bf26cc5-8cc6-4541-8128-96fe505f2085 resource provider aggregate not found
2026-07-15 00:14:11.973 10 INFO neutron.services.segments.plugin [-] Segment 6bf26cc5-8cc6-4541-8128-96fe505f2085 resource provider aggregate not found
2026-07-15 00:14:11.990 10 INFO neutron.services.segments.plugin [-] Segment 6bf26cc5-8cc6-4541-8128-96fe505f2085 resource provider not found; error: Placement Client Error (4xx): {"errors": [{"status": 404, "title": "Not Found", "detail": "The resource could not be found.\n\n No resource provider with uuid 6bf26cc5-8cc6-4541-8128-96fe505f2085 found for delete ", "request_id": "req-ca9a30ae-3705-4e97-899f-1b497de1727f"}]}
2026-07-15 00:14:11.991 10 INFO neutron.services.segments.plugin [-] Segment 6bf26cc5-8cc6-4541-8128-96fe505f2085 resource provider not found; error: Placement Client Error (4xx): {"errors": [{"status": 404, "title": "Not Found", "detail": "The resource could not be found.\n\n No resource provider with uuid 6bf26cc5-8cc6-4541-8128-96fe505f2085 found for delete ", "request_id": "req-0bdecbd0-4450-4344-9720-d25cf9e3b037"}]}
2026-07-15 00:14:12.029 10 INFO neutron.wsgi [None req-6d7e0af5-d84a-4f7c-8efd-64ea65fb5b94 89db06eada3c46a19a5a5ab8601594b7 d42a30b382da4f7fbeeb360475b7396e - - default default] 10.0.0.217 "DELETE /v2.0/networks/2e163161-3da2-4135-bab1-379c8006bc6d HTTP/1.1" status: 204 len: 168 time: 0.7481723
2026-07-15 00:14:12.102 10 INFO neutron.db.ovn_revision_numbers_db [None req-54af771d-6cd2-404c-b450-159907c9d9b0 - - - - - -] Successfully bumped revision number for resource 27ac6a44-d638-4185-8074-f35ec376a59d (type: ports) to 5
2026-07-15 00:14:12.114 10 WARNING neutron.plugins.ml2.drivers.ovn.mech_driver.ovsdb.ovn_client [None req-54af771d-6cd2-404c-b450-159907c9d9b0 - - - - - -] Logical_Switch_Port %s host information not removed, the port state is up
2026-07-15 00:14:12.114 10 INFO neutron.plugins.ml2.drivers.ovn.mech_driver.mech_driver [None req-54af771d-6cd2-404c-b450-159907c9d9b0 - - - - - -] OVN reports status up for port: 27ac6a44-d638-4185-8074-f35ec376a59d
2026-07-15 00:14:12.138 10 INFO neutron.plugins.ml2.plugin [None req-54af771d-6cd2-404c-b450-159907c9d9b0 - - - - - -] Attempt 1 to provision port 27ac6a44-d638-4185-8074-f35ec376a59d
2026-07-15 00:14:12.400 10 INFO neutron.db.ovn_revision_numbers_db [None req-54af771d-6cd2-404c-b450-159907c9d9b0 - - - - - -] Successfully bumped revision number for resource 27ac6a44-d638-4185-8074-f35ec376a59d (type: ports) to 6
2026-07-15 00:14:12.451 9 INFO neutron.wsgi [None req-f49c2dc2-8036-412a-8110-73385dbe4bf1 89db06eada3c46a19a5a5ab8601594b7 d42a30b382da4f7fbeeb360475b7396e - - default default] 10.0.0.217 "DELETE /v2.0/networks/5107e595-d66a-481b-b9a9-982b219166df HTTP/1.1" status: 204 len: 168 time: 0.4172943
2026-07-15 00:14:12.912 9 INFO neutron.wsgi [None req-c77d7ea5-cfee-4b4f-818a-710d0eabdc7b 89db06eada3c46a19a5a5ab8601594b7 d42a30b382da4f7fbeeb360475b7396e - - default default] 10.0.0.217 "DELETE /v2.0/networks/1267664c-36fc-41ff-9d9e-a8d90bea499b HTTP/1.1" status: 204 len: 168 time: 0.4544041
2026-07-15 00:14:13.275 9 INFO neutron.services.segments.plugin [-] Segment d0dfcac3-6ce9-4bb0-8769-da38c0989bc3 resource provider aggregate not found
2026-07-15 00:14:13.280 9 INFO neutron.services.segments.plugin [-] Segment d0dfcac3-6ce9-4bb0-8769-da38c0989bc3 resource provider aggregate not found
2026-07-15 00:14:13.293 9 INFO neutron.services.segments.plugin [-] Segment d0dfcac3-6ce9-4bb0-8769-da38c0989bc3 resource provider not found; error: Placement Client Error (4xx): {"errors": [{"status": 404, "title": "Not Found", "detail": "The resource could not be found.\n\n No resource provider with uuid d0dfcac3-6ce9-4bb0-8769-da38c0989bc3 found for delete ", "request_id": "req-91f6ffe7-36f3-458e-9fb0-747d3e076e6e"}]}
2026-07-15 00:14:13.301 9 INFO neutron.services.segments.plugin [-] Segment d0dfcac3-6ce9-4bb0-8769-da38c0989bc3 resource provider not found; error: Placement Client Error (4xx): {"errors": [{"status": 404, "title": "Not Found", "detail": "The resource could not be found.\n\n No resource provider with uuid d0dfcac3-6ce9-4bb0-8769-da38c0989bc3 found for delete ", "request_id": "req-9a1a90ce-ec0d-45bc-b184-7fc5aa99d24a"}]}
2026-07-15 00:14:13.316 9 INFO neutron.services.segments.plugin [-] Segment 1b6d7966-2d1d-40bc-a771-b53c30c6f90e resource provider aggregate not found
2026-07-15 00:14:13.324 9 INFO neutron.services.segments.plugin [-] Segment 1b6d7966-2d1d-40bc-a771-b53c30c6f90e resource provider aggregate not found
2026-07-15 00:14:13.337 9 INFO neutron.services.segments.plugin [-] Segment 1b6d7966-2d1d-40bc-a771-b53c30c6f90e resource provider not found; error: Placement Client Error (4xx): {"errors": [{"status": 404, "title": "Not Found", "detail": "The resource could not be found.\n\n No resource provider with uuid 1b6d7966-2d1d-40bc-a771-b53c30c6f90e found for delete ", "request_id": "req-a4a65373-803e-4ea9-b765-616c53c7cb2f"}]}
2026-07-15 00:14:13.362 9 INFO neutron.services.segments.plugin [-] Segment 1b6d7966-2d1d-40bc-a771-b53c30c6f90e resource provider not found; error: Placement Client Error (4xx): {"errors": [{"status": 404, "title": "Not Found", "detail": "The resource could not be found.\n\n No resource provider with uuid 1b6d7966-2d1d-40bc-a771-b53c30c6f90e found for delete ", "request_id": "req-45d5b21a-8166-4488-809d-0e9705cefa8f"}]} /var/lib/openstack/lib/python3.10/site-packages/pycadf/identifier.py:71: UserWarning: Invalid uuid: neutron. To ensure interoperability, identifiers should be a valid uuid. warnings.warn(('Invalid uuid: %s. To ensure interoperability, '
2026-07-15 00:14:13.818 10 INFO neutron.wsgi [None req-6cfe3f99-46cb-428d-8057-d86fe5f529af 851b7c2d5e414e4295867e176e51c3f5 d37282b52f0c42eeb9a5de6b4a37b929 - - default default] 10.0.0.217 "GET /v2.0/security-groups?tenant_id=d42a30b382da4f7fbeeb360475b7396e&name=default HTTP/1.1" status: 200 len: 3120 time: 0.3516366
2026-07-15 00:14:13.950 10 INFO neutron.notifiers.nova [-] Nova event matching ['req-e7cc80fa-458f-40ed-b61a-677baac63e4e'] response: {'server_uuid': 'c5a43464-0c85-496b-9a27-973b5eabde00', 'name': 'network-vif-unplugged', 'status': 'completed', 'tag': '27ac6a44-d638-4185-8074-f35ec376a59d', 'code': 200}
2026-07-15 00:14:13.950 10 INFO neutron.notifiers.nova [-] Nova event matching ['req-e7cc80fa-458f-40ed-b61a-677baac63e4e'] response: {'server_uuid': 'c5a43464-0c85-496b-9a27-973b5eabde00', 'name': 'network-vif-plugged', 'status': 'completed', 'tag': '27ac6a44-d638-4185-8074-f35ec376a59d', 'code': 200}
2026-07-15 00:14:13.951 10 INFO neutron.notifiers.nova [-] Nova event matching ['req-e7cc80fa-458f-40ed-b61a-677baac63e4e'] response: {'server_uuid': 'c5a43464-0c85-496b-9a27-973b5eabde00', 'name': 'network-vif-plugged', 'status': 'completed', 'tag': '27ac6a44-d638-4185-8074-f35ec376a59d', 'code': 200}
2026-07-15 00:14:14.072 9 INFO neutron.wsgi [None req-a812a327-2faf-4399-8569-31dcd64406b6 851b7c2d5e414e4295867e176e51c3f5 d37282b52f0c42eeb9a5de6b4a37b929 - - default default] 10.0.0.217 "DELETE /v2.0/security-groups/c9cc89d8-94ae-49e6-9ea2-b96662f041ea HTTP/1.1" status: 204 len: 168 time: 0.2478185
2026-07-15 00:14:14.500 10 INFO neutron.wsgi [-] 10.0.0.102 "GET / HTTP/1.1" status: 200 len: 246 time: 0.0018086
2026-07-15 00:14:14.504 9 INFO neutron.wsgi [-] 10.0.0.102 "GET / HTTP/1.1" status: 200 len: 246 time: 0.0042422
2026-07-15 00:14:15.306 15 INFO neutron.plugins.ml2.drivers.ovn.mech_driver.ovsdb.maintenance [None req-400b0bd7-63ef-49c8-9b95-b9e40115ff51 - - - - - -] Maintenance task: Synchronization completed (took 1.03 seconds)
2026-07-15 00:14:15.681 9 WARNING neutron_lib.context [None req-a8ce18cb-6173-4495-aca4-59ce7661b9ee 11520e9307824c1090fbecea3ef93295 6291978e7f4a4258a0d82b189c4f15a2 - - default default] Method 'is_advsvc' is deprecated since 2023.2 release (neutron-lib 3.8.0) and will be removed once support for the old RBAC API policies will be removed from Neutron. Please use method 'is_service_role' instead.
2026-07-15 00:14:15.843 9 INFO neutron.db.ovn_revision_numbers_db [None req-a8ce18cb-6173-4495-aca4-59ce7661b9ee 11520e9307824c1090fbecea3ef93295 6291978e7f4a4258a0d82b189c4f15a2 - - default default] Successfully bumped revision number for resource 70ae3dee-1e49-4418-88c4-c3faf1546311 (type: security_groups) to 1
2026-07-15 00:14:15.865 9 INFO neutron.db.ovn_revision_numbers_db [None req-a8ce18cb-6173-4495-aca4-59ce7661b9ee 11520e9307824c1090fbecea3ef93295 6291978e7f4a4258a0d82b189c4f15a2 - - default default] Successfully bumped revision number for resource 55501948-652a-4706-ae65-4ebba58798f0 (type: security_group_rules) to 0
2026-07-15 00:14:15.875 9 INFO neutron.db.ovn_revision_numbers_db [None req-f26feb0f-fdff-4ac9-932e-74c50b16532a 851b7c2d5e414e4295867e176e51c3f5 d37282b52f0c42eeb9a5de6b4a37b929 - - default default] Successfully bumped revision number for resource 80730455-21a2-47fe-8c72-1c9bb9367565 (type: security_groups) to 1
2026-07-15 00:14:15.882 9 INFO neutron.db.ovn_revision_numbers_db [None req-a8ce18cb-6173-4495-aca4-59ce7661b9ee 11520e9307824c1090fbecea3ef93295 6291978e7f4a4258a0d82b189c4f15a2 - - default default] Successfully bumped revision number for resource 89ba8afc-cc3c-4267-b47e-34db7f66b6b2 (type: security_group_rules) to 0
2026-07-15 00:14:15.892 9 INFO neutron.db.ovn_revision_numbers_db [None req-f26feb0f-fdff-4ac9-932e-74c50b16532a 851b7c2d5e414e4295867e176e51c3f5 d37282b52f0c42eeb9a5de6b4a37b929 - - default default] Successfully bumped revision number for resource 06247830-1c55-4cb9-a4f6-7547d2e6c443 (type: security_group_rules) to 0
2026-07-15 00:14:15.898 9 INFO neutron.db.ovn_revision_numbers_db [None req-a8ce18cb-6173-4495-aca4-59ce7661b9ee 11520e9307824c1090fbecea3ef93295 6291978e7f4a4258a0d82b189c4f15a2 - - default default] Successfully bumped revision number for resource 9c1f5c8c-cefc-44cb-b923-4b4e7ae0bba8 (type: security_group_rules) to 0
2026-07-15 00:14:15.912 9 INFO neutron.db.ovn_revision_numbers_db [None req-f26feb0f-fdff-4ac9-932e-74c50b16532a 851b7c2d5e414e4295867e176e51c3f5 d37282b52f0c42eeb9a5de6b4a37b929 - - default default] Successfully bumped revision number for resource 45c01988-4fb5-4624-9083-0e6c524af58e (type: security_group_rules) to 0
2026-07-15 00:14:15.919 9 INFO neutron.db.ovn_revision_numbers_db [None req-a8ce18cb-6173-4495-aca4-59ce7661b9ee 11520e9307824c1090fbecea3ef93295 6291978e7f4a4258a0d82b189c4f15a2 - - default default] Successfully bumped revision number for resource e635de63-e920-410d-b001-d0e21662d6d9 (type: security_group_rules) to 0
2026-07-15 00:14:15.934 9 INFO neutron.db.ovn_revision_numbers_db [None req-f26feb0f-fdff-4ac9-932e-74c50b16532a 851b7c2d5e414e4295867e176e51c3f5 d37282b52f0c42eeb9a5de6b4a37b929 - - default default] Successfully bumped revision number for resource 7f2541e4-26e7-42f7-a026-afe8d1b72404 (type: security_group_rules) to 0
2026-07-15 00:14:15.935 10 WARNING neutron_lib.context [None req-45927e53-db0b-438d-9d56-e748d28ef63f 7d2ad100212c4d73ae33e22851deb53c 69a0bd6956124b20ad77f4c6c90ea74e - - default default] Method 'is_advsvc' is deprecated since 2023.2 release (neutron-lib 3.8.0) and will be removed once support for the old RBAC API policies will be removed from Neutron. Please use method 'is_service_role' instead.
2026-07-15 00:14:15.957 9 INFO neutron.db.ovn_revision_numbers_db [None req-f26feb0f-fdff-4ac9-932e-74c50b16532a 851b7c2d5e414e4295867e176e51c3f5 d37282b52f0c42eeb9a5de6b4a37b929 - - default default] Successfully bumped revision number for resource 81009bed-3ccf-41ab-9f45-cd3c05cea7b3 (type: security_group_rules) to 0
2026-07-15 00:14:15.987 9 INFO neutron.wsgi [None req-f26feb0f-fdff-4ac9-932e-74c50b16532a 851b7c2d5e414e4295867e176e51c3f5 d37282b52f0c42eeb9a5de6b4a37b929 - - default default] 10.0.0.217 "GET /v2.0/security-groups?tenant_id=4d7ed21aaeaf4872a12e6002d2883d05&name=default HTTP/1.1" status: 200 len: 3120 time: 0.3771563
2026-07-15 00:14:15.988 9 INFO neutron.db.segments_db [None req-a8ce18cb-6173-4495-aca4-59ce7661b9ee 11520e9307824c1090fbecea3ef93295 6291978e7f4a4258a0d82b189c4f15a2 - - default default] Added segment e7116ebd-9d9e-44a4-8bb0-c3b355030200 of type geneve for network 66c41ebb-77da-4084-bc6a-f8c5b58a4419
2026-07-15 00:14:16.090 10 INFO neutron.db.ovn_revision_numbers_db [None req-45927e53-db0b-438d-9d56-e748d28ef63f 7d2ad100212c4d73ae33e22851deb53c 69a0bd6956124b20ad77f4c6c90ea74e - - default default] Successfully bumped revision number for resource 1ffd5581-4904-43ed-8864-c22727e84073 (type: security_groups) to 1
2026-07-15 00:14:16.110 10 INFO neutron.db.ovn_revision_numbers_db [None req-45927e53-db0b-438d-9d56-e748d28ef63f 7d2ad100212c4d73ae33e22851deb53c 69a0bd6956124b20ad77f4c6c90ea74e - - default default] Successfully bumped revision number for resource 0f170c8a-77df-4b78-8e3f-9de1395e7e89 (type: security_group_rules) to 0
2026-07-15 00:14:16.129 10 INFO neutron.db.ovn_revision_numbers_db [None req-45927e53-db0b-438d-9d56-e748d28ef63f 7d2ad100212c4d73ae33e22851deb53c 69a0bd6956124b20ad77f4c6c90ea74e - - default default] Successfully bumped revision number for resource 32a60dab-d83e-4a68-a188-903d456e9bf5 (type: security_group_rules) to 0
2026-07-15 00:14:16.132 9 INFO neutron.db.ovn_revision_numbers_db [None req-a8ce18cb-6173-4495-aca4-59ce7661b9ee 11520e9307824c1090fbecea3ef93295 6291978e7f4a4258a0d82b189c4f15a2 - - default default] Successfully bumped revision number for resource 66c41ebb-77da-4084-bc6a-f8c5b58a4419 (type: networks) to 1
2026-07-15 00:14:16.141 10 INFO neutron.db.ovn_revision_numbers_db [None req-45927e53-db0b-438d-9d56-e748d28ef63f 7d2ad100212c4d73ae33e22851deb53c 69a0bd6956124b20ad77f4c6c90ea74e - - default default] Successfully bumped revision number for resource ba97cce4-959c-4957-99d5-8c998c2a5e72 (type: security_group_rules) to 0
2026-07-15 00:14:16.163 10 INFO neutron.db.ovn_revision_numbers_db [None req-45927e53-db0b-438d-9d56-e748d28ef63f 7d2ad100212c4d73ae33e22851deb53c 69a0bd6956124b20ad77f4c6c90ea74e - - default default] Successfully bumped revision number for resource db22f3a6-7085-470c-ae26-5e4062cbf424 (type: security_group_rules) to 0
2026-07-15 00:14:16.213 10 INFO neutron.db.segments_db [None req-45927e53-db0b-438d-9d56-e748d28ef63f 7d2ad100212c4d73ae33e22851deb53c 69a0bd6956124b20ad77f4c6c90ea74e - - default default] Added segment 92d1f0a5-8857-48af-b733-e1ec1e52365f of type geneve for network 8b69d1b0-cf01-4cdd-861f-4e027383f521
2026-07-15 00:14:16.252 10 INFO neutron.wsgi [None req-130bffc3-3260-4bbe-b141-6db6bfe983b1 851b7c2d5e414e4295867e176e51c3f5 d37282b52f0c42eeb9a5de6b4a37b929 - - default default] 10.0.0.217 "DELETE /v2.0/security-groups/80730455-21a2-47fe-8c72-1c9bb9367565 HTTP/1.1" status: 204 len: 168 time: 0.2596500
2026-07-15 00:14:16.355 9 WARNING neutron.scheduler.dhcp_agent_scheduler [None req-a8ce18cb-6173-4495-aca4-59ce7661b9ee 11520e9307824c1090fbecea3ef93295 6291978e7f4a4258a0d82b189c4f15a2 - - default default] No more DHCP agents
2026-07-15 00:14:16.357 9 WARNING neutron.api.rpc.agentnotifiers.dhcp_rpc_agent_api [None req-a8ce18cb-6173-4495-aca4-59ce7661b9ee 11520e9307824c1090fbecea3ef93295 6291978e7f4a4258a0d82b189c4f15a2 - - default default] Unable to schedule network 66c41ebb-77da-4084-bc6a-f8c5b58a4419: no agents available; will retry on subsequent port and subnet creation events.
2026-07-15 00:14:16.442 10 INFO neutron.db.ovn_revision_numbers_db [None req-45927e53-db0b-438d-9d56-e748d28ef63f 7d2ad100212c4d73ae33e22851deb53c 69a0bd6956124b20ad77f4c6c90ea74e - - default default] Successfully bumped revision number for resource 8b69d1b0-cf01-4cdd-861f-4e027383f521 (type: networks) to 1
2026-07-15 00:14:16.646 10 WARNING neutron.scheduler.dhcp_agent_scheduler [None req-45927e53-db0b-438d-9d56-e748d28ef63f 7d2ad100212c4d73ae33e22851deb53c 69a0bd6956124b20ad77f4c6c90ea74e - - default default] No more DHCP agents
2026-07-15 00:14:16.649 10 WARNING neutron.api.rpc.agentnotifiers.dhcp_rpc_agent_api [None req-45927e53-db0b-438d-9d56-e748d28ef63f 7d2ad100212c4d73ae33e22851deb53c 69a0bd6956124b20ad77f4c6c90ea74e - - default default] Unable to schedule network 8b69d1b0-cf01-4cdd-861f-4e027383f521: no agents available; will retry on subsequent port and subnet creation events.
2026-07-15 00:14:16.743 10 INFO neutron.db.ovn_revision_numbers_db [None req-45927e53-db0b-438d-9d56-e748d28ef63f 7d2ad100212c4d73ae33e22851deb53c 69a0bd6956124b20ad77f4c6c90ea74e - - default default] Successfully bumped revision number for resource bdfd405c-d47d-42be-b115-84902e0047f8 (type: ports) to 1
2026-07-15 00:14:16.782 10 INFO neutron.wsgi [None req-45927e53-db0b-438d-9d56-e748d28ef63f 7d2ad100212c4d73ae33e22851deb53c 69a0bd6956124b20ad77f4c6c90ea74e - - default default] 10.0.0.217 "POST /v2.0/networks HTTP/1.1" status: 201 len: 843 time: 0.8917191
2026-07-15 00:14:16.792 10 WARNING neutron_lib.context [None req-26252df7-b052-4260-8665-c631abe11121 7d2ad100212c4d73ae33e22851deb53c 69a0bd6956124b20ad77f4c6c90ea74e - - default default] Method 'is_advsvc' is deprecated since 2023.2 release (neutron-lib 3.8.0) and will be removed once support for the old RBAC API policies will be removed from Neutron. Please use method 'is_service_role' instead.
2026-07-15 00:14:16.802 9 INFO neutron.db.ovn_revision_numbers_db [None req-a8ce18cb-6173-4495-aca4-59ce7661b9ee 11520e9307824c1090fbecea3ef93295 6291978e7f4a4258a0d82b189c4f15a2 - - default default] Successfully bumped revision number for resource 8577a85e-317d-40dd-aa87-eb1739b8c70a (type: ports) to 1
2026-07-15 00:14:16.830 9 INFO neutron.wsgi [None req-a8ce18cb-6173-4495-aca4-59ce7661b9ee 11520e9307824c1090fbecea3ef93295 6291978e7f4a4258a0d82b189c4f15a2 - - default default] 10.0.0.217 "POST /v2.0/networks HTTP/1.1" status: 201 len: 831 time: 1.2798517
2026-07-15 00:14:16.840 10 WARNING neutron_lib.context [None req-56eb4d55-433e-46e7-bffd-7ca9be48245b 11520e9307824c1090fbecea3ef93295 6291978e7f4a4258a0d82b189c4f15a2 - - default default] Method 'is_advsvc' is deprecated since 2023.2 release (neutron-lib 3.8.0) and will be removed once support for the old RBAC API policies will be removed from Neutron. Please use method 'is_service_role' instead.
2026-07-15 00:14:16.859 9 INFO neutron.db.ovn_revision_numbers_db [None req-5a99f6ac-6559-4ccf-ad5c-84614d713054 851b7c2d5e414e4295867e176e51c3f5 d37282b52f0c42eeb9a5de6b4a37b929 - - default default] Successfully bumped revision number for resource 2736a43f-c4e9-4587-ac08-9fce97d77209 (type: security_groups) to 1
2026-07-15 00:14:16.873 9 INFO neutron.db.ovn_revision_numbers_db [None req-5a99f6ac-6559-4ccf-ad5c-84614d713054 851b7c2d5e414e4295867e176e51c3f5 d37282b52f0c42eeb9a5de6b4a37b929 - - default default] Successfully bumped revision number for resource 39ccce10-ed75-4355-9ee9-f29238af0c30 (type: security_group_rules) to 0
2026-07-15 00:14:16.886 9 INFO neutron.db.ovn_revision_numbers_db [None req-5a99f6ac-6559-4ccf-ad5c-84614d713054 851b7c2d5e414e4295867e176e51c3f5 d37282b52f0c42eeb9a5de6b4a37b929 - - default default] Successfully bumped revision number for resource 45519139-cc71-463b-8444-39977770bb19 (type: security_group_rules) to 0
2026-07-15 00:14:16.900 9 INFO neutron.db.ovn_revision_numbers_db [None req-5a99f6ac-6559-4ccf-ad5c-84614d713054 851b7c2d5e414e4295867e176e51c3f5 d37282b52f0c42eeb9a5de6b4a37b929 - - default default] Successfully bumped revision number for resource 59b717cb-add6-4148-99c2-65bbcd049c91 (type: security_group_rules) to 0
2026-07-15 00:14:16.913 9 INFO neutron.db.ovn_revision_numbers_db [None req-5a99f6ac-6559-4ccf-ad5c-84614d713054 851b7c2d5e414e4295867e176e51c3f5 d37282b52f0c42eeb9a5de6b4a37b929 - - default default] Successfully bumped revision number for resource 95eeae2e-471b-4c86-bb38-348f8a0473c4 (type: security_group_rules) to 0
2026-07-15 00:14:16.936 9 INFO neutron.wsgi [None req-5a99f6ac-6559-4ccf-ad5c-84614d713054 851b7c2d5e414e4295867e176e51c3f5 d37282b52f0c42eeb9a5de6b4a37b929 - - default default] 10.0.0.217 "GET /v2.0/security-groups?tenant_id=2d484dd81d384b85aecae0ce2b98f6dd&name=default HTTP/1.1" status: 200 len: 3120 time: 0.5352204
2026-07-15 00:14:17.139 10 WARNING neutron.scheduler.dhcp_agent_scheduler [None req-26252df7-b052-4260-8665-c631abe11121 7d2ad100212c4d73ae33e22851deb53c 69a0bd6956124b20ad77f4c6c90ea74e - - default default] No more DHCP agents
2026-07-15 00:14:17.142 10 WARNING neutron.api.rpc.agentnotifiers.dhcp_rpc_agent_api [None req-26252df7-b052-4260-8665-c631abe11121 7d2ad100212c4d73ae33e22851deb53c 69a0bd6956124b20ad77f4c6c90ea74e - - default default] Unable to schedule network 8b69d1b0-cf01-4cdd-861f-4e027383f521: no agents available; will retry on subsequent port and subnet creation events.
2026-07-15 00:14:17.169 9 INFO neutron.wsgi [None req-3d65a681-8a60-4ae9-985c-e701a618e5fe 851b7c2d5e414e4295867e176e51c3f5 d37282b52f0c42eeb9a5de6b4a37b929 - - default default] 10.0.0.217 "DELETE /v2.0/security-groups/2736a43f-c4e9-4587-ac08-9fce97d77209 HTTP/1.1" status: 204 len: 168 time: 0.2249434
2026-07-15 00:14:17.189 10 WARNING neutron.scheduler.dhcp_agent_scheduler [None req-56eb4d55-433e-46e7-bffd-7ca9be48245b 11520e9307824c1090fbecea3ef93295 6291978e7f4a4258a0d82b189c4f15a2 - - default default] No more DHCP agents
2026-07-15 00:14:17.194 10 WARNING neutron.api.rpc.agentnotifiers.dhcp_rpc_agent_api [None req-56eb4d55-433e-46e7-bffd-7ca9be48245b 11520e9307824c1090fbecea3ef93295 6291978e7f4a4258a0d82b189c4f15a2 - - default default] Unable to schedule network 66c41ebb-77da-4084-bc6a-f8c5b58a4419: no agents available; will retry on subsequent port and subnet creation events.
2026-07-15 00:14:17.282 10 INFO neutron.db.ovn_revision_numbers_db [None req-26252df7-b052-4260-8665-c631abe11121 7d2ad100212c4d73ae33e22851deb53c 69a0bd6956124b20ad77f4c6c90ea74e - - default default] Successfully bumped revision number for resource f8ed9b8a-5385-4291-8018-67fbdaf8d09c (type: ports) to 1
2026-07-15 00:14:17.300 10 INFO neutron.db.ovn_revision_numbers_db [None req-56eb4d55-433e-46e7-bffd-7ca9be48245b 11520e9307824c1090fbecea3ef93295 6291978e7f4a4258a0d82b189c4f15a2 - - default default] Successfully bumped revision number for resource 804bee8f-9749-4534-9609-f4a0a383333c (type: ports) to 1
2026-07-15 00:14:17.306 10 INFO neutron.wsgi [None req-26252df7-b052-4260-8665-c631abe11121 7d2ad100212c4d73ae33e22851deb53c 69a0bd6956124b20ad77f4c6c90ea74e - - default default] 10.0.0.217 "POST /v2.0/ports HTTP/1.1" status: 201 len: 974 time: 0.5184484
2026-07-15 00:14:17.320 9 WARNING neutron_lib.context [None req-f0afaa1a-26a1-4536-8a76-5366033b5478 7d2ad100212c4d73ae33e22851deb53c 69a0bd6956124b20ad77f4c6c90ea74e - - default default] Method 'is_advsvc' is deprecated since 2023.2 release (neutron-lib 3.8.0) and will be removed once support for the old RBAC API policies will be removed from Neutron. Please use method 'is_service_role' instead.
2026-07-15 00:14:17.322 10 INFO neutron.wsgi [None req-56eb4d55-433e-46e7-bffd-7ca9be48245b 11520e9307824c1090fbecea3ef93295 6291978e7f4a4258a0d82b189c4f15a2 - - default default] 10.0.0.217 "POST /v2.0/ports HTTP/1.1" status: 201 len: 942 time: 0.4875879 /var/lib/openstack/lib/python3.10/site-packages/pycadf/identifier.py:71: UserWarning: Invalid uuid: neutron. To ensure interoperability, identifiers should be a valid uuid. warnings.warn(('Invalid uuid: %s. To ensure interoperability, '
2026-07-15 00:14:17.334 10 WARNING neutron_lib.context [None req-e4d7c309-4a25-4345-9cf2-ba3ff2963e10 11520e9307824c1090fbecea3ef93295 6291978e7f4a4258a0d82b189c4f15a2 - - default default] Method 'is_advsvc' is deprecated since 2023.2 release (neutron-lib 3.8.0) and will be removed once support for the old RBAC API policies will be removed from Neutron. Please use method 'is_service_role' instead.
2026-07-15 00:14:17.410 9 INFO neutron.db.segments_db [None req-f0afaa1a-26a1-4536-8a76-5366033b5478 7d2ad100212c4d73ae33e22851deb53c 69a0bd6956124b20ad77f4c6c90ea74e - - default default] Added segment fef42186-29cd-447c-bddf-6bdc571e682d of type geneve for network 005d7484-d590-4557-b0ec-6ffda2fcdc20
2026-07-15 00:14:17.424 10 INFO neutron.db.segments_db [None req-e4d7c309-4a25-4345-9cf2-ba3ff2963e10 11520e9307824c1090fbecea3ef93295 6291978e7f4a4258a0d82b189c4f15a2 - - default default] Added segment 20da3a16-74ea-420b-b431-9168b5a4d5a3 of type geneve for network bda1ad84-f443-459a-a177-42f37dc21f53
2026-07-15 00:14:17.558 9 INFO neutron.db.ovn_revision_numbers_db [None req-f0afaa1a-26a1-4536-8a76-5366033b5478 7d2ad100212c4d73ae33e22851deb53c 69a0bd6956124b20ad77f4c6c90ea74e - - default default] Successfully bumped revision number for resource 005d7484-d590-4557-b0ec-6ffda2fcdc20 (type: networks) to 1
2026-07-15 00:14:17.564 10 INFO neutron.db.ovn_revision_numbers_db [None req-e4d7c309-4a25-4345-9cf2-ba3ff2963e10 11520e9307824c1090fbecea3ef93295 6291978e7f4a4258a0d82b189c4f15a2 - - default default] Successfully bumped revision number for resource bda1ad84-f443-459a-a177-42f37dc21f53 (type: networks) to 1
2026-07-15 00:14:17.779 10 WARNING neutron.scheduler.dhcp_agent_scheduler [None req-e4d7c309-4a25-4345-9cf2-ba3ff2963e10 11520e9307824c1090fbecea3ef93295 6291978e7f4a4258a0d82b189c4f15a2 - - default default] No more DHCP agents
2026-07-15 00:14:17.780 9 WARNING neutron.scheduler.dhcp_agent_scheduler [None req-f0afaa1a-26a1-4536-8a76-5366033b5478 7d2ad100212c4d73ae33e22851deb53c 69a0bd6956124b20ad77f4c6c90ea74e - - default default] No more DHCP agents
2026-07-15 00:14:17.782 10 WARNING neutron.api.rpc.agentnotifiers.dhcp_rpc_agent_api [None req-e4d7c309-4a25-4345-9cf2-ba3ff2963e10 11520e9307824c1090fbecea3ef93295 6291978e7f4a4258a0d82b189c4f15a2 - - default default] Unable to schedule network bda1ad84-f443-459a-a177-42f37dc21f53: no agents available; will retry on subsequent port and subnet creation events.
2026-07-15 00:14:17.783 9 WARNING neutron.api.rpc.agentnotifiers.dhcp_rpc_agent_api [None req-f0afaa1a-26a1-4536-8a76-5366033b5478 7d2ad100212c4d73ae33e22851deb53c 69a0bd6956124b20ad77f4c6c90ea74e - - default default] Unable to schedule network 005d7484-d590-4557-b0ec-6ffda2fcdc20: no agents available; will retry on subsequent port and subnet creation events.
2026-07-15 00:14:17.879 9 INFO neutron.db.ovn_revision_numbers_db [None req-f0afaa1a-26a1-4536-8a76-5366033b5478 7d2ad100212c4d73ae33e22851deb53c 69a0bd6956124b20ad77f4c6c90ea74e - - default default] Successfully bumped revision number for resource 214a9cc4-d062-4309-b7f2-c3929279e136 (type: ports) to 1
2026-07-15 00:14:17.888 10 INFO neutron.db.ovn_revision_numbers_db [None req-e4d7c309-4a25-4345-9cf2-ba3ff2963e10 11520e9307824c1090fbecea3ef93295 6291978e7f4a4258a0d82b189c4f15a2 - - default default] Successfully bumped revision number for resource fda4e68d-88b0-45cd-aa8e-c54780b2d2ee (type: ports) to 1
2026-07-15 00:14:17.903 9 INFO neutron.wsgi [None req-f0afaa1a-26a1-4536-8a76-5366033b5478 7d2ad100212c4d73ae33e22851deb53c 69a0bd6956124b20ad77f4c6c90ea74e - - default default] 10.0.0.217 "POST /v2.0/networks HTTP/1.1" status: 201 len: 831 time: 0.5916061
2026-07-15 00:14:17.911 10 INFO neutron.wsgi [None req-e4d7c309-4a25-4345-9cf2-ba3ff2963e10 11520e9307824c1090fbecea3ef93295 6291978e7f4a4258a0d82b189c4f15a2 - - default default] 10.0.0.217 "POST /v2.0/networks HTTP/1.1" status: 201 len: 831 time: 0.5808737
2026-07-15 00:14:17.915 9 WARNING neutron_lib.context [None req-d1be3234-241c-414f-a5dd-0d5db71f45cc 7d2ad100212c4d73ae33e22851deb53c 69a0bd6956124b20ad77f4c6c90ea74e - - default default] Method 'is_advsvc' is deprecated since 2023.2 release (neutron-lib 3.8.0) and will be removed once support for the old RBAC API policies will be removed from Neutron. Please use method 'is_service_role' instead.
2026-07-15 00:14:17.919 10 WARNING neutron_lib.context [None req-db1e3272-e8ab-4170-8d84-ef0eaf019028 11520e9307824c1090fbecea3ef93295 6291978e7f4a4258a0d82b189c4f15a2 - - default default] Method 'is_advsvc' is deprecated since 2023.2 release (neutron-lib 3.8.0) and will be removed once support for the old RBAC API policies will be removed from Neutron. Please use method 'is_service_role' instead.
2026-07-15 00:14:18.166 9 WARNING neutron.scheduler.dhcp_agent_scheduler [None req-d1be3234-241c-414f-a5dd-0d5db71f45cc 7d2ad100212c4d73ae33e22851deb53c 69a0bd6956124b20ad77f4c6c90ea74e - - default default] No more DHCP agents
2026-07-15 00:14:18.169 9 WARNING neutron.api.rpc.agentnotifiers.dhcp_rpc_agent_api [None req-d1be3234-241c-414f-a5dd-0d5db71f45cc 7d2ad100212c4d73ae33e22851deb53c 69a0bd6956124b20ad77f4c6c90ea74e - - default default] Unable to schedule network 005d7484-d590-4557-b0ec-6ffda2fcdc20: no agents available; will retry on subsequent port and subnet creation events.
2026-07-15 00:14:18.179 10 WARNING neutron.scheduler.dhcp_agent_scheduler [None req-db1e3272-e8ab-4170-8d84-ef0eaf019028 11520e9307824c1090fbecea3ef93295 6291978e7f4a4258a0d82b189c4f15a2 - - default default] No more DHCP agents
2026-07-15 00:14:18.181 10 WARNING neutron.api.rpc.agentnotifiers.dhcp_rpc_agent_api [None req-db1e3272-e8ab-4170-8d84-ef0eaf019028 11520e9307824c1090fbecea3ef93295 6291978e7f4a4258a0d82b189c4f15a2 - - default default] Unable to schedule network bda1ad84-f443-459a-a177-42f37dc21f53: no agents available; will retry on subsequent port and subnet creation events.
2026-07-15 00:14:18.274 10 INFO neutron.db.ovn_revision_numbers_db [None req-db1e3272-e8ab-4170-8d84-ef0eaf019028 11520e9307824c1090fbecea3ef93295 6291978e7f4a4258a0d82b189c4f15a2 - - default default] Successfully bumped revision number for resource d1588c89-87cc-415d-85f7-147bd8e63a80 (type: ports) to 1
2026-07-15 00:14:18.297 10 INFO neutron.wsgi [None req-db1e3272-e8ab-4170-8d84-ef0eaf019028 11520e9307824c1090fbecea3ef93295 6291978e7f4a4258a0d82b189c4f15a2 - - default default] 10.0.0.217 "POST /v2.0/ports HTTP/1.1" status: 201 len: 942 time: 0.3825538 /var/lib/openstack/lib/python3.10/site-packages/pycadf/identifier.py:71: UserWarning: Invalid uuid: neutron. To ensure interoperability, identifiers should be a valid uuid. warnings.warn(('Invalid uuid: %s. To ensure interoperability, '
2026-07-15 00:14:18.307 10 WARNING neutron_lib.context [None req-b9ad20eb-d727-4d42-b962-90ed20d68969 11520e9307824c1090fbecea3ef93295 6291978e7f4a4258a0d82b189c4f15a2 - - default default] Method 'is_advsvc' is deprecated since 2023.2 release (neutron-lib 3.8.0) and will be removed once support for the old RBAC API policies will be removed from Neutron. Please use method 'is_service_role' instead.
2026-07-15 00:14:18.390 10 INFO neutron.db.segments_db [None req-b9ad20eb-d727-4d42-b962-90ed20d68969 11520e9307824c1090fbecea3ef93295 6291978e7f4a4258a0d82b189c4f15a2 - - default default] Added segment bf638880-8230-44e5-80be-1dc6c7cbc64a of type geneve for network 9e1cb22e-e859-4620-8c00-b23b22b96635
2026-07-15 00:14:18.520 10 INFO neutron.db.ovn_revision_numbers_db [None req-b9ad20eb-d727-4d42-b962-90ed20d68969 11520e9307824c1090fbecea3ef93295 6291978e7f4a4258a0d82b189c4f15a2 - - default default] Successfully bumped revision number for resource 9e1cb22e-e859-4620-8c00-b23b22b96635 (type: networks) to 1
2026-07-15 00:14:18.683 9 INFO neutron.db.ovn_revision_numbers_db [None req-d1be3234-241c-414f-a5dd-0d5db71f45cc 7d2ad100212c4d73ae33e22851deb53c 69a0bd6956124b20ad77f4c6c90ea74e - - default default] Successfully bumped revision number for resource 214a9cc4-d062-4309-b7f2-c3929279e136 (type: ports) to 2
2026-07-15 00:14:18.716 10 WARNING neutron.scheduler.dhcp_agent_scheduler [None req-b9ad20eb-d727-4d42-b962-90ed20d68969 11520e9307824c1090fbecea3ef93295 6291978e7f4a4258a0d82b189c4f15a2 - - default default] No more DHCP agents
2026-07-15 00:14:18.719 10 WARNING neutron.api.rpc.agentnotifiers.dhcp_rpc_agent_api [None req-b9ad20eb-d727-4d42-b962-90ed20d68969 11520e9307824c1090fbecea3ef93295 6291978e7f4a4258a0d82b189c4f15a2 - - default default] Unable to schedule network 9e1cb22e-e859-4620-8c00-b23b22b96635: no agents available; will retry on subsequent port and subnet creation events.
2026-07-15 00:14:18.723 9 INFO neutron.db.ovn_revision_numbers_db [None req-d1be3234-241c-414f-a5dd-0d5db71f45cc 7d2ad100212c4d73ae33e22851deb53c 69a0bd6956124b20ad77f4c6c90ea74e - - default default] Successfully bumped revision number for resource 5a5934ce-0a4a-4d74-a563-db6ca1c6ad2b (type: subnets) to 0
2026-07-15 00:14:18.746 9 INFO neutron.wsgi [None req-d1be3234-241c-414f-a5dd-0d5db71f45cc 7d2ad100212c4d73ae33e22851deb53c 69a0bd6956124b20ad77f4c6c90ea74e - - default default] 10.0.0.217 "POST /v2.0/subnets HTTP/1.1" status: 201 len: 801 time: 0.8365498
2026-07-15 00:14:18.760 9 WARNING neutron_lib.context [None req-76dc2d7f-49bc-4b19-bc1c-648fadc874ae 7d2ad100212c4d73ae33e22851deb53c 69a0bd6956124b20ad77f4c6c90ea74e - - default default] Method 'is_advsvc' is deprecated since 2023.2 release (neutron-lib 3.8.0) and will be removed once support for the old RBAC API policies will be removed from Neutron. Please use method 'is_service_role' instead.
2026-07-15 00:14:18.830 10 INFO neutron.db.ovn_revision_numbers_db [None req-b9ad20eb-d727-4d42-b962-90ed20d68969 11520e9307824c1090fbecea3ef93295 6291978e7f4a4258a0d82b189c4f15a2 - - default default] Successfully bumped revision number for resource 68c42cb4-7a64-44e6-a82d-2612ac9a0d88 (type: ports) to 1
2026-07-15 00:14:18.867 10 INFO neutron.wsgi [None req-b9ad20eb-d727-4d42-b962-90ed20d68969 11520e9307824c1090fbecea3ef93295 6291978e7f4a4258a0d82b189c4f15a2 - - default default] 10.0.0.217 "POST /v2.0/networks HTTP/1.1" status: 201 len: 830 time: 0.5651526
2026-07-15 00:14:18.881 10 WARNING neutron_lib.context [None req-32005908-a1fc-4ade-9c0e-81b2287f22ea 11520e9307824c1090fbecea3ef93295 6291978e7f4a4258a0d82b189c4f15a2 - - default default] Method 'is_advsvc' is deprecated since 2023.2 release (neutron-lib 3.8.0) and will be removed once support for the old RBAC API policies will be removed from Neutron. Please use method 'is_service_role' instead.
2026-07-15 00:14:19.138 9 WARNING neutron.scheduler.dhcp_agent_scheduler [None req-76dc2d7f-49bc-4b19-bc1c-648fadc874ae 7d2ad100212c4d73ae33e22851deb53c 69a0bd6956124b20ad77f4c6c90ea74e - - default default] No more DHCP agents
2026-07-15 00:14:19.141 9 WARNING neutron.api.rpc.agentnotifiers.dhcp_rpc_agent_api [None req-76dc2d7f-49bc-4b19-bc1c-648fadc874ae 7d2ad100212c4d73ae33e22851deb53c 69a0bd6956124b20ad77f4c6c90ea74e - - default default] Unable to schedule network 005d7484-d590-4557-b0ec-6ffda2fcdc20: no agents available; will retry on subsequent port and subnet creation events.
2026-07-15 00:14:19.162 10 WARNING neutron.scheduler.dhcp_agent_scheduler [None req-32005908-a1fc-4ade-9c0e-81b2287f22ea 11520e9307824c1090fbecea3ef93295 6291978e7f4a4258a0d82b189c4f15a2 - - default default] No more DHCP agents
2026-07-15 00:14:19.164 10 WARNING neutron.api.rpc.agentnotifiers.dhcp_rpc_agent_api [None req-32005908-a1fc-4ade-9c0e-81b2287f22ea 11520e9307824c1090fbecea3ef93295 6291978e7f4a4258a0d82b189c4f15a2 - - default default] Unable to schedule network 9e1cb22e-e859-4620-8c00-b23b22b96635: no agents available; will retry on subsequent port and subnet creation events.
2026-07-15 00:14:19.248 10 INFO neutron.db.ovn_revision_numbers_db [None req-32005908-a1fc-4ade-9c0e-81b2287f22ea 11520e9307824c1090fbecea3ef93295 6291978e7f4a4258a0d82b189c4f15a2 - - default default] Successfully bumped revision number for resource 8e0dbfaf-51f4-4a44-8f87-e6c5a54fb144 (type: ports) to 1
2026-07-15 00:14:19.272 10 INFO neutron.wsgi [None req-32005908-a1fc-4ade-9c0e-81b2287f22ea 11520e9307824c1090fbecea3ef93295 6291978e7f4a4258a0d82b189c4f15a2 - - default default] 10.0.0.217 "POST /v2.0/ports HTTP/1.1" status: 201 len: 942 time: 0.3961279 /var/lib/openstack/lib/python3.10/site-packages/pycadf/identifier.py:71: UserWarning: Invalid uuid: neutron. To ensure interoperability, identifiers should be a valid uuid. warnings.warn(('Invalid uuid: %s. To ensure interoperability, '
2026-07-15 00:14:19.281 10 WARNING neutron_lib.context [None req-b01219a0-736b-4f8b-9282-0266efbac593 11520e9307824c1090fbecea3ef93295 6291978e7f4a4258a0d82b189c4f15a2 - - default default] Method 'is_advsvc' is deprecated since 2023.2 release (neutron-lib 3.8.0) and will be removed once support for the old RBAC API policies will be removed from Neutron. Please use method 'is_service_role' instead.
2026-07-15 00:14:19.315 9 INFO neutron.db.ovn_revision_numbers_db [None req-76dc2d7f-49bc-4b19-bc1c-648fadc874ae 7d2ad100212c4d73ae33e22851deb53c 69a0bd6956124b20ad77f4c6c90ea74e - - default default] Successfully bumped revision number for resource 70c31b02-7dc7-4cc6-b5e6-18ff52513755 (type: ports) to 1
2026-07-15 00:14:19.340 9 INFO neutron.wsgi [None req-76dc2d7f-49bc-4b19-bc1c-648fadc874ae 7d2ad100212c4d73ae33e22851deb53c 69a0bd6956124b20ad77f4c6c90ea74e - - default default] 10.0.0.217 "POST /v2.0/ports HTTP/1.1" status: 201 len: 1149 time: 0.5864303 /var/lib/openstack/lib/python3.10/site-packages/pycadf/identifier.py:71: UserWarning: Invalid uuid: neutron. To ensure interoperability, identifiers should be a valid uuid. warnings.warn(('Invalid uuid: %s. To ensure interoperability, '
2026-07-15 00:14:19.377 10 INFO neutron.db.segments_db [None req-b01219a0-736b-4f8b-9282-0266efbac593 11520e9307824c1090fbecea3ef93295 6291978e7f4a4258a0d82b189c4f15a2 - - default default] Added segment 14e5db82-fbea-4cfb-a014-cc3c1ee7e5d7 of type geneve for network 0537bc1a-c556-4b1b-b115-eaa4d6f9a253
2026-07-15 00:14:19.536 10 INFO neutron.db.ovn_revision_numbers_db [None req-b01219a0-736b-4f8b-9282-0266efbac593 11520e9307824c1090fbecea3ef93295 6291978e7f4a4258a0d82b189c4f15a2 - - default default] Successfully bumped revision number for resource 0537bc1a-c556-4b1b-b115-eaa4d6f9a253 (type: networks) to 1
2026-07-15 00:14:19.766 9 INFO neutron.wsgi [None req-440df212-c520-4ae8-9e5f-bf0a6ab98f3a 7d2ad100212c4d73ae33e22851deb53c 69a0bd6956124b20ad77f4c6c90ea74e - - default default] 10.0.0.217 "DELETE /v2.0/ports/70c31b02-7dc7-4cc6-b5e6-18ff52513755 HTTP/1.1" status: 204 len: 168 time: 0.4200902
2026-07-15 00:14:19.778 10 WARNING neutron.scheduler.dhcp_agent_scheduler [None req-b01219a0-736b-4f8b-9282-0266efbac593 11520e9307824c1090fbecea3ef93295 6291978e7f4a4258a0d82b189c4f15a2 - - default default] No more DHCP agents
2026-07-15 00:14:19.782 10 WARNING neutron.api.rpc.agentnotifiers.dhcp_rpc_agent_api [None req-b01219a0-736b-4f8b-9282-0266efbac593 11520e9307824c1090fbecea3ef93295 6291978e7f4a4258a0d82b189c4f15a2 - - default default] Unable to schedule network 0537bc1a-c556-4b1b-b115-eaa4d6f9a253: no agents available; will retry on subsequent port and subnet creation events.
2026-07-15 00:14:19.795 9 INFO neutron.pecan_wsgi.hooks.translation [None req-8de3c185-7bd6-46ba-9147-6ab2badf9bca 7d2ad100212c4d73ae33e22851deb53c 69a0bd6956124b20ad77f4c6c90ea74e - - default default] DELETE failed (client error): The resource could not be found.
2026-07-15 00:14:19.799 9 INFO neutron.wsgi [None req-8de3c185-7bd6-46ba-9147-6ab2badf9bca 7d2ad100212c4d73ae33e22851deb53c 69a0bd6956124b20ad77f4c6c90ea74e - - default default] 10.0.0.217 "DELETE /v2.0/ports/70c31b02-7dc7-4cc6-b5e6-18ff52513755 HTTP/1.1" status: 404 len: 333 time: 0.0277538
2026-07-15 00:14:19.830 9 INFO neutron.pecan_wsgi.hooks.translation [None req-71b6c3a0-261b-4138-b24f-6840001be68d 7d2ad100212c4d73ae33e22851deb53c 69a0bd6956124b20ad77f4c6c90ea74e - - default default] GET failed (client error): The resource could not be found.
2026-07-15 00:14:19.832 9 INFO neutron.wsgi [None req-71b6c3a0-261b-4138-b24f-6840001be68d 7d2ad100212c4d73ae33e22851deb53c 69a0bd6956124b20ad77f4c6c90ea74e - - default default] 10.0.0.217 "GET /v2.0/ports/70c31b02-7dc7-4cc6-b5e6-18ff52513755 HTTP/1.1" status: 404 len: 333 time: 0.0286529
2026-07-15 00:14:19.891 10 INFO neutron.db.ovn_revision_numbers_db [None req-b01219a0-736b-4f8b-9282-0266efbac593 11520e9307824c1090fbecea3ef93295 6291978e7f4a4258a0d82b189c4f15a2 - - default default] Successfully bumped revision number for resource ffa53408-da6a-44c9-9a64-b3cf24dad3c9 (type: ports) to 1
2026-07-15 00:14:19.917 10 INFO neutron.wsgi [None req-b01219a0-736b-4f8b-9282-0266efbac593 11520e9307824c1090fbecea3ef93295 6291978e7f4a4258a0d82b189c4f15a2 - - default default] 10.0.0.217 "POST /v2.0/networks HTTP/1.1" status: 201 len: 831 time: 0.6394820
2026-07-15 00:14:19.926 10 WARNING neutron_lib.context [None req-fa40e3dd-5084-4a1f-856f-4f7d3c3ca2a0 11520e9307824c1090fbecea3ef93295 6291978e7f4a4258a0d82b189c4f15a2 - - default default] Method 'is_advsvc' is deprecated since 2023.2 release (neutron-lib 3.8.0) and will be removed once support for the old RBAC API policies will be removed from Neutron. Please use method 'is_service_role' instead.
