2026-07-15 00:17:29.188 9 INFO neutron.wsgi [None req-3c7e72f7-cfbc-4a6f-92dd-4dcd73d52c8a 851b7c2d5e414e4295867e176e51c3f5 d37282b52f0c42eeb9a5de6b4a37b929 - - default default] 10.0.0.217 "DELETE /v2.0/security-groups/963e618a-4f10-4113-bb32-f25907ed449f HTTP/1.1" status: 204 len: 168 time: 0.2379818
2026-07-15 00:17:29.243 10 INFO neutron.wsgi [None req-487c7869-c88d-4f2a-a14f-8c13e7dd2bbc 3d7bc793eea84b95917540d10e579190 7f7e9372c04845ada26ea9392682888b - - default default] 10.0.0.217 "POST /v2.0/vpn/vpnservices HTTP/1.1" status: 201 len: 657 time: 6.4716644
2026-07-15 00:17:29.263 10 INFO neutron.wsgi [None req-bd827b3c-3c90-46f8-82ba-1b96aee27d2a 210a730e3b994f2ea2aa288fe2884819 4f4d15e693084cc28a21ea10b6098fb0 - - default default] 10.0.0.217 "GET /v2.0/vpn/vpnservices HTTP/1.1" status: 200 len: 1500 time: 0.0140626
2026-07-15 00:17:29.501 10 INFO neutron.wsgi [-] 10.0.0.102 "GET / HTTP/1.1" status: 200 len: 246 time: 0.0012958
2026-07-15 00:17:29.501 9 INFO neutron.wsgi [-] 10.0.0.102 "GET / HTTP/1.1" status: 200 len: 246 time: 0.0020435
2026-07-15 00:17:29.549 10 INFO neutron.db.ovn_revision_numbers_db [None req-5c19043b-0a8e-4b9a-ab15-03455414400d 851b7c2d5e414e4295867e176e51c3f5 d37282b52f0c42eeb9a5de6b4a37b929 - - default default] Successfully bumped revision number for resource af56878d-e2e8-467f-84bf-2bf5715d47a2 (type: security_groups) to 1
2026-07-15 00:17:29.573 10 INFO neutron.db.ovn_revision_numbers_db [None req-5c19043b-0a8e-4b9a-ab15-03455414400d 851b7c2d5e414e4295867e176e51c3f5 d37282b52f0c42eeb9a5de6b4a37b929 - - default default] Successfully bumped revision number for resource 25a74554-1cf4-411c-bce9-e5d3563a353c (type: security_group_rules) to 0
2026-07-15 00:17:29.599 10 INFO neutron.db.ovn_revision_numbers_db [None req-5c19043b-0a8e-4b9a-ab15-03455414400d 851b7c2d5e414e4295867e176e51c3f5 d37282b52f0c42eeb9a5de6b4a37b929 - - default default] Successfully bumped revision number for resource c9e00d48-0376-4410-9f83-73c168e2afae (type: security_group_rules) to 0
2026-07-15 00:17:29.624 10 INFO neutron.db.ovn_revision_numbers_db [None req-5c19043b-0a8e-4b9a-ab15-03455414400d 851b7c2d5e414e4295867e176e51c3f5 d37282b52f0c42eeb9a5de6b4a37b929 - - default default] Successfully bumped revision number for resource ce3ddb68-ff9f-440b-bfe4-c5e52e35c933 (type: security_group_rules) to 0
2026-07-15 00:17:29.658 10 INFO neutron.db.ovn_revision_numbers_db [None req-5c19043b-0a8e-4b9a-ab15-03455414400d 851b7c2d5e414e4295867e176e51c3f5 d37282b52f0c42eeb9a5de6b4a37b929 - - default default] Successfully bumped revision number for resource ec18f244-0351-4bb6-8021-d6aebf1b4edc (type: security_group_rules) to 0
2026-07-15 00:17:29.691 10 INFO neutron.wsgi [None req-5c19043b-0a8e-4b9a-ab15-03455414400d 851b7c2d5e414e4295867e176e51c3f5 d37282b52f0c42eeb9a5de6b4a37b929 - - default default] 10.0.0.217 "GET /v2.0/security-groups?tenant_id=d11c707641d3498689e0c65ca03cfb3d&name=default HTTP/1.1" status: 200 len: 3124 time: 0.3636427
2026-07-15 00:17:30.047 10 INFO neutron.wsgi [None req-1e063a4f-8e02-4147-ac1e-e8c2ee30020d 851b7c2d5e414e4295867e176e51c3f5 d37282b52f0c42eeb9a5de6b4a37b929 - - default default] 10.0.0.217 "DELETE /v2.0/security-groups/af56878d-e2e8-467f-84bf-2bf5715d47a2 HTTP/1.1" status: 204 len: 168 time: 0.3487010
2026-07-15 00:17:32.272 10 INFO neutron.services.segments.plugin [-] Segment 6ced28fa-ad8f-4b84-9275-d1f80f0b3609 resource provider aggregate not found
2026-07-15 00:17:32.279 10 INFO neutron.services.segments.plugin [-] Segment 6ced28fa-ad8f-4b84-9275-d1f80f0b3609 resource provider aggregate not found
2026-07-15 00:17:32.293 10 INFO neutron.services.segments.plugin [-] Segment 6ced28fa-ad8f-4b84-9275-d1f80f0b3609 resource provider not found; error: Placement Client Error (4xx): {"errors": [{"status": 404, "title": "Not Found", "detail": "The resource could not be found.\n\n No resource provider with uuid 6ced28fa-ad8f-4b84-9275-d1f80f0b3609 found for delete ", "request_id": "req-b8472114-4eab-43fa-ab8e-17f08b3dae5b"}]}
2026-07-15 00:17:32.295 10 INFO neutron.services.segments.plugin [-] Segment 6ced28fa-ad8f-4b84-9275-d1f80f0b3609 resource provider not found; error: Placement Client Error (4xx): {"errors": [{"status": 404, "title": "Not Found", "detail": "The resource could not be found.\n\n No resource provider with uuid 6ced28fa-ad8f-4b84-9275-d1f80f0b3609 found for delete ", "request_id": "req-9fff97f2-a78b-4cf4-bd0d-f91d4a4f8e8d"}]}
2026-07-15 00:17:32.316 10 INFO neutron.wsgi [None req-f06e3bf4-2109-4f36-9e04-b9b438754f8e 3d7bc793eea84b95917540d10e579190 7f7e9372c04845ada26ea9392682888b - - default default] 10.0.0.217 "DELETE /v2.0/vpn/vpnservices/73d57023-8df2-4846-875b-dfef485eb62b HTTP/1.1" status: 204 len: 168 time: 3.0485592 /var/lib/openstack/lib/python3.10/site-packages/pycadf/identifier.py:71: UserWarning: Invalid uuid: neutron. To ensure interoperability, identifiers should be a valid uuid. warnings.warn(('Invalid uuid: %s. To ensure interoperability, '
2026-07-15 00:17:32.330 10 WARNING neutron_lib.context [None req-e4c896ce-e213-43f3-b3ff-10b176ab54be 210a730e3b994f2ea2aa288fe2884819 4f4d15e693084cc28a21ea10b6098fb0 - - default default] Method 'is_advsvc' is deprecated since 2023.2 release (neutron-lib 3.8.0) and will be removed once support for the old RBAC API policies will be removed from Neutron. Please use method 'is_service_role' instead.
2026-07-15 00:17:32.397 10 INFO neutron.wsgi [None req-e4c896ce-e213-43f3-b3ff-10b176ab54be 210a730e3b994f2ea2aa288fe2884819 4f4d15e693084cc28a21ea10b6098fb0 - - default default] 10.0.0.217 "POST /v2.0/vpn/endpoint-groups HTTP/1.1" status: 201 len: 500 time: 0.0753949
2026-07-15 00:17:32.406 10 WARNING neutron_lib.context [None req-334b5426-109d-437e-b653-470bc697129a 210a730e3b994f2ea2aa288fe2884819 4f4d15e693084cc28a21ea10b6098fb0 - - default default] Method 'is_advsvc' is deprecated since 2023.2 release (neutron-lib 3.8.0) and will be removed once support for the old RBAC API policies will be removed from Neutron. Please use method 'is_service_role' instead.
2026-07-15 00:17:32.452 10 INFO neutron.wsgi [None req-334b5426-109d-437e-b653-470bc697129a 210a730e3b994f2ea2aa288fe2884819 4f4d15e693084cc28a21ea10b6098fb0 - - default default] 10.0.0.217 "POST /v2.0/vpn/endpoint-groups HTTP/1.1" status: 201 len: 493 time: 0.0514145
2026-07-15 00:17:32.462 10 WARNING neutron.api.v2.base [None req-471bf7c4-ef55-4c42-892e-d2e97c4752aa 210a730e3b994f2ea2aa288fe2884819 4f4d15e693084cc28a21ea10b6098fb0 - - default default] An exception happened while processing the request body. The exception message is [Unrecognized attribute(s) 'peer_cidr'].: webob.exc.HTTPBadRequest: Unrecognized attribute(s) 'peer_cidr'
2026-07-15 00:17:32.463 10 INFO neutron.api.v2.resource [None req-471bf7c4-ef55-4c42-892e-d2e97c4752aa 210a730e3b994f2ea2aa288fe2884819 4f4d15e693084cc28a21ea10b6098fb0 - - default default] create failed (client error): Unrecognized attribute(s) 'peer_cidr'
2026-07-15 00:17:32.464 10 INFO neutron.wsgi [None req-471bf7c4-ef55-4c42-892e-d2e97c4752aa 210a730e3b994f2ea2aa288fe2884819 4f4d15e693084cc28a21ea10b6098fb0 - - default default] 10.0.0.217 "POST /v2.0/vpn/ipsec-site-connections HTTP/1.1" status: 400 len: 313 time: 0.0071290
2026-07-15 00:17:32.481 10 INFO neutron.wsgi [None req-82534f40-8998-4683-9564-54ceed0e905a 210a730e3b994f2ea2aa288fe2884819 4f4d15e693084cc28a21ea10b6098fb0 - - default default] 10.0.0.217 "GET /v2.0/vpn/endpoint-groups HTTP/1.1" status: 200 len: 1387 time: 0.0137150
2026-07-15 00:17:32.509 10 INFO neutron.wsgi [None req-00af3eb1-0b9b-491a-b79f-aba4d1caf55e 210a730e3b994f2ea2aa288fe2884819 4f4d15e693084cc28a21ea10b6098fb0 - - default default] 10.0.0.217 "DELETE /v2.0/vpn/endpoint-groups/2f31a2dd-ada2-4ca0-b860-1040f5ff0f2f HTTP/1.1" status: 204 len: 168 time: 0.0253911
2026-07-15 00:17:32.526 10 INFO neutron.wsgi [None req-3d146f61-2da9-433c-b832-39f9a6e342c9 210a730e3b994f2ea2aa288fe2884819 4f4d15e693084cc28a21ea10b6098fb0 - - default default] 10.0.0.217 "GET /v2.0/vpn/endpoint-groups HTTP/1.1" status: 200 len: 1110 time: 0.0117645
2026-07-15 00:17:32.543 10 INFO neutron.wsgi [None req-ff9803e2-7711-4187-a296-51ec766c8aea 210a730e3b994f2ea2aa288fe2884819 4f4d15e693084cc28a21ea10b6098fb0 - - default default] 10.0.0.217 "GET /v2.0/vpn/endpoint-groups HTTP/1.1" status: 200 len: 1110 time: 0.0125134
2026-07-15 00:17:32.572 10 INFO neutron.wsgi [None req-24d3864a-90cb-4ef9-ba6f-ecddb2da9b78 210a730e3b994f2ea2aa288fe2884819 4f4d15e693084cc28a21ea10b6098fb0 - - default default] 10.0.0.217 "DELETE /v2.0/vpn/endpoint-groups/31720af8-e41c-4943-bd2b-32cf7b8797b0 HTTP/1.1" status: 204 len: 168 time: 0.0254560
2026-07-15 00:17:32.591 10 INFO neutron.wsgi [None req-67d21e7e-4e9c-47eb-8faa-9ebc9af06725 210a730e3b994f2ea2aa288fe2884819 4f4d15e693084cc28a21ea10b6098fb0 - - default default] 10.0.0.217 "GET /v2.0/vpn/endpoint-groups HTTP/1.1" status: 200 len: 827 time: 0.0130343
2026-07-15 00:17:32.601 10 WARNING neutron_lib.context [None req-02fe0269-07cd-4d60-8681-6aeb3ee9cc0b 210a730e3b994f2ea2aa288fe2884819 4f4d15e693084cc28a21ea10b6098fb0 - - default default] Method 'is_advsvc' is deprecated since 2023.2 release (neutron-lib 3.8.0) and will be removed once support for the old RBAC API policies will be removed from Neutron. Please use method 'is_service_role' instead.
2026-07-15 00:17:32.668 10 INFO neutron.wsgi [None req-02fe0269-07cd-4d60-8681-6aeb3ee9cc0b 210a730e3b994f2ea2aa288fe2884819 4f4d15e693084cc28a21ea10b6098fb0 - - default default] 10.0.0.217 "POST /v2.0/vpn/endpoint-groups HTTP/1.1" status: 201 len: 501 time: 0.0713236
2026-07-15 00:17:32.680 9 WARNING neutron_lib.context [None req-a5f12257-8122-4e25-8b02-3452c8484c72 210a730e3b994f2ea2aa288fe2884819 4f4d15e693084cc28a21ea10b6098fb0 - - default default] Method 'is_advsvc' is deprecated since 2023.2 release (neutron-lib 3.8.0) and will be removed once support for the old RBAC API policies will be removed from Neutron. Please use method 'is_service_role' instead.
2026-07-15 00:17:32.741 9 INFO neutron.wsgi [None req-a5f12257-8122-4e25-8b02-3452c8484c72 210a730e3b994f2ea2aa288fe2884819 4f4d15e693084cc28a21ea10b6098fb0 - - default default] 10.0.0.217 "POST /v2.0/vpn/endpoint-groups HTTP/1.1" status: 201 len: 492 time: 0.0683196
2026-07-15 00:17:32.750 9 WARNING neutron_lib.context [None req-8af06ab2-eb7b-446c-9ed5-27eedee95ef8 210a730e3b994f2ea2aa288fe2884819 4f4d15e693084cc28a21ea10b6098fb0 - - default default] Method 'is_advsvc' is deprecated since 2023.2 release (neutron-lib 3.8.0) and will be removed once support for the old RBAC API policies will be removed from Neutron. Please use method 'is_service_role' instead.
2026-07-15 00:17:32.812 9 INFO neutron.api.v2.resource [None req-8af06ab2-eb7b-446c-9ed5-27eedee95ef8 210a730e3b994f2ea2aa288fe2884819 4f4d15e693084cc28a21ea10b6098fb0 - - default default] create failed (client error): The server could not comply with the request since it is either malformed or otherwise incorrect.
2026-07-15 00:17:32.814 9 INFO neutron.wsgi [None req-8af06ab2-eb7b-446c-9ed5-27eedee95ef8 210a730e3b994f2ea2aa288fe2884819 4f4d15e693084cc28a21ea10b6098fb0 - - default default] 10.0.0.217 "POST /v2.0/vpn/ipsec-site-connections HTTP/1.1" status: 400 len: 373 time: 0.0690203
2026-07-15 00:17:32.833 10 INFO neutron.wsgi [None req-215d92ad-28af-4e63-b3af-7c89bfdd46de 210a730e3b994f2ea2aa288fe2884819 4f4d15e693084cc28a21ea10b6098fb0 - - default default] 10.0.0.217 "GET /v2.0/vpn/endpoint-groups HTTP/1.1" status: 200 len: 1387 time: 0.0131361
2026-07-15 00:17:32.875 9 INFO neutron.wsgi [None req-a433b5fb-bb95-43a6-977e-ed5efee7c3ec 210a730e3b994f2ea2aa288fe2884819 4f4d15e693084cc28a21ea10b6098fb0 - - default default] 10.0.0.217 "DELETE /v2.0/vpn/endpoint-groups/5fbf9490-96e1-4ad2-9e01-b5058e3c4340 HTTP/1.1" status: 204 len: 168 time: 0.0350585
2026-07-15 00:17:32.899 10 INFO neutron.wsgi [None req-97ed83a7-f701-41ca-bce2-7988286cf572 210a730e3b994f2ea2aa288fe2884819 4f4d15e693084cc28a21ea10b6098fb0 - - default default] 10.0.0.217 "GET /v2.0/vpn/endpoint-groups HTTP/1.1" status: 200 len: 1111 time: 0.0176368
2026-07-15 00:17:32.926 10 INFO neutron.wsgi [None req-d472a343-960d-49e9-81ce-65dc672ee4c2 210a730e3b994f2ea2aa288fe2884819 4f4d15e693084cc28a21ea10b6098fb0 - - default default] 10.0.0.217 "GET /v2.0/vpn/endpoint-groups HTTP/1.1" status: 200 len: 1111 time: 0.0150430
2026-07-15 00:17:32.947 10 WARNING neutron.plugins.ml2.drivers.ovn.mech_driver.ovsdb.ovn_client [None req-54af771d-6cd2-404c-b450-159907c9d9b0 - - - - - -] No port found with ID 95e921f4-0fa3-4164-9ee5-e963f853e0ae: RuntimeError: No port found with ID 95e921f4-0fa3-4164-9ee5-e963f853e0ae
2026-07-15 00:17:32.968 9 INFO neutron.wsgi [None req-5f549369-ec22-47e9-b112-2b097c1a32df 210a730e3b994f2ea2aa288fe2884819 4f4d15e693084cc28a21ea10b6098fb0 - - default default] 10.0.0.217 "DELETE /v2.0/vpn/endpoint-groups/85ac31f0-1d3e-4e33-9ab4-d14540295c69 HTTP/1.1" status: 204 len: 168 time: 0.0303016
2026-07-15 00:17:32.995 9 INFO neutron.wsgi [None req-9da8ee00-9a4c-4b95-bd32-b61cd38c7ff0 210a730e3b994f2ea2aa288fe2884819 4f4d15e693084cc28a21ea10b6098fb0 - - default default] 10.0.0.217 "GET /v2.0/vpn/endpoint-groups HTTP/1.1" status: 200 len: 827 time: 0.0168464
2026-07-15 00:17:33.009 10 WARNING neutron_lib.context [None req-be6dde24-8b2a-4a55-9f7f-3d0a7552d690 210a730e3b994f2ea2aa288fe2884819 4f4d15e693084cc28a21ea10b6098fb0 - - default default] Method 'is_advsvc' is deprecated since 2023.2 release (neutron-lib 3.8.0) and will be removed once support for the old RBAC API policies will be removed from Neutron. Please use method 'is_service_role' instead.
2026-07-15 00:17:33.018 9 WARNING neutron.plugins.ml2.drivers.ovn.mech_driver.ovsdb.ovn_client [None req-ba97e2e0-8c8a-46c9-aec5-5954db8ceda4 - - - - - -] No hosting information found for port ea91b607-6572-4e33-995c-5455e1100cca: RuntimeError: No hosting information found for port ea91b607-6572-4e33-995c-5455e1100cca
2026-07-15 00:17:33.078 10 INFO neutron.wsgi [None req-be6dde24-8b2a-4a55-9f7f-3d0a7552d690 210a730e3b994f2ea2aa288fe2884819 4f4d15e693084cc28a21ea10b6098fb0 - - default default] 10.0.0.217 "POST /v2.0/vpn/endpoint-groups HTTP/1.1" status: 201 len: 501 time: 0.0759945
2026-07-15 00:17:33.089 10 WARNING neutron.api.v2.base [None req-c2b45caf-cc74-49e0-b4d5-6f8401b6288e 210a730e3b994f2ea2aa288fe2884819 4f4d15e693084cc28a21ea10b6098fb0 - - default default] An exception happened while processing the request body. The exception message is [Failed to parse request. Required attribute 'peer_id' not specified].: webob.exc.HTTPBadRequest: Failed to parse request. Required attribute 'peer_id' not specified
2026-07-15 00:17:33.089 10 INFO neutron.api.v2.resource [None req-c2b45caf-cc74-49e0-b4d5-6f8401b6288e 210a730e3b994f2ea2aa288fe2884819 4f4d15e693084cc28a21ea10b6098fb0 - - default default] create failed (client error): Failed to parse request. Required attribute 'peer_id' not specified
2026-07-15 00:17:33.090 10 INFO neutron.wsgi [None req-c2b45caf-cc74-49e0-b4d5-6f8401b6288e 210a730e3b994f2ea2aa288fe2884819 4f4d15e693084cc28a21ea10b6098fb0 - - default default] 10.0.0.217 "POST /v2.0/vpn/ipsec-site-connections HTTP/1.1" status: 400 len: 343 time: 0.0071132
2026-07-15 00:17:33.107 10 INFO neutron.wsgi [None req-183a7fe5-6d42-455b-81d0-a5d401a271d5 210a730e3b994f2ea2aa288fe2884819 4f4d15e693084cc28a21ea10b6098fb0 - - default default] 10.0.0.217 "GET /v2.0/vpn/endpoint-groups HTTP/1.1" status: 200 len: 1111 time: 0.0119448
2026-07-15 00:17:33.134 10 INFO neutron.wsgi [None req-f7b5da69-b0cf-4311-bb90-54662ae25402 210a730e3b994f2ea2aa288fe2884819 4f4d15e693084cc28a21ea10b6098fb0 - - default default] 10.0.0.217 "DELETE /v2.0/vpn/endpoint-groups/015fef3b-ded9-410b-8952-9bac26f1dcd2 HTTP/1.1" status: 204 len: 168 time: 0.0215349
2026-07-15 00:17:33.150 10 INFO neutron.wsgi [None req-3a02d8f2-c020-49d6-aff8-c88340519090 210a730e3b994f2ea2aa288fe2884819 4f4d15e693084cc28a21ea10b6098fb0 - - default default] 10.0.0.217 "GET /v2.0/vpn/endpoint-groups HTTP/1.1" status: 200 len: 827 time: 0.0123279
2026-07-15 00:17:33.162 10 WARNING neutron_lib.context [None req-da0b84eb-62fc-44ad-9d19-2f03d7760d16 210a730e3b994f2ea2aa288fe2884819 4f4d15e693084cc28a21ea10b6098fb0 - - default default] Method 'is_advsvc' is deprecated since 2023.2 release (neutron-lib 3.8.0) and will be removed once support for the old RBAC API policies will be removed from Neutron. Please use method 'is_service_role' instead.
2026-07-15 00:17:33.199 10 INFO neutron.wsgi [None req-da0b84eb-62fc-44ad-9d19-2f03d7760d16 210a730e3b994f2ea2aa288fe2884819 4f4d15e693084cc28a21ea10b6098fb0 - - default default] 10.0.0.217 "POST /v2.0/vpn/endpoint-groups HTTP/1.1" status: 201 len: 492 time: 0.0421622
2026-07-15 00:17:33.212 10 WARNING neutron.api.v2.base [None req-081ef719-a572-4f8b-a7b2-be4c99c6f6f1 210a730e3b994f2ea2aa288fe2884819 4f4d15e693084cc28a21ea10b6098fb0 - - default default] An exception happened while processing the request body. The exception message is [Failed to parse request. Required attribute 'peer_id' not specified].: webob.exc.HTTPBadRequest: Failed to parse request. Required attribute 'peer_id' not specified
2026-07-15 00:17:33.212 10 INFO neutron.api.v2.resource [None req-081ef719-a572-4f8b-a7b2-be4c99c6f6f1 210a730e3b994f2ea2aa288fe2884819 4f4d15e693084cc28a21ea10b6098fb0 - - default default] create failed (client error): Failed to parse request. Required attribute 'peer_id' not specified
2026-07-15 00:17:33.213 10 INFO neutron.wsgi [None req-081ef719-a572-4f8b-a7b2-be4c99c6f6f1 210a730e3b994f2ea2aa288fe2884819 4f4d15e693084cc28a21ea10b6098fb0 - - default default] 10.0.0.217 "POST /v2.0/vpn/ipsec-site-connections HTTP/1.1" status: 400 len: 343 time: 0.0064695
2026-07-15 00:17:33.228 10 INFO neutron.wsgi [None req-4cc2f71e-171a-4148-9a34-d6ce13023ad9 210a730e3b994f2ea2aa288fe2884819 4f4d15e693084cc28a21ea10b6098fb0 - - default default] 10.0.0.217 "GET /v2.0/vpn/endpoint-groups HTTP/1.1" status: 200 len: 1102 time: 0.0108905
2026-07-15 00:17:33.259 10 INFO neutron.wsgi [None req-d077c74d-d33d-447a-b616-ea2bbe821953 210a730e3b994f2ea2aa288fe2884819 4f4d15e693084cc28a21ea10b6098fb0 - - default default] 10.0.0.217 "DELETE /v2.0/vpn/endpoint-groups/a26a600c-aef5-4125-82ba-078f3e3edadf HTTP/1.1" status: 204 len: 168 time: 0.0250103
2026-07-15 00:17:33.273 10 INFO neutron.wsgi [None req-a8bba34a-0ba5-443f-a0c1-0576755d82ba 210a730e3b994f2ea2aa288fe2884819 4f4d15e693084cc28a21ea10b6098fb0 - - default default] 10.0.0.217 "GET /v2.0/vpn/endpoint-groups HTTP/1.1" status: 200 len: 827 time: 0.0107679
2026-07-15 00:17:33.283 10 WARNING neutron_lib.context [None req-5f7099f0-7784-43b0-b4da-cf806f960e4e 210a730e3b994f2ea2aa288fe2884819 4f4d15e693084cc28a21ea10b6098fb0 - - default default] Method 'is_advsvc' is deprecated since 2023.2 release (neutron-lib 3.8.0) and will be removed once support for the old RBAC API policies will be removed from Neutron. Please use method 'is_service_role' instead.
2026-07-15 00:17:33.320 10 INFO neutron.wsgi [None req-5f7099f0-7784-43b0-b4da-cf806f960e4e 210a730e3b994f2ea2aa288fe2884819 4f4d15e693084cc28a21ea10b6098fb0 - - default default] 10.0.0.217 "POST /v2.0/vpn/endpoint-groups HTTP/1.1" status: 201 len: 489 time: 0.0398662
2026-07-15 00:17:33.329 10 WARNING neutron_lib.context [None req-285bfe0b-ca60-4542-86d9-efeb28171bf3 210a730e3b994f2ea2aa288fe2884819 4f4d15e693084cc28a21ea10b6098fb0 - - default default] Method 'is_advsvc' is deprecated since 2023.2 release (neutron-lib 3.8.0) and will be removed once support for the old RBAC API policies will be removed from Neutron. Please use method 'is_service_role' instead.
2026-07-15 00:17:33.395 10 INFO neutron.wsgi [None req-285bfe0b-ca60-4542-86d9-efeb28171bf3 210a730e3b994f2ea2aa288fe2884819 4f4d15e693084cc28a21ea10b6098fb0 - - default default] 10.0.0.217 "POST /v2.0/vpn/endpoint-groups HTTP/1.1" status: 201 len: 500 time: 0.0708568
2026-07-15 00:17:33.405 10 WARNING neutron_lib.context [None req-775df4a7-7efd-4b3c-8de0-e0945cbc6f54 210a730e3b994f2ea2aa288fe2884819 4f4d15e693084cc28a21ea10b6098fb0 - - default default] Method 'is_advsvc' is deprecated since 2023.2 release (neutron-lib 3.8.0) and will be removed once support for the old RBAC API policies will be removed from Neutron. Please use method 'is_service_role' instead.
2026-07-15 00:17:34.201 10 INFO neutron.db.ovn_revision_numbers_db [None req-775df4a7-7efd-4b3c-8de0-e0945cbc6f54 210a730e3b994f2ea2aa288fe2884819 4f4d15e693084cc28a21ea10b6098fb0 - - default default] Successfully bumped revision number for resource 0494226e-b9d5-44ad-9cfb-e29e011ba7fc (type: routers) to 6
2026-07-15 00:17:34.241 10 INFO neutron.wsgi [None req-775df4a7-7efd-4b3c-8de0-e0945cbc6f54 210a730e3b994f2ea2aa288fe2884819 4f4d15e693084cc28a21ea10b6098fb0 - - default default] 10.0.0.217 "POST /v2.0/vpn/ipsec-site-connections HTTP/1.1" status: 201 len: 1044 time: 0.8419266
2026-07-15 00:17:34.423 10 INFO neutron.wsgi [None req-051bc5c8-cfd0-4d7d-9d86-c449e79b113e 831b40a5abcf4b61b31653e800095dd0 f1c47c64e1cc46e09011aed8adde8aaa - - default default] 10.0.0.217 "POST /v2.0/qos/policies HTTP/1.1" status: 201 len: 558 time: 0.2569797
2026-07-15 00:17:34.481 9 INFO neutron.wsgi [None req-c8fdbf6c-1c08-41de-bd2b-25f12c1ea179 831b40a5abcf4b61b31653e800095dd0 f1c47c64e1cc46e09011aed8adde8aaa - - default default] 10.0.0.217 "POST /v2.0/qos/policies HTTP/1.1" status: 201 len: 558 time: 0.0535529
2026-07-15 00:17:34.525 9 INFO neutron.wsgi [None req-2e13fa8e-fe6d-43f8-a2bd-ee5ce8af2a4b 831b40a5abcf4b61b31653e800095dd0 f1c47c64e1cc46e09011aed8adde8aaa - - default default] 10.0.0.217 "POST /v2.0/qos/policies HTTP/1.1" status: 201 len: 558 time: 0.0379741
2026-07-15 00:17:34.567 9 INFO neutron.wsgi [None req-bb38fd1e-3d18-4aa0-8b30-e8a326c3369c 831b40a5abcf4b61b31653e800095dd0 f1c47c64e1cc46e09011aed8adde8aaa - - default default] 10.0.0.217 "POST /v2.0/qos/policies HTTP/1.1" status: 201 len: 558 time: 0.0390303
2026-07-15 00:17:34.613 9 INFO neutron.wsgi [None req-473c5c80-7a17-4d39-8dbe-2acd454cd503 831b40a5abcf4b61b31653e800095dd0 f1c47c64e1cc46e09011aed8adde8aaa - - default default] 10.0.0.217 "POST /v2.0/qos/policies HTTP/1.1" status: 201 len: 558 time: 0.0397975
2026-07-15 00:17:34.646 9 INFO neutron.wsgi [None req-56ef5f98-bf22-4d47-9b25-d24a669eaed6 831b40a5abcf4b61b31653e800095dd0 f1c47c64e1cc46e09011aed8adde8aaa - - default default] 10.0.0.217 "PUT /v2.0/policies/35433d2c-e9b4-46ff-a86c-4635e3ad07b2/tags HTTP/1.1" status: 200 len: 210 time: 0.0290985
2026-07-15 00:17:34.692 9 INFO neutron.wsgi [None req-94337505-b4ec-480c-b795-99a95eaeab53 831b40a5abcf4b61b31653e800095dd0 f1c47c64e1cc46e09011aed8adde8aaa - - default default] 10.0.0.217 "PUT /v2.0/policies/2393522d-8c01-4f0f-9369-f26651c19066/tags HTTP/1.1" status: 200 len: 218 time: 0.0407994
2026-07-15 00:17:34.763 10 INFO neutron.wsgi [None req-a91f4878-1cce-4188-88a1-091684e74b4d 831b40a5abcf4b61b31653e800095dd0 f1c47c64e1cc46e09011aed8adde8aaa - - default default] 10.0.0.217 "PUT /v2.0/policies/44166f01-05cc-4ccc-95d7-06dbf5bb674f/tags HTTP/1.1" status: 200 len: 227 time: 0.0663967
2026-07-15 00:17:34.802 9 INFO neutron.wsgi [None req-37fdc9ce-db8f-44be-8341-6d072a767de9 831b40a5abcf4b61b31653e800095dd0 f1c47c64e1cc46e09011aed8adde8aaa - - default default] 10.0.0.217 "PUT /v2.0/policies/11fff99e-fbd0-4d5f-ab39-4968d67892ae/tags HTTP/1.1" status: 200 len: 212 time: 0.0335696
2026-07-15 00:17:35.207 10 INFO neutron.db.ovn_revision_numbers_db [None req-bfee9915-a456-469e-8cbc-6edf92ff66b8 210a730e3b994f2ea2aa288fe2884819 4f4d15e693084cc28a21ea10b6098fb0 - - default default] Successfully bumped revision number for resource 0494226e-b9d5-44ad-9cfb-e29e011ba7fc (type: routers) to 7
2026-07-15 00:17:35.232 10 INFO neutron.wsgi [None req-bfee9915-a456-469e-8cbc-6edf92ff66b8 210a730e3b994f2ea2aa288fe2884819 4f4d15e693084cc28a21ea10b6098fb0 - - default default] 10.0.0.217 "DELETE /v2.0/vpn/ipsec-site-connections/2096e24b-a4dd-48e9-b4b1-72816495cb1e HTTP/1.1" status: 204 len: 168 time: 0.9853337
2026-07-15 00:17:35.248 10 INFO neutron.wsgi [None req-7a200db6-ecb5-45c5-9c69-aa56c30a06be 210a730e3b994f2ea2aa288fe2884819 4f4d15e693084cc28a21ea10b6098fb0 - - default default] 10.0.0.217 "GET /v2.0/vpn/ipsec-site-connections HTTP/1.1" status: 200 len: 989 time: 0.0116093
2026-07-15 00:17:35.262 10 INFO neutron.api.v2.resource [None req-a70bfc8a-0aa1-41f1-9f5e-0378b8641f5d 210a730e3b994f2ea2aa288fe2884819 4f4d15e693084cc28a21ea10b6098fb0 - - default default] delete failed (client error): The resource could not be found.
2026-07-15 00:17:35.264 10 INFO neutron.wsgi [None req-a70bfc8a-0aa1-41f1-9f5e-0378b8641f5d 210a730e3b994f2ea2aa288fe2884819 4f4d15e693084cc28a21ea10b6098fb0 - - default default] 10.0.0.217 "DELETE /v2.0/vpn/ipsec-site-connections/2096e24b-a4dd-48e9-b4b1-72816495cb1e HTTP/1.1" status: 404 len: 355 time: 0.0112028
2026-07-15 00:17:35.282 10 INFO neutron.wsgi [None req-e7c1be3a-99f3-4456-9344-574880fa18c1 210a730e3b994f2ea2aa288fe2884819 4f4d15e693084cc28a21ea10b6098fb0 - - default default] 10.0.0.217 "GET /v2.0/vpn/endpoint-groups HTTP/1.1" status: 200 len: 1383 time: 0.0136259
2026-07-15 00:17:35.304 9 INFO neutron.wsgi [None req-3cb4c326-5cae-4095-8b28-1507b49b9e40 f173765da1c24fe4af30747dd89c15f5 108f28568af743f29136397b55a10c0e - - default default] 10.0.0.217 "GET /v2.0/qos/policies?tags=red HTTP/1.1" status: 200 len: 1296 time: 0.1282275
2026-07-15 00:17:35.315 9 INFO neutron.wsgi [None req-ed732bbf-3b45-463e-97a8-a65d7bf2cb1d 210a730e3b994f2ea2aa288fe2884819 4f4d15e693084cc28a21ea10b6098fb0 - - default default] 10.0.0.217 "DELETE /v2.0/vpn/endpoint-groups/69481441-3d27-473b-ac87-660f38736292 HTTP/1.1" status: 204 len: 168 time: 0.0274315
2026-07-15 00:17:35.336 9 INFO neutron.wsgi [None req-a8f1e6f9-9ea4-4589-8372-8a9355d0a1eb 210a730e3b994f2ea2aa288fe2884819 4f4d15e693084cc28a21ea10b6098fb0 - - default default] 10.0.0.217 "GET /v2.0/vpn/endpoint-groups HTTP/1.1" status: 200 len: 1099 time: 0.0139577
2026-07-15 00:17:35.353 9 INFO neutron.wsgi [None req-c704d5cd-4559-48ea-af6b-5d81874c08fd 210a730e3b994f2ea2aa288fe2884819 4f4d15e693084cc28a21ea10b6098fb0 - - default default] 10.0.0.217 "GET /v2.0/vpn/endpoint-groups HTTP/1.1" status: 200 len: 1099 time: 0.0120599
2026-07-15 00:17:35.379 10 INFO neutron.wsgi [None req-3b1185d6-790c-4db7-becc-47ef6f628eeb f173765da1c24fe4af30747dd89c15f5 108f28568af743f29136397b55a10c0e - - default default] 10.0.0.217 "GET /v2.0/qos/policies?tags=red%2Cblue HTTP/1.1" status: 200 len: 941 time: 0.0694573
2026-07-15 00:17:35.384 9 INFO neutron.wsgi [None req-47b095b9-9ec1-4ee1-a123-3f7e575cea34 210a730e3b994f2ea2aa288fe2884819 4f4d15e693084cc28a21ea10b6098fb0 - - default default] 10.0.0.217 "DELETE /v2.0/vpn/endpoint-groups/599ad4f7-d100-4de3-8d6e-177b349a47e3 HTTP/1.1" status: 204 len: 168 time: 0.0260808
2026-07-15 00:17:35.403 9 INFO neutron.wsgi [None req-fab24868-2766-4849-9cde-c3a047ccce59 210a730e3b994f2ea2aa288fe2884819 4f4d15e693084cc28a21ea10b6098fb0 - - default default] 10.0.0.217 "GET /v2.0/vpn/endpoint-groups HTTP/1.1" status: 200 len: 827 time: 0.0146224
2026-07-15 00:17:35.418 10 WARNING neutron_lib.context [None req-1672e371-c32f-4383-8ef7-2611bfa84b1e 210a730e3b994f2ea2aa288fe2884819 4f4d15e693084cc28a21ea10b6098fb0 - - default default] Method 'is_advsvc' is deprecated since 2023.2 release (neutron-lib 3.8.0) and will be removed once support for the old RBAC API policies will be removed from Neutron. Please use method 'is_service_role' instead.
2026-07-15 00:17:35.490 10 INFO neutron.wsgi [None req-c1c21374-fbeb-404f-94b8-586b23a1cc0d f173765da1c24fe4af30747dd89c15f5 108f28568af743f29136397b55a10c0e - - default default] 10.0.0.217 "GET /v2.0/qos/policies?tags-any=blue HTTP/1.1" status: 200 len: 941 time: 0.1050479
2026-07-15 00:17:35.574 9 INFO neutron.wsgi [None req-e2762c02-f036-4a55-9d56-34107acb7658 f173765da1c24fe4af30747dd89c15f5 108f28568af743f29136397b55a10c0e - - default default] 10.0.0.217 "GET /v2.0/qos/policies?tags-any=red%2Cblue HTTP/1.1" status: 200 len: 1296 time: 0.0780180
2026-07-15 00:17:35.635 9 INFO neutron.wsgi [None req-d6bada8b-c876-4eb4-b306-10b91254eae1 f173765da1c24fe4af30747dd89c15f5 108f28568af743f29136397b55a10c0e - - default default] 10.0.0.217 "GET /v2.0/qos/policies?not-tags=red HTTP/1.1" status: 200 len: 913 time: 0.0563269
2026-07-15 00:17:35.799 10 INFO neutron.wsgi [None req-9aa6107f-97be-4d20-a6b7-26b026947ead f173765da1c24fe4af30747dd89c15f5 108f28568af743f29136397b55a10c0e - - default default] 10.0.0.217 "GET /v2.0/qos/policies?not-tags=red%2Cblue HTTP/1.1" status: 200 len: 1268 time: 0.1583357
2026-07-15 00:17:35.880 9 INFO neutron.wsgi [None req-508fbe2b-7864-482d-ac0d-af5baaa1cdf7 f173765da1c24fe4af30747dd89c15f5 108f28568af743f29136397b55a10c0e - - default default] 10.0.0.217 "GET /v2.0/qos/policies?not-tags-any=blue HTTP/1.1" status: 200 len: 1268 time: 0.0754473
2026-07-15 00:17:35.947 9 INFO neutron.wsgi [None req-1df57936-9a62-406b-adc3-ff567c9e1e91 f173765da1c24fe4af30747dd89c15f5 108f28568af743f29136397b55a10c0e - - default default] 10.0.0.217 "GET /v2.0/qos/policies?not-tags-any=red%2Cblue HTTP/1.1" status: 200 len: 913 time: 0.0616794
2026-07-15 00:17:36.074 10 INFO neutron.wsgi [None req-dbd27e83-aa44-4007-888f-5d2620bb695e 831b40a5abcf4b61b31653e800095dd0 f1c47c64e1cc46e09011aed8adde8aaa - - default default] 10.0.0.217 "DELETE /v2.0/qos/policies/35433d2c-e9b4-46ff-a86c-4635e3ad07b2 HTTP/1.1" status: 204 len: 168 time: 0.1209066
2026-07-15 00:17:36.179 10 INFO neutron.wsgi [None req-4c208d78-7f3a-4975-975d-92e39ff86275 831b40a5abcf4b61b31653e800095dd0 f1c47c64e1cc46e09011aed8adde8aaa - - default default] 10.0.0.217 "DELETE /v2.0/qos/policies/2393522d-8c01-4f0f-9369-f26651c19066 HTTP/1.1" status: 204 len: 168 time: 0.1017137
2026-07-15 00:17:36.217 10 INFO neutron.db.ovn_revision_numbers_db [None req-1672e371-c32f-4383-8ef7-2611bfa84b1e 210a730e3b994f2ea2aa288fe2884819 4f4d15e693084cc28a21ea10b6098fb0 - - default default] Successfully bumped revision number for resource 0494226e-b9d5-44ad-9cfb-e29e011ba7fc (type: routers) to 8
2026-07-15 00:17:36.248 9 INFO neutron.wsgi [None req-9d9b31d8-525a-428f-b53b-5b23a631544c 831b40a5abcf4b61b31653e800095dd0 f1c47c64e1cc46e09011aed8adde8aaa - - default default] 10.0.0.217 "DELETE /v2.0/qos/policies/44166f01-05cc-4ccc-95d7-06dbf5bb674f HTTP/1.1" status: 204 len: 168 time: 0.0618637
2026-07-15 00:17:36.260 10 INFO neutron.wsgi [None req-1672e371-c32f-4383-8ef7-2611bfa84b1e 210a730e3b994f2ea2aa288fe2884819 4f4d15e693084cc28a21ea10b6098fb0 - - default default] 10.0.0.217 "POST /v2.0/vpn/ipsec-site-connections HTTP/1.1" status: 201 len: 1004 time: 0.8493626
2026-07-15 00:17:36.309 9 INFO neutron.wsgi [None req-29a1f2f6-a47b-406a-aa6a-41183073bf36 831b40a5abcf4b61b31653e800095dd0 f1c47c64e1cc46e09011aed8adde8aaa - - default default] 10.0.0.217 "DELETE /v2.0/qos/policies/11fff99e-fbd0-4d5f-ab39-4968d67892ae HTTP/1.1" status: 204 len: 168 time: 0.0532005
2026-07-15 00:17:36.370 9 INFO neutron.wsgi [None req-e5bdc4a4-e1a6-425a-a7d7-fccea9d99b08 831b40a5abcf4b61b31653e800095dd0 f1c47c64e1cc46e09011aed8adde8aaa - - default default] 10.0.0.217 "DELETE /v2.0/qos/policies/3ba5e883-2d5c-41b2-a518-59c5defd3747 HTTP/1.1" status: 204 len: 168 time: 0.0562491
2026-07-15 00:17:37.021 10 INFO neutron.db.ovn_revision_numbers_db [None req-c40ab250-97ca-42d2-ba35-69d7766f962c 210a730e3b994f2ea2aa288fe2884819 4f4d15e693084cc28a21ea10b6098fb0 - - default default] Successfully bumped revision number for resource 0494226e-b9d5-44ad-9cfb-e29e011ba7fc (type: routers) to 9
2026-07-15 00:17:37.056 10 INFO neutron.wsgi [None req-c40ab250-97ca-42d2-ba35-69d7766f962c 210a730e3b994f2ea2aa288fe2884819 4f4d15e693084cc28a21ea10b6098fb0 - - default default] 10.0.0.217 "DELETE /v2.0/vpn/ipsec-site-connections/24ae811d-5d14-427b-b141-6d61f140b278 HTTP/1.1" status: 204 len: 168 time: 0.7894387
2026-07-15 00:17:37.075 10 INFO neutron.wsgi [None req-f4b3d43c-3fa0-4afe-9d91-7c8cdbb3b353 210a730e3b994f2ea2aa288fe2884819 4f4d15e693084cc28a21ea10b6098fb0 - - default default] 10.0.0.217 "GET /v2.0/vpn/ipsec-site-connections HTTP/1.1" status: 200 len: 989 time: 0.0135729
2026-07-15 00:17:37.088 10 INFO neutron.api.v2.resource [None req-4065d7c6-bfe2-4d01-aad9-e882c3612d75 210a730e3b994f2ea2aa288fe2884819 4f4d15e693084cc28a21ea10b6098fb0 - - default default] delete failed (client error): The resource could not be found.
2026-07-15 00:17:37.089 10 INFO neutron.wsgi [None req-4065d7c6-bfe2-4d01-aad9-e882c3612d75 210a730e3b994f2ea2aa288fe2884819 4f4d15e693084cc28a21ea10b6098fb0 - - default default] 10.0.0.217 "DELETE /v2.0/vpn/ipsec-site-connections/24ae811d-5d14-427b-b141-6d61f140b278 HTTP/1.1" status: 404 len: 355 time: 0.0110037
2026-07-15 00:17:37.100 10 WARNING neutron_lib.context [None req-77ac1310-deea-4728-98ea-e5846b260823 210a730e3b994f2ea2aa288fe2884819 4f4d15e693084cc28a21ea10b6098fb0 - - default default] Method 'is_advsvc' is deprecated since 2023.2 release (neutron-lib 3.8.0) and will be removed once support for the old RBAC API policies will be removed from Neutron. Please use method 'is_service_role' instead.
2026-07-15 00:17:37.159 10 INFO neutron.wsgi [None req-77ac1310-deea-4728-98ea-e5846b260823 210a730e3b994f2ea2aa288fe2884819 4f4d15e693084cc28a21ea10b6098fb0 - - default default] 10.0.0.217 "POST /v2.0/vpn/endpoint-groups HTTP/1.1" status: 201 len: 488 time: 0.0647690
2026-07-15 00:17:37.180 10 INFO neutron.wsgi [None req-fed44037-80ab-42e1-8034-d6119512db82 210a730e3b994f2ea2aa288fe2884819 4f4d15e693084cc28a21ea10b6098fb0 - - default default] 10.0.0.217 "PUT /v2.0/vpn/endpoint-groups/e4612dcd-d717-4442-8f5d-d2cbe47069d5 HTTP/1.1" status: 200 len: 483 time: 0.0156419
2026-07-15 00:17:37.194 10 INFO neutron.wsgi [None req-bd670d56-36d7-4199-94d5-9ee84570e46d 210a730e3b994f2ea2aa288fe2884819 4f4d15e693084cc28a21ea10b6098fb0 - - default default] 10.0.0.217 "GET /v2.0/vpn/endpoint-groups/e4612dcd-d717-4442-8f5d-d2cbe47069d5 HTTP/1.1" status: 200 len: 483 time: 0.0080819
2026-07-15 00:17:37.219 10 INFO neutron.wsgi [None req-66eada99-d40a-4724-85c2-07791c129154 210a730e3b994f2ea2aa288fe2884819 4f4d15e693084cc28a21ea10b6098fb0 - - default default] 10.0.0.217 "DELETE /v2.0/vpn/endpoint-groups/e4612dcd-d717-4442-8f5d-d2cbe47069d5 HTTP/1.1" status: 204 len: 168 time: 0.0202243
2026-07-15 00:17:37.235 10 INFO neutron.wsgi [None req-42f6c5f1-f0d7-426f-8caa-2224dc1e93c1 210a730e3b994f2ea2aa288fe2884819 4f4d15e693084cc28a21ea10b6098fb0 - - default default] 10.0.0.217 "GET /v2.0/vpn/endpoint-groups HTTP/1.1" status: 200 len: 827 time: 0.0108361
2026-07-15 00:17:37.262 10 INFO neutron.wsgi [None req-015b1bfd-098e-4eb8-8d67-2a78f02b9b3a 210a730e3b994f2ea2aa288fe2884819 4f4d15e693084cc28a21ea10b6098fb0 - - default default] 10.0.0.217 "GET /v2.0/vpn/endpoint-groups HTTP/1.1" status: 200 len: 827 time: 0.0224762
2026-07-15 00:17:37.271 10 WARNING neutron_lib.context [None req-2eb9500e-623c-4bcc-a0a6-206b55fd45be 210a730e3b994f2ea2aa288fe2884819 4f4d15e693084cc28a21ea10b6098fb0 - - default default] Method 'is_advsvc' is deprecated since 2023.2 release (neutron-lib 3.8.0) and will be removed once support for the old RBAC API policies will be removed from Neutron. Please use method 'is_service_role' instead.
2026-07-15 00:17:37.308 10 INFO neutron.wsgi [None req-2eb9500e-623c-4bcc-a0a6-206b55fd45be 210a730e3b994f2ea2aa288fe2884819 4f4d15e693084cc28a21ea10b6098fb0 - - default default] 10.0.0.217 "POST /v2.0/vpn/ikepolicies HTTP/1.1" status: 201 len: 601 time: 0.0404828
2026-07-15 00:17:37.351 9 INFO neutron.wsgi [None req-10069088-5cd5-4984-ad52-a05bae80c4f9 210a730e3b994f2ea2aa288fe2884819 4f4d15e693084cc28a21ea10b6098fb0 - - default default] 10.0.0.217 "PUT /v2.0/vpn/ikepolicies/b3056244-b9ff-40eb-849a-b8398b842652 HTTP/1.1" status: 200 len: 612 time: 0.0383136
2026-07-15 00:17:37.368 9 INFO neutron.wsgi [None req-7b531079-3f8d-42f8-b5f3-cbf07a31475a 210a730e3b994f2ea2aa288fe2884819 4f4d15e693084cc28a21ea10b6098fb0 - - default default] 10.0.0.217 "GET /v2.0/vpn/ikepolicies/b3056244-b9ff-40eb-849a-b8398b842652 HTTP/1.1" status: 200 len: 612 time: 0.0104659
2026-07-15 00:17:37.398 9 INFO neutron.wsgi [None req-820fb7e0-4d00-43c0-b28a-abdd24abf945 210a730e3b994f2ea2aa288fe2884819 4f4d15e693084cc28a21ea10b6098fb0 - - default default] 10.0.0.217 "DELETE /v2.0/vpn/ikepolicies/b3056244-b9ff-40eb-849a-b8398b842652 HTTP/1.1" status: 204 len: 168 time: 0.0264344
2026-07-15 00:17:37.420 9 INFO neutron.wsgi [None req-f766f2ac-0bd2-4e2a-9a05-20f1a91ce8fc 210a730e3b994f2ea2aa288fe2884819 4f4d15e693084cc28a21ea10b6098fb0 - - default default] 10.0.0.217 "GET /v2.0/vpn/ikepolicies HTTP/1.1" status: 200 len: 601 time: 0.0175078
2026-07-15 00:17:37.436 9 INFO neutron.wsgi [None req-1d1040da-9151-4392-ba9f-5f21d60e3158 210a730e3b994f2ea2aa288fe2884819 4f4d15e693084cc28a21ea10b6098fb0 - - default default] 10.0.0.217 "GET /v2.0/vpn/ikepolicies HTTP/1.1" status: 200 len: 601 time: 0.0100613
2026-07-15 00:17:37.446 9 WARNING neutron_lib.context [None req-087008b0-c2bb-4925-ad64-eaa0dcf747ac 210a730e3b994f2ea2aa288fe2884819 4f4d15e693084cc28a21ea10b6098fb0 - - default default] Method 'is_advsvc' is deprecated since 2023.2 release (neutron-lib 3.8.0) and will be removed once support for the old RBAC API policies will be removed from Neutron. Please use method 'is_service_role' instead.
2026-07-15 00:17:37.489 9 INFO neutron.wsgi [None req-087008b0-c2bb-4925-ad64-eaa0dcf747ac 210a730e3b994f2ea2aa288fe2884819 4f4d15e693084cc28a21ea10b6098fb0 - - default default] 10.0.0.217 "POST /v2.0/vpn/ipsecpolicies HTTP/1.1" status: 201 len: 611 time: 0.0485857
2026-07-15 00:17:37.518 10 INFO neutron.wsgi [None req-d446a9aa-85ce-49c2-96df-ffa0ada144ac 210a730e3b994f2ea2aa288fe2884819 4f4d15e693084cc28a21ea10b6098fb0 - - default default] 10.0.0.217 "PUT /v2.0/vpn/ipsecpolicies/858175a9-7e09-42a5-b2bf-4c2cfa0d59c0 HTTP/1.1" status: 200 len: 624 time: 0.0218468
2026-07-15 00:17:37.565 9 INFO neutron.wsgi [None req-ac6223f5-1f16-442f-8413-195c0ff05083 210a730e3b994f2ea2aa288fe2884819 4f4d15e693084cc28a21ea10b6098fb0 - - default default] 10.0.0.217 "DELETE /v2.0/vpn/ipsecpolicies/858175a9-7e09-42a5-b2bf-4c2cfa0d59c0 HTTP/1.1" status: 204 len: 168 time: 0.0420406
2026-07-15 00:17:37.586 9 INFO neutron.api.v2.resource [None req-a65fe79f-d6c7-4757-ae21-1c4cb0dbcc0a 210a730e3b994f2ea2aa288fe2884819 4f4d15e693084cc28a21ea10b6098fb0 - - default default] delete failed (client error): The resource could not be found.
2026-07-15 00:17:37.588 9 INFO neutron.wsgi [None req-a65fe79f-d6c7-4757-ae21-1c4cb0dbcc0a 210a730e3b994f2ea2aa288fe2884819 4f4d15e693084cc28a21ea10b6098fb0 - - default default] 10.0.0.217 "DELETE /v2.0/vpn/ipsecpolicies/858175a9-7e09-42a5-b2bf-4c2cfa0d59c0 HTTP/1.1" status: 404 len: 346 time: 0.0167902
2026-07-15 00:17:37.608 9 INFO neutron.api.v2.resource [None req-ac020286-a989-4ae7-910a-3324b639a51c 210a730e3b994f2ea2aa288fe2884819 4f4d15e693084cc28a21ea10b6098fb0 - - default default] delete failed (client error): The resource could not be found.
2026-07-15 00:17:37.609 9 INFO neutron.wsgi [None req-ac020286-a989-4ae7-910a-3324b639a51c 210a730e3b994f2ea2aa288fe2884819 4f4d15e693084cc28a21ea10b6098fb0 - - default default] 10.0.0.217 "DELETE /v2.0/vpn/ipsecpolicies/858175a9-7e09-42a5-b2bf-4c2cfa0d59c0 HTTP/1.1" status: 404 len: 346 time: 0.0123560
2026-07-15 00:17:37.610 9 INFO neutron.db.ovn_revision_numbers_db [None req-d0b2f472-1e96-48f0-997a-97c174c33457 851b7c2d5e414e4295867e176e51c3f5 d37282b52f0c42eeb9a5de6b4a37b929 - - default default] Successfully bumped revision number for resource 9b91f38f-a23c-43c2-8f43-cc81e0ffea35 (type: security_groups) to 1
2026-07-15 00:17:37.619 9 WARNING neutron_lib.context [None req-a0e44363-9ca3-4b73-8049-ec722f41405c 210a730e3b994f2ea2aa288fe2884819 4f4d15e693084cc28a21ea10b6098fb0 - - default default] Method 'is_advsvc' is deprecated since 2023.2 release (neutron-lib 3.8.0) and will be removed once support for the old RBAC API policies will be removed from Neutron. Please use method 'is_service_role' instead.
2026-07-15 00:17:37.628 9 INFO neutron.db.ovn_revision_numbers_db [None req-d0b2f472-1e96-48f0-997a-97c174c33457 851b7c2d5e414e4295867e176e51c3f5 d37282b52f0c42eeb9a5de6b4a37b929 - - default default] Successfully bumped revision number for resource 686915af-17b8-40a1-b4b1-8eb9da136df0 (type: security_group_rules) to 0
2026-07-15 00:17:37.646 9 INFO neutron.db.ovn_revision_numbers_db [None req-d0b2f472-1e96-48f0-997a-97c174c33457 851b7c2d5e414e4295867e176e51c3f5 d37282b52f0c42eeb9a5de6b4a37b929 - - default default] Successfully bumped revision number for resource 6ba88dd1-ac6e-497b-b638-68c65fbe21eb (type: security_group_rules) to 0
2026-07-15 00:17:37.668 9 INFO neutron.db.ovn_revision_numbers_db [None req-d0b2f472-1e96-48f0-997a-97c174c33457 851b7c2d5e414e4295867e176e51c3f5 d37282b52f0c42eeb9a5de6b4a37b929 - - default default] Successfully bumped revision number for resource bcd3b360-65fc-4692-9f4b-cd2f0ff6926b (type: security_group_rules) to 0
2026-07-15 00:17:37.691 9 INFO neutron.db.ovn_revision_numbers_db [None req-d0b2f472-1e96-48f0-997a-97c174c33457 851b7c2d5e414e4295867e176e51c3f5 d37282b52f0c42eeb9a5de6b4a37b929 - - default default] Successfully bumped revision number for resource ec7caa91-bef0-4af4-85fd-d5e5ea5c928a (type: security_group_rules) to 0
2026-07-15 00:17:37.723 9 INFO neutron.wsgi [None req-d0b2f472-1e96-48f0-997a-97c174c33457 851b7c2d5e414e4295867e176e51c3f5 d37282b52f0c42eeb9a5de6b4a37b929 - - default default] 10.0.0.217 "GET /v2.0/security-groups?tenant_id=78d5fbb7450c424d83be3e05e9fcce68&name=default HTTP/1.1" status: 200 len: 3124 time: 0.4262056
2026-07-15 00:17:37.742 9 INFO neutron.db.segments_db [None req-a0e44363-9ca3-4b73-8049-ec722f41405c 210a730e3b994f2ea2aa288fe2884819 4f4d15e693084cc28a21ea10b6098fb0 - - default default] Added segment bdeed6dc-59bb-43bd-b56b-6d89cfd61dcd of type geneve for network 6405ff77-c3ba-48ba-a2e6-7f18f92c6221
2026-07-15 00:17:37.899 9 INFO neutron.db.ovn_revision_numbers_db [None req-a0e44363-9ca3-4b73-8049-ec722f41405c 210a730e3b994f2ea2aa288fe2884819 4f4d15e693084cc28a21ea10b6098fb0 - - default default] Successfully bumped revision number for resource 6405ff77-c3ba-48ba-a2e6-7f18f92c6221 (type: networks) to 1
2026-07-15 00:17:38.005 10 INFO neutron.wsgi [None req-33a6271e-3911-4e80-87d9-6b61ec4b61f1 851b7c2d5e414e4295867e176e51c3f5 d37282b52f0c42eeb9a5de6b4a37b929 - - default default] 10.0.0.217 "DELETE /v2.0/security-groups/9b91f38f-a23c-43c2-8f43-cc81e0ffea35 HTTP/1.1" status: 204 len: 168 time: 0.2762270
2026-07-15 00:17:38.155 9 WARNING neutron.scheduler.dhcp_agent_scheduler [None req-a0e44363-9ca3-4b73-8049-ec722f41405c 210a730e3b994f2ea2aa288fe2884819 4f4d15e693084cc28a21ea10b6098fb0 - - default default] No more DHCP agents
2026-07-15 00:17:38.158 9 WARNING neutron.api.rpc.agentnotifiers.dhcp_rpc_agent_api [None req-a0e44363-9ca3-4b73-8049-ec722f41405c 210a730e3b994f2ea2aa288fe2884819 4f4d15e693084cc28a21ea10b6098fb0 - - default default] Unable to schedule network 6405ff77-c3ba-48ba-a2e6-7f18f92c6221: no agents available; will retry on subsequent port and subnet creation events.
2026-07-15 00:17:38.297 9 INFO neutron.db.ovn_revision_numbers_db [None req-19d186e7-8735-4933-aafb-d0cbddb86e5c 851b7c2d5e414e4295867e176e51c3f5 d37282b52f0c42eeb9a5de6b4a37b929 - - default default] Successfully bumped revision number for resource 65f7034d-76ea-4c56-a3ae-0b78addeac17 (type: security_groups) to 1
2026-07-15 00:17:38.318 9 INFO neutron.db.ovn_revision_numbers_db [None req-19d186e7-8735-4933-aafb-d0cbddb86e5c 851b7c2d5e414e4295867e176e51c3f5 d37282b52f0c42eeb9a5de6b4a37b929 - - default default] Successfully bumped revision number for resource 1db2f2c2-0a51-4315-a629-87b76ed666ac (type: security_group_rules) to 0
2026-07-15 00:17:38.335 9 INFO neutron.db.ovn_revision_numbers_db [None req-19d186e7-8735-4933-aafb-d0cbddb86e5c 851b7c2d5e414e4295867e176e51c3f5 d37282b52f0c42eeb9a5de6b4a37b929 - - default default] Successfully bumped revision number for resource 713d3116-40b1-431a-9162-0f2512ff1264 (type: security_group_rules) to 0
2026-07-15 00:17:38.336 9 INFO neutron.db.ovn_revision_numbers_db [None req-a0e44363-9ca3-4b73-8049-ec722f41405c 210a730e3b994f2ea2aa288fe2884819 4f4d15e693084cc28a21ea10b6098fb0 - - default default] Successfully bumped revision number for resource 3a77ae61-d6d8-499a-90d3-87d69624dc1d (type: ports) to 1
2026-07-15 00:17:38.358 9 INFO neutron.db.ovn_revision_numbers_db [None req-19d186e7-8735-4933-aafb-d0cbddb86e5c 851b7c2d5e414e4295867e176e51c3f5 d37282b52f0c42eeb9a5de6b4a37b929 - - default default] Successfully bumped revision number for resource bf2fc1a2-9f45-4c2e-8df7-9a5bd3a5d608 (type: security_group_rules) to 0
2026-07-15 00:17:38.370 9 INFO neutron.wsgi [None req-a0e44363-9ca3-4b73-8049-ec722f41405c 210a730e3b994f2ea2aa288fe2884819 4f4d15e693084cc28a21ea10b6098fb0 - - default default] 10.0.0.217 "POST /v2.0/networks HTTP/1.1" status: 201 len: 831 time: 0.7549894
2026-07-15 00:17:38.382 9 WARNING neutron_lib.context [None req-6e015b9b-3fe9-4e40-97ec-552b6c723c49 210a730e3b994f2ea2aa288fe2884819 4f4d15e693084cc28a21ea10b6098fb0 - - default default] Method 'is_advsvc' is deprecated since 2023.2 release (neutron-lib 3.8.0) and will be removed once support for the old RBAC API policies will be removed from Neutron. Please use method 'is_service_role' instead.
2026-07-15 00:17:38.386 9 INFO neutron.db.ovn_revision_numbers_db [None req-19d186e7-8735-4933-aafb-d0cbddb86e5c 851b7c2d5e414e4295867e176e51c3f5 d37282b52f0c42eeb9a5de6b4a37b929 - - default default] Successfully bumped revision number for resource d9ace717-8c4d-4873-b66e-d908422b73c5 (type: security_group_rules) to 0
2026-07-15 00:17:38.430 9 INFO neutron.wsgi [None req-19d186e7-8735-4933-aafb-d0cbddb86e5c 851b7c2d5e414e4295867e176e51c3f5 d37282b52f0c42eeb9a5de6b4a37b929 - - default default] 10.0.0.217 "GET /v2.0/security-groups?tenant_id=108f28568af743f29136397b55a10c0e&name=default HTTP/1.1" status: 200 len: 3124 time: 0.2864122
2026-07-15 00:17:38.661 9 WARNING neutron.scheduler.dhcp_agent_scheduler [None req-6e015b9b-3fe9-4e40-97ec-552b6c723c49 210a730e3b994f2ea2aa288fe2884819 4f4d15e693084cc28a21ea10b6098fb0 - - default default] No more DHCP agents
2026-07-15 00:17:38.663 9 WARNING neutron.api.rpc.agentnotifiers.dhcp_rpc_agent_api [None req-6e015b9b-3fe9-4e40-97ec-552b6c723c49 210a730e3b994f2ea2aa288fe2884819 4f4d15e693084cc28a21ea10b6098fb0 - - default default] Unable to schedule network 6405ff77-c3ba-48ba-a2e6-7f18f92c6221: no agents available; will retry on subsequent port and subnet creation events.
2026-07-15 00:17:38.682 10 INFO neutron.wsgi [None req-ff3468ef-aeb4-44f5-baf9-fa8764c7c220 851b7c2d5e414e4295867e176e51c3f5 d37282b52f0c42eeb9a5de6b4a37b929 - - default default] 10.0.0.217 "DELETE /v2.0/security-groups/65f7034d-76ea-4c56-a3ae-0b78addeac17 HTTP/1.1" status: 204 len: 168 time: 0.2442205
2026-07-15 00:17:39.003 10 INFO neutron.db.ovn_revision_numbers_db [None req-7b873bdb-6573-4dd8-9368-bab2edf8a241 851b7c2d5e414e4295867e176e51c3f5 d37282b52f0c42eeb9a5de6b4a37b929 - - default default] Successfully bumped revision number for resource fddd0db9-77b1-4aa6-a6ee-cb35331cb59e (type: security_groups) to 1
2026-07-15 00:17:39.020 10 INFO neutron.db.ovn_revision_numbers_db [None req-7b873bdb-6573-4dd8-9368-bab2edf8a241 851b7c2d5e414e4295867e176e51c3f5 d37282b52f0c42eeb9a5de6b4a37b929 - - default default] Successfully bumped revision number for resource 28059435-0e67-4a69-b256-6cf78f87248c (type: security_group_rules) to 0
2026-07-15 00:17:39.037 10 INFO neutron.db.ovn_revision_numbers_db [None req-7b873bdb-6573-4dd8-9368-bab2edf8a241 851b7c2d5e414e4295867e176e51c3f5 d37282b52f0c42eeb9a5de6b4a37b929 - - default default] Successfully bumped revision number for resource 782fa8b6-c2c9-47c0-9fc3-211f2c9a0b90 (type: security_group_rules) to 0
2026-07-15 00:17:39.053 10 INFO neutron.db.ovn_revision_numbers_db [None req-7b873bdb-6573-4dd8-9368-bab2edf8a241 851b7c2d5e414e4295867e176e51c3f5 d37282b52f0c42eeb9a5de6b4a37b929 - - default default] Successfully bumped revision number for resource 801a9322-8d10-4570-b74e-1cfbc8e58c81 (type: security_group_rules) to 0
2026-07-15 00:17:39.071 10 INFO neutron.db.ovn_revision_numbers_db [None req-7b873bdb-6573-4dd8-9368-bab2edf8a241 851b7c2d5e414e4295867e176e51c3f5 d37282b52f0c42eeb9a5de6b4a37b929 - - default default] Successfully bumped revision number for resource 80795aaf-e007-43e3-b135-1a5b7af380d5 (type: security_group_rules) to 0
2026-07-15 00:17:39.094 10 INFO neutron.wsgi [None req-7b873bdb-6573-4dd8-9368-bab2edf8a241 851b7c2d5e414e4295867e176e51c3f5 d37282b52f0c42eeb9a5de6b4a37b929 - - default default] 10.0.0.217 "GET /v2.0/security-groups?tenant_id=f1c47c64e1cc46e09011aed8adde8aaa&name=default HTTP/1.1" status: 200 len: 3124 time: 0.2208695
2026-07-15 00:17:39.277 9 INFO neutron.db.ovn_revision_numbers_db [None req-6e015b9b-3fe9-4e40-97ec-552b6c723c49 210a730e3b994f2ea2aa288fe2884819 4f4d15e693084cc28a21ea10b6098fb0 - - default default] Successfully bumped revision number for resource 3a77ae61-d6d8-499a-90d3-87d69624dc1d (type: ports) to 2
2026-07-15 00:17:39.309 9 INFO neutron.db.ovn_revision_numbers_db [None req-6e015b9b-3fe9-4e40-97ec-552b6c723c49 210a730e3b994f2ea2aa288fe2884819 4f4d15e693084cc28a21ea10b6098fb0 - - default default] Successfully bumped revision number for resource 56f52135-969a-4548-95b6-b6080650aec3 (type: subnets) to 0
2026-07-15 00:17:39.326 9 INFO neutron.wsgi [None req-6e015b9b-3fe9-4e40-97ec-552b6c723c49 210a730e3b994f2ea2aa288fe2884819 4f4d15e693084cc28a21ea10b6098fb0 - - default default] 10.0.0.217 "POST /v2.0/subnets HTTP/1.1" status: 201 len: 804 time: 0.9492338
