2026-07-15 00:17:17.295 10 INFO neutron.db.ovn_revision_numbers_db [None req-5ac88553-605c-4293-8133-057c1bd8adfc 210a730e3b994f2ea2aa288fe2884819 4f4d15e693084cc28a21ea10b6098fb0 - - default default] Successfully bumped revision number for resource b08f9274-4ef1-46db-90ae-5278cf0ad52e (type: ports) to 1
2026-07-15 00:17:17.320 10 INFO neutron.wsgi [None req-5ac88553-605c-4293-8133-057c1bd8adfc 210a730e3b994f2ea2aa288fe2884819 4f4d15e693084cc28a21ea10b6098fb0 - - default default] 10.0.0.217 "POST /v2.0/networks HTTP/1.1" status: 201 len: 831 time: 0.5721195
2026-07-15 00:17:17.332 10 WARNING neutron_lib.context [None req-25768e6e-3994-454a-9dd1-dfc54c38d713 210a730e3b994f2ea2aa288fe2884819 4f4d15e693084cc28a21ea10b6098fb0 - - default default] Method 'is_advsvc' is deprecated since 2023.2 release (neutron-lib 3.8.0) and will be removed once support for the old RBAC API policies will be removed from Neutron. Please use method 'is_service_role' instead.
2026-07-15 00:17:17.575 10 WARNING neutron.scheduler.dhcp_agent_scheduler [None req-25768e6e-3994-454a-9dd1-dfc54c38d713 210a730e3b994f2ea2aa288fe2884819 4f4d15e693084cc28a21ea10b6098fb0 - - default default] No more DHCP agents
2026-07-15 00:17:17.578 10 WARNING neutron.api.rpc.agentnotifiers.dhcp_rpc_agent_api [None req-25768e6e-3994-454a-9dd1-dfc54c38d713 210a730e3b994f2ea2aa288fe2884819 4f4d15e693084cc28a21ea10b6098fb0 - - default default] Unable to schedule network cd109a27-d01b-4781-ba96-d9c90dfea5e7: no agents available; will retry on subsequent port and subnet creation events.
2026-07-15 00:17:18.468 9 WARNING neutron.plugins.ml2.drivers.ovn.mech_driver.ovsdb.ovn_client [None req-ba97e2e0-8c8a-46c9-aec5-5954db8ceda4 - - - - - -] No hosting information found for port 0b249927-a8b0-4a31-a939-8aacb105c919: RuntimeError: No hosting information found for port 0b249927-a8b0-4a31-a939-8aacb105c919
2026-07-15 00:17:18.470 10 INFO neutron.db.ovn_revision_numbers_db [None req-25768e6e-3994-454a-9dd1-dfc54c38d713 210a730e3b994f2ea2aa288fe2884819 4f4d15e693084cc28a21ea10b6098fb0 - - default default] Successfully bumped revision number for resource b08f9274-4ef1-46db-90ae-5278cf0ad52e (type: ports) to 2
2026-07-15 00:17:18.509 10 INFO neutron.db.ovn_revision_numbers_db [None req-25768e6e-3994-454a-9dd1-dfc54c38d713 210a730e3b994f2ea2aa288fe2884819 4f4d15e693084cc28a21ea10b6098fb0 - - default default] Successfully bumped revision number for resource 99fb0761-2445-4ca2-a4f9-0652cf66e304 (type: subnets) to 0
2026-07-15 00:17:18.527 10 INFO neutron.wsgi [None req-25768e6e-3994-454a-9dd1-dfc54c38d713 210a730e3b994f2ea2aa288fe2884819 4f4d15e693084cc28a21ea10b6098fb0 - - default default] 10.0.0.217 "POST /v2.0/subnets HTTP/1.1" status: 201 len: 804 time: 1.1997933
2026-07-15 00:17:18.537 10 WARNING neutron_lib.context [None req-a4dc3561-82bc-40f1-b356-9cb32472126e 210a730e3b994f2ea2aa288fe2884819 4f4d15e693084cc28a21ea10b6098fb0 - - default default] Method 'is_advsvc' is deprecated since 2023.2 release (neutron-lib 3.8.0) and will be removed once support for the old RBAC API policies will be removed from Neutron. Please use method 'is_service_role' instead.
2026-07-15 00:17:19.126 10 WARNING neutron.scheduler.dhcp_agent_scheduler [None req-a4dc3561-82bc-40f1-b356-9cb32472126e 210a730e3b994f2ea2aa288fe2884819 4f4d15e693084cc28a21ea10b6098fb0 - - default default] No more DHCP agents
2026-07-15 00:17:19.127 10 WARNING neutron.api.rpc.agentnotifiers.dhcp_rpc_agent_api [None req-a4dc3561-82bc-40f1-b356-9cb32472126e 210a730e3b994f2ea2aa288fe2884819 4f4d15e693084cc28a21ea10b6098fb0 - - default default] Unable to schedule network 26c6b39e-c936-438f-b814-b71b15a8d673: no agents available; will retry on subsequent port and subnet creation events.
2026-07-15 00:17:19.289 10 INFO neutron.db.ovn_revision_numbers_db [None req-a4dc3561-82bc-40f1-b356-9cb32472126e 210a730e3b994f2ea2aa288fe2884819 4f4d15e693084cc28a21ea10b6098fb0 - - default default] Successfully bumped revision number for resource e48fa795-8e5c-4444-b1ef-611f35d9afdd (type: ports) to 1
2026-07-15 00:17:19.360 9 WARNING neutron_lib.context [None req-0d534a31-d935-429d-9243-de9fb96297ec 7dc740803ba049049a5c932fdfc5b946 d11c707641d3498689e0c65ca03cfb3d - - default default] Method 'is_advsvc' is deprecated since 2023.2 release (neutron-lib 3.8.0) and will be removed once support for the old RBAC API policies will be removed from Neutron. Please use method 'is_service_role' instead.
2026-07-15 00:17:19.684 9 WARNING neutron.scheduler.dhcp_agent_scheduler [None req-0d534a31-d935-429d-9243-de9fb96297ec 7dc740803ba049049a5c932fdfc5b946 d11c707641d3498689e0c65ca03cfb3d - - default default] No more DHCP agents
2026-07-15 00:17:19.686 9 WARNING neutron.api.rpc.agentnotifiers.dhcp_rpc_agent_api [None req-0d534a31-d935-429d-9243-de9fb96297ec 7dc740803ba049049a5c932fdfc5b946 d11c707641d3498689e0c65ca03cfb3d - - default default] Unable to schedule network 26c6b39e-c936-438f-b814-b71b15a8d673: no agents available; will retry on subsequent port and subnet creation events.
2026-07-15 00:17:19.859 9 INFO neutron.plugins.ml2.drivers.ovn.mech_driver.mech_driver [None req-ba97e2e0-8c8a-46c9-aec5-5954db8ceda4 - - - - - -] OVN reports status up for port: 7e166f7d-b475-415b-b1ce-306e931c55f7
2026-07-15 00:17:19.883 9 INFO neutron.plugins.ml2.plugin [None req-ba97e2e0-8c8a-46c9-aec5-5954db8ceda4 - - - - - -] Attempt 1 to provision port 7e166f7d-b475-415b-b1ce-306e931c55f7
2026-07-15 00:17:20.108 10 INFO neutron.plugins.ml2.drivers.ovn.mech_driver.ovsdb.commands [None req-c66ee7ba-241d-47b0-816e-80847652ef73 - - - - - -] Schedule LRP lrp-e48fa795-8e5c-4444-b1ef-611f35d9afdd on gateway 84088eff-252a-4915-9c95-760fd31e4e38 with priority 1
2026-07-15 00:17:20.133 9 INFO neutron.wsgi [None req-0d534a31-d935-429d-9243-de9fb96297ec 7dc740803ba049049a5c932fdfc5b946 d11c707641d3498689e0c65ca03cfb3d - - default default] 10.0.0.217 "POST /v2.0/floatingips HTTP/1.1" status: 201 len: 751 time: 0.9665933
2026-07-15 00:17:20.143 9 WARNING neutron_lib.context [None req-812c9405-5a25-4594-82e5-823edfe023e9 7dc740803ba049049a5c932fdfc5b946 d11c707641d3498689e0c65ca03cfb3d - - default default] Method 'is_advsvc' is deprecated since 2023.2 release (neutron-lib 3.8.0) and will be removed once support for the old RBAC API policies will be removed from Neutron. Please use method 'is_service_role' instead.
2026-07-15 00:17:20.169 10 INFO neutron.db.ovn_revision_numbers_db [None req-a4dc3561-82bc-40f1-b356-9cb32472126e 210a730e3b994f2ea2aa288fe2884819 4f4d15e693084cc28a21ea10b6098fb0 - - default default] Successfully bumped revision number for resource e48fa795-8e5c-4444-b1ef-611f35d9afdd (type: router_ports) to 1
2026-07-15 00:17:20.247 10 INFO neutron.db.ovn_revision_numbers_db [None req-a4dc3561-82bc-40f1-b356-9cb32472126e 210a730e3b994f2ea2aa288fe2884819 4f4d15e693084cc28a21ea10b6098fb0 - - default default] Successfully bumped revision number for resource a7855eb9-aa31-4d4e-b1e7-3d61f9dcd4f6 (type: routers) to 2
2026-07-15 00:17:20.264 10 INFO neutron.wsgi [None req-a4dc3561-82bc-40f1-b356-9cb32472126e 210a730e3b994f2ea2aa288fe2884819 4f4d15e693084cc28a21ea10b6098fb0 - - default default] 10.0.0.217 "POST /v2.0/routers HTTP/1.1" status: 201 len: 1135 time: 1.7327511
2026-07-15 00:17:20.322 9 INFO neutron.db.ovn_revision_numbers_db [None req-ba97e2e0-8c8a-46c9-aec5-5954db8ceda4 - - - - - -] Successfully bumped revision number for resource 7e166f7d-b475-415b-b1ce-306e931c55f7 (type: ports) to 3
2026-07-15 00:17:20.464 9 INFO neutron.plugins.ml2.drivers.ovn.mech_driver.mech_driver [None req-ba97e2e0-8c8a-46c9-aec5-5954db8ceda4 - - - - - -] OVN reports status up for port: e48fa795-8e5c-4444-b1ef-611f35d9afdd
2026-07-15 00:17:20.472 9 INFO neutron.plugins.ml2.plugin [None req-ba97e2e0-8c8a-46c9-aec5-5954db8ceda4 - - - - - -] Attempt 1 to provision port e48fa795-8e5c-4444-b1ef-611f35d9afdd
2026-07-15 00:17:20.517 9 WARNING neutron.scheduler.dhcp_agent_scheduler [None req-812c9405-5a25-4594-82e5-823edfe023e9 7dc740803ba049049a5c932fdfc5b946 d11c707641d3498689e0c65ca03cfb3d - - default default] No more DHCP agents
2026-07-15 00:17:20.521 9 WARNING neutron.api.rpc.agentnotifiers.dhcp_rpc_agent_api [None req-812c9405-5a25-4594-82e5-823edfe023e9 7dc740803ba049049a5c932fdfc5b946 d11c707641d3498689e0c65ca03cfb3d - - default default] Unable to schedule network 26c6b39e-c936-438f-b814-b71b15a8d673: no agents available; will retry on subsequent port and subnet creation events.
2026-07-15 00:17:20.897 9 INFO neutron.wsgi [None req-812c9405-5a25-4594-82e5-823edfe023e9 7dc740803ba049049a5c932fdfc5b946 d11c707641d3498689e0c65ca03cfb3d - - default default] 10.0.0.217 "POST /v2.0/floatingips HTTP/1.1" status: 201 len: 751 time: 0.7589214
2026-07-15 00:17:20.918 9 WARNING neutron_lib.context [None req-5bccc22e-6a96-4357-8bc1-3fad8d30cf11 7dc740803ba049049a5c932fdfc5b946 d11c707641d3498689e0c65ca03cfb3d - - default default] Method 'is_advsvc' is deprecated since 2023.2 release (neutron-lib 3.8.0) and will be removed once support for the old RBAC API policies will be removed from Neutron. Please use method 'is_service_role' instead.
2026-07-15 00:17:20.924 10 WARNING neutron.scheduler.dhcp_agent_scheduler [None req-8d3463a1-5585-4d4e-93ea-79bd74c775cf 210a730e3b994f2ea2aa288fe2884819 4f4d15e693084cc28a21ea10b6098fb0 - - default default] No more DHCP agents
2026-07-15 00:17:20.926 10 WARNING neutron.api.rpc.agentnotifiers.dhcp_rpc_agent_api [None req-8d3463a1-5585-4d4e-93ea-79bd74c775cf 210a730e3b994f2ea2aa288fe2884819 4f4d15e693084cc28a21ea10b6098fb0 - - default default] Unable to schedule network cd109a27-d01b-4781-ba96-d9c90dfea5e7: no agents available; will retry on subsequent port and subnet creation events.
2026-07-15 00:17:21.137 10 INFO neutron.db.ovn_revision_numbers_db [None req-8d3463a1-5585-4d4e-93ea-79bd74c775cf 210a730e3b994f2ea2aa288fe2884819 4f4d15e693084cc28a21ea10b6098fb0 - - default default] Successfully bumped revision number for resource ea91b607-6572-4e33-995c-5455e1100cca (type: ports) to 1
2026-07-15 00:17:21.192 9 WARNING neutron.scheduler.dhcp_agent_scheduler [None req-5bccc22e-6a96-4357-8bc1-3fad8d30cf11 7dc740803ba049049a5c932fdfc5b946 d11c707641d3498689e0c65ca03cfb3d - - default default] No more DHCP agents
2026-07-15 00:17:21.193 9 WARNING neutron.api.rpc.agentnotifiers.dhcp_rpc_agent_api [None req-5bccc22e-6a96-4357-8bc1-3fad8d30cf11 7dc740803ba049049a5c932fdfc5b946 d11c707641d3498689e0c65ca03cfb3d - - default default] Unable to schedule network 26c6b39e-c936-438f-b814-b71b15a8d673: no agents available; will retry on subsequent port and subnet creation events.
2026-07-15 00:17:21.767 9 INFO neutron.wsgi [None req-5bccc22e-6a96-4357-8bc1-3fad8d30cf11 7dc740803ba049049a5c932fdfc5b946 d11c707641d3498689e0c65ca03cfb3d - - default default] 10.0.0.217 "POST /v2.0/floatingips HTTP/1.1" status: 201 len: 751 time: 0.8570070
2026-07-15 00:17:21.779 9 WARNING neutron_lib.context [None req-d681378c-eb94-41bb-8fd4-b7362f6fb183 7dc740803ba049049a5c932fdfc5b946 d11c707641d3498689e0c65ca03cfb3d - - default default] Method 'is_advsvc' is deprecated since 2023.2 release (neutron-lib 3.8.0) and will be removed once support for the old RBAC API policies will be removed from Neutron. Please use method 'is_service_role' instead.
2026-07-15 00:17:22.080 10 ERROR ovsdbapp.backend.ovs_idl.command [None req-8d3463a1-5585-4d4e-93ea-79bd74c775cf 210a730e3b994f2ea2aa288fe2884819 4f4d15e693084cc28a21ea10b6098fb0 - - default default] Error executing command (DbGetCommand): ovsdbapp.backend.ovs_idl.idlutils.RowNotFound: Cannot find Logical_Router_Port with name=lrp-ea91b607-6572-4e33-995c-5455e1100cca
2026-07-15 00:17:22.080 10 ERROR ovsdbapp.backend.ovs_idl.command
Traceback (most recent call last):
2026-07-15 00:17:22.080 10 ERROR ovsdbapp.backend.ovs_idl.command
File "/var/lib/openstack/lib/python3.10/site-packages/ovsdbapp/backend/ovs_idl/command.py", line 47, in execute
2026-07-15 00:17:22.080 10 ERROR ovsdbapp.backend.ovs_idl.command self.run_idl(None)
2026-07-15 00:17:22.080 10 ERROR ovsdbapp.backend.ovs_idl.command
File "/var/lib/openstack/lib/python3.10/site-packages/ovsdbapp/backend/ovs_idl/command.py", line 235, in run_idl
2026-07-15 00:17:22.080 10 ERROR ovsdbapp.backend.ovs_idl.command record = self.api.lookup(self.table, self.record)
2026-07-15 00:17:22.080 10 ERROR ovsdbapp.backend.ovs_idl.command
File "/var/lib/openstack/lib/python3.10/site-packages/ovsdbapp/backend/ovs_idl/__init__.py", line 184, in lookup
2026-07-15 00:17:22.080 10 ERROR ovsdbapp.backend.ovs_idl.command return self._lookup(table, record)
2026-07-15 00:17:22.080 10 ERROR ovsdbapp.backend.ovs_idl.command
File "/var/lib/openstack/lib/python3.10/site-packages/ovsdbapp/backend/ovs_idl/__init__.py", line 235, in _lookup
2026-07-15 00:17:22.080 10 ERROR ovsdbapp.backend.ovs_idl.command row = idlutils.row_by_value(self, rl.table, rl.column, record)
2026-07-15 00:17:22.080 10 ERROR ovsdbapp.backend.ovs_idl.command
File "/var/lib/openstack/lib/python3.10/site-packages/ovsdbapp/backend/ovs_idl/idlutils.py", line 114, in row_by_value
2026-07-15 00:17:22.080 10 ERROR ovsdbapp.backend.ovs_idl.command raise RowNotFound(table=table, col=column, match=match)
2026-07-15 00:17:22.080 10 ERROR ovsdbapp.backend.ovs_idl.command ovsdbapp.backend.ovs_idl.idlutils.RowNotFound: Cannot find Logical_Router_Port with name=lrp-ea91b607-6572-4e33-995c-5455e1100cca
2026-07-15 00:17:22.080 10 ERROR ovsdbapp.backend.ovs_idl.command 
2026-07-15 00:17:22.081 10 ERROR neutron_lib.callbacks.manager [None req-8d3463a1-5585-4d4e-93ea-79bd74c775cf 210a730e3b994f2ea2aa288fe2884819 4f4d15e693084cc28a21ea10b6098fb0 - - default default] Error during notification for neutron.services.ovn_l3.plugin.OVNL3RouterPlugin._port_update-8771991230173 port, after_update: ovsdbapp.backend.ovs_idl.idlutils.RowNotFound: Cannot find Logical_Router_Port with name=lrp-ea91b607-6572-4e33-995c-5455e1100cca
2026-07-15 00:17:22.081 10 ERROR neutron_lib.callbacks.manager
Traceback (most recent call last):
2026-07-15 00:17:22.081 10 ERROR neutron_lib.callbacks.manager
File "/var/lib/openstack/lib/python3.10/site-packages/neutron_lib/callbacks/manager.py", line 189, in _notify_loop
2026-07-15 00:17:22.081 10 ERROR neutron_lib.callbacks.manager callback.method(resource, event, trigger, payload=payload)
2026-07-15 00:17:22.081 10 ERROR neutron_lib.callbacks.manager
File "/var/lib/openstack/lib/python3.10/site-packages/neutron/services/ovn_l3/plugin.py", line 391, in _port_update
2026-07-15 00:17:22.081 10 ERROR neutron_lib.callbacks.manager l3plugin._ovn_client.update_router_port(context,
2026-07-15 00:17:22.081 10 ERROR neutron_lib.callbacks.manager
File "/var/lib/openstack/lib/python3.10/site-packages/neutron/plugins/ml2/drivers/ovn/mech_driver/ovsdb/ovn_client.py", line 1878, in update_router_port
2026-07-15 00:17:22.081 10 ERROR neutron_lib.callbacks.manager self._update_lrouter_port(context, port, if_exists=if_exists,
2026-07-15 00:17:22.081 10 ERROR neutron_lib.callbacks.manager
File "/var/lib/openstack/lib/python3.10/site-packages/neutron/plugins/ml2/drivers/ovn/mech_driver/ovsdb/ovn_client.py", line 1855, in _update_lrouter_port
2026-07-15 00:17:22.081 10 ERROR neutron_lib.callbacks.manager external_ids = self._nb_idl.db_get(
2026-07-15 00:17:22.081 10 ERROR neutron_lib.callbacks.manager
File "/var/lib/openstack/lib/python3.10/site-packages/ovsdbapp/backend/ovs_idl/command.py", line 47, in execute
2026-07-15 00:17:22.081 10 ERROR neutron_lib.callbacks.manager self.run_idl(None)
2026-07-15 00:17:22.081 10 ERROR neutron_lib.callbacks.manager
File "/var/lib/openstack/lib/python3.10/site-packages/ovsdbapp/backend/ovs_idl/command.py", line 235, in run_idl
2026-07-15 00:17:22.081 10 ERROR neutron_lib.callbacks.manager record = self.api.lookup(self.table, self.record)
2026-07-15 00:17:22.081 10 ERROR neutron_lib.callbacks.manager
File "/var/lib/openstack/lib/python3.10/site-packages/ovsdbapp/backend/ovs_idl/__init__.py", line 184, in lookup
2026-07-15 00:17:22.081 10 ERROR neutron_lib.callbacks.manager return self._lookup(table, record)
2026-07-15 00:17:22.081 10 ERROR neutron_lib.callbacks.manager
File "/var/lib/openstack/lib/python3.10/site-packages/ovsdbapp/backend/ovs_idl/__init__.py", line 235, in _lookup
2026-07-15 00:17:22.081 10 ERROR neutron_lib.callbacks.manager row = idlutils.row_by_value(self, rl.table, rl.column, record)
2026-07-15 00:17:22.081 10 ERROR neutron_lib.callbacks.manager
File "/var/lib/openstack/lib/python3.10/site-packages/ovsdbapp/backend/ovs_idl/idlutils.py", line 114, in row_by_value
2026-07-15 00:17:22.081 10 ERROR neutron_lib.callbacks.manager raise RowNotFound(table=table, col=column, match=match)
2026-07-15 00:17:22.081 10 ERROR neutron_lib.callbacks.manager ovsdbapp.backend.ovs_idl.idlutils.RowNotFound: Cannot find Logical_Router_Port with name=lrp-ea91b607-6572-4e33-995c-5455e1100cca
2026-07-15 00:17:22.081 10 ERROR neutron_lib.callbacks.manager 
2026-07-15 00:17:22.116 9 WARNING neutron.scheduler.dhcp_agent_scheduler [None req-d681378c-eb94-41bb-8fd4-b7362f6fb183 7dc740803ba049049a5c932fdfc5b946 d11c707641d3498689e0c65ca03cfb3d - - default default] No more DHCP agents
2026-07-15 00:17:22.118 9 WARNING neutron.api.rpc.agentnotifiers.dhcp_rpc_agent_api [None req-d681378c-eb94-41bb-8fd4-b7362f6fb183 7dc740803ba049049a5c932fdfc5b946 d11c707641d3498689e0c65ca03cfb3d - - default default] Unable to schedule network 26c6b39e-c936-438f-b814-b71b15a8d673: no agents available; will retry on subsequent port and subnet creation events.
2026-07-15 00:17:22.318 10 INFO neutron.db.ovn_revision_numbers_db [None req-8d3463a1-5585-4d4e-93ea-79bd74c775cf 210a730e3b994f2ea2aa288fe2884819 4f4d15e693084cc28a21ea10b6098fb0 - - default default] Successfully bumped revision number for resource ea91b607-6572-4e33-995c-5455e1100cca (type: ports) to 1
2026-07-15 00:17:22.396 10 WARNING neutron.scheduler.dhcp_agent_scheduler [None req-8d3463a1-5585-4d4e-93ea-79bd74c775cf 210a730e3b994f2ea2aa288fe2884819 4f4d15e693084cc28a21ea10b6098fb0 - - default default] No more DHCP agents
2026-07-15 00:17:22.397 10 WARNING neutron.api.rpc.agentnotifiers.dhcp_rpc_agent_api [None req-8d3463a1-5585-4d4e-93ea-79bd74c775cf 210a730e3b994f2ea2aa288fe2884819 4f4d15e693084cc28a21ea10b6098fb0 - - default default] Unable to schedule network cd109a27-d01b-4781-ba96-d9c90dfea5e7: no agents available; will retry on subsequent port and subnet creation events.
2026-07-15 00:17:22.476 9 INFO neutron.wsgi [None req-d681378c-eb94-41bb-8fd4-b7362f6fb183 7dc740803ba049049a5c932fdfc5b946 d11c707641d3498689e0c65ca03cfb3d - - default default] 10.0.0.217 "POST /v2.0/floatingips HTTP/1.1" status: 201 len: 751 time: 0.7016013
2026-07-15 00:17:22.488 9 WARNING neutron_lib.context [None req-ace502ba-e822-4900-8c07-d320db7f6482 7dc740803ba049049a5c932fdfc5b946 d11c707641d3498689e0c65ca03cfb3d - - default default] Method 'is_advsvc' is deprecated since 2023.2 release (neutron-lib 3.8.0) and will be removed once support for the old RBAC API policies will be removed from Neutron. Please use method 'is_service_role' instead.
2026-07-15 00:17:22.759 10 INFO neutron.db.ovn_revision_numbers_db [None req-8d3463a1-5585-4d4e-93ea-79bd74c775cf 210a730e3b994f2ea2aa288fe2884819 4f4d15e693084cc28a21ea10b6098fb0 - - default default] Successfully bumped revision number for resource ea91b607-6572-4e33-995c-5455e1100cca (type: router_ports) to 1
2026-07-15 00:17:22.766 10 INFO neutron.wsgi [None req-8d3463a1-5585-4d4e-93ea-79bd74c775cf 210a730e3b994f2ea2aa288fe2884819 4f4d15e693084cc28a21ea10b6098fb0 - - default default] 10.0.0.217 "PUT /v2.0/routers/a7855eb9-aa31-4d4e-b1e7-3d61f9dcd4f6/add_router_interface HTTP/1.1" status: 200 len: 503 time: 2.4960792
2026-07-15 00:17:22.779 9 WARNING neutron.scheduler.dhcp_agent_scheduler [None req-ace502ba-e822-4900-8c07-d320db7f6482 7dc740803ba049049a5c932fdfc5b946 d11c707641d3498689e0c65ca03cfb3d - - default default] No more DHCP agents
2026-07-15 00:17:22.780 9 WARNING neutron.api.rpc.agentnotifiers.dhcp_rpc_agent_api [None req-ace502ba-e822-4900-8c07-d320db7f6482 7dc740803ba049049a5c932fdfc5b946 d11c707641d3498689e0c65ca03cfb3d - - default default] Unable to schedule network 26c6b39e-c936-438f-b814-b71b15a8d673: no agents available; will retry on subsequent port and subnet creation events.
2026-07-15 00:17:23.097 9 INFO neutron.wsgi [None req-ace502ba-e822-4900-8c07-d320db7f6482 7dc740803ba049049a5c932fdfc5b946 d11c707641d3498689e0c65ca03cfb3d - - default default] 10.0.0.217 "POST /v2.0/floatingips HTTP/1.1" status: 201 len: 751 time: 0.6145346
2026-07-15 00:17:23.168 9 INFO neutron.wsgi [None req-37b5bc37-f1e2-4b38-a0ae-a42265732c03 7dc740803ba049049a5c932fdfc5b946 d11c707641d3498689e0c65ca03cfb3d - - default default] 10.0.0.217 "PUT /v2.0/floatingips/20816357-fbbf-4fa4-81f2-d7c5b2ecb5f2/tags HTTP/1.1" status: 200 len: 210 time: 0.0642970
2026-07-15 00:17:23.218 9 INFO neutron.wsgi [None req-e53ed35b-f79f-4346-802b-6f7fc49e59cd 7dc740803ba049049a5c932fdfc5b946 d11c707641d3498689e0c65ca03cfb3d - - default default] 10.0.0.217 "PUT /v2.0/floatingips/edce7387-a1ff-4249-80c3-b7ec79bc97f0/tags HTTP/1.1" status: 200 len: 218 time: 0.0454705
2026-07-15 00:17:23.301 9 INFO neutron.wsgi [None req-87e79e76-409f-4b91-87dd-8b3a6d60b69c 7dc740803ba049049a5c932fdfc5b946 d11c707641d3498689e0c65ca03cfb3d - - default default] 10.0.0.217 "PUT /v2.0/floatingips/1cc18b17-b7ad-48bd-8c36-47b1c3fda047/tags HTTP/1.1" status: 200 len: 227 time: 0.0776491
2026-07-15 00:17:23.360 10 WARNING neutron.scheduler.dhcp_agent_scheduler [None req-487c7869-c88d-4f2a-a14f-8c13e7dd2bbc 3d7bc793eea84b95917540d10e579190 7f7e9372c04845ada26ea9392682888b - - default default] No more DHCP agents
2026-07-15 00:17:23.363 10 WARNING neutron.api.rpc.agentnotifiers.dhcp_rpc_agent_api [None req-487c7869-c88d-4f2a-a14f-8c13e7dd2bbc 3d7bc793eea84b95917540d10e579190 7f7e9372c04845ada26ea9392682888b - - default default] Unable to schedule network 26c6b39e-c936-438f-b814-b71b15a8d673: no agents available; will retry on subsequent port and subnet creation events.
2026-07-15 00:17:23.364 9 INFO neutron.wsgi [None req-e8ce00e0-3a46-419b-866d-8ade1ba678f6 7dc740803ba049049a5c932fdfc5b946 d11c707641d3498689e0c65ca03cfb3d - - default default] 10.0.0.217 "PUT /v2.0/floatingips/c3cefcb4-b906-4ae4-81d5-f7739c8dde33/tags HTTP/1.1" status: 200 len: 212 time: 0.0540547
2026-07-15 00:17:23.443 9 INFO neutron.wsgi [None req-9379bedb-4868-433e-9eb6-c805124d7a6f 7dc740803ba049049a5c932fdfc5b946 d11c707641d3498689e0c65ca03cfb3d - - default default] 10.0.0.217 "GET /v2.0/floatingips?tags=red HTTP/1.1" status: 200 len: 1866 time: 0.0694964
2026-07-15 00:17:23.519 9 INFO neutron.wsgi [None req-ace5f1e3-ab72-4b08-93b7-0968535c068b 7dc740803ba049049a5c932fdfc5b946 d11c707641d3498689e0c65ca03cfb3d - - default default] 10.0.0.217 "GET /v2.0/floatingips?tags=red%2Cblue HTTP/1.1" status: 200 len: 1323 time: 0.0709612
2026-07-15 00:17:23.575 10 INFO neutron.wsgi [None req-9784973e-b357-4dcd-993c-0633c79e04f3 7dc740803ba049049a5c932fdfc5b946 d11c707641d3498689e0c65ca03cfb3d - - default default] 10.0.0.217 "GET /v2.0/floatingips?tags-any=blue HTTP/1.1" status: 200 len: 1323 time: 0.0514617
2026-07-15 00:17:23.608 10 INFO neutron.db.ovn_revision_numbers_db [None req-487c7869-c88d-4f2a-a14f-8c13e7dd2bbc 3d7bc793eea84b95917540d10e579190 7f7e9372c04845ada26ea9392682888b - - default default] Successfully bumped revision number for resource 313b2c69-f642-4cd9-804a-c54c3f14d049 (type: ports) to 1
2026-07-15 00:17:23.632 9 INFO neutron.wsgi [None req-37335d8f-116c-4353-a175-f4a0fd901490 7dc740803ba049049a5c932fdfc5b946 d11c707641d3498689e0c65ca03cfb3d - - default default] 10.0.0.217 "GET /v2.0/floatingips?tags-any=red%2Cblue HTTP/1.1" status: 200 len: 1866 time: 0.0516043
2026-07-15 00:17:23.701 9 INFO neutron.wsgi [None req-f3cdd0ef-9aa7-4f53-982c-937247f3588c 7dc740803ba049049a5c932fdfc5b946 d11c707641d3498689e0c65ca03cfb3d - - default default] 10.0.0.217 "GET /v2.0/floatingips?not-tags=red HTTP/1.1" status: 200 len: 1295 time: 0.0621550
2026-07-15 00:17:23.793 9 INFO neutron.wsgi [None req-c0d35d99-81fc-49e5-8c83-d2bee85e27a8 7dc740803ba049049a5c932fdfc5b946 d11c707641d3498689e0c65ca03cfb3d - - default default] 10.0.0.217 "GET /v2.0/floatingips?not-tags=red%2Cblue HTTP/1.1" status: 200 len: 1838 time: 0.0855432
2026-07-15 00:17:23.849 9 INFO neutron.wsgi [None req-da415254-b7bf-4455-9aa0-8a73355b9303 7dc740803ba049049a5c932fdfc5b946 d11c707641d3498689e0c65ca03cfb3d - - default default] 10.0.0.217 "GET /v2.0/floatingips?not-tags-any=blue HTTP/1.1" status: 200 len: 1838 time: 0.0505641
2026-07-15 00:17:23.902 10 INFO neutron.wsgi [None req-40fe62fb-d7c3-40c0-b5fd-5870fe8aaea6 7dc740803ba049049a5c932fdfc5b946 d11c707641d3498689e0c65ca03cfb3d - - default default] 10.0.0.217 "GET /v2.0/floatingips?not-tags-any=red%2Cblue HTTP/1.1" status: 200 len: 1295 time: 0.0411396
2026-07-15 00:17:24.016 10 INFO neutron.db.ovn_revision_numbers_db [None req-487c7869-c88d-4f2a-a14f-8c13e7dd2bbc 3d7bc793eea84b95917540d10e579190 7f7e9372c04845ada26ea9392682888b - - default default] Successfully bumped revision number for resource 313b2c69-f642-4cd9-804a-c54c3f14d049 (type: ports) to 1
2026-07-15 00:17:24.101 10 INFO neutron.db.segments_db [None req-487c7869-c88d-4f2a-a14f-8c13e7dd2bbc 3d7bc793eea84b95917540d10e579190 7f7e9372c04845ada26ea9392682888b - - default default] Added segment 6ced28fa-ad8f-4b84-9275-d1f80f0b3609 of type geneve for network 9d32a51a-fd9e-4bcb-9468-99d68ab71770
2026-07-15 00:17:24.367 10 INFO neutron.db.ovn_revision_numbers_db [None req-487c7869-c88d-4f2a-a14f-8c13e7dd2bbc 3d7bc793eea84b95917540d10e579190 7f7e9372c04845ada26ea9392682888b - - default default] Successfully bumped revision number for resource 9d32a51a-fd9e-4bcb-9468-99d68ab71770 (type: networks) to 1
2026-07-15 00:17:24.520 10 INFO neutron.wsgi [None req-ac7356da-c06a-47ef-b3df-589171dd130b 7dc740803ba049049a5c932fdfc5b946 d11c707641d3498689e0c65ca03cfb3d - - default default] 10.0.0.217 "DELETE /v2.0/floatingips/20816357-fbbf-4fa4-81f2-d7c5b2ecb5f2 HTTP/1.1" status: 204 len: 168 time: 0.6115487
2026-07-15 00:17:24.548 10 WARNING neutron.scheduler.dhcp_agent_scheduler [None req-487c7869-c88d-4f2a-a14f-8c13e7dd2bbc 3d7bc793eea84b95917540d10e579190 7f7e9372c04845ada26ea9392682888b - - default default] No more DHCP agents
2026-07-15 00:17:24.551 10 WARNING neutron.api.rpc.agentnotifiers.dhcp_rpc_agent_api [None req-487c7869-c88d-4f2a-a14f-8c13e7dd2bbc 3d7bc793eea84b95917540d10e579190 7f7e9372c04845ada26ea9392682888b - - default default] Unable to schedule network 9d32a51a-fd9e-4bcb-9468-99d68ab71770: no agents available; will retry on subsequent port and subnet creation events.
2026-07-15 00:17:24.644 10 INFO neutron.db.ovn_revision_numbers_db [None req-487c7869-c88d-4f2a-a14f-8c13e7dd2bbc 3d7bc793eea84b95917540d10e579190 7f7e9372c04845ada26ea9392682888b - - default default] Successfully bumped revision number for resource 6900f595-520e-4e33-b165-a5b5d1f6f27c (type: ports) to 1
2026-07-15 00:17:24.824 10 WARNING neutron.scheduler.dhcp_agent_scheduler [None req-487c7869-c88d-4f2a-a14f-8c13e7dd2bbc 3d7bc793eea84b95917540d10e579190 7f7e9372c04845ada26ea9392682888b - - default default] No more DHCP agents
2026-07-15 00:17:24.828 10 WARNING neutron.api.rpc.agentnotifiers.dhcp_rpc_agent_api [None req-487c7869-c88d-4f2a-a14f-8c13e7dd2bbc 3d7bc793eea84b95917540d10e579190 7f7e9372c04845ada26ea9392682888b - - default default] Unable to schedule network 9d32a51a-fd9e-4bcb-9468-99d68ab71770: no agents available; will retry on subsequent port and subnet creation events.
2026-07-15 00:17:24.857 10 INFO neutron.db.ovn_revision_numbers_db [None req-487c7869-c88d-4f2a-a14f-8c13e7dd2bbc 3d7bc793eea84b95917540d10e579190 7f7e9372c04845ada26ea9392682888b - - default default] Successfully bumped revision number for resource b6ccafa5-b460-418e-b6ba-7140986bfb94 (type: subnets) to 0
2026-07-15 00:17:24.943 9 INFO neutron.wsgi [None req-cae907d9-0e04-4742-a625-e7d4a949e4c7 7dc740803ba049049a5c932fdfc5b946 d11c707641d3498689e0c65ca03cfb3d - - default default] 10.0.0.217 "DELETE /v2.0/floatingips/edce7387-a1ff-4249-80c3-b7ec79bc97f0 HTTP/1.1" status: 204 len: 168 time: 0.4191625
2026-07-15 00:17:25.319 9 INFO neutron.wsgi [None req-50c933b8-4561-4181-8d50-a3574906b896 7dc740803ba049049a5c932fdfc5b946 d11c707641d3498689e0c65ca03cfb3d - - default default] 10.0.0.217 "DELETE /v2.0/floatingips/1cc18b17-b7ad-48bd-8c36-47b1c3fda047 HTTP/1.1" status: 204 len: 168 time: 0.3684130
2026-07-15 00:17:25.377 10 WARNING neutron.scheduler.dhcp_agent_scheduler [None req-487c7869-c88d-4f2a-a14f-8c13e7dd2bbc 3d7bc793eea84b95917540d10e579190 7f7e9372c04845ada26ea9392682888b - - default default] No more DHCP agents
2026-07-15 00:17:25.383 10 WARNING neutron.api.rpc.agentnotifiers.dhcp_rpc_agent_api [None req-487c7869-c88d-4f2a-a14f-8c13e7dd2bbc 3d7bc793eea84b95917540d10e579190 7f7e9372c04845ada26ea9392682888b - - default default] Unable to schedule network 9d32a51a-fd9e-4bcb-9468-99d68ab71770: no agents available; will retry on subsequent port and subnet creation events.
2026-07-15 00:17:25.898 10 INFO neutron.db.ovn_revision_numbers_db [None req-487c7869-c88d-4f2a-a14f-8c13e7dd2bbc 3d7bc793eea84b95917540d10e579190 7f7e9372c04845ada26ea9392682888b - - default default] Successfully bumped revision number for resource 95e921f4-0fa3-4164-9ee5-e963f853e0ae (type: ports) to 1
2026-07-15 00:17:26.228 9 WARNING neutron.plugins.ml2.drivers.ovn.mech_driver.ovsdb.ovn_client [None req-ba97e2e0-8c8a-46c9-aec5-5954db8ceda4 - - - - - -] No hosting information found for port e48fa795-8e5c-4444-b1ef-611f35d9afdd: RuntimeError: No hosting information found for port e48fa795-8e5c-4444-b1ef-611f35d9afdd
2026-07-15 00:17:26.229 9 INFO neutron.plugins.ml2.drivers.ovn.mech_driver.mech_driver [None req-ba97e2e0-8c8a-46c9-aec5-5954db8ceda4 - - - - - -] OVN reports status up for port: 8bb481bb-c8c1-40da-8089-a970942ede63
2026-07-15 00:17:26.229 10 INFO neutron.wsgi [None req-1d026fbf-894c-4098-97e0-dbb7bb96492c 7dc740803ba049049a5c932fdfc5b946 d11c707641d3498689e0c65ca03cfb3d - - default default] 10.0.0.217 "DELETE /v2.0/floatingips/c3cefcb4-b906-4ae4-81d5-f7739c8dde33 HTTP/1.1" status: 204 len: 168 time: 0.9047589
2026-07-15 00:17:26.276 9 INFO neutron.plugins.ml2.plugin [None req-ba97e2e0-8c8a-46c9-aec5-5954db8ceda4 - - - - - -] Attempt 1 to provision port 8bb481bb-c8c1-40da-8089-a970942ede63
2026-07-15 00:17:26.653 10 ERROR ovsdbapp.backend.ovs_idl.command [None req-487c7869-c88d-4f2a-a14f-8c13e7dd2bbc 3d7bc793eea84b95917540d10e579190 7f7e9372c04845ada26ea9392682888b - - default default] Error executing command (DbGetCommand): ovsdbapp.backend.ovs_idl.idlutils.RowNotFound: Cannot find Logical_Router_Port with name=lrp-95e921f4-0fa3-4164-9ee5-e963f853e0ae
2026-07-15 00:17:26.653 10 ERROR ovsdbapp.backend.ovs_idl.command
Traceback (most recent call last):
2026-07-15 00:17:26.653 10 ERROR ovsdbapp.backend.ovs_idl.command
File "/var/lib/openstack/lib/python3.10/site-packages/ovsdbapp/backend/ovs_idl/command.py", line 47, in execute
2026-07-15 00:17:26.653 10 ERROR ovsdbapp.backend.ovs_idl.command self.run_idl(None)
2026-07-15 00:17:26.653 10 ERROR ovsdbapp.backend.ovs_idl.command
File "/var/lib/openstack/lib/python3.10/site-packages/ovsdbapp/backend/ovs_idl/command.py", line 235, in run_idl
2026-07-15 00:17:26.653 10 ERROR ovsdbapp.backend.ovs_idl.command record = self.api.lookup(self.table, self.record)
2026-07-15 00:17:26.653 10 ERROR ovsdbapp.backend.ovs_idl.command
File "/var/lib/openstack/lib/python3.10/site-packages/ovsdbapp/backend/ovs_idl/__init__.py", line 184, in lookup
2026-07-15 00:17:26.653 10 ERROR ovsdbapp.backend.ovs_idl.command return self._lookup(table, record)
2026-07-15 00:17:26.653 10 ERROR ovsdbapp.backend.ovs_idl.command
File "/var/lib/openstack/lib/python3.10/site-packages/ovsdbapp/backend/ovs_idl/__init__.py", line 235, in _lookup
2026-07-15 00:17:26.653 10 ERROR ovsdbapp.backend.ovs_idl.command row = idlutils.row_by_value(self, rl.table, rl.column, record)
2026-07-15 00:17:26.653 10 ERROR ovsdbapp.backend.ovs_idl.command
File "/var/lib/openstack/lib/python3.10/site-packages/ovsdbapp/backend/ovs_idl/idlutils.py", line 114, in row_by_value
2026-07-15 00:17:26.653 10 ERROR ovsdbapp.backend.ovs_idl.command raise RowNotFound(table=table, col=column, match=match)
2026-07-15 00:17:26.653 10 ERROR ovsdbapp.backend.ovs_idl.command ovsdbapp.backend.ovs_idl.idlutils.RowNotFound: Cannot find Logical_Router_Port with name=lrp-95e921f4-0fa3-4164-9ee5-e963f853e0ae
2026-07-15 00:17:26.653 10 ERROR ovsdbapp.backend.ovs_idl.command 
2026-07-15 00:17:26.654 10 ERROR neutron_lib.callbacks.manager [None req-487c7869-c88d-4f2a-a14f-8c13e7dd2bbc 3d7bc793eea84b95917540d10e579190 7f7e9372c04845ada26ea9392682888b - - default default] Error during notification for neutron.services.ovn_l3.plugin.OVNL3RouterPlugin._port_update-8771991230173 port, after_update: ovsdbapp.backend.ovs_idl.idlutils.RowNotFound: Cannot find Logical_Router_Port with name=lrp-95e921f4-0fa3-4164-9ee5-e963f853e0ae
2026-07-15 00:17:26.654 10 ERROR neutron_lib.callbacks.manager
Traceback (most recent call last):
2026-07-15 00:17:26.654 10 ERROR neutron_lib.callbacks.manager
File "/var/lib/openstack/lib/python3.10/site-packages/neutron_lib/callbacks/manager.py", line 189, in _notify_loop
2026-07-15 00:17:26.654 10 ERROR neutron_lib.callbacks.manager callback.method(resource, event, trigger, payload=payload)
2026-07-15 00:17:26.654 10 ERROR neutron_lib.callbacks.manager
File "/var/lib/openstack/lib/python3.10/site-packages/neutron/services/ovn_l3/plugin.py", line 391, in _port_update
2026-07-15 00:17:26.654 10 ERROR neutron_lib.callbacks.manager l3plugin._ovn_client.update_router_port(context,
2026-07-15 00:17:26.654 10 ERROR neutron_lib.callbacks.manager
File "/var/lib/openstack/lib/python3.10/site-packages/neutron/plugins/ml2/drivers/ovn/mech_driver/ovsdb/ovn_client.py", line 1878, in update_router_port
2026-07-15 00:17:26.654 10 ERROR neutron_lib.callbacks.manager self._update_lrouter_port(context, port, if_exists=if_exists,
2026-07-15 00:17:26.654 10 ERROR neutron_lib.callbacks.manager
File "/var/lib/openstack/lib/python3.10/site-packages/neutron/plugins/ml2/drivers/ovn/mech_driver/ovsdb/ovn_client.py", line 1855, in _update_lrouter_port
2026-07-15 00:17:26.654 10 ERROR neutron_lib.callbacks.manager external_ids = self._nb_idl.db_get(
2026-07-15 00:17:26.654 10 ERROR neutron_lib.callbacks.manager
File "/var/lib/openstack/lib/python3.10/site-packages/ovsdbapp/backend/ovs_idl/command.py", line 47, in execute
2026-07-15 00:17:26.654 10 ERROR neutron_lib.callbacks.manager self.run_idl(None)
2026-07-15 00:17:26.654 10 ERROR neutron_lib.callbacks.manager
File "/var/lib/openstack/lib/python3.10/site-packages/ovsdbapp/backend/ovs_idl/command.py", line 235, in run_idl
2026-07-15 00:17:26.654 10 ERROR neutron_lib.callbacks.manager record = self.api.lookup(self.table, self.record)
2026-07-15 00:17:26.654 10 ERROR neutron_lib.callbacks.manager
File "/var/lib/openstack/lib/python3.10/site-packages/ovsdbapp/backend/ovs_idl/__init__.py", line 184, in lookup
2026-07-15 00:17:26.654 10 ERROR neutron_lib.callbacks.manager return self._lookup(table, record)
2026-07-15 00:17:26.654 10 ERROR neutron_lib.callbacks.manager
File "/var/lib/openstack/lib/python3.10/site-packages/ovsdbapp/backend/ovs_idl/__init__.py", line 235, in _lookup
2026-07-15 00:17:26.654 10 ERROR neutron_lib.callbacks.manager row = idlutils.row_by_value(self, rl.table, rl.column, record)
2026-07-15 00:17:26.654 10 ERROR neutron_lib.callbacks.manager
File "/var/lib/openstack/lib/python3.10/site-packages/ovsdbapp/backend/ovs_idl/idlutils.py", line 114, in row_by_value
2026-07-15 00:17:26.654 10 ERROR neutron_lib.callbacks.manager raise RowNotFound(table=table, col=column, match=match)
2026-07-15 00:17:26.654 10 ERROR neutron_lib.callbacks.manager ovsdbapp.backend.ovs_idl.idlutils.RowNotFound: Cannot find Logical_Router_Port with name=lrp-95e921f4-0fa3-4164-9ee5-e963f853e0ae
2026-07-15 00:17:26.654 10 ERROR neutron_lib.callbacks.manager 
2026-07-15 00:17:26.654 9 INFO neutron.db.ovn_revision_numbers_db [None req-ba97e2e0-8c8a-46c9-aec5-5954db8ceda4 - - - - - -] Successfully bumped revision number for resource 8bb481bb-c8c1-40da-8089-a970942ede63 (type: ports) to 3
2026-07-15 00:17:26.802 9 INFO neutron.wsgi [None req-fc66bc26-7595-4916-a09a-fc9c1be7e08b 7dc740803ba049049a5c932fdfc5b946 d11c707641d3498689e0c65ca03cfb3d - - default default] 10.0.0.217 "DELETE /v2.0/floatingips/74785f80-b2fe-404b-a904-5c78806729b0 HTTP/1.1" status: 204 len: 168 time: 0.5634878
2026-07-15 00:17:26.811 9 INFO neutron.plugins.ml2.drivers.ovn.mech_driver.mech_driver [None req-ba97e2e0-8c8a-46c9-aec5-5954db8ceda4 - - - - - -] OVN reports status up for port: ea91b607-6572-4e33-995c-5455e1100cca
2026-07-15 00:17:26.821 9 INFO neutron.plugins.ml2.plugin [None req-ba97e2e0-8c8a-46c9-aec5-5954db8ceda4 - - - - - -] Attempt 1 to provision port ea91b607-6572-4e33-995c-5455e1100cca
2026-07-15 00:17:26.913 10 INFO neutron.plugins.ml2.drivers.ovn.mech_driver.mech_driver [None req-54af771d-6cd2-404c-b450-159907c9d9b0 - - - - - -] OVN reports status up for port: 95e921f4-0fa3-4164-9ee5-e963f853e0ae
2026-07-15 00:17:26.935 10 INFO neutron.plugins.ml2.plugin [None req-54af771d-6cd2-404c-b450-159907c9d9b0 - - - - - -] Attempt 1 to provision port 95e921f4-0fa3-4164-9ee5-e963f853e0ae
2026-07-15 00:17:26.959 10 INFO neutron.db.ovn_revision_numbers_db [None req-487c7869-c88d-4f2a-a14f-8c13e7dd2bbc 3d7bc793eea84b95917540d10e579190 7f7e9372c04845ada26ea9392682888b - - default default] Successfully bumped revision number for resource 95e921f4-0fa3-4164-9ee5-e963f853e0ae (type: ports) to 1
2026-07-15 00:17:27.079 10 WARNING neutron.scheduler.dhcp_agent_scheduler [None req-487c7869-c88d-4f2a-a14f-8c13e7dd2bbc 3d7bc793eea84b95917540d10e579190 7f7e9372c04845ada26ea9392682888b - - default default] No more DHCP agents
2026-07-15 00:17:27.081 10 WARNING neutron.api.rpc.agentnotifiers.dhcp_rpc_agent_api [None req-487c7869-c88d-4f2a-a14f-8c13e7dd2bbc 3d7bc793eea84b95917540d10e579190 7f7e9372c04845ada26ea9392682888b - - default default] Unable to schedule network 9d32a51a-fd9e-4bcb-9468-99d68ab71770: no agents available; will retry on subsequent port and subnet creation events.
2026-07-15 00:17:27.635 9 INFO neutron.db.ovn_revision_numbers_db [None req-ba97e2e0-8c8a-46c9-aec5-5954db8ceda4 - - - - - -] Successfully bumped revision number for resource ea91b607-6572-4e33-995c-5455e1100cca (type: ports) to 2
2026-07-15 00:17:27.713 10 INFO neutron.db.ovn_revision_numbers_db [None req-54af771d-6cd2-404c-b450-159907c9d9b0 - - - - - -] Successfully bumped revision number for resource 95e921f4-0fa3-4164-9ee5-e963f853e0ae (type: ports) to 2
2026-07-15 00:17:27.802 9 INFO neutron.db.ovn_revision_numbers_db [None req-ba97e2e0-8c8a-46c9-aec5-5954db8ceda4 - - - - - -] Successfully bumped revision number for resource ea91b607-6572-4e33-995c-5455e1100cca (type: router_ports) to 2
2026-07-15 00:17:28.157 10 ERROR ovsdbapp.backend.ovs_idl.command [None req-54af771d-6cd2-404c-b450-159907c9d9b0 - - - - - -] Error executing command (DbGetCommand): ovsdbapp.backend.ovs_idl.idlutils.RowNotFound: Cannot find Logical_Router_Port with name=lrp-95e921f4-0fa3-4164-9ee5-e963f853e0ae
2026-07-15 00:17:28.157 10 ERROR ovsdbapp.backend.ovs_idl.command
Traceback (most recent call last):
2026-07-15 00:17:28.157 10 ERROR ovsdbapp.backend.ovs_idl.command
File "/var/lib/openstack/lib/python3.10/site-packages/ovsdbapp/backend/ovs_idl/command.py", line 47, in execute
2026-07-15 00:17:28.157 10 ERROR ovsdbapp.backend.ovs_idl.command self.run_idl(None)
2026-07-15 00:17:28.157 10 ERROR ovsdbapp.backend.ovs_idl.command
File "/var/lib/openstack/lib/python3.10/site-packages/ovsdbapp/backend/ovs_idl/command.py", line 235, in run_idl
2026-07-15 00:17:28.157 10 ERROR ovsdbapp.backend.ovs_idl.command record = self.api.lookup(self.table, self.record)
2026-07-15 00:17:28.157 10 ERROR ovsdbapp.backend.ovs_idl.command
File "/var/lib/openstack/lib/python3.10/site-packages/ovsdbapp/backend/ovs_idl/__init__.py", line 184, in lookup
2026-07-15 00:17:28.157 10 ERROR ovsdbapp.backend.ovs_idl.command return self._lookup(table, record)
2026-07-15 00:17:28.157 10 ERROR ovsdbapp.backend.ovs_idl.command
File "/var/lib/openstack/lib/python3.10/site-packages/ovsdbapp/backend/ovs_idl/__init__.py", line 235, in _lookup
2026-07-15 00:17:28.157 10 ERROR ovsdbapp.backend.ovs_idl.command row = idlutils.row_by_value(self, rl.table, rl.column, record)
2026-07-15 00:17:28.157 10 ERROR ovsdbapp.backend.ovs_idl.command
File "/var/lib/openstack/lib/python3.10/site-packages/ovsdbapp/backend/ovs_idl/idlutils.py", line 114, in row_by_value
2026-07-15 00:17:28.157 10 ERROR ovsdbapp.backend.ovs_idl.command raise RowNotFound(table=table, col=column, match=match)
2026-07-15 00:17:28.157 10 ERROR ovsdbapp.backend.ovs_idl.command ovsdbapp.backend.ovs_idl.idlutils.RowNotFound: Cannot find Logical_Router_Port with name=lrp-95e921f4-0fa3-4164-9ee5-e963f853e0ae
2026-07-15 00:17:28.157 10 ERROR ovsdbapp.backend.ovs_idl.command 
2026-07-15 00:17:28.158 10 ERROR neutron_lib.callbacks.manager [None req-54af771d-6cd2-404c-b450-159907c9d9b0 - - - - - -] Error during notification for neutron.services.ovn_l3.plugin.OVNL3RouterPlugin._port_update-8771991230173 port, after_update: ovsdbapp.backend.ovs_idl.idlutils.RowNotFound: Cannot find Logical_Router_Port with name=lrp-95e921f4-0fa3-4164-9ee5-e963f853e0ae
2026-07-15 00:17:28.158 10 ERROR neutron_lib.callbacks.manager
Traceback (most recent call last):
2026-07-15 00:17:28.158 10 ERROR neutron_lib.callbacks.manager
File "/var/lib/openstack/lib/python3.10/site-packages/neutron_lib/callbacks/manager.py", line 189, in _notify_loop
2026-07-15 00:17:28.158 10 ERROR neutron_lib.callbacks.manager callback.method(resource, event, trigger, payload=payload)
2026-07-15 00:17:28.158 10 ERROR neutron_lib.callbacks.manager
File "/var/lib/openstack/lib/python3.10/site-packages/neutron/services/ovn_l3/plugin.py", line 391, in _port_update
2026-07-15 00:17:28.158 10 ERROR neutron_lib.callbacks.manager l3plugin._ovn_client.update_router_port(context,
2026-07-15 00:17:28.158 10 ERROR neutron_lib.callbacks.manager
File "/var/lib/openstack/lib/python3.10/site-packages/neutron/plugins/ml2/drivers/ovn/mech_driver/ovsdb/ovn_client.py", line 1878, in update_router_port
2026-07-15 00:17:28.158 10 ERROR neutron_lib.callbacks.manager self._update_lrouter_port(context, port, if_exists=if_exists,
2026-07-15 00:17:28.158 10 ERROR neutron_lib.callbacks.manager
File "/var/lib/openstack/lib/python3.10/site-packages/neutron/plugins/ml2/drivers/ovn/mech_driver/ovsdb/ovn_client.py", line 1855, in _update_lrouter_port
2026-07-15 00:17:28.158 10 ERROR neutron_lib.callbacks.manager external_ids = self._nb_idl.db_get(
2026-07-15 00:17:28.158 10 ERROR neutron_lib.callbacks.manager
File "/var/lib/openstack/lib/python3.10/site-packages/ovsdbapp/backend/ovs_idl/command.py", line 47, in execute
2026-07-15 00:17:28.158 10 ERROR neutron_lib.callbacks.manager self.run_idl(None)
2026-07-15 00:17:28.158 10 ERROR neutron_lib.callbacks.manager
File "/var/lib/openstack/lib/python3.10/site-packages/ovsdbapp/backend/ovs_idl/command.py", line 235, in run_idl
2026-07-15 00:17:28.158 10 ERROR neutron_lib.callbacks.manager record = self.api.lookup(self.table, self.record)
2026-07-15 00:17:28.158 10 ERROR neutron_lib.callbacks.manager
File "/var/lib/openstack/lib/python3.10/site-packages/ovsdbapp/backend/ovs_idl/__init__.py", line 184, in lookup
2026-07-15 00:17:28.158 10 ERROR neutron_lib.callbacks.manager return self._lookup(table, record)
2026-07-15 00:17:28.158 10 ERROR neutron_lib.callbacks.manager
File "/var/lib/openstack/lib/python3.10/site-packages/ovsdbapp/backend/ovs_idl/__init__.py", line 235, in _lookup
2026-07-15 00:17:28.158 10 ERROR neutron_lib.callbacks.manager row = idlutils.row_by_value(self, rl.table, rl.column, record)
2026-07-15 00:17:28.158 10 ERROR neutron_lib.callbacks.manager
File "/var/lib/openstack/lib/python3.10/site-packages/ovsdbapp/backend/ovs_idl/idlutils.py", line 114, in row_by_value
2026-07-15 00:17:28.158 10 ERROR neutron_lib.callbacks.manager raise RowNotFound(table=table, col=column, match=match)
2026-07-15 00:17:28.158 10 ERROR neutron_lib.callbacks.manager ovsdbapp.backend.ovs_idl.idlutils.RowNotFound: Cannot find Logical_Router_Port with name=lrp-95e921f4-0fa3-4164-9ee5-e963f853e0ae
2026-07-15 00:17:28.158 10 ERROR neutron_lib.callbacks.manager 
2026-07-15 00:17:28.269 10 INFO neutron.db.ovn_revision_numbers_db [None req-d7735d03-4adc-4254-9d92-16e3de375297 851b7c2d5e414e4295867e176e51c3f5 d37282b52f0c42eeb9a5de6b4a37b929 - - default default] Successfully bumped revision number for resource a7f19131-645b-41f9-b364-3f51376cf53b (type: security_groups) to 1
2026-07-15 00:17:28.292 10 INFO neutron.db.ovn_revision_numbers_db [None req-d7735d03-4adc-4254-9d92-16e3de375297 851b7c2d5e414e4295867e176e51c3f5 d37282b52f0c42eeb9a5de6b4a37b929 - - default default] Successfully bumped revision number for resource 416ef2b9-1006-42f5-bf6f-bf8e50d5f9d3 (type: security_group_rules) to 0
2026-07-15 00:17:28.316 10 INFO neutron.db.ovn_revision_numbers_db [None req-d7735d03-4adc-4254-9d92-16e3de375297 851b7c2d5e414e4295867e176e51c3f5 d37282b52f0c42eeb9a5de6b4a37b929 - - default default] Successfully bumped revision number for resource 73ce5363-c01f-4a40-854e-57cabc615aec (type: security_group_rules) to 0
2026-07-15 00:17:28.342 10 INFO neutron.db.ovn_revision_numbers_db [None req-d7735d03-4adc-4254-9d92-16e3de375297 851b7c2d5e414e4295867e176e51c3f5 d37282b52f0c42eeb9a5de6b4a37b929 - - default default] Successfully bumped revision number for resource b9b7d8d8-7f26-4b02-afae-5936b2a616d7 (type: security_group_rules) to 0
2026-07-15 00:17:28.354 10 INFO neutron.db.ovn_revision_numbers_db [None req-487c7869-c88d-4f2a-a14f-8c13e7dd2bbc 3d7bc793eea84b95917540d10e579190 7f7e9372c04845ada26ea9392682888b - - default default] Successfully bumped revision number for resource 95e921f4-0fa3-4164-9ee5-e963f853e0ae (type: router_ports) to 1
2026-07-15 00:17:28.359 10 INFO neutron.db.ovn_revision_numbers_db [None req-d7735d03-4adc-4254-9d92-16e3de375297 851b7c2d5e414e4295867e176e51c3f5 d37282b52f0c42eeb9a5de6b4a37b929 - - default default] Successfully bumped revision number for resource d87f8f7d-e525-4830-a6bf-6baddabcca03 (type: security_group_rules) to 0
2026-07-15 00:17:28.409 10 INFO neutron.wsgi [None req-d7735d03-4adc-4254-9d92-16e3de375297 851b7c2d5e414e4295867e176e51c3f5 d37282b52f0c42eeb9a5de6b4a37b929 - - default default] 10.0.0.217 "GET /v2.0/security-groups?tenant_id=6d1ab7bb09b3402b85cad61106cef138&name=default HTTP/1.1" status: 200 len: 3124 time: 0.7048891
2026-07-15 00:17:28.594 10 WARNING neutron.scheduler.dhcp_agent_scheduler [None req-2312f284-2604-4a1e-a873-fbb9c340e274 - - - - - -] No more DHCP agents
2026-07-15 00:17:28.597 10 WARNING neutron.api.rpc.agentnotifiers.dhcp_rpc_agent_api [None req-2312f284-2604-4a1e-a873-fbb9c340e274 - - - - - -] Unable to schedule network 9d32a51a-fd9e-4bcb-9468-99d68ab71770: no agents available; will retry on subsequent port and subnet creation events.
2026-07-15 00:17:28.634 9 INFO neutron.wsgi [None req-a05e8ea5-65cd-466f-8909-43ed75e36431 851b7c2d5e414e4295867e176e51c3f5 d37282b52f0c42eeb9a5de6b4a37b929 - - default default] 10.0.0.217 "DELETE /v2.0/security-groups/a7f19131-645b-41f9-b364-3f51376cf53b HTTP/1.1" status: 204 len: 168 time: 0.2198670
2026-07-15 00:17:28.761 10 INFO neutron.db.ovn_revision_numbers_db [None req-2312f284-2604-4a1e-a873-fbb9c340e274 - - - - - -] Successfully bumped revision number for resource 72b73d85-9fd4-4aac-ae37-a5567cccaaf9 (type: ports) to 1
2026-07-15 00:17:28.870 9 INFO neutron.db.ovn_revision_numbers_db [None req-06fb77d2-9d7e-442d-aafd-d6c4635d023b 851b7c2d5e414e4295867e176e51c3f5 d37282b52f0c42eeb9a5de6b4a37b929 - - default default] Successfully bumped revision number for resource 963e618a-4f10-4113-bb32-f25907ed449f (type: security_groups) to 1
2026-07-15 00:17:28.883 9 INFO neutron.db.ovn_revision_numbers_db [None req-06fb77d2-9d7e-442d-aafd-d6c4635d023b 851b7c2d5e414e4295867e176e51c3f5 d37282b52f0c42eeb9a5de6b4a37b929 - - default default] Successfully bumped revision number for resource 12a7b094-4e34-4cf7-8b01-6e5cce5f457f (type: security_group_rules) to 0
2026-07-15 00:17:28.897 9 INFO neutron.db.ovn_revision_numbers_db [None req-06fb77d2-9d7e-442d-aafd-d6c4635d023b 851b7c2d5e414e4295867e176e51c3f5 d37282b52f0c42eeb9a5de6b4a37b929 - - default default] Successfully bumped revision number for resource 8f79a5e3-f975-4cd5-ab26-130815467356 (type: security_group_rules) to 0
2026-07-15 00:17:28.911 9 INFO neutron.db.ovn_revision_numbers_db [None req-06fb77d2-9d7e-442d-aafd-d6c4635d023b 851b7c2d5e414e4295867e176e51c3f5 d37282b52f0c42eeb9a5de6b4a37b929 - - default default] Successfully bumped revision number for resource ebd4367d-23ed-48bc-9ff0-3acfc3d5d1f4 (type: security_group_rules) to 0
2026-07-15 00:17:28.924 9 INFO neutron.db.ovn_revision_numbers_db [None req-06fb77d2-9d7e-442d-aafd-d6c4635d023b 851b7c2d5e414e4295867e176e51c3f5 d37282b52f0c42eeb9a5de6b4a37b929 - - default default] Successfully bumped revision number for resource f35901ca-35ce-4edb-870b-01f96e35645f (type: security_group_rules) to 0
2026-07-15 00:17:28.945 9 INFO neutron.wsgi [None req-06fb77d2-9d7e-442d-aafd-d6c4635d023b 851b7c2d5e414e4295867e176e51c3f5 d37282b52f0c42eeb9a5de6b4a37b929 - - default default] 10.0.0.217 "GET /v2.0/security-groups?tenant_id=9888b9fc3f394c26aac378e17a7c08e4&name=default HTTP/1.1" status: 200 len: 3124 time: 0.2050581
2026-07-15 00:17:29.008 10 INFO neutron.db.ovn_revision_numbers_db [None req-2312f284-2604-4a1e-a873-fbb9c340e274 - - - - - -] Successfully bumped revision number for resource 72b73d85-9fd4-4aac-ae37-a5567cccaaf9 (type: ports) to 1
