2026-07-15 00:13:28.624 10 INFO neutron.db.ovn_revision_numbers_db [None req-e362ab8c-53b0-43df-83dd-ac38a385370a 851b7c2d5e414e4295867e176e51c3f5 d37282b52f0c42eeb9a5de6b4a37b929 - - default default] Successfully bumped revision number for resource 7d12d9b4-5b14-4223-8789-a16cef85bd19 (type: ports) to 1
2026-07-15 00:13:28.648 10 INFO neutron.wsgi [None req-e362ab8c-53b0-43df-83dd-ac38a385370a 851b7c2d5e414e4295867e176e51c3f5 d37282b52f0c42eeb9a5de6b4a37b929 - - default default] 10.0.0.217 "POST /v2.0/networks HTTP/1.1" status: 201 len: 946 time: 1.1925967 /var/lib/openstack/lib/python3.10/site-packages/pycadf/identifier.py:71: UserWarning: Invalid uuid: neutron. To ensure interoperability, identifiers should be a valid uuid. warnings.warn(('Invalid uuid: %s. To ensure interoperability, '
2026-07-15 00:13:28.852 10 WARNING neutron.scheduler.dhcp_agent_scheduler [None req-ea6af3c7-e256-4c41-99b5-fa8608e8353d 851b7c2d5e414e4295867e176e51c3f5 d37282b52f0c42eeb9a5de6b4a37b929 - - default default] No more DHCP agents
2026-07-15 00:13:28.854 10 WARNING neutron.api.rpc.agentnotifiers.dhcp_rpc_agent_api [None req-ea6af3c7-e256-4c41-99b5-fa8608e8353d 851b7c2d5e414e4295867e176e51c3f5 d37282b52f0c42eeb9a5de6b4a37b929 - - default default] Unable to schedule network 1705389e-5ea9-4cdb-baa3-6d71077ea96d: no agents available; will retry on subsequent port and subnet creation events.
2026-07-15 00:13:28.887 9 WARNING neutron.scheduler.dhcp_agent_scheduler [None req-1bb29c99-18b0-4a14-bdd4-710d8e1709f5 d4706619257a42be817bfed9c6e4a082 55faacfab5324da2a2e97b5d67e60830 - - default default] No more DHCP agents
2026-07-15 00:13:28.892 9 WARNING neutron.api.rpc.agentnotifiers.dhcp_rpc_agent_api [None req-1bb29c99-18b0-4a14-bdd4-710d8e1709f5 d4706619257a42be817bfed9c6e4a082 55faacfab5324da2a2e97b5d67e60830 - - default default] Unable to schedule network d6e6275d-6e02-4313-9622-4da6a00d4280: no agents available; will retry on subsequent port and subnet creation events.
2026-07-15 00:13:28.942 9 INFO neutron.db.ovn_revision_numbers_db [None req-1bb29c99-18b0-4a14-bdd4-710d8e1709f5 d4706619257a42be817bfed9c6e4a082 55faacfab5324da2a2e97b5d67e60830 - - default default] Successfully bumped revision number for resource d5ffe014-6041-4d47-a8b6-2d401604552b (type: subnets) to 0
2026-07-15 00:13:28.964 9 INFO neutron.wsgi [None req-1bb29c99-18b0-4a14-bdd4-710d8e1709f5 d4706619257a42be817bfed9c6e4a082 55faacfab5324da2a2e97b5d67e60830 - - default default] 10.0.0.217 "POST /v2.0/subnets HTTP/1.1" status: 201 len: 848 time: 0.4924765
2026-07-15 00:13:28.978 10 WARNING neutron_lib.context [None req-f68e1249-267d-42b4-91dc-78bb82d43983 d4706619257a42be817bfed9c6e4a082 55faacfab5324da2a2e97b5d67e60830 - - default default] Method 'is_advsvc' is deprecated since 2023.2 release (neutron-lib 3.8.0) and will be removed once support for the old RBAC API policies will be removed from Neutron. Please use method 'is_service_role' instead.
2026-07-15 00:13:29.027 9 INFO neutron.wsgi [None req-01aa2ddc-fa70-4c6b-acea-eba812116fcc 870b3e20d9334e5fb431bb7135f9659d 701bde2285124bd6b40d7d229b5a2975 - - default default] 10.0.0.217 "DELETE /v2.0/ports/2e1e5651-1987-42e8-b0d4-b562ad1ebe92 HTTP/1.1" status: 204 len: 168 time: 0.4936736
2026-07-15 00:13:29.051 9 INFO neutron.pecan_wsgi.hooks.translation [None req-6a9298d4-b83f-4d07-a28a-72f440d1662c 870b3e20d9334e5fb431bb7135f9659d 701bde2285124bd6b40d7d229b5a2975 - - default default] DELETE failed (client error): The resource could not be found.
2026-07-15 00:13:29.054 9 INFO neutron.wsgi [None req-6a9298d4-b83f-4d07-a28a-72f440d1662c 870b3e20d9334e5fb431bb7135f9659d 701bde2285124bd6b40d7d229b5a2975 - - default default] 10.0.0.217 "DELETE /v2.0/ports/2e1e5651-1987-42e8-b0d4-b562ad1ebe92 HTTP/1.1" status: 404 len: 333 time: 0.0216007
2026-07-15 00:13:29.076 9 INFO neutron.pecan_wsgi.hooks.translation [None req-33c7e01d-9afa-4e4f-b28f-df69f1495e6e 870b3e20d9334e5fb431bb7135f9659d 701bde2285124bd6b40d7d229b5a2975 - - default default] GET failed (client error): The resource could not be found.
2026-07-15 00:13:29.078 9 INFO neutron.wsgi [None req-33c7e01d-9afa-4e4f-b28f-df69f1495e6e 870b3e20d9334e5fb431bb7135f9659d 701bde2285124bd6b40d7d229b5a2975 - - default default] 10.0.0.217 "GET /v2.0/ports/2e1e5651-1987-42e8-b0d4-b562ad1ebe92 HTTP/1.1" status: 404 len: 333 time: 0.0192444
2026-07-15 00:13:29.103 10 INFO neutron.db.segments_db [None req-f68e1249-267d-42b4-91dc-78bb82d43983 d4706619257a42be817bfed9c6e4a082 55faacfab5324da2a2e97b5d67e60830 - - default default] Added segment 6815c7c0-26c3-4909-a313-fc90c533a613 of type geneve for network 2dcac27e-38e0-4d94-8e2f-54eaf6fd0fec
2026-07-15 00:13:29.291 9 INFO neutron.wsgi [None req-72db6922-98e1-4db8-a8cc-743ffd9d4bcb 870b3e20d9334e5fb431bb7135f9659d 701bde2285124bd6b40d7d229b5a2975 - - default default] 10.0.0.217 "DELETE /v2.0/subnets/a35a7c19-7e5a-4b8f-913b-b8c9ea578358 HTTP/1.1" status: 204 len: 168 time: 0.2089880
2026-07-15 00:13:29.348 10 INFO neutron.db.ovn_revision_numbers_db [None req-f68e1249-267d-42b4-91dc-78bb82d43983 d4706619257a42be817bfed9c6e4a082 55faacfab5324da2a2e97b5d67e60830 - - default default] Successfully bumped revision number for resource 2dcac27e-38e0-4d94-8e2f-54eaf6fd0fec (type: networks) to 1
2026-07-15 00:13:29.503 10 INFO neutron.wsgi [-] 10.0.0.102 "GET / HTTP/1.1" status: 200 len: 246 time: 0.0024178
2026-07-15 00:13:29.506 10 INFO neutron.wsgi [-] 10.0.0.102 "GET / HTTP/1.1" status: 200 len: 246 time: 0.0015128
2026-07-15 00:13:29.657 10 WARNING neutron.scheduler.dhcp_agent_scheduler [None req-f68e1249-267d-42b4-91dc-78bb82d43983 d4706619257a42be817bfed9c6e4a082 55faacfab5324da2a2e97b5d67e60830 - - default default] No more DHCP agents
2026-07-15 00:13:29.663 10 WARNING neutron.api.rpc.agentnotifiers.dhcp_rpc_agent_api [None req-f68e1249-267d-42b4-91dc-78bb82d43983 d4706619257a42be817bfed9c6e4a082 55faacfab5324da2a2e97b5d67e60830 - - default default] Unable to schedule network 2dcac27e-38e0-4d94-8e2f-54eaf6fd0fec: no agents available; will retry on subsequent port and subnet creation events.
2026-07-15 00:13:29.676 10 INFO neutron.db.ovn_revision_numbers_db [None req-ea6af3c7-e256-4c41-99b5-fa8608e8353d 851b7c2d5e414e4295867e176e51c3f5 d37282b52f0c42eeb9a5de6b4a37b929 - - default default] Successfully bumped revision number for resource 7d12d9b4-5b14-4223-8789-a16cef85bd19 (type: ports) to 2
2026-07-15 00:13:29.728 10 INFO neutron.db.ovn_revision_numbers_db [None req-ea6af3c7-e256-4c41-99b5-fa8608e8353d 851b7c2d5e414e4295867e176e51c3f5 d37282b52f0c42eeb9a5de6b4a37b929 - - default default] Successfully bumped revision number for resource c33b4563-2e14-48b3-8dee-8acf38d598e7 (type: subnets) to 0
2026-07-15 00:13:29.732 9 INFO neutron.services.segments.plugin [-] Segment a38ec0d5-0d20-4303-ba04-7aa45529875f resource provider aggregate not found
2026-07-15 00:13:29.748 9 INFO neutron.services.segments.plugin [-] Segment a38ec0d5-0d20-4303-ba04-7aa45529875f resource provider aggregate not found
2026-07-15 00:13:29.762 9 INFO neutron.services.segments.plugin [-] Segment a38ec0d5-0d20-4303-ba04-7aa45529875f resource provider not found; error: Placement Client Error (4xx): {"errors": [{"status": 404, "title": "Not Found", "detail": "The resource could not be found.\n\n No resource provider with uuid a38ec0d5-0d20-4303-ba04-7aa45529875f found for delete ", "request_id": "req-91d5de6d-89aa-4698-b85a-ea80740877dd"}]}
2026-07-15 00:13:29.765 10 INFO neutron.wsgi [None req-ea6af3c7-e256-4c41-99b5-fa8608e8353d 851b7c2d5e414e4295867e176e51c3f5 d37282b52f0c42eeb9a5de6b4a37b929 - - default default] 10.0.0.217 "POST /v2.0/subnets HTTP/1.1" status: 201 len: 866 time: 1.1124132
2026-07-15 00:13:29.767 9 INFO neutron.services.segments.plugin [-] Segment a38ec0d5-0d20-4303-ba04-7aa45529875f resource provider not found; error: Placement Client Error (4xx): {"errors": [{"status": 404, "title": "Not Found", "detail": "The resource could not be found.\n\n No resource provider with uuid a38ec0d5-0d20-4303-ba04-7aa45529875f found for delete ", "request_id": "req-af0b5f55-c632-4718-92e1-031f18cb932c"}]}
2026-07-15 00:13:29.798 10 INFO neutron.db.ovn_revision_numbers_db [None req-f68e1249-267d-42b4-91dc-78bb82d43983 d4706619257a42be817bfed9c6e4a082 55faacfab5324da2a2e97b5d67e60830 - - default default] Successfully bumped revision number for resource 34c5c750-af53-47df-9de4-d97e67312a0a (type: ports) to 1
2026-07-15 00:13:29.805 9 INFO neutron.wsgi [None req-7e74654d-718b-48ec-847d-a899da8a35dc 870b3e20d9334e5fb431bb7135f9659d 701bde2285124bd6b40d7d229b5a2975 - - default default] 10.0.0.217 "DELETE /v2.0/networks/27a750a7-7eb1-4d89-ae69-276cef7d4dea HTTP/1.1" status: 204 len: 168 time: 0.5071533
2026-07-15 00:13:29.814 9 WARNING neutron_lib.context [None req-993cbe4e-9b8b-4c7c-887e-9a3cd55a9b71 870b3e20d9334e5fb431bb7135f9659d 701bde2285124bd6b40d7d229b5a2975 - - default default] Method 'is_advsvc' is deprecated since 2023.2 release (neutron-lib 3.8.0) and will be removed once support for the old RBAC API policies will be removed from Neutron. Please use method 'is_service_role' instead.
2026-07-15 00:13:29.834 10 INFO neutron.wsgi [None req-f68e1249-267d-42b4-91dc-78bb82d43983 d4706619257a42be817bfed9c6e4a082 55faacfab5324da2a2e97b5d67e60830 - - default default] 10.0.0.217 "POST /v2.0/networks HTTP/1.1" status: 201 len: 846 time: 0.8608232
2026-07-15 00:13:29.949 9 INFO neutron.db.segments_db [None req-993cbe4e-9b8b-4c7c-887e-9a3cd55a9b71 870b3e20d9334e5fb431bb7135f9659d 701bde2285124bd6b40d7d229b5a2975 - - default default] Added segment 3fe05745-72bb-4413-b7fc-8b1aeb1e8d0e of type geneve for network e95ce6c7-8d34-4c4a-8086-3c8fcdc9e187
2026-07-15 00:13:30.037 10 INFO neutron.db.ovn_revision_numbers_db [None req-e215eefe-83a0-4fe5-a527-cfa4ef6676c2 d4706619257a42be817bfed9c6e4a082 55faacfab5324da2a2e97b5d67e60830 - - default default] Successfully bumped revision number for resource 2dcac27e-38e0-4d94-8e2f-54eaf6fd0fec (type: networks) to 2
2026-07-15 00:13:30.043 10 INFO neutron.wsgi [None req-e215eefe-83a0-4fe5-a527-cfa4ef6676c2 d4706619257a42be817bfed9c6e4a082 55faacfab5324da2a2e97b5d67e60830 - - default default] 10.0.0.217 "PUT /v2.0/networks/2dcac27e-38e0-4d94-8e2f-54eaf6fd0fec HTTP/1.1" status: 200 len: 792 time: 0.2031989
2026-07-15 00:13:30.054 10 WARNING neutron_lib.context [None req-6da526da-5dbe-49ec-8a63-cd17f48a3510 d4706619257a42be817bfed9c6e4a082 55faacfab5324da2a2e97b5d67e60830 - - default default] Method 'is_advsvc' is deprecated since 2023.2 release (neutron-lib 3.8.0) and will be removed once support for the old RBAC API policies will be removed from Neutron. Please use method 'is_service_role' instead.
2026-07-15 00:13:30.211 9 INFO neutron.db.ovn_revision_numbers_db [None req-993cbe4e-9b8b-4c7c-887e-9a3cd55a9b71 870b3e20d9334e5fb431bb7135f9659d 701bde2285124bd6b40d7d229b5a2975 - - default default] Successfully bumped revision number for resource e95ce6c7-8d34-4c4a-8086-3c8fcdc9e187 (type: networks) to 1
2026-07-15 00:13:30.231 9 INFO neutron.db.ovn_revision_numbers_db [None req-4f77b6fb-1117-4f9e-8afc-36519b950178 851b7c2d5e414e4295867e176e51c3f5 d37282b52f0c42eeb9a5de6b4a37b929 - - default default] Successfully bumped revision number for resource f2faf4ff-6874-4367-a204-db3f404524ea (type: security_groups) to 1
2026-07-15 00:13:30.263 9 INFO neutron.db.ovn_revision_numbers_db [None req-4f77b6fb-1117-4f9e-8afc-36519b950178 851b7c2d5e414e4295867e176e51c3f5 d37282b52f0c42eeb9a5de6b4a37b929 - - default default] Successfully bumped revision number for resource 2633ba09-7ec6-4862-9e1d-a15d2e15ce91 (type: security_group_rules) to 0
2026-07-15 00:13:30.293 10 WARNING neutron.scheduler.dhcp_agent_scheduler [None req-6da526da-5dbe-49ec-8a63-cd17f48a3510 d4706619257a42be817bfed9c6e4a082 55faacfab5324da2a2e97b5d67e60830 - - default default] No more DHCP agents
2026-07-15 00:13:30.297 10 WARNING neutron.api.rpc.agentnotifiers.dhcp_rpc_agent_api [None req-6da526da-5dbe-49ec-8a63-cd17f48a3510 d4706619257a42be817bfed9c6e4a082 55faacfab5324da2a2e97b5d67e60830 - - default default] Unable to schedule network 2dcac27e-38e0-4d94-8e2f-54eaf6fd0fec: no agents available; will retry on subsequent port and subnet creation events.
2026-07-15 00:13:30.298 9 INFO neutron.db.ovn_revision_numbers_db [None req-4f77b6fb-1117-4f9e-8afc-36519b950178 851b7c2d5e414e4295867e176e51c3f5 d37282b52f0c42eeb9a5de6b4a37b929 - - default default] Successfully bumped revision number for resource 9064f421-ecd2-43bf-8a8c-2d28eadc5a90 (type: security_group_rules) to 0
2026-07-15 00:13:30.328 10 INFO neutron.db.ovn_revision_numbers_db [None req-6da526da-5dbe-49ec-8a63-cd17f48a3510 d4706619257a42be817bfed9c6e4a082 55faacfab5324da2a2e97b5d67e60830 - - default default] Successfully bumped revision number for resource 12b6c2f6-f629-4e61-9e39-2b58a18c19c2 (type: subnets) to 0
2026-07-15 00:13:30.339 9 INFO neutron.db.ovn_revision_numbers_db [None req-4f77b6fb-1117-4f9e-8afc-36519b950178 851b7c2d5e414e4295867e176e51c3f5 d37282b52f0c42eeb9a5de6b4a37b929 - - default default] Successfully bumped revision number for resource ee177e82-7a66-4a39-9b57-f89182f51ca9 (type: security_group_rules) to 0
2026-07-15 00:13:30.348 10 INFO neutron.wsgi [None req-6da526da-5dbe-49ec-8a63-cd17f48a3510 d4706619257a42be817bfed9c6e4a082 55faacfab5324da2a2e97b5d67e60830 - - default default] 10.0.0.217 "POST /v2.0/subnets HTTP/1.1" status: 201 len: 821 time: 0.2998710
2026-07-15 00:13:30.404 9 INFO neutron.db.ovn_revision_numbers_db [None req-4f77b6fb-1117-4f9e-8afc-36519b950178 851b7c2d5e414e4295867e176e51c3f5 d37282b52f0c42eeb9a5de6b4a37b929 - - default default] Successfully bumped revision number for resource f4e6fc06-5288-47fb-93e0-36ac5d1b18fd (type: security_group_rules) to 0
2026-07-15 00:13:30.438 9 INFO neutron.wsgi [None req-4f77b6fb-1117-4f9e-8afc-36519b950178 851b7c2d5e414e4295867e176e51c3f5 d37282b52f0c42eeb9a5de6b4a37b929 - - default default] 10.0.0.217 "GET /v2.0/security-groups?tenant_id=3d2ba2db6a8c4f4f802454e1bdef185e&name=default HTTP/1.1" status: 200 len: 3120 time: 0.6746376
2026-07-15 00:13:30.514 9 WARNING neutron.scheduler.dhcp_agent_scheduler [None req-993cbe4e-9b8b-4c7c-887e-9a3cd55a9b71 870b3e20d9334e5fb431bb7135f9659d 701bde2285124bd6b40d7d229b5a2975 - - default default] No more DHCP agents
2026-07-15 00:13:30.529 9 WARNING neutron.api.rpc.agentnotifiers.dhcp_rpc_agent_api [None req-993cbe4e-9b8b-4c7c-887e-9a3cd55a9b71 870b3e20d9334e5fb431bb7135f9659d 701bde2285124bd6b40d7d229b5a2975 - - default default] Unable to schedule network e95ce6c7-8d34-4c4a-8086-3c8fcdc9e187: no agents available; will retry on subsequent port and subnet creation events.
2026-07-15 00:13:30.582 9 WARNING neutron.scheduler.dhcp_agent_scheduler [None req-566ab626-dc3a-4e95-ae53-8c2283f36d2b 851b7c2d5e414e4295867e176e51c3f5 d37282b52f0c42eeb9a5de6b4a37b929 - - default default] No more DHCP agents
2026-07-15 00:13:30.588 9 WARNING neutron.api.rpc.agentnotifiers.dhcp_rpc_agent_api [None req-566ab626-dc3a-4e95-ae53-8c2283f36d2b 851b7c2d5e414e4295867e176e51c3f5 d37282b52f0c42eeb9a5de6b4a37b929 - - default default] Unable to schedule network 26c6b39e-c936-438f-b814-b71b15a8d673: no agents available; will retry on subsequent port and subnet creation events.
2026-07-15 00:13:30.651 9 INFO neutron.db.ovn_revision_numbers_db [None req-993cbe4e-9b8b-4c7c-887e-9a3cd55a9b71 870b3e20d9334e5fb431bb7135f9659d 701bde2285124bd6b40d7d229b5a2975 - - default default] Successfully bumped revision number for resource 08e2c301-e977-4617-8b41-ee20e618bacd (type: ports) to 1
2026-07-15 00:13:30.683 9 INFO neutron.wsgi [None req-993cbe4e-9b8b-4c7c-887e-9a3cd55a9b71 870b3e20d9334e5fb431bb7135f9659d 701bde2285124bd6b40d7d229b5a2975 - - default default] 10.0.0.217 "POST /v2.0/networks HTTP/1.1" status: 201 len: 835 time: 0.8719480
2026-07-15 00:13:30.698 9 WARNING neutron_lib.context [None req-fe2b4e0f-8bd1-4b06-9f7b-d5311a5d0ce0 870b3e20d9334e5fb431bb7135f9659d 701bde2285124bd6b40d7d229b5a2975 - - default default] Method 'is_advsvc' is deprecated since 2023.2 release (neutron-lib 3.8.0) and will be removed once support for the old RBAC API policies will be removed from Neutron. Please use method 'is_service_role' instead.
2026-07-15 00:13:30.859 10 INFO neutron.wsgi [None req-3033db05-e4a6-43c1-85d6-53b61d165bd8 851b7c2d5e414e4295867e176e51c3f5 d37282b52f0c42eeb9a5de6b4a37b929 - - default default] 10.0.0.217 "DELETE /v2.0/security-groups/f2faf4ff-6874-4367-a204-db3f404524ea HTTP/1.1" status: 204 len: 168 time: 0.4126542
2026-07-15 00:13:30.875 9 INFO neutron.db.ovn_revision_numbers_db [None req-566ab626-dc3a-4e95-ae53-8c2283f36d2b 851b7c2d5e414e4295867e176e51c3f5 d37282b52f0c42eeb9a5de6b4a37b929 - - default default] Successfully bumped revision number for resource 0b787024-4f30-409d-905d-44044875fd6d (type: ports) to 1
2026-07-15 00:13:31.111 9 WARNING neutron.scheduler.dhcp_agent_scheduler [None req-fe2b4e0f-8bd1-4b06-9f7b-d5311a5d0ce0 870b3e20d9334e5fb431bb7135f9659d 701bde2285124bd6b40d7d229b5a2975 - - default default] No more DHCP agents
2026-07-15 00:13:31.114 9 WARNING neutron.api.rpc.agentnotifiers.dhcp_rpc_agent_api [None req-fe2b4e0f-8bd1-4b06-9f7b-d5311a5d0ce0 870b3e20d9334e5fb431bb7135f9659d 701bde2285124bd6b40d7d229b5a2975 - - default default] Unable to schedule network e95ce6c7-8d34-4c4a-8086-3c8fcdc9e187: no agents available; will retry on subsequent port and subnet creation events.
2026-07-15 00:13:31.175 9 INFO neutron.db.ovn_revision_numbers_db [None req-fe2b4e0f-8bd1-4b06-9f7b-d5311a5d0ce0 870b3e20d9334e5fb431bb7135f9659d 701bde2285124bd6b40d7d229b5a2975 - - default default] Successfully bumped revision number for resource 4a29fcf8-ec49-4de7-b078-fcf473aec1eb (type: subnets) to 0
2026-07-15 00:13:31.208 9 INFO neutron.wsgi [None req-fe2b4e0f-8bd1-4b06-9f7b-d5311a5d0ce0 870b3e20d9334e5fb431bb7135f9659d 701bde2285124bd6b40d7d229b5a2975 - - default default] 10.0.0.217 "POST /v2.0/subnets HTTP/1.1" status: 201 len: 821 time: 0.5162702
2026-07-15 00:13:31.221 9 WARNING neutron_lib.context [None req-5e3af649-f9c4-46a0-8876-4cbda2584b4f 870b3e20d9334e5fb431bb7135f9659d 701bde2285124bd6b40d7d229b5a2975 - - default default] Method 'is_advsvc' is deprecated since 2023.2 release (neutron-lib 3.8.0) and will be removed once support for the old RBAC API policies will be removed from Neutron. Please use method 'is_service_role' instead.
2026-07-15 00:13:31.231 9 INFO neutron.db.ovn_revision_numbers_db [None req-39644c5a-82a3-41e1-bce7-719fdfec114a 851b7c2d5e414e4295867e176e51c3f5 d37282b52f0c42eeb9a5de6b4a37b929 - - default default] Successfully bumped revision number for resource 4750ba0e-db59-4fb5-b5d4-43e0e6951f7a (type: security_groups) to 1
2026-07-15 00:13:31.231 10 INFO neutron.db.ovn_revision_numbers_db [None req-129b1ea2-dc9e-4a33-a701-a2393ba50cdf d4706619257a42be817bfed9c6e4a082 55faacfab5324da2a2e97b5d67e60830 - - default default] Successfully bumped revision number for resource 34c5c750-af53-47df-9de4-d97e67312a0a (type: ports) to 2
2026-07-15 00:13:31.283 10 INFO neutron.db.ovn_revision_numbers_db [None req-129b1ea2-dc9e-4a33-a701-a2393ba50cdf d4706619257a42be817bfed9c6e4a082 55faacfab5324da2a2e97b5d67e60830 - - default default] Successfully bumped revision number for resource 12b6c2f6-f629-4e61-9e39-2b58a18c19c2 (type: subnets) to 1
2026-07-15 00:13:31.283 9 INFO neutron.db.ovn_revision_numbers_db [None req-39644c5a-82a3-41e1-bce7-719fdfec114a 851b7c2d5e414e4295867e176e51c3f5 d37282b52f0c42eeb9a5de6b4a37b929 - - default default] Successfully bumped revision number for resource 19ccfaac-798a-4df6-850a-08590d8a77cd (type: security_group_rules) to 0
2026-07-15 00:13:31.288 10 INFO neutron.wsgi [None req-129b1ea2-dc9e-4a33-a701-a2393ba50cdf d4706619257a42be817bfed9c6e4a082 55faacfab5324da2a2e97b5d67e60830 - - default default] 10.0.0.217 "PUT /v2.0/subnets/12b6c2f6-f629-4e61-9e39-2b58a18c19c2 HTTP/1.1" status: 200 len: 826 time: 0.9324954
2026-07-15 00:13:31.560 9 INFO neutron.db.ovn_revision_numbers_db [None req-39644c5a-82a3-41e1-bce7-719fdfec114a 851b7c2d5e414e4295867e176e51c3f5 d37282b52f0c42eeb9a5de6b4a37b929 - - default default] Successfully bumped revision number for resource 39e0f1ad-c716-4926-9880-00f083c3cdd5 (type: security_group_rules) to 0
2026-07-15 00:13:31.585 9 INFO neutron.db.ovn_revision_numbers_db [None req-39644c5a-82a3-41e1-bce7-719fdfec114a 851b7c2d5e414e4295867e176e51c3f5 d37282b52f0c42eeb9a5de6b4a37b929 - - default default] Successfully bumped revision number for resource ae888db1-1843-4c78-99d1-68ee137901ae (type: security_group_rules) to 0
2026-07-15 00:13:31.616 9 INFO neutron.db.ovn_revision_numbers_db [None req-39644c5a-82a3-41e1-bce7-719fdfec114a 851b7c2d5e414e4295867e176e51c3f5 d37282b52f0c42eeb9a5de6b4a37b929 - - default default] Successfully bumped revision number for resource fed7874a-35e7-4550-94e5-c3b0b5778e17 (type: security_group_rules) to 0
2026-07-15 00:13:31.657 9 INFO neutron.wsgi [None req-39644c5a-82a3-41e1-bce7-719fdfec114a 851b7c2d5e414e4295867e176e51c3f5 d37282b52f0c42eeb9a5de6b4a37b929 - - default default] 10.0.0.217 "GET /v2.0/security-groups?tenant_id=4d962fcd50974196b42b4157dc5e4617&name=default HTTP/1.1" status: 200 len: 3120 time: 0.6884012
2026-07-15 00:13:31.859 10 INFO neutron.services.segments.plugin [-] Segment 6815c7c0-26c3-4909-a313-fc90c533a613 resource provider aggregate not found
2026-07-15 00:13:31.867 10 INFO neutron.services.segments.plugin [-] Segment 6815c7c0-26c3-4909-a313-fc90c533a613 resource provider aggregate not found
2026-07-15 00:13:31.888 10 INFO neutron.services.segments.plugin [-] Segment 6815c7c0-26c3-4909-a313-fc90c533a613 resource provider not found; error: Placement Client Error (4xx): {"errors": [{"status": 404, "title": "Not Found", "detail": "The resource could not be found.\n\n No resource provider with uuid 6815c7c0-26c3-4909-a313-fc90c533a613 found for delete ", "request_id": "req-513d4c98-2f74-4f09-b157-093140a53b3d"}]}
2026-07-15 00:13:31.891 10 INFO neutron.services.segments.plugin [-] Segment 6815c7c0-26c3-4909-a313-fc90c533a613 resource provider not found; error: Placement Client Error (4xx): {"errors": [{"status": 404, "title": "Not Found", "detail": "The resource could not be found.\n\n No resource provider with uuid 6815c7c0-26c3-4909-a313-fc90c533a613 found for delete ", "request_id": "req-321bbf98-7179-4f69-8771-19ecea309703"}]}
2026-07-15 00:13:31.912 10 INFO neutron.wsgi [None req-fc35d90f-3991-42e5-b1c9-b6c6c23fb832 d4706619257a42be817bfed9c6e4a082 55faacfab5324da2a2e97b5d67e60830 - - default default] 10.0.0.217 "DELETE /v2.0/networks/2dcac27e-38e0-4d94-8e2f-54eaf6fd0fec HTTP/1.1" status: 204 len: 168 time: 0.6200519
2026-07-15 00:13:31.940 9 INFO neutron.pecan_wsgi.hooks.translation [None req-3c102aba-5da9-4d33-94aa-ea4c27746fd8 d4706619257a42be817bfed9c6e4a082 55faacfab5324da2a2e97b5d67e60830 - - default default] DELETE failed (client error): The resource could not be found.
2026-07-15 00:13:31.943 9 INFO neutron.wsgi [None req-3c102aba-5da9-4d33-94aa-ea4c27746fd8 d4706619257a42be817bfed9c6e4a082 55faacfab5324da2a2e97b5d67e60830 - - default default] 10.0.0.217 "DELETE /v2.0/networks/2dcac27e-38e0-4d94-8e2f-54eaf6fd0fec HTTP/1.1" status: 404 len: 339 time: 0.0244911
2026-07-15 00:13:32.008 10 INFO neutron.wsgi [None req-9d211ece-783d-47c9-9bef-fa6ee36597d6 851b7c2d5e414e4295867e176e51c3f5 d37282b52f0c42eeb9a5de6b4a37b929 - - default default] 10.0.0.217 "DELETE /v2.0/security-groups/4750ba0e-db59-4fb5-b5d4-43e0e6951f7a HTTP/1.1" status: 204 len: 168 time: 0.3420038
2026-07-15 00:13:32.057 9 WARNING neutron.scheduler.dhcp_agent_scheduler [None req-5e3af649-f9c4-46a0-8876-4cbda2584b4f 870b3e20d9334e5fb431bb7135f9659d 701bde2285124bd6b40d7d229b5a2975 - - default default] No more DHCP agents
2026-07-15 00:13:32.063 9 WARNING neutron.api.rpc.agentnotifiers.dhcp_rpc_agent_api [None req-5e3af649-f9c4-46a0-8876-4cbda2584b4f 870b3e20d9334e5fb431bb7135f9659d 701bde2285124bd6b40d7d229b5a2975 - - default default] Unable to schedule network e95ce6c7-8d34-4c4a-8086-3c8fcdc9e187: no agents available; will retry on subsequent port and subnet creation events.
2026-07-15 00:13:32.095 9 INFO neutron.wsgi [None req-c0ef831f-8966-4e5f-8c70-f2c6d0818130 d4706619257a42be817bfed9c6e4a082 55faacfab5324da2a2e97b5d67e60830 - - default default] 10.0.0.217 "GET /v2.0/networks?router%3Aexternal=True HTTP/1.1" status: 200 len: 845 time: 0.1437576
2026-07-15 00:13:32.141 10 INFO neutron.wsgi [None req-cf582413-f9fe-4334-9159-f33b7853156a d4706619257a42be817bfed9c6e4a082 55faacfab5324da2a2e97b5d67e60830 - - default default] 10.0.0.217 "GET /v2.0/subnets?network_id=26c6b39e-c936-438f-b814-b71b15a8d673 HTTP/1.1" status: 200 len: 820 time: 0.0400538
2026-07-15 00:13:32.159 9 INFO neutron.wsgi [None req-65d0f81c-893a-4c7d-8b38-872837f9332c d4706619257a42be817bfed9c6e4a082 55faacfab5324da2a2e97b5d67e60830 - - default default] 10.0.0.217 "GET /v2.0/extensions HTTP/1.1" status: 200 len: 18678 time: 0.0122356
2026-07-15 00:13:32.232 9 INFO neutron.plugins.ml2.drivers.ovn.mech_driver.ovsdb.commands [None req-0a8bd426-bdde-4d07-8805-1102f97e05f2 - - - - - -] Schedule LRP lrp-0b787024-4f30-409d-905d-44044875fd6d on gateway 84088eff-252a-4915-9c95-760fd31e4e38 with priority 1
2026-07-15 00:13:32.234 9 INFO neutron.db.ovn_revision_numbers_db [None req-5e3af649-f9c4-46a0-8876-4cbda2584b4f 870b3e20d9334e5fb431bb7135f9659d 701bde2285124bd6b40d7d229b5a2975 - - default default] Successfully bumped revision number for resource 0039cb91-2dec-443d-83c7-bf459b8beb88 (type: ports) to 1
2026-07-15 00:13:32.244 9 INFO neutron.plugins.ml2.drivers.ovn.mech_driver.mech_driver [None req-ba97e2e0-8c8a-46c9-aec5-5954db8ceda4 - - - - - -] OVN reports status up for port: 0b787024-4f30-409d-905d-44044875fd6d
2026-07-15 00:13:32.264 10 INFO neutron.plugins.ml2.drivers.ovn.mech_driver.ovsdb.ovsdb_monitor [None req-a5a4e7d2-b90d-4d28-984a-2640a158154e - - - - - -] Router 19364c16-6456-4f47-8a18-6468fd506dbb is bound to host instance
2026-07-15 00:13:32.269 9 INFO neutron.plugins.ml2.plugin [None req-ba97e2e0-8c8a-46c9-aec5-5954db8ceda4 - - - - - -] Attempt 1 to provision port 0b787024-4f30-409d-905d-44044875fd6d
2026-07-15 00:13:32.285 9 INFO neutron.wsgi [None req-5e3af649-f9c4-46a0-8876-4cbda2584b4f 870b3e20d9334e5fb431bb7135f9659d 701bde2285124bd6b40d7d229b5a2975 - - default default] 10.0.0.217 "POST /v2.0/ports HTTP/1.1" status: 201 len: 1126 time: 1.0694401
2026-07-15 00:13:32.296 9 INFO neutron.db.ovn_revision_numbers_db [None req-566ab626-dc3a-4e95-ae53-8c2283f36d2b 851b7c2d5e414e4295867e176e51c3f5 d37282b52f0c42eeb9a5de6b4a37b929 - - default default] Successfully bumped revision number for resource 0b787024-4f30-409d-905d-44044875fd6d (type: router_ports) to 1
2026-07-15 00:13:32.393 9 INFO neutron.db.ovn_revision_numbers_db [None req-566ab626-dc3a-4e95-ae53-8c2283f36d2b 851b7c2d5e414e4295867e176e51c3f5 d37282b52f0c42eeb9a5de6b4a37b929 - - default default] Successfully bumped revision number for resource 19364c16-6456-4f47-8a18-6468fd506dbb (type: routers) to 2
2026-07-15 00:13:32.409 9 INFO neutron.wsgi [None req-566ab626-dc3a-4e95-ae53-8c2283f36d2b 851b7c2d5e414e4295867e176e51c3f5 d37282b52f0c42eeb9a5de6b4a37b929 - - default default] 10.0.0.217 "POST /v2.0/routers HTTP/1.1" status: 201 len: 1168 time: 2.6334140
2026-07-15 00:13:32.541 10 INFO neutron.wsgi [None req-8bb8e252-b0b1-4031-aa6f-237023967585 d4706619257a42be817bfed9c6e4a082 55faacfab5324da2a2e97b5d67e60830 - - default default] 10.0.0.217 "GET /v2.0/networks HTTP/1.1" status: 200 len: 1507 time: 0.3757603
2026-07-15 00:13:32.620 10 INFO neutron.wsgi [None req-0a75ea27-49db-433a-8d11-85e2bdfa0c86 d4706619257a42be817bfed9c6e4a082 55faacfab5324da2a2e97b5d67e60830 - - default default] 10.0.0.217 "GET /v2.0/subnets HTTP/1.1" status: 200 len: 1460 time: 0.0696812
2026-07-15 00:13:32.752 10 INFO neutron.wsgi [None req-e4086967-a6a6-4191-b845-ae4297b6b832 d4706619257a42be817bfed9c6e4a082 55faacfab5324da2a2e97b5d67e60830 - - default default] 10.0.0.217 "GET /v2.0/networks/d6e6275d-6e02-4313-9622-4da6a00d4280 HTTP/1.1" status: 200 len: 866 time: 0.1193573
2026-07-15 00:13:32.811 10 INFO neutron.wsgi [None req-8926b01d-a051-4244-a915-a4eecbc3297f d4706619257a42be817bfed9c6e4a082 55faacfab5324da2a2e97b5d67e60830 - - default default] 10.0.0.217 "GET /v2.0/subnets/d5ffe014-6041-4d47-a8b6-2d401604552b HTTP/1.1" status: 200 len: 843 time: 0.0501599
2026-07-15 00:13:32.845 10 INFO neutron.pecan_wsgi.hooks.translation [None req-2223a162-d7ad-4ea6-9231-45cd123aa773 d4706619257a42be817bfed9c6e4a082 55faacfab5324da2a2e97b5d67e60830 - - default default] DELETE failed (client error): The resource could not be found.
2026-07-15 00:13:32.848 10 INFO neutron.wsgi [None req-2223a162-d7ad-4ea6-9231-45cd123aa773 d4706619257a42be817bfed9c6e4a082 55faacfab5324da2a2e97b5d67e60830 - - default default] 10.0.0.217 "DELETE /v2.0/subnets/12b6c2f6-f629-4e61-9e39-2b58a18c19c2 HTTP/1.1" status: 404 len: 337 time: 0.0280690
2026-07-15 00:13:32.870 9 INFO neutron.pecan_wsgi.hooks.translation [None req-b06fde26-48ed-45be-b98d-3779b2760d7d d4706619257a42be817bfed9c6e4a082 55faacfab5324da2a2e97b5d67e60830 - - default default] DELETE failed (client error): The resource could not be found.
2026-07-15 00:13:32.874 9 INFO neutron.wsgi [None req-b06fde26-48ed-45be-b98d-3779b2760d7d d4706619257a42be817bfed9c6e4a082 55faacfab5324da2a2e97b5d67e60830 - - default default] 10.0.0.217 "DELETE /v2.0/networks/2dcac27e-38e0-4d94-8e2f-54eaf6fd0fec HTTP/1.1" status: 404 len: 339 time: 0.0198226
2026-07-15 00:13:33.061 9 WARNING neutron.scheduler.dhcp_agent_scheduler [None req-09ea5c0d-82ad-4dc5-833c-a053b470fb52 851b7c2d5e414e4295867e176e51c3f5 d37282b52f0c42eeb9a5de6b4a37b929 - - default default] No more DHCP agents
2026-07-15 00:13:33.068 9 WARNING neutron.api.rpc.agentnotifiers.dhcp_rpc_agent_api [None req-09ea5c0d-82ad-4dc5-833c-a053b470fb52 851b7c2d5e414e4295867e176e51c3f5 d37282b52f0c42eeb9a5de6b4a37b929 - - default default] Unable to schedule network 1705389e-5ea9-4cdb-baa3-6d71077ea96d: no agents available; will retry on subsequent port and subnet creation events.
2026-07-15 00:13:33.111 10 INFO neutron.wsgi [None req-ac537201-8b2c-4bac-9c80-c87be18de0c9 870b3e20d9334e5fb431bb7135f9659d 701bde2285124bd6b40d7d229b5a2975 - - default default] 10.0.0.217 "DELETE /v2.0/ports/0039cb91-2dec-443d-83c7-bf459b8beb88 HTTP/1.1" status: 204 len: 168 time: 0.8190072
2026-07-15 00:13:33.135 10 INFO neutron.pecan_wsgi.hooks.translation [None req-c025b77a-f8e7-417d-bfe0-0ea26649f680 870b3e20d9334e5fb431bb7135f9659d 701bde2285124bd6b40d7d229b5a2975 - - default default] GET failed (client error): The resource could not be found.
2026-07-15 00:13:33.137 10 INFO neutron.wsgi [None req-c025b77a-f8e7-417d-bfe0-0ea26649f680 870b3e20d9334e5fb431bb7135f9659d 701bde2285124bd6b40d7d229b5a2975 - - default default] 10.0.0.217 "GET /v2.0/ports/0039cb91-2dec-443d-83c7-bf459b8beb88 HTTP/1.1" status: 404 len: 333 time: 0.0189946
2026-07-15 00:13:33.143 9 INFO neutron.wsgi [None req-af0be401-c69c-463a-a688-7d8182fa0bd1 d4706619257a42be817bfed9c6e4a082 55faacfab5324da2a2e97b5d67e60830 - - default default] 10.0.0.217 "DELETE /v2.0/subnets/d5ffe014-6041-4d47-a8b6-2d401604552b HTTP/1.1" status: 204 len: 168 time: 0.2624483
2026-07-15 00:13:33.342 9 INFO neutron.db.ovn_revision_numbers_db [None req-09ea5c0d-82ad-4dc5-833c-a053b470fb52 851b7c2d5e414e4295867e176e51c3f5 d37282b52f0c42eeb9a5de6b4a37b929 - - default default] Successfully bumped revision number for resource af1ac6dc-0474-4476-b2cf-625cbba22df2 (type: ports) to 1
2026-07-15 00:13:33.405 9 INFO neutron.wsgi [None req-ff38816e-fb9d-422c-8c12-6cd10f6c2762 870b3e20d9334e5fb431bb7135f9659d 701bde2285124bd6b40d7d229b5a2975 - - default default] 10.0.0.217 "DELETE /v2.0/subnets/4a29fcf8-ec49-4de7-b078-fcf473aec1eb HTTP/1.1" status: 204 len: 168 time: 0.2600355
2026-07-15 00:13:33.846 10 INFO neutron.db.ovn_revision_numbers_db [None req-a5a4e7d2-b90d-4d28-984a-2640a158154e - - - - - -] Successfully bumped revision number for resource 0b787024-4f30-409d-905d-44044875fd6d (type: ports) to 1
2026-07-15 00:13:34.001 10 INFO neutron.services.segments.plugin [-] Segment 860ab6fa-0d31-4559-baea-5ce892d3657d resource provider aggregate not found
2026-07-15 00:13:34.009 10 INFO neutron.services.segments.plugin [-] Segment 860ab6fa-0d31-4559-baea-5ce892d3657d resource provider aggregate not found
2026-07-15 00:13:34.016 10 INFO neutron.services.segments.plugin [-] Segment 860ab6fa-0d31-4559-baea-5ce892d3657d resource provider not found; error: Placement Client Error (4xx): {"errors": [{"status": 404, "title": "Not Found", "detail": "The resource could not be found.\n\n No resource provider with uuid 860ab6fa-0d31-4559-baea-5ce892d3657d found for delete ", "request_id": "req-f00cc897-9f14-44cf-9bbe-a648df73551a"}]}
2026-07-15 00:13:34.024 10 INFO neutron.services.segments.plugin [-] Segment 860ab6fa-0d31-4559-baea-5ce892d3657d resource provider not found; error: Placement Client Error (4xx): {"errors": [{"status": 404, "title": "Not Found", "detail": "The resource could not be found.\n\n No resource provider with uuid 860ab6fa-0d31-4559-baea-5ce892d3657d found for delete ", "request_id": "req-745d0d0b-5aad-401e-8e48-983d6a338ba0"}]}
2026-07-15 00:13:34.057 10 INFO neutron.wsgi [None req-00dc23a7-19aa-4bef-9df8-357ea9fac4e5 d4706619257a42be817bfed9c6e4a082 55faacfab5324da2a2e97b5d67e60830 - - default default] 10.0.0.217 "DELETE /v2.0/networks/d6e6275d-6e02-4313-9622-4da6a00d4280 HTTP/1.1" status: 204 len: 168 time: 0.9092038
2026-07-15 00:13:34.316 9 ERROR ovsdbapp.backend.ovs_idl.command [None req-09ea5c0d-82ad-4dc5-833c-a053b470fb52 851b7c2d5e414e4295867e176e51c3f5 d37282b52f0c42eeb9a5de6b4a37b929 - - default default] Error executing command (DbGetCommand): ovsdbapp.backend.ovs_idl.idlutils.RowNotFound: Cannot find Logical_Router_Port with name=lrp-af1ac6dc-0474-4476-b2cf-625cbba22df2
2026-07-15 00:13:34.316 9 ERROR ovsdbapp.backend.ovs_idl.command
Traceback (most recent call last):
2026-07-15 00:13:34.316 9 ERROR ovsdbapp.backend.ovs_idl.command
File "/var/lib/openstack/lib/python3.10/site-packages/ovsdbapp/backend/ovs_idl/command.py", line 47, in execute
2026-07-15 00:13:34.316 9 ERROR ovsdbapp.backend.ovs_idl.command self.run_idl(None)
2026-07-15 00:13:34.316 9 ERROR ovsdbapp.backend.ovs_idl.command
File "/var/lib/openstack/lib/python3.10/site-packages/ovsdbapp/backend/ovs_idl/command.py", line 235, in run_idl
2026-07-15 00:13:34.316 9 ERROR ovsdbapp.backend.ovs_idl.command record = self.api.lookup(self.table, self.record)
2026-07-15 00:13:34.316 9 ERROR ovsdbapp.backend.ovs_idl.command
File "/var/lib/openstack/lib/python3.10/site-packages/ovsdbapp/backend/ovs_idl/__init__.py", line 184, in lookup
2026-07-15 00:13:34.316 9 ERROR ovsdbapp.backend.ovs_idl.command return self._lookup(table, record)
2026-07-15 00:13:34.316 9 ERROR ovsdbapp.backend.ovs_idl.command
File "/var/lib/openstack/lib/python3.10/site-packages/ovsdbapp/backend/ovs_idl/__init__.py", line 235, in _lookup
2026-07-15 00:13:34.316 9 ERROR ovsdbapp.backend.ovs_idl.command row = idlutils.row_by_value(self, rl.table, rl.column, record)
2026-07-15 00:13:34.316 9 ERROR ovsdbapp.backend.ovs_idl.command
File "/var/lib/openstack/lib/python3.10/site-packages/ovsdbapp/backend/ovs_idl/idlutils.py", line 114, in row_by_value
2026-07-15 00:13:34.316 9 ERROR ovsdbapp.backend.ovs_idl.command raise RowNotFound(table=table, col=column, match=match)
2026-07-15 00:13:34.316 9 ERROR ovsdbapp.backend.ovs_idl.command ovsdbapp.backend.ovs_idl.idlutils.RowNotFound: Cannot find Logical_Router_Port with name=lrp-af1ac6dc-0474-4476-b2cf-625cbba22df2
2026-07-15 00:13:34.316 9 ERROR ovsdbapp.backend.ovs_idl.command 
2026-07-15 00:13:34.317 9 ERROR neutron_lib.callbacks.manager [None req-09ea5c0d-82ad-4dc5-833c-a053b470fb52 851b7c2d5e414e4295867e176e51c3f5 d37282b52f0c42eeb9a5de6b4a37b929 - - default default] Error during notification for neutron.services.ovn_l3.plugin.OVNL3RouterPlugin._port_update-8771991230173 port, after_update: ovsdbapp.backend.ovs_idl.idlutils.RowNotFound: Cannot find Logical_Router_Port with name=lrp-af1ac6dc-0474-4476-b2cf-625cbba22df2
2026-07-15 00:13:34.317 9 ERROR neutron_lib.callbacks.manager
Traceback (most recent call last):
2026-07-15 00:13:34.317 9 ERROR neutron_lib.callbacks.manager
File "/var/lib/openstack/lib/python3.10/site-packages/neutron_lib/callbacks/manager.py", line 189, in _notify_loop
2026-07-15 00:13:34.317 9 ERROR neutron_lib.callbacks.manager callback.method(resource, event, trigger, payload=payload)
2026-07-15 00:13:34.317 9 ERROR neutron_lib.callbacks.manager
File "/var/lib/openstack/lib/python3.10/site-packages/neutron/services/ovn_l3/plugin.py", line 391, in _port_update
2026-07-15 00:13:34.317 9 ERROR neutron_lib.callbacks.manager l3plugin._ovn_client.update_router_port(context,
2026-07-15 00:13:34.317 9 ERROR neutron_lib.callbacks.manager
File "/var/lib/openstack/lib/python3.10/site-packages/neutron/plugins/ml2/drivers/ovn/mech_driver/ovsdb/ovn_client.py", line 1878, in update_router_port
2026-07-15 00:13:34.317 9 ERROR neutron_lib.callbacks.manager self._update_lrouter_port(context, port, if_exists=if_exists,
2026-07-15 00:13:34.317 9 ERROR neutron_lib.callbacks.manager
File "/var/lib/openstack/lib/python3.10/site-packages/neutron/plugins/ml2/drivers/ovn/mech_driver/ovsdb/ovn_client.py", line 1855, in _update_lrouter_port
2026-07-15 00:13:34.317 9 ERROR neutron_lib.callbacks.manager external_ids = self._nb_idl.db_get(
2026-07-15 00:13:34.317 9 ERROR neutron_lib.callbacks.manager
File "/var/lib/openstack/lib/python3.10/site-packages/ovsdbapp/backend/ovs_idl/command.py", line 47, in execute
2026-07-15 00:13:34.317 9 ERROR neutron_lib.callbacks.manager self.run_idl(None)
2026-07-15 00:13:34.317 9 ERROR neutron_lib.callbacks.manager
File "/var/lib/openstack/lib/python3.10/site-packages/ovsdbapp/backend/ovs_idl/command.py", line 235, in run_idl
2026-07-15 00:13:34.317 9 ERROR neutron_lib.callbacks.manager record = self.api.lookup(self.table, self.record)
2026-07-15 00:13:34.317 9 ERROR neutron_lib.callbacks.manager
File "/var/lib/openstack/lib/python3.10/site-packages/ovsdbapp/backend/ovs_idl/__init__.py", line 184, in lookup
2026-07-15 00:13:34.317 9 ERROR neutron_lib.callbacks.manager return self._lookup(table, record)
2026-07-15 00:13:34.317 9 ERROR neutron_lib.callbacks.manager
File "/var/lib/openstack/lib/python3.10/site-packages/ovsdbapp/backend/ovs_idl/__init__.py", line 235, in _lookup
2026-07-15 00:13:34.317 9 ERROR neutron_lib.callbacks.manager row = idlutils.row_by_value(self, rl.table, rl.column, record)
2026-07-15 00:13:34.317 9 ERROR neutron_lib.callbacks.manager
File "/var/lib/openstack/lib/python3.10/site-packages/ovsdbapp/backend/ovs_idl/idlutils.py", line 114, in row_by_value
2026-07-15 00:13:34.317 9 ERROR neutron_lib.callbacks.manager raise RowNotFound(table=table, col=column, match=match)
2026-07-15 00:13:34.317 9 ERROR neutron_lib.callbacks.manager ovsdbapp.backend.ovs_idl.idlutils.RowNotFound: Cannot find Logical_Router_Port with name=lrp-af1ac6dc-0474-4476-b2cf-625cbba22df2
2026-07-15 00:13:34.317 9 ERROR neutron_lib.callbacks.manager 
2026-07-15 00:13:34.333 10 INFO neutron.wsgi [None req-1a632e51-6ce1-4557-a436-a7dd0ebecacb 870b3e20d9334e5fb431bb7135f9659d 701bde2285124bd6b40d7d229b5a2975 - - default default] 10.0.0.217 "DELETE /v2.0/networks/e95ce6c7-8d34-4c4a-8086-3c8fcdc9e187 HTTP/1.1" status: 204 len: 168 time: 0.9221561
2026-07-15 00:13:34.345 10 WARNING neutron_lib.context [None req-2be148ef-bb53-4a64-bbb5-024c2bc501e2 870b3e20d9334e5fb431bb7135f9659d 701bde2285124bd6b40d7d229b5a2975 - - default default] Method 'is_advsvc' is deprecated since 2023.2 release (neutron-lib 3.8.0) and will be removed once support for the old RBAC API policies will be removed from Neutron. Please use method 'is_service_role' instead.
2026-07-15 00:13:34.495 10 INFO neutron.db.ovn_revision_numbers_db [None req-a5a4e7d2-b90d-4d28-984a-2640a158154e - - - - - -] Successfully bumped revision number for resource 0b787024-4f30-409d-905d-44044875fd6d (type: router_ports) to 3
2026-07-15 00:13:34.550 9 INFO neutron.db.ovn_revision_numbers_db [None req-09ea5c0d-82ad-4dc5-833c-a053b470fb52 851b7c2d5e414e4295867e176e51c3f5 d37282b52f0c42eeb9a5de6b4a37b929 - - default default] Successfully bumped revision number for resource af1ac6dc-0474-4476-b2cf-625cbba22df2 (type: ports) to 1
2026-07-15 00:13:34.599 9 INFO neutron.plugins.ml2.drivers.ovn.mech_driver.mech_driver [None req-ba97e2e0-8c8a-46c9-aec5-5954db8ceda4 - - - - - -] OVN reports status up for port: af1ac6dc-0474-4476-b2cf-625cbba22df2
2026-07-15 00:13:34.610 9 INFO neutron.plugins.ml2.plugin [None req-ba97e2e0-8c8a-46c9-aec5-5954db8ceda4 - - - - - -] Attempt 1 to provision port af1ac6dc-0474-4476-b2cf-625cbba22df2
2026-07-15 00:13:34.642 9 WARNING neutron.scheduler.dhcp_agent_scheduler [None req-09ea5c0d-82ad-4dc5-833c-a053b470fb52 851b7c2d5e414e4295867e176e51c3f5 d37282b52f0c42eeb9a5de6b4a37b929 - - default default] No more DHCP agents
2026-07-15 00:13:34.650 9 WARNING neutron.api.rpc.agentnotifiers.dhcp_rpc_agent_api [None req-09ea5c0d-82ad-4dc5-833c-a053b470fb52 851b7c2d5e414e4295867e176e51c3f5 d37282b52f0c42eeb9a5de6b4a37b929 - - default default] Unable to schedule network 1705389e-5ea9-4cdb-baa3-6d71077ea96d: no agents available; will retry on subsequent port and subnet creation events.
2026-07-15 00:13:34.680 10 WARNING neutron.scheduler.dhcp_agent_scheduler [None req-2be148ef-bb53-4a64-bbb5-024c2bc501e2 870b3e20d9334e5fb431bb7135f9659d 701bde2285124bd6b40d7d229b5a2975 - - default default] No more DHCP agents
2026-07-15 00:13:34.683 10 WARNING neutron.api.rpc.agentnotifiers.dhcp_rpc_agent_api [None req-2be148ef-bb53-4a64-bbb5-024c2bc501e2 870b3e20d9334e5fb431bb7135f9659d 701bde2285124bd6b40d7d229b5a2975 - - default default] Unable to schedule network 9f47ce5a-95e5-4bca-9bd0-61916533e2bb: no agents available; will retry on subsequent port and subnet creation events.
2026-07-15 00:13:34.825 10 INFO neutron.db.ovn_revision_numbers_db [None req-2be148ef-bb53-4a64-bbb5-024c2bc501e2 870b3e20d9334e5fb431bb7135f9659d 701bde2285124bd6b40d7d229b5a2975 - - default default] Successfully bumped revision number for resource bc0fbf1c-1199-43b2-b53d-bd1ec9df3aba (type: ports) to 1
2026-07-15 00:13:34.835 9 INFO neutron.wsgi [None req-8ec4f941-4300-4b3f-a8c6-cca429f0ba43 851b7c2d5e414e4295867e176e51c3f5 d37282b52f0c42eeb9a5de6b4a37b929 - - default default] 10.0.0.217 "GET /v2.0/security-groups?tenant_id=55faacfab5324da2a2e97b5d67e60830&name=default HTTP/1.1" status: 200 len: 3120 time: 0.3174970 /var/lib/openstack/lib/python3.10/site-packages/pycadf/identifier.py:71: UserWarning: Invalid uuid: neutron. To ensure interoperability, identifiers should be a valid uuid. warnings.warn(('Invalid uuid: %s. To ensure interoperability, '
2026-07-15 00:13:34.858 10 INFO neutron.wsgi [None req-2be148ef-bb53-4a64-bbb5-024c2bc501e2 870b3e20d9334e5fb431bb7135f9659d 701bde2285124bd6b40d7d229b5a2975 - - default default] 10.0.0.217 "POST /v2.0/ports HTTP/1.1" status: 201 len: 977 time: 0.5170829
2026-07-15 00:13:34.860 10 INFO neutron.db.ovn_revision_numbers_db [None req-a5a4e7d2-b90d-4d28-984a-2640a158154e - - - - - -] Successfully bumped revision number for resource 0b787024-4f30-409d-905d-44044875fd6d (type: ports) to 2
2026-07-15 00:13:35.254 9 INFO neutron.db.ovn_revision_numbers_db [None req-ba97e2e0-8c8a-46c9-aec5-5954db8ceda4 - - - - - -] Successfully bumped revision number for resource af1ac6dc-0474-4476-b2cf-625cbba22df2 (type: ports) to 2
2026-07-15 00:13:35.278 10 INFO neutron.plugins.ml2.drivers.ovn.mech_driver.mech_driver [None req-54af771d-6cd2-404c-b450-159907c9d9b0 - - - - - -] OVN reports status down for port: bc0fbf1c-1199-43b2-b53d-bd1ec9df3aba
2026-07-15 00:13:35.335 9 INFO neutron.db.ovn_revision_numbers_db [None req-09ea5c0d-82ad-4dc5-833c-a053b470fb52 851b7c2d5e414e4295867e176e51c3f5 d37282b52f0c42eeb9a5de6b4a37b929 - - default default] Successfully bumped revision number for resource af1ac6dc-0474-4476-b2cf-625cbba22df2 (type: router_ports) to 1
2026-07-15 00:13:35.340 9 INFO neutron.wsgi [None req-09ea5c0d-82ad-4dc5-833c-a053b470fb52 851b7c2d5e414e4295867e176e51c3f5 d37282b52f0c42eeb9a5de6b4a37b929 - - default default] 10.0.0.217 "PUT /v2.0/routers/19364c16-6456-4f47-8a18-6468fd506dbb/add_router_interface HTTP/1.1" status: 200 len: 503 time: 2.9246347
2026-07-15 00:13:35.341 10 INFO neutron.db.ovn_revision_numbers_db [None req-299b336e-e2ab-4a51-88ed-efbe667cb8ff 870b3e20d9334e5fb431bb7135f9659d 701bde2285124bd6b40d7d229b5a2975 - - default default] Successfully bumped revision number for resource bc0fbf1c-1199-43b2-b53d-bd1ec9df3aba (type: ports) to 2
2026-07-15 00:13:35.354 10 INFO neutron.wsgi [None req-0b646ba0-58e8-4a86-abed-2c5f451afc86 851b7c2d5e414e4295867e176e51c3f5 d37282b52f0c42eeb9a5de6b4a37b929 - - default default] 10.0.0.217 "DELETE /v2.0/security-groups/006ac07d-5705-4b5f-bdf4-bfe55984dd45 HTTP/1.1" status: 204 len: 168 time: 0.5106339
2026-07-15 00:13:35.364 10 INFO neutron.wsgi [None req-299b336e-e2ab-4a51-88ed-efbe667cb8ff 870b3e20d9334e5fb431bb7135f9659d 701bde2285124bd6b40d7d229b5a2975 - - default default] 10.0.0.217 "PUT /v2.0/ports/bc0fbf1c-1199-43b2-b53d-bd1ec9df3aba HTTP/1.1" status: 200 len: 946 time: 0.5000701
2026-07-15 00:13:35.446 9 INFO neutron.db.ovn_revision_numbers_db [None req-ba97e2e0-8c8a-46c9-aec5-5954db8ceda4 - - - - - -] Successfully bumped revision number for resource af1ac6dc-0474-4476-b2cf-625cbba22df2 (type: router_ports) to 2
2026-07-15 00:13:35.514 10 INFO neutron.db.ovn_revision_numbers_db [None req-a5a4e7d2-b90d-4d28-984a-2640a158154e - - - - - -] Successfully bumped revision number for resource 0b787024-4f30-409d-905d-44044875fd6d (type: ports) to 4
2026-07-15 00:13:35.711 9 INFO neutron.wsgi [None req-eba6ff33-0077-4a28-a390-554cae5808f0 870b3e20d9334e5fb431bb7135f9659d 701bde2285124bd6b40d7d229b5a2975 - - default default] 10.0.0.217 "DELETE /v2.0/ports/bc0fbf1c-1199-43b2-b53d-bd1ec9df3aba HTTP/1.1" status: 204 len: 168 time: 0.3410420
2026-07-15 00:13:35.800 9 INFO neutron.wsgi [None req-d0f1b973-e401-4a1c-acc3-81f74c1805f6 870b3e20d9334e5fb431bb7135f9659d 701bde2285124bd6b40d7d229b5a2975 - - default default] 10.0.0.217 "GET /v2.0/ports HTTP/1.1" status: 200 len: 1732 time: 0.0835333
2026-07-15 00:13:36.036 10 INFO neutron.services.segments.plugin [-] Segment 3fe05745-72bb-4413-b7fc-8b1aeb1e8d0e resource provider aggregate not found
2026-07-15 00:13:36.040 9 INFO neutron.pecan_wsgi.hooks.translation [None req-dfff83df-4395-4471-85d6-41aee38d9d98 870b3e20d9334e5fb431bb7135f9659d 701bde2285124bd6b40d7d229b5a2975 - - default default] GET failed (client error): The resource could not be found.
2026-07-15 00:13:36.042 9 INFO neutron.wsgi [None req-dfff83df-4395-4471-85d6-41aee38d9d98 870b3e20d9334e5fb431bb7135f9659d 701bde2285124bd6b40d7d229b5a2975 - - default default] 10.0.0.217 "GET /v2.0/ports/bc0fbf1c-1199-43b2-b53d-bd1ec9df3aba HTTP/1.1" status: 404 len: 333 time: 0.2368157
2026-07-15 00:13:36.043 10 INFO neutron.services.segments.plugin [-] Segment 3fe05745-72bb-4413-b7fc-8b1aeb1e8d0e resource provider aggregate not found
2026-07-15 00:13:36.058 9 WARNING neutron_lib.context [None req-a7eb6f2f-1ed9-4cdb-85ba-e5e92556b078 334f1926f1084ffaba5fa8c354e06e44 7cf7bf867d66484d980a9716e2915f9f - - default default] Method 'is_advsvc' is deprecated since 2023.2 release (neutron-lib 3.8.0) and will be removed once support for the old RBAC API policies will be removed from Neutron. Please use method 'is_service_role' instead.
2026-07-15 00:13:36.063 10 INFO neutron.services.segments.plugin [-] Segment 3fe05745-72bb-4413-b7fc-8b1aeb1e8d0e resource provider not found; error: Placement Client Error (4xx): {"errors": [{"status": 404, "title": "Not Found", "detail": "The resource could not be found.\n\n No resource provider with uuid 3fe05745-72bb-4413-b7fc-8b1aeb1e8d0e found for delete ", "request_id": "req-dd14df31-a2ea-4be9-933a-060675385913"}]}
2026-07-15 00:13:36.068 10 INFO neutron.services.segments.plugin [-] Segment 3fe05745-72bb-4413-b7fc-8b1aeb1e8d0e resource provider not found; error: Placement Client Error (4xx): {"errors": [{"status": 404, "title": "Not Found", "detail": "The resource could not be found.\n\n No resource provider with uuid 3fe05745-72bb-4413-b7fc-8b1aeb1e8d0e found for delete ", "request_id": "req-36ac4a73-1e49-4e4d-964b-af10d6719259"}]}
2026-07-15 00:13:36.078 10 INFO neutron.db.ovn_revision_numbers_db [None req-a5a4e7d2-b90d-4d28-984a-2640a158154e - - - - - -] Successfully bumped revision number for resource 0b787024-4f30-409d-905d-44044875fd6d (type: router_ports) to 4
2026-07-15 00:13:36.093 9 INFO neutron.wsgi [None req-0b6e05a2-2337-4ab6-ba84-082ea5c2c3e1 870b3e20d9334e5fb431bb7135f9659d 701bde2285124bd6b40d7d229b5a2975 - - default default] 10.0.0.217 "GET /v2.0/ports HTTP/1.1" status: 200 len: 1732 time: 0.0434232 /var/lib/openstack/lib/python3.10/site-packages/pycadf/identifier.py:71: UserWarning: Invalid uuid: neutron. To ensure interoperability, identifiers should be a valid uuid. warnings.warn(('Invalid uuid: %s. To ensure interoperability, '
2026-07-15 00:13:36.178 10 INFO neutron.wsgi [None req-d4a409c3-99da-49d2-956e-36e02889bee9 870b3e20d9334e5fb431bb7135f9659d 701bde2285124bd6b40d7d229b5a2975 - - default default] 10.0.0.217 "GET /v2.0/ports/e963c629-776c-481d-95d4-f21fa571279a HTTP/1.1" status: 200 len: 972 time: 0.0801749
2026-07-15 00:13:36.191 9 INFO neutron.db.ovn_revision_numbers_db [None req-a7eb6f2f-1ed9-4cdb-85ba-e5e92556b078 334f1926f1084ffaba5fa8c354e06e44 7cf7bf867d66484d980a9716e2915f9f - - default default] Successfully bumped revision number for resource 16fa7d3f-4c42-4e7b-9701-43ec2cfe88de (type: security_groups) to 1
2026-07-15 00:13:36.207 9 INFO neutron.pecan_wsgi.hooks.translation [None req-e081ab7c-d174-4dd2-a8b2-ea2dd22368ab 870b3e20d9334e5fb431bb7135f9659d 701bde2285124bd6b40d7d229b5a2975 - - default default] DELETE failed (client error): The resource could not be found.
