2026-07-15 00:14:01.077 10 INFO neutron.db.ovn_revision_numbers_db [None req-eb95da50-9f8a-4f45-b021-be049aa4e293 89db06eada3c46a19a5a5ab8601594b7 d42a30b382da4f7fbeeb360475b7396e - - default default] Successfully bumped revision number for resource ebefb7be-6025-4301-826d-414a699a71fb (type: security_group_rules) to 0
2026-07-15 00:14:01.171 10 INFO neutron.db.segments_db [None req-eb95da50-9f8a-4f45-b021-be049aa4e293 89db06eada3c46a19a5a5ab8601594b7 d42a30b382da4f7fbeeb360475b7396e - - default default] Added segment cb93e3a7-464f-4562-afbc-34f529f62f83 of type geneve for network 74387f11-b6ee-43db-9932-a7eef24e4237
2026-07-15 00:14:01.301 10 INFO neutron.db.segments_db [None req-eb95da50-9f8a-4f45-b021-be049aa4e293 89db06eada3c46a19a5a5ab8601594b7 d42a30b382da4f7fbeeb360475b7396e - - default default] Added segment bf9d05ec-2bf3-43a4-8f93-ccb1e854ebdd of type geneve for network d6c85071-17bb-4419-833f-10f95bdf9629
2026-07-15 00:14:01.481 9 ERROR ovsdbapp.backend.ovs_idl.command [None req-54d669da-b085-48c1-bca1-4b7d210cf1e5 e79be1a489044c6db7d36e038c1bc5fa 1e54d9ed67104bb18837955d27d8b635 - - default default] Error executing command (DbGetCommand): ovsdbapp.backend.ovs_idl.idlutils.RowNotFound: Cannot find Logical_Router_Port with name=lrp-c06da4dd-07e6-49ec-aec8-2830341b6e4b
2026-07-15 00:14:01.481 9 ERROR ovsdbapp.backend.ovs_idl.command
Traceback (most recent call last):
2026-07-15 00:14:01.481 9 ERROR ovsdbapp.backend.ovs_idl.command
File "/var/lib/openstack/lib/python3.10/site-packages/ovsdbapp/backend/ovs_idl/command.py", line 47, in execute
2026-07-15 00:14:01.481 9 ERROR ovsdbapp.backend.ovs_idl.command self.run_idl(None)
2026-07-15 00:14:01.481 9 ERROR ovsdbapp.backend.ovs_idl.command
File "/var/lib/openstack/lib/python3.10/site-packages/ovsdbapp/backend/ovs_idl/command.py", line 235, in run_idl
2026-07-15 00:14:01.481 9 ERROR ovsdbapp.backend.ovs_idl.command record = self.api.lookup(self.table, self.record)
2026-07-15 00:14:01.481 9 ERROR ovsdbapp.backend.ovs_idl.command
File "/var/lib/openstack/lib/python3.10/site-packages/ovsdbapp/backend/ovs_idl/__init__.py", line 184, in lookup
2026-07-15 00:14:01.481 9 ERROR ovsdbapp.backend.ovs_idl.command return self._lookup(table, record)
2026-07-15 00:14:01.481 9 ERROR ovsdbapp.backend.ovs_idl.command
File "/var/lib/openstack/lib/python3.10/site-packages/ovsdbapp/backend/ovs_idl/__init__.py", line 235, in _lookup
2026-07-15 00:14:01.481 9 ERROR ovsdbapp.backend.ovs_idl.command row = idlutils.row_by_value(self, rl.table, rl.column, record)
2026-07-15 00:14:01.481 9 ERROR ovsdbapp.backend.ovs_idl.command
File "/var/lib/openstack/lib/python3.10/site-packages/ovsdbapp/backend/ovs_idl/idlutils.py", line 114, in row_by_value
2026-07-15 00:14:01.481 9 ERROR ovsdbapp.backend.ovs_idl.command raise RowNotFound(table=table, col=column, match=match)
2026-07-15 00:14:01.481 9 ERROR ovsdbapp.backend.ovs_idl.command ovsdbapp.backend.ovs_idl.idlutils.RowNotFound: Cannot find Logical_Router_Port with name=lrp-c06da4dd-07e6-49ec-aec8-2830341b6e4b
2026-07-15 00:14:01.481 9 ERROR ovsdbapp.backend.ovs_idl.command 
2026-07-15 00:14:01.481 9 ERROR neutron_lib.callbacks.manager [None req-54d669da-b085-48c1-bca1-4b7d210cf1e5 e79be1a489044c6db7d36e038c1bc5fa 1e54d9ed67104bb18837955d27d8b635 - - default default] Error during notification for neutron.services.ovn_l3.plugin.OVNL3RouterPlugin._port_update-8771991230173 port, after_update: ovsdbapp.backend.ovs_idl.idlutils.RowNotFound: Cannot find Logical_Router_Port with name=lrp-c06da4dd-07e6-49ec-aec8-2830341b6e4b
2026-07-15 00:14:01.481 9 ERROR neutron_lib.callbacks.manager
Traceback (most recent call last):
2026-07-15 00:14:01.481 9 ERROR neutron_lib.callbacks.manager
File "/var/lib/openstack/lib/python3.10/site-packages/neutron_lib/callbacks/manager.py", line 189, in _notify_loop
2026-07-15 00:14:01.481 9 ERROR neutron_lib.callbacks.manager callback.method(resource, event, trigger, payload=payload)
2026-07-15 00:14:01.481 9 ERROR neutron_lib.callbacks.manager
File "/var/lib/openstack/lib/python3.10/site-packages/neutron/services/ovn_l3/plugin.py", line 391, in _port_update
2026-07-15 00:14:01.481 9 ERROR neutron_lib.callbacks.manager l3plugin._ovn_client.update_router_port(context,
2026-07-15 00:14:01.481 9 ERROR neutron_lib.callbacks.manager
File "/var/lib/openstack/lib/python3.10/site-packages/neutron/plugins/ml2/drivers/ovn/mech_driver/ovsdb/ovn_client.py", line 1878, in update_router_port
2026-07-15 00:14:01.481 9 ERROR neutron_lib.callbacks.manager self._update_lrouter_port(context, port, if_exists=if_exists,
2026-07-15 00:14:01.481 9 ERROR neutron_lib.callbacks.manager
File "/var/lib/openstack/lib/python3.10/site-packages/neutron/plugins/ml2/drivers/ovn/mech_driver/ovsdb/ovn_client.py", line 1855, in _update_lrouter_port
2026-07-15 00:14:01.481 9 ERROR neutron_lib.callbacks.manager external_ids = self._nb_idl.db_get(
2026-07-15 00:14:01.481 9 ERROR neutron_lib.callbacks.manager
File "/var/lib/openstack/lib/python3.10/site-packages/ovsdbapp/backend/ovs_idl/command.py", line 47, in execute
2026-07-15 00:14:01.481 9 ERROR neutron_lib.callbacks.manager self.run_idl(None)
2026-07-15 00:14:01.481 9 ERROR neutron_lib.callbacks.manager
File "/var/lib/openstack/lib/python3.10/site-packages/ovsdbapp/backend/ovs_idl/command.py", line 235, in run_idl
2026-07-15 00:14:01.481 9 ERROR neutron_lib.callbacks.manager record = self.api.lookup(self.table, self.record)
2026-07-15 00:14:01.481 9 ERROR neutron_lib.callbacks.manager
File "/var/lib/openstack/lib/python3.10/site-packages/ovsdbapp/backend/ovs_idl/__init__.py", line 184, in lookup
2026-07-15 00:14:01.481 9 ERROR neutron_lib.callbacks.manager return self._lookup(table, record)
2026-07-15 00:14:01.481 9 ERROR neutron_lib.callbacks.manager
File "/var/lib/openstack/lib/python3.10/site-packages/ovsdbapp/backend/ovs_idl/__init__.py", line 235, in _lookup
2026-07-15 00:14:01.481 9 ERROR neutron_lib.callbacks.manager row = idlutils.row_by_value(self, rl.table, rl.column, record)
2026-07-15 00:14:01.481 9 ERROR neutron_lib.callbacks.manager
File "/var/lib/openstack/lib/python3.10/site-packages/ovsdbapp/backend/ovs_idl/idlutils.py", line 114, in row_by_value
2026-07-15 00:14:01.481 9 ERROR neutron_lib.callbacks.manager raise RowNotFound(table=table, col=column, match=match)
2026-07-15 00:14:01.481 9 ERROR neutron_lib.callbacks.manager ovsdbapp.backend.ovs_idl.idlutils.RowNotFound: Cannot find Logical_Router_Port with name=lrp-c06da4dd-07e6-49ec-aec8-2830341b6e4b
2026-07-15 00:14:01.481 9 ERROR neutron_lib.callbacks.manager 
2026-07-15 00:14:01.501 10 INFO neutron.db.ovn_revision_numbers_db [None req-eb95da50-9f8a-4f45-b021-be049aa4e293 89db06eada3c46a19a5a5ab8601594b7 d42a30b382da4f7fbeeb360475b7396e - - default default] Successfully bumped revision number for resource 74387f11-b6ee-43db-9932-a7eef24e4237 (type: networks) to 1
2026-07-15 00:14:01.624 9 INFO neutron.plugins.ml2.drivers.ovn.mech_driver.mech_driver [None req-ba97e2e0-8c8a-46c9-aec5-5954db8ceda4 - - - - - -] OVN reports status up for port: c06da4dd-07e6-49ec-aec8-2830341b6e4b
2026-07-15 00:14:01.648 9 INFO neutron.db.ovn_revision_numbers_db [None req-54d669da-b085-48c1-bca1-4b7d210cf1e5 e79be1a489044c6db7d36e038c1bc5fa 1e54d9ed67104bb18837955d27d8b635 - - default default] Successfully bumped revision number for resource c06da4dd-07e6-49ec-aec8-2830341b6e4b (type: ports) to 1
2026-07-15 00:14:01.650 9 INFO neutron.plugins.ml2.plugin [None req-ba97e2e0-8c8a-46c9-aec5-5954db8ceda4 - - - - - -] Attempt 1 to provision port c06da4dd-07e6-49ec-aec8-2830341b6e4b
2026-07-15 00:14:01.693 10 WARNING neutron.scheduler.dhcp_agent_scheduler [None req-eb95da50-9f8a-4f45-b021-be049aa4e293 89db06eada3c46a19a5a5ab8601594b7 d42a30b382da4f7fbeeb360475b7396e - - default default] No more DHCP agents
2026-07-15 00:14:01.696 10 WARNING neutron.api.rpc.agentnotifiers.dhcp_rpc_agent_api [None req-eb95da50-9f8a-4f45-b021-be049aa4e293 89db06eada3c46a19a5a5ab8601594b7 d42a30b382da4f7fbeeb360475b7396e - - default default] Unable to schedule network 74387f11-b6ee-43db-9932-a7eef24e4237: no agents available; will retry on subsequent port and subnet creation events.
2026-07-15 00:14:01.739 9 WARNING neutron.scheduler.dhcp_agent_scheduler [None req-54d669da-b085-48c1-bca1-4b7d210cf1e5 e79be1a489044c6db7d36e038c1bc5fa 1e54d9ed67104bb18837955d27d8b635 - - default default] No more DHCP agents
2026-07-15 00:14:01.746 9 WARNING neutron.api.rpc.agentnotifiers.dhcp_rpc_agent_api [None req-54d669da-b085-48c1-bca1-4b7d210cf1e5 e79be1a489044c6db7d36e038c1bc5fa 1e54d9ed67104bb18837955d27d8b635 - - default default] Unable to schedule network 6a3e836a-59e7-4a51-9e89-019a768bcef0: no agents available; will retry on subsequent port and subnet creation events.
2026-07-15 00:14:01.784 10 INFO neutron.db.ovn_revision_numbers_db [None req-eb95da50-9f8a-4f45-b021-be049aa4e293 89db06eada3c46a19a5a5ab8601594b7 d42a30b382da4f7fbeeb360475b7396e - - default default] Successfully bumped revision number for resource 1f6063de-4cc1-4034-b428-0d0c34f4b92e (type: ports) to 1
2026-07-15 00:14:01.865 10 INFO neutron.db.ovn_revision_numbers_db [None req-eb95da50-9f8a-4f45-b021-be049aa4e293 89db06eada3c46a19a5a5ab8601594b7 d42a30b382da4f7fbeeb360475b7396e - - default default] Successfully bumped revision number for resource d6c85071-17bb-4419-833f-10f95bdf9629 (type: networks) to 1
2026-07-15 00:14:01.960 9 INFO neutron.db.ovn_revision_numbers_db [None req-54d669da-b085-48c1-bca1-4b7d210cf1e5 e79be1a489044c6db7d36e038c1bc5fa 1e54d9ed67104bb18837955d27d8b635 - - default default] Successfully bumped revision number for resource c06da4dd-07e6-49ec-aec8-2830341b6e4b (type: router_ports) to 1
2026-07-15 00:14:01.965 9 INFO neutron.wsgi [None req-54d669da-b085-48c1-bca1-4b7d210cf1e5 e79be1a489044c6db7d36e038c1bc5fa 1e54d9ed67104bb18837955d27d8b635 - - default default] 10.0.0.217 "PUT /v2.0/routers/8004c6d7-a2f2-4467-9a43-deeeb98279d7/add_router_interface HTTP/1.1" status: 200 len: 503 time: 1.9685125
2026-07-15 00:14:02.031 10 INFO neutron.wsgi [None req-7ebcfa2d-172a-4bc1-b66c-174f069e1f91 e79be1a489044c6db7d36e038c1bc5fa 1e54d9ed67104bb18837955d27d8b635 - - default default] 10.0.0.217 "GET /v2.0/ports/c06da4dd-07e6-49ec-aec8-2830341b6e4b HTTP/1.1" status: 200 len: 1141 time: 0.0601256
2026-07-15 00:14:02.102 10 WARNING neutron.scheduler.dhcp_agent_scheduler [None req-eb95da50-9f8a-4f45-b021-be049aa4e293 89db06eada3c46a19a5a5ab8601594b7 d42a30b382da4f7fbeeb360475b7396e - - default default] No more DHCP agents
2026-07-15 00:14:02.105 10 WARNING neutron.api.rpc.agentnotifiers.dhcp_rpc_agent_api [None req-eb95da50-9f8a-4f45-b021-be049aa4e293 89db06eada3c46a19a5a5ab8601594b7 d42a30b382da4f7fbeeb360475b7396e - - default default] Unable to schedule network d6c85071-17bb-4419-833f-10f95bdf9629: no agents available; will retry on subsequent port and subnet creation events.
2026-07-15 00:14:02.180 9 INFO neutron.db.ovn_revision_numbers_db [None req-ba97e2e0-8c8a-46c9-aec5-5954db8ceda4 - - - - - -] Successfully bumped revision number for resource c06da4dd-07e6-49ec-aec8-2830341b6e4b (type: ports) to 2
2026-07-15 00:14:02.193 9 INFO neutron.wsgi [None req-938d0a1b-3c42-4d47-be7e-70818f26386f e79be1a489044c6db7d36e038c1bc5fa 1e54d9ed67104bb18837955d27d8b635 - - default default] 10.0.0.217 "GET /v2.0/ports/c06da4dd-07e6-49ec-aec8-2830341b6e4b HTTP/1.1" status: 200 len: 1141 time: 0.1573567
2026-07-15 00:14:02.198 10 INFO neutron.db.ovn_revision_numbers_db [None req-eb95da50-9f8a-4f45-b021-be049aa4e293 89db06eada3c46a19a5a5ab8601594b7 d42a30b382da4f7fbeeb360475b7396e - - default default] Successfully bumped revision number for resource 66796a46-b80f-433d-9ed2-0cbc746a7d37 (type: ports) to 1
2026-07-15 00:14:02.223 10 INFO neutron.wsgi [None req-eb95da50-9f8a-4f45-b021-be049aa4e293 89db06eada3c46a19a5a5ab8601594b7 d42a30b382da4f7fbeeb360475b7396e - - default default] 10.0.0.217 "POST /v2.0/networks HTTP/1.1" status: 201 len: 1446 time: 1.6073794
2026-07-15 00:14:02.298 10 INFO neutron.wsgi [None req-eac9817a-e51e-4880-849f-faf831c42769 89db06eada3c46a19a5a5ab8601594b7 d42a30b382da4f7fbeeb360475b7396e - - default default] 10.0.0.217 "GET /v2.0/networks HTTP/1.1" status: 200 len: 2052 time: 0.0690455
2026-07-15 00:14:02.379 9 INFO neutron.db.ovn_revision_numbers_db [None req-ba97e2e0-8c8a-46c9-aec5-5954db8ceda4 - - - - - -] Successfully bumped revision number for resource c06da4dd-07e6-49ec-aec8-2830341b6e4b (type: router_ports) to 2
2026-07-15 00:14:02.791 10 INFO neutron.services.segments.plugin [-] Segment cb93e3a7-464f-4562-afbc-34f529f62f83 resource provider aggregate not found
2026-07-15 00:14:02.802 10 INFO neutron.services.segments.plugin [-] Segment cb93e3a7-464f-4562-afbc-34f529f62f83 resource provider aggregate not found
2026-07-15 00:14:02.810 10 INFO neutron.services.segments.plugin [-] Segment cb93e3a7-464f-4562-afbc-34f529f62f83 resource provider not found; error: Placement Client Error (4xx): {"errors": [{"status": 404, "title": "Not Found", "detail": "The resource could not be found.\n\n No resource provider with uuid cb93e3a7-464f-4562-afbc-34f529f62f83 found for delete ", "request_id": "req-df7afe08-029e-4a1f-aeea-6dc5cf996f61"}]}
2026-07-15 00:14:02.818 10 INFO neutron.services.segments.plugin [-] Segment cb93e3a7-464f-4562-afbc-34f529f62f83 resource provider not found; error: Placement Client Error (4xx): {"errors": [{"status": 404, "title": "Not Found", "detail": "The resource could not be found.\n\n No resource provider with uuid cb93e3a7-464f-4562-afbc-34f529f62f83 found for delete ", "request_id": "req-49977059-457f-45ff-bc6f-20e7ad91e05d"}]}
2026-07-15 00:14:02.839 10 INFO neutron.wsgi [None req-21c5367b-157e-4402-85a8-209fd70963e8 89db06eada3c46a19a5a5ab8601594b7 d42a30b382da4f7fbeeb360475b7396e - - default default] 10.0.0.217 "DELETE /v2.0/networks/74387f11-b6ee-43db-9932-a7eef24e4237 HTTP/1.1" status: 204 len: 168 time: 0.5360937
2026-07-15 00:14:03.029 9 INFO neutron.wsgi [None req-a77942e9-bbd4-4e89-9042-03be969ef79e e79be1a489044c6db7d36e038c1bc5fa 1e54d9ed67104bb18837955d27d8b635 - - default default] 10.0.0.217 "PUT /v2.0/routers/8004c6d7-a2f2-4467-9a43-deeeb98279d7/remove_router_interface HTTP/1.1" status: 200 len: 503 time: 0.8290403 /var/lib/openstack/lib/python3.10/site-packages/pycadf/identifier.py:71: UserWarning: Invalid uuid: neutron. To ensure interoperability, identifiers should be a valid uuid. warnings.warn(('Invalid uuid: %s. To ensure interoperability, '
2026-07-15 00:14:03.065 9 INFO neutron.wsgi [None req-d7f31b50-3d4f-4dd7-b68e-4aef6c14d954 e79be1a489044c6db7d36e038c1bc5fa 1e54d9ed67104bb18837955d27d8b635 - - default default] 10.0.0.217 "GET /v2.0/ports?device_id=8004c6d7-a2f2-4467-9a43-deeeb98279d7 HTTP/1.1" status: 200 len: 205 time: 0.0270200
2026-07-15 00:14:03.272 10 INFO neutron.wsgi [None req-0f00b09a-2213-45a8-99ca-afd3ed40f322 89db06eada3c46a19a5a5ab8601594b7 d42a30b382da4f7fbeeb360475b7396e - - default default] 10.0.0.217 "DELETE /v2.0/networks/d6c85071-17bb-4419-833f-10f95bdf9629 HTTP/1.1" status: 204 len: 168 time: 0.4272742
2026-07-15 00:14:03.358 10 INFO neutron.wsgi [None req-3023107a-4789-401a-8e31-6c567c5b8d8f 89db06eada3c46a19a5a5ab8601594b7 d42a30b382da4f7fbeeb360475b7396e - - default default] 10.0.0.217 "GET /v2.0/networks HTTP/1.1" status: 200 len: 845 time: 0.0805259
2026-07-15 00:14:03.371 10 WARNING neutron_lib.context [None req-ab8e9de4-e480-49d4-b593-11077694e776 89db06eada3c46a19a5a5ab8601594b7 d42a30b382da4f7fbeeb360475b7396e - - default default] Method 'is_advsvc' is deprecated since 2023.2 release (neutron-lib 3.8.0) and will be removed once support for the old RBAC API policies will be removed from Neutron. Please use method 'is_service_role' instead.
2026-07-15 00:14:03.470 10 INFO neutron.db.segments_db [None req-ab8e9de4-e480-49d4-b593-11077694e776 89db06eada3c46a19a5a5ab8601594b7 d42a30b382da4f7fbeeb360475b7396e - - default default] Added segment 1b6d7966-2d1d-40bc-a771-b53c30c6f90e of type geneve for network 1267664c-36fc-41ff-9d9e-a8d90bea499b
2026-07-15 00:14:03.636 9 INFO neutron.wsgi [None req-4e7a4dcc-eddb-44d1-9d71-24a686eeaf13 e79be1a489044c6db7d36e038c1bc5fa 1e54d9ed67104bb18837955d27d8b635 - - default default] 10.0.0.217 "DELETE /v2.0/routers/8004c6d7-a2f2-4467-9a43-deeeb98279d7 HTTP/1.1" status: 204 len: 168 time: 0.5660341
2026-07-15 00:14:03.680 10 INFO neutron.db.ovn_revision_numbers_db [None req-ab8e9de4-e480-49d4-b593-11077694e776 89db06eada3c46a19a5a5ab8601594b7 d42a30b382da4f7fbeeb360475b7396e - - default default] Successfully bumped revision number for resource 1267664c-36fc-41ff-9d9e-a8d90bea499b (type: networks) to 1
2026-07-15 00:14:03.871 9 INFO neutron.wsgi [None req-43cbf9c3-f439-405e-b592-1ed67fdbe253 e79be1a489044c6db7d36e038c1bc5fa 1e54d9ed67104bb18837955d27d8b635 - - default default] 10.0.0.217 "DELETE /v2.0/subnets/03eee255-39b9-4f1c-86f0-0fda206f45fe HTTP/1.1" status: 204 len: 168 time: 0.2224951
2026-07-15 00:14:03.923 10 WARNING neutron.scheduler.dhcp_agent_scheduler [None req-ab8e9de4-e480-49d4-b593-11077694e776 89db06eada3c46a19a5a5ab8601594b7 d42a30b382da4f7fbeeb360475b7396e - - default default] No more DHCP agents
2026-07-15 00:14:03.927 10 WARNING neutron.api.rpc.agentnotifiers.dhcp_rpc_agent_api [None req-ab8e9de4-e480-49d4-b593-11077694e776 89db06eada3c46a19a5a5ab8601594b7 d42a30b382da4f7fbeeb360475b7396e - - default default] Unable to schedule network 1267664c-36fc-41ff-9d9e-a8d90bea499b: no agents available; will retry on subsequent port and subnet creation events.
2026-07-15 00:14:04.041 10 INFO neutron.db.ovn_revision_numbers_db [None req-ab8e9de4-e480-49d4-b593-11077694e776 89db06eada3c46a19a5a5ab8601594b7 d42a30b382da4f7fbeeb360475b7396e - - default default] Successfully bumped revision number for resource 0bf19087-492f-4779-a369-7aa15fac4800 (type: ports) to 1
2026-07-15 00:14:04.079 10 INFO neutron.wsgi [None req-ab8e9de4-e480-49d4-b593-11077694e776 89db06eada3c46a19a5a5ab8601594b7 d42a30b382da4f7fbeeb360475b7396e - - default default] 10.0.0.217 "POST /v2.0/networks HTTP/1.1" status: 201 len: 849 time: 0.7139766
2026-07-15 00:14:04.091 9 WARNING neutron_lib.context [None req-d67f2875-2f59-4433-b8d0-30c2cadc621a 89db06eada3c46a19a5a5ab8601594b7 d42a30b382da4f7fbeeb360475b7396e - - default default] Method 'is_advsvc' is deprecated since 2023.2 release (neutron-lib 3.8.0) and will be removed once support for the old RBAC API policies will be removed from Neutron. Please use method 'is_service_role' instead.
2026-07-15 00:14:04.185 9 INFO neutron.db.segments_db [None req-d67f2875-2f59-4433-b8d0-30c2cadc621a 89db06eada3c46a19a5a5ab8601594b7 d42a30b382da4f7fbeeb360475b7396e - - default default] Added segment d0dfcac3-6ce9-4bb0-8769-da38c0989bc3 of type geneve for network 5107e595-d66a-481b-b9a9-982b219166df
2026-07-15 00:14:04.305 10 INFO neutron.wsgi [None req-f355d4b4-6f1d-473f-8d71-7f9115181981 e79be1a489044c6db7d36e038c1bc5fa 1e54d9ed67104bb18837955d27d8b635 - - default default] 10.0.0.217 "DELETE /v2.0/networks/6a3e836a-59e7-4a51-9e89-019a768bcef0 HTTP/1.1" status: 204 len: 168 time: 0.4280279
2026-07-15 00:14:04.314 9 WARNING neutron_lib.context [None req-fec07b0a-24bd-4661-bad6-0ace20577a3d e79be1a489044c6db7d36e038c1bc5fa 1e54d9ed67104bb18837955d27d8b635 - - default default] Method 'is_advsvc' is deprecated since 2023.2 release (neutron-lib 3.8.0) and will be removed once support for the old RBAC API policies will be removed from Neutron. Please use method 'is_service_role' instead.
2026-07-15 00:14:04.349 9 INFO neutron.db.ovn_revision_numbers_db [None req-d67f2875-2f59-4433-b8d0-30c2cadc621a 89db06eada3c46a19a5a5ab8601594b7 d42a30b382da4f7fbeeb360475b7396e - - default default] Successfully bumped revision number for resource 5107e595-d66a-481b-b9a9-982b219166df (type: networks) to 1
2026-07-15 00:14:04.638 9 WARNING neutron.scheduler.dhcp_agent_scheduler [None req-d67f2875-2f59-4433-b8d0-30c2cadc621a 89db06eada3c46a19a5a5ab8601594b7 d42a30b382da4f7fbeeb360475b7396e - - default default] No more DHCP agents
2026-07-15 00:14:04.643 9 WARNING neutron.api.rpc.agentnotifiers.dhcp_rpc_agent_api [None req-d67f2875-2f59-4433-b8d0-30c2cadc621a 89db06eada3c46a19a5a5ab8601594b7 d42a30b382da4f7fbeeb360475b7396e - - default default] Unable to schedule network 5107e595-d66a-481b-b9a9-982b219166df: no agents available; will retry on subsequent port and subnet creation events.
2026-07-15 00:14:04.788 9 INFO neutron.db.ovn_revision_numbers_db [None req-d67f2875-2f59-4433-b8d0-30c2cadc621a 89db06eada3c46a19a5a5ab8601594b7 d42a30b382da4f7fbeeb360475b7396e - - default default] Successfully bumped revision number for resource 97182820-9e19-4aa9-9710-7c6b60071c99 (type: ports) to 1
2026-07-15 00:14:04.822 9 INFO neutron.wsgi [None req-d67f2875-2f59-4433-b8d0-30c2cadc621a 89db06eada3c46a19a5a5ab8601594b7 d42a30b382da4f7fbeeb360475b7396e - - default default] 10.0.0.217 "POST /v2.0/networks HTTP/1.1" status: 201 len: 848 time: 0.7373536
2026-07-15 00:14:04.835 10 WARNING neutron_lib.context [None req-ac23def3-52a7-49b8-94d3-f1865c7cb716 89db06eada3c46a19a5a5ab8601594b7 d42a30b382da4f7fbeeb360475b7396e - - default default] Method 'is_advsvc' is deprecated since 2023.2 release (neutron-lib 3.8.0) and will be removed once support for the old RBAC API policies will be removed from Neutron. Please use method 'is_service_role' instead.
2026-07-15 00:14:04.856 10 INFO neutron.services.segments.plugin [-] Segment bf9d05ec-2bf3-43a4-8f93-ccb1e854ebdd resource provider aggregate not found
2026-07-15 00:14:04.860 10 INFO neutron.services.segments.plugin [-] Segment bf9d05ec-2bf3-43a4-8f93-ccb1e854ebdd resource provider aggregate not found
2026-07-15 00:14:04.881 10 INFO neutron.services.segments.plugin [-] Segment bf9d05ec-2bf3-43a4-8f93-ccb1e854ebdd resource provider not found; error: Placement Client Error (4xx): {"errors": [{"status": 404, "title": "Not Found", "detail": "The resource could not be found.\n\n No resource provider with uuid bf9d05ec-2bf3-43a4-8f93-ccb1e854ebdd found for delete ", "request_id": "req-ad965758-6d6c-4816-89b9-31af56f7a074"}]}
2026-07-15 00:14:04.886 10 INFO neutron.services.segments.plugin [-] Segment bf9d05ec-2bf3-43a4-8f93-ccb1e854ebdd resource provider not found; error: Placement Client Error (4xx): {"errors": [{"status": 404, "title": "Not Found", "detail": "The resource could not be found.\n\n No resource provider with uuid bf9d05ec-2bf3-43a4-8f93-ccb1e854ebdd found for delete ", "request_id": "req-cccc7ba8-bc24-4252-8a1d-dd1860bc2bdb"}]}
2026-07-15 00:14:04.891 10 WARNING neutron_lib.context [None req-ac23def3-52a7-49b8-94d3-f1865c7cb716 89db06eada3c46a19a5a5ab8601594b7 d42a30b382da4f7fbeeb360475b7396e - - default default] Method 'is_advsvc' is deprecated since 2023.2 release (neutron-lib 3.8.0) and will be removed once support for the old RBAC API policies will be removed from Neutron. Please use method 'is_service_role' instead.
2026-07-15 00:14:04.905 10 INFO neutron.services.segments.plugin [-] Segment 15b9644e-1c6c-4ce4-8b2d-8f3aef71ae53 resource provider aggregate not found
2026-07-15 00:14:04.910 10 INFO neutron.services.segments.plugin [-] Segment 15b9644e-1c6c-4ce4-8b2d-8f3aef71ae53 resource provider aggregate not found
2026-07-15 00:14:04.931 10 INFO neutron.services.segments.plugin [-] Segment 15b9644e-1c6c-4ce4-8b2d-8f3aef71ae53 resource provider not found; error: Placement Client Error (4xx): {"errors": [{"status": 404, "title": "Not Found", "detail": "The resource could not be found.\n\n No resource provider with uuid 15b9644e-1c6c-4ce4-8b2d-8f3aef71ae53 found for delete ", "request_id": "req-5fb3be42-10ee-470b-94d5-097d713cd361"}]}
2026-07-15 00:14:04.932 10 INFO neutron.services.segments.plugin [-] Segment 15b9644e-1c6c-4ce4-8b2d-8f3aef71ae53 resource provider not found; error: Placement Client Error (4xx): {"errors": [{"status": 404, "title": "Not Found", "detail": "The resource could not be found.\n\n No resource provider with uuid 15b9644e-1c6c-4ce4-8b2d-8f3aef71ae53 found for delete ", "request_id": "req-f73764b4-6464-4e2b-abf4-f1b3e9ced135"}]}
2026-07-15 00:14:04.975 9 WARNING neutron.scheduler.dhcp_agent_scheduler [None req-fec07b0a-24bd-4661-bad6-0ace20577a3d e79be1a489044c6db7d36e038c1bc5fa 1e54d9ed67104bb18837955d27d8b635 - - default default] No more DHCP agents
2026-07-15 00:14:04.979 9 WARNING neutron.api.rpc.agentnotifiers.dhcp_rpc_agent_api [None req-fec07b0a-24bd-4661-bad6-0ace20577a3d e79be1a489044c6db7d36e038c1bc5fa 1e54d9ed67104bb18837955d27d8b635 - - default default] Unable to schedule network 26c6b39e-c936-438f-b814-b71b15a8d673: no agents available; will retry on subsequent port and subnet creation events.
2026-07-15 00:14:05.156 9 INFO neutron.db.ovn_revision_numbers_db [None req-fec07b0a-24bd-4661-bad6-0ace20577a3d e79be1a489044c6db7d36e038c1bc5fa 1e54d9ed67104bb18837955d27d8b635 - - default default] Successfully bumped revision number for resource d45c6fb1-4324-44c3-bc84-1bfbcb6e211a (type: ports) to 1
2026-07-15 00:14:05.348 10 WARNING neutron.scheduler.dhcp_agent_scheduler [None req-ac23def3-52a7-49b8-94d3-f1865c7cb716 89db06eada3c46a19a5a5ab8601594b7 d42a30b382da4f7fbeeb360475b7396e - - default default] No more DHCP agents
2026-07-15 00:14:05.350 10 WARNING neutron.api.rpc.agentnotifiers.dhcp_rpc_agent_api [None req-ac23def3-52a7-49b8-94d3-f1865c7cb716 89db06eada3c46a19a5a5ab8601594b7 d42a30b382da4f7fbeeb360475b7396e - - default default] Unable to schedule network 1267664c-36fc-41ff-9d9e-a8d90bea499b: no agents available; will retry on subsequent port and subnet creation events. /var/lib/openstack/lib/python3.10/site-packages/pycadf/identifier.py:71: UserWarning: Invalid uuid: neutron. To ensure interoperability, identifiers should be a valid uuid. warnings.warn(('Invalid uuid: %s. To ensure interoperability, '
2026-07-15 00:14:05.458 10 INFO neutron.db.ovn_revision_numbers_db [None req-ac23def3-52a7-49b8-94d3-f1865c7cb716 89db06eada3c46a19a5a5ab8601594b7 d42a30b382da4f7fbeeb360475b7396e - - default default] Successfully bumped revision number for resource 7b18e480-464d-4f5c-9226-4685a39ae1ed (type: ports) to 1
2026-07-15 00:14:05.512 10 WARNING neutron.scheduler.dhcp_agent_scheduler [None req-ac23def3-52a7-49b8-94d3-f1865c7cb716 89db06eada3c46a19a5a5ab8601594b7 d42a30b382da4f7fbeeb360475b7396e - - default default] No more DHCP agents
2026-07-15 00:14:05.516 10 WARNING neutron.api.rpc.agentnotifiers.dhcp_rpc_agent_api [None req-ac23def3-52a7-49b8-94d3-f1865c7cb716 89db06eada3c46a19a5a5ab8601594b7 d42a30b382da4f7fbeeb360475b7396e - - default default] Unable to schedule network 5107e595-d66a-481b-b9a9-982b219166df: no agents available; will retry on subsequent port and subnet creation events.
2026-07-15 00:14:05.561 10 INFO neutron.wsgi [req-e98b6589-ff65-4b0a-a699-7d17c5db268c req-1a1d45b8-3ee2-4624-8ab6-9ffeca9714aa 334f1926f1084ffaba5fa8c354e06e44 7cf7bf867d66484d980a9716e2915f9f - - default default] 10.0.0.93 "GET /v2.0/ports?device_id=c5a43464-0c85-496b-9a27-973b5eabde00 HTTP/1.1" status: 200 len: 1170 time: 0.1350646 /var/lib/openstack/lib/python3.10/site-packages/pycadf/identifier.py:71: UserWarning: Invalid uuid: neutron. To ensure interoperability, identifiers should be a valid uuid. warnings.warn(('Invalid uuid: %s. To ensure interoperability, '
2026-07-15 00:14:05.631 10 INFO neutron.wsgi [req-e98b6589-ff65-4b0a-a699-7d17c5db268c req-1e76f97b-6506-44ff-93f2-f7bdf4d4943a 334f1926f1084ffaba5fa8c354e06e44 7cf7bf867d66484d980a9716e2915f9f - - default default] 10.0.0.93 "GET /v2.0/security-groups?id=16fa7d3f-4c42-4e7b-9701-43ec2cfe88de&fields=id&fields=name HTTP/1.1" status: 200 len: 313 time: 0.0622644
2026-07-15 00:14:05.644 10 INFO neutron.db.ovn_revision_numbers_db [None req-ac23def3-52a7-49b8-94d3-f1865c7cb716 89db06eada3c46a19a5a5ab8601594b7 d42a30b382da4f7fbeeb360475b7396e - - default default] Successfully bumped revision number for resource 55719135-c8eb-41d4-8493-35b3966d239c (type: ports) to 1
2026-07-15 00:14:05.680 10 INFO neutron.wsgi [None req-ac23def3-52a7-49b8-94d3-f1865c7cb716 89db06eada3c46a19a5a5ab8601594b7 d42a30b382da4f7fbeeb360475b7396e - - default default] 10.0.0.217 "POST /v2.0/ports HTTP/1.1" status: 201 len: 1705 time: 0.8516324
2026-07-15 00:14:05.840 9 INFO neutron.wsgi [req-8283669a-f6fb-4540-9665-df93b7150e47 req-fdeb0c0f-663f-4b31-9863-993a077e5b73 334f1926f1084ffaba5fa8c354e06e44 7cf7bf867d66484d980a9716e2915f9f - - default default] 10.0.0.93 "GET /v2.0/ports?device_id=c5a43464-0c85-496b-9a27-973b5eabde00 HTTP/1.1" status: 200 len: 1170 time: 0.1268904
2026-07-15 00:14:05.863 10 INFO neutron.wsgi [None req-0bf663a7-a985-4b4d-b824-f167f80b5062 89db06eada3c46a19a5a5ab8601594b7 d42a30b382da4f7fbeeb360475b7396e - - default default] 10.0.0.217 "GET /v2.0/ports HTTP/1.1" status: 200 len: 3212 time: 0.1687996
2026-07-15 00:14:05.906 9 INFO neutron.wsgi [req-8283669a-f6fb-4540-9665-df93b7150e47 req-ad120b28-a41f-4022-9b52-4bec488eaaa8 334f1926f1084ffaba5fa8c354e06e44 7cf7bf867d66484d980a9716e2915f9f - - default default] 10.0.0.93 "GET /v2.0/security-groups?id=16fa7d3f-4c42-4e7b-9701-43ec2cfe88de&fields=id&fields=name HTTP/1.1" status: 200 len: 313 time: 0.0512834
2026-07-15 00:14:05.962 9 INFO neutron.plugins.ml2.drivers.ovn.mech_driver.ovsdb.commands [None req-0a8bd426-bdde-4d07-8805-1102f97e05f2 - - - - - -] Schedule LRP lrp-d45c6fb1-4324-44c3-bc84-1bfbcb6e211a on gateway 84088eff-252a-4915-9c95-760fd31e4e38 with priority 1
2026-07-15 00:14:05.985 10 INFO neutron.plugins.ml2.drivers.ovn.mech_driver.mech_driver [None req-54af771d-6cd2-404c-b450-159907c9d9b0 - - - - - -] OVN reports status up for port: d45c6fb1-4324-44c3-bc84-1bfbcb6e211a
2026-07-15 00:14:05.996 10 INFO neutron.plugins.ml2.plugin [None req-54af771d-6cd2-404c-b450-159907c9d9b0 - - - - - -] Attempt 1 to provision port d45c6fb1-4324-44c3-bc84-1bfbcb6e211a
2026-07-15 00:14:06.007 9 INFO neutron.db.ovn_revision_numbers_db [None req-fec07b0a-24bd-4661-bad6-0ace20577a3d e79be1a489044c6db7d36e038c1bc5fa 1e54d9ed67104bb18837955d27d8b635 - - default default] Successfully bumped revision number for resource d45c6fb1-4324-44c3-bc84-1bfbcb6e211a (type: router_ports) to 1
2026-07-15 00:14:06.176 10 INFO neutron.wsgi [None req-2024f18e-e09a-4458-84e1-38e8d3e41ca5 89db06eada3c46a19a5a5ab8601594b7 d42a30b382da4f7fbeeb360475b7396e - - default default] 10.0.0.217 "DELETE /v2.0/ports/7b18e480-464d-4f5c-9226-4685a39ae1ed HTTP/1.1" status: 204 len: 168 time: 0.3067634
2026-07-15 00:14:06.374 9 INFO neutron.wsgi [req-27e921bb-d4e9-47d5-854e-480388975f2a req-4b1824d2-2172-4739-b3a4-0c5d0bc5e0be a754bae6f1a04627af4b07292851ad2c d4f72008438441d799b5c7b357853935 - - 5c41aad2933c46f48380ba9f661a8615 5c41aad2933c46f48380ba9f661a8615] 199.204.45.4 "GET /v2.0/ports?tenant_id=7cf7bf867d66484d980a9716e2915f9f&device_id=c5a43464-0c85-496b-9a27-973b5eabde00 HTTP/1.1" status: 200 len: 1409 time: 0.0700886
2026-07-15 00:14:06.381 9 INFO neutron.wsgi [req-c9e7f3f3-f6c6-46c7-87da-1c60d686816a req-ce59d54c-06e8-459b-ad34-597f42943a7f 334f1926f1084ffaba5fa8c354e06e44 7cf7bf867d66484d980a9716e2915f9f - - default default] 10.0.0.93 "GET /v2.0/ports?device_id=c5a43464-0c85-496b-9a27-973b5eabde00 HTTP/1.1" status: 200 len: 1170 time: 0.0779929
2026-07-15 00:14:06.444 9 INFO neutron.db.ovn_revision_numbers_db [None req-fec07b0a-24bd-4661-bad6-0ace20577a3d e79be1a489044c6db7d36e038c1bc5fa 1e54d9ed67104bb18837955d27d8b635 - - default default] Successfully bumped revision number for resource 11abde0c-84fa-434b-a62b-77957544ecee (type: routers) to 2
2026-07-15 00:14:06.465 9 INFO neutron.wsgi [req-c9e7f3f3-f6c6-46c7-87da-1c60d686816a req-68f6959a-021a-4b3b-90f8-d591c03b158f 334f1926f1084ffaba5fa8c354e06e44 7cf7bf867d66484d980a9716e2915f9f - - default default] 10.0.0.93 "GET /v2.0/security-groups?id=16fa7d3f-4c42-4e7b-9701-43ec2cfe88de&fields=id&fields=name HTTP/1.1" status: 200 len: 313 time: 0.0726731
2026-07-15 00:14:06.476 9 INFO neutron.wsgi [req-27e921bb-d4e9-47d5-854e-480388975f2a req-764ee4e1-abd5-4e66-8d4b-f76f1faba0dc a754bae6f1a04627af4b07292851ad2c d4f72008438441d799b5c7b357853935 - - 5c41aad2933c46f48380ba9f661a8615 5c41aad2933c46f48380ba9f661a8615] 199.204.45.4 "GET /v2.0/networks?id=1705389e-5ea9-4cdb-baa3-6d71077ea96d HTTP/1.1" status: 200 len: 974 time: 0.0923617
2026-07-15 00:14:06.480 9 INFO neutron.wsgi [None req-fec07b0a-24bd-4661-bad6-0ace20577a3d e79be1a489044c6db7d36e038c1bc5fa 1e54d9ed67104bb18837955d27d8b635 - - default default] 10.0.0.217 "POST /v2.0/routers HTTP/1.1" status: 201 len: 1151 time: 2.1695678
2026-07-15 00:14:06.482 10 INFO neutron.wsgi [None req-6e772735-5d08-4d4b-886e-6a373707fa61 89db06eada3c46a19a5a5ab8601594b7 d42a30b382da4f7fbeeb360475b7396e - - default default] 10.0.0.217 "DELETE /v2.0/ports/55719135-c8eb-41d4-8493-35b3966d239c HTTP/1.1" status: 204 len: 168 time: 0.2938418
2026-07-15 00:14:06.527 9 INFO neutron.wsgi [req-27e921bb-d4e9-47d5-854e-480388975f2a req-eadc492b-6437-49b5-b918-cd534992dfe4 a754bae6f1a04627af4b07292851ad2c d4f72008438441d799b5c7b357853935 - - 5c41aad2933c46f48380ba9f661a8615 5c41aad2933c46f48380ba9f661a8615] 199.204.45.4 "GET /v2.0/floatingips?fixed_ip_address=10.100.0.6&port_id=27ac6a44-d638-4185-8074-f35ec376a59d HTTP/1.1" status: 200 len: 1059 time: 0.0442054
2026-07-15 00:14:06.586 9 INFO neutron.wsgi [req-27e921bb-d4e9-47d5-854e-480388975f2a req-acef98ed-7906-4b6d-96a8-651f7294447d a754bae6f1a04627af4b07292851ad2c d4f72008438441d799b5c7b357853935 - - 5c41aad2933c46f48380ba9f661a8615 5c41aad2933c46f48380ba9f661a8615] 199.204.45.4 "GET /v2.0/subnets?id=c33b4563-2e14-48b3-8dee-8acf38d598e7 HTTP/1.1" status: 200 len: 869 time: 0.0520084
2026-07-15 00:14:06.617 9 INFO neutron.wsgi [req-27e921bb-d4e9-47d5-854e-480388975f2a req-08359a6e-6d75-46ae-a6e5-d5a6a8bd2108 a754bae6f1a04627af4b07292851ad2c d4f72008438441d799b5c7b357853935 - - 5c41aad2933c46f48380ba9f661a8615 5c41aad2933c46f48380ba9f661a8615] 199.204.45.4 "GET /v2.0/ports?network_id=1705389e-5ea9-4cdb-baa3-6d71077ea96d&device_owner=network%3Adhcp HTTP/1.1" status: 200 len: 210 time: 0.0255730
2026-07-15 00:14:06.681 9 INFO neutron.wsgi [req-27e921bb-d4e9-47d5-854e-480388975f2a req-5d22a762-9fd9-497e-9c47-b45a97352a44 a754bae6f1a04627af4b07292851ad2c d4f72008438441d799b5c7b357853935 - - 5c41aad2933c46f48380ba9f661a8615 5c41aad2933c46f48380ba9f661a8615] 199.204.45.4 "GET /v2.0/networks/1705389e-5ea9-4cdb-baa3-6d71077ea96d?fields=segments HTTP/1.1" status: 200 len: 212 time: 0.0566077
2026-07-15 00:14:06.776 9 INFO neutron.wsgi [req-27e921bb-d4e9-47d5-854e-480388975f2a req-3452df34-5dd8-4364-8e12-0116efa7a96c a754bae6f1a04627af4b07292851ad2c d4f72008438441d799b5c7b357853935 - - 5c41aad2933c46f48380ba9f661a8615 5c41aad2933c46f48380ba9f661a8615] 199.204.45.4 "GET /v2.0/networks/1705389e-5ea9-4cdb-baa3-6d71077ea96d?fields=provider%3Aphysical_network&fields=provider%3Anetwork_type HTTP/1.1" status: 200 len: 277 time: 0.0865524
2026-07-15 00:14:06.837 10 INFO neutron.wsgi [None req-fdd52cf3-bfa6-497c-8d2c-8933bcb99eac 89db06eada3c46a19a5a5ab8601594b7 d42a30b382da4f7fbeeb360475b7396e - - default default] 10.0.0.217 "GET /v2.0/ports HTTP/1.1" status: 200 len: 1718 time: 0.3461730
2026-07-15 00:14:06.850 9 WARNING neutron_lib.context [None req-084175cb-ed71-4944-8317-90ba1272d450 89db06eada3c46a19a5a5ab8601594b7 d42a30b382da4f7fbeeb360475b7396e - - default default] Method 'is_advsvc' is deprecated since 2023.2 release (neutron-lib 3.8.0) and will be removed once support for the old RBAC API policies will be removed from Neutron. Please use method 'is_service_role' instead.
2026-07-15 00:14:06.885 10 INFO neutron.wsgi [None req-f9cfb870-bc38-46de-80dc-bb40589f7003 e79be1a489044c6db7d36e038c1bc5fa 1e54d9ed67104bb18837955d27d8b635 - - default default] 10.0.0.217 "GET /v2.0/routers/11abde0c-84fa-434b-a62b-77957544ecee HTTP/1.1" status: 200 len: 1152 time: 0.3953812
2026-07-15 00:14:06.934 9 INFO neutron.db.segments_db [None req-084175cb-ed71-4944-8317-90ba1272d450 89db06eada3c46a19a5a5ab8601594b7 d42a30b382da4f7fbeeb360475b7396e - - default default] Added segment 6bf26cc5-8cc6-4541-8128-96fe505f2085 of type geneve for network 2e163161-3da2-4135-bab1-379c8006bc6d
2026-07-15 00:14:07.033 10 INFO neutron.wsgi [None req-6924ed42-7ce6-4be8-b82a-177a6f7826d2 e79be1a489044c6db7d36e038c1bc5fa 1e54d9ed67104bb18837955d27d8b635 - - default default] 10.0.0.217 "GET /v2.0/routers HTTP/1.1" status: 200 len: 1155 time: 0.1429982
2026-07-15 00:14:07.111 9 INFO neutron.db.ovn_revision_numbers_db [None req-084175cb-ed71-4944-8317-90ba1272d450 89db06eada3c46a19a5a5ab8601594b7 d42a30b382da4f7fbeeb360475b7396e - - default default] Successfully bumped revision number for resource 2e163161-3da2-4135-bab1-379c8006bc6d (type: networks) to 1
2026-07-15 00:14:07.185 9 WARNING neutron.plugins.ml2.drivers.ovn.mech_driver.ovsdb.ovn_client [None req-ba97e2e0-8c8a-46c9-aec5-5954db8ceda4 - - - - - -] No port found with ID c06da4dd-07e6-49ec-aec8-2830341b6e4b: RuntimeError: No port found with ID c06da4dd-07e6-49ec-aec8-2830341b6e4b
2026-07-15 00:14:07.294 9 WARNING neutron.scheduler.dhcp_agent_scheduler [None req-084175cb-ed71-4944-8317-90ba1272d450 89db06eada3c46a19a5a5ab8601594b7 d42a30b382da4f7fbeeb360475b7396e - - default default] No more DHCP agents
2026-07-15 00:14:07.296 9 WARNING neutron.api.rpc.agentnotifiers.dhcp_rpc_agent_api [None req-084175cb-ed71-4944-8317-90ba1272d450 89db06eada3c46a19a5a5ab8601594b7 d42a30b382da4f7fbeeb360475b7396e - - default default] Unable to schedule network 2e163161-3da2-4135-bab1-379c8006bc6d: no agents available; will retry on subsequent port and subnet creation events.
2026-07-15 00:14:07.390 9 INFO neutron.db.ovn_revision_numbers_db [None req-084175cb-ed71-4944-8317-90ba1272d450 89db06eada3c46a19a5a5ab8601594b7 d42a30b382da4f7fbeeb360475b7396e - - default default] Successfully bumped revision number for resource 0157b7fb-e005-419c-9658-c58351b505a0 (type: ports) to 1
2026-07-15 00:14:07.414 9 INFO neutron.wsgi [None req-084175cb-ed71-4944-8317-90ba1272d450 89db06eada3c46a19a5a5ab8601594b7 d42a30b382da4f7fbeeb360475b7396e - - default default] 10.0.0.217 "POST /v2.0/networks HTTP/1.1" status: 201 len: 848 time: 0.5724151
2026-07-15 00:14:07.425 9 WARNING neutron_lib.context [None req-a06f7ed6-bfff-4e85-b540-ffe5da31e84a 89db06eada3c46a19a5a5ab8601594b7 d42a30b382da4f7fbeeb360475b7396e - - default default] Method 'is_advsvc' is deprecated since 2023.2 release (neutron-lib 3.8.0) and will be removed once support for the old RBAC API policies will be removed from Neutron. Please use method 'is_service_role' instead.
2026-07-15 00:14:07.528 9 INFO neutron.db.segments_db [None req-a06f7ed6-bfff-4e85-b540-ffe5da31e84a 89db06eada3c46a19a5a5ab8601594b7 d42a30b382da4f7fbeeb360475b7396e - - default default] Added segment e6aa62ec-c170-47f0-80c2-01c949989a0b of type geneve for network 455b6f45-2beb-44e2-bac7-2c22972550e1
2026-07-15 00:14:07.606 10 INFO neutron.wsgi [req-2091095d-fb80-4854-bbfa-8da90f3502ae req-6722b9d4-5e46-41ab-a863-c79c88eb54e8 334f1926f1084ffaba5fa8c354e06e44 7cf7bf867d66484d980a9716e2915f9f - - default default] 10.0.0.93 "GET /v2.0/ports?device_id=c5a43464-0c85-496b-9a27-973b5eabde00 HTTP/1.1" status: 200 len: 1170 time: 0.0738471
2026-07-15 00:14:07.629 10 INFO neutron.db.ovn_revision_numbers_db [None req-7d941fab-783d-42d0-b8a6-c457f4a9457a e79be1a489044c6db7d36e038c1bc5fa 1e54d9ed67104bb18837955d27d8b635 - - default default] Successfully bumped revision number for resource 11abde0c-84fa-434b-a62b-77957544ecee (type: routers) to 3
2026-07-15 00:14:07.635 10 INFO neutron.wsgi [None req-7d941fab-783d-42d0-b8a6-c457f4a9457a e79be1a489044c6db7d36e038c1bc5fa 1e54d9ed67104bb18837955d27d8b635 - - default default] 10.0.0.217 "PUT /v2.0/routers/11abde0c-84fa-434b-a62b-77957544ecee HTTP/1.1" status: 200 len: 1159 time: 0.5973945
2026-07-15 00:14:07.687 10 INFO neutron.wsgi [req-2091095d-fb80-4854-bbfa-8da90f3502ae req-550ea5cf-970e-43e2-b2d7-951da7e88063 334f1926f1084ffaba5fa8c354e06e44 7cf7bf867d66484d980a9716e2915f9f - - default default] 10.0.0.93 "GET /v2.0/security-groups?id=16fa7d3f-4c42-4e7b-9701-43ec2cfe88de&fields=id&fields=name HTTP/1.1" status: 200 len: 313 time: 0.0742574
2026-07-15 00:14:07.728 9 INFO neutron.db.ovn_revision_numbers_db [None req-a06f7ed6-bfff-4e85-b540-ffe5da31e84a 89db06eada3c46a19a5a5ab8601594b7 d42a30b382da4f7fbeeb360475b7396e - - default default] Successfully bumped revision number for resource 455b6f45-2beb-44e2-bac7-2c22972550e1 (type: networks) to 1
2026-07-15 00:14:07.736 10 INFO neutron.wsgi [None req-1bea5157-3caa-4823-890f-d9ce9f0165e2 e79be1a489044c6db7d36e038c1bc5fa 1e54d9ed67104bb18837955d27d8b635 - - default default] 10.0.0.217 "GET /v2.0/routers/11abde0c-84fa-434b-a62b-77957544ecee HTTP/1.1" status: 200 len: 1159 time: 0.0921707
2026-07-15 00:14:07.776 10 INFO neutron.wsgi [None req-44312e71-ac1f-449b-8808-63b000b27742 e79be1a489044c6db7d36e038c1bc5fa 1e54d9ed67104bb18837955d27d8b635 - - default default] 10.0.0.217 "GET /v2.0/ports?device_id=11abde0c-84fa-434b-a62b-77957544ecee HTTP/1.1" status: 200 len: 205 time: 0.0345881
2026-07-15 00:14:08.000 9 WARNING neutron.scheduler.dhcp_agent_scheduler [None req-a06f7ed6-bfff-4e85-b540-ffe5da31e84a 89db06eada3c46a19a5a5ab8601594b7 d42a30b382da4f7fbeeb360475b7396e - - default default] No more DHCP agents
2026-07-15 00:14:08.001 9 WARNING neutron.api.rpc.agentnotifiers.dhcp_rpc_agent_api [None req-a06f7ed6-bfff-4e85-b540-ffe5da31e84a 89db06eada3c46a19a5a5ab8601594b7 d42a30b382da4f7fbeeb360475b7396e - - default default] Unable to schedule network 455b6f45-2beb-44e2-bac7-2c22972550e1: no agents available; will retry on subsequent port and subnet creation events.
2026-07-15 00:14:08.110 9 INFO neutron.db.ovn_revision_numbers_db [None req-a06f7ed6-bfff-4e85-b540-ffe5da31e84a 89db06eada3c46a19a5a5ab8601594b7 d42a30b382da4f7fbeeb360475b7396e - - default default] Successfully bumped revision number for resource 738dcf3c-f374-4da8-8abb-b276a90c452e (type: ports) to 1
2026-07-15 00:14:08.128 9 INFO neutron.wsgi [None req-a06f7ed6-bfff-4e85-b540-ffe5da31e84a 89db06eada3c46a19a5a5ab8601594b7 d42a30b382da4f7fbeeb360475b7396e - - default default] 10.0.0.217 "POST /v2.0/networks HTTP/1.1" status: 201 len: 848 time: 0.7080069
2026-07-15 00:14:08.169 9 WARNING neutron_lib.context [None req-ece2f084-72d6-4f48-85fc-a4ba6a96babc 89db06eada3c46a19a5a5ab8601594b7 d42a30b382da4f7fbeeb360475b7396e - - default default] Method 'is_advsvc' is deprecated since 2023.2 release (neutron-lib 3.8.0) and will be removed once support for the old RBAC API policies will be removed from Neutron. Please use method 'is_service_role' instead.
2026-07-15 00:14:08.218 9 WARNING neutron_lib.context [None req-ece2f084-72d6-4f48-85fc-a4ba6a96babc 89db06eada3c46a19a5a5ab8601594b7 d42a30b382da4f7fbeeb360475b7396e - - default default] Method 'is_advsvc' is deprecated since 2023.2 release (neutron-lib 3.8.0) and will be removed once support for the old RBAC API policies will be removed from Neutron. Please use method 'is_service_role' instead.
2026-07-15 00:14:08.619 9 WARNING neutron.scheduler.dhcp_agent_scheduler [None req-ece2f084-72d6-4f48-85fc-a4ba6a96babc 89db06eada3c46a19a5a5ab8601594b7 d42a30b382da4f7fbeeb360475b7396e - - default default] No more DHCP agents
2026-07-15 00:14:08.624 9 WARNING neutron.api.rpc.agentnotifiers.dhcp_rpc_agent_api [None req-ece2f084-72d6-4f48-85fc-a4ba6a96babc 89db06eada3c46a19a5a5ab8601594b7 d42a30b382da4f7fbeeb360475b7396e - - default default] Unable to schedule network 2e163161-3da2-4135-bab1-379c8006bc6d: no agents available; will retry on subsequent port and subnet creation events.
2026-07-15 00:14:08.738 10 INFO neutron.wsgi [None req-f0310e9c-ca88-47b5-813f-32acafc19f39 e79be1a489044c6db7d36e038c1bc5fa 1e54d9ed67104bb18837955d27d8b635 - - default default] 10.0.0.217 "DELETE /v2.0/routers/11abde0c-84fa-434b-a62b-77957544ecee HTTP/1.1" status: 204 len: 168 time: 0.9540613
2026-07-15 00:14:08.768 9 INFO neutron.wsgi [None req-62f9ed71-fbf0-4992-9f04-61a51442266b e79be1a489044c6db7d36e038c1bc5fa 1e54d9ed67104bb18837955d27d8b635 - - default default] 10.0.0.217 "GET /v2.0/ports?device_id=11abde0c-84fa-434b-a62b-77957544ecee HTTP/1.1" status: 200 len: 205 time: 0.0229077
2026-07-15 00:14:08.805 10 INFO neutron.api.v2.resource [None req-7293adbd-d1a4-467d-99d0-adc11b7c4279 e79be1a489044c6db7d36e038c1bc5fa 1e54d9ed67104bb18837955d27d8b635 - - default default] delete failed (client error): The resource could not be found.
2026-07-15 00:14:08.807 10 INFO neutron.wsgi [None req-7293adbd-d1a4-467d-99d0-adc11b7c4279 e79be1a489044c6db7d36e038c1bc5fa 1e54d9ed67104bb18837955d27d8b635 - - default default] 10.0.0.217 "DELETE /v2.0/routers/11abde0c-84fa-434b-a62b-77957544ecee HTTP/1.1" status: 404 len: 336 time: 0.0342302
2026-07-15 00:14:08.838 10 INFO neutron.wsgi [None req-acf962ef-c870-4477-bbdc-36e15f67b2e8 e79be1a489044c6db7d36e038c1bc5fa 1e54d9ed67104bb18837955d27d8b635 - - default default] 10.0.0.217 "GET /v2.0/ports?device_id=8004c6d7-a2f2-4467-9a43-deeeb98279d7 HTTP/1.1" status: 200 len: 205 time: 0.0248480
2026-07-15 00:14:08.853 9 INFO neutron.wsgi [req-b3a9bee8-9632-4128-b073-6fc08eea95d7 req-a6e90e26-50b3-4476-8969-3c1af15c69c6 334f1926f1084ffaba5fa8c354e06e44 7cf7bf867d66484d980a9716e2915f9f - - default default] 10.0.0.93 "GET /v2.0/ports?device_id=c5a43464-0c85-496b-9a27-973b5eabde00 HTTP/1.1" status: 200 len: 1170 time: 0.0678380
2026-07-15 00:14:08.878 10 INFO neutron.api.v2.resource [None req-bb36cbfb-3af6-4f10-9765-e0c0ef599231 e79be1a489044c6db7d36e038c1bc5fa 1e54d9ed67104bb18837955d27d8b635 - - default default] delete failed (client error): The resource could not be found.
2026-07-15 00:14:08.879 10 INFO neutron.wsgi [None req-bb36cbfb-3af6-4f10-9765-e0c0ef599231 e79be1a489044c6db7d36e038c1bc5fa 1e54d9ed67104bb18837955d27d8b635 - - default default] 10.0.0.217 "DELETE /v2.0/routers/8004c6d7-a2f2-4467-9a43-deeeb98279d7 HTTP/1.1" status: 404 len: 336 time: 0.0361667
2026-07-15 00:14:08.912 10 INFO neutron.pecan_wsgi.hooks.translation [None req-4d5bd28c-ec45-436c-9ecd-688cc59c1914 e79be1a489044c6db7d36e038c1bc5fa 1e54d9ed67104bb18837955d27d8b635 - - default default] DELETE failed (client error): The resource could not be found.
2026-07-15 00:14:08.915 9 INFO neutron.wsgi [req-b3a9bee8-9632-4128-b073-6fc08eea95d7 req-18df40a9-5ff5-4bff-a38c-84b97c7e0c09 334f1926f1084ffaba5fa8c354e06e44 7cf7bf867d66484d980a9716e2915f9f - - default default] 10.0.0.93 "GET /v2.0/security-groups?id=16fa7d3f-4c42-4e7b-9701-43ec2cfe88de&fields=id&fields=name HTTP/1.1" status: 200 len: 313 time: 0.0560100
2026-07-15 00:14:08.915 10 INFO neutron.wsgi [None req-4d5bd28c-ec45-436c-9ecd-688cc59c1914 e79be1a489044c6db7d36e038c1bc5fa 1e54d9ed67104bb18837955d27d8b635 - - default default] 10.0.0.217 "DELETE /v2.0/subnets/03eee255-39b9-4f1c-86f0-0fda206f45fe HTTP/1.1" status: 404 len: 337 time: 0.0233891
2026-07-15 00:14:08.959 9 INFO neutron.wsgi [None req-b549ddb4-d978-4d35-9f99-8839f33a4e7f e79be1a489044c6db7d36e038c1bc5fa 1e54d9ed67104bb18837955d27d8b635 - - default default] 10.0.0.217 "GET /v2.0/ports?device_id=53858fce-8fa2-41e3-8f96-a49ec8566844 HTTP/1.1" status: 200 len: 205 time: 0.0387604
2026-07-15 00:14:08.997 10 INFO neutron.api.v2.resource [None req-0983ef89-7dac-4477-8743-6d93670cc22a e79be1a489044c6db7d36e038c1bc5fa 1e54d9ed67104bb18837955d27d8b635 - - default default] delete failed (client error): The resource could not be found.
2026-07-15 00:14:08.999 10 INFO neutron.wsgi [None req-0983ef89-7dac-4477-8743-6d93670cc22a e79be1a489044c6db7d36e038c1bc5fa 1e54d9ed67104bb18837955d27d8b635 - - default default] 10.0.0.217 "DELETE /v2.0/routers/53858fce-8fa2-41e3-8f96-a49ec8566844 HTTP/1.1" status: 404 len: 336 time: 0.0337043
2026-07-15 00:14:09.023 9 INFO neutron.pecan_wsgi.hooks.translation [None req-6c900a68-9d6b-4d7d-9cb6-73c712059e17 e79be1a489044c6db7d36e038c1bc5fa 1e54d9ed67104bb18837955d27d8b635 - - default default] DELETE failed (client error): The resource could not be found.
2026-07-15 00:14:09.026 9 INFO neutron.wsgi [None req-6c900a68-9d6b-4d7d-9cb6-73c712059e17 e79be1a489044c6db7d36e038c1bc5fa 1e54d9ed67104bb18837955d27d8b635 - - default default] 10.0.0.217 "DELETE /v2.0/subnets/6f899403-998c-42bb-bd63-14ed360a7f67 HTTP/1.1" status: 404 len: 337 time: 0.0218091
2026-07-15 00:14:09.059 9 INFO neutron.wsgi [None req-2cf3d77c-c13b-4415-895e-3895429be81b e79be1a489044c6db7d36e038c1bc5fa 1e54d9ed67104bb18837955d27d8b635 - - default default] 10.0.0.217 "GET /v2.0/ports?device_id=53ef49f0-39af-4321-b14c-7c73e809bf69 HTTP/1.1" status: 200 len: 205 time: 0.0279830
2026-07-15 00:14:09.108 10 INFO neutron.api.v2.resource [None req-1c925dd9-e665-461c-84b4-16430c47d338 e79be1a489044c6db7d36e038c1bc5fa 1e54d9ed67104bb18837955d27d8b635 - - default default] delete failed (client error): The resource could not be found.
2026-07-15 00:14:09.109 10 INFO neutron.wsgi [None req-1c925dd9-e665-461c-84b4-16430c47d338 e79be1a489044c6db7d36e038c1bc5fa 1e54d9ed67104bb18837955d27d8b635 - - default default] 10.0.0.217 "DELETE /v2.0/routers/53ef49f0-39af-4321-b14c-7c73e809bf69 HTTP/1.1" status: 404 len: 336 time: 0.0441608
2026-07-15 00:14:09.139 10 INFO neutron.pecan_wsgi.hooks.translation [None req-816d664a-a00a-435b-b66c-44302593a381 e79be1a489044c6db7d36e038c1bc5fa 1e54d9ed67104bb18837955d27d8b635 - - default default] DELETE failed (client error): The resource could not be found.
2026-07-15 00:14:09.144 10 INFO neutron.wsgi [None req-816d664a-a00a-435b-b66c-44302593a381 e79be1a489044c6db7d36e038c1bc5fa 1e54d9ed67104bb18837955d27d8b635 - - default default] 10.0.0.217 "DELETE /v2.0/subnets/e01691d5-a59f-49d5-8b31-0cdb566d08dd HTTP/1.1" status: 404 len: 337 time: 0.0291023
2026-07-15 00:14:09.175 9 INFO neutron.pecan_wsgi.hooks.translation [None req-8b235b59-d5db-47f8-a829-2e8375cc6ae6 e79be1a489044c6db7d36e038c1bc5fa 1e54d9ed67104bb18837955d27d8b635 - - default default] DELETE failed (client error): The resource could not be found.
