2026-07-15 00:14:53.736 10 INFO neutron.wsgi [None req-b20778cc-e200-4d68-bd64-51b02d463d26 5d7cd0f1ac354bf8ab03e4fb6ec76bde 1618d24fa45e4c72b643596ea0999fb9 - - default default] 10.0.0.217 "GET /v2.0/ports?device_id=73442f58-d4e7-4382-aaa2-2bee4af91a24 HTTP/1.1" status: 200 len: 1404 time: 0.0799122
2026-07-15 00:14:53.750 10 WARNING neutron_lib.context [None req-2f3f231a-7d83-4672-9368-bb1e39bed900 d373721a75b3488d80253e095454b5db 0b2dcf0264a04a428e23c2eb69b848e4 - - default default] Method 'is_advsvc' is deprecated since 2023.2 release (neutron-lib 3.8.0) and will be removed once support for the old RBAC API policies will be removed from Neutron. Please use method 'is_service_role' instead.
2026-07-15 00:14:53.846 9 INFO neutron.notifiers.nova [-] Nova event matching ['req-2d76818b-fcac-44a4-9cba-3d0df7a6a130'] response: {'server_uuid': '73442f58-d4e7-4382-aaa2-2bee4af91a24', 'name': 'network-vif-plugged', 'status': 'completed', 'tag': '281e4bbc-98ac-4925-b1bf-e679fcde3faa', 'code': 200}
2026-07-15 00:14:53.910 10 INFO neutron.db.ovn_revision_numbers_db [None req-d8b3933b-f616-40ef-b5a9-8121a551a6dc 9e50593cd90046f78ce442c98dcd328e 9c3887423bc14a27836c4423825fb11c - - default default] Successfully bumped revision number for resource bacf63a6-3f27-45e0-8650-4b4d89811b27 (type: floatingips) to 3
2026-07-15 00:14:53.995 10 INFO neutron.db.l3_db [None req-d8b3933b-f616-40ef-b5a9-8121a551a6dc 9e50593cd90046f78ce442c98dcd328e 9c3887423bc14a27836c4423825fb11c - - default default] Floating IP bacf63a6-3f27-45e0-8650-4b4d89811b27 disassociated. External IP: 10.96.250.219, port: ec2593a6-8374-4b9f-8430-6ca4dfaa178e.
2026-07-15 00:14:54.044 10 INFO neutron.wsgi [None req-d8b3933b-f616-40ef-b5a9-8121a551a6dc 9e50593cd90046f78ce442c98dcd328e 9c3887423bc14a27836c4423825fb11c - - default default] 10.0.0.217 "PUT /v2.0/floatingips/bacf63a6-3f27-45e0-8650-4b4d89811b27 HTTP/1.1" status: 200 len: 748 time: 0.4712996 /var/lib/openstack/lib/python3.10/site-packages/pycadf/identifier.py:71: UserWarning: Invalid uuid: neutron. To ensure interoperability, identifiers should be a valid uuid. warnings.warn(('Invalid uuid: %s. To ensure interoperability, '
2026-07-15 00:14:54.238 10 WARNING neutron.scheduler.dhcp_agent_scheduler [None req-2f3f231a-7d83-4672-9368-bb1e39bed900 d373721a75b3488d80253e095454b5db 0b2dcf0264a04a428e23c2eb69b848e4 - - default default] No more DHCP agents
2026-07-15 00:14:54.241 10 WARNING neutron.api.rpc.agentnotifiers.dhcp_rpc_agent_api [None req-2f3f231a-7d83-4672-9368-bb1e39bed900 d373721a75b3488d80253e095454b5db 0b2dcf0264a04a428e23c2eb69b848e4 - - default default] Unable to schedule network 26c6b39e-c936-438f-b814-b71b15a8d673: no agents available; will retry on subsequent port and subnet creation events.
2026-07-15 00:14:54.587 9 INFO neutron.db.ovn_revision_numbers_db [None req-8c300f2f-55f4-44fc-b645-4500d654c4fb 026b904edeed4ec9b7fec2b25f201921 fb0c153c47734c53a678401522136805 - - default default] Successfully bumped revision number for resource 38292af7-5ed0-4bae-b1a8-0894447bcd10 (type: ports) to 2
2026-07-15 00:14:54.618 9 INFO neutron.db.ovn_revision_numbers_db [None req-8c300f2f-55f4-44fc-b645-4500d654c4fb 026b904edeed4ec9b7fec2b25f201921 fb0c153c47734c53a678401522136805 - - default default] Successfully bumped revision number for resource 1680d288-4c98-4ec5-b5ef-aaf310106b8d (type: subnets) to 0
2026-07-15 00:14:54.634 9 INFO neutron.wsgi [None req-8c300f2f-55f4-44fc-b645-4500d654c4fb 026b904edeed4ec9b7fec2b25f201921 fb0c153c47734c53a678401522136805 - - default default] 10.0.0.217 "POST /v2.0/subnets HTTP/1.1" status: 201 len: 804 time: 1.2261686
2026-07-15 00:14:54.643 9 WARNING neutron_lib.context [None req-6d04bd8a-ddaf-481e-9a38-2cae111ebad2 026b904edeed4ec9b7fec2b25f201921 fb0c153c47734c53a678401522136805 - - default default] Method 'is_advsvc' is deprecated since 2023.2 release (neutron-lib 3.8.0) and will be removed once support for the old RBAC API policies will be removed from Neutron. Please use method 'is_service_role' instead.
2026-07-15 00:14:54.681 10 INFO neutron.wsgi [None req-ac6a47cc-7f44-458e-b314-a1e3edc9d5a8 9e50593cd90046f78ce442c98dcd328e 9c3887423bc14a27836c4423825fb11c - - default default] 10.0.0.217 "DELETE /v2.0/floatingips/bacf63a6-3f27-45e0-8650-4b4d89811b27 HTTP/1.1" status: 204 len: 168 time: 0.6316361
2026-07-15 00:14:54.711 10 INFO neutron.api.v2.resource [None req-064adc7d-8f4c-4fb6-bab9-894569e8777b 9e50593cd90046f78ce442c98dcd328e 9c3887423bc14a27836c4423825fb11c - - default default] delete failed (client error): The resource could not be found.
2026-07-15 00:14:54.713 10 INFO neutron.wsgi [None req-064adc7d-8f4c-4fb6-bab9-894569e8777b 9e50593cd90046f78ce442c98dcd328e 9c3887423bc14a27836c4423825fb11c - - default default] 10.0.0.217 "DELETE /v2.0/floatingips/bacf63a6-3f27-45e0-8650-4b4d89811b27 HTTP/1.1" status: 404 len: 345 time: 0.0270619
2026-07-15 00:14:54.749 9 INFO neutron.db.segments_db [None req-6d04bd8a-ddaf-481e-9a38-2cae111ebad2 026b904edeed4ec9b7fec2b25f201921 fb0c153c47734c53a678401522136805 - - default default] Added segment ff1223b1-0fde-4c3d-8585-9036f8832a0b of type geneve for network 2a81bcd0-4920-4fac-9d09-7966f7f7258b
2026-07-15 00:14:54.943 9 INFO neutron.db.ovn_revision_numbers_db [None req-6d04bd8a-ddaf-481e-9a38-2cae111ebad2 026b904edeed4ec9b7fec2b25f201921 fb0c153c47734c53a678401522136805 - - default default] Successfully bumped revision number for resource 2a81bcd0-4920-4fac-9d09-7966f7f7258b (type: networks) to 1
2026-07-15 00:14:55.235 9 WARNING neutron.scheduler.dhcp_agent_scheduler [None req-6d04bd8a-ddaf-481e-9a38-2cae111ebad2 026b904edeed4ec9b7fec2b25f201921 fb0c153c47734c53a678401522136805 - - default default] No more DHCP agents
2026-07-15 00:14:55.240 9 WARNING neutron.api.rpc.agentnotifiers.dhcp_rpc_agent_api [None req-6d04bd8a-ddaf-481e-9a38-2cae111ebad2 026b904edeed4ec9b7fec2b25f201921 fb0c153c47734c53a678401522136805 - - default default] Unable to schedule network 2a81bcd0-4920-4fac-9d09-7966f7f7258b: no agents available; will retry on subsequent port and subnet creation events.
2026-07-15 00:14:55.259 10 INFO neutron.db.ovn_revision_numbers_db [None req-2f3f231a-7d83-4672-9368-bb1e39bed900 d373721a75b3488d80253e095454b5db 0b2dcf0264a04a428e23c2eb69b848e4 - - default default] Successfully bumped revision number for resource b78342ef-a0cf-4cbc-8cce-fdbb991bbc67 (type: floatingips) to -1
2026-07-15 00:14:55.366 9 INFO neutron.wsgi [None req-2ea774d7-05c3-4eb4-80b1-45a8d3af4af6 9e50593cd90046f78ce442c98dcd328e 9c3887423bc14a27836c4423825fb11c - - default default] 10.0.0.217 "DELETE /v2.0/ports/ec2593a6-8374-4b9f-8430-6ca4dfaa178e HTTP/1.1" status: 204 len: 168 time: 0.6471252
2026-07-15 00:14:55.367 9 INFO neutron.db.ovn_revision_numbers_db [None req-6d04bd8a-ddaf-481e-9a38-2cae111ebad2 026b904edeed4ec9b7fec2b25f201921 fb0c153c47734c53a678401522136805 - - default default] Successfully bumped revision number for resource 777caaf5-3b18-4c7c-a135-092b158af53e (type: ports) to 1
2026-07-15 00:14:55.400 9 INFO neutron.wsgi [None req-6d04bd8a-ddaf-481e-9a38-2cae111ebad2 026b904edeed4ec9b7fec2b25f201921 fb0c153c47734c53a678401522136805 - - default default] 10.0.0.217 "POST /v2.0/networks HTTP/1.1" status: 201 len: 830 time: 0.7614636
2026-07-15 00:14:55.405 10 INFO neutron.db.ovn_revision_numbers_db [None req-2f3f231a-7d83-4672-9368-bb1e39bed900 d373721a75b3488d80253e095454b5db 0b2dcf0264a04a428e23c2eb69b848e4 - - default default] Successfully bumped revision number for resource b78342ef-a0cf-4cbc-8cce-fdbb991bbc67 (type: floatingips) to 1
2026-07-15 00:14:55.406 10 INFO neutron.db.l3_db [None req-2f3f231a-7d83-4672-9368-bb1e39bed900 d373721a75b3488d80253e095454b5db 0b2dcf0264a04a428e23c2eb69b848e4 - - default default] Floating IP b78342ef-a0cf-4cbc-8cce-fdbb991bbc67 associated. External IP: 10.96.250.206, port: 281e4bbc-98ac-4925-b1bf-e679fcde3faa.
2026-07-15 00:14:55.412 9 WARNING neutron_lib.context [None req-97ec082a-ac31-435c-86a7-904c220ed99b 026b904edeed4ec9b7fec2b25f201921 fb0c153c47734c53a678401522136805 - - default default] Method 'is_advsvc' is deprecated since 2023.2 release (neutron-lib 3.8.0) and will be removed once support for the old RBAC API policies will be removed from Neutron. Please use method 'is_service_role' instead.
2026-07-15 00:14:55.454 10 INFO neutron.wsgi [None req-2f3f231a-7d83-4672-9368-bb1e39bed900 d373721a75b3488d80253e095454b5db 0b2dcf0264a04a428e23c2eb69b848e4 - - default default] 10.0.0.217 "POST /v2.0/floatingips HTTP/1.1" status: 201 len: 1054 time: 1.7116864
2026-07-15 00:14:55.509 10 INFO neutron.notifiers.nova [-] Nova event matching ['req-1de8f591-738a-4988-87bf-f675fc52f24c'] response: {'name': 'network-changed', 'server_uuid': '73442f58-d4e7-4382-aaa2-2bee4af91a24', 'tag': '281e4bbc-98ac-4925-b1bf-e679fcde3faa', 'status': 'completed', 'code': 200}
2026-07-15 00:14:55.561 9 INFO neutron.wsgi [None req-549b3884-e382-4615-977c-f1444ea8155a d373721a75b3488d80253e095454b5db 0b2dcf0264a04a428e23c2eb69b848e4 - - default default] 10.0.0.217 "GET /v2.0/floatingips/b78342ef-a0cf-4cbc-8cce-fdbb991bbc67 HTTP/1.1" status: 200 len: 1051 time: 0.0986321
2026-07-15 00:14:55.627 9 INFO neutron.wsgi [req-1af5990c-f30d-49cf-84f8-2d2f5ade3d2e req-5d1419af-bc14-48f8-ad20-f73e39c2ec9a a754bae6f1a04627af4b07292851ad2c d4f72008438441d799b5c7b357853935 - - 5c41aad2933c46f48380ba9f661a8615 5c41aad2933c46f48380ba9f661a8615] 199.204.45.4 "GET /v2.0/ports?tenant_id=0b2dcf0264a04a428e23c2eb69b848e4&device_id=73442f58-d4e7-4382-aaa2-2bee4af91a24 HTTP/1.1" status: 200 len: 1409 time: 0.0888941
2026-07-15 00:14:55.749 9 INFO neutron.wsgi [req-1af5990c-f30d-49cf-84f8-2d2f5ade3d2e req-73b66a7f-a41e-4345-aeaf-d20280c38db4 a754bae6f1a04627af4b07292851ad2c d4f72008438441d799b5c7b357853935 - - 5c41aad2933c46f48380ba9f661a8615 5c41aad2933c46f48380ba9f661a8615] 199.204.45.4 "GET /v2.0/networks?id=a2dd015e-da8c-4d87-aa72-9eb975900fbb HTTP/1.1" status: 200 len: 957 time: 0.1180353
2026-07-15 00:14:55.830 9 INFO neutron.wsgi [req-1af5990c-f30d-49cf-84f8-2d2f5ade3d2e req-a7f0960c-1049-4d8a-be72-270e6152c376 a754bae6f1a04627af4b07292851ad2c d4f72008438441d799b5c7b357853935 - - 5c41aad2933c46f48380ba9f661a8615 5c41aad2933c46f48380ba9f661a8615] 199.204.45.4 "GET /v2.0/floatingips?fixed_ip_address=10.100.0.4&port_id=281e4bbc-98ac-4925-b1bf-e679fcde3faa HTTP/1.1" status: 200 len: 1059 time: 0.0715365
2026-07-15 00:14:55.888 9 WARNING neutron.scheduler.dhcp_agent_scheduler [None req-97ec082a-ac31-435c-86a7-904c220ed99b 026b904edeed4ec9b7fec2b25f201921 fb0c153c47734c53a678401522136805 - - default default] No more DHCP agents
2026-07-15 00:14:55.895 9 WARNING neutron.api.rpc.agentnotifiers.dhcp_rpc_agent_api [None req-97ec082a-ac31-435c-86a7-904c220ed99b 026b904edeed4ec9b7fec2b25f201921 fb0c153c47734c53a678401522136805 - - default default] Unable to schedule network 2a81bcd0-4920-4fac-9d09-7966f7f7258b: no agents available; will retry on subsequent port and subnet creation events.
2026-07-15 00:14:55.920 9 INFO neutron.wsgi [req-1af5990c-f30d-49cf-84f8-2d2f5ade3d2e req-2553c23a-7412-4ef5-8c99-4b8b70f08c10 a754bae6f1a04627af4b07292851ad2c d4f72008438441d799b5c7b357853935 - - 5c41aad2933c46f48380ba9f661a8615 5c41aad2933c46f48380ba9f661a8615] 199.204.45.4 "GET /v2.0/subnets?id=8baebe3e-ea9d-4daf-bb2c-2592bd5df9c4 HTTP/1.1" status: 200 len: 853 time: 0.0793231
2026-07-15 00:14:55.965 9 INFO neutron.wsgi [req-1af5990c-f30d-49cf-84f8-2d2f5ade3d2e req-bbd83948-ec41-44c4-bde6-b3011c1fa72d a754bae6f1a04627af4b07292851ad2c d4f72008438441d799b5c7b357853935 - - 5c41aad2933c46f48380ba9f661a8615 5c41aad2933c46f48380ba9f661a8615] 199.204.45.4 "GET /v2.0/ports?network_id=a2dd015e-da8c-4d87-aa72-9eb975900fbb&device_owner=network%3Adhcp HTTP/1.1" status: 200 len: 210 time: 0.0362659
2026-07-15 00:14:56.023 9 INFO neutron.wsgi [None req-c5540a82-e45d-4266-a199-9c689a323233 9e50593cd90046f78ce442c98dcd328e 9c3887423bc14a27836c4423825fb11c - - default default] 10.0.0.217 "DELETE /v2.0/ports/eb8e8529-a77d-4772-b746-69773cff6338 HTTP/1.1" status: 204 len: 168 time: 0.6462479 /var/lib/openstack/lib/python3.10/site-packages/pycadf/identifier.py:71: UserWarning: Invalid uuid: neutron. To ensure interoperability, identifiers should be a valid uuid. warnings.warn(('Invalid uuid: %s. To ensure interoperability, '
2026-07-15 00:14:56.056 9 INFO neutron.wsgi [req-1af5990c-f30d-49cf-84f8-2d2f5ade3d2e req-e2701114-b5a4-4919-9e68-83156d97838e a754bae6f1a04627af4b07292851ad2c d4f72008438441d799b5c7b357853935 - - 5c41aad2933c46f48380ba9f661a8615 5c41aad2933c46f48380ba9f661a8615] 199.204.45.4 "GET /v2.0/networks/a2dd015e-da8c-4d87-aa72-9eb975900fbb?fields=segments HTTP/1.1" status: 200 len: 212 time: 0.0831950
2026-07-15 00:14:56.137 10 INFO neutron.wsgi [None req-88973933-3d37-4a05-aa9f-95a83ac5aa88 9e50593cd90046f78ce442c98dcd328e 9c3887423bc14a27836c4423825fb11c - - default default] 10.0.0.217 "GET /v2.0/ports?device_id=f1983e18-1a21-482e-a668-0791b9781b4c HTTP/1.1" status: 200 len: 1140 time: 0.1074262
2026-07-15 00:14:56.139 9 INFO neutron.wsgi [req-1af5990c-f30d-49cf-84f8-2d2f5ade3d2e req-d6f9654b-d6f7-473d-9e34-bb43ead41d16 a754bae6f1a04627af4b07292851ad2c d4f72008438441d799b5c7b357853935 - - 5c41aad2933c46f48380ba9f661a8615 5c41aad2933c46f48380ba9f661a8615] 199.204.45.4 "GET /v2.0/networks/a2dd015e-da8c-4d87-aa72-9eb975900fbb?fields=provider%3Aphysical_network&fields=provider%3Anetwork_type HTTP/1.1" status: 200 len: 277 time: 0.0711834
2026-07-15 00:14:56.597 9 INFO neutron.db.ovn_revision_numbers_db [None req-97ec082a-ac31-435c-86a7-904c220ed99b 026b904edeed4ec9b7fec2b25f201921 fb0c153c47734c53a678401522136805 - - default default] Successfully bumped revision number for resource 777caaf5-3b18-4c7c-a135-092b158af53e (type: ports) to 2
2026-07-15 00:14:56.677 9 INFO neutron.db.ovn_revision_numbers_db [None req-97ec082a-ac31-435c-86a7-904c220ed99b 026b904edeed4ec9b7fec2b25f201921 fb0c153c47734c53a678401522136805 - - default default] Successfully bumped revision number for resource 170cc1b7-f362-4800-be88-bea19ef78437 (type: subnets) to 0
2026-07-15 00:14:56.699 9 INFO neutron.wsgi [None req-97ec082a-ac31-435c-86a7-904c220ed99b 026b904edeed4ec9b7fec2b25f201921 fb0c153c47734c53a678401522136805 - - default default] 10.0.0.217 "POST /v2.0/subnets HTTP/1.1" status: 201 len: 804 time: 1.2937505
2026-07-15 00:14:56.712 9 WARNING neutron_lib.context [None req-1ead768e-3f92-4c6b-8496-f59f1e7e5f60 026b904edeed4ec9b7fec2b25f201921 fb0c153c47734c53a678401522136805 - - default default] Method 'is_advsvc' is deprecated since 2023.2 release (neutron-lib 3.8.0) and will be removed once support for the old RBAC API policies will be removed from Neutron. Please use method 'is_service_role' instead.
2026-07-15 00:14:56.829 9 INFO neutron.db.segments_db [None req-1ead768e-3f92-4c6b-8496-f59f1e7e5f60 026b904edeed4ec9b7fec2b25f201921 fb0c153c47734c53a678401522136805 - - default default] Added segment 935546bd-a4c8-44a2-bf04-128e38b0a2cf of type geneve for network 29714001-ed7c-4a1a-a504-3f28f95dd9ef
2026-07-15 00:14:57.025 9 INFO neutron.db.ovn_revision_numbers_db [None req-1ead768e-3f92-4c6b-8496-f59f1e7e5f60 026b904edeed4ec9b7fec2b25f201921 fb0c153c47734c53a678401522136805 - - default default] Successfully bumped revision number for resource 29714001-ed7c-4a1a-a504-3f28f95dd9ef (type: networks) to 1
2026-07-15 00:14:57.597 9 WARNING neutron.scheduler.dhcp_agent_scheduler [None req-1ead768e-3f92-4c6b-8496-f59f1e7e5f60 026b904edeed4ec9b7fec2b25f201921 fb0c153c47734c53a678401522136805 - - default default] No more DHCP agents
2026-07-15 00:14:57.602 9 WARNING neutron.api.rpc.agentnotifiers.dhcp_rpc_agent_api [None req-1ead768e-3f92-4c6b-8496-f59f1e7e5f60 026b904edeed4ec9b7fec2b25f201921 fb0c153c47734c53a678401522136805 - - default default] Unable to schedule network 29714001-ed7c-4a1a-a504-3f28f95dd9ef: no agents available; will retry on subsequent port and subnet creation events.
2026-07-15 00:14:57.734 9 INFO neutron.db.ovn_revision_numbers_db [None req-1ead768e-3f92-4c6b-8496-f59f1e7e5f60 026b904edeed4ec9b7fec2b25f201921 fb0c153c47734c53a678401522136805 - - default default] Successfully bumped revision number for resource e490f789-84dd-4f8a-8996-e7e6c6774b10 (type: ports) to 1
2026-07-15 00:14:57.756 9 INFO neutron.wsgi [None req-b9258e6d-ff6a-4001-a801-189dec13264e 9e50593cd90046f78ce442c98dcd328e 9c3887423bc14a27836c4423825fb11c - - default default] 10.0.0.217 "PUT /v2.0/routers/f1983e18-1a21-482e-a668-0791b9781b4c/remove_router_interface HTTP/1.1" status: 200 len: 503 time: 1.6136434
2026-07-15 00:14:57.769 9 INFO neutron.wsgi [None req-1ead768e-3f92-4c6b-8496-f59f1e7e5f60 026b904edeed4ec9b7fec2b25f201921 fb0c153c47734c53a678401522136805 - - default default] 10.0.0.217 "POST /v2.0/networks HTTP/1.1" status: 201 len: 831 time: 1.0641918 /var/lib/openstack/lib/python3.10/site-packages/pycadf/identifier.py:71: UserWarning: Invalid uuid: neutron. To ensure interoperability, identifiers should be a valid uuid. warnings.warn(('Invalid uuid: %s. To ensure interoperability, '
2026-07-15 00:14:57.779 9 WARNING neutron_lib.context [None req-ced69e99-8167-4c18-8d47-3ee7becc722d 026b904edeed4ec9b7fec2b25f201921 fb0c153c47734c53a678401522136805 - - default default] Method 'is_advsvc' is deprecated since 2023.2 release (neutron-lib 3.8.0) and will be removed once support for the old RBAC API policies will be removed from Neutron. Please use method 'is_service_role' instead.
2026-07-15 00:14:58.066 9 WARNING neutron.scheduler.dhcp_agent_scheduler [None req-ced69e99-8167-4c18-8d47-3ee7becc722d 026b904edeed4ec9b7fec2b25f201921 fb0c153c47734c53a678401522136805 - - default default] No more DHCP agents
2026-07-15 00:14:58.069 9 WARNING neutron.api.rpc.agentnotifiers.dhcp_rpc_agent_api [None req-ced69e99-8167-4c18-8d47-3ee7becc722d 026b904edeed4ec9b7fec2b25f201921 fb0c153c47734c53a678401522136805 - - default default] Unable to schedule network 29714001-ed7c-4a1a-a504-3f28f95dd9ef: no agents available; will retry on subsequent port and subnet creation events.
2026-07-15 00:14:58.590 9 INFO neutron.db.ovn_revision_numbers_db [None req-ced69e99-8167-4c18-8d47-3ee7becc722d 026b904edeed4ec9b7fec2b25f201921 fb0c153c47734c53a678401522136805 - - default default] Successfully bumped revision number for resource e490f789-84dd-4f8a-8996-e7e6c6774b10 (type: ports) to 2
2026-07-15 00:14:58.641 9 INFO neutron.db.ovn_revision_numbers_db [None req-ced69e99-8167-4c18-8d47-3ee7becc722d 026b904edeed4ec9b7fec2b25f201921 fb0c153c47734c53a678401522136805 - - default default] Successfully bumped revision number for resource 99a71e93-31e7-4da4-850d-9cfb645cff31 (type: subnets) to 0
2026-07-15 00:14:58.658 9 INFO neutron.wsgi [None req-ced69e99-8167-4c18-8d47-3ee7becc722d 026b904edeed4ec9b7fec2b25f201921 fb0c153c47734c53a678401522136805 - - default default] 10.0.0.217 "POST /v2.0/subnets HTTP/1.1" status: 201 len: 804 time: 0.8850768
2026-07-15 00:14:58.671 9 WARNING neutron_lib.context [None req-d210f9a7-34a0-419d-9056-3a5b7c867732 026b904edeed4ec9b7fec2b25f201921 fb0c153c47734c53a678401522136805 - - default default] Method 'is_advsvc' is deprecated since 2023.2 release (neutron-lib 3.8.0) and will be removed once support for the old RBAC API policies will be removed from Neutron. Please use method 'is_service_role' instead.
2026-07-15 00:14:58.818 9 INFO neutron.db.segments_db [None req-d210f9a7-34a0-419d-9056-3a5b7c867732 026b904edeed4ec9b7fec2b25f201921 fb0c153c47734c53a678401522136805 - - default default] Added segment 0764baf8-207c-4a24-86cd-826c5fce87e2 of type geneve for network 461299cc-5012-431c-bf0c-4def88f56982
2026-07-15 00:14:58.856 9 INFO neutron.wsgi [None req-303eac7b-557c-4aa9-a5fa-a47841622c38 851b7c2d5e414e4295867e176e51c3f5 d37282b52f0c42eeb9a5de6b4a37b929 - - default default] 10.0.0.110 "GET /v2.0/floatingips HTTP/1.1" status: 200 len: 1035 time: 0.2321138
2026-07-15 00:14:58.892 10 INFO neutron.wsgi [None req-454e64ac-c812-4b39-b6da-1df757559c7a 9e50593cd90046f78ce442c98dcd328e 9c3887423bc14a27836c4423825fb11c - - default default] 10.0.0.217 "DELETE /v2.0/routers/f1983e18-1a21-482e-a668-0791b9781b4c HTTP/1.1" status: 204 len: 168 time: 1.1308916
2026-07-15 00:14:58.931 9 INFO neutron.wsgi [None req-b8ddf709-365a-4d2f-90c7-a8229d3604c0 851b7c2d5e414e4295867e176e51c3f5 d37282b52f0c42eeb9a5de6b4a37b929 - - default default] 10.0.0.110 "GET /v2.0/security-groups HTTP/1.1" status: 200 len: 31632 time: 0.0733860
2026-07-15 00:14:58.971 9 INFO neutron.wsgi [None req-ccefd1d7-06ad-4262-b910-8dc7b7ac2a74 851b7c2d5e414e4295867e176e51c3f5 d37282b52f0c42eeb9a5de6b4a37b929 - - default default] 10.0.0.110 "GET /v2.0/network-ip-availabilities HTTP/1.1" status: 200 len: 4088 time: 0.0241783
2026-07-15 00:14:59.046 9 INFO neutron.db.ovn_revision_numbers_db [None req-d210f9a7-34a0-419d-9056-3a5b7c867732 026b904edeed4ec9b7fec2b25f201921 fb0c153c47734c53a678401522136805 - - default default] Successfully bumped revision number for resource 461299cc-5012-431c-bf0c-4def88f56982 (type: networks) to 1
2026-07-15 00:14:59.092 10 INFO neutron.wsgi [None req-f04ee869-1967-43c9-8e79-d884b973c382 9e50593cd90046f78ce442c98dcd328e 9c3887423bc14a27836c4423825fb11c - - default default] 10.0.0.217 "DELETE /v2.0/subnets/f7961c9d-db06-45ed-9a02-2f20424b79e0 HTTP/1.1" status: 204 len: 168 time: 0.1960409
2026-07-15 00:14:59.131 9 INFO neutron.wsgi [None req-c91af159-d994-4c9d-9b6e-9b6e2c9d1bef 851b7c2d5e414e4295867e176e51c3f5 d37282b52f0c42eeb9a5de6b4a37b929 - - default default] 10.0.0.110 "GET /v2.0/routers HTTP/1.1" status: 200 len: 1151 time: 0.1581976
2026-07-15 00:14:59.171 9 INFO neutron.wsgi [None req-56e7cfc7-374d-4131-bcbc-9bb5e54525d4 851b7c2d5e414e4295867e176e51c3f5 d37282b52f0c42eeb9a5de6b4a37b929 - - default default] 10.0.0.110 "GET /v2.0/agents?binary=ovn-controller HTTP/1.1" status: 200 len: 591 time: 0.0388880
2026-07-15 00:14:59.306 9 INFO neutron.wsgi [None req-d4cfc354-550c-4167-b78b-a97d52049a9e 851b7c2d5e414e4295867e176e51c3f5 d37282b52f0c42eeb9a5de6b4a37b929 - - default default] 10.0.0.110 "GET /v2.0/networks HTTP/1.1" status: 200 len: 7503 time: 0.1318622
2026-07-15 00:14:59.384 9 INFO neutron.wsgi [None req-4bcec1b0-0588-4279-87e7-5625706dd60e 851b7c2d5e414e4295867e176e51c3f5 d37282b52f0c42eeb9a5de6b4a37b929 - - default default] 10.0.0.110 "GET /v2.0/subnets HTTP/1.1" status: 200 len: 4527 time: 0.0709600
2026-07-15 00:14:59.406 9 WARNING neutron.scheduler.dhcp_agent_scheduler [None req-d210f9a7-34a0-419d-9056-3a5b7c867732 026b904edeed4ec9b7fec2b25f201921 fb0c153c47734c53a678401522136805 - - default default] No more DHCP agents
2026-07-15 00:14:59.415 9 WARNING neutron.api.rpc.agentnotifiers.dhcp_rpc_agent_api [None req-d210f9a7-34a0-419d-9056-3a5b7c867732 026b904edeed4ec9b7fec2b25f201921 fb0c153c47734c53a678401522136805 - - default default] Unable to schedule network 461299cc-5012-431c-bf0c-4def88f56982: no agents available; will retry on subsequent port and subnet creation events.
2026-07-15 00:14:59.452 9 INFO neutron.wsgi [None req-d8e6394c-66dd-40e2-892a-5694c604ebe7 851b7c2d5e414e4295867e176e51c3f5 d37282b52f0c42eeb9a5de6b4a37b929 - - default default] 10.0.0.110 "GET /v2.0/subnets HTTP/1.1" status: 200 len: 4527 time: 0.0633192
2026-07-15 00:14:59.477 9 INFO neutron.wsgi [None req-ea9e2d64-4b6d-4af9-98bc-84730c34fece 851b7c2d5e414e4295867e176e51c3f5 d37282b52f0c42eeb9a5de6b4a37b929 - - default default] 10.0.0.110 "GET /v2.0/subnetpools HTTP/1.1" status: 200 len: 193 time: 0.0141139
2026-07-15 00:14:59.496 9 INFO neutron.wsgi [None req-3552b3d4-54bc-4173-af18-db4e23a827cb 851b7c2d5e414e4295867e176e51c3f5 d37282b52f0c42eeb9a5de6b4a37b929 - - default default] 10.0.0.110 "GET /v2.0/agents HTTP/1.1" status: 200 len: 1390 time: 0.0162382
2026-07-15 00:14:59.501 10 INFO neutron.wsgi [-] 10.0.0.102 "GET / HTTP/1.1" status: 200 len: 246 time: 0.0013766
2026-07-15 00:14:59.503 10 INFO neutron.wsgi [-] 10.0.0.102 "GET / HTTP/1.1" status: 200 len: 246 time: 0.0010059
2026-07-15 00:14:59.562 10 INFO neutron.services.segments.plugin [-] Segment fd3ba3c6-ebf0-4c31-956b-abd74c6e2019 resource provider aggregate not found
2026-07-15 00:14:59.566 10 INFO neutron.services.segments.plugin [-] Segment fd3ba3c6-ebf0-4c31-956b-abd74c6e2019 resource provider aggregate not found
2026-07-15 00:14:59.582 10 INFO neutron.services.segments.plugin [-] Segment fd3ba3c6-ebf0-4c31-956b-abd74c6e2019 resource provider not found; error: Placement Client Error (4xx): {"errors": [{"status": 404, "title": "Not Found", "detail": "The resource could not be found.\n\n No resource provider with uuid fd3ba3c6-ebf0-4c31-956b-abd74c6e2019 found for delete ", "request_id": "req-483207df-c096-4b30-997e-5a0128390e20"}]}
2026-07-15 00:14:59.584 10 INFO neutron.services.segments.plugin [-] Segment fd3ba3c6-ebf0-4c31-956b-abd74c6e2019 resource provider not found; error: Placement Client Error (4xx): {"errors": [{"status": 404, "title": "Not Found", "detail": "The resource could not be found.\n\n No resource provider with uuid fd3ba3c6-ebf0-4c31-956b-abd74c6e2019 found for delete ", "request_id": "req-5d923d80-5fc6-48c6-b80b-32983ced9fdb"}]}
2026-07-15 00:14:59.593 10 INFO neutron.wsgi [None req-206226b3-f89e-4631-8328-7a0560dde1ee 9e50593cd90046f78ce442c98dcd328e 9c3887423bc14a27836c4423825fb11c - - default default] 10.0.0.217 "DELETE /v2.0/networks/9bccb30d-db87-4d2a-86e3-81ae969302bb HTTP/1.1" status: 204 len: 168 time: 0.4949150
2026-07-15 00:14:59.654 9 INFO neutron.wsgi [None req-0c510ece-bf13-49a2-80e5-b420b784644b 851b7c2d5e414e4295867e176e51c3f5 d37282b52f0c42eeb9a5de6b4a37b929 - - default default] 10.0.0.110 "GET /v2.0/ports HTTP/1.1" status: 200 len: 15861 time: 0.1561687
2026-07-15 00:14:59.687 9 INFO neutron.db.ovn_revision_numbers_db [None req-d210f9a7-34a0-419d-9056-3a5b7c867732 026b904edeed4ec9b7fec2b25f201921 fb0c153c47734c53a678401522136805 - - default default] Successfully bumped revision number for resource f90d6bef-1977-4e17-9f48-e0d031490107 (type: ports) to 1
2026-07-15 00:14:59.713 9 INFO neutron.wsgi [None req-d210f9a7-34a0-419d-9056-3a5b7c867732 026b904edeed4ec9b7fec2b25f201921 fb0c153c47734c53a678401522136805 - - default default] 10.0.0.217 "POST /v2.0/networks HTTP/1.1" status: 201 len: 831 time: 1.0474451
2026-07-15 00:14:59.722 9 WARNING neutron_lib.context [None req-f4caad6c-6ab0-4ea1-a4c4-ccb4afd48757 026b904edeed4ec9b7fec2b25f201921 fb0c153c47734c53a678401522136805 - - default default] Method 'is_advsvc' is deprecated since 2023.2 release (neutron-lib 3.8.0) and will be removed once support for the old RBAC API policies will be removed from Neutron. Please use method 'is_service_role' instead.
2026-07-15 00:15:00.015 9 WARNING neutron.scheduler.dhcp_agent_scheduler [None req-f4caad6c-6ab0-4ea1-a4c4-ccb4afd48757 026b904edeed4ec9b7fec2b25f201921 fb0c153c47734c53a678401522136805 - - default default] No more DHCP agents
2026-07-15 00:15:00.017 9 WARNING neutron.api.rpc.agentnotifiers.dhcp_rpc_agent_api [None req-f4caad6c-6ab0-4ea1-a4c4-ccb4afd48757 026b904edeed4ec9b7fec2b25f201921 fb0c153c47734c53a678401522136805 - - default default] Unable to schedule network 461299cc-5012-431c-bf0c-4def88f56982: no agents available; will retry on subsequent port and subnet creation events.
2026-07-15 00:15:00.291 9 INFO neutron.wsgi [None req-a2c19bbe-9caa-4029-a3a6-4d61f8bce89e 851b7c2d5e414e4295867e176e51c3f5 d37282b52f0c42eeb9a5de6b4a37b929 - - default default] 10.0.0.217 "GET /v2.0/security-groups?tenant_id=9c3887423bc14a27836c4423825fb11c&name=default HTTP/1.1" status: 200 len: 3120 time: 0.2010720
2026-07-15 00:15:00.608 9 INFO neutron.wsgi [None req-20c23641-6442-4941-848d-56ced092f3e4 851b7c2d5e414e4295867e176e51c3f5 d37282b52f0c42eeb9a5de6b4a37b929 - - default default] 10.0.0.217 "DELETE /v2.0/security-groups/90142a08-5ae5-485c-8730-2d889022fc9b HTTP/1.1" status: 204 len: 168 time: 0.3115475
2026-07-15 00:15:00.689 9 INFO neutron.db.ovn_revision_numbers_db [None req-f4caad6c-6ab0-4ea1-a4c4-ccb4afd48757 026b904edeed4ec9b7fec2b25f201921 fb0c153c47734c53a678401522136805 - - default default] Successfully bumped revision number for resource f90d6bef-1977-4e17-9f48-e0d031490107 (type: ports) to 2
2026-07-15 00:15:00.748 9 INFO neutron.db.ovn_revision_numbers_db [None req-f4caad6c-6ab0-4ea1-a4c4-ccb4afd48757 026b904edeed4ec9b7fec2b25f201921 fb0c153c47734c53a678401522136805 - - default default] Successfully bumped revision number for resource 1b4004cb-b94b-4304-af1e-93a44ba22d55 (type: subnets) to 0
2026-07-15 00:15:00.764 9 INFO neutron.wsgi [None req-f4caad6c-6ab0-4ea1-a4c4-ccb4afd48757 026b904edeed4ec9b7fec2b25f201921 fb0c153c47734c53a678401522136805 - - default default] 10.0.0.217 "POST /v2.0/subnets HTTP/1.1" status: 201 len: 804 time: 1.0464799
2026-07-15 00:15:00.850 9 INFO neutron.wsgi [None req-be98630c-22f0-4ae2-991a-8feb10ba39e4 026b904edeed4ec9b7fec2b25f201921 fb0c153c47734c53a678401522136805 - - default default] 10.0.0.217 "PUT /v2.0/subnets/541cec6d-37e7-478c-97b3-880a5c42cf0a/tags HTTP/1.1" status: 200 len: 210 time: 0.0814033
2026-07-15 00:15:00.937 10 INFO neutron.wsgi [None req-bccff8a2-5802-413b-b435-ac0942f6d050 026b904edeed4ec9b7fec2b25f201921 fb0c153c47734c53a678401522136805 - - default default] 10.0.0.217 "PUT /v2.0/subnets/1680d288-4c98-4ec5-b5ef-aaf310106b8d/tags HTTP/1.1" status: 200 len: 218 time: 0.0801632
2026-07-15 00:15:00.991 9 INFO neutron.wsgi [None req-6d68b72c-25f1-4f5a-85a4-ef09111bfd6c 026b904edeed4ec9b7fec2b25f201921 fb0c153c47734c53a678401522136805 - - default default] 10.0.0.217 "PUT /v2.0/subnets/170cc1b7-f362-4800-be88-bea19ef78437/tags HTTP/1.1" status: 200 len: 227 time: 0.0495574
2026-07-15 00:15:01.043 9 INFO neutron.wsgi [None req-27a02126-fe4a-462d-928f-4bd2a4e76055 026b904edeed4ec9b7fec2b25f201921 fb0c153c47734c53a678401522136805 - - default default] 10.0.0.217 "PUT /v2.0/subnets/99a71e93-31e7-4da4-850d-9cfb645cff31/tags HTTP/1.1" status: 200 len: 212 time: 0.0476224
2026-07-15 00:15:01.117 9 INFO neutron.wsgi [None req-2b2b857c-67eb-427d-8a6a-fd43b02ccef9 026b904edeed4ec9b7fec2b25f201921 fb0c153c47734c53a678401522136805 - - default default] 10.0.0.217 "GET /v2.0/subnets?tags=red HTTP/1.1" status: 200 len: 2027 time: 0.0703866
2026-07-15 00:15:01.484 9 INFO neutron.wsgi [None req-aa8e2205-5b33-4559-8b09-b1b634728d1b 026b904edeed4ec9b7fec2b25f201921 fb0c153c47734c53a678401522136805 - - default default] 10.0.0.217 "GET /v2.0/subnets?tags=red%2Cblue HTTP/1.1" status: 200 len: 1430 time: 0.3619926
2026-07-15 00:15:01.540 9 INFO neutron.wsgi [None req-7d3c3f69-3d7d-4a1d-a8c2-c648983ced57 026b904edeed4ec9b7fec2b25f201921 fb0c153c47734c53a678401522136805 - - default default] 10.0.0.217 "GET /v2.0/subnets?tags-any=blue HTTP/1.1" status: 200 len: 1430 time: 0.0517778
2026-07-15 00:15:01.587 9 INFO neutron.wsgi [None req-802ad1db-3edc-4414-b0a1-416d313caea9 026b904edeed4ec9b7fec2b25f201921 fb0c153c47734c53a678401522136805 - - default default] 10.0.0.217 "GET /v2.0/subnets?tags-any=red%2Cblue HTTP/1.1" status: 200 len: 2027 time: 0.0409517
2026-07-15 00:15:01.663 9 INFO neutron.wsgi [None req-7fa94854-0828-446a-a021-6279c466693e 026b904edeed4ec9b7fec2b25f201921 fb0c153c47734c53a678401522136805 - - default default] 10.0.0.217 "GET /v2.0/subnets?not-tags=red HTTP/1.1" status: 200 len: 2018 time: 0.0710206
2026-07-15 00:15:01.745 9 INFO neutron.wsgi [None req-569a4862-58f5-4c2e-b28b-cb815f93df0c 026b904edeed4ec9b7fec2b25f201921 fb0c153c47734c53a678401522136805 - - default default] 10.0.0.217 "GET /v2.0/subnets?not-tags=red%2Cblue HTTP/1.1" status: 200 len: 2615 time: 0.0760579
2026-07-15 00:15:01.815 9 INFO neutron.wsgi [None req-12cf9b4e-9137-4a75-906a-027374fd1d89 026b904edeed4ec9b7fec2b25f201921 fb0c153c47734c53a678401522136805 - - default default] 10.0.0.217 "GET /v2.0/subnets?not-tags-any=blue HTTP/1.1" status: 200 len: 2615 time: 0.0633838
2026-07-15 00:15:01.861 9 INFO neutron.wsgi [None req-8dc0aa46-9d57-4806-a8ba-6826dfed6657 026b904edeed4ec9b7fec2b25f201921 fb0c153c47734c53a678401522136805 - - default default] 10.0.0.217 "GET /v2.0/subnets?not-tags-any=red%2Cblue HTTP/1.1" status: 200 len: 2018 time: 0.0419488
2026-07-15 00:15:02.109 9 INFO neutron.wsgi [None req-8da7bca7-0044-49de-a0df-809c7e4c9612 026b904edeed4ec9b7fec2b25f201921 fb0c153c47734c53a678401522136805 - - default default] 10.0.0.217 "DELETE /v2.0/subnets/541cec6d-37e7-478c-97b3-880a5c42cf0a HTTP/1.1" status: 204 len: 168 time: 0.2422798
2026-07-15 00:15:02.351 9 INFO neutron.wsgi [None req-5f60c307-26cd-4a14-844c-975580f4ea28 026b904edeed4ec9b7fec2b25f201921 fb0c153c47734c53a678401522136805 - - default default] 10.0.0.217 "DELETE /v2.0/subnets/1680d288-4c98-4ec5-b5ef-aaf310106b8d HTTP/1.1" status: 204 len: 168 time: 0.2361507
2026-07-15 00:15:02.581 10 INFO neutron.wsgi [None req-ff14d0f9-0a06-4330-a70e-a04313774fff 026b904edeed4ec9b7fec2b25f201921 fb0c153c47734c53a678401522136805 - - default default] 10.0.0.217 "DELETE /v2.0/subnets/170cc1b7-f362-4800-be88-bea19ef78437 HTTP/1.1" status: 204 len: 168 time: 0.2261560
2026-07-15 00:15:02.592 9 WARNING neutron_lib.context [None req-acf2bf05-3b32-43d5-90ce-743b7cd081a1 8c678a5f66194b39ac7e95110f9048b5 9accfa95263b4d5e88ff586c87abc6da - - default default] Method 'is_advsvc' is deprecated since 2023.2 release (neutron-lib 3.8.0) and will be removed once support for the old RBAC API policies will be removed from Neutron. Please use method 'is_service_role' instead.
2026-07-15 00:15:02.593 9 WARNING neutron_lib.context [None req-acf2bf05-3b32-43d5-90ce-743b7cd081a1 8c678a5f66194b39ac7e95110f9048b5 9accfa95263b4d5e88ff586c87abc6da - - default default] Method 'is_advsvc' is deprecated since 2023.2 release (neutron-lib 3.8.0) and will be removed once support for the old RBAC API policies will be removed from Neutron. Please use method 'is_service_role' instead.
2026-07-15 00:15:02.762 9 INFO neutron.db.ovn_revision_numbers_db [None req-acf2bf05-3b32-43d5-90ce-743b7cd081a1 8c678a5f66194b39ac7e95110f9048b5 9accfa95263b4d5e88ff586c87abc6da - - default default] Successfully bumped revision number for resource ff4090a7-5ff6-4acc-a9f5-48daa3181afe (type: security_groups) to 1
2026-07-15 00:15:02.778 9 INFO neutron.db.ovn_revision_numbers_db [None req-acf2bf05-3b32-43d5-90ce-743b7cd081a1 8c678a5f66194b39ac7e95110f9048b5 9accfa95263b4d5e88ff586c87abc6da - - default default] Successfully bumped revision number for resource 0c213c33-5eb8-4a8c-aff8-93d8cc561023 (type: security_group_rules) to 0
2026-07-15 00:15:02.802 9 INFO neutron.db.ovn_revision_numbers_db [None req-acf2bf05-3b32-43d5-90ce-743b7cd081a1 8c678a5f66194b39ac7e95110f9048b5 9accfa95263b4d5e88ff586c87abc6da - - default default] Successfully bumped revision number for resource 4d608261-c2e4-4950-a3c6-0d25933037e2 (type: security_group_rules) to 0
2026-07-15 00:15:02.818 9 INFO neutron.db.ovn_revision_numbers_db [None req-acf2bf05-3b32-43d5-90ce-743b7cd081a1 8c678a5f66194b39ac7e95110f9048b5 9accfa95263b4d5e88ff586c87abc6da - - default default] Successfully bumped revision number for resource 7ffffe95-339a-4420-9968-70cbb196e3a4 (type: security_group_rules) to 0
2026-07-15 00:15:02.833 9 INFO neutron.db.ovn_revision_numbers_db [None req-acf2bf05-3b32-43d5-90ce-743b7cd081a1 8c678a5f66194b39ac7e95110f9048b5 9accfa95263b4d5e88ff586c87abc6da - - default default] Successfully bumped revision number for resource 891c1502-b6c8-4c7d-8d8b-3c4f92d8f332 (type: security_group_rules) to 0
2026-07-15 00:15:02.859 10 INFO neutron.wsgi [None req-a6e52e5c-5422-437e-8301-9b54439258a8 026b904edeed4ec9b7fec2b25f201921 fb0c153c47734c53a678401522136805 - - default default] 10.0.0.217 "DELETE /v2.0/subnets/99a71e93-31e7-4da4-850d-9cfb645cff31 HTTP/1.1" status: 204 len: 168 time: 0.2724385
2026-07-15 00:15:02.932 9 INFO neutron.db.segments_db [None req-acf2bf05-3b32-43d5-90ce-743b7cd081a1 8c678a5f66194b39ac7e95110f9048b5 9accfa95263b4d5e88ff586c87abc6da - - default default] Added segment 22853bdf-4191-47c6-a896-d562fe441ca9 of type geneve for network 1a30084d-19f0-4bfe-a9fb-c4e88a8985f2
2026-07-15 00:15:03.048 9 INFO neutron.db.segments_db [None req-acf2bf05-3b32-43d5-90ce-743b7cd081a1 8c678a5f66194b39ac7e95110f9048b5 9accfa95263b4d5e88ff586c87abc6da - - default default] Added segment 46a0bba2-6237-48d0-a485-7b393f4f71ad of type geneve for network 0d6baa51-2c2f-448c-92bd-6737c364238a
2026-07-15 00:15:03.078 10 INFO neutron.wsgi [None req-ab864a79-db61-4868-a50d-9575d57662a2 026b904edeed4ec9b7fec2b25f201921 fb0c153c47734c53a678401522136805 - - default default] 10.0.0.217 "DELETE /v2.0/subnets/1b4004cb-b94b-4304-af1e-93a44ba22d55 HTTP/1.1" status: 204 len: 168 time: 0.2121012
2026-07-15 00:15:03.233 9 INFO neutron.db.ovn_revision_numbers_db [None req-acf2bf05-3b32-43d5-90ce-743b7cd081a1 8c678a5f66194b39ac7e95110f9048b5 9accfa95263b4d5e88ff586c87abc6da - - default default] Successfully bumped revision number for resource 1a30084d-19f0-4bfe-a9fb-c4e88a8985f2 (type: networks) to 1
2026-07-15 00:15:03.444 9 WARNING neutron.scheduler.dhcp_agent_scheduler [None req-acf2bf05-3b32-43d5-90ce-743b7cd081a1 8c678a5f66194b39ac7e95110f9048b5 9accfa95263b4d5e88ff586c87abc6da - - default default] No more DHCP agents
2026-07-15 00:15:03.447 9 WARNING neutron.api.rpc.agentnotifiers.dhcp_rpc_agent_api [None req-acf2bf05-3b32-43d5-90ce-743b7cd081a1 8c678a5f66194b39ac7e95110f9048b5 9accfa95263b4d5e88ff586c87abc6da - - default default] Unable to schedule network 1a30084d-19f0-4bfe-a9fb-c4e88a8985f2: no agents available; will retry on subsequent port and subnet creation events.
2026-07-15 00:15:03.523 10 INFO neutron.services.segments.plugin [-] Segment 9e3210d3-d23a-4d95-bb22-7b038d3e1d9b resource provider aggregate not found
2026-07-15 00:15:03.530 10 INFO neutron.services.segments.plugin [-] Segment 9e3210d3-d23a-4d95-bb22-7b038d3e1d9b resource provider aggregate not found
2026-07-15 00:15:03.541 9 INFO neutron.db.ovn_revision_numbers_db [None req-acf2bf05-3b32-43d5-90ce-743b7cd081a1 8c678a5f66194b39ac7e95110f9048b5 9accfa95263b4d5e88ff586c87abc6da - - default default] Successfully bumped revision number for resource 366be75d-34a4-4da5-9828-aa734ad8a60a (type: ports) to 1
2026-07-15 00:15:03.560 10 INFO neutron.services.segments.plugin [-] Segment 9e3210d3-d23a-4d95-bb22-7b038d3e1d9b resource provider not found; error: Placement Client Error (4xx): {"errors": [{"status": 404, "title": "Not Found", "detail": "The resource could not be found.\n\n No resource provider with uuid 9e3210d3-d23a-4d95-bb22-7b038d3e1d9b found for delete ", "request_id": "req-1fd65cd5-6848-4d30-a475-02ab9cf7de0e"}]}
2026-07-15 00:15:03.561 10 INFO neutron.services.segments.plugin [-] Segment 9e3210d3-d23a-4d95-bb22-7b038d3e1d9b resource provider not found; error: Placement Client Error (4xx): {"errors": [{"status": 404, "title": "Not Found", "detail": "The resource could not be found.\n\n No resource provider with uuid 9e3210d3-d23a-4d95-bb22-7b038d3e1d9b found for delete ", "request_id": "req-f18c9c37-5277-40c1-a3f7-17e28a44c953"}]}
2026-07-15 00:15:03.574 10 INFO neutron.wsgi [None req-3661ccbd-d857-4377-97e7-affe89dc2fe0 026b904edeed4ec9b7fec2b25f201921 fb0c153c47734c53a678401522136805 - - default default] 10.0.0.217 "DELETE /v2.0/networks/331abbf5-9f61-47e8-b107-b2a5812f53d2 HTTP/1.1" status: 204 len: 168 time: 0.4900908
2026-07-15 00:15:03.635 9 INFO neutron.db.ovn_revision_numbers_db [None req-acf2bf05-3b32-43d5-90ce-743b7cd081a1 8c678a5f66194b39ac7e95110f9048b5 9accfa95263b4d5e88ff586c87abc6da - - default default] Successfully bumped revision number for resource 0d6baa51-2c2f-448c-92bd-6737c364238a (type: networks) to 1
2026-07-15 00:15:03.877 9 WARNING neutron.scheduler.dhcp_agent_scheduler [None req-acf2bf05-3b32-43d5-90ce-743b7cd081a1 8c678a5f66194b39ac7e95110f9048b5 9accfa95263b4d5e88ff586c87abc6da - - default default] No more DHCP agents
2026-07-15 00:15:03.880 9 WARNING neutron.api.rpc.agentnotifiers.dhcp_rpc_agent_api [None req-acf2bf05-3b32-43d5-90ce-743b7cd081a1 8c678a5f66194b39ac7e95110f9048b5 9accfa95263b4d5e88ff586c87abc6da - - default default] Unable to schedule network 0d6baa51-2c2f-448c-92bd-6737c364238a: no agents available; will retry on subsequent port and subnet creation events.
2026-07-15 00:15:03.973 9 INFO neutron.db.ovn_revision_numbers_db [None req-acf2bf05-3b32-43d5-90ce-743b7cd081a1 8c678a5f66194b39ac7e95110f9048b5 9accfa95263b4d5e88ff586c87abc6da - - default default] Successfully bumped revision number for resource 866ae902-7687-422c-865f-0e7659e7ecca (type: ports) to 1
2026-07-15 00:15:04.018 9 INFO neutron.wsgi [None req-acf2bf05-3b32-43d5-90ce-743b7cd081a1 8c678a5f66194b39ac7e95110f9048b5 9accfa95263b4d5e88ff586c87abc6da - - default default] 10.0.0.217 "POST /v2.0/networks HTTP/1.1" status: 201 len: 1446 time: 1.5774114
2026-07-15 00:15:04.175 9 INFO neutron.wsgi [None req-75807760-d414-4da4-8d4b-1134a9e99b01 8c678a5f66194b39ac7e95110f9048b5 9accfa95263b4d5e88ff586c87abc6da - - default default] 10.0.0.217 "GET /v2.0/networks HTTP/1.1" status: 200 len: 2052 time: 0.1493258
2026-07-15 00:15:04.194 9 INFO neutron.services.segments.plugin [-] Segment 1080e2d4-0437-4acc-bc28-a9d9efe74ea5 resource provider aggregate not found
2026-07-15 00:15:04.199 10 INFO neutron.wsgi [req-ab7d5e6b-1ba6-46a3-83d0-6cb5ed39a088 req-69a92ff6-65af-4cbe-a6eb-5e5e6dbfd109 a754bae6f1a04627af4b07292851ad2c d4f72008438441d799b5c7b357853935 - - 5c41aad2933c46f48380ba9f661a8615 5c41aad2933c46f48380ba9f661a8615] 10.0.0.238 "GET /v2.0/ports?device_id=73442f58-d4e7-4382-aaa2-2bee4af91a24 HTTP/1.1" status: 200 len: 1409 time: 0.0528004
2026-07-15 00:15:04.250 10 INFO neutron.wsgi [req-ab7d5e6b-1ba6-46a3-83d0-6cb5ed39a088 req-9a3ec29f-cd4e-4ccd-ac18-45a0c86fd013 a754bae6f1a04627af4b07292851ad2c d4f72008438441d799b5c7b357853935 - - 5c41aad2933c46f48380ba9f661a8615 5c41aad2933c46f48380ba9f661a8615] 10.0.0.238 "GET /v2.0/security-groups?id=9265c4e9-6bde-441a-9e06-fa2401e24ae9&fields=id&fields=name HTTP/1.1" status: 200 len: 313 time: 0.0430064
2026-07-15 00:15:04.435 9 INFO neutron.services.segments.plugin [-] Segment 1080e2d4-0437-4acc-bc28-a9d9efe74ea5 resource provider aggregate not found
2026-07-15 00:15:04.439 9 INFO neutron.services.segments.plugin [-] Segment 1080e2d4-0437-4acc-bc28-a9d9efe74ea5 resource provider not found; error: Placement Client Error (4xx): {"errors": [{"status": 404, "title": "Not Found", "detail": "The resource could not be found.\n\n No resource provider with uuid 1080e2d4-0437-4acc-bc28-a9d9efe74ea5 found for delete ", "request_id": "req-2c0c03bc-e11a-48d8-b41d-949fabca6761"}]}
2026-07-15 00:15:04.458 9 INFO neutron.services.segments.plugin [-] Segment 1080e2d4-0437-4acc-bc28-a9d9efe74ea5 resource provider not found; error: Placement Client Error (4xx): {"errors": [{"status": 404, "title": "Not Found", "detail": "The resource could not be found.\n\n No resource provider with uuid 1080e2d4-0437-4acc-bc28-a9d9efe74ea5 found for delete ", "request_id": "req-a0ee3471-84d3-4199-a0ae-cb9ed6932e4a"}]}
2026-07-15 00:15:04.464 9 INFO neutron.wsgi [None req-84ba653c-017c-4d37-be2a-77eb57c3aa41 026b904edeed4ec9b7fec2b25f201921 fb0c153c47734c53a678401522136805 - - default default] 10.0.0.217 "DELETE /v2.0/networks/cff33acc-b14e-43fb-864e-1178f3b33b69 HTTP/1.1" status: 204 len: 168 time: 0.8845124
2026-07-15 00:15:04.929 10 INFO neutron.wsgi [None req-03ebb579-f340-4431-89f2-7bb74b86b4fa 026b904edeed4ec9b7fec2b25f201921 fb0c153c47734c53a678401522136805 - - default default] 10.0.0.217 "DELETE /v2.0/networks/2a81bcd0-4920-4fac-9d09-7966f7f7258b HTTP/1.1" status: 204 len: 168 time: 0.4576385
2026-07-15 00:15:04.961 9 INFO neutron.wsgi [None req-2000365b-73e3-40fa-aefe-6456ac6aa7f8 8c678a5f66194b39ac7e95110f9048b5 9accfa95263b4d5e88ff586c87abc6da - - default default] 10.0.0.217 "DELETE /v2.0/networks/1a30084d-19f0-4bfe-a9fb-c4e88a8985f2 HTTP/1.1" status: 204 len: 168 time: 0.7810729
2026-07-15 00:15:05.098 9 INFO neutron.db.ovn_revision_numbers_db [None req-2857fb3f-8905-40a0-947c-42e88344d0cc 851b7c2d5e414e4295867e176e51c3f5 d37282b52f0c42eeb9a5de6b4a37b929 - - default default] Successfully bumped revision number for resource c5a519e3-cf0f-475c-ab37-877dc0c6b41a (type: security_groups) to 1
2026-07-15 00:15:05.127 9 INFO neutron.db.ovn_revision_numbers_db [None req-2857fb3f-8905-40a0-947c-42e88344d0cc 851b7c2d5e414e4295867e176e51c3f5 d37282b52f0c42eeb9a5de6b4a37b929 - - default default] Successfully bumped revision number for resource 035d4130-80c7-41d2-a785-5dcd4daa8c1f (type: security_group_rules) to 0
2026-07-15 00:15:05.154 9 INFO neutron.db.ovn_revision_numbers_db [None req-2857fb3f-8905-40a0-947c-42e88344d0cc 851b7c2d5e414e4295867e176e51c3f5 d37282b52f0c42eeb9a5de6b4a37b929 - - default default] Successfully bumped revision number for resource cb48d07e-10f7-4d14-94e9-d31d0d2c3fdf (type: security_group_rules) to 0
2026-07-15 00:15:05.172 9 INFO neutron.db.ovn_revision_numbers_db [None req-2857fb3f-8905-40a0-947c-42e88344d0cc 851b7c2d5e414e4295867e176e51c3f5 d37282b52f0c42eeb9a5de6b4a37b929 - - default default] Successfully bumped revision number for resource cffabb1e-7ddb-469e-8fd6-f1beac1c06f9 (type: security_group_rules) to 0
2026-07-15 00:15:05.187 9 INFO neutron.db.ovn_revision_numbers_db [None req-2857fb3f-8905-40a0-947c-42e88344d0cc 851b7c2d5e414e4295867e176e51c3f5 d37282b52f0c42eeb9a5de6b4a37b929 - - default default] Successfully bumped revision number for resource e64b1e3b-17ec-4bfd-9a49-6086741b2394 (type: security_group_rules) to 0
2026-07-15 00:15:05.222 9 INFO neutron.wsgi [None req-2857fb3f-8905-40a0-947c-42e88344d0cc 851b7c2d5e414e4295867e176e51c3f5 d37282b52f0c42eeb9a5de6b4a37b929 - - default default] 10.0.0.217 "GET /v2.0/security-groups?tenant_id=e90d80aee5694ca08815bfe4fc93dc47&name=default HTTP/1.1" status: 200 len: 3120 time: 0.4422956
2026-07-15 00:15:05.438 9 INFO neutron.wsgi [None req-f48f1a16-1c04-4152-85c7-cc781fff9adc 026b904edeed4ec9b7fec2b25f201921 fb0c153c47734c53a678401522136805 - - default default] 10.0.0.217 "DELETE /v2.0/networks/29714001-ed7c-4a1a-a504-3f28f95dd9ef HTTP/1.1" status: 204 len: 168 time: 0.5003319
2026-07-15 00:15:05.527 10 INFO neutron.wsgi [None req-f7f28fb9-c768-47c6-8b34-c965377a5586 8c678a5f66194b39ac7e95110f9048b5 9accfa95263b4d5e88ff586c87abc6da - - default default] 10.0.0.217 "DELETE /v2.0/networks/0d6baa51-2c2f-448c-92bd-6737c364238a HTTP/1.1" status: 204 len: 168 time: 0.5586812
2026-07-15 00:15:05.589 10 INFO neutron.wsgi [None req-197c7127-9d2f-40d9-8dbd-1b44883d23bf 851b7c2d5e414e4295867e176e51c3f5 d37282b52f0c42eeb9a5de6b4a37b929 - - default default] 10.0.0.217 "DELETE /v2.0/security-groups/c5a519e3-cf0f-475c-ab37-877dc0c6b41a HTTP/1.1" status: 204 len: 168 time: 0.3625038
2026-07-15 00:15:05.591 10 INFO neutron.services.segments.plugin [-] Segment ff1223b1-0fde-4c3d-8585-9036f8832a0b resource provider aggregate not found
2026-07-15 00:15:05.600 10 INFO neutron.services.segments.plugin [-] Segment ff1223b1-0fde-4c3d-8585-9036f8832a0b resource provider aggregate not found
2026-07-15 00:15:05.606 10 INFO neutron.services.segments.plugin [-] Segment ff1223b1-0fde-4c3d-8585-9036f8832a0b resource provider not found; error: Placement Client Error (4xx): {"errors": [{"status": 404, "title": "Not Found", "detail": "The resource could not be found.\n\n No resource provider with uuid ff1223b1-0fde-4c3d-8585-9036f8832a0b found for delete ", "request_id": "req-4cb9c4c7-0019-44ad-9380-dc3e32617050"}]}
2026-07-15 00:15:05.623 10 INFO neutron.services.segments.plugin [-] Segment ff1223b1-0fde-4c3d-8585-9036f8832a0b resource provider not found; error: Placement Client Error (4xx): {"errors": [{"status": 404, "title": "Not Found", "detail": "The resource could not be found.\n\n No resource provider with uuid ff1223b1-0fde-4c3d-8585-9036f8832a0b found for delete ", "request_id": "req-f29ab3c0-9c6a-4038-a192-6c68703866e2"}]}
2026-07-15 00:15:05.625 9 INFO neutron.wsgi [None req-e693431c-d0f7-4e32-b463-b9fde09a3477 8c678a5f66194b39ac7e95110f9048b5 9accfa95263b4d5e88ff586c87abc6da - - default default] 10.0.0.217 "GET /v2.0/networks HTTP/1.1" status: 200 len: 845 time: 0.0908599
2026-07-15 00:15:05.628 10 INFO neutron.services.segments.plugin [-] Segment 46a0bba2-6237-48d0-a485-7b393f4f71ad resource provider aggregate not found
2026-07-15 00:15:05.636 9 WARNING neutron_lib.context [None req-4c72ed6f-8fd8-48e8-bee3-eae7f3d9820d 8c678a5f66194b39ac7e95110f9048b5 9accfa95263b4d5e88ff586c87abc6da - - default default] Method 'is_advsvc' is deprecated since 2023.2 release (neutron-lib 3.8.0) and will be removed once support for the old RBAC API policies will be removed from Neutron. Please use method 'is_service_role' instead.
2026-07-15 00:15:05.647 10 INFO neutron.services.segments.plugin [-] Segment 46a0bba2-6237-48d0-a485-7b393f4f71ad resource provider not found; error: Placement Client Error (4xx): {"errors": [{"status": 404, "title": "Not Found", "detail": "The resource could not be found.\n\n No resource provider with uuid 46a0bba2-6237-48d0-a485-7b393f4f71ad found for delete ", "request_id": "req-c0214439-4c84-4408-acf9-6ebb05d0e0cf"}]}
2026-07-15 00:15:05.653 10 INFO neutron.services.segments.plugin [-] Segment 46a0bba2-6237-48d0-a485-7b393f4f71ad resource provider aggregate not found
2026-07-15 00:15:05.674 10 INFO neutron.services.segments.plugin [-] Segment 46a0bba2-6237-48d0-a485-7b393f4f71ad resource provider not found; error: Placement Client Error (4xx): {"errors": [{"status": 404, "title": "Not Found", "detail": "The resource could not be found.\n\n No resource provider with uuid 46a0bba2-6237-48d0-a485-7b393f4f71ad found for delete ", "request_id": "req-e3210142-066d-4d6b-98e4-809bb104a12a"}]}
2026-07-15 00:15:05.751 9 INFO neutron.db.segments_db [None req-4c72ed6f-8fd8-48e8-bee3-eae7f3d9820d 8c678a5f66194b39ac7e95110f9048b5 9accfa95263b4d5e88ff586c87abc6da - - default default] Added segment a3f877e5-4974-4ab7-afc2-cdf77b828db9 of type geneve for network 7e67507e-ae94-4665-9754-359d92531015
