2026-07-15 00:13:13.581 9 INFO neutron.wsgi [req-9c2fb73b-da59-4925-ab29-011cce785400 req-75119990-9178-4556-be8a-6abb16082bd6 a754bae6f1a04627af4b07292851ad2c d4f72008438441d799b5c7b357853935 - - 5c41aad2933c46f48380ba9f661a8615 5c41aad2933c46f48380ba9f661a8615] 199.204.45.4 "GET /v2.0/ports?tenant_id=29f630f28510407abd8ae6a0249fc18f&device_id=95ff40aa-2bea-494a-9515-343022a2b84d HTTP/1.1" status: 200 len: 1411 time: 0.0482891
2026-07-15 00:13:13.618 9 INFO neutron.wsgi [req-9c2fb73b-da59-4925-ab29-011cce785400 req-dce35db6-bf81-4ec7-8604-4d5c5e150a63 a754bae6f1a04627af4b07292851ad2c d4f72008438441d799b5c7b357853935 - - 5c41aad2933c46f48380ba9f661a8615 5c41aad2933c46f48380ba9f661a8615] 199.204.45.4 "GET /v2.0/floatingips?fixed_ip_address=10.100.0.11&port_id=3f400598-e243-461b-ac5e-eda338ec243d HTTP/1.1" status: 200 len: 217 time: 0.0314364
2026-07-15 00:13:13.663 9 INFO neutron.wsgi [req-ffc7543d-172a-4c86-9309-d20687ba1c14 req-b204e4bb-e1bd-406f-a37f-fbf9149aa0c9 a754bae6f1a04627af4b07292851ad2c d4f72008438441d799b5c7b357853935 - - 5c41aad2933c46f48380ba9f661a8615 5c41aad2933c46f48380ba9f661a8615] 199.204.45.4 "GET /v2.0/floatingips?fixed_ip_address=10.100.0.12&port_id=6a2f50e2-96b2-4d5e-80fe-7f4277fec76f HTTP/1.1" status: 200 len: 1060 time: 0.0877020
2026-07-15 00:13:13.666 9 INFO neutron.wsgi [req-9c2fb73b-da59-4925-ab29-011cce785400 req-f57436a7-79f1-4aa0-a855-f0e433d5d804 a754bae6f1a04627af4b07292851ad2c d4f72008438441d799b5c7b357853935 - - 5c41aad2933c46f48380ba9f661a8615 5c41aad2933c46f48380ba9f661a8615] 199.204.45.4 "GET /v2.0/subnets?id=c6ea789f-b357-4719-a828-3ceb2e52619d HTTP/1.1" status: 200 len: 863 time: 0.0416121
2026-07-15 00:13:13.718 9 INFO neutron.wsgi [req-ffc7543d-172a-4c86-9309-d20687ba1c14 req-65210c2e-333b-47bf-8de3-a8e4c5d17e5b a754bae6f1a04627af4b07292851ad2c d4f72008438441d799b5c7b357853935 - - 5c41aad2933c46f48380ba9f661a8615 5c41aad2933c46f48380ba9f661a8615] 199.204.45.4 "GET /v2.0/floatingips?fixed_ip_address=10.100.0.3&port_id=6a2f50e2-96b2-4d5e-80fe-7f4277fec76f HTTP/1.1" status: 200 len: 217 time: 0.0411637
2026-07-15 00:13:13.720 9 INFO neutron.wsgi [req-9c2fb73b-da59-4925-ab29-011cce785400 req-446432de-9fb0-4f16-abf1-496f9f42d9af a754bae6f1a04627af4b07292851ad2c d4f72008438441d799b5c7b357853935 - - 5c41aad2933c46f48380ba9f661a8615 5c41aad2933c46f48380ba9f661a8615] 199.204.45.4 "GET /v2.0/ports?network_id=6677056a-c00e-4076-8105-e1575373b78e&device_owner=network%3Adhcp HTTP/1.1" status: 200 len: 210 time: 0.0422347
2026-07-15 00:13:13.779 9 INFO neutron.wsgi [req-ffc7543d-172a-4c86-9309-d20687ba1c14 req-ea388ffd-903f-4fbc-b2cc-fb2734e8d54e a754bae6f1a04627af4b07292851ad2c d4f72008438441d799b5c7b357853935 - - 5c41aad2933c46f48380ba9f661a8615 5c41aad2933c46f48380ba9f661a8615] 199.204.45.4 "GET /v2.0/subnets?id=d71a1926-c7b6-4608-a062-e8c8518905ad HTTP/1.1" status: 200 len: 876 time: 0.0492852
2026-07-15 00:13:13.813 9 INFO neutron.wsgi [req-ffc7543d-172a-4c86-9309-d20687ba1c14 req-d149a7c3-a73b-4377-aca4-bdf09cc4c5e3 a754bae6f1a04627af4b07292851ad2c d4f72008438441d799b5c7b357853935 - - 5c41aad2933c46f48380ba9f661a8615 5c41aad2933c46f48380ba9f661a8615] 199.204.45.4 "GET /v2.0/ports?network_id=adf1f10f-ea85-4dea-9bca-d30e6d5086ca&device_owner=network%3Adhcp HTTP/1.1" status: 200 len: 210 time: 0.0273206
2026-07-15 00:13:13.825 9 INFO neutron.wsgi [req-9c2fb73b-da59-4925-ab29-011cce785400 req-924a4819-21fe-40f8-9163-97a50f5323db a754bae6f1a04627af4b07292851ad2c d4f72008438441d799b5c7b357853935 - - 5c41aad2933c46f48380ba9f661a8615 5c41aad2933c46f48380ba9f661a8615] 199.204.45.4 "GET /v2.0/networks/6677056a-c00e-4076-8105-e1575373b78e?fields=segments HTTP/1.1" status: 200 len: 212 time: 0.0944598
2026-07-15 00:13:13.906 9 INFO neutron.wsgi [req-ffc7543d-172a-4c86-9309-d20687ba1c14 req-b55e3e51-8410-472d-84ab-89e4a8e81968 a754bae6f1a04627af4b07292851ad2c d4f72008438441d799b5c7b357853935 - - 5c41aad2933c46f48380ba9f661a8615 5c41aad2933c46f48380ba9f661a8615] 199.204.45.4 "GET /v2.0/networks/adf1f10f-ea85-4dea-9bca-d30e6d5086ca?fields=segments HTTP/1.1" status: 200 len: 212 time: 0.0836468
2026-07-15 00:13:13.926 9 INFO neutron.wsgi [req-9c2fb73b-da59-4925-ab29-011cce785400 req-305ac84e-97ed-44b9-b155-3d11aa64f1eb a754bae6f1a04627af4b07292851ad2c d4f72008438441d799b5c7b357853935 - - 5c41aad2933c46f48380ba9f661a8615 5c41aad2933c46f48380ba9f661a8615] 199.204.45.4 "GET /v2.0/networks/6677056a-c00e-4076-8105-e1575373b78e?fields=provider%3Aphysical_network&fields=provider%3Anetwork_type HTTP/1.1" status: 200 len: 277 time: 0.0944412
2026-07-15 00:13:13.930 10 INFO neutron.wsgi [req-a1bae100-3528-4565-b0b9-81f1dd39f163 req-e4bf7641-8ff1-4549-b23f-1ba35799d3c1 6e0cd7e9e04641668e4d7dbb6bc210aa 29f630f28510407abd8ae6a0249fc18f - - default default] 10.0.0.93 "GET /v2.0/ports?device_id=95ff40aa-2bea-494a-9515-343022a2b84d HTTP/1.1" status: 200 len: 1172 time: 0.0451303
2026-07-15 00:13:13.975 9 INFO neutron.wsgi [req-ffc7543d-172a-4c86-9309-d20687ba1c14 req-95256230-7991-4c26-975e-c896d041c7f4 a754bae6f1a04627af4b07292851ad2c d4f72008438441d799b5c7b357853935 - - 5c41aad2933c46f48380ba9f661a8615 5c41aad2933c46f48380ba9f661a8615] 199.204.45.4 "GET /v2.0/networks/adf1f10f-ea85-4dea-9bca-d30e6d5086ca?fields=provider%3Aphysical_network&fields=provider%3Anetwork_type HTTP/1.1" status: 200 len: 277 time: 0.0622716
2026-07-15 00:13:13.981 10 INFO neutron.wsgi [req-a1bae100-3528-4565-b0b9-81f1dd39f163 req-925091c6-8a37-4cbf-936b-51c0bdfb7125 6e0cd7e9e04641668e4d7dbb6bc210aa 29f630f28510407abd8ae6a0249fc18f - - default default] 10.0.0.93 "GET /v2.0/security-groups?id=ad3d938a-50b1-4a3b-89ab-d8d2d3d9a3ec&fields=id&fields=name HTTP/1.1" status: 200 len: 313 time: 0.0432148
2026-07-15 00:13:14.145 10 INFO neutron.plugins.ml2.drivers.ovn.mech_driver.mech_driver [None req-54af771d-6cd2-404c-b450-159907c9d9b0 - - - - - -] OVN reports status up for port: 3f400598-e243-461b-ac5e-eda338ec243d
2026-07-15 00:13:14.164 10 INFO neutron.plugins.ml2.plugin [None req-54af771d-6cd2-404c-b450-159907c9d9b0 - - - - - -] Attempt 1 to provision port 3f400598-e243-461b-ac5e-eda338ec243d
2026-07-15 00:13:14.364 10 INFO neutron.notifiers.nova [-] Nova event matching ['req-1ed1f3fe-6838-4861-b777-01540796cb6b'] response: {'server_uuid': '95ff40aa-2bea-494a-9515-343022a2b84d', 'name': 'network-vif-plugged', 'status': 'completed', 'tag': '3f400598-e243-461b-ac5e-eda338ec243d', 'code': 200}
2026-07-15 00:13:14.510 10 INFO neutron.wsgi [-] 10.0.0.102 "GET / HTTP/1.1" status: 200 len: 246 time: 0.0038955
2026-07-15 00:13:14.513 10 INFO neutron.wsgi [-] 10.0.0.102 "GET / HTTP/1.1" status: 200 len: 246 time: 0.0010428
2026-07-15 00:13:14.543 9 INFO neutron.wsgi [req-dc74707c-cea4-498f-97db-e1f7c8d00f8d req-42ee5ecd-fd75-45d1-9a49-99f26c9c1801 acff3bb51bce4fc7bff093fd1bf7bdaf 9be888fc851a493f86a42d495eb5e6dc - - default default] 10.0.0.93 "GET /v2.0/ports?device_id=75f6588b-81e6-4ef1-879a-5f55fe215a90 HTTP/1.1" status: 200 len: 1352 time: 0.0711074
2026-07-15 00:13:14.566 10 INFO neutron.db.ovn_revision_numbers_db [None req-54af771d-6cd2-404c-b450-159907c9d9b0 - - - - - -] Successfully bumped revision number for resource 3f400598-e243-461b-ac5e-eda338ec243d (type: ports) to 4
2026-07-15 00:13:14.586 9 INFO neutron.wsgi [req-dc74707c-cea4-498f-97db-e1f7c8d00f8d req-4a7d811b-bd59-4bda-9bdf-c4d1742975e2 acff3bb51bce4fc7bff093fd1bf7bdaf 9be888fc851a493f86a42d495eb5e6dc - - default default] 10.0.0.93 "GET /v2.0/security-groups?id=9dfc37c6-3b56-437d-8d97-a68d75d871e1&fields=id&fields=name HTTP/1.1" status: 200 len: 313 time: 0.0366287
2026-07-15 00:13:14.756 9 INFO neutron.wsgi [req-28d363ed-ca0f-4080-8b21-f3ff9ee87a36 req-e6b88f62-e2cc-472b-9255-7bff9a81bc56 acff3bb51bce4fc7bff093fd1bf7bdaf 9be888fc851a493f86a42d495eb5e6dc - - default default] 199.204.45.4 "GET /v2.0/ports?device_id=75f6588b-81e6-4ef1-879a-5f55fe215a90&device_owner=compute%3Anova&fixed_ips=ip_address%3D10.100.0.3 HTTP/1.1" status: 200 len: 1352 time: 0.0680301
2026-07-15 00:13:14.889 9 INFO neutron.notifiers.nova [-] Nova event matching ['req-730f879c-e2ac-4de9-b34d-d0af39438a8c'] response: {'name': 'network-changed', 'server_uuid': '95ff40aa-2bea-494a-9515-343022a2b84d', 'tag': '3f400598-e243-461b-ac5e-eda338ec243d', 'status': 'completed', 'code': 200}
2026-07-15 00:13:14.965 9 INFO neutron.wsgi [req-23570e73-7ba1-4d42-9d59-f62398fe2d5e req-5699f821-aaf9-459b-ace4-1297a7bf4232 a754bae6f1a04627af4b07292851ad2c d4f72008438441d799b5c7b357853935 - - 5c41aad2933c46f48380ba9f661a8615 5c41aad2933c46f48380ba9f661a8615] 199.204.45.4 "GET /v2.0/ports?tenant_id=29f630f28510407abd8ae6a0249fc18f&device_id=95ff40aa-2bea-494a-9515-343022a2b84d HTTP/1.1" status: 200 len: 1413 time: 0.0468733
2026-07-15 00:13:15.080 9 INFO neutron.wsgi [req-23570e73-7ba1-4d42-9d59-f62398fe2d5e req-711547ea-cfc5-4873-95dc-05114cdf5a70 a754bae6f1a04627af4b07292851ad2c d4f72008438441d799b5c7b357853935 - - 5c41aad2933c46f48380ba9f661a8615 5c41aad2933c46f48380ba9f661a8615] 199.204.45.4 "GET /v2.0/networks?id=6677056a-c00e-4076-8105-e1575373b78e HTTP/1.1" status: 200 len: 968 time: 0.1079185
2026-07-15 00:13:15.122 9 INFO neutron.wsgi [req-23570e73-7ba1-4d42-9d59-f62398fe2d5e req-14cd72c1-7fcc-4f27-a27e-829f145b9655 a754bae6f1a04627af4b07292851ad2c d4f72008438441d799b5c7b357853935 - - 5c41aad2933c46f48380ba9f661a8615 5c41aad2933c46f48380ba9f661a8615] 199.204.45.4 "GET /v2.0/floatingips?fixed_ip_address=10.100.0.11&port_id=3f400598-e243-461b-ac5e-eda338ec243d HTTP/1.1" status: 200 len: 217 time: 0.0342131
2026-07-15 00:13:15.128 9 INFO neutron.wsgi [req-b5362310-c237-41be-9d5c-0af313978f9a req-bf2b0a28-0a2c-4dca-9110-8c13a8277a4f 6e0cd7e9e04641668e4d7dbb6bc210aa 29f630f28510407abd8ae6a0249fc18f - - default default] 10.0.0.93 "GET /v2.0/ports?device_id=95ff40aa-2bea-494a-9515-343022a2b84d HTTP/1.1" status: 200 len: 1174 time: 0.0724330
2026-07-15 00:13:15.191 9 INFO neutron.wsgi [req-23570e73-7ba1-4d42-9d59-f62398fe2d5e req-09b140c2-8e91-49d2-9c57-f4078655bad8 a754bae6f1a04627af4b07292851ad2c d4f72008438441d799b5c7b357853935 - - 5c41aad2933c46f48380ba9f661a8615 5c41aad2933c46f48380ba9f661a8615] 199.204.45.4 "GET /v2.0/subnets?id=c6ea789f-b357-4719-a828-3ceb2e52619d HTTP/1.1" status: 200 len: 863 time: 0.0609322
2026-07-15 00:13:15.215 9 INFO neutron.wsgi [req-b5362310-c237-41be-9d5c-0af313978f9a req-3dad5b85-c714-4885-9f18-8bd9516c23b0 6e0cd7e9e04641668e4d7dbb6bc210aa 29f630f28510407abd8ae6a0249fc18f - - default default] 10.0.0.93 "GET /v2.0/security-groups?id=ad3d938a-50b1-4a3b-89ab-d8d2d3d9a3ec&fields=id&fields=name HTTP/1.1" status: 200 len: 313 time: 0.0754371
2026-07-15 00:13:15.226 9 INFO neutron.wsgi [req-23570e73-7ba1-4d42-9d59-f62398fe2d5e req-d4a04ab6-3eac-4a5f-96f9-924f775f1257 a754bae6f1a04627af4b07292851ad2c d4f72008438441d799b5c7b357853935 - - 5c41aad2933c46f48380ba9f661a8615 5c41aad2933c46f48380ba9f661a8615] 199.204.45.4 "GET /v2.0/ports?network_id=6677056a-c00e-4076-8105-e1575373b78e&device_owner=network%3Adhcp HTTP/1.1" status: 200 len: 210 time: 0.0272408 /var/lib/openstack/lib/python3.10/site-packages/pycadf/identifier.py:71: UserWarning: Invalid uuid: neutron. To ensure interoperability, identifiers should be a valid uuid. warnings.warn(('Invalid uuid: %s. To ensure interoperability, '
2026-07-15 00:13:15.394 10 INFO neutron.db.ovn_revision_numbers_db [None req-535107ba-600b-4b81-8380-f8363f73f521 851b7c2d5e414e4295867e176e51c3f5 d37282b52f0c42eeb9a5de6b4a37b929 - - default default] Successfully bumped revision number for resource c945fcbe-b936-4f36-b751-bf3dc99c47ba (type: security_groups) to 1
2026-07-15 00:13:15.413 10 INFO neutron.db.ovn_revision_numbers_db [None req-535107ba-600b-4b81-8380-f8363f73f521 851b7c2d5e414e4295867e176e51c3f5 d37282b52f0c42eeb9a5de6b4a37b929 - - default default] Successfully bumped revision number for resource 71b60838-66c8-4baf-9c7a-43f6424c000c (type: security_group_rules) to 0
2026-07-15 00:13:15.427 10 INFO neutron.db.ovn_revision_numbers_db [None req-535107ba-600b-4b81-8380-f8363f73f521 851b7c2d5e414e4295867e176e51c3f5 d37282b52f0c42eeb9a5de6b4a37b929 - - default default] Successfully bumped revision number for resource a352fb1c-d50d-4854-9e82-d350169bf612 (type: security_group_rules) to 0
2026-07-15 00:13:15.441 10 INFO neutron.db.ovn_revision_numbers_db [None req-535107ba-600b-4b81-8380-f8363f73f521 851b7c2d5e414e4295867e176e51c3f5 d37282b52f0c42eeb9a5de6b4a37b929 - - default default] Successfully bumped revision number for resource b97f8c7f-c091-4dfb-875b-245713f4c542 (type: security_group_rules) to 0
2026-07-15 00:13:15.461 10 INFO neutron.db.ovn_revision_numbers_db [None req-535107ba-600b-4b81-8380-f8363f73f521 851b7c2d5e414e4295867e176e51c3f5 d37282b52f0c42eeb9a5de6b4a37b929 - - default default] Successfully bumped revision number for resource d46dd52f-4436-4a91-81ff-4d3a7e0c73ce (type: security_group_rules) to 0
2026-07-15 00:13:15.484 10 INFO neutron.wsgi [None req-535107ba-600b-4b81-8380-f8363f73f521 851b7c2d5e414e4295867e176e51c3f5 d37282b52f0c42eeb9a5de6b4a37b929 - - default default] 10.0.0.217 "GET /v2.0/security-groups?tenant_id=f8d5ab711aba46e5b9fa5522552f30d9&name=default HTTP/1.1" status: 200 len: 3120 time: 0.3796067
2026-07-15 00:13:15.507 9 INFO neutron.wsgi [req-23570e73-7ba1-4d42-9d59-f62398fe2d5e req-07ac0e80-fa33-46a0-80f8-6cf9c3ae0970 a754bae6f1a04627af4b07292851ad2c d4f72008438441d799b5c7b357853935 - - 5c41aad2933c46f48380ba9f661a8615 5c41aad2933c46f48380ba9f661a8615] 199.204.45.4 "GET /v2.0/networks/6677056a-c00e-4076-8105-e1575373b78e?fields=segments HTTP/1.1" status: 200 len: 212 time: 0.2735989
2026-07-15 00:13:15.608 9 INFO neutron.wsgi [req-23570e73-7ba1-4d42-9d59-f62398fe2d5e req-a36ea3d2-bf6f-4482-bf9c-1af799744f57 a754bae6f1a04627af4b07292851ad2c d4f72008438441d799b5c7b357853935 - - 5c41aad2933c46f48380ba9f661a8615 5c41aad2933c46f48380ba9f661a8615] 199.204.45.4 "GET /v2.0/networks/6677056a-c00e-4076-8105-e1575373b78e?fields=provider%3Aphysical_network&fields=provider%3Anetwork_type HTTP/1.1" status: 200 len: 277 time: 0.0937037
2026-07-15 00:13:15.649 9 INFO neutron.db.ovn_revision_numbers_db [req-28d363ed-ca0f-4080-8b21-f3ff9ee87a36 req-14142bd0-9dfe-41ab-8f17-46451a9c0557 acff3bb51bce4fc7bff093fd1bf7bdaf 9be888fc851a493f86a42d495eb5e6dc - - default default] Successfully bumped revision number for resource 6a2f50e2-96b2-4d5e-80fe-7f4277fec76f (type: ports) to 6
2026-07-15 00:13:15.663 9 INFO neutron.wsgi [req-28d363ed-ca0f-4080-8b21-f3ff9ee87a36 req-14142bd0-9dfe-41ab-8f17-46451a9c0557 acff3bb51bce4fc7bff093fd1bf7bdaf 9be888fc851a493f86a42d495eb5e6dc - - default default] 199.204.45.4 "PUT /v2.0/ports/6a2f50e2-96b2-4d5e-80fe-7f4277fec76f HTTP/1.1" status: 200 len: 1171 time: 0.9040878 /var/lib/openstack/lib/python3.10/site-packages/pycadf/identifier.py:71: UserWarning: Invalid uuid: neutron. To ensure interoperability, identifiers should be a valid uuid. warnings.warn(('Invalid uuid: %s. To ensure interoperability, '
2026-07-15 00:13:15.730 9 INFO neutron.wsgi [req-28d363ed-ca0f-4080-8b21-f3ff9ee87a36 req-29a985a6-8169-49d4-9493-ff3ebde2cd87 a754bae6f1a04627af4b07292851ad2c d4f72008438441d799b5c7b357853935 - - 5c41aad2933c46f48380ba9f661a8615 5c41aad2933c46f48380ba9f661a8615] 199.204.45.4 "GET /v2.0/ports?tenant_id=9be888fc851a493f86a42d495eb5e6dc&device_id=75f6588b-81e6-4ef1-879a-5f55fe215a90 HTTP/1.1" status: 200 len: 1413 time: 0.0437601
2026-07-15 00:13:15.765 10 INFO neutron.wsgi [None req-01c01e1e-62f6-46b6-bcb6-538eaa63d85d 851b7c2d5e414e4295867e176e51c3f5 d37282b52f0c42eeb9a5de6b4a37b929 - - default default] 10.0.0.217 "DELETE /v2.0/security-groups/c945fcbe-b936-4f36-b751-bf3dc99c47ba HTTP/1.1" status: 204 len: 168 time: 0.2751241
2026-07-15 00:13:15.798 9 INFO neutron.wsgi [req-28d363ed-ca0f-4080-8b21-f3ff9ee87a36 req-dc20f4ed-ca39-43b4-a696-b697838415cc a754bae6f1a04627af4b07292851ad2c d4f72008438441d799b5c7b357853935 - - 5c41aad2933c46f48380ba9f661a8615 5c41aad2933c46f48380ba9f661a8615] 199.204.45.4 "GET /v2.0/networks?id=adf1f10f-ea85-4dea-9bca-d30e6d5086ca HTTP/1.1" status: 200 len: 981 time: 0.0615675
2026-07-15 00:13:15.850 9 INFO neutron.wsgi [req-28d363ed-ca0f-4080-8b21-f3ff9ee87a36 req-be23ebbd-4448-4a90-9e27-7a516ad959d0 a754bae6f1a04627af4b07292851ad2c d4f72008438441d799b5c7b357853935 - - 5c41aad2933c46f48380ba9f661a8615 5c41aad2933c46f48380ba9f661a8615] 199.204.45.4 "GET /v2.0/floatingips?fixed_ip_address=10.100.0.12&port_id=6a2f50e2-96b2-4d5e-80fe-7f4277fec76f HTTP/1.1" status: 200 len: 1060 time: 0.0435293
2026-07-15 00:13:15.892 9 INFO neutron.wsgi [req-28d363ed-ca0f-4080-8b21-f3ff9ee87a36 req-045f2bd2-56e8-4d53-af41-c3bfaa9e1fb5 a754bae6f1a04627af4b07292851ad2c d4f72008438441d799b5c7b357853935 - - 5c41aad2933c46f48380ba9f661a8615 5c41aad2933c46f48380ba9f661a8615] 199.204.45.4 "GET /v2.0/subnets?id=d71a1926-c7b6-4608-a062-e8c8518905ad HTTP/1.1" status: 200 len: 876 time: 0.0374942
2026-07-15 00:13:15.919 9 INFO neutron.wsgi [req-28d363ed-ca0f-4080-8b21-f3ff9ee87a36 req-092d3b78-fa55-499d-a37c-f2d01d2167a9 a754bae6f1a04627af4b07292851ad2c d4f72008438441d799b5c7b357853935 - - 5c41aad2933c46f48380ba9f661a8615 5c41aad2933c46f48380ba9f661a8615] 199.204.45.4 "GET /v2.0/ports?network_id=adf1f10f-ea85-4dea-9bca-d30e6d5086ca&device_owner=network%3Adhcp HTTP/1.1" status: 200 len: 210 time: 0.0220304
2026-07-15 00:13:15.993 9 INFO neutron.wsgi [req-28d363ed-ca0f-4080-8b21-f3ff9ee87a36 req-f5b0dde4-f3c6-4bab-951a-632974d9b393 a754bae6f1a04627af4b07292851ad2c d4f72008438441d799b5c7b357853935 - - 5c41aad2933c46f48380ba9f661a8615 5c41aad2933c46f48380ba9f661a8615] 199.204.45.4 "GET /v2.0/networks/adf1f10f-ea85-4dea-9bca-d30e6d5086ca?fields=segments HTTP/1.1" status: 200 len: 212 time: 0.0665820
2026-07-15 00:13:16.068 9 INFO neutron.wsgi [req-28d363ed-ca0f-4080-8b21-f3ff9ee87a36 req-54226c41-ee3b-4db8-bad4-9200a4e7e834 a754bae6f1a04627af4b07292851ad2c d4f72008438441d799b5c7b357853935 - - 5c41aad2933c46f48380ba9f661a8615 5c41aad2933c46f48380ba9f661a8615] 199.204.45.4 "GET /v2.0/networks/adf1f10f-ea85-4dea-9bca-d30e6d5086ca?fields=provider%3Aphysical_network&fields=provider%3Anetwork_type HTTP/1.1" status: 200 len: 277 time: 0.0678918
2026-07-15 00:13:16.331 9 INFO neutron.wsgi [req-efaa5ddb-14ca-4872-93c6-fb70b4880249 req-8eb4751e-0de0-4692-a8f2-544627421a82 6e0cd7e9e04641668e4d7dbb6bc210aa 29f630f28510407abd8ae6a0249fc18f - - default default] 10.0.0.93 "GET /v2.0/ports?device_id=95ff40aa-2bea-494a-9515-343022a2b84d HTTP/1.1" status: 200 len: 1174 time: 0.0408633
2026-07-15 00:13:16.381 9 INFO neutron.wsgi [req-efaa5ddb-14ca-4872-93c6-fb70b4880249 req-34678685-62af-4d77-8d92-ca17b23c418f 6e0cd7e9e04641668e4d7dbb6bc210aa 29f630f28510407abd8ae6a0249fc18f - - default default] 10.0.0.93 "GET /v2.0/security-groups?id=ad3d938a-50b1-4a3b-89ab-d8d2d3d9a3ec&fields=id&fields=name HTTP/1.1" status: 200 len: 313 time: 0.0423107
2026-07-15 00:13:16.413 10 INFO neutron.notifiers.nova [-] Nova event matching ['req-6b4ae4af-6b8b-44dc-9bad-ce781e9eba06'] response: {'server_uuid': '95ff40aa-2bea-494a-9515-343022a2b84d', 'name': 'network-vif-plugged', 'status': 'completed', 'tag': '3f400598-e243-461b-ac5e-eda338ec243d', 'code': 200}
2026-07-15 00:13:16.522 9 INFO neutron.wsgi [req-94f18a40-bddb-40c2-9ac0-90363b178888 req-583b121a-4884-46ac-943b-61908a93d333 6e0cd7e9e04641668e4d7dbb6bc210aa 29f630f28510407abd8ae6a0249fc18f - - default default] 10.0.0.93 "GET /v2.0/ports?device_id=95ff40aa-2bea-494a-9515-343022a2b84d HTTP/1.1" status: 200 len: 1174 time: 0.0423346
2026-07-15 00:13:16.947 9 INFO neutron.notifiers.nova [-] Nova event matching ['req-13ab06f5-c731-4d93-80d6-4a94ac0ac08d'] response: {'name': 'network-changed', 'server_uuid': '75f6588b-81e6-4ef1-879a-5f55fe215a90', 'tag': '6a2f50e2-96b2-4d5e-80fe-7f4277fec76f', 'status': 'completed', 'code': 200}
2026-07-15 00:13:17.026 9 INFO neutron.wsgi [req-798ce8ac-d563-40f7-834c-585550bc746d req-1d1f41fb-a403-4246-8d62-26da646a90ba a754bae6f1a04627af4b07292851ad2c d4f72008438441d799b5c7b357853935 - - 5c41aad2933c46f48380ba9f661a8615 5c41aad2933c46f48380ba9f661a8615] 199.204.45.4 "GET /v2.0/ports?tenant_id=9be888fc851a493f86a42d495eb5e6dc&device_id=75f6588b-81e6-4ef1-879a-5f55fe215a90 HTTP/1.1" status: 200 len: 1413 time: 0.0528948
2026-07-15 00:13:17.042 9 INFO neutron.plugins.ml2.drivers.ovn.mech_driver.mech_driver [None req-ba97e2e0-8c8a-46c9-aec5-5954db8ceda4 - - - - - -] OVN reports status down for port: 6a2f50e2-96b2-4d5e-80fe-7f4277fec76f
2026-07-15 00:13:17.116 10 INFO neutron.wsgi [req-bbeca255-886c-44c4-991c-3df533a5a9ac req-b1e6893b-d4cd-4716-93da-5054a7f41d4f acff3bb51bce4fc7bff093fd1bf7bdaf 9be888fc851a493f86a42d495eb5e6dc - - default default] 10.0.0.93 "GET /v2.0/ports?device_id=75f6588b-81e6-4ef1-879a-5f55fe215a90 HTTP/1.1" status: 200 len: 1174 time: 0.1165581
2026-07-15 00:13:17.163 10 INFO neutron.wsgi [req-bbeca255-886c-44c4-991c-3df533a5a9ac req-5b40e7fa-2a30-43bd-8a94-a3b0fa7ba1d4 acff3bb51bce4fc7bff093fd1bf7bdaf 9be888fc851a493f86a42d495eb5e6dc - - default default] 10.0.0.93 "GET /v2.0/security-groups?id=9dfc37c6-3b56-437d-8d97-a68d75d871e1&fields=id&fields=name HTTP/1.1" status: 200 len: 313 time: 0.0412359
2026-07-15 00:13:17.167 9 INFO neutron.wsgi [req-798ce8ac-d563-40f7-834c-585550bc746d req-af6948a4-a950-40dc-83e5-b584a1ff7fb0 a754bae6f1a04627af4b07292851ad2c d4f72008438441d799b5c7b357853935 - - 5c41aad2933c46f48380ba9f661a8615 5c41aad2933c46f48380ba9f661a8615] 199.204.45.4 "GET /v2.0/networks?id=adf1f10f-ea85-4dea-9bca-d30e6d5086ca HTTP/1.1" status: 200 len: 981 time: 0.1363399
2026-07-15 00:13:17.276 9 INFO neutron.wsgi [req-798ce8ac-d563-40f7-834c-585550bc746d req-09feac87-7070-431a-8d0d-7107cdfbefa0 a754bae6f1a04627af4b07292851ad2c d4f72008438441d799b5c7b357853935 - - 5c41aad2933c46f48380ba9f661a8615 5c41aad2933c46f48380ba9f661a8615] 199.204.45.4 "GET /v2.0/floatingips?fixed_ip_address=10.100.0.12&port_id=6a2f50e2-96b2-4d5e-80fe-7f4277fec76f HTTP/1.1" status: 200 len: 1060 time: 0.0984204
2026-07-15 00:13:17.371 9 INFO neutron.wsgi [req-798ce8ac-d563-40f7-834c-585550bc746d req-ea2172cd-8998-48cf-bd39-297a1a131548 a754bae6f1a04627af4b07292851ad2c d4f72008438441d799b5c7b357853935 - - 5c41aad2933c46f48380ba9f661a8615 5c41aad2933c46f48380ba9f661a8615] 199.204.45.4 "GET /v2.0/subnets?id=d71a1926-c7b6-4608-a062-e8c8518905ad HTTP/1.1" status: 200 len: 876 time: 0.0913818
2026-07-15 00:13:17.410 9 INFO neutron.wsgi [req-798ce8ac-d563-40f7-834c-585550bc746d req-b7ff2693-b805-4df0-888a-4c440de5be75 a754bae6f1a04627af4b07292851ad2c d4f72008438441d799b5c7b357853935 - - 5c41aad2933c46f48380ba9f661a8615 5c41aad2933c46f48380ba9f661a8615] 199.204.45.4 "GET /v2.0/ports?network_id=adf1f10f-ea85-4dea-9bca-d30e6d5086ca&device_owner=network%3Adhcp HTTP/1.1" status: 200 len: 210 time: 0.0286295
2026-07-15 00:13:17.795 9 INFO neutron.wsgi [req-019861af-f9f5-470a-a55e-0585a380055f req-3f8b8f64-45f8-4970-94cf-f897b39db514 acff3bb51bce4fc7bff093fd1bf7bdaf 9be888fc851a493f86a42d495eb5e6dc - - default default] 199.204.45.4 "GET /v2.0/ports?device_id=75f6588b-81e6-4ef1-879a-5f55fe215a90 HTTP/1.1" status: 200 len: 1172 time: 0.4844749
2026-07-15 00:13:17.839 9 INFO neutron.wsgi [req-798ce8ac-d563-40f7-834c-585550bc746d req-3ac708e1-d3db-49d6-81ca-5f5c4cca87ef a754bae6f1a04627af4b07292851ad2c d4f72008438441d799b5c7b357853935 - - 5c41aad2933c46f48380ba9f661a8615 5c41aad2933c46f48380ba9f661a8615] 199.204.45.4 "GET /v2.0/networks/adf1f10f-ea85-4dea-9bca-d30e6d5086ca?fields=segments HTTP/1.1" status: 200 len: 212 time: 0.1863325
2026-07-15 00:13:17.886 9 INFO neutron.db.ovn_revision_numbers_db [None req-f0874d4f-b0c8-4ed4-9ff3-b4554919aeaa 6e0cd7e9e04641668e4d7dbb6bc210aa 29f630f28510407abd8ae6a0249fc18f - - default default] Successfully bumped revision number for resource 4cb860e4-5a59-4e72-aba8-618e1596355e (type: floatingips) to 1
2026-07-15 00:13:18.002 9 INFO neutron.wsgi [req-798ce8ac-d563-40f7-834c-585550bc746d req-bea7d765-c39e-4cad-8350-3bc45b682fce a754bae6f1a04627af4b07292851ad2c d4f72008438441d799b5c7b357853935 - - 5c41aad2933c46f48380ba9f661a8615 5c41aad2933c46f48380ba9f661a8615] 199.204.45.4 "GET /v2.0/networks/adf1f10f-ea85-4dea-9bca-d30e6d5086ca?fields=provider%3Aphysical_network&fields=provider%3Anetwork_type HTTP/1.1" status: 200 len: 277 time: 0.1531618
2026-07-15 00:13:18.052 9 INFO neutron.db.ovn_revision_numbers_db [None req-ba97e2e0-8c8a-46c9-aec5-5954db8ceda4 - - - - - -] Successfully bumped revision number for resource 6a2f50e2-96b2-4d5e-80fe-7f4277fec76f (type: ports) to 7
2026-07-15 00:13:18.167 9 INFO neutron.db.ovn_revision_numbers_db [None req-f0874d4f-b0c8-4ed4-9ff3-b4554919aeaa 6e0cd7e9e04641668e4d7dbb6bc210aa 29f630f28510407abd8ae6a0249fc18f - - default default] Successfully bumped revision number for resource 4cb860e4-5a59-4e72-aba8-618e1596355e (type: floatingips) to 2
2026-07-15 00:13:18.168 9 INFO neutron.db.l3_db [None req-f0874d4f-b0c8-4ed4-9ff3-b4554919aeaa 6e0cd7e9e04641668e4d7dbb6bc210aa 29f630f28510407abd8ae6a0249fc18f - - default default] Floating IP 4cb860e4-5a59-4e72-aba8-618e1596355e associated. External IP: 10.96.250.217, port: 3f400598-e243-461b-ac5e-eda338ec243d.
2026-07-15 00:13:18.210 9 INFO neutron.wsgi [None req-f0874d4f-b0c8-4ed4-9ff3-b4554919aeaa 6e0cd7e9e04641668e4d7dbb6bc210aa 29f630f28510407abd8ae6a0249fc18f - - default default] 10.0.0.217 "PUT /v2.0/floatingips/4cb860e4-5a59-4e72-aba8-618e1596355e HTTP/1.1" status: 200 len: 1050 time: 1.6758983 /var/lib/openstack/lib/python3.10/site-packages/pycadf/identifier.py:71: UserWarning: Invalid uuid: neutron. To ensure interoperability, identifiers should be a valid uuid. warnings.warn(('Invalid uuid: %s. To ensure interoperability, '
2026-07-15 00:13:18.294 9 INFO neutron.wsgi [req-9fb668be-e000-4942-acad-43682bdd6ff9 req-cb5019e4-28b0-48bd-9d08-521742d3ad98 acff3bb51bce4fc7bff093fd1bf7bdaf 9be888fc851a493f86a42d495eb5e6dc - - default default] 10.0.0.93 "GET /v2.0/ports?device_id=75f6588b-81e6-4ef1-879a-5f55fe215a90 HTTP/1.1" status: 200 len: 1172 time: 0.0545526
2026-07-15 00:13:18.361 10 INFO neutron.wsgi [req-464f584a-0e72-46c4-a00d-023fbd3927ba req-9d8c1cec-8ef1-4c18-b02f-32e4c4e94e5f 6e0cd7e9e04641668e4d7dbb6bc210aa 29f630f28510407abd8ae6a0249fc18f - - default default] 10.0.0.93 "GET /v2.0/ports?device_id=95ff40aa-2bea-494a-9515-343022a2b84d HTTP/1.1" status: 200 len: 1174 time: 0.0996084
2026-07-15 00:13:18.397 9 INFO neutron.wsgi [req-9fb668be-e000-4942-acad-43682bdd6ff9 req-1054a8ed-270c-455f-8706-59eb59e1dbbf acff3bb51bce4fc7bff093fd1bf7bdaf 9be888fc851a493f86a42d495eb5e6dc - - default default] 10.0.0.93 "GET /v2.0/security-groups?id=9dfc37c6-3b56-437d-8d97-a68d75d871e1&fields=id&fields=name HTTP/1.1" status: 200 len: 313 time: 0.0877926
2026-07-15 00:13:18.409 10 INFO neutron.wsgi [req-464f584a-0e72-46c4-a00d-023fbd3927ba req-4946ff36-7c8b-4cad-99bc-725098b17de6 6e0cd7e9e04641668e4d7dbb6bc210aa 29f630f28510407abd8ae6a0249fc18f - - default default] 10.0.0.93 "GET /v2.0/security-groups?id=ad3d938a-50b1-4a3b-89ab-d8d2d3d9a3ec&fields=id&fields=name HTTP/1.1" status: 200 len: 313 time: 0.0406983
2026-07-15 00:13:18.564 9 INFO neutron.db.l3_db [req-019861af-f9f5-470a-a55e-0585a380055f req-3f5e3cd1-2a20-49d6-b357-399c932471fc acff3bb51bce4fc7bff093fd1bf7bdaf 9be888fc851a493f86a42d495eb5e6dc - - default default] Floating IP eea8d17c-7119-43d3-86fc-ab23056801b3 disassociated. External IP: 10.96.250.207, port: 6a2f50e2-96b2-4d5e-80fe-7f4277fec76f. /var/lib/openstack/lib/python3.10/site-packages/pycadf/identifier.py:71: UserWarning: Invalid uuid: neutron. To ensure interoperability, identifiers should be a valid uuid. warnings.warn(('Invalid uuid: %s. To ensure interoperability, '
2026-07-15 00:13:18.679 9 INFO neutron.db.ovn_revision_numbers_db [None req-be2c4b56-a4ae-40de-834b-54af4c017c7e 851b7c2d5e414e4295867e176e51c3f5 d37282b52f0c42eeb9a5de6b4a37b929 - - default default] Successfully bumped revision number for resource e8527bc8-984a-4df9-912d-c2d7d962a350 (type: security_groups) to 1
2026-07-15 00:13:18.739 10 INFO neutron.plugins.ml2.drivers.ovn.mech_driver.mech_driver [None req-54af771d-6cd2-404c-b450-159907c9d9b0 - - - - - -] OVN reports status down for port: 3f400598-e243-461b-ac5e-eda338ec243d
2026-07-15 00:13:18.745 9 INFO neutron.db.ovn_revision_numbers_db [None req-be2c4b56-a4ae-40de-834b-54af4c017c7e 851b7c2d5e414e4295867e176e51c3f5 d37282b52f0c42eeb9a5de6b4a37b929 - - default default] Successfully bumped revision number for resource 5f288c8e-3a26-4d23-a9a4-21d75b64054d (type: security_group_rules) to 0
2026-07-15 00:13:18.783 9 INFO neutron.db.ovn_revision_numbers_db [None req-be2c4b56-a4ae-40de-834b-54af4c017c7e 851b7c2d5e414e4295867e176e51c3f5 d37282b52f0c42eeb9a5de6b4a37b929 - - default default] Successfully bumped revision number for resource 7a131c62-1a42-4da3-a3bd-2c53d439de2a (type: security_group_rules) to 0
2026-07-15 00:13:18.802 9 INFO neutron.wsgi [req-019861af-f9f5-470a-a55e-0585a380055f req-3f5e3cd1-2a20-49d6-b357-399c932471fc acff3bb51bce4fc7bff093fd1bf7bdaf 9be888fc851a493f86a42d495eb5e6dc - - default default] 199.204.45.4 "DELETE /v2.0/ports/6a2f50e2-96b2-4d5e-80fe-7f4277fec76f HTTP/1.1" status: 204 len: 173 time: 0.9993308
2026-07-15 00:13:18.809 9 INFO neutron.db.ovn_revision_numbers_db [None req-be2c4b56-a4ae-40de-834b-54af4c017c7e 851b7c2d5e414e4295867e176e51c3f5 d37282b52f0c42eeb9a5de6b4a37b929 - - default default] Successfully bumped revision number for resource 7a70b7b4-a3aa-42df-8bc2-646cc00afb00 (type: security_group_rules) to 0
2026-07-15 00:13:18.816 9 INFO neutron.wsgi [req-96087d17-3e97-4159-a308-93a8e556e5ec req-611671a5-bdf8-4f1d-80a1-02d0fb2119e0 6e0cd7e9e04641668e4d7dbb6bc210aa 29f630f28510407abd8ae6a0249fc18f - - default default] 10.0.0.93 "GET /v2.0/ports?device_id=95ff40aa-2bea-494a-9515-343022a2b84d HTTP/1.1" status: 200 len: 1174 time: 0.1514471
2026-07-15 00:13:18.834 9 INFO neutron.db.ovn_revision_numbers_db [None req-be2c4b56-a4ae-40de-834b-54af4c017c7e 851b7c2d5e414e4295867e176e51c3f5 d37282b52f0c42eeb9a5de6b4a37b929 - - default default] Successfully bumped revision number for resource fbfdfc4f-4396-4fd2-b3f8-062e8cb6e20a (type: security_group_rules) to 0
2026-07-15 00:13:18.863 9 INFO neutron.wsgi [None req-be2c4b56-a4ae-40de-834b-54af4c017c7e 851b7c2d5e414e4295867e176e51c3f5 d37282b52f0c42eeb9a5de6b4a37b929 - - default default] 10.0.0.217 "GET /v2.0/security-groups?tenant_id=8df82483f1a84828a380a01e0fb07b03&name=default HTTP/1.1" status: 200 len: 3120 time: 0.5828712
2026-07-15 00:13:18.888 9 INFO neutron.wsgi [req-96087d17-3e97-4159-a308-93a8e556e5ec req-6bbb61e1-c645-4bfa-a676-646747b883ac 6e0cd7e9e04641668e4d7dbb6bc210aa 29f630f28510407abd8ae6a0249fc18f - - default default] 10.0.0.93 "GET /v2.0/security-groups?id=ad3d938a-50b1-4a3b-89ab-d8d2d3d9a3ec&fields=id&fields=name HTTP/1.1" status: 200 len: 313 time: 0.0608804
2026-07-15 00:13:18.951 10 INFO neutron.notifiers.nova [-] Nova event matching ['req-fc9529e1-79aa-41e6-af0d-aa1157173434'] response: {'server_uuid': '95ff40aa-2bea-494a-9515-343022a2b84d', 'name': 'network-vif-unplugged', 'status': 'completed', 'tag': '3f400598-e243-461b-ac5e-eda338ec243d', 'code': 200}
2026-07-15 00:13:18.991 9 INFO neutron.notifiers.nova [-] Nova event matching ['req-cde3d545-a3bb-47c1-bdd7-40c8547a753c'] response: {'server_uuid': '75f6588b-81e6-4ef1-879a-5f55fe215a90', 'name': 'network-vif-unplugged', 'status': 'completed', 'tag': '6a2f50e2-96b2-4d5e-80fe-7f4277fec76f', 'code': 200}
2026-07-15 00:13:18.991 9 INFO neutron.notifiers.nova [-] Nova event matching ['req-cde3d545-a3bb-47c1-bdd7-40c8547a753c'] response: {'server_uuid': '75f6588b-81e6-4ef1-879a-5f55fe215a90', 'name': 'network-vif-unplugged', 'status': 'completed', 'tag': '6a2f50e2-96b2-4d5e-80fe-7f4277fec76f', 'code': 200}
2026-07-15 00:13:18.991 9 INFO neutron.notifiers.nova [-] Nova event matching ['req-cde3d545-a3bb-47c1-bdd7-40c8547a753c'] response: {'name': 'network-changed', 'server_uuid': '95ff40aa-2bea-494a-9515-343022a2b84d', 'tag': '3f400598-e243-461b-ac5e-eda338ec243d', 'status': 'completed', 'code': 200}
2026-07-15 00:13:18.991 9 INFO neutron.notifiers.nova [-] Nova event matching ['req-cde3d545-a3bb-47c1-bdd7-40c8547a753c'] response: {'server_uuid': '75f6588b-81e6-4ef1-879a-5f55fe215a90', 'name': 'network-vif-deleted', 'tag': '6a2f50e2-96b2-4d5e-80fe-7f4277fec76f', 'status': 'completed', 'code': 200}
2026-07-15 00:13:19.063 9 INFO neutron.wsgi [req-2f24118d-a18d-4094-9eb1-46ab964207ec req-5aa6b587-a0f1-412a-9853-90218c5576af 6e0cd7e9e04641668e4d7dbb6bc210aa 29f630f28510407abd8ae6a0249fc18f - - default default] 199.204.45.4 "GET /v2.0/ports?device_id=95ff40aa-2bea-494a-9515-343022a2b84d HTTP/1.1" status: 200 len: 1172 time: 0.0505228
2026-07-15 00:13:19.071 9 INFO neutron.wsgi [req-b4e98ef1-b9a4-4a5e-983a-82f9fe19c493 req-6c4ed25e-11d9-4af3-ab90-6f65365af1e4 a754bae6f1a04627af4b07292851ad2c d4f72008438441d799b5c7b357853935 - - 5c41aad2933c46f48380ba9f661a8615 5c41aad2933c46f48380ba9f661a8615] 199.204.45.4 "GET /v2.0/ports?tenant_id=29f630f28510407abd8ae6a0249fc18f&device_id=95ff40aa-2bea-494a-9515-343022a2b84d HTTP/1.1" status: 200 len: 1411 time: 0.0506229
2026-07-15 00:13:19.158 10 INFO neutron.db.ovn_revision_numbers_db [None req-54af771d-6cd2-404c-b450-159907c9d9b0 - - - - - -] Successfully bumped revision number for resource 3f400598-e243-461b-ac5e-eda338ec243d (type: ports) to 5
2026-07-15 00:13:19.186 9 INFO neutron.wsgi [req-b4e98ef1-b9a4-4a5e-983a-82f9fe19c493 req-6debb7bb-163c-4e09-bc7c-f041b0306f2b a754bae6f1a04627af4b07292851ad2c d4f72008438441d799b5c7b357853935 - - 5c41aad2933c46f48380ba9f661a8615 5c41aad2933c46f48380ba9f661a8615] 199.204.45.4 "GET /v2.0/networks?id=6677056a-c00e-4076-8105-e1575373b78e HTTP/1.1" status: 200 len: 968 time: 0.1048293
2026-07-15 00:13:19.217 10 INFO neutron.wsgi [None req-50f1f47f-3a3f-4599-bc4e-1b1392fa0200 851b7c2d5e414e4295867e176e51c3f5 d37282b52f0c42eeb9a5de6b4a37b929 - - default default] 10.0.0.217 "DELETE /v2.0/security-groups/e8527bc8-984a-4df9-912d-c2d7d962a350 HTTP/1.1" status: 204 len: 168 time: 0.3472009
2026-07-15 00:13:19.248 9 INFO neutron.wsgi [req-b4e98ef1-b9a4-4a5e-983a-82f9fe19c493 req-69d30db8-29ee-44ef-9e7c-c84da6d73639 a754bae6f1a04627af4b07292851ad2c d4f72008438441d799b5c7b357853935 - - 5c41aad2933c46f48380ba9f661a8615 5c41aad2933c46f48380ba9f661a8615] 199.204.45.4 "GET /v2.0/floatingips?fixed_ip_address=10.100.0.11&port_id=3f400598-e243-461b-ac5e-eda338ec243d HTTP/1.1" status: 200 len: 1058 time: 0.0575950
2026-07-15 00:13:19.305 9 INFO neutron.wsgi [req-b4e98ef1-b9a4-4a5e-983a-82f9fe19c493 req-b600d075-fe23-46fe-aaff-30eb513ba8bd a754bae6f1a04627af4b07292851ad2c d4f72008438441d799b5c7b357853935 - - 5c41aad2933c46f48380ba9f661a8615 5c41aad2933c46f48380ba9f661a8615] 199.204.45.4 "GET /v2.0/subnets?id=c6ea789f-b357-4719-a828-3ceb2e52619d HTTP/1.1" status: 200 len: 863 time: 0.0467627
2026-07-15 00:13:19.335 9 INFO neutron.wsgi [req-b4e98ef1-b9a4-4a5e-983a-82f9fe19c493 req-f08f4a80-93e6-49e9-bf9f-14eefc80e54b a754bae6f1a04627af4b07292851ad2c d4f72008438441d799b5c7b357853935 - - 5c41aad2933c46f48380ba9f661a8615 5c41aad2933c46f48380ba9f661a8615] 199.204.45.4 "GET /v2.0/ports?network_id=6677056a-c00e-4076-8105-e1575373b78e&device_owner=network%3Adhcp HTTP/1.1" status: 200 len: 210 time: 0.0227737
2026-07-15 00:13:19.417 9 INFO neutron.wsgi [req-b4e98ef1-b9a4-4a5e-983a-82f9fe19c493 req-ffabb1a0-e427-45d3-9f4b-43ec552445e0 a754bae6f1a04627af4b07292851ad2c d4f72008438441d799b5c7b357853935 - - 5c41aad2933c46f48380ba9f661a8615 5c41aad2933c46f48380ba9f661a8615] 199.204.45.4 "GET /v2.0/networks/6677056a-c00e-4076-8105-e1575373b78e?fields=segments HTTP/1.1" status: 200 len: 212 time: 0.0686119 /var/lib/openstack/lib/python3.10/site-packages/pycadf/identifier.py:71: UserWarning: Invalid uuid: neutron. To ensure interoperability, identifiers should be a valid uuid. warnings.warn(('Invalid uuid: %s. To ensure interoperability, '
2026-07-15 00:13:19.510 9 INFO neutron.wsgi [req-b4e98ef1-b9a4-4a5e-983a-82f9fe19c493 req-62d67849-a74c-427d-ac47-1ecd427c00f5 a754bae6f1a04627af4b07292851ad2c d4f72008438441d799b5c7b357853935 - - 5c41aad2933c46f48380ba9f661a8615 5c41aad2933c46f48380ba9f661a8615] 199.204.45.4 "GET /v2.0/networks/6677056a-c00e-4076-8105-e1575373b78e?fields=provider%3Aphysical_network&fields=provider%3Anetwork_type HTTP/1.1" status: 200 len: 277 time: 0.0843780
2026-07-15 00:13:19.621 10 INFO neutron.wsgi [None req-5a54d7c8-af95-47e0-a7f0-ffe8effed4f6 acff3bb51bce4fc7bff093fd1bf7bdaf 9be888fc851a493f86a42d495eb5e6dc - - default default] 10.0.0.217 "DELETE /v2.0/security-groups/9dfc37c6-3b56-437d-8d97-a68d75d871e1 HTTP/1.1" status: 204 len: 168 time: 0.1382730
2026-07-15 00:13:19.623 9 INFO neutron.db.l3_db [req-2f24118d-a18d-4094-9eb1-46ab964207ec req-e16dc0a5-6e41-47f5-ae74-112191befd83 6e0cd7e9e04641668e4d7dbb6bc210aa 29f630f28510407abd8ae6a0249fc18f - - default default] Floating IP 4cb860e4-5a59-4e72-aba8-618e1596355e disassociated. External IP: 10.96.250.217, port: 3f400598-e243-461b-ac5e-eda338ec243d.
2026-07-15 00:13:19.638 10 INFO neutron.api.v2.resource [None req-7f66223c-e5d9-461e-9516-1d52a01042fa acff3bb51bce4fc7bff093fd1bf7bdaf 9be888fc851a493f86a42d495eb5e6dc - - default default] show failed (client error): The resource could not be found.
2026-07-15 00:13:19.640 10 INFO neutron.wsgi [None req-7f66223c-e5d9-461e-9516-1d52a01042fa acff3bb51bce4fc7bff093fd1bf7bdaf 9be888fc851a493f86a42d495eb5e6dc - - default default] 10.0.0.217 "GET /v2.0/security-groups/9dfc37c6-3b56-437d-8d97-a68d75d871e1 HTTP/1.1" status: 404 len: 347 time: 0.0139794
2026-07-15 00:13:19.790 9 INFO neutron.wsgi [req-2f24118d-a18d-4094-9eb1-46ab964207ec req-e16dc0a5-6e41-47f5-ae74-112191befd83 6e0cd7e9e04641668e4d7dbb6bc210aa 29f630f28510407abd8ae6a0249fc18f - - default default] 199.204.45.4 "DELETE /v2.0/ports/3f400598-e243-461b-ac5e-eda338ec243d HTTP/1.1" status: 204 len: 173 time: 0.7181604
2026-07-15 00:13:19.998 10 INFO neutron.wsgi [req-3a0da2ce-7739-428a-b11f-1d063a259083 req-36389f16-ce02-4071-89a9-fc4a5b9f1b8e 6e0cd7e9e04641668e4d7dbb6bc210aa 29f630f28510407abd8ae6a0249fc18f - - default default] 10.0.0.93 "GET /v2.0/ports?device_id=95ff40aa-2bea-494a-9515-343022a2b84d HTTP/1.1" status: 200 len: 210 time: 0.0345907
2026-07-15 00:13:20.118 10 INFO neutron.wsgi [None req-83e85ec0-91ac-44a7-8ee7-f3af01920876 acff3bb51bce4fc7bff093fd1bf7bdaf 9be888fc851a493f86a42d495eb5e6dc - - default default] 10.0.0.217 "DELETE /v2.0/floatingips/eea8d17c-7119-43d3-86fc-ab23056801b3 HTTP/1.1" status: 204 len: 168 time: 0.4628539 /var/lib/openstack/lib/python3.10/site-packages/pycadf/identifier.py:71: UserWarning: Invalid uuid: neutron. To ensure interoperability, identifiers should be a valid uuid. warnings.warn(('Invalid uuid: %s. To ensure interoperability, '
2026-07-15 00:13:20.230 10 INFO neutron.db.ovn_revision_numbers_db [None req-767b08f3-7d92-4b82-ac9c-6fc650360e7f 851b7c2d5e414e4295867e176e51c3f5 d37282b52f0c42eeb9a5de6b4a37b929 - - default default] Successfully bumped revision number for resource 77c7f69d-9e25-4bc8-b386-bcb6f34b33ae (type: security_groups) to 1
2026-07-15 00:13:20.247 10 INFO neutron.db.ovn_revision_numbers_db [None req-767b08f3-7d92-4b82-ac9c-6fc650360e7f 851b7c2d5e414e4295867e176e51c3f5 d37282b52f0c42eeb9a5de6b4a37b929 - - default default] Successfully bumped revision number for resource 02a9ea21-2f5a-44ae-bea9-ec5171ae9bd8 (type: security_group_rules) to 0
2026-07-15 00:13:20.261 10 INFO neutron.db.ovn_revision_numbers_db [None req-767b08f3-7d92-4b82-ac9c-6fc650360e7f 851b7c2d5e414e4295867e176e51c3f5 d37282b52f0c42eeb9a5de6b4a37b929 - - default default] Successfully bumped revision number for resource 864d9f2d-6a93-4901-b3ba-91f92e1f4519 (type: security_group_rules) to 0
2026-07-15 00:13:20.281 10 INFO neutron.db.ovn_revision_numbers_db [None req-767b08f3-7d92-4b82-ac9c-6fc650360e7f 851b7c2d5e414e4295867e176e51c3f5 d37282b52f0c42eeb9a5de6b4a37b929 - - default default] Successfully bumped revision number for resource ab5d0b2d-515c-4a89-8e38-a9f6bfaf09da (type: security_group_rules) to 0
2026-07-15 00:13:20.303 10 INFO neutron.db.ovn_revision_numbers_db [None req-767b08f3-7d92-4b82-ac9c-6fc650360e7f 851b7c2d5e414e4295867e176e51c3f5 d37282b52f0c42eeb9a5de6b4a37b929 - - default default] Successfully bumped revision number for resource dd9287b7-1757-4a7a-b3b6-30f351157482 (type: security_group_rules) to 0
2026-07-15 00:13:20.332 10 INFO neutron.wsgi [None req-767b08f3-7d92-4b82-ac9c-6fc650360e7f 851b7c2d5e414e4295867e176e51c3f5 d37282b52f0c42eeb9a5de6b4a37b929 - - default default] 10.0.0.217 "GET /v2.0/security-groups?tenant_id=a3a42111266b4431b8be3a0d2cc4a337&name=default HTTP/1.1" status: 200 len: 3120 time: 0.3798015
2026-07-15 00:13:20.576 10 INFO neutron.wsgi [None req-9bc371ad-ae9a-41e0-b7fe-05be5ca3d125 851b7c2d5e414e4295867e176e51c3f5 d37282b52f0c42eeb9a5de6b4a37b929 - - default default] 10.0.0.217 "DELETE /v2.0/security-groups/77c7f69d-9e25-4bc8-b386-bcb6f34b33ae HTTP/1.1" status: 204 len: 168 time: 0.2382855
2026-07-15 00:13:20.797 10 INFO neutron.db.ovn_revision_numbers_db [None req-141f8bf3-19a9-4c0f-ba6a-907ecfeede40 851b7c2d5e414e4295867e176e51c3f5 d37282b52f0c42eeb9a5de6b4a37b929 - - default default] Successfully bumped revision number for resource aa001adc-ab72-4ffb-96dc-fe0027ec1099 (type: security_groups) to 1
2026-07-15 00:13:20.815 10 INFO neutron.db.ovn_revision_numbers_db [None req-141f8bf3-19a9-4c0f-ba6a-907ecfeede40 851b7c2d5e414e4295867e176e51c3f5 d37282b52f0c42eeb9a5de6b4a37b929 - - default default] Successfully bumped revision number for resource 5b99d997-75a8-4d09-a493-5d766ae8a5f3 (type: security_group_rules) to 0
2026-07-15 00:13:20.829 10 INFO neutron.db.ovn_revision_numbers_db [None req-141f8bf3-19a9-4c0f-ba6a-907ecfeede40 851b7c2d5e414e4295867e176e51c3f5 d37282b52f0c42eeb9a5de6b4a37b929 - - default default] Successfully bumped revision number for resource 973e9491-daf2-4508-b284-69173bd80045 (type: security_group_rules) to 0
2026-07-15 00:13:20.842 10 INFO neutron.db.ovn_revision_numbers_db [None req-141f8bf3-19a9-4c0f-ba6a-907ecfeede40 851b7c2d5e414e4295867e176e51c3f5 d37282b52f0c42eeb9a5de6b4a37b929 - - default default] Successfully bumped revision number for resource deca05e7-71bb-4ea1-9056-b23e4048202c (type: security_group_rules) to 0
2026-07-15 00:13:20.857 10 INFO neutron.db.ovn_revision_numbers_db [None req-141f8bf3-19a9-4c0f-ba6a-907ecfeede40 851b7c2d5e414e4295867e176e51c3f5 d37282b52f0c42eeb9a5de6b4a37b929 - - default default] Successfully bumped revision number for resource fbd59af8-86e6-4a1c-84a7-e318f3becc3f (type: security_group_rules) to 0
2026-07-15 00:13:20.882 10 INFO neutron.wsgi [None req-141f8bf3-19a9-4c0f-ba6a-907ecfeede40 851b7c2d5e414e4295867e176e51c3f5 d37282b52f0c42eeb9a5de6b4a37b929 - - default default] 10.0.0.217 "GET /v2.0/security-groups?tenant_id=9d3694380dd84438aa9829cc32a39f53&name=default HTTP/1.1" status: 200 len: 3120 time: 0.2173359
2026-07-15 00:13:21.000 10 INFO neutron.notifiers.nova [-] Nova event matching ['req-c7d19229-ac5e-437b-babd-7b1856e0e587'] response: {'server_uuid': '95ff40aa-2bea-494a-9515-343022a2b84d', 'name': 'network-vif-unplugged', 'status': 'completed', 'tag': '3f400598-e243-461b-ac5e-eda338ec243d', 'code': 200}
2026-07-15 00:13:21.044 9 INFO neutron.notifiers.nova [-] Nova event matching ['req-1360487a-5635-431b-9609-547f6635046e'] response: {'server_uuid': '95ff40aa-2bea-494a-9515-343022a2b84d', 'name': 'network-vif-deleted', 'tag': '3f400598-e243-461b-ac5e-eda338ec243d', 'status': 'completed', 'code': 200}
2026-07-15 00:13:21.192 10 INFO neutron.wsgi [None req-9092bba9-7789-4f96-8c9d-f84796fa6927 851b7c2d5e414e4295867e176e51c3f5 d37282b52f0c42eeb9a5de6b4a37b929 - - default default] 10.0.0.217 "DELETE /v2.0/security-groups/aa001adc-ab72-4ffb-96dc-fe0027ec1099 HTTP/1.1" status: 204 len: 168 time: 0.3006353
2026-07-15 00:13:21.252 10 INFO neutron.wsgi [None req-9ae385da-69a6-4d2f-8e74-87771dbe4401 6e0cd7e9e04641668e4d7dbb6bc210aa 29f630f28510407abd8ae6a0249fc18f - - default default] 10.0.0.217 "DELETE /v2.0/security-groups/ad3d938a-50b1-4a3b-89ab-d8d2d3d9a3ec HTTP/1.1" status: 204 len: 168 time: 0.1637580
2026-07-15 00:13:21.271 10 INFO neutron.api.v2.resource [None req-0465e59d-1d5a-435f-a2dd-86772b85a3ce 6e0cd7e9e04641668e4d7dbb6bc210aa 29f630f28510407abd8ae6a0249fc18f - - default default] show failed (client error): The resource could not be found.
2026-07-15 00:13:21.272 10 INFO neutron.wsgi [None req-0465e59d-1d5a-435f-a2dd-86772b85a3ce 6e0cd7e9e04641668e4d7dbb6bc210aa 29f630f28510407abd8ae6a0249fc18f - - default default] 10.0.0.217 "GET /v2.0/security-groups/ad3d938a-50b1-4a3b-89ab-d8d2d3d9a3ec HTTP/1.1" status: 404 len: 347 time: 0.0144982
2026-07-15 00:13:21.504 10 INFO neutron.wsgi [None req-8e0adaa5-5b92-4ef4-9780-b647c11b11cd 8da5183a18204e518abf7ec75143b0c9 8f05cf733f424cff88353a5472cdb754 - - default default] 10.0.0.217 "GET /v2.0/extensions HTTP/1.1" status: 200 len: 18678 time: 0.2407403
2026-07-15 00:13:21.513 10 INFO neutron.wsgi [None req-787a5c8d-8b4d-43d5-a932-1562501cf22a 8da5183a18204e518abf7ec75143b0c9 8f05cf733f424cff88353a5472cdb754 - - default default] 10.0.0.217 "GET /v2.0/extensions/address-group HTTP/1.1" status: 200 len: 353 time: 0.0037472
2026-07-15 00:13:21.522 10 INFO neutron.wsgi [None req-e6964cad-b211-4a5c-93b1-3044dd4aa4a1 8da5183a18204e518abf7ec75143b0c9 8f05cf733f424cff88353a5472cdb754 - - default default] 10.0.0.217 "GET /v2.0/extensions/address-scope HTTP/1.1" status: 200 len: 357 time: 0.0033798
2026-07-15 00:13:21.530 10 INFO neutron.wsgi [None req-d47c2aaf-33d9-49aa-9247-232fdfd0a54b 8da5183a18204e518abf7ec75143b0c9 8f05cf733f424cff88353a5472cdb754 - - default default] 10.0.0.217 "GET /v2.0/extensions/agent HTTP/1.1" status: 200 len: 347 time: 0.0030611
2026-07-15 00:13:21.541 10 INFO neutron.wsgi [None req-c3e36fb3-2441-49fa-b963-65952478e7bd 8da5183a18204e518abf7ec75143b0c9 8f05cf733f424cff88353a5472cdb754 - - default default] 10.0.0.217 "GET /v2.0/extensions/allowed-address-pairs HTTP/1.1" status: 200 len: 378 time: 0.0061979
2026-07-15 00:13:21.550 9 INFO neutron.wsgi [None req-6556cf08-4d91-4ea9-9bce-80826fc3cba8 8da5183a18204e518abf7ec75143b0c9 8f05cf733f424cff88353a5472cdb754 - - default default] 10.0.0.217 "GET /v2.0/extensions/auto-allocated-topology HTTP/1.1" status: 200 len: 394 time: 0.0056446
2026-07-15 00:13:21.559 9 INFO neutron.wsgi [None req-40d0cddc-9cf5-4232-8878-7cc88626956e 8da5183a18204e518abf7ec75143b0c9 8f05cf733f424cff88353a5472cdb754 - - default default] 10.0.0.217 "GET /v2.0/extensions/availability_zone HTTP/1.1" status: 200 len: 372 time: 0.0050936
2026-07-15 00:13:21.569 10 INFO neutron.wsgi [None req-15cbec28-69fa-461b-972a-a6178824d4c7 8da5183a18204e518abf7ec75143b0c9 8f05cf733f424cff88353a5472cdb754 - - default default] 10.0.0.217 "GET /v2.0/extensions/default-subnetpools HTTP/1.1" status: 200 len: 405 time: 0.0067530
2026-07-15 00:13:21.578 10 INFO neutron.wsgi [None req-03a56db2-a19f-46b8-ad60-bb706cfabbd1 8da5183a18204e518abf7ec75143b0c9 8f05cf733f424cff88353a5472cdb754 - - default default] 10.0.0.217 "GET /v2.0/extensions/dhcp_agent_scheduler HTTP/1.1" status: 200 len: 381 time: 0.0049415
2026-07-15 00:13:21.590 9 INFO neutron.wsgi [None req-fb949592-6eea-4da6-839e-bd9aa0dde41b 8da5183a18204e518abf7ec75143b0c9 8f05cf733f424cff88353a5472cdb754 - - default default] 10.0.0.217 "GET /v2.0/extensions/dns-integration HTTP/1.1" status: 200 len: 366 time: 0.0069480
2026-07-15 00:13:21.597 9 INFO neutron.wsgi [None req-e83be136-cdeb-49c4-bd93-5e72d762f48e 8da5183a18204e518abf7ec75143b0c9 8f05cf733f424cff88353a5472cdb754 - - default default] 10.0.0.217 "GET /v2.0/extensions/dns-domain-ports HTTP/1.1" status: 200 len: 399 time: 0.0044847
2026-07-15 00:13:21.609 10 INFO neutron.wsgi [None req-a6b93de2-4549-4b52-9a00-9d09fe70cd14 8da5183a18204e518abf7ec75143b0c9 8f05cf733f424cff88353a5472cdb754 - - default default] 10.0.0.217 "GET /v2.0/extensions/dns-integration-domain-keywords HTTP/1.1" status: 200 len: 477 time: 0.0060642
2026-07-15 00:13:21.619 10 INFO neutron.wsgi [None req-371faf9e-a90f-4472-ba56-080dcd52be4d 8da5183a18204e518abf7ec75143b0c9 8f05cf733f424cff88353a5472cdb754 - - default default] 10.0.0.217 "GET /v2.0/extensions/empty-string-filtering HTTP/1.1" status: 200 len: 413 time: 0.0048573
2026-07-15 00:13:21.632 9 INFO neutron.wsgi [None req-d3e8e705-cbac-4907-8574-303873f9d321 8da5183a18204e518abf7ec75143b0c9 8f05cf733f424cff88353a5472cdb754 - - default default] 10.0.0.217 "GET /v2.0/extensions/external-net HTTP/1.1" status: 200 len: 394 time: 0.0093591
2026-07-15 00:13:21.642 10 INFO neutron.wsgi [None req-21e4625d-2358-46bf-8f52-573a1d54a779 8da5183a18204e518abf7ec75143b0c9 8f05cf733f424cff88353a5472cdb754 - - default default] 10.0.0.217 "GET /v2.0/extensions/extra_dhcp_opt HTTP/1.1" status: 200 len: 498 time: 0.0056715
2026-07-15 00:13:21.651 10 INFO neutron.wsgi [None req-0c16c503-38ff-41cc-9671-d58148d8c442 8da5183a18204e518abf7ec75143b0c9 8f05cf733f424cff88353a5472cdb754 - - default default] 10.0.0.217 "GET /v2.0/extensions/extraroute HTTP/1.1" status: 200 len: 375 time: 0.0052619
2026-07-15 00:13:21.662 10 INFO neutron.wsgi [None req-7db25eaf-a1fe-4cab-87b0-9fea849b579d 8da5183a18204e518abf7ec75143b0c9 8f05cf733f424cff88353a5472cdb754 - - default default] 10.0.0.217 "GET /v2.0/extensions/floating-ip-port-forwarding-detail HTTP/1.1" status: 200 len: 465 time: 0.0045757
2026-07-15 00:13:21.670 10 INFO neutron.wsgi [None req-11dd2ba3-4d0c-4852-a28a-f87764759cfa 8da5183a18204e518abf7ec75143b0c9 8f05cf733f424cff88353a5472cdb754 - - default default] 10.0.0.217 "GET /v2.0/extensions/fip-port-details HTTP/1.1" status: 200 len: 406 time: 0.0042462
2026-07-15 00:13:21.677 10 INFO neutron.wsgi [None req-9b0791b4-54c5-4669-9945-0c352e4f0fc5 6e0cd7e9e04641668e4d7dbb6bc210aa 29f630f28510407abd8ae6a0249fc18f - - default default] 10.0.0.217 "DELETE /v2.0/floatingips/4cb860e4-5a59-4e72-aba8-618e1596355e HTTP/1.1" status: 204 len: 168 time: 0.4006894
