2026-07-15 00:16:33.656 9 ERROR ovsdbapp.backend.ovs_idl.command row = idlutils.row_by_value(self, rl.table, rl.column, record)
2026-07-15 00:16:33.656 9 ERROR ovsdbapp.backend.ovs_idl.command
File "/var/lib/openstack/lib/python3.10/site-packages/ovsdbapp/backend/ovs_idl/idlutils.py", line 114, in row_by_value
2026-07-15 00:16:33.656 9 ERROR ovsdbapp.backend.ovs_idl.command raise RowNotFound(table=table, col=column, match=match)
2026-07-15 00:16:33.656 9 ERROR ovsdbapp.backend.ovs_idl.command ovsdbapp.backend.ovs_idl.idlutils.RowNotFound: Cannot find Logical_Router_Port with name=lrp-53641405-ed8d-416f-b336-7b1a5a16b414
2026-07-15 00:16:33.656 9 ERROR ovsdbapp.backend.ovs_idl.command 
2026-07-15 00:16:33.657 9 ERROR neutron_lib.callbacks.manager [None req-ba97e2e0-8c8a-46c9-aec5-5954db8ceda4 - - - - - -] Error during notification for neutron.services.ovn_l3.plugin.OVNL3RouterPlugin._port_update-8771991230173 port, after_update: ovsdbapp.backend.ovs_idl.idlutils.RowNotFound: Cannot find Logical_Router_Port with name=lrp-53641405-ed8d-416f-b336-7b1a5a16b414
2026-07-15 00:16:33.657 9 ERROR neutron_lib.callbacks.manager
Traceback (most recent call last):
2026-07-15 00:16:33.657 9 ERROR neutron_lib.callbacks.manager
File "/var/lib/openstack/lib/python3.10/site-packages/neutron_lib/callbacks/manager.py", line 189, in _notify_loop
2026-07-15 00:16:33.657 9 ERROR neutron_lib.callbacks.manager callback.method(resource, event, trigger, payload=payload)
2026-07-15 00:16:33.657 9 ERROR neutron_lib.callbacks.manager
File "/var/lib/openstack/lib/python3.10/site-packages/neutron/services/ovn_l3/plugin.py", line 391, in _port_update
2026-07-15 00:16:33.657 9 ERROR neutron_lib.callbacks.manager l3plugin._ovn_client.update_router_port(context,
2026-07-15 00:16:33.657 9 ERROR neutron_lib.callbacks.manager
File "/var/lib/openstack/lib/python3.10/site-packages/neutron/plugins/ml2/drivers/ovn/mech_driver/ovsdb/ovn_client.py", line 1878, in update_router_port
2026-07-15 00:16:33.657 9 ERROR neutron_lib.callbacks.manager self._update_lrouter_port(context, port, if_exists=if_exists,
2026-07-15 00:16:33.657 9 ERROR neutron_lib.callbacks.manager
File "/var/lib/openstack/lib/python3.10/site-packages/neutron/plugins/ml2/drivers/ovn/mech_driver/ovsdb/ovn_client.py", line 1855, in _update_lrouter_port
2026-07-15 00:16:33.657 9 ERROR neutron_lib.callbacks.manager external_ids = self._nb_idl.db_get(
2026-07-15 00:16:33.657 9 ERROR neutron_lib.callbacks.manager
File "/var/lib/openstack/lib/python3.10/site-packages/ovsdbapp/backend/ovs_idl/command.py", line 47, in execute
2026-07-15 00:16:33.657 9 ERROR neutron_lib.callbacks.manager self.run_idl(None)
2026-07-15 00:16:33.657 9 ERROR neutron_lib.callbacks.manager
File "/var/lib/openstack/lib/python3.10/site-packages/ovsdbapp/backend/ovs_idl/command.py", line 235, in run_idl
2026-07-15 00:16:33.657 9 ERROR neutron_lib.callbacks.manager record = self.api.lookup(self.table, self.record)
2026-07-15 00:16:33.657 9 ERROR neutron_lib.callbacks.manager
File "/var/lib/openstack/lib/python3.10/site-packages/ovsdbapp/backend/ovs_idl/__init__.py", line 184, in lookup
2026-07-15 00:16:33.657 9 ERROR neutron_lib.callbacks.manager return self._lookup(table, record)
2026-07-15 00:16:33.657 9 ERROR neutron_lib.callbacks.manager
File "/var/lib/openstack/lib/python3.10/site-packages/ovsdbapp/backend/ovs_idl/__init__.py", line 235, in _lookup
2026-07-15 00:16:33.657 9 ERROR neutron_lib.callbacks.manager row = idlutils.row_by_value(self, rl.table, rl.column, record)
2026-07-15 00:16:33.657 9 ERROR neutron_lib.callbacks.manager
File "/var/lib/openstack/lib/python3.10/site-packages/ovsdbapp/backend/ovs_idl/idlutils.py", line 114, in row_by_value
2026-07-15 00:16:33.657 9 ERROR neutron_lib.callbacks.manager raise RowNotFound(table=table, col=column, match=match)
2026-07-15 00:16:33.657 9 ERROR neutron_lib.callbacks.manager ovsdbapp.backend.ovs_idl.idlutils.RowNotFound: Cannot find Logical_Router_Port with name=lrp-53641405-ed8d-416f-b336-7b1a5a16b414
2026-07-15 00:16:33.657 9 ERROR neutron_lib.callbacks.manager 
2026-07-15 00:16:33.906 10 INFO neutron.db.ovn_revision_numbers_db [None req-84ebcd43-7998-4fc1-9211-fb2e2142b2ed 851b7c2d5e414e4295867e176e51c3f5 d37282b52f0c42eeb9a5de6b4a37b929 - - default default] Successfully bumped revision number for resource 53641405-ed8d-416f-b336-7b1a5a16b414 (type: router_ports) to 1
2026-07-15 00:16:33.912 10 INFO neutron.wsgi [None req-84ebcd43-7998-4fc1-9211-fb2e2142b2ed 851b7c2d5e414e4295867e176e51c3f5 d37282b52f0c42eeb9a5de6b4a37b929 - - default default] 10.0.0.217 "PUT /v2.0/routers/6d87424d-b6e1-46de-b199-5eb8b9a8a416/add_router_interface HTTP/1.1" status: 200 len: 503 time: 2.6976275
2026-07-15 00:16:34.067 10 INFO neutron.db.ovn_revision_numbers_db [None req-104f78e4-9efa-4e95-9e3e-052f4672aaa8 851b7c2d5e414e4295867e176e51c3f5 d37282b52f0c42eeb9a5de6b4a37b929 - - default default] Successfully bumped revision number for resource c979ffae-c89d-4815-af21-4de38fc30d55 (type: security_groups) to 1
2026-07-15 00:16:34.083 10 INFO neutron.db.ovn_revision_numbers_db [None req-104f78e4-9efa-4e95-9e3e-052f4672aaa8 851b7c2d5e414e4295867e176e51c3f5 d37282b52f0c42eeb9a5de6b4a37b929 - - default default] Successfully bumped revision number for resource 3a40902d-6c36-442d-a2ed-2158070c3ae1 (type: security_group_rules) to 0
2026-07-15 00:16:34.096 10 INFO neutron.db.ovn_revision_numbers_db [None req-104f78e4-9efa-4e95-9e3e-052f4672aaa8 851b7c2d5e414e4295867e176e51c3f5 d37282b52f0c42eeb9a5de6b4a37b929 - - default default] Successfully bumped revision number for resource 6b771b40-061a-46ac-9378-950fd13486a0 (type: security_group_rules) to 0
2026-07-15 00:16:34.109 10 INFO neutron.db.ovn_revision_numbers_db [None req-104f78e4-9efa-4e95-9e3e-052f4672aaa8 851b7c2d5e414e4295867e176e51c3f5 d37282b52f0c42eeb9a5de6b4a37b929 - - default default] Successfully bumped revision number for resource 9bbd1050-cf9e-41c1-8f69-995502fbc438 (type: security_group_rules) to 0
2026-07-15 00:16:34.120 10 INFO neutron.db.ovn_revision_numbers_db [None req-104f78e4-9efa-4e95-9e3e-052f4672aaa8 851b7c2d5e414e4295867e176e51c3f5 d37282b52f0c42eeb9a5de6b4a37b929 - - default default] Successfully bumped revision number for resource c2cbc793-5c57-489c-a96e-2c7cbbd10c35 (type: security_group_rules) to 0
2026-07-15 00:16:34.140 10 INFO neutron.wsgi [None req-104f78e4-9efa-4e95-9e3e-052f4672aaa8 851b7c2d5e414e4295867e176e51c3f5 d37282b52f0c42eeb9a5de6b4a37b929 - - default default] 10.0.0.217 "GET /v2.0/security-groups?tenant_id=ee83bef9b14845089e145390b88d85ff&name=default HTTP/1.1" status: 200 len: 3120 time: 0.2939360
2026-07-15 00:16:34.328 9 INFO neutron.wsgi [None req-50f3ecb8-62fa-41c3-8b82-26b4af0d0558 851b7c2d5e414e4295867e176e51c3f5 d37282b52f0c42eeb9a5de6b4a37b929 - - default default] 10.0.0.217 "DELETE /v2.0/security-groups/c979ffae-c89d-4815-af21-4de38fc30d55 HTTP/1.1" status: 204 len: 168 time: 0.1821573
2026-07-15 00:16:34.544 9 INFO neutron.db.ovn_revision_numbers_db [None req-f2ca3d11-e168-48df-8b4e-11f4aa6f4082 851b7c2d5e414e4295867e176e51c3f5 d37282b52f0c42eeb9a5de6b4a37b929 - - default default] Successfully bumped revision number for resource 280e5a42-3f33-4009-8661-98856f89c8a6 (type: security_groups) to 1
2026-07-15 00:16:34.558 9 INFO neutron.db.ovn_revision_numbers_db [None req-f2ca3d11-e168-48df-8b4e-11f4aa6f4082 851b7c2d5e414e4295867e176e51c3f5 d37282b52f0c42eeb9a5de6b4a37b929 - - default default] Successfully bumped revision number for resource 101b5cbe-a2b1-4793-80ca-0d88ed8af653 (type: security_group_rules) to 0
2026-07-15 00:16:34.574 10 WARNING neutron_lib.context [None req-ad309ede-fac7-4d2d-b091-dd9e846dbf49 3b5103273dba4d32b23887f022c825b0 8cc18e2fd1c341a4b17cafa2ceb8fd6e - - default default] Method 'is_advsvc' is deprecated since 2023.2 release (neutron-lib 3.8.0) and will be removed once support for the old RBAC API policies will be removed from Neutron. Please use method 'is_service_role' instead.
2026-07-15 00:16:34.574 9 INFO neutron.db.ovn_revision_numbers_db [None req-f2ca3d11-e168-48df-8b4e-11f4aa6f4082 851b7c2d5e414e4295867e176e51c3f5 d37282b52f0c42eeb9a5de6b4a37b929 - - default default] Successfully bumped revision number for resource 1b441e64-ccad-4bf5-803b-344125144b44 (type: security_group_rules) to 0
2026-07-15 00:16:34.588 9 INFO neutron.db.ovn_revision_numbers_db [None req-f2ca3d11-e168-48df-8b4e-11f4aa6f4082 851b7c2d5e414e4295867e176e51c3f5 d37282b52f0c42eeb9a5de6b4a37b929 - - default default] Successfully bumped revision number for resource 538f9c28-43ce-4afa-a7b4-2296a966b630 (type: security_group_rules) to 0
2026-07-15 00:16:34.603 9 INFO neutron.db.ovn_revision_numbers_db [None req-f2ca3d11-e168-48df-8b4e-11f4aa6f4082 851b7c2d5e414e4295867e176e51c3f5 d37282b52f0c42eeb9a5de6b4a37b929 - - default default] Successfully bumped revision number for resource a4bf62d7-ea4c-471b-8d4a-58d02c717410 (type: security_group_rules) to 0
2026-07-15 00:16:34.631 9 INFO neutron.wsgi [None req-f2ca3d11-e168-48df-8b4e-11f4aa6f4082 851b7c2d5e414e4295867e176e51c3f5 d37282b52f0c42eeb9a5de6b4a37b929 - - default default] 10.0.0.217 "GET /v2.0/security-groups?tenant_id=4e09b6b3454048c4b601afc3dc6722f4&name=default HTTP/1.1" status: 200 len: 3120 time: 0.2069595
2026-07-15 00:16:34.719 10 INFO neutron.db.ovn_revision_numbers_db [None req-ad309ede-fac7-4d2d-b091-dd9e846dbf49 3b5103273dba4d32b23887f022c825b0 8cc18e2fd1c341a4b17cafa2ceb8fd6e - - default default] Successfully bumped revision number for resource bd3e5abd-fd0d-4c34-bf28-2cf720169b06 (type: security_groups) to 1
2026-07-15 00:16:34.757 10 INFO neutron.db.ovn_revision_numbers_db [None req-ad309ede-fac7-4d2d-b091-dd9e846dbf49 3b5103273dba4d32b23887f022c825b0 8cc18e2fd1c341a4b17cafa2ceb8fd6e - - default default] Successfully bumped revision number for resource 0cb878a6-975e-4ab3-88f5-e8bc3912d693 (type: security_group_rules) to 0
2026-07-15 00:16:34.784 10 INFO neutron.db.ovn_revision_numbers_db [None req-ad309ede-fac7-4d2d-b091-dd9e846dbf49 3b5103273dba4d32b23887f022c825b0 8cc18e2fd1c341a4b17cafa2ceb8fd6e - - default default] Successfully bumped revision number for resource 6030837d-25e3-4deb-81bb-8c5f3965181c (type: security_group_rules) to 0
2026-07-15 00:16:34.810 10 INFO neutron.wsgi [None req-ad309ede-fac7-4d2d-b091-dd9e846dbf49 3b5103273dba4d32b23887f022c825b0 8cc18e2fd1c341a4b17cafa2ceb8fd6e - - default default] 10.0.0.217 "POST /v2.0/security-groups HTTP/1.1" status: 201 len: 1873 time: 0.2441614
2026-07-15 00:16:34.820 9 WARNING neutron_lib.context [None req-1fde4d0c-6e0f-4979-9418-ffdf84e55400 3b5103273dba4d32b23887f022c825b0 8cc18e2fd1c341a4b17cafa2ceb8fd6e - - default default] Method 'is_advsvc' is deprecated since 2023.2 release (neutron-lib 3.8.0) and will be removed once support for the old RBAC API policies will be removed from Neutron. Please use method 'is_service_role' instead.
2026-07-15 00:16:34.913 10 INFO neutron.wsgi [None req-635ed544-3a75-432d-b06e-c2cb79d5bf94 851b7c2d5e414e4295867e176e51c3f5 d37282b52f0c42eeb9a5de6b4a37b929 - - default default] 10.0.0.217 "DELETE /v2.0/security-groups/280e5a42-3f33-4009-8661-98856f89c8a6 HTTP/1.1" status: 204 len: 168 time: 0.2772374
2026-07-15 00:16:34.985 9 INFO neutron.db.ovn_revision_numbers_db [None req-1fde4d0c-6e0f-4979-9418-ffdf84e55400 3b5103273dba4d32b23887f022c825b0 8cc18e2fd1c341a4b17cafa2ceb8fd6e - - default default] Successfully bumped revision number for resource 8bf86d42-14c1-48da-8424-7ba154920eef (type: security_group_rules) to 0
2026-07-15 00:16:35.016 9 INFO neutron.wsgi [None req-1fde4d0c-6e0f-4979-9418-ffdf84e55400 3b5103273dba4d32b23887f022c825b0 8cc18e2fd1c341a4b17cafa2ceb8fd6e - - default default] 10.0.0.217 "POST /v2.0/security-group-rules HTTP/1.1" status: 201 len: 796 time: 0.2025104
2026-07-15 00:16:35.029 10 WARNING neutron_lib.context [None req-2aae3721-0812-438d-987a-2f5343ec1afb 3b5103273dba4d32b23887f022c825b0 8cc18e2fd1c341a4b17cafa2ceb8fd6e - - default default] Method 'is_advsvc' is deprecated since 2023.2 release (neutron-lib 3.8.0) and will be removed once support for the old RBAC API policies will be removed from Neutron. Please use method 'is_service_role' instead.
2026-07-15 00:16:35.195 10 INFO neutron.db.ovn_revision_numbers_db [None req-2aae3721-0812-438d-987a-2f5343ec1afb 3b5103273dba4d32b23887f022c825b0 8cc18e2fd1c341a4b17cafa2ceb8fd6e - - default default] Successfully bumped revision number for resource c9c7f38b-2108-4139-b44b-c4ceec40b973 (type: security_group_rules) to 0
2026-07-15 00:16:35.224 10 INFO neutron.wsgi [None req-2aae3721-0812-438d-987a-2f5343ec1afb 3b5103273dba4d32b23887f022c825b0 8cc18e2fd1c341a4b17cafa2ceb8fd6e - - default default] 10.0.0.217 "POST /v2.0/security-group-rules HTTP/1.1" status: 201 len: 795 time: 0.2004771
2026-07-15 00:16:35.233 10 WARNING neutron_lib.context [None req-881df638-06c6-4351-9f5f-159e020a407c 3b5103273dba4d32b23887f022c825b0 8cc18e2fd1c341a4b17cafa2ceb8fd6e - - default default] Method 'is_advsvc' is deprecated since 2023.2 release (neutron-lib 3.8.0) and will be removed once support for the old RBAC API policies will be removed from Neutron. Please use method 'is_service_role' instead.
2026-07-15 00:16:35.372 10 INFO neutron.db.ovn_revision_numbers_db [None req-881df638-06c6-4351-9f5f-159e020a407c 3b5103273dba4d32b23887f022c825b0 8cc18e2fd1c341a4b17cafa2ceb8fd6e - - default default] Successfully bumped revision number for resource 7889362d-7422-465d-a180-7d4bb9500357 (type: security_group_rules) to 0
2026-07-15 00:16:35.403 10 INFO neutron.wsgi [None req-881df638-06c6-4351-9f5f-159e020a407c 3b5103273dba4d32b23887f022c825b0 8cc18e2fd1c341a4b17cafa2ceb8fd6e - - default default] 10.0.0.217 "POST /v2.0/security-group-rules HTTP/1.1" status: 201 len: 801 time: 0.1751947
2026-07-15 00:16:35.413 10 WARNING neutron_lib.context [None req-9a7ee6ff-dd91-4076-8f65-4ea996045088 3b5103273dba4d32b23887f022c825b0 8cc18e2fd1c341a4b17cafa2ceb8fd6e - - default default] Method 'is_advsvc' is deprecated since 2023.2 release (neutron-lib 3.8.0) and will be removed once support for the old RBAC API policies will be removed from Neutron. Please use method 'is_service_role' instead.
2026-07-15 00:16:35.564 10 INFO neutron.db.ovn_revision_numbers_db [None req-9a7ee6ff-dd91-4076-8f65-4ea996045088 3b5103273dba4d32b23887f022c825b0 8cc18e2fd1c341a4b17cafa2ceb8fd6e - - default default] Successfully bumped revision number for resource e60cef84-d205-4ddd-b516-c4dbaf24a7e6 (type: security_group_rules) to 0
2026-07-15 00:16:35.591 10 INFO neutron.wsgi [None req-9a7ee6ff-dd91-4076-8f65-4ea996045088 3b5103273dba4d32b23887f022c825b0 8cc18e2fd1c341a4b17cafa2ceb8fd6e - - default default] 10.0.0.217 "POST /v2.0/security-group-rules HTTP/1.1" status: 201 len: 800 time: 0.1832380
2026-07-15 00:16:35.600 9 WARNING neutron_lib.context [None req-f120a323-eaeb-4638-9054-c01e08746afd 3b5103273dba4d32b23887f022c825b0 8cc18e2fd1c341a4b17cafa2ceb8fd6e - - default default] Method 'is_advsvc' is deprecated since 2023.2 release (neutron-lib 3.8.0) and will be removed once support for the old RBAC API policies will be removed from Neutron. Please use method 'is_service_role' instead.
2026-07-15 00:16:35.632 9 INFO neutron.db.securitygroups_db [None req-f120a323-eaeb-4638-9054-c01e08746afd 3b5103273dba4d32b23887f022c825b0 8cc18e2fd1c341a4b17cafa2ceb8fd6e - - default default] Project 8cc18e2fd1c341a4b17cafa2ceb8fd6e added a security group rule with legacy IPv6 ICMP protocol name icmp, ipv6-icmp should be used instead. It was automatically converted.
2026-07-15 00:16:35.757 9 INFO neutron.db.ovn_revision_numbers_db [None req-f120a323-eaeb-4638-9054-c01e08746afd 3b5103273dba4d32b23887f022c825b0 8cc18e2fd1c341a4b17cafa2ceb8fd6e - - default default] Successfully bumped revision number for resource 220a077c-f668-4173-afd7-25f5e0df0e15 (type: security_group_rules) to 0
2026-07-15 00:16:35.798 9 INFO neutron.wsgi [None req-f120a323-eaeb-4638-9054-c01e08746afd 3b5103273dba4d32b23887f022c825b0 8cc18e2fd1c341a4b17cafa2ceb8fd6e - - default default] 10.0.0.217 "POST /v2.0/security-group-rules HTTP/1.1" status: 201 len: 806 time: 0.2030313
2026-07-15 00:16:35.811 10 WARNING neutron_lib.context [None req-c76d6e06-81e0-4f74-bf9c-da4f10131473 3b5103273dba4d32b23887f022c825b0 8cc18e2fd1c341a4b17cafa2ceb8fd6e - - default default] Method 'is_advsvc' is deprecated since 2023.2 release (neutron-lib 3.8.0) and will be removed once support for the old RBAC API policies will be removed from Neutron. Please use method 'is_service_role' instead.
2026-07-15 00:16:35.847 10 INFO neutron.db.securitygroups_db [None req-c76d6e06-81e0-4f74-bf9c-da4f10131473 3b5103273dba4d32b23887f022c825b0 8cc18e2fd1c341a4b17cafa2ceb8fd6e - - default default] Project 8cc18e2fd1c341a4b17cafa2ceb8fd6e added a security group rule with legacy IPv6 ICMP protocol name icmp, ipv6-icmp should be used instead. It was automatically converted.
2026-07-15 00:16:35.948 10 INFO neutron.db.ovn_revision_numbers_db [None req-c76d6e06-81e0-4f74-bf9c-da4f10131473 3b5103273dba4d32b23887f022c825b0 8cc18e2fd1c341a4b17cafa2ceb8fd6e - - default default] Successfully bumped revision number for resource e5f5aaac-362c-4200-a240-fbeae3ff4177 (type: security_group_rules) to 0
2026-07-15 00:16:35.975 10 INFO neutron.wsgi [None req-c76d6e06-81e0-4f74-bf9c-da4f10131473 3b5103273dba4d32b23887f022c825b0 8cc18e2fd1c341a4b17cafa2ceb8fd6e - - default default] 10.0.0.217 "POST /v2.0/security-group-rules HTTP/1.1" status: 201 len: 805 time: 0.1713729
2026-07-15 00:16:36.402 10 WARNING neutron_lib.context [None req-8fea3e38-3754-46bf-b17e-2895d7ce299c 3b5103273dba4d32b23887f022c825b0 8cc18e2fd1c341a4b17cafa2ceb8fd6e - - default default] Method 'is_advsvc' is deprecated since 2023.2 release (neutron-lib 3.8.0) and will be removed once support for the old RBAC API policies will be removed from Neutron. Please use method 'is_service_role' instead.
2026-07-15 00:16:36.529 10 INFO neutron.db.ovn_revision_numbers_db [None req-8fea3e38-3754-46bf-b17e-2895d7ce299c 3b5103273dba4d32b23887f022c825b0 8cc18e2fd1c341a4b17cafa2ceb8fd6e - - default default] Successfully bumped revision number for resource ff45cd3c-dd2f-4c7b-9b43-1b76f7ad5dfa (type: security_groups) to 1
2026-07-15 00:16:36.545 10 INFO neutron.db.ovn_revision_numbers_db [None req-8fea3e38-3754-46bf-b17e-2895d7ce299c 3b5103273dba4d32b23887f022c825b0 8cc18e2fd1c341a4b17cafa2ceb8fd6e - - default default] Successfully bumped revision number for resource 52828cc9-2c9a-4d01-9b57-a0edbf728f34 (type: security_group_rules) to 0
2026-07-15 00:16:36.560 10 INFO neutron.db.ovn_revision_numbers_db [None req-8fea3e38-3754-46bf-b17e-2895d7ce299c 3b5103273dba4d32b23887f022c825b0 8cc18e2fd1c341a4b17cafa2ceb8fd6e - - default default] Successfully bumped revision number for resource 92f77a1e-a05b-466f-b9cc-163eb61e9b33 (type: security_group_rules) to 0
2026-07-15 00:16:36.580 10 INFO neutron.wsgi [None req-8fea3e38-3754-46bf-b17e-2895d7ce299c 3b5103273dba4d32b23887f022c825b0 8cc18e2fd1c341a4b17cafa2ceb8fd6e - - default default] 10.0.0.217 "POST /v2.0/security-groups HTTP/1.1" status: 201 len: 1858 time: 0.1847453
2026-07-15 00:16:36.593 10 WARNING neutron_lib.context [None req-3da77e8c-8c7c-4fa8-b4db-1fd426f44f98 3b5103273dba4d32b23887f022c825b0 8cc18e2fd1c341a4b17cafa2ceb8fd6e - - default default] Method 'is_advsvc' is deprecated since 2023.2 release (neutron-lib 3.8.0) and will be removed once support for the old RBAC API policies will be removed from Neutron. Please use method 'is_service_role' instead.
2026-07-15 00:16:36.743 10 INFO neutron.db.ovn_revision_numbers_db [None req-3da77e8c-8c7c-4fa8-b4db-1fd426f44f98 3b5103273dba4d32b23887f022c825b0 8cc18e2fd1c341a4b17cafa2ceb8fd6e - - default default] Successfully bumped revision number for resource a8e08a98-abd8-4d4f-8df2-bf39e22cba04 (type: security_group_rules) to 0
2026-07-15 00:16:36.777 10 INFO neutron.wsgi [None req-3da77e8c-8c7c-4fa8-b4db-1fd426f44f98 3b5103273dba4d32b23887f022c825b0 8cc18e2fd1c341a4b17cafa2ceb8fd6e - - default default] 10.0.0.217 "POST /v2.0/security-group-rules HTTP/1.1" status: 201 len: 796 time: 0.1908088
2026-07-15 00:16:36.796 10 WARNING neutron_lib.context [None req-6606f4ad-3533-4b55-b9f1-f9cdd49ad877 3b5103273dba4d32b23887f022c825b0 8cc18e2fd1c341a4b17cafa2ceb8fd6e - - default default] Method 'is_advsvc' is deprecated since 2023.2 release (neutron-lib 3.8.0) and will be removed once support for the old RBAC API policies will be removed from Neutron. Please use method 'is_service_role' instead.
2026-07-15 00:16:36.935 10 INFO neutron.db.ovn_revision_numbers_db [None req-6606f4ad-3533-4b55-b9f1-f9cdd49ad877 3b5103273dba4d32b23887f022c825b0 8cc18e2fd1c341a4b17cafa2ceb8fd6e - - default default] Successfully bumped revision number for resource 821537d8-e16e-4c5e-9c8d-9a9c292ebd83 (type: security_group_rules) to 0
2026-07-15 00:16:36.961 10 INFO neutron.wsgi [None req-6606f4ad-3533-4b55-b9f1-f9cdd49ad877 3b5103273dba4d32b23887f022c825b0 8cc18e2fd1c341a4b17cafa2ceb8fd6e - - default default] 10.0.0.217 "POST /v2.0/security-group-rules HTTP/1.1" status: 201 len: 801 time: 0.1742320
2026-07-15 00:16:36.971 10 WARNING neutron_lib.context [None req-6b878b56-bf3f-4037-9209-d6391892b8a8 3b5103273dba4d32b23887f022c825b0 8cc18e2fd1c341a4b17cafa2ceb8fd6e - - default default] Method 'is_advsvc' is deprecated since 2023.2 release (neutron-lib 3.8.0) and will be removed once support for the old RBAC API policies will be removed from Neutron. Please use method 'is_service_role' instead.
2026-07-15 00:16:37.446 10 WARNING neutron.scheduler.dhcp_agent_scheduler [None req-6b878b56-bf3f-4037-9209-d6391892b8a8 3b5103273dba4d32b23887f022c825b0 8cc18e2fd1c341a4b17cafa2ceb8fd6e - - default default] No more DHCP agents
2026-07-15 00:16:37.452 10 WARNING neutron.api.rpc.agentnotifiers.dhcp_rpc_agent_api [None req-6b878b56-bf3f-4037-9209-d6391892b8a8 3b5103273dba4d32b23887f022c825b0 8cc18e2fd1c341a4b17cafa2ceb8fd6e - - default default] Unable to schedule network 26c6b39e-c936-438f-b814-b71b15a8d673: no agents available; will retry on subsequent port and subnet creation events.
2026-07-15 00:16:37.792 10 INFO neutron.wsgi [None req-6b878b56-bf3f-4037-9209-d6391892b8a8 3b5103273dba4d32b23887f022c825b0 8cc18e2fd1c341a4b17cafa2ceb8fd6e - - default default] 10.0.0.217 "POST /v2.0/floatingips HTTP/1.1" status: 201 len: 751 time: 0.8253446
2026-07-15 00:16:37.927 9 INFO neutron.wsgi [req-849dbec0-36b6-4a5d-851f-35a773e5d114 req-70487cf5-a22b-4dc4-804e-fea9bdcbed7b 3b5103273dba4d32b23887f022c825b0 8cc18e2fd1c341a4b17cafa2ceb8fd6e - - default default] 10.0.0.93 "GET /v2.0/security-groups?name=tempest-securitygroup--41733637&fields=id&tenant_id=8cc18e2fd1c341a4b17cafa2ceb8fd6e HTTP/1.1" status: 200 len: 267 time: 0.0429435
2026-07-15 00:16:37.972 9 INFO neutron.wsgi [req-849dbec0-36b6-4a5d-851f-35a773e5d114 req-a3a704db-03d1-4acc-8760-b40dade1f4f7 3b5103273dba4d32b23887f022c825b0 8cc18e2fd1c341a4b17cafa2ceb8fd6e - - default default] 10.0.0.93 "GET /v2.0/security-groups?name=tempest-secgroup-smoke-175724653&fields=id&tenant_id=8cc18e2fd1c341a4b17cafa2ceb8fd6e HTTP/1.1" status: 200 len: 267 time: 0.0400436
2026-07-15 00:16:38.104 9 INFO neutron.wsgi [req-849dbec0-36b6-4a5d-851f-35a773e5d114 req-4f504c7f-e78f-4650-bbda-1827843a5c65 3b5103273dba4d32b23887f022c825b0 8cc18e2fd1c341a4b17cafa2ceb8fd6e - - default default] 10.0.0.93 "GET /v2.0/networks?id=53dc4de0-4117-462b-8fec-bc758df6be77 HTTP/1.1" status: 200 len: 872 time: 0.1210992
2026-07-15 00:16:38.121 9 INFO neutron.wsgi [req-849dbec0-36b6-4a5d-851f-35a773e5d114 req-8c4fce72-604a-4d58-a9b8-4a5b2456dd1b 3b5103273dba4d32b23887f022c825b0 8cc18e2fd1c341a4b17cafa2ceb8fd6e - - default default] 10.0.0.93 "GET /v2.0/quotas/8cc18e2fd1c341a4b17cafa2ceb8fd6e HTTP/1.1" status: 200 len: 491 time: 0.0124104
2026-07-15 00:16:38.415 10 WARNING neutron_lib.context [None req-3ace33ec-03da-4769-a372-ca98dbb9b4e0 dbae21312b0f4ee29c03b13a3efd2888 ce2c0c7355df44648eb64dd6e4c2289c - - default default] Method 'is_advsvc' is deprecated since 2023.2 release (neutron-lib 3.8.0) and will be removed once support for the old RBAC API policies will be removed from Neutron. Please use method 'is_service_role' instead.
2026-07-15 00:16:38.459 10 INFO neutron.wsgi [None req-3ace33ec-03da-4769-a372-ca98dbb9b4e0 dbae21312b0f4ee29c03b13a3efd2888 ce2c0c7355df44648eb64dd6e4c2289c - - default default] 10.0.0.217 "POST /v2.0/subnetpools HTTP/1.1" status: 201 len: 715 time: 0.2756631
2026-07-15 00:16:38.490 9 INFO neutron.wsgi [req-849dbec0-36b6-4a5d-851f-35a773e5d114 req-bbb3bbf8-3533-44ba-b696-bc969c1f4275 3b5103273dba4d32b23887f022c825b0 8cc18e2fd1c341a4b17cafa2ceb8fd6e - - default default] 10.0.0.93 "GET /v2.0/ports?tenant_id=8cc18e2fd1c341a4b17cafa2ceb8fd6e&fields=id HTTP/1.1" status: 200 len: 302 time: 0.3645871
2026-07-15 00:16:38.512 10 INFO neutron.wsgi [None req-aa05c75e-03c8-482f-b5ca-3aff9764b22f dbae21312b0f4ee29c03b13a3efd2888 ce2c0c7355df44648eb64dd6e4c2289c - - default default] 10.0.0.217 "PUT /v2.0/subnetpools/4bcbd2bb-2e7f-412a-b4af-0665e65da4c5/tags HTTP/1.1" status: 200 len: 218 time: 0.0466411
2026-07-15 00:16:38.538 10 INFO neutron.wsgi [None req-efd3d5a8-523e-4620-92b5-d1d9b6bf3d51 dbae21312b0f4ee29c03b13a3efd2888 ce2c0c7355df44648eb64dd6e4c2289c - - default default] 10.0.0.217 "GET /v2.0/subnetpools/4bcbd2bb-2e7f-412a-b4af-0665e65da4c5/tags HTTP/1.1" status: 200 len: 218 time: 0.0216007
2026-07-15 00:16:38.565 9 INFO neutron.wsgi [req-849dbec0-36b6-4a5d-851f-35a773e5d114 req-970e6490-dabd-4138-992f-8bfda6b0beb6 a754bae6f1a04627af4b07292851ad2c d4f72008438441d799b5c7b357853935 - - 5c41aad2933c46f48380ba9f661a8615 5c41aad2933c46f48380ba9f661a8615] 10.0.0.93 "GET /v2.0/networks/53dc4de0-4117-462b-8fec-bc758df6be77?fields=segments HTTP/1.1" status: 200 len: 212 time: 0.0667019
2026-07-15 00:16:38.582 10 INFO neutron.wsgi [None req-1b7836ae-2a3e-40eb-9ad1-35b8425adc72 dbae21312b0f4ee29c03b13a3efd2888 ce2c0c7355df44648eb64dd6e4c2289c - - default default] 10.0.0.217 "PUT /v2.0/subnetpools/4bcbd2bb-2e7f-412a-b4af-0665e65da4c5/tags/green HTTP/1.1" status: 201 len: 201 time: 0.0374546
2026-07-15 00:16:38.613 10 INFO neutron.wsgi [None req-276c44c8-03b4-49e0-b933-9d24e54ac17b dbae21312b0f4ee29c03b13a3efd2888 ce2c0c7355df44648eb64dd6e4c2289c - - default default] 10.0.0.217 "GET /v2.0/subnetpools/4bcbd2bb-2e7f-412a-b4af-0665e65da4c5/tags HTTP/1.1" status: 200 len: 227 time: 0.0234776
2026-07-15 00:16:38.639 9 INFO neutron.wsgi [req-849dbec0-36b6-4a5d-851f-35a773e5d114 req-44950235-d23b-4f3f-a46f-02543f352277 a754bae6f1a04627af4b07292851ad2c d4f72008438441d799b5c7b357853935 - - 5c41aad2933c46f48380ba9f661a8615 5c41aad2933c46f48380ba9f661a8615] 10.0.0.93 "GET /v2.0/networks/53dc4de0-4117-462b-8fec-bc758df6be77?fields=provider%3Aphysical_network&fields=provider%3Anetwork_type HTTP/1.1" status: 200 len: 277 time: 0.0649445
2026-07-15 00:16:38.640 10 INFO neutron.wsgi [None req-c383119e-0fba-4e2f-af22-33e955f30d75 dbae21312b0f4ee29c03b13a3efd2888 ce2c0c7355df44648eb64dd6e4c2289c - - default default] 10.0.0.217 "PUT /v2.0/subnetpools/4bcbd2bb-2e7f-412a-b4af-0665e65da4c5/tags/red HTTP/1.1" status: 201 len: 201 time: 0.0220091
2026-07-15 00:16:38.669 10 INFO neutron.wsgi [None req-c18a0d38-12c0-4e38-a930-32d7d74ca1e4 dbae21312b0f4ee29c03b13a3efd2888 ce2c0c7355df44648eb64dd6e4c2289c - - default default] 10.0.0.217 "GET /v2.0/subnetpools/4bcbd2bb-2e7f-412a-b4af-0665e65da4c5/tags HTTP/1.1" status: 200 len: 227 time: 0.0243413
2026-07-15 00:16:38.725 10 INFO neutron.wsgi [None req-b36f26a8-ea5c-4643-9989-03acce69e268 dbae21312b0f4ee29c03b13a3efd2888 ce2c0c7355df44648eb64dd6e4c2289c - - default default] 10.0.0.217 "PUT /v2.0/subnetpools/4bcbd2bb-2e7f-412a-b4af-0665e65da4c5/tags/black.or.white HTTP/1.1" status: 201 len: 201 time: 0.0460420
2026-07-15 00:16:38.761 9 INFO neutron.wsgi [None req-8e6eed6f-a3ca-45fc-8b09-edbd6d41e7e8 dbae21312b0f4ee29c03b13a3efd2888 ce2c0c7355df44648eb64dd6e4c2289c - - default default] 10.0.0.217 "GET /v2.0/subnetpools/4bcbd2bb-2e7f-412a-b4af-0665e65da4c5/tags HTTP/1.1" status: 200 len: 245 time: 0.0290234
2026-07-15 00:16:38.814 9 INFO neutron.wsgi [None req-341ec60a-d69e-4d6b-ba6f-caa7f4d64c2a dbae21312b0f4ee29c03b13a3efd2888 ce2c0c7355df44648eb64dd6e4c2289c - - default default] 10.0.0.217 "PUT /v2.0/subnetpools/4bcbd2bb-2e7f-412a-b4af-0665e65da4c5/tags HTTP/1.1" status: 200 len: 230 time: 0.0472116
2026-07-15 00:16:38.815 10 INFO neutron.wsgi [req-6f442d9f-d7cb-4933-80e1-35928afb0357 req-ebc0f5fc-dc93-4596-b16b-8c2a7b796d98 3b5103273dba4d32b23887f022c825b0 8cc18e2fd1c341a4b17cafa2ceb8fd6e - - default default] 10.0.0.93 "GET /v2.0/ports?device_id=eb2dcb32-0a61-4e6b-a140-f838ccf93d1f HTTP/1.1" status: 200 len: 210 time: 0.0223000
2026-07-15 00:16:38.846 9 INFO neutron.wsgi [None req-25c67c12-417b-4b3b-a7db-5e82baf0d49d dbae21312b0f4ee29c03b13a3efd2888 ce2c0c7355df44648eb64dd6e4c2289c - - default default] 10.0.0.217 "GET /v2.0/subnetpools/4bcbd2bb-2e7f-412a-b4af-0665e65da4c5/tags HTTP/1.1" status: 200 len: 230 time: 0.0261760
2026-07-15 00:16:38.877 9 INFO neutron.wsgi [None req-dde62b26-4ca7-403b-b0c2-09d38f1e3bc0 dbae21312b0f4ee29c03b13a3efd2888 ce2c0c7355df44648eb64dd6e4c2289c - - default default] 10.0.0.217 "GET /v2.0/subnetpools/4bcbd2bb-2e7f-412a-b4af-0665e65da4c5/tags/red HTTP/1.1" status: 204 len: 168 time: 0.0253422
2026-07-15 00:16:38.904 9 INFO neutron.api.v2.resource [None req-0c2f1191-3473-400b-a595-c83d8d323dea dbae21312b0f4ee29c03b13a3efd2888 ce2c0c7355df44648eb64dd6e4c2289c - - default default] show failed (client error): The resource could not be found.
2026-07-15 00:16:38.905 9 INFO neutron.wsgi [None req-0c2f1191-3473-400b-a595-c83d8d323dea dbae21312b0f4ee29c03b13a3efd2888 ce2c0c7355df44648eb64dd6e4c2289c - - default default] 10.0.0.217 "GET /v2.0/subnetpools/4bcbd2bb-2e7f-412a-b4af-0665e65da4c5/tags/green HTTP/1.1" status: 404 len: 299 time: 0.0234442
2026-07-15 00:16:38.950 9 INFO neutron.wsgi [None req-b937cc90-31d3-49f5-b6c1-27d1b101961a dbae21312b0f4ee29c03b13a3efd2888 ce2c0c7355df44648eb64dd6e4c2289c - - default default] 10.0.0.217 "DELETE /v2.0/subnetpools/4bcbd2bb-2e7f-412a-b4af-0665e65da4c5/tags/red HTTP/1.1" status: 204 len: 168 time: 0.0384090
2026-07-15 00:16:38.976 9 INFO neutron.wsgi [None req-c8cf64f8-ece5-4745-8e17-77ee20606c8b dbae21312b0f4ee29c03b13a3efd2888 ce2c0c7355df44648eb64dd6e4c2289c - - default default] 10.0.0.217 "GET /v2.0/subnetpools/4bcbd2bb-2e7f-412a-b4af-0665e65da4c5/tags HTTP/1.1" status: 200 len: 223 time: 0.0219514
2026-07-15 00:16:39.006 9 INFO neutron.api.v2.resource [None req-df9debb7-d8fd-4ec0-8239-f5e31293357e dbae21312b0f4ee29c03b13a3efd2888 ce2c0c7355df44648eb64dd6e4c2289c - - default default] delete failed (client error): The resource could not be found.
2026-07-15 00:16:39.008 9 INFO neutron.wsgi [None req-df9debb7-d8fd-4ec0-8239-f5e31293357e dbae21312b0f4ee29c03b13a3efd2888 ce2c0c7355df44648eb64dd6e4c2289c - - default default] 10.0.0.217 "DELETE /v2.0/subnetpools/4bcbd2bb-2e7f-412a-b4af-0665e65da4c5/tags/green HTTP/1.1" status: 404 len: 299 time: 0.0247567
2026-07-15 00:16:39.055 9 INFO neutron.wsgi [None req-e2991973-4681-4b87-baae-94534b1f4419 dbae21312b0f4ee29c03b13a3efd2888 ce2c0c7355df44648eb64dd6e4c2289c - - default default] 10.0.0.217 "DELETE /v2.0/subnetpools/4bcbd2bb-2e7f-412a-b4af-0665e65da4c5/tags HTTP/1.1" status: 204 len: 168 time: 0.0421681
2026-07-15 00:16:39.080 9 INFO neutron.wsgi [None req-59be0e9b-8d57-44ae-9243-cfc439e4c082 dbae21312b0f4ee29c03b13a3efd2888 ce2c0c7355df44648eb64dd6e4c2289c - - default default] 10.0.0.217 "GET /v2.0/subnetpools/4bcbd2bb-2e7f-412a-b4af-0665e65da4c5/tags HTTP/1.1" status: 200 len: 205 time: 0.0202513
2026-07-15 00:16:39.153 9 INFO neutron.wsgi [None req-523fe1c2-11b0-4abe-9c14-1e7f688ff44e dbae21312b0f4ee29c03b13a3efd2888 ce2c0c7355df44648eb64dd6e4c2289c - - default default] 10.0.0.217 "DELETE /v2.0/subnetpools/4bcbd2bb-2e7f-412a-b4af-0665e65da4c5 HTTP/1.1" status: 204 len: 168 time: 0.0659099
2026-07-15 00:16:39.220 9 WARNING neutron.plugins.ml2.drivers.ovn.mech_driver.ovsdb.ovn_client [None req-ba97e2e0-8c8a-46c9-aec5-5954db8ceda4 - - - - - -] No hosting information found for port 53641405-ed8d-416f-b336-7b1a5a16b414: RuntimeError: No hosting information found for port 53641405-ed8d-416f-b336-7b1a5a16b414
2026-07-15 00:16:39.583 9 INFO neutron.wsgi [req-849dbec0-36b6-4a5d-851f-35a773e5d114 req-0b7db445-18d8-4663-be0d-24481511118d 3b5103273dba4d32b23887f022c825b0 8cc18e2fd1c341a4b17cafa2ceb8fd6e - - default default] 199.204.45.4 "GET /v2.0/networks?id=53dc4de0-4117-462b-8fec-bc758df6be77 HTTP/1.1" status: 200 len: 872 time: 0.0981810
2026-07-15 00:16:39.675 9 INFO neutron.wsgi [req-849dbec0-36b6-4a5d-851f-35a773e5d114 req-22ae7a2d-b50c-43f5-a2d3-59f0ee98912f 3b5103273dba4d32b23887f022c825b0 8cc18e2fd1c341a4b17cafa2ceb8fd6e - - default default] 199.204.45.4 "GET /v2.0/security-groups?fields=id&fields=name&tenant_id=8cc18e2fd1c341a4b17cafa2ceb8fd6e HTTP/1.1" status: 200 len: 470 time: 0.0856543
2026-07-15 00:16:39.708 9 WARNING neutron_lib.context [req-849dbec0-36b6-4a5d-851f-35a773e5d114 req-ed4aa26e-197e-47ac-ba74-a48a660594ef 3b5103273dba4d32b23887f022c825b0 8cc18e2fd1c341a4b17cafa2ceb8fd6e - - default default] Method 'is_advsvc' is deprecated since 2023.2 release (neutron-lib 3.8.0) and will be removed once support for the old RBAC API policies will be removed from Neutron. Please use method 'is_service_role' instead.
2026-07-15 00:16:39.943 9 INFO neutron.wsgi [req-5da81f02-0486-45a1-a50a-002015bef59f req-c498ae11-f251-4a40-b600-205a83adfae8 3b5103273dba4d32b23887f022c825b0 8cc18e2fd1c341a4b17cafa2ceb8fd6e - - default default] 10.0.0.93 "GET /v2.0/ports?device_id=eb2dcb32-0a61-4e6b-a140-f838ccf93d1f HTTP/1.1" status: 200 len: 210 time: 0.0623689
2026-07-15 00:16:40.131 10 INFO neutron.db.ovn_revision_numbers_db [None req-6384db4d-94c2-45fc-8963-111699187e4c 851b7c2d5e414e4295867e176e51c3f5 d37282b52f0c42eeb9a5de6b4a37b929 - - default default] Successfully bumped revision number for resource 91a99118-645b-44b2-9bc1-8ae2562fe0a1 (type: security_groups) to 1
2026-07-15 00:16:40.156 10 INFO neutron.db.ovn_revision_numbers_db [None req-6384db4d-94c2-45fc-8963-111699187e4c 851b7c2d5e414e4295867e176e51c3f5 d37282b52f0c42eeb9a5de6b4a37b929 - - default default] Successfully bumped revision number for resource 02b56d5e-4976-4eef-95b4-a8d807e55816 (type: security_group_rules) to 0
2026-07-15 00:16:40.172 10 INFO neutron.db.ovn_revision_numbers_db [None req-6384db4d-94c2-45fc-8963-111699187e4c 851b7c2d5e414e4295867e176e51c3f5 d37282b52f0c42eeb9a5de6b4a37b929 - - default default] Successfully bumped revision number for resource 3f8f457a-7266-4ae6-9fd8-269f6dfdb798 (type: security_group_rules) to 0
2026-07-15 00:16:40.180 9 WARNING neutron.scheduler.dhcp_agent_scheduler [req-849dbec0-36b6-4a5d-851f-35a773e5d114 req-ed4aa26e-197e-47ac-ba74-a48a660594ef 3b5103273dba4d32b23887f022c825b0 8cc18e2fd1c341a4b17cafa2ceb8fd6e - - default default] No more DHCP agents
2026-07-15 00:16:40.182 9 WARNING neutron.api.rpc.agentnotifiers.dhcp_rpc_agent_api [req-849dbec0-36b6-4a5d-851f-35a773e5d114 req-ed4aa26e-197e-47ac-ba74-a48a660594ef 3b5103273dba4d32b23887f022c825b0 8cc18e2fd1c341a4b17cafa2ceb8fd6e - - default default] Unable to schedule network 53dc4de0-4117-462b-8fec-bc758df6be77: no agents available; will retry on subsequent port and subnet creation events.
2026-07-15 00:16:40.186 10 INFO neutron.db.ovn_revision_numbers_db [None req-6384db4d-94c2-45fc-8963-111699187e4c 851b7c2d5e414e4295867e176e51c3f5 d37282b52f0c42eeb9a5de6b4a37b929 - - default default] Successfully bumped revision number for resource ca4cdbe5-f1cf-4d14-8f16-21dfc3cd9b80 (type: security_group_rules) to 0
2026-07-15 00:16:40.200 10 INFO neutron.db.ovn_revision_numbers_db [None req-6384db4d-94c2-45fc-8963-111699187e4c 851b7c2d5e414e4295867e176e51c3f5 d37282b52f0c42eeb9a5de6b4a37b929 - - default default] Successfully bumped revision number for resource f305fc8b-3cda-4aaa-9a8f-b7ef42d2170b (type: security_group_rules) to 0
2026-07-15 00:16:40.221 10 INFO neutron.wsgi [None req-6384db4d-94c2-45fc-8963-111699187e4c 851b7c2d5e414e4295867e176e51c3f5 d37282b52f0c42eeb9a5de6b4a37b929 - - default default] 10.0.0.217 "GET /v2.0/security-groups?tenant_id=ce2c0c7355df44648eb64dd6e4c2289c&name=default HTTP/1.1" status: 200 len: 3120 time: 0.3503773
2026-07-15 00:16:40.325 9 INFO neutron.db.ovn_revision_numbers_db [req-849dbec0-36b6-4a5d-851f-35a773e5d114 req-ed4aa26e-197e-47ac-ba74-a48a660594ef 3b5103273dba4d32b23887f022c825b0 8cc18e2fd1c341a4b17cafa2ceb8fd6e - - default default] Successfully bumped revision number for resource bb6137a9-e04e-4ee4-b9d0-c9cfd49fb5aa (type: ports) to 1
2026-07-15 00:16:40.352 9 INFO neutron.wsgi [req-849dbec0-36b6-4a5d-851f-35a773e5d114 req-ed4aa26e-197e-47ac-ba74-a48a660594ef 3b5103273dba4d32b23887f022c825b0 8cc18e2fd1c341a4b17cafa2ceb8fd6e - - default default] 199.204.45.4 "POST /v2.0/ports HTTP/1.1" status: 201 len: 1197 time: 0.6517694 /var/lib/openstack/lib/python3.10/site-packages/pycadf/identifier.py:71: UserWarning: Invalid uuid: neutron. To ensure interoperability, identifiers should be a valid uuid. warnings.warn(('Invalid uuid: %s. To ensure interoperability, '
2026-07-15 00:16:40.471 10 INFO neutron.wsgi [None req-4d6e72c2-c3fa-4cd8-b345-a51767db2b49 851b7c2d5e414e4295867e176e51c3f5 d37282b52f0c42eeb9a5de6b4a37b929 - - default default] 10.0.0.217 "DELETE /v2.0/security-groups/91a99118-645b-44b2-9bc1-8ae2562fe0a1 HTTP/1.1" status: 204 len: 168 time: 0.2461989
2026-07-15 00:16:40.698 10 INFO neutron.db.ovn_revision_numbers_db [None req-2aaaf880-9bcb-459a-afb7-b0864c04ec37 851b7c2d5e414e4295867e176e51c3f5 d37282b52f0c42eeb9a5de6b4a37b929 - - default default] Successfully bumped revision number for resource 2668cbaa-f0e5-47d6-9d9d-c3ebf5783b64 (type: security_groups) to 1
2026-07-15 00:16:40.716 10 INFO neutron.db.ovn_revision_numbers_db [None req-2aaaf880-9bcb-459a-afb7-b0864c04ec37 851b7c2d5e414e4295867e176e51c3f5 d37282b52f0c42eeb9a5de6b4a37b929 - - default default] Successfully bumped revision number for resource 0668d81e-14a7-46fb-8c3d-fa0640baaa1e (type: security_group_rules) to 0
2026-07-15 00:16:40.733 10 INFO neutron.db.ovn_revision_numbers_db [None req-2aaaf880-9bcb-459a-afb7-b0864c04ec37 851b7c2d5e414e4295867e176e51c3f5 d37282b52f0c42eeb9a5de6b4a37b929 - - default default] Successfully bumped revision number for resource 10c59ca4-d020-4e32-9784-ed0aa435f880 (type: security_group_rules) to 0
2026-07-15 00:16:40.749 10 INFO neutron.db.ovn_revision_numbers_db [None req-2aaaf880-9bcb-459a-afb7-b0864c04ec37 851b7c2d5e414e4295867e176e51c3f5 d37282b52f0c42eeb9a5de6b4a37b929 - - default default] Successfully bumped revision number for resource 64994add-8a77-4115-9cd0-71321fd3661f (type: security_group_rules) to 0
2026-07-15 00:16:40.767 10 INFO neutron.db.ovn_revision_numbers_db [None req-2aaaf880-9bcb-459a-afb7-b0864c04ec37 851b7c2d5e414e4295867e176e51c3f5 d37282b52f0c42eeb9a5de6b4a37b929 - - default default] Successfully bumped revision number for resource deb464e4-3310-41a6-a893-d2214f74515e (type: security_group_rules) to 0
2026-07-15 00:16:40.788 10 INFO neutron.wsgi [None req-2aaaf880-9bcb-459a-afb7-b0864c04ec37 851b7c2d5e414e4295867e176e51c3f5 d37282b52f0c42eeb9a5de6b4a37b929 - - default default] 10.0.0.217 "GET /v2.0/security-groups?tenant_id=dc64def76af0464f86f8787e48df624b&name=default HTTP/1.1" status: 200 len: 3122 time: 0.2228634
2026-07-15 00:16:40.806 9 INFO neutron.db.ovn_revision_numbers_db [req-849dbec0-36b6-4a5d-851f-35a773e5d114 req-d9b6c1e2-08f4-449c-92ff-e7843f5f52bd a754bae6f1a04627af4b07292851ad2c d4f72008438441d799b5c7b357853935 - - 5c41aad2933c46f48380ba9f661a8615 5c41aad2933c46f48380ba9f661a8615] Successfully bumped revision number for resource bb6137a9-e04e-4ee4-b9d0-c9cfd49fb5aa (type: ports) to 2
2026-07-15 00:16:41.000 10 INFO neutron.wsgi [None req-3b628f96-c8b6-464e-b686-69eeffab9f8a 851b7c2d5e414e4295867e176e51c3f5 d37282b52f0c42eeb9a5de6b4a37b929 - - default default] 10.0.0.217 "DELETE /v2.0/security-groups/2668cbaa-f0e5-47d6-9d9d-c3ebf5783b64 HTTP/1.1" status: 204 len: 168 time: 0.2070944
2026-07-15 00:16:41.008 9 INFO neutron.db.ovn_revision_numbers_db [req-849dbec0-36b6-4a5d-851f-35a773e5d114 req-d9b6c1e2-08f4-449c-92ff-e7843f5f52bd a754bae6f1a04627af4b07292851ad2c d4f72008438441d799b5c7b357853935 - - 5c41aad2933c46f48380ba9f661a8615 5c41aad2933c46f48380ba9f661a8615] Successfully bumped revision number for resource bb6137a9-e04e-4ee4-b9d0-c9cfd49fb5aa (type: ports) to 2
2026-07-15 00:16:41.030 9 INFO neutron.wsgi [req-849dbec0-36b6-4a5d-851f-35a773e5d114 req-d9b6c1e2-08f4-449c-92ff-e7843f5f52bd a754bae6f1a04627af4b07292851ad2c d4f72008438441d799b5c7b357853935 - - 5c41aad2933c46f48380ba9f661a8615 5c41aad2933c46f48380ba9f661a8615] 199.204.45.4 "PUT /v2.0/ports/bb6137a9-e04e-4ee4-b9d0-c9cfd49fb5aa HTTP/1.1" status: 200 len: 1415 time: 0.6706033 /var/lib/openstack/lib/python3.10/site-packages/pycadf/identifier.py:71: UserWarning: Invalid uuid: neutron. To ensure interoperability, identifiers should be a valid uuid. warnings.warn(('Invalid uuid: %s. To ensure interoperability, '
2026-07-15 00:16:41.076 9 INFO neutron.notifiers.nova [-] Nova event matching ['req-8fa35cf0-ac92-4ed2-adc2-ecffdfffd2d4'] response: {'name': 'network-changed', 'server_uuid': 'eb2dcb32-0a61-4e6b-a140-f838ccf93d1f', 'tag': 'bb6137a9-e04e-4ee4-b9d0-c9cfd49fb5aa', 'status': 'completed', 'code': 200}
2026-07-15 00:16:41.125 9 INFO neutron.wsgi [req-849dbec0-36b6-4a5d-851f-35a773e5d114 req-3f462140-4d80-4e65-9de9-ed6917b85ed7 a754bae6f1a04627af4b07292851ad2c d4f72008438441d799b5c7b357853935 - - 5c41aad2933c46f48380ba9f661a8615 5c41aad2933c46f48380ba9f661a8615] 199.204.45.4 "GET /v2.0/ports?tenant_id=8cc18e2fd1c341a4b17cafa2ceb8fd6e&device_id=eb2dcb32-0a61-4e6b-a140-f838ccf93d1f HTTP/1.1" status: 200 len: 1446 time: 0.0622802
2026-07-15 00:16:41.136 10 INFO neutron.wsgi [req-6d3685dc-2bab-4f33-b6ba-d6dabbd9b984 req-78418c1a-836f-417b-9c07-1df66465f9e8 3b5103273dba4d32b23887f022c825b0 8cc18e2fd1c341a4b17cafa2ceb8fd6e - - default default] 10.0.0.93 "GET /v2.0/ports?device_id=eb2dcb32-0a61-4e6b-a140-f838ccf93d1f HTTP/1.1" status: 200 len: 1208 time: 0.1158302
2026-07-15 00:16:41.168 9 INFO neutron.wsgi [req-849dbec0-36b6-4a5d-851f-35a773e5d114 req-09354260-b893-4190-9f8b-74b1c3908ccc a754bae6f1a04627af4b07292851ad2c d4f72008438441d799b5c7b357853935 - - 5c41aad2933c46f48380ba9f661a8615 5c41aad2933c46f48380ba9f661a8615] 199.204.45.4 "GET /v2.0/floatingips?fixed_ip_address=10.100.0.3&port_id=bb6137a9-e04e-4ee4-b9d0-c9cfd49fb5aa HTTP/1.1" status: 200 len: 217 time: 0.0354044
2026-07-15 00:16:41.194 10 INFO neutron.wsgi [req-6d3685dc-2bab-4f33-b6ba-d6dabbd9b984 req-9a9dcc5f-0669-45e0-ad65-41554c86d7c3 3b5103273dba4d32b23887f022c825b0 8cc18e2fd1c341a4b17cafa2ceb8fd6e - - default default] 10.0.0.93 "GET /v2.0/security-groups?id=bd3e5abd-fd0d-4c34-bf28-2cf720169b06&id=ff45cd3c-dd2f-4c7b-9b43-1b76f7ad5dfa&fields=id&fields=name HTTP/1.1" status: 200 len: 403 time: 0.0500658
2026-07-15 00:16:41.210 9 INFO neutron.wsgi [req-849dbec0-36b6-4a5d-851f-35a773e5d114 req-83df2fef-7299-4a4a-bdb6-537765b76a81 a754bae6f1a04627af4b07292851ad2c d4f72008438441d799b5c7b357853935 - - 5c41aad2933c46f48380ba9f661a8615 5c41aad2933c46f48380ba9f661a8615] 199.204.45.4 "GET /v2.0/subnets?id=26da8337-fdc4-4de2-9383-9c112b5a09ff HTTP/1.1" status: 200 len: 866 time: 0.0392725
2026-07-15 00:16:41.245 9 INFO neutron.wsgi [req-849dbec0-36b6-4a5d-851f-35a773e5d114 req-81ba62be-1d5f-40dd-9d95-db18e34dddcd a754bae6f1a04627af4b07292851ad2c d4f72008438441d799b5c7b357853935 - - 5c41aad2933c46f48380ba9f661a8615 5c41aad2933c46f48380ba9f661a8615] 199.204.45.4 "GET /v2.0/ports?network_id=53dc4de0-4117-462b-8fec-bc758df6be77&device_owner=network%3Adhcp HTTP/1.1" status: 200 len: 210 time: 0.0284922
2026-07-15 00:16:41.307 9 INFO neutron.wsgi [req-849dbec0-36b6-4a5d-851f-35a773e5d114 req-448d037e-2764-48dc-ad72-e081b1c334dc a754bae6f1a04627af4b07292851ad2c d4f72008438441d799b5c7b357853935 - - 5c41aad2933c46f48380ba9f661a8615 5c41aad2933c46f48380ba9f661a8615] 199.204.45.4 "GET /v2.0/networks/53dc4de0-4117-462b-8fec-bc758df6be77?fields=segments HTTP/1.1" status: 200 len: 212 time: 0.0552208
2026-07-15 00:16:41.366 9 INFO neutron.wsgi [req-849dbec0-36b6-4a5d-851f-35a773e5d114 req-57204966-2fd2-45d0-bfb9-14da4619c69b a754bae6f1a04627af4b07292851ad2c d4f72008438441d799b5c7b357853935 - - 5c41aad2933c46f48380ba9f661a8615 5c41aad2933c46f48380ba9f661a8615] 199.204.45.4 "GET /v2.0/networks/53dc4de0-4117-462b-8fec-bc758df6be77?fields=provider%3Aphysical_network&fields=provider%3Anetwork_type HTTP/1.1" status: 200 len: 277 time: 0.0522981
2026-07-15 00:16:41.444 9 INFO neutron.wsgi [req-7121ab91-09e6-42c7-86df-23efc5b6fb9f req-282b3f6f-8077-473a-8be9-19fa6916e63a a754bae6f1a04627af4b07292851ad2c d4f72008438441d799b5c7b357853935 - - 5c41aad2933c46f48380ba9f661a8615 5c41aad2933c46f48380ba9f661a8615] 199.204.45.4 "GET /v2.0/ports?tenant_id=8cc18e2fd1c341a4b17cafa2ceb8fd6e&device_id=eb2dcb32-0a61-4e6b-a140-f838ccf93d1f HTTP/1.1" status: 200 len: 1446 time: 0.0426304
2026-07-15 00:16:41.524 9 INFO neutron.wsgi [req-7121ab91-09e6-42c7-86df-23efc5b6fb9f req-05cf3408-31f4-4344-a3d1-c0212e684c2d a754bae6f1a04627af4b07292851ad2c d4f72008438441d799b5c7b357853935 - - 5c41aad2933c46f48380ba9f661a8615 5c41aad2933c46f48380ba9f661a8615] 199.204.45.4 "GET /v2.0/networks?id=53dc4de0-4117-462b-8fec-bc758df6be77 HTTP/1.1" status: 200 len: 971 time: 0.0748191
2026-07-15 00:16:41.566 9 INFO neutron.wsgi [req-7121ab91-09e6-42c7-86df-23efc5b6fb9f req-20b9e613-14af-4bda-b89c-7801ef8044bb a754bae6f1a04627af4b07292851ad2c d4f72008438441d799b5c7b357853935 - - 5c41aad2933c46f48380ba9f661a8615 5c41aad2933c46f48380ba9f661a8615] 199.204.45.4 "GET /v2.0/floatingips?fixed_ip_address=10.100.0.3&port_id=bb6137a9-e04e-4ee4-b9d0-c9cfd49fb5aa HTTP/1.1" status: 200 len: 217 time: 0.0282228
2026-07-15 00:16:41.586 9 INFO neutron.wsgi [req-23b06aae-6f17-4936-9605-62051ebc6319 req-d2f28d46-210f-4810-894c-9d5b44265e84 a754bae6f1a04627af4b07292851ad2c d4f72008438441d799b5c7b357853935 - - 5c41aad2933c46f48380ba9f661a8615 5c41aad2933c46f48380ba9f661a8615] 199.204.45.4 "GET /v2.0/ports?device_id=eb2dcb32-0a61-4e6b-a140-f838ccf93d1f HTTP/1.1" status: 200 len: 1446 time: 0.0804694
2026-07-15 00:16:41.617 9 INFO neutron.wsgi [req-7121ab91-09e6-42c7-86df-23efc5b6fb9f req-63f5cf03-6623-4186-93db-3e8bc9be7bbb a754bae6f1a04627af4b07292851ad2c d4f72008438441d799b5c7b357853935 - - 5c41aad2933c46f48380ba9f661a8615 5c41aad2933c46f48380ba9f661a8615] 199.204.45.4 "GET /v2.0/subnets?id=26da8337-fdc4-4de2-9383-9c112b5a09ff HTTP/1.1" status: 200 len: 866 time: 0.0414026
2026-07-15 00:16:41.647 9 INFO neutron.wsgi [req-7121ab91-09e6-42c7-86df-23efc5b6fb9f req-31392bcd-5263-47a7-bacd-1ba5b1d69a14 a754bae6f1a04627af4b07292851ad2c d4f72008438441d799b5c7b357853935 - - 5c41aad2933c46f48380ba9f661a8615 5c41aad2933c46f48380ba9f661a8615] 199.204.45.4 "GET /v2.0/ports?network_id=53dc4de0-4117-462b-8fec-bc758df6be77&device_owner=network%3Adhcp HTTP/1.1" status: 200 len: 210 time: 0.0239294
2026-07-15 00:16:41.653 9 INFO neutron.wsgi [req-23b06aae-6f17-4936-9605-62051ebc6319 req-acc0569b-9284-4596-aa8b-bb79b90744b4 a754bae6f1a04627af4b07292851ad2c d4f72008438441d799b5c7b357853935 - - 5c41aad2933c46f48380ba9f661a8615 5c41aad2933c46f48380ba9f661a8615] 199.204.45.4 "GET /v2.0/security-groups?id=bd3e5abd-fd0d-4c34-bf28-2cf720169b06&id=ff45cd3c-dd2f-4c7b-9b43-1b76f7ad5dfa&fields=id&fields=name HTTP/1.1" status: 200 len: 403 time: 0.0596299
2026-07-15 00:16:41.745 9 INFO neutron.wsgi [req-7121ab91-09e6-42c7-86df-23efc5b6fb9f req-db88d344-1abe-468c-8031-c58c2597b21e a754bae6f1a04627af4b07292851ad2c d4f72008438441d799b5c7b357853935 - - 5c41aad2933c46f48380ba9f661a8615 5c41aad2933c46f48380ba9f661a8615] 199.204.45.4 "GET /v2.0/networks/53dc4de0-4117-462b-8fec-bc758df6be77?fields=segments HTTP/1.1" status: 200 len: 212 time: 0.0627470
2026-07-15 00:16:41.748 9 INFO neutron.plugins.ml2.drivers.ovn.mech_driver.mech_driver [None req-ba97e2e0-8c8a-46c9-aec5-5954db8ceda4 - - - - - -] OVN reports status up for port: bb6137a9-e04e-4ee4-b9d0-c9cfd49fb5aa
2026-07-15 00:16:41.757 9 INFO neutron.plugins.ml2.plugin [None req-ba97e2e0-8c8a-46c9-aec5-5954db8ceda4 - - - - - -] Attempt 1 to provision port bb6137a9-e04e-4ee4-b9d0-c9cfd49fb5aa
2026-07-15 00:16:41.848 9 INFO neutron.wsgi [req-7121ab91-09e6-42c7-86df-23efc5b6fb9f req-384df8a5-e77e-4403-8197-270cb953f492 a754bae6f1a04627af4b07292851ad2c d4f72008438441d799b5c7b357853935 - - 5c41aad2933c46f48380ba9f661a8615 5c41aad2933c46f48380ba9f661a8615] 199.204.45.4 "GET /v2.0/networks/53dc4de0-4117-462b-8fec-bc758df6be77?fields=provider%3Aphysical_network&fields=provider%3Anetwork_type HTTP/1.1" status: 200 len: 277 time: 0.0895054
2026-07-15 00:16:42.098 9 INFO neutron.db.ovn_revision_numbers_db [None req-ba97e2e0-8c8a-46c9-aec5-5954db8ceda4 - - - - - -] Successfully bumped revision number for resource bb6137a9-e04e-4ee4-b9d0-c9cfd49fb5aa (type: ports) to 4 /var/lib/openstack/lib/python3.10/site-packages/pycadf/identifier.py:71: UserWarning: Invalid uuid: neutron. To ensure interoperability, identifiers should be a valid uuid. warnings.warn(('Invalid uuid: %s. To ensure interoperability, '
2026-07-15 00:16:42.329 9 INFO neutron.wsgi [req-ca494670-25c7-4e16-887d-098433b9e774 req-d3de04b4-ea42-4202-b9e4-3228c8789339 3b5103273dba4d32b23887f022c825b0 8cc18e2fd1c341a4b17cafa2ceb8fd6e - - default default] 10.0.0.93 "GET /v2.0/ports?device_id=eb2dcb32-0a61-4e6b-a140-f838ccf93d1f HTTP/1.1" status: 200 len: 1210 time: 0.0479522
2026-07-15 00:16:42.387 9 INFO neutron.wsgi [req-ca494670-25c7-4e16-887d-098433b9e774 req-1796bbf4-2131-4904-887d-c8c9347c8d6c 3b5103273dba4d32b23887f022c825b0 8cc18e2fd1c341a4b17cafa2ceb8fd6e - - default default] 10.0.0.93 "GET /v2.0/security-groups?id=bd3e5abd-fd0d-4c34-bf28-2cf720169b06&id=ff45cd3c-dd2f-4c7b-9b43-1b76f7ad5dfa&fields=id&fields=name HTTP/1.1" status: 200 len: 403 time: 0.0512264
