2026-07-15 00:15:13.588 10 INFO neutron.db.ovn_revision_numbers_db [None req-04dc0f42-2aae-4880-a3b5-578539962472 7e04bdded2ed41fe93390ca4499dd299 e2fe6645e3d0431d8bfd296318eaec5b - - default default] Successfully bumped revision number for resource a7b9f651-c8c1-4bba-8798-f60a62ef4a5b (type: ports) to 1
2026-07-15 00:15:13.603 9 INFO neutron.db.ovn_revision_numbers_db [req-3b62d3ce-7072-463b-9cfa-5eb25c509089 req-c6f801b3-9cb8-44b9-811e-60f274ebfaf1 d373721a75b3488d80253e095454b5db 0b2dcf0264a04a428e23c2eb69b848e4 - - default default] Successfully bumped revision number for resource e572881f-ffa9-4a8d-a60d-ae3054d4dbdd (type: ports) to 1
2026-07-15 00:15:13.616 10 INFO neutron.wsgi [None req-04dc0f42-2aae-4880-a3b5-578539962472 7e04bdded2ed41fe93390ca4499dd299 e2fe6645e3d0431d8bfd296318eaec5b - - default default] 10.0.0.217 "POST /v2.0/networks HTTP/1.1" status: 201 len: 831 time: 1.0768790 /var/lib/openstack/lib/python3.10/site-packages/pycadf/identifier.py:71: UserWarning: Invalid uuid: neutron. To ensure interoperability, identifiers should be a valid uuid. warnings.warn(('Invalid uuid: %s. To ensure interoperability, '
2026-07-15 00:15:13.632 9 INFO neutron.wsgi [req-3b62d3ce-7072-463b-9cfa-5eb25c509089 req-c6f801b3-9cb8-44b9-811e-60f274ebfaf1 d373721a75b3488d80253e095454b5db 0b2dcf0264a04a428e23c2eb69b848e4 - - default default] 199.204.45.4 "POST /v2.0/ports HTTP/1.1" status: 201 len: 1162 time: 0.7822750
2026-07-15 00:15:13.694 9 INFO neutron.wsgi [None req-e41d7f07-7c66-42d6-8a5d-13a04c99eaec 7e04bdded2ed41fe93390ca4499dd299 e2fe6645e3d0431d8bfd296318eaec5b - - default default] 10.0.0.217 "PUT /v2.0/networks/5d549f49-3fe7-47cb-9e1f-7f1362dcae2d/tags HTTP/1.1" status: 200 len: 218 time: 0.0712495
2026-07-15 00:15:13.757 10 INFO neutron.wsgi [None req-72ebfe51-e6e3-4776-9ef1-137374009978 7e04bdded2ed41fe93390ca4499dd299 e2fe6645e3d0431d8bfd296318eaec5b - - default default] 10.0.0.217 "GET /v2.0/networks/5d549f49-3fe7-47cb-9e1f-7f1362dcae2d/tags HTTP/1.1" status: 200 len: 218 time: 0.0532601
2026-07-15 00:15:13.837 10 INFO neutron.wsgi [None req-7dfcc46b-8d7b-4aec-883c-da5c1a096031 7e04bdded2ed41fe93390ca4499dd299 e2fe6645e3d0431d8bfd296318eaec5b - - default default] 10.0.0.217 "PUT /v2.0/networks/5d549f49-3fe7-47cb-9e1f-7f1362dcae2d/tags/green HTTP/1.1" status: 201 len: 201 time: 0.0748363
2026-07-15 00:15:13.909 9 INFO neutron.wsgi [None req-91e957d6-4184-4391-9dad-b11ef1db2610 7e04bdded2ed41fe93390ca4499dd299 e2fe6645e3d0431d8bfd296318eaec5b - - default default] 10.0.0.217 "GET /v2.0/networks/5d549f49-3fe7-47cb-9e1f-7f1362dcae2d/tags HTTP/1.1" status: 200 len: 227 time: 0.0635407
2026-07-15 00:15:13.951 10 INFO neutron.services.segments.plugin [-] Segment cd53523d-b059-4020-94ca-ab14dc823d2c resource provider aggregate not found
2026-07-15 00:15:13.956 10 INFO neutron.services.segments.plugin [-] Segment cd53523d-b059-4020-94ca-ab14dc823d2c resource provider aggregate not found
2026-07-15 00:15:13.968 10 INFO neutron.services.segments.plugin [-] Segment cd53523d-b059-4020-94ca-ab14dc823d2c resource provider not found; error: Placement Client Error (4xx): {"errors": [{"status": 404, "title": "Not Found", "detail": "The resource could not be found.\n\n No resource provider with uuid cd53523d-b059-4020-94ca-ab14dc823d2c found for delete ", "request_id": "req-d090c447-c822-4e75-bd6c-49c6fc4ca828"}]}
2026-07-15 00:15:13.980 10 INFO neutron.services.segments.plugin [-] Segment cd53523d-b059-4020-94ca-ab14dc823d2c resource provider not found; error: Placement Client Error (4xx): {"errors": [{"status": 404, "title": "Not Found", "detail": "The resource could not be found.\n\n No resource provider with uuid cd53523d-b059-4020-94ca-ab14dc823d2c found for delete ", "request_id": "req-f19dc353-67e2-4400-b770-3243859c7bdc"}]}
2026-07-15 00:15:14.000 10 INFO neutron.wsgi [None req-31f50874-a216-42bb-953b-05bc41a5f6b5 7e04bdded2ed41fe93390ca4499dd299 e2fe6645e3d0431d8bfd296318eaec5b - - default default] 10.0.0.217 "PUT /v2.0/networks/5d549f49-3fe7-47cb-9e1f-7f1362dcae2d/tags/red HTTP/1.1" status: 201 len: 201 time: 0.0858564
2026-07-15 00:15:14.020 10 INFO neutron.wsgi [None req-90f5e1fb-434e-4d2b-bec0-6d6ddf300abd 8c678a5f66194b39ac7e95110f9048b5 9accfa95263b4d5e88ff586c87abc6da - - default default] 10.0.0.217 "DELETE /v2.0/networks/38339b4e-9920-41fe-8392-d6e6c9139f8a HTTP/1.1" status: 204 len: 168 time: 0.5865872
2026-07-15 00:15:14.059 10 INFO neutron.wsgi [None req-d2af6205-76fa-4fb2-854c-b0188f88317b 7e04bdded2ed41fe93390ca4499dd299 e2fe6645e3d0431d8bfd296318eaec5b - - default default] 10.0.0.217 "GET /v2.0/networks/5d549f49-3fe7-47cb-9e1f-7f1362dcae2d/tags HTTP/1.1" status: 200 len: 227 time: 0.0520115
2026-07-15 00:15:14.112 10 INFO neutron.wsgi [None req-6f4e7894-cd8b-492b-8737-20431bdca10a 7e04bdded2ed41fe93390ca4499dd299 e2fe6645e3d0431d8bfd296318eaec5b - - default default] 10.0.0.217 "PUT /v2.0/networks/5d549f49-3fe7-47cb-9e1f-7f1362dcae2d/tags/black.or.white HTTP/1.1" status: 201 len: 201 time: 0.0476320
2026-07-15 00:15:14.165 10 INFO neutron.wsgi [None req-ff2bf89d-1b7b-4192-9d27-c36009e8b329 7e04bdded2ed41fe93390ca4499dd299 e2fe6645e3d0431d8bfd296318eaec5b - - default default] 10.0.0.217 "GET /v2.0/networks/5d549f49-3fe7-47cb-9e1f-7f1362dcae2d/tags HTTP/1.1" status: 200 len: 245 time: 0.0452063
2026-07-15 00:15:14.227 10 INFO neutron.wsgi [None req-0abd6355-93ab-44f1-b476-e78272f1b9e3 7e04bdded2ed41fe93390ca4499dd299 e2fe6645e3d0431d8bfd296318eaec5b - - default default] 10.0.0.217 "PUT /v2.0/networks/5d549f49-3fe7-47cb-9e1f-7f1362dcae2d/tags HTTP/1.1" status: 200 len: 230 time: 0.0522711
2026-07-15 00:15:14.283 10 INFO neutron.wsgi [None req-ac1262bd-8d3a-4c8e-bb1a-99968a84c42f 7e04bdded2ed41fe93390ca4499dd299 e2fe6645e3d0431d8bfd296318eaec5b - - default default] 10.0.0.217 "GET /v2.0/networks/5d549f49-3fe7-47cb-9e1f-7f1362dcae2d/tags HTTP/1.1" status: 200 len: 230 time: 0.0487633
2026-07-15 00:15:14.330 10 INFO neutron.wsgi [None req-3f4a4a13-5e41-42b0-9284-cb1ec1fbfa01 7e04bdded2ed41fe93390ca4499dd299 e2fe6645e3d0431d8bfd296318eaec5b - - default default] 10.0.0.217 "GET /v2.0/networks/5d549f49-3fe7-47cb-9e1f-7f1362dcae2d/tags/red HTTP/1.1" status: 204 len: 168 time: 0.0406349
2026-07-15 00:15:14.386 10 INFO neutron.api.v2.resource [None req-3707a3be-c54d-4fc1-8f01-b428a4c5bc9a 7e04bdded2ed41fe93390ca4499dd299 e2fe6645e3d0431d8bfd296318eaec5b - - default default] show failed (client error): The resource could not be found.
2026-07-15 00:15:14.388 10 INFO neutron.wsgi [None req-3707a3be-c54d-4fc1-8f01-b428a4c5bc9a 7e04bdded2ed41fe93390ca4499dd299 e2fe6645e3d0431d8bfd296318eaec5b - - default default] 10.0.0.217 "GET /v2.0/networks/5d549f49-3fe7-47cb-9e1f-7f1362dcae2d/tags/green HTTP/1.1" status: 404 len: 299 time: 0.0492990 /var/lib/openstack/lib/python3.10/site-packages/pycadf/identifier.py:71: UserWarning: Invalid uuid: neutron. To ensure interoperability, identifiers should be a valid uuid. warnings.warn(('Invalid uuid: %s. To ensure interoperability, '
2026-07-15 00:15:14.450 10 INFO neutron.wsgi [None req-b9462c26-d6b6-4655-8f92-f87a9ab58662 7e04bdded2ed41fe93390ca4499dd299 e2fe6645e3d0431d8bfd296318eaec5b - - default default] 10.0.0.217 "DELETE /v2.0/networks/5d549f49-3fe7-47cb-9e1f-7f1362dcae2d/tags/red HTTP/1.1" status: 204 len: 168 time: 0.0557115
2026-07-15 00:15:14.455 9 INFO neutron.db.ovn_revision_numbers_db [req-3b62d3ce-7072-463b-9cfa-5eb25c509089 req-aa547104-b120-472d-ab09-80e34cb3ef43 a754bae6f1a04627af4b07292851ad2c d4f72008438441d799b5c7b357853935 - - 5c41aad2933c46f48380ba9f661a8615 5c41aad2933c46f48380ba9f661a8615] Successfully bumped revision number for resource e572881f-ffa9-4a8d-a60d-ae3054d4dbdd (type: ports) to 2
2026-07-15 00:15:14.500 10 INFO neutron.wsgi [-] 10.0.0.102 "GET / HTTP/1.1" status: 200 len: 246 time: 0.0017576
2026-07-15 00:15:14.502 10 INFO neutron.wsgi [-] 10.0.0.102 "GET / HTTP/1.1" status: 200 len: 246 time: 0.0012276
2026-07-15 00:15:14.504 10 INFO neutron.wsgi [None req-b6fdee4b-b6db-44e4-8ca5-739c07cae3e8 7e04bdded2ed41fe93390ca4499dd299 e2fe6645e3d0431d8bfd296318eaec5b - - default default] 10.0.0.217 "GET /v2.0/networks/5d549f49-3fe7-47cb-9e1f-7f1362dcae2d/tags HTTP/1.1" status: 200 len: 223 time: 0.0450237
2026-07-15 00:15:14.540 9 INFO neutron.wsgi [req-9389cefe-bb8d-4b4c-9163-658ba93a3c26 req-eb85e611-a620-47a3-be7c-99af1c8fb2af d373721a75b3488d80253e095454b5db 0b2dcf0264a04a428e23c2eb69b848e4 - - default default] 10.0.0.93 "GET /v2.0/ports?device_id=dfc595dc-48bd-4727-b165-af9c20707ea7 HTTP/1.1" status: 200 len: 1172 time: 0.3481953
2026-07-15 00:15:14.558 10 INFO neutron.api.v2.resource [None req-4a1a6e97-7318-4f1e-8b3b-9805e2499320 7e04bdded2ed41fe93390ca4499dd299 e2fe6645e3d0431d8bfd296318eaec5b - - default default] delete failed (client error): The resource could not be found.
2026-07-15 00:15:14.560 10 INFO neutron.wsgi [None req-4a1a6e97-7318-4f1e-8b3b-9805e2499320 7e04bdded2ed41fe93390ca4499dd299 e2fe6645e3d0431d8bfd296318eaec5b - - default default] 10.0.0.217 "DELETE /v2.0/networks/5d549f49-3fe7-47cb-9e1f-7f1362dcae2d/tags/green HTTP/1.1" status: 404 len: 299 time: 0.0500460
2026-07-15 00:15:14.620 9 INFO neutron.wsgi [req-9389cefe-bb8d-4b4c-9163-658ba93a3c26 req-41de58c2-09b3-444b-8cb7-162f1fc05ea1 d373721a75b3488d80253e095454b5db 0b2dcf0264a04a428e23c2eb69b848e4 - - default default] 10.0.0.93 "GET /v2.0/security-groups?id=4dca2a85-8d73-407f-bb58-ce7c9151cdea&fields=id&fields=name HTTP/1.1" status: 200 len: 313 time: 0.0685172
2026-07-15 00:15:14.623 10 INFO neutron.wsgi [None req-eac7115b-86f2-4027-bc86-586d426c877a 7e04bdded2ed41fe93390ca4499dd299 e2fe6645e3d0431d8bfd296318eaec5b - - default default] 10.0.0.217 "DELETE /v2.0/networks/5d549f49-3fe7-47cb-9e1f-7f1362dcae2d/tags HTTP/1.1" status: 204 len: 168 time: 0.0582991
2026-07-15 00:15:14.686 10 INFO neutron.wsgi [None req-ff4d925f-d63f-41a9-b8c9-d76da1947836 7e04bdded2ed41fe93390ca4499dd299 e2fe6645e3d0431d8bfd296318eaec5b - - default default] 10.0.0.217 "GET /v2.0/networks/5d549f49-3fe7-47cb-9e1f-7f1362dcae2d/tags HTTP/1.1" status: 200 len: 205 time: 0.0546541
2026-07-15 00:15:14.812 9 INFO neutron.db.ovn_revision_numbers_db [req-3b62d3ce-7072-463b-9cfa-5eb25c509089 req-aa547104-b120-472d-ab09-80e34cb3ef43 a754bae6f1a04627af4b07292851ad2c d4f72008438441d799b5c7b357853935 - - 5c41aad2933c46f48380ba9f661a8615 5c41aad2933c46f48380ba9f661a8615] Successfully bumped revision number for resource e572881f-ffa9-4a8d-a60d-ae3054d4dbdd (type: ports) to 2
2026-07-15 00:15:14.833 9 INFO neutron.wsgi [req-3b62d3ce-7072-463b-9cfa-5eb25c509089 req-aa547104-b120-472d-ab09-80e34cb3ef43 a754bae6f1a04627af4b07292851ad2c d4f72008438441d799b5c7b357853935 - - 5c41aad2933c46f48380ba9f661a8615 5c41aad2933c46f48380ba9f661a8615] 199.204.45.4 "PUT /v2.0/ports/e572881f-ffa9-4a8d-a60d-ae3054d4dbdd HTTP/1.1" status: 200 len: 1380 time: 1.1883473
2026-07-15 00:15:14.845 9 INFO neutron.wsgi [None req-c82c89e0-7701-43e5-b3c3-3c6ecc72cae7 8c678a5f66194b39ac7e95110f9048b5 9accfa95263b4d5e88ff586c87abc6da - - default default] 10.0.0.217 "DELETE /v2.0/networks/5afb0a50-64b2-4bc2-bc3d-181383e579f4 HTTP/1.1" status: 204 len: 168 time: 0.8164420 /var/lib/openstack/lib/python3.10/site-packages/pycadf/identifier.py:71: UserWarning: Invalid uuid: neutron. To ensure interoperability, identifiers should be a valid uuid. warnings.warn(('Invalid uuid: %s. To ensure interoperability, '
2026-07-15 00:15:14.887 9 INFO neutron.notifiers.nova [-] Nova event matching ['req-a0fecde3-0213-45fa-a2af-e069d092426f'] response: {'name': 'network-changed', 'server_uuid': 'dfc595dc-48bd-4727-b165-af9c20707ea7', 'tag': 'e572881f-ffa9-4a8d-a60d-ae3054d4dbdd', 'status': 'completed', 'code': 200}
2026-07-15 00:15:14.917 9 INFO neutron.wsgi [req-3b62d3ce-7072-463b-9cfa-5eb25c509089 req-7a0ba93a-7495-40ba-83d8-e292a3c72aac a754bae6f1a04627af4b07292851ad2c d4f72008438441d799b5c7b357853935 - - 5c41aad2933c46f48380ba9f661a8615 5c41aad2933c46f48380ba9f661a8615] 199.204.45.4 "GET /v2.0/ports?tenant_id=0b2dcf0264a04a428e23c2eb69b848e4&device_id=dfc595dc-48bd-4727-b165-af9c20707ea7 HTTP/1.1" status: 200 len: 1411 time: 0.0394466
2026-07-15 00:15:14.944 9 INFO neutron.wsgi [req-3b62d3ce-7072-463b-9cfa-5eb25c509089 req-839a2461-5c6d-4636-9e28-f1ab27a7e3b8 a754bae6f1a04627af4b07292851ad2c d4f72008438441d799b5c7b357853935 - - 5c41aad2933c46f48380ba9f661a8615 5c41aad2933c46f48380ba9f661a8615] 199.204.45.4 "GET /v2.0/floatingips?fixed_ip_address=10.100.0.11&port_id=e572881f-ffa9-4a8d-a60d-ae3054d4dbdd HTTP/1.1" status: 200 len: 217 time: 0.0219314
2026-07-15 00:15:14.985 9 INFO neutron.wsgi [req-3b62d3ce-7072-463b-9cfa-5eb25c509089 req-514d4c5e-415a-4993-9272-360eacd77e5f a754bae6f1a04627af4b07292851ad2c d4f72008438441d799b5c7b357853935 - - 5c41aad2933c46f48380ba9f661a8615 5c41aad2933c46f48380ba9f661a8615] 199.204.45.4 "GET /v2.0/subnets?id=8baebe3e-ea9d-4daf-bb2c-2592bd5df9c4 HTTP/1.1" status: 200 len: 853 time: 0.0340273
2026-07-15 00:15:15.019 9 INFO neutron.wsgi [req-3b62d3ce-7072-463b-9cfa-5eb25c509089 req-73a6da32-210b-4078-9f25-ff515d3b14e9 a754bae6f1a04627af4b07292851ad2c d4f72008438441d799b5c7b357853935 - - 5c41aad2933c46f48380ba9f661a8615 5c41aad2933c46f48380ba9f661a8615] 199.204.45.4 "GET /v2.0/ports?network_id=a2dd015e-da8c-4d87-aa72-9eb975900fbb&device_owner=network%3Adhcp HTTP/1.1" status: 200 len: 210 time: 0.0274050
2026-07-15 00:15:15.089 9 INFO neutron.wsgi [req-3b62d3ce-7072-463b-9cfa-5eb25c509089 req-4e94ca3f-4a14-47f3-a14e-2b33440e938c a754bae6f1a04627af4b07292851ad2c d4f72008438441d799b5c7b357853935 - - 5c41aad2933c46f48380ba9f661a8615 5c41aad2933c46f48380ba9f661a8615] 199.204.45.4 "GET /v2.0/networks/a2dd015e-da8c-4d87-aa72-9eb975900fbb?fields=segments HTTP/1.1" status: 200 len: 212 time: 0.0642135
2026-07-15 00:15:15.172 9 INFO neutron.wsgi [req-3b62d3ce-7072-463b-9cfa-5eb25c509089 req-9e5fe3d4-045d-4546-aad5-3d3b2e9a7a60 a754bae6f1a04627af4b07292851ad2c d4f72008438441d799b5c7b357853935 - - 5c41aad2933c46f48380ba9f661a8615 5c41aad2933c46f48380ba9f661a8615] 199.204.45.4 "GET /v2.0/networks/a2dd015e-da8c-4d87-aa72-9eb975900fbb?fields=provider%3Aphysical_network&fields=provider%3Anetwork_type HTTP/1.1" status: 200 len: 277 time: 0.0784855
2026-07-15 00:15:15.198 10 INFO neutron.wsgi [None req-44e0da39-dfad-40dc-bda0-152e72bfd265 7e04bdded2ed41fe93390ca4499dd299 e2fe6645e3d0431d8bfd296318eaec5b - - default default] 10.0.0.217 "DELETE /v2.0/networks/5d549f49-3fe7-47cb-9e1f-7f1362dcae2d HTTP/1.1" status: 204 len: 168 time: 0.4937387
2026-07-15 00:15:15.269 9 INFO neutron.wsgi [req-6ce12709-7f0e-4f2c-8296-e241f8e99c98 req-6267c828-29a9-4a1c-9a8e-72916493ce59 a754bae6f1a04627af4b07292851ad2c d4f72008438441d799b5c7b357853935 - - 5c41aad2933c46f48380ba9f661a8615 5c41aad2933c46f48380ba9f661a8615] 199.204.45.4 "GET /v2.0/ports?tenant_id=0b2dcf0264a04a428e23c2eb69b848e4&device_id=dfc595dc-48bd-4727-b165-af9c20707ea7 HTTP/1.1" status: 200 len: 1411 time: 0.0525904
2026-07-15 00:15:15.370 10 INFO neutron.wsgi [None req-34e6cf41-2d7f-4878-a97b-295ce0fcfa5e 8c678a5f66194b39ac7e95110f9048b5 9accfa95263b4d5e88ff586c87abc6da - - default default] 10.0.0.217 "DELETE /v2.0/networks/7e67507e-ae94-4665-9754-359d92531015 HTTP/1.1" status: 204 len: 168 time: 0.5202472
2026-07-15 00:15:15.371 9 INFO neutron.wsgi [req-6ce12709-7f0e-4f2c-8296-e241f8e99c98 req-17978dc0-2ff7-4f88-9678-38a1fb7c9cf4 a754bae6f1a04627af4b07292851ad2c d4f72008438441d799b5c7b357853935 - - 5c41aad2933c46f48380ba9f661a8615 5c41aad2933c46f48380ba9f661a8615] 199.204.45.4 "GET /v2.0/networks?id=a2dd015e-da8c-4d87-aa72-9eb975900fbb HTTP/1.1" status: 200 len: 957 time: 0.0942483
2026-07-15 00:15:15.380 9 INFO neutron.plugins.ml2.drivers.ovn.mech_driver.mech_driver [None req-ba97e2e0-8c8a-46c9-aec5-5954db8ceda4 - - - - - -] OVN reports status up for port: e572881f-ffa9-4a8d-a60d-ae3054d4dbdd
2026-07-15 00:15:15.422 9 INFO neutron.services.segments.plugin [-] Segment 2a0b5d8b-da8f-4e72-9da6-4208020d96c3 resource provider aggregate not found
2026-07-15 00:15:15.426 9 INFO neutron.plugins.ml2.plugin [None req-ba97e2e0-8c8a-46c9-aec5-5954db8ceda4 - - - - - -] Attempt 1 to provision port e572881f-ffa9-4a8d-a60d-ae3054d4dbdd
2026-07-15 00:15:15.428 9 INFO neutron.wsgi [req-6ce12709-7f0e-4f2c-8296-e241f8e99c98 req-9d5c2bab-173c-456f-b250-a97b61e73045 a754bae6f1a04627af4b07292851ad2c d4f72008438441d799b5c7b357853935 - - 5c41aad2933c46f48380ba9f661a8615 5c41aad2933c46f48380ba9f661a8615] 199.204.45.4 "GET /v2.0/floatingips?fixed_ip_address=10.100.0.11&port_id=e572881f-ffa9-4a8d-a60d-ae3054d4dbdd HTTP/1.1" status: 200 len: 217 time: 0.0400152
2026-07-15 00:15:15.439 9 INFO neutron.services.segments.plugin [-] Segment 2a0b5d8b-da8f-4e72-9da6-4208020d96c3 resource provider aggregate not found
2026-07-15 00:15:15.448 9 INFO neutron.services.segments.plugin [-] Segment 2a0b5d8b-da8f-4e72-9da6-4208020d96c3 resource provider not found; error: Placement Client Error (4xx): {"errors": [{"status": 404, "title": "Not Found", "detail": "The resource could not be found.\n\n No resource provider with uuid 2a0b5d8b-da8f-4e72-9da6-4208020d96c3 found for delete ", "request_id": "req-a68b1559-3f65-411d-ae49-3c2d2aebe03d"}]}
2026-07-15 00:15:15.465 9 INFO neutron.services.segments.plugin [-] Segment 2a0b5d8b-da8f-4e72-9da6-4208020d96c3 resource provider not found; error: Placement Client Error (4xx): {"errors": [{"status": 404, "title": "Not Found", "detail": "The resource could not be found.\n\n No resource provider with uuid 2a0b5d8b-da8f-4e72-9da6-4208020d96c3 found for delete ", "request_id": "req-1dd476ca-cd51-46b5-b57d-9c5822b2f188"}]}
2026-07-15 00:15:15.491 9 INFO neutron.wsgi [req-6ce12709-7f0e-4f2c-8296-e241f8e99c98 req-2771f76e-9489-415a-a266-73e9a134deb3 a754bae6f1a04627af4b07292851ad2c d4f72008438441d799b5c7b357853935 - - 5c41aad2933c46f48380ba9f661a8615 5c41aad2933c46f48380ba9f661a8615] 199.204.45.4 "GET /v2.0/subnets?id=8baebe3e-ea9d-4daf-bb2c-2592bd5df9c4 HTTP/1.1" status: 200 len: 853 time: 0.0468755
2026-07-15 00:15:15.492 9 INFO neutron.db.ovn_revision_numbers_db [None req-7d9c6183-c498-44df-80c1-1d915f29d43f 851b7c2d5e414e4295867e176e51c3f5 d37282b52f0c42eeb9a5de6b4a37b929 - - default default] Successfully bumped revision number for resource b20e50b0-4f9e-4636-b122-813f8ae435ff (type: security_groups) to 1
2026-07-15 00:15:15.523 9 INFO neutron.wsgi [req-6ce12709-7f0e-4f2c-8296-e241f8e99c98 req-093cb620-23ab-48fd-9cd2-4b26fbc6063e a754bae6f1a04627af4b07292851ad2c d4f72008438441d799b5c7b357853935 - - 5c41aad2933c46f48380ba9f661a8615 5c41aad2933c46f48380ba9f661a8615] 199.204.45.4 "GET /v2.0/ports?network_id=a2dd015e-da8c-4d87-aa72-9eb975900fbb&device_owner=network%3Adhcp HTTP/1.1" status: 200 len: 210 time: 0.0250053
2026-07-15 00:15:15.524 9 INFO neutron.db.ovn_revision_numbers_db [None req-7d9c6183-c498-44df-80c1-1d915f29d43f 851b7c2d5e414e4295867e176e51c3f5 d37282b52f0c42eeb9a5de6b4a37b929 - - default default] Successfully bumped revision number for resource 247ce32e-4092-43ea-8430-a31261ebf3b9 (type: security_group_rules) to 0
2026-07-15 00:15:15.563 9 INFO neutron.db.ovn_revision_numbers_db [None req-7d9c6183-c498-44df-80c1-1d915f29d43f 851b7c2d5e414e4295867e176e51c3f5 d37282b52f0c42eeb9a5de6b4a37b929 - - default default] Successfully bumped revision number for resource a355a625-1f36-4a62-a5fb-34c7f5f51ca6 (type: security_group_rules) to 0
2026-07-15 00:15:15.585 9 INFO neutron.db.ovn_revision_numbers_db [None req-7d9c6183-c498-44df-80c1-1d915f29d43f 851b7c2d5e414e4295867e176e51c3f5 d37282b52f0c42eeb9a5de6b4a37b929 - - default default] Successfully bumped revision number for resource cf3dd134-e8f1-40e0-baaf-6797f85ca879 (type: security_group_rules) to 0
2026-07-15 00:15:15.612 9 INFO neutron.db.ovn_revision_numbers_db [None req-7d9c6183-c498-44df-80c1-1d915f29d43f 851b7c2d5e414e4295867e176e51c3f5 d37282b52f0c42eeb9a5de6b4a37b929 - - default default] Successfully bumped revision number for resource ff11a172-37ef-4d22-b1eb-0aa78009d090 (type: security_group_rules) to 0
2026-07-15 00:15:15.617 9 INFO neutron.wsgi [req-6ce12709-7f0e-4f2c-8296-e241f8e99c98 req-5063aa4d-f7cb-4363-b1e8-85dff53e82df a754bae6f1a04627af4b07292851ad2c d4f72008438441d799b5c7b357853935 - - 5c41aad2933c46f48380ba9f661a8615 5c41aad2933c46f48380ba9f661a8615] 199.204.45.4 "GET /v2.0/networks/a2dd015e-da8c-4d87-aa72-9eb975900fbb?fields=segments HTTP/1.1" status: 200 len: 212 time: 0.0888681
2026-07-15 00:15:15.660 9 INFO neutron.wsgi [None req-7d9c6183-c498-44df-80c1-1d915f29d43f 851b7c2d5e414e4295867e176e51c3f5 d37282b52f0c42eeb9a5de6b4a37b929 - - default default] 10.0.0.217 "GET /v2.0/security-groups?tenant_id=547b756b2b7141f2be8498926e18e214&name=default HTTP/1.1" status: 200 len: 3120 time: 0.5915740
2026-07-15 00:15:15.738 9 INFO neutron.wsgi [req-6ce12709-7f0e-4f2c-8296-e241f8e99c98 req-7d3fe8c9-b727-40fe-956f-d05e4d9ce937 a754bae6f1a04627af4b07292851ad2c d4f72008438441d799b5c7b357853935 - - 5c41aad2933c46f48380ba9f661a8615 5c41aad2933c46f48380ba9f661a8615] 199.204.45.4 "GET /v2.0/networks/a2dd015e-da8c-4d87-aa72-9eb975900fbb?fields=provider%3Aphysical_network&fields=provider%3Anetwork_type HTTP/1.1" status: 200 len: 277 time: 0.1139762
2026-07-15 00:15:15.763 9 INFO neutron.wsgi [req-feb003ad-27b6-447d-bf09-375926088fdf req-c8732401-b289-4d34-a41b-543616f81c50 d373721a75b3488d80253e095454b5db 0b2dcf0264a04a428e23c2eb69b848e4 - - default default] 10.0.0.93 "GET /v2.0/ports?device_id=dfc595dc-48bd-4727-b165-af9c20707ea7 HTTP/1.1" status: 200 len: 1174 time: 0.0698903
2026-07-15 00:15:15.832 9 INFO neutron.wsgi [req-feb003ad-27b6-447d-bf09-375926088fdf req-9809a8e9-7f0f-43d6-965f-9b1888b9565e d373721a75b3488d80253e095454b5db 0b2dcf0264a04a428e23c2eb69b848e4 - - default default] 10.0.0.93 "GET /v2.0/security-groups?id=4dca2a85-8d73-407f-bb58-ce7c9151cdea&fields=id&fields=name HTTP/1.1" status: 200 len: 313 time: 0.0538170
2026-07-15 00:15:15.902 9 INFO neutron.db.ovn_revision_numbers_db [None req-ba97e2e0-8c8a-46c9-aec5-5954db8ceda4 - - - - - -] Successfully bumped revision number for resource e572881f-ffa9-4a8d-a60d-ae3054d4dbdd (type: ports) to 4
2026-07-15 00:15:15.990 10 INFO neutron.services.segments.plugin [-] Segment b51a4282-2065-41aa-9e11-1083528aa6cb resource provider aggregate not found
2026-07-15 00:15:16.000 10 INFO neutron.services.segments.plugin [-] Segment b51a4282-2065-41aa-9e11-1083528aa6cb resource provider aggregate not found
2026-07-15 00:15:16.006 10 INFO neutron.services.segments.plugin [-] Segment b51a4282-2065-41aa-9e11-1083528aa6cb resource provider not found; error: Placement Client Error (4xx): {"errors": [{"status": 404, "title": "Not Found", "detail": "The resource could not be found.\n\n No resource provider with uuid b51a4282-2065-41aa-9e11-1083528aa6cb found for delete ", "request_id": "req-c4a94bf4-815b-49be-b616-68d01ea29f7c"}]}
2026-07-15 00:15:16.018 10 INFO neutron.services.segments.plugin [-] Segment b51a4282-2065-41aa-9e11-1083528aa6cb resource provider not found; error: Placement Client Error (4xx): {"errors": [{"status": 404, "title": "Not Found", "detail": "The resource could not be found.\n\n No resource provider with uuid b51a4282-2065-41aa-9e11-1083528aa6cb found for delete ", "request_id": "req-68d95091-74b7-410c-b85a-04c78965e7a8"}]}
2026-07-15 00:15:16.023 10 INFO neutron.services.segments.plugin [-] Segment a3f877e5-4974-4ab7-afc2-cdf77b828db9 resource provider aggregate not found
2026-07-15 00:15:16.037 10 INFO neutron.services.segments.plugin [-] Segment a3f877e5-4974-4ab7-afc2-cdf77b828db9 resource provider not found; error: Placement Client Error (4xx): {"errors": [{"status": 404, "title": "Not Found", "detail": "The resource could not be found.\n\n No resource provider with uuid a3f877e5-4974-4ab7-afc2-cdf77b828db9 found for delete ", "request_id": "req-2d05cbc8-e0b8-4c2b-95eb-c6e850aed63d"}]}
2026-07-15 00:15:16.037 10 INFO neutron.services.segments.plugin [-] Segment a3f877e5-4974-4ab7-afc2-cdf77b828db9 resource provider aggregate not found
2026-07-15 00:15:16.051 10 INFO neutron.services.segments.plugin [-] Segment a3f877e5-4974-4ab7-afc2-cdf77b828db9 resource provider not found; error: Placement Client Error (4xx): {"errors": [{"status": 404, "title": "Not Found", "detail": "The resource could not be found.\n\n No resource provider with uuid a3f877e5-4974-4ab7-afc2-cdf77b828db9 found for delete ", "request_id": "req-fdc46a11-e258-465a-9859-3c99c7c262eb"}]} /var/lib/openstack/lib/python3.10/site-packages/pycadf/identifier.py:71: UserWarning: Invalid uuid: neutron. To ensure interoperability, identifiers should be a valid uuid. warnings.warn(('Invalid uuid: %s. To ensure interoperability, '
2026-07-15 00:15:16.137 9 INFO neutron.wsgi [None req-7798ee5a-5614-468a-ad37-8a4a5eea5729 851b7c2d5e414e4295867e176e51c3f5 d37282b52f0c42eeb9a5de6b4a37b929 - - default default] 10.0.0.217 "GET /v2.0/security-groups?tenant_id=9accfa95263b4d5e88ff586c87abc6da&name=default HTTP/1.1" status: 200 len: 3120 time: 0.1699655
2026-07-15 00:15:16.185 10 INFO neutron.wsgi [None req-357af6f2-e27b-4919-b3ef-c927f2680acd 851b7c2d5e414e4295867e176e51c3f5 d37282b52f0c42eeb9a5de6b4a37b929 - - default default] 10.0.0.217 "DELETE /v2.0/security-groups/b20e50b0-4f9e-4636-b122-813f8ae435ff HTTP/1.1" status: 204 len: 168 time: 0.5181403
2026-07-15 00:15:16.291 9 INFO neutron.db.ovn_revision_numbers_db [None req-ee7d7c7b-cb74-40b4-a328-aea87add48c0 851b7c2d5e414e4295867e176e51c3f5 d37282b52f0c42eeb9a5de6b4a37b929 - - default default] Successfully bumped revision number for resource ad57930b-ff76-4499-8f2d-ce657400f2cd (type: security_groups) to 1
2026-07-15 00:15:16.311 9 INFO neutron.db.ovn_revision_numbers_db [None req-ee7d7c7b-cb74-40b4-a328-aea87add48c0 851b7c2d5e414e4295867e176e51c3f5 d37282b52f0c42eeb9a5de6b4a37b929 - - default default] Successfully bumped revision number for resource afd61a25-717c-4bc4-9e39-73cfe58cdd26 (type: security_group_rules) to 0
2026-07-15 00:15:16.329 9 INFO neutron.db.ovn_revision_numbers_db [None req-ee7d7c7b-cb74-40b4-a328-aea87add48c0 851b7c2d5e414e4295867e176e51c3f5 d37282b52f0c42eeb9a5de6b4a37b929 - - default default] Successfully bumped revision number for resource c4e8bd55-9572-482a-87f5-4c0a54375693 (type: security_group_rules) to 0
2026-07-15 00:15:16.347 9 INFO neutron.db.ovn_revision_numbers_db [None req-ee7d7c7b-cb74-40b4-a328-aea87add48c0 851b7c2d5e414e4295867e176e51c3f5 d37282b52f0c42eeb9a5de6b4a37b929 - - default default] Successfully bumped revision number for resource c7a2cf96-efa4-4ea1-b9c6-f2b0f29c0940 (type: security_group_rules) to 0
2026-07-15 00:15:16.361 9 INFO neutron.db.ovn_revision_numbers_db [None req-ee7d7c7b-cb74-40b4-a328-aea87add48c0 851b7c2d5e414e4295867e176e51c3f5 d37282b52f0c42eeb9a5de6b4a37b929 - - default default] Successfully bumped revision number for resource d1199d58-ff94-4be0-b63d-0171c8c52e2d (type: security_group_rules) to 0
2026-07-15 00:15:16.382 9 INFO neutron.wsgi [None req-ee7d7c7b-cb74-40b4-a328-aea87add48c0 851b7c2d5e414e4295867e176e51c3f5 d37282b52f0c42eeb9a5de6b4a37b929 - - default default] 10.0.0.217 "GET /v2.0/security-groups?tenant_id=df02e989b2284675a770714ddb9f1b46&name=default HTTP/1.1" status: 200 len: 3120 time: 0.4968550
2026-07-15 00:15:16.418 9 INFO neutron.wsgi [None req-7ca43dfa-f299-443c-a04f-bbab946c6766 851b7c2d5e414e4295867e176e51c3f5 d37282b52f0c42eeb9a5de6b4a37b929 - - default default] 10.0.0.217 "DELETE /v2.0/security-groups/ff4090a7-5ff6-4acc-a9f5-48daa3181afe HTTP/1.1" status: 204 len: 168 time: 0.2742841
2026-07-15 00:15:16.665 10 INFO neutron.wsgi [None req-e1f1482f-15ce-4487-999c-f23aed6b4ce6 851b7c2d5e414e4295867e176e51c3f5 d37282b52f0c42eeb9a5de6b4a37b929 - - default default] 10.0.0.217 "DELETE /v2.0/security-groups/ad57930b-ff76-4499-8f2d-ce657400f2cd HTTP/1.1" status: 204 len: 168 time: 0.2752621
2026-07-15 00:15:16.937 9 INFO neutron.notifiers.nova [-] Nova event matching ['req-a0c5be3b-6dc8-4a6b-9c63-8732c3181a79'] response: {'server_uuid': 'dfc595dc-48bd-4727-b165-af9c20707ea7', 'name': 'network-vif-plugged', 'status': 'completed', 'tag': 'e572881f-ffa9-4a8d-a60d-ae3054d4dbdd', 'code': 200}
2026-07-15 00:15:16.938 9 INFO neutron.notifiers.nova [-] Nova event matching ['req-a0c5be3b-6dc8-4a6b-9c63-8732c3181a79'] response: {'server_uuid': 'dfc595dc-48bd-4727-b165-af9c20707ea7', 'name': 'network-vif-plugged', 'status': 'completed', 'tag': 'e572881f-ffa9-4a8d-a60d-ae3054d4dbdd', 'code': 200}
2026-07-15 00:15:16.957 10 INFO neutron.wsgi [None req-19a42886-d469-4069-a648-6b975f369abf 851b7c2d5e414e4295867e176e51c3f5 d37282b52f0c42eeb9a5de6b4a37b929 - - default default] 10.0.0.217 "GET /v2.0/security-groups?tenant_id=e2fe6645e3d0431d8bfd296318eaec5b&name=default HTTP/1.1" status: 200 len: 3120 time: 0.0437670
2026-07-15 00:15:17.080 10 INFO neutron.wsgi [req-2d2928e2-4b1e-44f8-af03-b9dab17ee621 req-3339cd5d-17e7-43ea-87cb-b9c24aa07157 d373721a75b3488d80253e095454b5db 0b2dcf0264a04a428e23c2eb69b848e4 - - default default] 10.0.0.93 "GET /v2.0/ports?device_id=dfc595dc-48bd-4727-b165-af9c20707ea7 HTTP/1.1" status: 200 len: 1174 time: 0.1355548
2026-07-15 00:15:17.161 10 INFO neutron.wsgi [req-2d2928e2-4b1e-44f8-af03-b9dab17ee621 req-06940d3d-813c-4db8-b7f6-e00e8c436086 d373721a75b3488d80253e095454b5db 0b2dcf0264a04a428e23c2eb69b848e4 - - default default] 10.0.0.93 "GET /v2.0/security-groups?id=4dca2a85-8d73-407f-bb58-ce7c9151cdea&fields=id&fields=name HTTP/1.1" status: 200 len: 313 time: 0.0675654
2026-07-15 00:15:17.229 9 INFO neutron.wsgi [None req-f1ffa36f-93a2-4c0b-be41-150fd718c13f 851b7c2d5e414e4295867e176e51c3f5 d37282b52f0c42eeb9a5de6b4a37b929 - - default default] 10.0.0.217 "DELETE /v2.0/security-groups/5b6c3aa5-4d28-4c7a-8e35-d3574308a84e HTTP/1.1" status: 204 len: 168 time: 0.2580934
2026-07-15 00:15:18.311 9 INFO neutron.wsgi [req-5b7812cb-d65f-4a6f-a434-06e439beeba8 req-19fc9c65-3038-41aa-8a65-6a15dddc29eb d373721a75b3488d80253e095454b5db 0b2dcf0264a04a428e23c2eb69b848e4 - - default default] 10.0.0.93 "GET /v2.0/ports?device_id=dfc595dc-48bd-4727-b165-af9c20707ea7 HTTP/1.1" status: 200 len: 1174 time: 0.0778012
2026-07-15 00:15:18.353 9 INFO neutron.wsgi [req-5b7812cb-d65f-4a6f-a434-06e439beeba8 req-75e22908-67a6-4178-871e-ebe11309363f d373721a75b3488d80253e095454b5db 0b2dcf0264a04a428e23c2eb69b848e4 - - default default] 10.0.0.93 "GET /v2.0/security-groups?id=4dca2a85-8d73-407f-bb58-ce7c9151cdea&fields=id&fields=name HTTP/1.1" status: 200 len: 313 time: 0.0379527
2026-07-15 00:15:18.470 10 INFO neutron.wsgi [req-105a1c22-18f0-44b0-985c-de9ed81588a6 req-64162aec-7a14-4f34-914e-fd099b23feb3 d373721a75b3488d80253e095454b5db 0b2dcf0264a04a428e23c2eb69b848e4 - - default default] 10.0.0.93 "GET /v2.0/ports?device_id=dfc595dc-48bd-4727-b165-af9c20707ea7 HTTP/1.1" status: 200 len: 1174 time: 0.0468414
2026-07-15 00:15:18.546 10 INFO neutron.wsgi [req-105a1c22-18f0-44b0-985c-de9ed81588a6 req-6af66914-29e5-45d7-91ea-97e357e388d3 d373721a75b3488d80253e095454b5db 0b2dcf0264a04a428e23c2eb69b848e4 - - default default] 10.0.0.93 "GET /v2.0/security-groups?id=4dca2a85-8d73-407f-bb58-ce7c9151cdea&fields=id&fields=name HTTP/1.1" status: 200 len: 313 time: 0.0666509
2026-07-15 00:15:18.635 9 WARNING neutron_lib.context [None req-142b221b-23c8-4529-b35f-091f1ac0df29 cb2605c50025453c9c1cfd215abc4dd8 c78a775254aa43abb3f65d95632a1065 - - default default] Method 'is_advsvc' is deprecated since 2023.2 release (neutron-lib 3.8.0) and will be removed once support for the old RBAC API policies will be removed from Neutron. Please use method 'is_service_role' instead.
2026-07-15 00:15:18.645 9 INFO neutron.wsgi [None req-4066bbf2-5c2e-434d-8e56-545db4c518dc 5d7cd0f1ac354bf8ab03e4fb6ec76bde 1618d24fa45e4c72b643596ea0999fb9 - - default default] 10.0.0.217 "GET /v2.0/ports?device_id=dfc595dc-48bd-4727-b165-af9c20707ea7 HTTP/1.1" status: 200 len: 1408 time: 0.0666006
2026-07-15 00:15:18.814 9 INFO neutron.db.ovn_revision_numbers_db [None req-142b221b-23c8-4529-b35f-091f1ac0df29 cb2605c50025453c9c1cfd215abc4dd8 c78a775254aa43abb3f65d95632a1065 - - default default] Successfully bumped revision number for resource 23e7efe8-e9c0-4e27-9412-fd98b789688a (type: security_groups) to 1
2026-07-15 00:15:18.827 9 INFO neutron.db.ovn_revision_numbers_db [None req-142b221b-23c8-4529-b35f-091f1ac0df29 cb2605c50025453c9c1cfd215abc4dd8 c78a775254aa43abb3f65d95632a1065 - - default default] Successfully bumped revision number for resource 294e145c-a7c1-4785-ad7e-3b3ed10cec21 (type: security_group_rules) to 0
2026-07-15 00:15:18.842 9 INFO neutron.db.ovn_revision_numbers_db [None req-142b221b-23c8-4529-b35f-091f1ac0df29 cb2605c50025453c9c1cfd215abc4dd8 c78a775254aa43abb3f65d95632a1065 - - default default] Successfully bumped revision number for resource 5e784174-438c-40f3-8e9c-54c90e903f95 (type: security_group_rules) to 0
2026-07-15 00:15:18.858 9 INFO neutron.db.ovn_revision_numbers_db [None req-142b221b-23c8-4529-b35f-091f1ac0df29 cb2605c50025453c9c1cfd215abc4dd8 c78a775254aa43abb3f65d95632a1065 - - default default] Successfully bumped revision number for resource 8c75d73e-4c96-44a6-a320-4f4632ccc3d3 (type: security_group_rules) to 0
2026-07-15 00:15:18.873 9 INFO neutron.db.ovn_revision_numbers_db [None req-142b221b-23c8-4529-b35f-091f1ac0df29 cb2605c50025453c9c1cfd215abc4dd8 c78a775254aa43abb3f65d95632a1065 - - default default] Successfully bumped revision number for resource b3070365-c0fa-4aa2-a7a5-e83aea494553 (type: security_group_rules) to 0
2026-07-15 00:15:18.935 9 INFO neutron.db.segments_db [None req-142b221b-23c8-4529-b35f-091f1ac0df29 cb2605c50025453c9c1cfd215abc4dd8 c78a775254aa43abb3f65d95632a1065 - - default default] Added segment d4b9e06a-e9f5-4173-84dc-b6b376302bf8 of type geneve for network 160a1aa0-f66c-4ddd-8364-c966f88b4ef1
2026-07-15 00:15:19.090 9 INFO neutron.db.ovn_revision_numbers_db [None req-142b221b-23c8-4529-b35f-091f1ac0df29 cb2605c50025453c9c1cfd215abc4dd8 c78a775254aa43abb3f65d95632a1065 - - default default] Successfully bumped revision number for resource 160a1aa0-f66c-4ddd-8364-c966f88b4ef1 (type: networks) to 1
2026-07-15 00:15:19.281 10 INFO neutron.db.ovn_revision_numbers_db [None req-32934942-fc85-4f30-a200-b61bc1d2573d d373721a75b3488d80253e095454b5db 0b2dcf0264a04a428e23c2eb69b848e4 - - default default] Successfully bumped revision number for resource b78342ef-a0cf-4cbc-8cce-fdbb991bbc67 (type: floatingips) to 4
2026-07-15 00:15:19.325 9 WARNING neutron.scheduler.dhcp_agent_scheduler [None req-142b221b-23c8-4529-b35f-091f1ac0df29 cb2605c50025453c9c1cfd215abc4dd8 c78a775254aa43abb3f65d95632a1065 - - default default] No more DHCP agents
2026-07-15 00:15:19.327 9 WARNING neutron.api.rpc.agentnotifiers.dhcp_rpc_agent_api [None req-142b221b-23c8-4529-b35f-091f1ac0df29 cb2605c50025453c9c1cfd215abc4dd8 c78a775254aa43abb3f65d95632a1065 - - default default] Unable to schedule network 160a1aa0-f66c-4ddd-8364-c966f88b4ef1: no agents available; will retry on subsequent port and subnet creation events.
2026-07-15 00:15:19.394 10 INFO neutron.db.ovn_revision_numbers_db [None req-32934942-fc85-4f30-a200-b61bc1d2573d d373721a75b3488d80253e095454b5db 0b2dcf0264a04a428e23c2eb69b848e4 - - default default] Successfully bumped revision number for resource b78342ef-a0cf-4cbc-8cce-fdbb991bbc67 (type: floatingips) to 5
2026-07-15 00:15:19.394 10 INFO neutron.db.l3_db [None req-32934942-fc85-4f30-a200-b61bc1d2573d d373721a75b3488d80253e095454b5db 0b2dcf0264a04a428e23c2eb69b848e4 - - default default] Floating IP b78342ef-a0cf-4cbc-8cce-fdbb991bbc67 associated. External IP: 10.96.250.206, port: e572881f-ffa9-4a8d-a60d-ae3054d4dbdd.
2026-07-15 00:15:19.410 9 INFO neutron.db.ovn_revision_numbers_db [None req-142b221b-23c8-4529-b35f-091f1ac0df29 cb2605c50025453c9c1cfd215abc4dd8 c78a775254aa43abb3f65d95632a1065 - - default default] Successfully bumped revision number for resource 039c0606-91c0-49b5-aae3-28beed3ca753 (type: ports) to 1
2026-07-15 00:15:19.423 10 INFO neutron.wsgi [None req-32934942-fc85-4f30-a200-b61bc1d2573d d373721a75b3488d80253e095454b5db 0b2dcf0264a04a428e23c2eb69b848e4 - - default default] 10.0.0.217 "PUT /v2.0/floatingips/b78342ef-a0cf-4cbc-8cce-fdbb991bbc67 HTTP/1.1" status: 200 len: 1050 time: 0.7714791 /var/lib/openstack/lib/python3.10/site-packages/pycadf/identifier.py:71: UserWarning: Invalid uuid: neutron. To ensure interoperability, identifiers should be a valid uuid. warnings.warn(('Invalid uuid: %s. To ensure interoperability, '
2026-07-15 00:15:19.451 9 INFO neutron.wsgi [None req-142b221b-23c8-4529-b35f-091f1ac0df29 cb2605c50025453c9c1cfd215abc4dd8 c78a775254aa43abb3f65d95632a1065 - - default default] 10.0.0.217 "POST /v2.0/networks HTTP/1.1" status: 201 len: 842 time: 1.0029449
2026-07-15 00:15:19.466 9 INFO neutron.wsgi [None req-2ee094d8-2944-4bf2-884f-b7c09a816ff1 d373721a75b3488d80253e095454b5db 0b2dcf0264a04a428e23c2eb69b848e4 - - default default] 10.0.0.217 "GET /v2.0/floatingips/b78342ef-a0cf-4cbc-8cce-fdbb991bbc67 HTTP/1.1" status: 200 len: 1052 time: 0.0386436
2026-07-15 00:15:19.477 10 INFO neutron.notifiers.nova [-] Nova event matching ['req-48ea01ec-6f4a-440b-8f00-2d5320fe0385'] response: {'name': 'network-changed', 'server_uuid': 'dfc595dc-48bd-4727-b165-af9c20707ea7', 'tag': 'e572881f-ffa9-4a8d-a60d-ae3054d4dbdd', 'status': 'completed', 'code': 200}
2026-07-15 00:15:19.490 9 WARNING neutron_lib.context [None req-8aa4c99d-56ff-4eca-be45-4da7eb63fa5a cb2605c50025453c9c1cfd215abc4dd8 c78a775254aa43abb3f65d95632a1065 - - default default] Method 'is_advsvc' is deprecated since 2023.2 release (neutron-lib 3.8.0) and will be removed once support for the old RBAC API policies will be removed from Neutron. Please use method 'is_service_role' instead.
2026-07-15 00:15:19.552 9 INFO neutron.wsgi [req-29a5edeb-b4b3-4e1d-9967-b61e73d65940 req-b02ec74f-23ae-4f75-b9b2-596bc6552db7 a754bae6f1a04627af4b07292851ad2c d4f72008438441d799b5c7b357853935 - - 5c41aad2933c46f48380ba9f661a8615 5c41aad2933c46f48380ba9f661a8615] 199.204.45.4 "GET /v2.0/ports?tenant_id=0b2dcf0264a04a428e23c2eb69b848e4&device_id=dfc595dc-48bd-4727-b165-af9c20707ea7 HTTP/1.1" status: 200 len: 1413 time: 0.0491984
2026-07-15 00:15:19.657 9 INFO neutron.wsgi [req-29a5edeb-b4b3-4e1d-9967-b61e73d65940 req-ae8583fa-61b9-49c2-b233-28856a0f6b1f a754bae6f1a04627af4b07292851ad2c d4f72008438441d799b5c7b357853935 - - 5c41aad2933c46f48380ba9f661a8615 5c41aad2933c46f48380ba9f661a8615] 199.204.45.4 "GET /v2.0/networks?id=a2dd015e-da8c-4d87-aa72-9eb975900fbb HTTP/1.1" status: 200 len: 957 time: 0.0974500
2026-07-15 00:15:19.723 9 INFO neutron.wsgi [req-29a5edeb-b4b3-4e1d-9967-b61e73d65940 req-5e90d9b0-20be-4cc3-b6d7-e68cc3032dc2 a754bae6f1a04627af4b07292851ad2c d4f72008438441d799b5c7b357853935 - - 5c41aad2933c46f48380ba9f661a8615 5c41aad2933c46f48380ba9f661a8615] 199.204.45.4 "GET /v2.0/floatingips?fixed_ip_address=10.100.0.11&port_id=e572881f-ffa9-4a8d-a60d-ae3054d4dbdd HTTP/1.1" status: 200 len: 1060 time: 0.0598459
2026-07-15 00:15:19.779 9 INFO neutron.wsgi [req-29a5edeb-b4b3-4e1d-9967-b61e73d65940 req-bc220a69-a350-44ab-9b09-6d5caf887e45 a754bae6f1a04627af4b07292851ad2c d4f72008438441d799b5c7b357853935 - - 5c41aad2933c46f48380ba9f661a8615 5c41aad2933c46f48380ba9f661a8615] 199.204.45.4 "GET /v2.0/subnets?id=8baebe3e-ea9d-4daf-bb2c-2592bd5df9c4 HTTP/1.1" status: 200 len: 853 time: 0.0453694
2026-07-15 00:15:19.818 9 INFO neutron.wsgi [req-29a5edeb-b4b3-4e1d-9967-b61e73d65940 req-d63f40fd-0375-413d-b3f8-e4ec9a922f18 a754bae6f1a04627af4b07292851ad2c d4f72008438441d799b5c7b357853935 - - 5c41aad2933c46f48380ba9f661a8615 5c41aad2933c46f48380ba9f661a8615] 199.204.45.4 "GET /v2.0/ports?network_id=a2dd015e-da8c-4d87-aa72-9eb975900fbb&device_owner=network%3Adhcp HTTP/1.1" status: 200 len: 210 time: 0.0306373
2026-07-15 00:15:19.829 9 WARNING neutron.scheduler.dhcp_agent_scheduler [None req-8aa4c99d-56ff-4eca-be45-4da7eb63fa5a cb2605c50025453c9c1cfd215abc4dd8 c78a775254aa43abb3f65d95632a1065 - - default default] No more DHCP agents
2026-07-15 00:15:19.832 9 WARNING neutron.api.rpc.agentnotifiers.dhcp_rpc_agent_api [None req-8aa4c99d-56ff-4eca-be45-4da7eb63fa5a cb2605c50025453c9c1cfd215abc4dd8 c78a775254aa43abb3f65d95632a1065 - - default default] Unable to schedule network 160a1aa0-f66c-4ddd-8364-c966f88b4ef1: no agents available; will retry on subsequent port and subnet creation events.
2026-07-15 00:15:19.899 9 INFO neutron.wsgi [req-29a5edeb-b4b3-4e1d-9967-b61e73d65940 req-b85ef666-072b-4fd0-b441-bf157194af9e a754bae6f1a04627af4b07292851ad2c d4f72008438441d799b5c7b357853935 - - 5c41aad2933c46f48380ba9f661a8615 5c41aad2933c46f48380ba9f661a8615] 199.204.45.4 "GET /v2.0/networks/a2dd015e-da8c-4d87-aa72-9eb975900fbb?fields=segments HTTP/1.1" status: 200 len: 212 time: 0.0700521
2026-07-15 00:15:19.973 9 INFO neutron.wsgi [req-29a5edeb-b4b3-4e1d-9967-b61e73d65940 req-420807e0-7dd7-492b-98f5-25153383c8be a754bae6f1a04627af4b07292851ad2c d4f72008438441d799b5c7b357853935 - - 5c41aad2933c46f48380ba9f661a8615 5c41aad2933c46f48380ba9f661a8615] 199.204.45.4 "GET /v2.0/networks/a2dd015e-da8c-4d87-aa72-9eb975900fbb?fields=provider%3Aphysical_network&fields=provider%3Anetwork_type HTTP/1.1" status: 200 len: 277 time: 0.0644042
2026-07-15 00:15:20.389 9 INFO neutron.db.ovn_revision_numbers_db [None req-8aa4c99d-56ff-4eca-be45-4da7eb63fa5a cb2605c50025453c9c1cfd215abc4dd8 c78a775254aa43abb3f65d95632a1065 - - default default] Successfully bumped revision number for resource 039c0606-91c0-49b5-aae3-28beed3ca753 (type: ports) to 2
2026-07-15 00:15:20.417 9 INFO neutron.db.ovn_revision_numbers_db [None req-8aa4c99d-56ff-4eca-be45-4da7eb63fa5a cb2605c50025453c9c1cfd215abc4dd8 c78a775254aa43abb3f65d95632a1065 - - default default] Successfully bumped revision number for resource e26ef9e2-1998-4ffa-8d6d-9a16eb247773 (type: subnets) to 0
2026-07-15 00:15:20.433 9 INFO neutron.wsgi [None req-8aa4c99d-56ff-4eca-be45-4da7eb63fa5a cb2605c50025453c9c1cfd215abc4dd8 c78a775254aa43abb3f65d95632a1065 - - default default] 10.0.0.217 "POST /v2.0/subnets HTTP/1.1" status: 201 len: 816 time: 0.9499133
2026-07-15 00:15:20.446 9 WARNING neutron_lib.context [None req-b620042f-0bdb-4f2d-ad01-ffd0228d8a5f cb2605c50025453c9c1cfd215abc4dd8 c78a775254aa43abb3f65d95632a1065 - - default default] Method 'is_advsvc' is deprecated since 2023.2 release (neutron-lib 3.8.0) and will be removed once support for the old RBAC API policies will be removed from Neutron. Please use method 'is_service_role' instead.
2026-07-15 00:15:20.543 9 INFO neutron.db.segments_db [None req-b620042f-0bdb-4f2d-ad01-ffd0228d8a5f cb2605c50025453c9c1cfd215abc4dd8 c78a775254aa43abb3f65d95632a1065 - - default default] Added segment 848f201d-d479-43fb-9047-c5a5c9ec6601 of type geneve for network b20261fc-6586-4761-bca2-3324eca9578f
2026-07-15 00:15:20.689 9 INFO neutron.db.ovn_revision_numbers_db [None req-b620042f-0bdb-4f2d-ad01-ffd0228d8a5f cb2605c50025453c9c1cfd215abc4dd8 c78a775254aa43abb3f65d95632a1065 - - default default] Successfully bumped revision number for resource b20261fc-6586-4761-bca2-3324eca9578f (type: networks) to 1
2026-07-15 00:15:20.718 9 WARNING neutron_lib.context [None req-f751aba0-c49d-4711-8d69-cfdd4ade2ef7 9c54ee6d42614081b47572d625e87658 0485b2aa601f405bb87ecc7acf2f11f4 - - default default] Method 'is_advsvc' is deprecated since 2023.2 release (neutron-lib 3.8.0) and will be removed once support for the old RBAC API policies will be removed from Neutron. Please use method 'is_service_role' instead.
2026-07-15 00:15:20.911 9 WARNING neutron.scheduler.dhcp_agent_scheduler [None req-b620042f-0bdb-4f2d-ad01-ffd0228d8a5f cb2605c50025453c9c1cfd215abc4dd8 c78a775254aa43abb3f65d95632a1065 - - default default] No more DHCP agents
2026-07-15 00:15:20.915 9 WARNING neutron.api.rpc.agentnotifiers.dhcp_rpc_agent_api [None req-b620042f-0bdb-4f2d-ad01-ffd0228d8a5f cb2605c50025453c9c1cfd215abc4dd8 c78a775254aa43abb3f65d95632a1065 - - default default] Unable to schedule network b20261fc-6586-4761-bca2-3324eca9578f: no agents available; will retry on subsequent port and subnet creation events.
2026-07-15 00:15:20.930 9 INFO neutron.db.ovn_revision_numbers_db [None req-f751aba0-c49d-4711-8d69-cfdd4ade2ef7 9c54ee6d42614081b47572d625e87658 0485b2aa601f405bb87ecc7acf2f11f4 - - default default] Successfully bumped revision number for resource cfdb3fc3-bf06-4623-a539-3d39ddcce20f (type: security_groups) to 1
2026-07-15 00:15:20.955 9 INFO neutron.db.ovn_revision_numbers_db [None req-f751aba0-c49d-4711-8d69-cfdd4ade2ef7 9c54ee6d42614081b47572d625e87658 0485b2aa601f405bb87ecc7acf2f11f4 - - default default] Successfully bumped revision number for resource 30adc999-f17f-4b92-ab75-d7c1ca02c01d (type: security_group_rules) to 0
2026-07-15 00:15:20.974 9 INFO neutron.db.ovn_revision_numbers_db [None req-f751aba0-c49d-4711-8d69-cfdd4ade2ef7 9c54ee6d42614081b47572d625e87658 0485b2aa601f405bb87ecc7acf2f11f4 - - default default] Successfully bumped revision number for resource a0e6bfad-4954-49b9-a4e2-ea216cb4fc6b (type: security_group_rules) to 0
2026-07-15 00:15:20.997 9 INFO neutron.db.ovn_revision_numbers_db [None req-f751aba0-c49d-4711-8d69-cfdd4ade2ef7 9c54ee6d42614081b47572d625e87658 0485b2aa601f405bb87ecc7acf2f11f4 - - default default] Successfully bumped revision number for resource ce5641c6-46a0-43a9-a8d5-d69e1a2d6f43 (type: security_group_rules) to 0
2026-07-15 00:15:21.012 9 INFO neutron.db.ovn_revision_numbers_db [None req-b620042f-0bdb-4f2d-ad01-ffd0228d8a5f cb2605c50025453c9c1cfd215abc4dd8 c78a775254aa43abb3f65d95632a1065 - - default default] Successfully bumped revision number for resource 8c0ecf3f-9d16-4501-bedf-1bad47d448a4 (type: ports) to 1
2026-07-15 00:15:21.015 9 INFO neutron.db.ovn_revision_numbers_db [None req-f751aba0-c49d-4711-8d69-cfdd4ade2ef7 9c54ee6d42614081b47572d625e87658 0485b2aa601f405bb87ecc7acf2f11f4 - - default default] Successfully bumped revision number for resource e94479ec-7ef9-42ae-84c6-90bdfa836826 (type: security_group_rules) to 0
2026-07-15 00:15:21.046 9 INFO neutron.wsgi [None req-b620042f-0bdb-4f2d-ad01-ffd0228d8a5f cb2605c50025453c9c1cfd215abc4dd8 c78a775254aa43abb3f65d95632a1065 - - default default] 10.0.0.217 "POST /v2.0/networks HTTP/1.1" status: 201 len: 843 time: 0.6057258
2026-07-15 00:15:21.078 9 INFO neutron.db.segments_db [None req-f751aba0-c49d-4711-8d69-cfdd4ade2ef7 9c54ee6d42614081b47572d625e87658 0485b2aa601f405bb87ecc7acf2f11f4 - - default default] Added segment 325a189d-9975-4527-883d-76a92b65a8f8 of type geneve for network 2f1829a4-1c2f-4578-86f6-c64a0766dfe5
2026-07-15 00:15:21.244 10 INFO neutron.db.ovn_revision_numbers_db [None req-4846d47b-8e88-4908-bd11-21a0d4da3a83 cb2605c50025453c9c1cfd215abc4dd8 c78a775254aa43abb3f65d95632a1065 - - default default] Successfully bumped revision number for resource b20261fc-6586-4761-bca2-3324eca9578f (type: networks) to 2
2026-07-15 00:15:21.249 10 INFO neutron.wsgi [None req-4846d47b-8e88-4908-bd11-21a0d4da3a83 cb2605c50025453c9c1cfd215abc4dd8 c78a775254aa43abb3f65d95632a1065 - - default default] 10.0.0.217 "PUT /v2.0/networks/b20261fc-6586-4761-bca2-3324eca9578f HTTP/1.1" status: 200 len: 792 time: 0.1960835
2026-07-15 00:15:21.258 10 WARNING neutron_lib.context [None req-90f4f08b-d5ca-4c61-a327-c3c8956978d7 cb2605c50025453c9c1cfd215abc4dd8 c78a775254aa43abb3f65d95632a1065 - - default default] Method 'is_advsvc' is deprecated since 2023.2 release (neutron-lib 3.8.0) and will be removed once support for the old RBAC API policies will be removed from Neutron. Please use method 'is_service_role' instead.
2026-07-15 00:15:21.480 9 INFO neutron.db.ovn_revision_numbers_db [None req-f751aba0-c49d-4711-8d69-cfdd4ade2ef7 9c54ee6d42614081b47572d625e87658 0485b2aa601f405bb87ecc7acf2f11f4 - - default default] Successfully bumped revision number for resource 2f1829a4-1c2f-4578-86f6-c64a0766dfe5 (type: networks) to 1
2026-07-15 00:15:21.484 10 WARNING neutron.scheduler.dhcp_agent_scheduler [None req-90f4f08b-d5ca-4c61-a327-c3c8956978d7 cb2605c50025453c9c1cfd215abc4dd8 c78a775254aa43abb3f65d95632a1065 - - default default] No more DHCP agents
2026-07-15 00:15:21.486 10 WARNING neutron.api.rpc.agentnotifiers.dhcp_rpc_agent_api [None req-90f4f08b-d5ca-4c61-a327-c3c8956978d7 cb2605c50025453c9c1cfd215abc4dd8 c78a775254aa43abb3f65d95632a1065 - - default default] Unable to schedule network b20261fc-6586-4761-bca2-3324eca9578f: no agents available; will retry on subsequent port and subnet creation events.
2026-07-15 00:15:21.691 9 WARNING neutron.scheduler.dhcp_agent_scheduler [None req-f751aba0-c49d-4711-8d69-cfdd4ade2ef7 9c54ee6d42614081b47572d625e87658 0485b2aa601f405bb87ecc7acf2f11f4 - - default default] No more DHCP agents
2026-07-15 00:15:21.697 9 WARNING neutron.api.rpc.agentnotifiers.dhcp_rpc_agent_api [None req-f751aba0-c49d-4711-8d69-cfdd4ade2ef7 9c54ee6d42614081b47572d625e87658 0485b2aa601f405bb87ecc7acf2f11f4 - - default default] Unable to schedule network 2f1829a4-1c2f-4578-86f6-c64a0766dfe5: no agents available; will retry on subsequent port and subnet creation events.
2026-07-15 00:15:21.812 9 INFO neutron.db.ovn_revision_numbers_db [None req-f751aba0-c49d-4711-8d69-cfdd4ade2ef7 9c54ee6d42614081b47572d625e87658 0485b2aa601f405bb87ecc7acf2f11f4 - - default default] Successfully bumped revision number for resource a7a423df-d745-4cce-8111-c3bb309a9494 (type: ports) to 1
2026-07-15 00:15:21.840 9 INFO neutron.wsgi [None req-f751aba0-c49d-4711-8d69-cfdd4ade2ef7 9c54ee6d42614081b47572d625e87658 0485b2aa601f405bb87ecc7acf2f11f4 - - default default] 10.0.0.217 "POST /v2.0/networks HTTP/1.1" status: 201 len: 831 time: 1.2717607
2026-07-15 00:15:21.851 9 WARNING neutron_lib.context [None req-24e30af0-04f3-46e8-adac-de1dacf97e1f 9c54ee6d42614081b47572d625e87658 0485b2aa601f405bb87ecc7acf2f11f4 - - default default] Method 'is_advsvc' is deprecated since 2023.2 release (neutron-lib 3.8.0) and will be removed once support for the old RBAC API policies will be removed from Neutron. Please use method 'is_service_role' instead.
