2026-07-15 00:15:33.094 9 ERROR ovsdbapp.backend.ovs_idl.command [None req-c919b010-9f2f-4e12-8f8c-319cc828160e 0869261180e7469a9cd4f2ae3e49bc8e 030afebcd17444e4a8d86a5550356350 - - default default] Error executing command (DbGetCommand): ovsdbapp.backend.ovs_idl.idlutils.RowNotFound: Cannot find Logical_Router_Port with name=lrp-e1aea9e1-0acc-4c96-a9d2-e0cb0bb47eea
2026-07-15 00:15:33.094 9 ERROR ovsdbapp.backend.ovs_idl.command
Traceback (most recent call last):
2026-07-15 00:15:33.094 9 ERROR ovsdbapp.backend.ovs_idl.command
File "/var/lib/openstack/lib/python3.10/site-packages/ovsdbapp/backend/ovs_idl/command.py", line 47, in execute
2026-07-15 00:15:33.094 9 ERROR ovsdbapp.backend.ovs_idl.command self.run_idl(None)
2026-07-15 00:15:33.094 9 ERROR ovsdbapp.backend.ovs_idl.command
File "/var/lib/openstack/lib/python3.10/site-packages/ovsdbapp/backend/ovs_idl/command.py", line 235, in run_idl
2026-07-15 00:15:33.094 9 ERROR ovsdbapp.backend.ovs_idl.command record = self.api.lookup(self.table, self.record)
2026-07-15 00:15:33.094 9 ERROR ovsdbapp.backend.ovs_idl.command
File "/var/lib/openstack/lib/python3.10/site-packages/ovsdbapp/backend/ovs_idl/__init__.py", line 184, in lookup
2026-07-15 00:15:33.094 9 ERROR ovsdbapp.backend.ovs_idl.command return self._lookup(table, record)
2026-07-15 00:15:33.094 9 ERROR ovsdbapp.backend.ovs_idl.command
File "/var/lib/openstack/lib/python3.10/site-packages/ovsdbapp/backend/ovs_idl/__init__.py", line 235, in _lookup
2026-07-15 00:15:33.094 9 ERROR ovsdbapp.backend.ovs_idl.command row = idlutils.row_by_value(self, rl.table, rl.column, record)
2026-07-15 00:15:33.094 9 ERROR ovsdbapp.backend.ovs_idl.command
File "/var/lib/openstack/lib/python3.10/site-packages/ovsdbapp/backend/ovs_idl/idlutils.py", line 114, in row_by_value
2026-07-15 00:15:33.094 9 ERROR ovsdbapp.backend.ovs_idl.command raise RowNotFound(table=table, col=column, match=match)
2026-07-15 00:15:33.094 9 ERROR ovsdbapp.backend.ovs_idl.command ovsdbapp.backend.ovs_idl.idlutils.RowNotFound: Cannot find Logical_Router_Port with name=lrp-e1aea9e1-0acc-4c96-a9d2-e0cb0bb47eea
2026-07-15 00:15:33.094 9 ERROR ovsdbapp.backend.ovs_idl.command 
2026-07-15 00:15:33.095 9 ERROR neutron_lib.callbacks.manager [None req-c919b010-9f2f-4e12-8f8c-319cc828160e 0869261180e7469a9cd4f2ae3e49bc8e 030afebcd17444e4a8d86a5550356350 - - default default] Error during notification for neutron.services.ovn_l3.plugin.OVNL3RouterPlugin._port_update-8771991230173 port, after_update: ovsdbapp.backend.ovs_idl.idlutils.RowNotFound: Cannot find Logical_Router_Port with name=lrp-e1aea9e1-0acc-4c96-a9d2-e0cb0bb47eea
2026-07-15 00:15:33.095 9 ERROR neutron_lib.callbacks.manager
Traceback (most recent call last):
2026-07-15 00:15:33.095 9 ERROR neutron_lib.callbacks.manager
File "/var/lib/openstack/lib/python3.10/site-packages/neutron_lib/callbacks/manager.py", line 189, in _notify_loop
2026-07-15 00:15:33.095 9 ERROR neutron_lib.callbacks.manager callback.method(resource, event, trigger, payload=payload)
2026-07-15 00:15:33.095 9 ERROR neutron_lib.callbacks.manager
File "/var/lib/openstack/lib/python3.10/site-packages/neutron/services/ovn_l3/plugin.py", line 391, in _port_update
2026-07-15 00:15:33.095 9 ERROR neutron_lib.callbacks.manager l3plugin._ovn_client.update_router_port(context,
2026-07-15 00:15:33.095 9 ERROR neutron_lib.callbacks.manager
File "/var/lib/openstack/lib/python3.10/site-packages/neutron/plugins/ml2/drivers/ovn/mech_driver/ovsdb/ovn_client.py", line 1878, in update_router_port
2026-07-15 00:15:33.095 9 ERROR neutron_lib.callbacks.manager self._update_lrouter_port(context, port, if_exists=if_exists,
2026-07-15 00:15:33.095 9 ERROR neutron_lib.callbacks.manager
File "/var/lib/openstack/lib/python3.10/site-packages/neutron/plugins/ml2/drivers/ovn/mech_driver/ovsdb/ovn_client.py", line 1855, in _update_lrouter_port
2026-07-15 00:15:33.095 9 ERROR neutron_lib.callbacks.manager external_ids = self._nb_idl.db_get(
2026-07-15 00:15:33.095 9 ERROR neutron_lib.callbacks.manager
File "/var/lib/openstack/lib/python3.10/site-packages/ovsdbapp/backend/ovs_idl/command.py", line 47, in execute
2026-07-15 00:15:33.095 9 ERROR neutron_lib.callbacks.manager self.run_idl(None)
2026-07-15 00:15:33.095 9 ERROR neutron_lib.callbacks.manager
File "/var/lib/openstack/lib/python3.10/site-packages/ovsdbapp/backend/ovs_idl/command.py", line 235, in run_idl
2026-07-15 00:15:33.095 9 ERROR neutron_lib.callbacks.manager record = self.api.lookup(self.table, self.record)
2026-07-15 00:15:33.095 9 ERROR neutron_lib.callbacks.manager
File "/var/lib/openstack/lib/python3.10/site-packages/ovsdbapp/backend/ovs_idl/__init__.py", line 184, in lookup
2026-07-15 00:15:33.095 9 ERROR neutron_lib.callbacks.manager return self._lookup(table, record)
2026-07-15 00:15:33.095 9 ERROR neutron_lib.callbacks.manager
File "/var/lib/openstack/lib/python3.10/site-packages/ovsdbapp/backend/ovs_idl/__init__.py", line 235, in _lookup
2026-07-15 00:15:33.095 9 ERROR neutron_lib.callbacks.manager row = idlutils.row_by_value(self, rl.table, rl.column, record)
2026-07-15 00:15:33.095 9 ERROR neutron_lib.callbacks.manager
File "/var/lib/openstack/lib/python3.10/site-packages/ovsdbapp/backend/ovs_idl/idlutils.py", line 114, in row_by_value
2026-07-15 00:15:33.095 9 ERROR neutron_lib.callbacks.manager raise RowNotFound(table=table, col=column, match=match)
2026-07-15 00:15:33.095 9 ERROR neutron_lib.callbacks.manager ovsdbapp.backend.ovs_idl.idlutils.RowNotFound: Cannot find Logical_Router_Port with name=lrp-e1aea9e1-0acc-4c96-a9d2-e0cb0bb47eea
2026-07-15 00:15:33.095 9 ERROR neutron_lib.callbacks.manager 
2026-07-15 00:15:33.348 10 INFO neutron.plugins.ml2.drivers.ovn.mech_driver.mech_driver [None req-54af771d-6cd2-404c-b450-159907c9d9b0 - - - - - -] OVN reports status up for port: e1aea9e1-0acc-4c96-a9d2-e0cb0bb47eea
2026-07-15 00:15:33.359 9 INFO neutron.db.ovn_revision_numbers_db [None req-c919b010-9f2f-4e12-8f8c-319cc828160e 0869261180e7469a9cd4f2ae3e49bc8e 030afebcd17444e4a8d86a5550356350 - - default default] Successfully bumped revision number for resource e1aea9e1-0acc-4c96-a9d2-e0cb0bb47eea (type: ports) to 1
2026-07-15 00:15:33.360 10 INFO neutron.wsgi [None req-8d8e37f3-0835-4217-b3bb-a87a1a598572 d373721a75b3488d80253e095454b5db 0b2dcf0264a04a428e23c2eb69b848e4 - - default default] 10.0.0.217 "DELETE /v2.0/security-groups/4dca2a85-8d73-407f-bb58-ce7c9151cdea HTTP/1.1" status: 204 len: 168 time: 0.2394371
2026-07-15 00:15:33.380 10 INFO neutron.plugins.ml2.plugin [None req-54af771d-6cd2-404c-b450-159907c9d9b0 - - - - - -] Attempt 1 to provision port e1aea9e1-0acc-4c96-a9d2-e0cb0bb47eea
2026-07-15 00:15:33.436 9 WARNING neutron.scheduler.dhcp_agent_scheduler [None req-c919b010-9f2f-4e12-8f8c-319cc828160e 0869261180e7469a9cd4f2ae3e49bc8e 030afebcd17444e4a8d86a5550356350 - - default default] No more DHCP agents
2026-07-15 00:15:33.438 9 WARNING neutron.api.rpc.agentnotifiers.dhcp_rpc_agent_api [None req-c919b010-9f2f-4e12-8f8c-319cc828160e 0869261180e7469a9cd4f2ae3e49bc8e 030afebcd17444e4a8d86a5550356350 - - default default] Unable to schedule network c2b1f066-e521-496d-9d8e-4ae13d878064: no agents available; will retry on subsequent port and subnet creation events.
2026-07-15 00:15:33.640 9 INFO neutron.db.ovn_revision_numbers_db [None req-c919b010-9f2f-4e12-8f8c-319cc828160e 0869261180e7469a9cd4f2ae3e49bc8e 030afebcd17444e4a8d86a5550356350 - - default default] Successfully bumped revision number for resource e1aea9e1-0acc-4c96-a9d2-e0cb0bb47eea (type: router_ports) to 1
2026-07-15 00:15:33.646 9 INFO neutron.wsgi [None req-c919b010-9f2f-4e12-8f8c-319cc828160e 0869261180e7469a9cd4f2ae3e49bc8e 030afebcd17444e4a8d86a5550356350 - - default default] 10.0.0.217 "PUT /v2.0/routers/cb757957-939c-4f24-bfea-3b337eda249b/add_router_interface HTTP/1.1" status: 200 len: 503 time: 2.4725132
2026-07-15 00:15:33.690 9 INFO neutron.wsgi [None req-d0569364-093e-4374-8bf7-1e88ee4fa22d 0869261180e7469a9cd4f2ae3e49bc8e 030afebcd17444e4a8d86a5550356350 - - default default] 10.0.0.217 "GET /v2.0/ports/e1aea9e1-0acc-4c96-a9d2-e0cb0bb47eea HTTP/1.1" status: 200 len: 1135 time: 0.0387568
2026-07-15 00:15:34.004 10 INFO neutron.wsgi [None req-40271241-2102-4537-b083-c9649fa267fc d373721a75b3488d80253e095454b5db 0b2dcf0264a04a428e23c2eb69b848e4 - - default default] 10.0.0.217 "DELETE /v2.0/floatingips/b78342ef-a0cf-4cbc-8cce-fdbb991bbc67 HTTP/1.1" status: 204 len: 168 time: 0.6028087
2026-07-15 00:15:34.007 10 INFO neutron.db.ovn_revision_numbers_db [None req-54af771d-6cd2-404c-b450-159907c9d9b0 - - - - - -] Successfully bumped revision number for resource e1aea9e1-0acc-4c96-a9d2-e0cb0bb47eea (type: ports) to 2
2026-07-15 00:15:34.204 10 INFO neutron.wsgi [req-294850f7-85b7-4e8b-a50d-d711bfb0c223 req-2d5c2e4e-c2f6-4893-9b67-82b49cc7d9f9 d373721a75b3488d80253e095454b5db 0b2dcf0264a04a428e23c2eb69b848e4 - - default default] 10.0.0.93 "GET /v2.0/ports?device_id=73442f58-d4e7-4382-aaa2-2bee4af91a24 HTTP/1.1" status: 200 len: 1170 time: 0.0602193
2026-07-15 00:15:34.205 10 INFO neutron.db.ovn_revision_numbers_db [None req-54af771d-6cd2-404c-b450-159907c9d9b0 - - - - - -] Successfully bumped revision number for resource e1aea9e1-0acc-4c96-a9d2-e0cb0bb47eea (type: router_ports) to 2
2026-07-15 00:15:34.212 9 INFO neutron.plugins.ml2.drivers.ovn.mech_driver.mech_driver [None req-ba97e2e0-8c8a-46c9-aec5-5954db8ceda4 - - - - - -] OVN reports status down for port: 281e4bbc-98ac-4925-b1bf-e679fcde3faa
2026-07-15 00:15:34.281 10 INFO neutron.wsgi [req-294850f7-85b7-4e8b-a50d-d711bfb0c223 req-5ec94f09-e2c9-44d0-9455-c857b0fc1bde d373721a75b3488d80253e095454b5db 0b2dcf0264a04a428e23c2eb69b848e4 - - default default] 10.0.0.93 "GET /v2.0/security-groups?id=9265c4e9-6bde-441a-9e06-fa2401e24ae9&fields=id&fields=name HTTP/1.1" status: 200 len: 313 time: 0.0662317
2026-07-15 00:15:34.522 9 INFO neutron.wsgi [req-aa4e54ab-28f8-4cec-82db-2c92267a3a0a req-69d0dfc7-fb93-4f0a-9d81-d90e57468bde d373721a75b3488d80253e095454b5db 0b2dcf0264a04a428e23c2eb69b848e4 - - default default] 199.204.45.4 "GET /v2.0/ports?device_id=73442f58-d4e7-4382-aaa2-2bee4af91a24 HTTP/1.1" status: 200 len: 1168 time: 0.0577476
2026-07-15 00:15:34.672 9 INFO neutron.notifiers.nova [-] Nova event matching ['req-d6971915-6517-424a-9906-446ed407d3bd'] response: {'server_uuid': '73442f58-d4e7-4382-aaa2-2bee4af91a24', 'name': 'network-vif-unplugged', 'status': 'completed', 'tag': '281e4bbc-98ac-4925-b1bf-e679fcde3faa', 'code': 200}
2026-07-15 00:15:34.680 9 WARNING neutron.scheduler.dhcp_agent_scheduler [None req-13d6e7e0-25bf-4f67-91ee-55939eb84268 0869261180e7469a9cd4f2ae3e49bc8e 030afebcd17444e4a8d86a5550356350 - - default default] No more DHCP agents
2026-07-15 00:15:34.685 9 WARNING neutron.api.rpc.agentnotifiers.dhcp_rpc_agent_api [None req-13d6e7e0-25bf-4f67-91ee-55939eb84268 0869261180e7469a9cd4f2ae3e49bc8e 030afebcd17444e4a8d86a5550356350 - - default default] Unable to schedule network e158a11a-ff20-49c9-a720-c729954992d7: no agents available; will retry on subsequent port and subnet creation events.
2026-07-15 00:15:34.707 9 INFO neutron.db.ovn_revision_numbers_db [None req-ba97e2e0-8c8a-46c9-aec5-5954db8ceda4 - - - - - -] Successfully bumped revision number for resource 281e4bbc-98ac-4925-b1bf-e679fcde3faa (type: ports) to 5
2026-07-15 00:15:34.936 9 INFO neutron.db.ovn_revision_numbers_db [None req-13d6e7e0-25bf-4f67-91ee-55939eb84268 0869261180e7469a9cd4f2ae3e49bc8e 030afebcd17444e4a8d86a5550356350 - - default default] Successfully bumped revision number for resource 4dec8b6f-1c0c-4051-8a32-d56ebb27cb0a (type: ports) to 1
2026-07-15 00:15:35.026 9 INFO neutron.wsgi [req-aa4e54ab-28f8-4cec-82db-2c92267a3a0a req-8423f48c-ec0c-4c17-a2da-66eca3325820 d373721a75b3488d80253e095454b5db 0b2dcf0264a04a428e23c2eb69b848e4 - - default default] 199.204.45.4 "DELETE /v2.0/ports/281e4bbc-98ac-4925-b1bf-e679fcde3faa HTTP/1.1" status: 204 len: 173 time: 0.4963126
2026-07-15 00:15:35.381 10 INFO neutron.wsgi [req-ddf44d59-98c7-4306-9c95-41fb8320706e req-7a1d0f8f-3a72-4b33-9429-ebacffd18687 d373721a75b3488d80253e095454b5db 0b2dcf0264a04a428e23c2eb69b848e4 - - default default] 10.0.0.93 "GET /v2.0/ports?device_id=73442f58-d4e7-4382-aaa2-2bee4af91a24 HTTP/1.1" status: 200 len: 210 time: 0.0272276
2026-07-15 00:15:35.519 9 ERROR ovsdbapp.backend.ovs_idl.command [None req-13d6e7e0-25bf-4f67-91ee-55939eb84268 0869261180e7469a9cd4f2ae3e49bc8e 030afebcd17444e4a8d86a5550356350 - - default default] Error executing command (DbGetCommand): ovsdbapp.backend.ovs_idl.idlutils.RowNotFound: Cannot find Logical_Router_Port with name=lrp-4dec8b6f-1c0c-4051-8a32-d56ebb27cb0a
2026-07-15 00:15:35.519 9 ERROR ovsdbapp.backend.ovs_idl.command
Traceback (most recent call last):
2026-07-15 00:15:35.519 9 ERROR ovsdbapp.backend.ovs_idl.command
File "/var/lib/openstack/lib/python3.10/site-packages/ovsdbapp/backend/ovs_idl/command.py", line 47, in execute
2026-07-15 00:15:35.519 9 ERROR ovsdbapp.backend.ovs_idl.command self.run_idl(None)
2026-07-15 00:15:35.519 9 ERROR ovsdbapp.backend.ovs_idl.command
File "/var/lib/openstack/lib/python3.10/site-packages/ovsdbapp/backend/ovs_idl/command.py", line 235, in run_idl
2026-07-15 00:15:35.519 9 ERROR ovsdbapp.backend.ovs_idl.command record = self.api.lookup(self.table, self.record)
2026-07-15 00:15:35.519 9 ERROR ovsdbapp.backend.ovs_idl.command
File "/var/lib/openstack/lib/python3.10/site-packages/ovsdbapp/backend/ovs_idl/__init__.py", line 184, in lookup
2026-07-15 00:15:35.519 9 ERROR ovsdbapp.backend.ovs_idl.command return self._lookup(table, record)
2026-07-15 00:15:35.519 9 ERROR ovsdbapp.backend.ovs_idl.command
File "/var/lib/openstack/lib/python3.10/site-packages/ovsdbapp/backend/ovs_idl/__init__.py", line 235, in _lookup
2026-07-15 00:15:35.519 9 ERROR ovsdbapp.backend.ovs_idl.command row = idlutils.row_by_value(self, rl.table, rl.column, record)
2026-07-15 00:15:35.519 9 ERROR ovsdbapp.backend.ovs_idl.command
File "/var/lib/openstack/lib/python3.10/site-packages/ovsdbapp/backend/ovs_idl/idlutils.py", line 114, in row_by_value
2026-07-15 00:15:35.519 9 ERROR ovsdbapp.backend.ovs_idl.command raise RowNotFound(table=table, col=column, match=match)
2026-07-15 00:15:35.519 9 ERROR ovsdbapp.backend.ovs_idl.command ovsdbapp.backend.ovs_idl.idlutils.RowNotFound: Cannot find Logical_Router_Port with name=lrp-4dec8b6f-1c0c-4051-8a32-d56ebb27cb0a
2026-07-15 00:15:35.519 9 ERROR ovsdbapp.backend.ovs_idl.command 
2026-07-15 00:15:35.519 9 ERROR neutron_lib.callbacks.manager [None req-13d6e7e0-25bf-4f67-91ee-55939eb84268 0869261180e7469a9cd4f2ae3e49bc8e 030afebcd17444e4a8d86a5550356350 - - default default] Error during notification for neutron.services.ovn_l3.plugin.OVNL3RouterPlugin._port_update-8771991230173 port, after_update: ovsdbapp.backend.ovs_idl.idlutils.RowNotFound: Cannot find Logical_Router_Port with name=lrp-4dec8b6f-1c0c-4051-8a32-d56ebb27cb0a
2026-07-15 00:15:35.519 9 ERROR neutron_lib.callbacks.manager
Traceback (most recent call last):
2026-07-15 00:15:35.519 9 ERROR neutron_lib.callbacks.manager
File "/var/lib/openstack/lib/python3.10/site-packages/neutron_lib/callbacks/manager.py", line 189, in _notify_loop
2026-07-15 00:15:35.519 9 ERROR neutron_lib.callbacks.manager callback.method(resource, event, trigger, payload=payload)
2026-07-15 00:15:35.519 9 ERROR neutron_lib.callbacks.manager
File "/var/lib/openstack/lib/python3.10/site-packages/neutron/services/ovn_l3/plugin.py", line 391, in _port_update
2026-07-15 00:15:35.519 9 ERROR neutron_lib.callbacks.manager l3plugin._ovn_client.update_router_port(context,
2026-07-15 00:15:35.519 9 ERROR neutron_lib.callbacks.manager
File "/var/lib/openstack/lib/python3.10/site-packages/neutron/plugins/ml2/drivers/ovn/mech_driver/ovsdb/ovn_client.py", line 1878, in update_router_port
2026-07-15 00:15:35.519 9 ERROR neutron_lib.callbacks.manager self._update_lrouter_port(context, port, if_exists=if_exists,
2026-07-15 00:15:35.519 9 ERROR neutron_lib.callbacks.manager
File "/var/lib/openstack/lib/python3.10/site-packages/neutron/plugins/ml2/drivers/ovn/mech_driver/ovsdb/ovn_client.py", line 1855, in _update_lrouter_port
2026-07-15 00:15:35.519 9 ERROR neutron_lib.callbacks.manager external_ids = self._nb_idl.db_get(
2026-07-15 00:15:35.519 9 ERROR neutron_lib.callbacks.manager
File "/var/lib/openstack/lib/python3.10/site-packages/ovsdbapp/backend/ovs_idl/command.py", line 47, in execute
2026-07-15 00:15:35.519 9 ERROR neutron_lib.callbacks.manager self.run_idl(None)
2026-07-15 00:15:35.519 9 ERROR neutron_lib.callbacks.manager
File "/var/lib/openstack/lib/python3.10/site-packages/ovsdbapp/backend/ovs_idl/command.py", line 235, in run_idl
2026-07-15 00:15:35.519 9 ERROR neutron_lib.callbacks.manager record = self.api.lookup(self.table, self.record)
2026-07-15 00:15:35.519 9 ERROR neutron_lib.callbacks.manager
File "/var/lib/openstack/lib/python3.10/site-packages/ovsdbapp/backend/ovs_idl/__init__.py", line 184, in lookup
2026-07-15 00:15:35.519 9 ERROR neutron_lib.callbacks.manager return self._lookup(table, record)
2026-07-15 00:15:35.519 9 ERROR neutron_lib.callbacks.manager
File "/var/lib/openstack/lib/python3.10/site-packages/ovsdbapp/backend/ovs_idl/__init__.py", line 235, in _lookup
2026-07-15 00:15:35.519 9 ERROR neutron_lib.callbacks.manager row = idlutils.row_by_value(self, rl.table, rl.column, record)
2026-07-15 00:15:35.519 9 ERROR neutron_lib.callbacks.manager
File "/var/lib/openstack/lib/python3.10/site-packages/ovsdbapp/backend/ovs_idl/idlutils.py", line 114, in row_by_value
2026-07-15 00:15:35.519 9 ERROR neutron_lib.callbacks.manager raise RowNotFound(table=table, col=column, match=match)
2026-07-15 00:15:35.519 9 ERROR neutron_lib.callbacks.manager ovsdbapp.backend.ovs_idl.idlutils.RowNotFound: Cannot find Logical_Router_Port with name=lrp-4dec8b6f-1c0c-4051-8a32-d56ebb27cb0a
2026-07-15 00:15:35.519 9 ERROR neutron_lib.callbacks.manager 
2026-07-15 00:15:35.731 9 INFO neutron.plugins.ml2.drivers.ovn.mech_driver.mech_driver [None req-ba97e2e0-8c8a-46c9-aec5-5954db8ceda4 - - - - - -] OVN reports status up for port: 4dec8b6f-1c0c-4051-8a32-d56ebb27cb0a
2026-07-15 00:15:35.752 9 INFO neutron.plugins.ml2.plugin [None req-ba97e2e0-8c8a-46c9-aec5-5954db8ceda4 - - - - - -] Attempt 1 to provision port 4dec8b6f-1c0c-4051-8a32-d56ebb27cb0a
2026-07-15 00:15:35.777 9 INFO neutron.db.ovn_revision_numbers_db [None req-13d6e7e0-25bf-4f67-91ee-55939eb84268 0869261180e7469a9cd4f2ae3e49bc8e 030afebcd17444e4a8d86a5550356350 - - default default] Successfully bumped revision number for resource 4dec8b6f-1c0c-4051-8a32-d56ebb27cb0a (type: ports) to 1
2026-07-15 00:15:35.879 10 WARNING neutron_lib.context [None req-83a87ffb-e4fe-42ea-9d6e-1b9bf3597781 1ecd535df43b4f4a964f34355c4278cb e3e6684509e040f88ea2e00032c456ff - - default default] Method 'is_advsvc' is deprecated since 2023.2 release (neutron-lib 3.8.0) and will be removed once support for the old RBAC API policies will be removed from Neutron. Please use method 'is_service_role' instead.
2026-07-15 00:15:36.069 10 INFO neutron.db.ovn_revision_numbers_db [None req-83a87ffb-e4fe-42ea-9d6e-1b9bf3597781 1ecd535df43b4f4a964f34355c4278cb e3e6684509e040f88ea2e00032c456ff - - default default] Successfully bumped revision number for resource 129a7ca2-737e-40fe-aee4-49704a93534b (type: routers) to 1
2026-07-15 00:15:36.089 9 WARNING neutron.scheduler.dhcp_agent_scheduler [None req-13d6e7e0-25bf-4f67-91ee-55939eb84268 0869261180e7469a9cd4f2ae3e49bc8e 030afebcd17444e4a8d86a5550356350 - - default default] No more DHCP agents
2026-07-15 00:15:36.090 10 INFO neutron.wsgi [None req-83a87ffb-e4fe-42ea-9d6e-1b9bf3597781 1ecd535df43b4f4a964f34355c4278cb e3e6684509e040f88ea2e00032c456ff - - default default] 10.0.0.217 "POST /v2.0/routers HTTP/1.1" status: 201 len: 769 time: 0.4219508
2026-07-15 00:15:36.091 9 WARNING neutron.api.rpc.agentnotifiers.dhcp_rpc_agent_api [None req-13d6e7e0-25bf-4f67-91ee-55939eb84268 0869261180e7469a9cd4f2ae3e49bc8e 030afebcd17444e4a8d86a5550356350 - - default default] Unable to schedule network e158a11a-ff20-49c9-a720-c729954992d7: no agents available; will retry on subsequent port and subnet creation events.
2026-07-15 00:15:36.100 10 WARNING neutron_lib.context [None req-15bc2924-a43c-4ad1-8a55-6b79943f4e5e 1ecd535df43b4f4a964f34355c4278cb e3e6684509e040f88ea2e00032c456ff - - default default] Method 'is_advsvc' is deprecated since 2023.2 release (neutron-lib 3.8.0) and will be removed once support for the old RBAC API policies will be removed from Neutron. Please use method 'is_service_role' instead.
2026-07-15 00:15:36.228 10 INFO neutron.db.ovn_revision_numbers_db [None req-15bc2924-a43c-4ad1-8a55-6b79943f4e5e 1ecd535df43b4f4a964f34355c4278cb e3e6684509e040f88ea2e00032c456ff - - default default] Successfully bumped revision number for resource ba396248-1489-48b6-babd-3dbdde3c74cd (type: routers) to 1
2026-07-15 00:15:36.243 10 INFO neutron.wsgi [None req-15bc2924-a43c-4ad1-8a55-6b79943f4e5e 1ecd535df43b4f4a964f34355c4278cb e3e6684509e040f88ea2e00032c456ff - - default default] 10.0.0.217 "POST /v2.0/routers HTTP/1.1" status: 201 len: 769 time: 0.1480579
2026-07-15 00:15:36.254 10 WARNING neutron_lib.context [None req-1ab422a3-4353-43d8-ba0d-5e57717b448e 1ecd535df43b4f4a964f34355c4278cb e3e6684509e040f88ea2e00032c456ff - - default default] Method 'is_advsvc' is deprecated since 2023.2 release (neutron-lib 3.8.0) and will be removed once support for the old RBAC API policies will be removed from Neutron. Please use method 'is_service_role' instead.
2026-07-15 00:15:36.351 9 INFO neutron.db.ovn_revision_numbers_db [None req-13d6e7e0-25bf-4f67-91ee-55939eb84268 0869261180e7469a9cd4f2ae3e49bc8e 030afebcd17444e4a8d86a5550356350 - - default default] Successfully bumped revision number for resource 4dec8b6f-1c0c-4051-8a32-d56ebb27cb0a (type: router_ports) to 1
2026-07-15 00:15:36.357 9 INFO neutron.wsgi [None req-13d6e7e0-25bf-4f67-91ee-55939eb84268 0869261180e7469a9cd4f2ae3e49bc8e 030afebcd17444e4a8d86a5550356350 - - default default] 10.0.0.217 "PUT /v2.0/routers/cb757957-939c-4f24-bfea-3b337eda249b/add_router_interface HTTP/1.1" status: 200 len: 503 time: 2.6619430 /var/lib/openstack/lib/python3.10/site-packages/pycadf/identifier.py:71: UserWarning: Invalid uuid: neutron. To ensure interoperability, identifiers should be a valid uuid. warnings.warn(('Invalid uuid: %s. To ensure interoperability, '
2026-07-15 00:15:36.372 10 INFO neutron.db.ovn_revision_numbers_db [None req-1ab422a3-4353-43d8-ba0d-5e57717b448e 1ecd535df43b4f4a964f34355c4278cb e3e6684509e040f88ea2e00032c456ff - - default default] Successfully bumped revision number for resource e9933afb-0fcc-45eb-b76a-2ad5e21c139d (type: routers) to 1
2026-07-15 00:15:36.389 10 INFO neutron.wsgi [None req-1ab422a3-4353-43d8-ba0d-5e57717b448e 1ecd535df43b4f4a964f34355c4278cb e3e6684509e040f88ea2e00032c456ff - - default default] 10.0.0.217 "POST /v2.0/routers HTTP/1.1" status: 201 len: 769 time: 0.1402652
2026-07-15 00:15:36.399 10 WARNING neutron_lib.context [None req-3368ac98-818f-4778-bfff-6b84334fc9fe 1ecd535df43b4f4a964f34355c4278cb e3e6684509e040f88ea2e00032c456ff - - default default] Method 'is_advsvc' is deprecated since 2023.2 release (neutron-lib 3.8.0) and will be removed once support for the old RBAC API policies will be removed from Neutron. Please use method 'is_service_role' instead.
2026-07-15 00:15:36.509 10 INFO neutron.db.ovn_revision_numbers_db [None req-3368ac98-818f-4778-bfff-6b84334fc9fe 1ecd535df43b4f4a964f34355c4278cb e3e6684509e040f88ea2e00032c456ff - - default default] Successfully bumped revision number for resource ee72ef15-8b43-4990-9a22-e76a2c78a14a (type: routers) to 1
2026-07-15 00:15:36.512 9 INFO neutron.wsgi [None req-c5f79211-0d10-4e4a-8a73-6c22fffabe93 0869261180e7469a9cd4f2ae3e49bc8e 030afebcd17444e4a8d86a5550356350 - - default default] 10.0.0.217 "GET /v2.0/ports/4dec8b6f-1c0c-4051-8a32-d56ebb27cb0a HTTP/1.1" status: 200 len: 1137 time: 0.1497698
2026-07-15 00:15:36.531 10 INFO neutron.wsgi [None req-3368ac98-818f-4778-bfff-6b84334fc9fe 1ecd535df43b4f4a964f34355c4278cb e3e6684509e040f88ea2e00032c456ff - - default default] 10.0.0.217 "POST /v2.0/routers HTTP/1.1" status: 201 len: 769 time: 0.1373022
2026-07-15 00:15:36.543 9 WARNING neutron_lib.context [None req-1556259c-f133-48c9-be4e-596e10634a38 1ecd535df43b4f4a964f34355c4278cb e3e6684509e040f88ea2e00032c456ff - - default default] Method 'is_advsvc' is deprecated since 2023.2 release (neutron-lib 3.8.0) and will be removed once support for the old RBAC API policies will be removed from Neutron. Please use method 'is_service_role' instead.
2026-07-15 00:15:36.605 9 INFO neutron.db.ovn_revision_numbers_db [None req-ba97e2e0-8c8a-46c9-aec5-5954db8ceda4 - - - - - -] Successfully bumped revision number for resource 4dec8b6f-1c0c-4051-8a32-d56ebb27cb0a (type: ports) to 2
2026-07-15 00:15:36.742 9 INFO neutron.notifiers.nova [-] Nova event matching ['req-3fff7151-938f-4dcd-9c2f-35b3bfb709d8'] response: {'server_uuid': '73442f58-d4e7-4382-aaa2-2bee4af91a24', 'name': 'network-vif-unplugged', 'status': 'completed', 'tag': '281e4bbc-98ac-4925-b1bf-e679fcde3faa', 'code': 200}
2026-07-15 00:15:36.742 9 INFO neutron.notifiers.nova [-] Nova event matching ['req-3fff7151-938f-4dcd-9c2f-35b3bfb709d8'] response: {'server_uuid': '73442f58-d4e7-4382-aaa2-2bee4af91a24', 'name': 'network-vif-deleted', 'tag': '281e4bbc-98ac-4925-b1bf-e679fcde3faa', 'status': 'completed', 'code': 200}
2026-07-15 00:15:36.791 9 INFO neutron.db.ovn_revision_numbers_db [None req-1556259c-f133-48c9-be4e-596e10634a38 1ecd535df43b4f4a964f34355c4278cb e3e6684509e040f88ea2e00032c456ff - - default default] Successfully bumped revision number for resource 5d9211b9-f755-40e7-9bb8-b5426ef0f4df (type: routers) to 1
2026-07-15 00:15:36.811 9 INFO neutron.wsgi [None req-1556259c-f133-48c9-be4e-596e10634a38 1ecd535df43b4f4a964f34355c4278cb e3e6684509e040f88ea2e00032c456ff - - default default] 10.0.0.217 "POST /v2.0/routers HTTP/1.1" status: 201 len: 769 time: 0.2738214
2026-07-15 00:15:36.837 9 INFO neutron.wsgi [None req-2e8e65ea-3850-4f91-8890-6efef476199e d373721a75b3488d80253e095454b5db 0b2dcf0264a04a428e23c2eb69b848e4 - - default default] 10.0.0.217 "DELETE /v2.0/security-groups/9265c4e9-6bde-441a-9e06-fa2401e24ae9 HTTP/1.1" status: 204 len: 168 time: 0.3956385
2026-07-15 00:15:36.886 9 INFO neutron.db.ovn_revision_numbers_db [None req-ba97e2e0-8c8a-46c9-aec5-5954db8ceda4 - - - - - -] Successfully bumped revision number for resource 4dec8b6f-1c0c-4051-8a32-d56ebb27cb0a (type: router_ports) to 2
2026-07-15 00:15:36.901 9 INFO neutron.wsgi [None req-d5d5a547-97ec-45e6-9589-3739a35e1722 1ecd535df43b4f4a964f34355c4278cb e3e6684509e040f88ea2e00032c456ff - - default default] 10.0.0.217 "PUT /v2.0/routers/129a7ca2-737e-40fe-aee4-49704a93534b/tags HTTP/1.1" status: 200 len: 210 time: 0.0766087
2026-07-15 00:15:36.948 10 INFO neutron.wsgi [None req-5f164889-7067-4b20-83af-f91c00da5a60 0869261180e7469a9cd4f2ae3e49bc8e 030afebcd17444e4a8d86a5550356350 - - default default] 10.0.0.217 "GET /v2.0/ports/4dec8b6f-1c0c-4051-8a32-d56ebb27cb0a HTTP/1.1" status: 200 len: 1137 time: 0.4302099
2026-07-15 00:15:37.014 9 INFO neutron.wsgi [None req-7528c3a5-241e-4b36-b143-63738faef2f0 1ecd535df43b4f4a964f34355c4278cb e3e6684509e040f88ea2e00032c456ff - - default default] 10.0.0.217 "PUT /v2.0/routers/ba396248-1489-48b6-babd-3dbdde3c74cd/tags HTTP/1.1" status: 200 len: 218 time: 0.1070650
2026-07-15 00:15:37.310 9 INFO neutron.wsgi [None req-879e66c7-a608-42a5-9189-35a329fab965 1ecd535df43b4f4a964f34355c4278cb e3e6684509e040f88ea2e00032c456ff - - default default] 10.0.0.217 "PUT /v2.0/routers/e9933afb-0fcc-45eb-b76a-2ad5e21c139d/tags HTTP/1.1" status: 200 len: 227 time: 0.2902260
2026-07-15 00:15:37.382 10 INFO neutron.wsgi [None req-aab80e5c-77f9-4f13-8805-ddad528b14b4 1ecd535df43b4f4a964f34355c4278cb e3e6684509e040f88ea2e00032c456ff - - default default] 10.0.0.217 "PUT /v2.0/routers/ee72ef15-8b43-4990-9a22-e76a2c78a14a/tags HTTP/1.1" status: 200 len: 212 time: 0.0653701
2026-07-15 00:15:37.519 9 INFO neutron.wsgi [None req-6527b718-a9de-432d-bffa-93b3faad1c4c 1ecd535df43b4f4a964f34355c4278cb e3e6684509e040f88ea2e00032c456ff - - default default] 10.0.0.217 "GET /v2.0/routers?tags=red HTTP/1.1" status: 200 len: 1946 time: 0.1318858
2026-07-15 00:15:37.630 10 INFO neutron.wsgi [None req-0d4d1cd5-c3d3-48d1-9d9c-4b6857001aa5 1ecd535df43b4f4a964f34355c4278cb e3e6684509e040f88ea2e00032c456ff - - default default] 10.0.0.217 "GET /v2.0/routers?tags=red%2Cblue HTTP/1.1" status: 200 len: 1375 time: 0.1010246
2026-07-15 00:15:37.741 9 INFO neutron.wsgi [None req-1b36f387-622e-40db-8751-2d7170277af5 1ecd535df43b4f4a964f34355c4278cb e3e6684509e040f88ea2e00032c456ff - - default default] 10.0.0.217 "GET /v2.0/routers?tags-any=blue HTTP/1.1" status: 200 len: 1375 time: 0.1047311
2026-07-15 00:15:37.879 10 INFO neutron.wsgi [None req-149c8d0d-5f2a-43f7-805a-a1825d801d77 1ecd535df43b4f4a964f34355c4278cb e3e6684509e040f88ea2e00032c456ff - - default default] 10.0.0.217 "GET /v2.0/routers?tags-any=red%2Cblue HTTP/1.1" status: 200 len: 1946 time: 0.1314273
2026-07-15 00:15:37.966 9 INFO neutron.wsgi [None req-100107ef-88fe-4b55-a638-2a30ad203dec 1ecd535df43b4f4a964f34355c4278cb e3e6684509e040f88ea2e00032c456ff - - default default] 10.0.0.217 "GET /v2.0/routers?not-tags=red HTTP/1.1" status: 200 len: 1347 time: 0.0825450
2026-07-15 00:15:38.083 10 INFO neutron.wsgi [None req-fdc8a725-d6f7-41d7-9f42-13f0c041b8ad 1ecd535df43b4f4a964f34355c4278cb e3e6684509e040f88ea2e00032c456ff - - default default] 10.0.0.217 "GET /v2.0/routers?not-tags=red%2Cblue HTTP/1.1" status: 200 len: 1918 time: 0.1105134
2026-07-15 00:15:38.166 9 INFO neutron.wsgi [None req-fdaad0f8-5ac3-49b6-b795-a960fdfbee33 1ecd535df43b4f4a964f34355c4278cb e3e6684509e040f88ea2e00032c456ff - - default default] 10.0.0.217 "GET /v2.0/routers?not-tags-any=blue HTTP/1.1" status: 200 len: 1918 time: 0.0783632
2026-07-15 00:15:38.300 9 INFO neutron.wsgi [None req-31814143-be0a-469b-9643-495e707246ab 0869261180e7469a9cd4f2ae3e49bc8e 030afebcd17444e4a8d86a5550356350 - - default default] 10.0.0.217 "PUT /v2.0/routers/cb757957-939c-4f24-bfea-3b337eda249b/remove_router_interface HTTP/1.1" status: 200 len: 503 time: 1.3444171 /var/lib/openstack/lib/python3.10/site-packages/pycadf/identifier.py:71: UserWarning: Invalid uuid: neutron. To ensure interoperability, identifiers should be a valid uuid. warnings.warn(('Invalid uuid: %s. To ensure interoperability, '
2026-07-15 00:15:38.395 9 INFO neutron.wsgi [None req-e2c8976f-530a-42c3-872b-d38821cf81f8 0869261180e7469a9cd4f2ae3e49bc8e 030afebcd17444e4a8d86a5550356350 - - default default] 10.0.0.217 "GET /v2.0/ports/e1aea9e1-0acc-4c96-a9d2-e0cb0bb47eea HTTP/1.1" status: 200 len: 1137 time: 0.0901093
2026-07-15 00:15:38.543 10 INFO neutron.wsgi [None req-0abda2a0-33b7-4427-a17c-a5854663c014 1ecd535df43b4f4a964f34355c4278cb e3e6684509e040f88ea2e00032c456ff - - default default] 10.0.0.217 "GET /v2.0/routers?not-tags-any=red%2Cblue HTTP/1.1" status: 200 len: 1347 time: 0.3706143
2026-07-15 00:15:38.612 9 INFO neutron.wsgi [None req-1b804c44-ab7c-4dd1-b238-ec0bc909f629 1ecd535df43b4f4a964f34355c4278cb e3e6684509e040f88ea2e00032c456ff - - default default] 10.0.0.217 "GET /v2.0/routers/129a7ca2-737e-40fe-aee4-49704a93534b HTTP/1.1" status: 200 len: 775 time: 0.0635457
2026-07-15 00:15:38.650 10 INFO neutron.wsgi [None req-ed70a75e-10cc-4f45-93f2-3bc33abfd4c9 d373721a75b3488d80253e095454b5db 0b2dcf0264a04a428e23c2eb69b848e4 - - default default] 10.0.0.217 "PUT /v2.0/routers/b3bef3fd-cb72-491c-9781-53e7eca8cbd7/remove_router_interface HTTP/1.1" status: 200 len: 503 time: 1.7706015 /var/lib/openstack/lib/python3.10/site-packages/pycadf/identifier.py:71: UserWarning: Invalid uuid: neutron. To ensure interoperability, identifiers should be a valid uuid. warnings.warn(('Invalid uuid: %s. To ensure interoperability, '
2026-07-15 00:15:38.900 10 INFO neutron.wsgi [None req-2996d7ef-594e-4f0a-ac4a-2a09d10ee707 d373721a75b3488d80253e095454b5db 0b2dcf0264a04a428e23c2eb69b848e4 - - default default] 10.0.0.217 "DELETE /v2.0/subnets/8baebe3e-ea9d-4daf-bb2c-2592bd5df9c4 HTTP/1.1" status: 204 len: 168 time: 0.2460787
2026-07-15 00:15:39.333 9 INFO neutron.db.ovn_revision_numbers_db [None req-9e720cd8-ebc3-43e8-a36e-c8217b80fdaa 1ecd535df43b4f4a964f34355c4278cb e3e6684509e040f88ea2e00032c456ff - - default default] Successfully bumped revision number for resource 129a7ca2-737e-40fe-aee4-49704a93534b (type: routers) to 2
2026-07-15 00:15:39.351 9 INFO neutron.wsgi [None req-9e720cd8-ebc3-43e8-a36e-c8217b80fdaa 1ecd535df43b4f4a964f34355c4278cb e3e6684509e040f88ea2e00032c456ff - - default default] 10.0.0.217 "PUT /v2.0/routers/129a7ca2-737e-40fe-aee4-49704a93534b HTTP/1.1" status: 200 len: 775 time: 0.7307017
2026-07-15 00:15:39.382 9 INFO neutron.wsgi [None req-d7236bdb-2f62-4e74-b5fb-96efee64af64 1ecd535df43b4f4a964f34355c4278cb e3e6684509e040f88ea2e00032c456ff - - default default] 10.0.0.217 "GET /v2.0/ports?device_id=129a7ca2-737e-40fe-aee4-49704a93534b HTTP/1.1" status: 200 len: 205 time: 0.0256033
2026-07-15 00:15:39.670 9 INFO neutron.wsgi [None req-f65bc203-940a-464b-a6bc-30bd7cebabda 0869261180e7469a9cd4f2ae3e49bc8e 030afebcd17444e4a8d86a5550356350 - - default default] 10.0.0.217 "PUT /v2.0/routers/cb757957-939c-4f24-bfea-3b337eda249b/remove_router_interface HTTP/1.1" status: 200 len: 503 time: 1.2710781 /var/lib/openstack/lib/python3.10/site-packages/pycadf/identifier.py:71: UserWarning: Invalid uuid: neutron. To ensure interoperability, identifiers should be a valid uuid. warnings.warn(('Invalid uuid: %s. To ensure interoperability, '
2026-07-15 00:15:39.701 10 INFO neutron.wsgi [None req-3c873a14-d95b-4677-974e-9d4b6d56c19b 1ecd535df43b4f4a964f34355c4278cb e3e6684509e040f88ea2e00032c456ff - - default default] 10.0.0.217 "DELETE /v2.0/routers/129a7ca2-737e-40fe-aee4-49704a93534b HTTP/1.1" status: 204 len: 168 time: 0.3154938
2026-07-15 00:15:39.716 9 INFO neutron.wsgi [None req-454a521b-28c9-42af-8958-b57cdcf0f7d9 0869261180e7469a9cd4f2ae3e49bc8e 030afebcd17444e4a8d86a5550356350 - - default default] 10.0.0.217 "GET /v2.0/ports?device_id=cb757957-939c-4f24-bfea-3b337eda249b HTTP/1.1" status: 200 len: 205 time: 0.0409689
2026-07-15 00:15:39.753 10 WARNING neutron.plugins.ml2.drivers.ovn.mech_driver.ovsdb.ovn_client [None req-54af771d-6cd2-404c-b450-159907c9d9b0 - - - - - -] No port found with ID e1aea9e1-0acc-4c96-a9d2-e0cb0bb47eea: RuntimeError: No port found with ID e1aea9e1-0acc-4c96-a9d2-e0cb0bb47eea
2026-07-15 00:15:39.797 10 INFO neutron.wsgi [None req-4a166265-c482-46c5-a140-ffcbefbcdf4d 1ecd535df43b4f4a964f34355c4278cb e3e6684509e040f88ea2e00032c456ff - - default default] 10.0.0.217 "GET /v2.0/routers/ba396248-1489-48b6-babd-3dbdde3c74cd HTTP/1.1" status: 200 len: 783 time: 0.0909646
2026-07-15 00:15:40.225 10 INFO neutron.wsgi [None req-43086e94-6464-45cf-9216-9a177d9566d4 d373721a75b3488d80253e095454b5db 0b2dcf0264a04a428e23c2eb69b848e4 - - default default] 10.0.0.217 "DELETE /v2.0/routers/b3bef3fd-cb72-491c-9781-53e7eca8cbd7 HTTP/1.1" status: 204 len: 168 time: 1.3196599
2026-07-15 00:15:40.494 9 INFO neutron.wsgi [None req-cc4a2400-8321-46d2-849c-f4ada67d6aae 0869261180e7469a9cd4f2ae3e49bc8e 030afebcd17444e4a8d86a5550356350 - - default default] 10.0.0.217 "DELETE /v2.0/routers/cb757957-939c-4f24-bfea-3b337eda249b HTTP/1.1" status: 204 len: 168 time: 0.7719417
2026-07-15 00:15:40.648 9 INFO neutron.db.ovn_revision_numbers_db [None req-f83ce563-5203-45de-96ee-fed70cf6458c 1ecd535df43b4f4a964f34355c4278cb e3e6684509e040f88ea2e00032c456ff - - default default] Successfully bumped revision number for resource ba396248-1489-48b6-babd-3dbdde3c74cd (type: routers) to 2
2026-07-15 00:15:40.655 9 INFO neutron.wsgi [None req-f83ce563-5203-45de-96ee-fed70cf6458c 1ecd535df43b4f4a964f34355c4278cb e3e6684509e040f88ea2e00032c456ff - - default default] 10.0.0.217 "PUT /v2.0/routers/ba396248-1489-48b6-babd-3dbdde3c74cd HTTP/1.1" status: 200 len: 783 time: 0.8428347
2026-07-15 00:15:40.689 9 INFO neutron.wsgi [None req-c2a452c0-0758-4c0f-ab10-de93d9767f66 1ecd535df43b4f4a964f34355c4278cb e3e6684509e040f88ea2e00032c456ff - - default default] 10.0.0.217 "GET /v2.0/ports?device_id=ba396248-1489-48b6-babd-3dbdde3c74cd HTTP/1.1" status: 200 len: 205 time: 0.0269854
2026-07-15 00:15:40.711 10 INFO neutron.services.segments.plugin [-] Segment 0bbb184f-7d71-49bd-994b-7ce113864896 resource provider aggregate not found
2026-07-15 00:15:40.717 10 INFO neutron.services.segments.plugin [-] Segment 0bbb184f-7d71-49bd-994b-7ce113864896 resource provider aggregate not found
2026-07-15 00:15:40.732 10 INFO neutron.services.segments.plugin [-] Segment 0bbb184f-7d71-49bd-994b-7ce113864896 resource provider not found; error: Placement Client Error (4xx): {"errors": [{"status": 404, "title": "Not Found", "detail": "The resource could not be found.\n\n No resource provider with uuid 0bbb184f-7d71-49bd-994b-7ce113864896 found for delete ", "request_id": "req-9903c089-bd12-486c-b738-7bbdb12fe37f"}]}
2026-07-15 00:15:40.735 10 INFO neutron.services.segments.plugin [-] Segment 0bbb184f-7d71-49bd-994b-7ce113864896 resource provider not found; error: Placement Client Error (4xx): {"errors": [{"status": 404, "title": "Not Found", "detail": "The resource could not be found.\n\n No resource provider with uuid 0bbb184f-7d71-49bd-994b-7ce113864896 found for delete ", "request_id": "req-30fba0be-30bb-47de-b446-cc4008452131"}]}
2026-07-15 00:15:40.753 10 INFO neutron.wsgi [None req-f58fe1e1-1274-4e28-be39-7fbc83e1145a d373721a75b3488d80253e095454b5db 0b2dcf0264a04a428e23c2eb69b848e4 - - default default] 10.0.0.217 "DELETE /v2.0/networks/a2dd015e-da8c-4d87-aa72-9eb975900fbb HTTP/1.1" status: 204 len: 168 time: 0.5201249
2026-07-15 00:15:40.803 10 INFO neutron.wsgi [None req-547d073e-1a41-44aa-91bf-1f6186594739 0869261180e7469a9cd4f2ae3e49bc8e 030afebcd17444e4a8d86a5550356350 - - default default] 10.0.0.217 "DELETE /v2.0/subnets/2231961f-c35b-41e9-b0d3-6a36f88d801f HTTP/1.1" status: 204 len: 168 time: 0.3034832
2026-07-15 00:15:40.989 9 INFO neutron.wsgi [None req-91f26e11-003b-45fe-a2af-0c22810464a5 1ecd535df43b4f4a964f34355c4278cb e3e6684509e040f88ea2e00032c456ff - - default default] 10.0.0.217 "DELETE /v2.0/routers/ba396248-1489-48b6-babd-3dbdde3c74cd HTTP/1.1" status: 204 len: 168 time: 0.2954972
2026-07-15 00:15:41.055 10 INFO neutron.wsgi [None req-83334d67-06af-4ad1-b403-fce287c8f883 1ecd535df43b4f4a964f34355c4278cb e3e6684509e040f88ea2e00032c456ff - - default default] 10.0.0.217 "GET /v2.0/routers/e9933afb-0fcc-45eb-b76a-2ad5e21c139d HTTP/1.1" status: 200 len: 792 time: 0.0610518
2026-07-15 00:15:41.116 9 INFO neutron.wsgi [None req-63195f6f-3d99-4846-ac3d-b89be7df775f 0869261180e7469a9cd4f2ae3e49bc8e 030afebcd17444e4a8d86a5550356350 - - default default] 10.0.0.217 "DELETE /v2.0/subnets/0c501b40-bf96-4df4-b436-91030ca80d9c HTTP/1.1" status: 204 len: 168 time: 0.3019259
2026-07-15 00:15:41.149 9 WARNING neutron.plugins.ml2.drivers.ovn.mech_driver.ovsdb.ovn_client [None req-ba97e2e0-8c8a-46c9-aec5-5954db8ceda4 - - - - - -] No port found with ID 4dec8b6f-1c0c-4051-8a32-d56ebb27cb0a: RuntimeError: No port found with ID 4dec8b6f-1c0c-4051-8a32-d56ebb27cb0a
2026-07-15 00:15:41.464 10 INFO neutron.db.ovn_revision_numbers_db [None req-8b521671-51e7-4cd8-aeb6-99c0c6f46976 1ecd535df43b4f4a964f34355c4278cb e3e6684509e040f88ea2e00032c456ff - - default default] Successfully bumped revision number for resource e9933afb-0fcc-45eb-b76a-2ad5e21c139d (type: routers) to 2
2026-07-15 00:15:41.470 10 INFO neutron.wsgi [None req-8b521671-51e7-4cd8-aeb6-99c0c6f46976 1ecd535df43b4f4a964f34355c4278cb e3e6684509e040f88ea2e00032c456ff - - default default] 10.0.0.217 "PUT /v2.0/routers/e9933afb-0fcc-45eb-b76a-2ad5e21c139d HTTP/1.1" status: 200 len: 792 time: 0.4109454
2026-07-15 00:15:41.500 10 INFO neutron.wsgi [None req-f34fb497-7538-4028-82fb-75c695b4b541 1ecd535df43b4f4a964f34355c4278cb e3e6684509e040f88ea2e00032c456ff - - default default] 10.0.0.217 "GET /v2.0/ports?device_id=e9933afb-0fcc-45eb-b76a-2ad5e21c139d HTTP/1.1" status: 200 len: 205 time: 0.0238690
2026-07-15 00:15:41.518 9 INFO neutron.services.segments.plugin [-] Segment f5fe02c4-d1e3-4246-b3ac-ea81a95f8951 resource provider aggregate not found
2026-07-15 00:15:41.522 9 INFO neutron.services.segments.plugin [-] Segment f5fe02c4-d1e3-4246-b3ac-ea81a95f8951 resource provider aggregate not found
2026-07-15 00:15:41.531 9 INFO neutron.services.segments.plugin [-] Segment f5fe02c4-d1e3-4246-b3ac-ea81a95f8951 resource provider not found; error: Placement Client Error (4xx): {"errors": [{"status": 404, "title": "Not Found", "detail": "The resource could not be found.\n\n No resource provider with uuid f5fe02c4-d1e3-4246-b3ac-ea81a95f8951 found for delete ", "request_id": "req-50c0800d-1b40-428a-9a5d-e7e2f6863ee6"}]}
2026-07-15 00:15:41.536 9 INFO neutron.services.segments.plugin [-] Segment f5fe02c4-d1e3-4246-b3ac-ea81a95f8951 resource provider not found; error: Placement Client Error (4xx): {"errors": [{"status": 404, "title": "Not Found", "detail": "The resource could not be found.\n\n No resource provider with uuid f5fe02c4-d1e3-4246-b3ac-ea81a95f8951 found for delete ", "request_id": "req-4a194c71-e0bd-4f77-b317-d78824d57b8c"}]}
2026-07-15 00:15:41.543 9 INFO neutron.wsgi [None req-363f25b7-7959-4a07-a2c1-9d38a17f3cb7 0869261180e7469a9cd4f2ae3e49bc8e 030afebcd17444e4a8d86a5550356350 - - default default] 10.0.0.217 "DELETE /v2.0/networks/e158a11a-ff20-49c9-a720-c729954992d7 HTTP/1.1" status: 204 len: 168 time: 0.4216428
2026-07-15 00:15:41.665 9 INFO neutron.wsgi [None req-037dd5b2-fde6-49fa-8a81-dc36a946e8d0 851b7c2d5e414e4295867e176e51c3f5 d37282b52f0c42eeb9a5de6b4a37b929 - - default default] 10.0.0.217 "GET /v2.0/security-groups?tenant_id=0b2dcf0264a04a428e23c2eb69b848e4&name=default HTTP/1.1" status: 200 len: 3120 time: 0.1752634
2026-07-15 00:15:41.814 10 INFO neutron.wsgi [None req-e853caaa-67bf-4dff-b6fa-f3d70bb81654 1ecd535df43b4f4a964f34355c4278cb e3e6684509e040f88ea2e00032c456ff - - default default] 10.0.0.217 "DELETE /v2.0/routers/e9933afb-0fcc-45eb-b76a-2ad5e21c139d HTTP/1.1" status: 204 len: 168 time: 0.3104024
2026-07-15 00:15:41.874 10 INFO neutron.wsgi [None req-b92fd995-8321-4de5-8607-f7797a864c57 1ecd535df43b4f4a964f34355c4278cb e3e6684509e040f88ea2e00032c456ff - - default default] 10.0.0.217 "GET /v2.0/routers/ee72ef15-8b43-4990-9a22-e76a2c78a14a HTTP/1.1" status: 200 len: 777 time: 0.0561762
2026-07-15 00:15:41.991 9 INFO neutron.wsgi [None req-e7d7a049-6175-4c6b-b407-15cfe5490a4b 851b7c2d5e414e4295867e176e51c3f5 d37282b52f0c42eeb9a5de6b4a37b929 - - default default] 10.0.0.217 "DELETE /v2.0/security-groups/4d9ea2f5-ebdd-471f-b045-c848087a4eb1 HTTP/1.1" status: 204 len: 168 time: 0.3190055
2026-07-15 00:15:42.003 9 INFO neutron.wsgi [None req-bc80a3ed-2da4-4e77-8f5e-33ebf2cd8406 0869261180e7469a9cd4f2ae3e49bc8e 030afebcd17444e4a8d86a5550356350 - - default default] 10.0.0.217 "DELETE /v2.0/networks/c2b1f066-e521-496d-9d8e-4ae13d878064 HTTP/1.1" status: 204 len: 168 time: 0.4534659
2026-07-15 00:15:42.040 10 WARNING neutron_lib.context [None req-89d077f8-7dc8-4592-bb9c-4895aa463738 0869261180e7469a9cd4f2ae3e49bc8e 030afebcd17444e4a8d86a5550356350 - - default default] Method 'is_advsvc' is deprecated since 2023.2 release (neutron-lib 3.8.0) and will be removed once support for the old RBAC API policies will be removed from Neutron. Please use method 'is_service_role' instead.
2026-07-15 00:15:42.239 9 INFO neutron.db.ovn_revision_numbers_db [None req-7897641b-c77d-479c-b407-810807154162 851b7c2d5e414e4295867e176e51c3f5 d37282b52f0c42eeb9a5de6b4a37b929 - - default default] Successfully bumped revision number for resource 79d882d0-12df-444f-a31a-b3448d564727 (type: security_groups) to 1
2026-07-15 00:15:42.254 9 INFO neutron.db.ovn_revision_numbers_db [None req-7897641b-c77d-479c-b407-810807154162 851b7c2d5e414e4295867e176e51c3f5 d37282b52f0c42eeb9a5de6b4a37b929 - - default default] Successfully bumped revision number for resource 8faa32d9-7066-4acc-a5ba-baf6993368a6 (type: security_group_rules) to 0
2026-07-15 00:15:42.276 9 INFO neutron.db.ovn_revision_numbers_db [None req-7897641b-c77d-479c-b407-810807154162 851b7c2d5e414e4295867e176e51c3f5 d37282b52f0c42eeb9a5de6b4a37b929 - - default default] Successfully bumped revision number for resource b98dc4bd-bdf5-41f5-b6fe-e89f0610addd (type: security_group_rules) to 0
2026-07-15 00:15:42.292 9 INFO neutron.db.ovn_revision_numbers_db [None req-7897641b-c77d-479c-b407-810807154162 851b7c2d5e414e4295867e176e51c3f5 d37282b52f0c42eeb9a5de6b4a37b929 - - default default] Successfully bumped revision number for resource c0af82dd-3dbd-4c91-b621-4b26ca28329d (type: security_group_rules) to 0
2026-07-15 00:15:42.309 9 INFO neutron.db.ovn_revision_numbers_db [None req-7897641b-c77d-479c-b407-810807154162 851b7c2d5e414e4295867e176e51c3f5 d37282b52f0c42eeb9a5de6b4a37b929 - - default default] Successfully bumped revision number for resource d60f0f0b-87fe-4c1d-bc13-b195d692cff8 (type: security_group_rules) to 0
2026-07-15 00:15:42.335 9 INFO neutron.wsgi [None req-7897641b-c77d-479c-b407-810807154162 851b7c2d5e414e4295867e176e51c3f5 d37282b52f0c42eeb9a5de6b4a37b929 - - default default] 10.0.0.217 "GET /v2.0/security-groups?tenant_id=1618d24fa45e4c72b643596ea0999fb9&name=default HTTP/1.1" status: 200 len: 3120 time: 0.2275314
2026-07-15 00:15:42.418 10 INFO neutron.db.segments_db [None req-89d077f8-7dc8-4592-bb9c-4895aa463738 0869261180e7469a9cd4f2ae3e49bc8e 030afebcd17444e4a8d86a5550356350 - - default default] Added segment 8095de27-fd48-48dc-9f00-b3cb92a8dfc3 of type geneve for network b2db15e9-a45c-4a05-b6c0-1ca064368da6
2026-07-15 00:15:42.582 9 INFO neutron.wsgi [None req-d763f43d-25ca-4e60-8b2e-fe423fe9bba5 851b7c2d5e414e4295867e176e51c3f5 d37282b52f0c42eeb9a5de6b4a37b929 - - default default] 10.0.0.217 "DELETE /v2.0/security-groups/79d882d0-12df-444f-a31a-b3448d564727 HTTP/1.1" status: 204 len: 168 time: 0.2424557
2026-07-15 00:15:42.588 10 INFO neutron.db.ovn_revision_numbers_db [None req-093dfd1f-ecbb-4c65-8af7-440a7cd5cba8 1ecd535df43b4f4a964f34355c4278cb e3e6684509e040f88ea2e00032c456ff - - default default] Successfully bumped revision number for resource ee72ef15-8b43-4990-9a22-e76a2c78a14a (type: routers) to 2
2026-07-15 00:15:42.593 10 INFO neutron.wsgi [None req-093dfd1f-ecbb-4c65-8af7-440a7cd5cba8 1ecd535df43b4f4a964f34355c4278cb e3e6684509e040f88ea2e00032c456ff - - default default] 10.0.0.217 "PUT /v2.0/routers/ee72ef15-8b43-4990-9a22-e76a2c78a14a HTTP/1.1" status: 200 len: 777 time: 0.7138410
2026-07-15 00:15:42.620 9 INFO neutron.wsgi [None req-4af0fed0-7395-4a5a-bade-e184018af18f 1ecd535df43b4f4a964f34355c4278cb e3e6684509e040f88ea2e00032c456ff - - default default] 10.0.0.217 "GET /v2.0/ports?device_id=ee72ef15-8b43-4990-9a22-e76a2c78a14a HTTP/1.1" status: 200 len: 205 time: 0.0210114
2026-07-15 00:15:42.650 10 INFO neutron.db.ovn_revision_numbers_db [None req-89d077f8-7dc8-4592-bb9c-4895aa463738 0869261180e7469a9cd4f2ae3e49bc8e 030afebcd17444e4a8d86a5550356350 - - default default] Successfully bumped revision number for resource b2db15e9-a45c-4a05-b6c0-1ca064368da6 (type: networks) to 1
2026-07-15 00:15:42.939 10 WARNING neutron.scheduler.dhcp_agent_scheduler [None req-89d077f8-7dc8-4592-bb9c-4895aa463738 0869261180e7469a9cd4f2ae3e49bc8e 030afebcd17444e4a8d86a5550356350 - - default default] No more DHCP agents
2026-07-15 00:15:42.943 10 INFO neutron.wsgi [None req-4800268d-3fc9-439d-8c30-63e8a06c1a3e 1ecd535df43b4f4a964f34355c4278cb e3e6684509e040f88ea2e00032c456ff - - default default] 10.0.0.217 "DELETE /v2.0/routers/ee72ef15-8b43-4990-9a22-e76a2c78a14a HTTP/1.1" status: 204 len: 168 time: 0.3170578
2026-07-15 00:15:42.945 10 WARNING neutron.api.rpc.agentnotifiers.dhcp_rpc_agent_api [None req-89d077f8-7dc8-4592-bb9c-4895aa463738 0869261180e7469a9cd4f2ae3e49bc8e 030afebcd17444e4a8d86a5550356350 - - default default] Unable to schedule network b2db15e9-a45c-4a05-b6c0-1ca064368da6: no agents available; will retry on subsequent port and subnet creation events.
2026-07-15 00:15:43.003 9 INFO neutron.wsgi [None req-cf2597c2-a500-4706-b630-a164a61c55a3 1ecd535df43b4f4a964f34355c4278cb e3e6684509e040f88ea2e00032c456ff - - default default] 10.0.0.217 "GET /v2.0/routers/5d9211b9-f755-40e7-9bb8-b5426ef0f4df HTTP/1.1" status: 200 len: 770 time: 0.0554183
2026-07-15 00:15:43.022 10 INFO neutron.db.ovn_revision_numbers_db [None req-89d077f8-7dc8-4592-bb9c-4895aa463738 0869261180e7469a9cd4f2ae3e49bc8e 030afebcd17444e4a8d86a5550356350 - - default default] Successfully bumped revision number for resource 37548b9b-4a64-44ae-a71d-bf0585cf30b1 (type: ports) to 1
2026-07-15 00:15:43.039 10 INFO neutron.wsgi [None req-89d077f8-7dc8-4592-bb9c-4895aa463738 0869261180e7469a9cd4f2ae3e49bc8e 030afebcd17444e4a8d86a5550356350 - - default default] 10.0.0.217 "POST /v2.0/networks HTTP/1.1" status: 201 len: 829 time: 1.0184827
2026-07-15 00:15:43.050 10 WARNING neutron_lib.context [None req-ff9bee41-7a19-4e0c-9f1b-bab070fad580 0869261180e7469a9cd4f2ae3e49bc8e 030afebcd17444e4a8d86a5550356350 - - default default] Method 'is_advsvc' is deprecated since 2023.2 release (neutron-lib 3.8.0) and will be removed once support for the old RBAC API policies will be removed from Neutron. Please use method 'is_service_role' instead.
2026-07-15 00:15:43.238 10 WARNING neutron.scheduler.dhcp_agent_scheduler [None req-ff9bee41-7a19-4e0c-9f1b-bab070fad580 0869261180e7469a9cd4f2ae3e49bc8e 030afebcd17444e4a8d86a5550356350 - - default default] No more DHCP agents
2026-07-15 00:15:43.239 10 WARNING neutron.api.rpc.agentnotifiers.dhcp_rpc_agent_api [None req-ff9bee41-7a19-4e0c-9f1b-bab070fad580 0869261180e7469a9cd4f2ae3e49bc8e 030afebcd17444e4a8d86a5550356350 - - default default] Unable to schedule network b2db15e9-a45c-4a05-b6c0-1ca064368da6: no agents available; will retry on subsequent port and subnet creation events.
