2026-07-15 00:12:37.696 9 INFO neutron.wsgi [req-e86db52c-f673-48d4-8c3b-31be1cc0fb94 req-b670ce40-1033-4a18-a364-34e408c87b82 13015066944440599dc8487afe57e18f 550abc37db8b4c95b6ce3ea3cce32e05 - - default default] 10.0.0.93 "GET /v2.0/security-groups?id=64976352-9a9d-4e8f-a740-f9fa9c2970cf&fields=id&fields=name HTTP/1.1" status: 200 len: 312 time: 0.0680468
2026-07-15 00:12:37.752 9 INFO neutron.db.ovn_revision_numbers_db [None req-ba97e2e0-8c8a-46c9-aec5-5954db8ceda4 - - - - - -] Successfully bumped revision number for resource 28e2326c-dec6-4d05-9dcf-dfa5246be449 (type: router_ports) to 2
2026-07-15 00:12:37.824 10 INFO neutron.wsgi [req-032a0a42-8ecd-402d-9741-137f517be9f7 req-fda1c42e-1155-4c36-a060-633b139555c2 a754bae6f1a04627af4b07292851ad2c d4f72008438441d799b5c7b357853935 - - 5c41aad2933c46f48380ba9f661a8615 5c41aad2933c46f48380ba9f661a8615] 199.204.45.4 "GET /v2.0/networks/4726607e-fa81-4137-a81a-440319df2780?fields=provider%3Aphysical_network&fields=provider%3Anetwork_type HTTP/1.1" status: 200 len: 277 time: 0.1347208
2026-07-15 00:12:38.050 9 INFO neutron.wsgi [req-d47b523c-7232-4e1a-9ebb-d8405563e634 req-f3625a86-1085-45b7-a9d3-8716b24dadac 737d1fff38454a899e9c3661ae22a396 ebc8d4f014b34386ac07432be8807d26 - - default default] 10.0.0.93 "GET /v2.0/ports?device_id=a985314d-8844-4d2a-aba0-ebe06c0ad893 HTTP/1.1" status: 200 len: 1168 time: 0.1022243
2026-07-15 00:12:38.063 10 INFO neutron.notifiers.nova [-] Nova event matching ['req-dd3afa5d-db26-4bd2-a6af-46f365b20979'] response: {'name': 'network-changed', 'server_uuid': 'a985314d-8844-4d2a-aba0-ebe06c0ad893', 'tag': 'aa479474-5644-4cc4-ab37-b145c997391a', 'status': 'completed', 'code': 200}
2026-07-15 00:12:38.115 9 INFO neutron.wsgi [req-d47b523c-7232-4e1a-9ebb-d8405563e634 req-adf8962a-3e23-41b9-a325-0885ef88c26f 737d1fff38454a899e9c3661ae22a396 ebc8d4f014b34386ac07432be8807d26 - - default default] 10.0.0.93 "GET /v2.0/security-groups?id=c92052e3-b121-4d25-b07a-9d345bf14787&fields=id&fields=name HTTP/1.1" status: 200 len: 312 time: 0.0489078
2026-07-15 00:12:38.162 10 INFO neutron.wsgi [req-606348de-6f08-4a1a-beff-dd988a57f359 req-ae4d484e-a3b0-486c-879b-787df5e1c5fb a754bae6f1a04627af4b07292851ad2c d4f72008438441d799b5c7b357853935 - - 5c41aad2933c46f48380ba9f661a8615 5c41aad2933c46f48380ba9f661a8615] 199.204.45.4 "GET /v2.0/ports?tenant_id=ebc8d4f014b34386ac07432be8807d26&device_id=a985314d-8844-4d2a-aba0-ebe06c0ad893 HTTP/1.1" status: 200 len: 1407 time: 0.0465453
2026-07-15 00:12:38.260 10 INFO neutron.wsgi [req-606348de-6f08-4a1a-beff-dd988a57f359 req-1c94765b-63e1-4542-9d71-42814942815f a754bae6f1a04627af4b07292851ad2c d4f72008438441d799b5c7b357853935 - - 5c41aad2933c46f48380ba9f661a8615 5c41aad2933c46f48380ba9f661a8615] 199.204.45.4 "GET /v2.0/networks?id=4726607e-fa81-4137-a81a-440319df2780 HTTP/1.1" status: 200 len: 974 time: 0.0759149
2026-07-15 00:12:38.292 10 INFO neutron.wsgi [req-606348de-6f08-4a1a-beff-dd988a57f359 req-c0bd0225-24af-45da-9fe0-35a84ba42531 a754bae6f1a04627af4b07292851ad2c d4f72008438441d799b5c7b357853935 - - 5c41aad2933c46f48380ba9f661a8615 5c41aad2933c46f48380ba9f661a8615] 199.204.45.4 "GET /v2.0/floatingips?fixed_ip_address=10.100.0.8&port_id=aa479474-5644-4cc4-ab37-b145c997391a HTTP/1.1" status: 200 len: 217 time: 0.0232730
2026-07-15 00:12:38.363 10 INFO neutron.wsgi [req-606348de-6f08-4a1a-beff-dd988a57f359 req-0acf4377-6706-4657-9f6b-8d3485a0ff99 a754bae6f1a04627af4b07292851ad2c d4f72008438441d799b5c7b357853935 - - 5c41aad2933c46f48380ba9f661a8615 5c41aad2933c46f48380ba9f661a8615] 199.204.45.4 "GET /v2.0/subnets?id=c4ad20fb-c736-43a9-acfd-bfc17b21e8b0 HTTP/1.1" status: 200 len: 869 time: 0.0556831
2026-07-15 00:12:38.393 10 INFO neutron.wsgi [req-606348de-6f08-4a1a-beff-dd988a57f359 req-ac75a67d-5a91-4c76-b380-f20060e42494 a754bae6f1a04627af4b07292851ad2c d4f72008438441d799b5c7b357853935 - - 5c41aad2933c46f48380ba9f661a8615 5c41aad2933c46f48380ba9f661a8615] 199.204.45.4 "GET /v2.0/ports?network_id=4726607e-fa81-4137-a81a-440319df2780&device_owner=network%3Adhcp HTTP/1.1" status: 200 len: 210 time: 0.0217419
2026-07-15 00:12:38.393 10 WARNING neutron.scheduler.dhcp_agent_scheduler [None req-5be1e098-863e-45d2-8f9f-8e118ce21842 851b7c2d5e414e4295867e176e51c3f5 d37282b52f0c42eeb9a5de6b4a37b929 - - default default] No more DHCP agents
2026-07-15 00:12:38.395 10 WARNING neutron.api.rpc.agentnotifiers.dhcp_rpc_agent_api [None req-5be1e098-863e-45d2-8f9f-8e118ce21842 851b7c2d5e414e4295867e176e51c3f5 d37282b52f0c42eeb9a5de6b4a37b929 - - default default] Unable to schedule network 26c6b39e-c936-438f-b814-b71b15a8d673: no agents available; will retry on subsequent port and subnet creation events.
2026-07-15 00:12:38.482 10 INFO neutron.wsgi [req-606348de-6f08-4a1a-beff-dd988a57f359 req-f501d78b-9919-4bee-8455-132a2eb05e62 a754bae6f1a04627af4b07292851ad2c d4f72008438441d799b5c7b357853935 - - 5c41aad2933c46f48380ba9f661a8615 5c41aad2933c46f48380ba9f661a8615] 199.204.45.4 "GET /v2.0/networks/4726607e-fa81-4137-a81a-440319df2780?fields=segments HTTP/1.1" status: 200 len: 212 time: 0.0745928
2026-07-15 00:12:38.570 10 INFO neutron.wsgi [req-606348de-6f08-4a1a-beff-dd988a57f359 req-65fd58c7-2020-45d4-af24-8e1c8498c704 a754bae6f1a04627af4b07292851ad2c d4f72008438441d799b5c7b357853935 - - 5c41aad2933c46f48380ba9f661a8615 5c41aad2933c46f48380ba9f661a8615] 199.204.45.4 "GET /v2.0/networks/4726607e-fa81-4137-a81a-440319df2780?fields=provider%3Aphysical_network&fields=provider%3Anetwork_type HTTP/1.1" status: 200 len: 277 time: 0.0788114
2026-07-15 00:12:38.614 10 INFO neutron.db.ovn_revision_numbers_db [None req-5be1e098-863e-45d2-8f9f-8e118ce21842 851b7c2d5e414e4295867e176e51c3f5 d37282b52f0c42eeb9a5de6b4a37b929 - - default default] Successfully bumped revision number for resource 53d1f263-d234-42b3-b706-d95cbb000d85 (type: ports) to 1
2026-07-15 00:12:39.107 9 INFO neutron.db.ovn_revision_numbers_db [None req-46a68c9c-42d1-4f26-b1d9-5dd8997d981f 851b7c2d5e414e4295867e176e51c3f5 d37282b52f0c42eeb9a5de6b4a37b929 - - default default] Successfully bumped revision number for resource f9195819-8cee-4e42-ab3f-7370d6a9d5a4 (type: security_groups) to 1
2026-07-15 00:12:39.122 9 INFO neutron.db.ovn_revision_numbers_db [None req-46a68c9c-42d1-4f26-b1d9-5dd8997d981f 851b7c2d5e414e4295867e176e51c3f5 d37282b52f0c42eeb9a5de6b4a37b929 - - default default] Successfully bumped revision number for resource 28dcbdfc-9f24-4cd9-8eb2-6156235eaafb (type: security_group_rules) to 0
2026-07-15 00:12:39.165 9 INFO neutron.db.ovn_revision_numbers_db [None req-46a68c9c-42d1-4f26-b1d9-5dd8997d981f 851b7c2d5e414e4295867e176e51c3f5 d37282b52f0c42eeb9a5de6b4a37b929 - - default default] Successfully bumped revision number for resource 5e97db85-8628-4b76-9641-a06732b97d07 (type: security_group_rules) to 0
2026-07-15 00:12:39.212 9 INFO neutron.db.ovn_revision_numbers_db [None req-46a68c9c-42d1-4f26-b1d9-5dd8997d981f 851b7c2d5e414e4295867e176e51c3f5 d37282b52f0c42eeb9a5de6b4a37b929 - - default default] Successfully bumped revision number for resource 66adee9c-7bef-48c6-943b-dcc4f23814e1 (type: security_group_rules) to 0
2026-07-15 00:12:39.228 9 INFO neutron.db.ovn_revision_numbers_db [None req-46a68c9c-42d1-4f26-b1d9-5dd8997d981f 851b7c2d5e414e4295867e176e51c3f5 d37282b52f0c42eeb9a5de6b4a37b929 - - default default] Successfully bumped revision number for resource 7725e79f-181b-4f26-88db-1d1dc6059f87 (type: security_group_rules) to 0
2026-07-15 00:12:39.237 9 INFO neutron.wsgi [req-33fba669-979c-46ef-9535-4a282feb6e27 req-ac828c50-98b5-4b4d-8354-883239bde3c7 737d1fff38454a899e9c3661ae22a396 ebc8d4f014b34386ac07432be8807d26 - - default default] 10.0.0.93 "GET /v2.0/ports?device_id=a985314d-8844-4d2a-aba0-ebe06c0ad893 HTTP/1.1" status: 200 len: 1168 time: 0.0515988
2026-07-15 00:12:39.241 10 INFO neutron.plugins.ml2.drivers.ovn.mech_driver.mech_driver [None req-54af771d-6cd2-404c-b450-159907c9d9b0 - - - - - -] OVN reports status up for port: aa479474-5644-4cc4-ab37-b145c997391a
2026-07-15 00:12:39.248 10 INFO neutron.wsgi [req-41ceac31-0ace-40b0-8716-4218545e6fc9 req-d300d293-e3d8-4ee3-ba63-a868c532f92a 13015066944440599dc8487afe57e18f 550abc37db8b4c95b6ce3ea3cce32e05 - - default default] 10.0.0.93 "GET /v2.0/ports?device_id=18337e83-39a9-45e9-b3ac-4bdd0fc64ed6 HTTP/1.1" status: 200 len: 1168 time: 0.4457104
2026-07-15 00:12:39.279 10 INFO neutron.plugins.ml2.plugin [None req-54af771d-6cd2-404c-b450-159907c9d9b0 - - - - - -] Attempt 1 to provision port aa479474-5644-4cc4-ab37-b145c997391a
2026-07-15 00:12:39.280 9 INFO neutron.db.segments_db [None req-46a68c9c-42d1-4f26-b1d9-5dd8997d981f 851b7c2d5e414e4295867e176e51c3f5 d37282b52f0c42eeb9a5de6b4a37b929 - - default default] Added segment c24df493-a5a6-430a-a544-3a2744cf4a34 of type geneve for network adf1f10f-ea85-4dea-9bca-d30e6d5086ca
2026-07-15 00:12:39.304 9 INFO neutron.wsgi [req-33fba669-979c-46ef-9535-4a282feb6e27 req-dfd08a64-5725-4cfb-9f6b-bbe277decdd3 737d1fff38454a899e9c3661ae22a396 ebc8d4f014b34386ac07432be8807d26 - - default default] 10.0.0.93 "GET /v2.0/security-groups?id=c92052e3-b121-4d25-b07a-9d345bf14787&fields=id&fields=name HTTP/1.1" status: 200 len: 312 time: 0.0569067
2026-07-15 00:12:39.345 10 INFO neutron.wsgi [req-41ceac31-0ace-40b0-8716-4218545e6fc9 req-ab87ac41-2166-49a4-b38e-44ba51d283ee 13015066944440599dc8487afe57e18f 550abc37db8b4c95b6ce3ea3cce32e05 - - default default] 10.0.0.93 "GET /v2.0/security-groups?id=64976352-9a9d-4e8f-a740-f9fa9c2970cf&fields=id&fields=name HTTP/1.1" status: 200 len: 312 time: 0.0806634
2026-07-15 00:12:39.467 9 INFO neutron.db.ovn_revision_numbers_db [None req-46a68c9c-42d1-4f26-b1d9-5dd8997d981f 851b7c2d5e414e4295867e176e51c3f5 d37282b52f0c42eeb9a5de6b4a37b929 - - default default] Successfully bumped revision number for resource adf1f10f-ea85-4dea-9bca-d30e6d5086ca (type: networks) to 1
2026-07-15 00:12:39.712 9 WARNING neutron.scheduler.dhcp_agent_scheduler [None req-46a68c9c-42d1-4f26-b1d9-5dd8997d981f 851b7c2d5e414e4295867e176e51c3f5 d37282b52f0c42eeb9a5de6b4a37b929 - - default default] No more DHCP agents
2026-07-15 00:12:39.717 9 WARNING neutron.api.rpc.agentnotifiers.dhcp_rpc_agent_api [None req-46a68c9c-42d1-4f26-b1d9-5dd8997d981f 851b7c2d5e414e4295867e176e51c3f5 d37282b52f0c42eeb9a5de6b4a37b929 - - default default] Unable to schedule network adf1f10f-ea85-4dea-9bca-d30e6d5086ca: no agents available; will retry on subsequent port and subnet creation events.
2026-07-15 00:12:39.738 10 INFO neutron.db.ovn_revision_numbers_db [None req-54af771d-6cd2-404c-b450-159907c9d9b0 - - - - - -] Successfully bumped revision number for resource aa479474-5644-4cc4-ab37-b145c997391a (type: ports) to 4
2026-07-15 00:12:39.877 9 INFO neutron.db.ovn_revision_numbers_db [None req-46a68c9c-42d1-4f26-b1d9-5dd8997d981f 851b7c2d5e414e4295867e176e51c3f5 d37282b52f0c42eeb9a5de6b4a37b929 - - default default] Successfully bumped revision number for resource 3fac6258-5e2d-4c1e-b190-0b80b7a9f55b (type: ports) to 1
2026-07-15 00:12:39.901 9 INFO neutron.wsgi [None req-46a68c9c-42d1-4f26-b1d9-5dd8997d981f 851b7c2d5e414e4295867e176e51c3f5 d37282b52f0c42eeb9a5de6b4a37b929 - - default default] 10.0.0.217 "POST /v2.0/networks HTTP/1.1" status: 201 len: 953 time: 1.2112720
2026-07-15 00:12:39.966 10 INFO neutron.plugins.ml2.drivers.ovn.mech_driver.ovsdb.commands [None req-c66ee7ba-241d-47b0-816e-80847652ef73 - - - - - -] Schedule LRP lrp-53d1f263-d234-42b3-b706-d95cbb000d85 on gateway 84088eff-252a-4915-9c95-760fd31e4e38 with priority 1
2026-07-15 00:12:39.977 10 INFO neutron.plugins.ml2.drivers.ovn.mech_driver.mech_driver [None req-54af771d-6cd2-404c-b450-159907c9d9b0 - - - - - -] OVN reports status up for port: 53d1f263-d234-42b3-b706-d95cbb000d85
2026-07-15 00:12:39.988 10 INFO neutron.plugins.ml2.drivers.ovn.mech_driver.ovsdb.ovsdb_monitor [-] Router 57ccfd86-4fbe-4eda-a1e3-3854f09b3022 is bound to host instance
2026-07-15 00:12:40.009 10 INFO neutron.plugins.ml2.plugin [None req-54af771d-6cd2-404c-b450-159907c9d9b0 - - - - - -] Attempt 1 to provision port 53d1f263-d234-42b3-b706-d95cbb000d85
2026-07-15 00:12:40.072 10 INFO neutron.db.ovn_revision_numbers_db [None req-5be1e098-863e-45d2-8f9f-8e118ce21842 851b7c2d5e414e4295867e176e51c3f5 d37282b52f0c42eeb9a5de6b4a37b929 - - default default] Successfully bumped revision number for resource 53d1f263-d234-42b3-b706-d95cbb000d85 (type: router_ports) to 1
2026-07-15 00:12:40.083 9 WARNING neutron.scheduler.dhcp_agent_scheduler [None req-c5df9233-c49a-466d-9754-f07193e6c1b5 851b7c2d5e414e4295867e176e51c3f5 d37282b52f0c42eeb9a5de6b4a37b929 - - default default] No more DHCP agents
2026-07-15 00:12:40.086 9 WARNING neutron.api.rpc.agentnotifiers.dhcp_rpc_agent_api [None req-c5df9233-c49a-466d-9754-f07193e6c1b5 851b7c2d5e414e4295867e176e51c3f5 d37282b52f0c42eeb9a5de6b4a37b929 - - default default] Unable to schedule network adf1f10f-ea85-4dea-9bca-d30e6d5086ca: no agents available; will retry on subsequent port and subnet creation events.
2026-07-15 00:12:40.114 10 INFO neutron.notifiers.nova [-] Nova event matching ['req-af6317a9-cea6-471f-9bf7-4cc9cf9d7e43'] response: {'server_uuid': 'a985314d-8844-4d2a-aba0-ebe06c0ad893', 'name': 'network-vif-plugged', 'status': 'completed', 'tag': 'aa479474-5644-4cc4-ab37-b145c997391a', 'code': 200}
2026-07-15 00:12:40.114 10 INFO neutron.notifiers.nova [-] Nova event matching ['req-af6317a9-cea6-471f-9bf7-4cc9cf9d7e43'] response: {'server_uuid': 'a985314d-8844-4d2a-aba0-ebe06c0ad893', 'name': 'network-vif-plugged', 'status': 'completed', 'tag': 'aa479474-5644-4cc4-ab37-b145c997391a', 'code': 200}
2026-07-15 00:12:40.202 10 INFO neutron.db.ovn_revision_numbers_db [None req-5be1e098-863e-45d2-8f9f-8e118ce21842 851b7c2d5e414e4295867e176e51c3f5 d37282b52f0c42eeb9a5de6b4a37b929 - - default default] Successfully bumped revision number for resource 57ccfd86-4fbe-4eda-a1e3-3854f09b3022 (type: routers) to 2
2026-07-15 00:12:40.227 10 INFO neutron.wsgi [None req-5be1e098-863e-45d2-8f9f-8e118ce21842 851b7c2d5e414e4295867e176e51c3f5 d37282b52f0c42eeb9a5de6b4a37b929 - - default default] 10.0.0.217 "POST /v2.0/routers HTTP/1.1" status: 201 len: 1169 time: 2.5631356 /var/lib/openstack/lib/python3.10/site-packages/pycadf/identifier.py:71: UserWarning: Invalid uuid: neutron. To ensure interoperability, identifiers should be a valid uuid. warnings.warn(('Invalid uuid: %s. To ensure interoperability, '
2026-07-15 00:12:40.468 9 INFO neutron.wsgi [req-2fa67953-6f7a-4434-8bc1-838a7b95cf4b req-4d15b163-3f34-45ae-9da7-1ecd49f3f7d6 13015066944440599dc8487afe57e18f 550abc37db8b4c95b6ce3ea3cce32e05 - - default default] 10.0.0.93 "GET /v2.0/ports?device_id=18337e83-39a9-45e9-b3ac-4bdd0fc64ed6 HTTP/1.1" status: 200 len: 1168 time: 0.0480378
2026-07-15 00:12:40.530 10 INFO neutron.wsgi [req-4d9d5e4b-3c80-4e2d-a062-d88f82d3d8fe req-652fb6e3-600a-4166-908a-701660d57b35 737d1fff38454a899e9c3661ae22a396 ebc8d4f014b34386ac07432be8807d26 - - default default] 10.0.0.93 "GET /v2.0/ports?device_id=a985314d-8844-4d2a-aba0-ebe06c0ad893 HTTP/1.1" status: 200 len: 1170 time: 0.1576970
2026-07-15 00:12:40.534 9 INFO neutron.wsgi [req-2fa67953-6f7a-4434-8bc1-838a7b95cf4b req-fecbe7e8-c172-44ff-be09-1b12dca8d41b 13015066944440599dc8487afe57e18f 550abc37db8b4c95b6ce3ea3cce32e05 - - default default] 10.0.0.93 "GET /v2.0/security-groups?id=64976352-9a9d-4e8f-a740-f9fa9c2970cf&fields=id&fields=name HTTP/1.1" status: 200 len: 312 time: 0.0584185
2026-07-15 00:12:40.736 9 INFO neutron.db.ovn_revision_numbers_db [None req-c5df9233-c49a-466d-9754-f07193e6c1b5 851b7c2d5e414e4295867e176e51c3f5 d37282b52f0c42eeb9a5de6b4a37b929 - - default default] Successfully bumped revision number for resource 3fac6258-5e2d-4c1e-b190-0b80b7a9f55b (type: ports) to 2
2026-07-15 00:12:40.796 9 INFO neutron.db.ovn_revision_numbers_db [None req-c5df9233-c49a-466d-9754-f07193e6c1b5 851b7c2d5e414e4295867e176e51c3f5 d37282b52f0c42eeb9a5de6b4a37b929 - - default default] Successfully bumped revision number for resource d71a1926-c7b6-4608-a062-e8c8518905ad (type: subnets) to 0
2026-07-15 00:12:40.811 10 INFO neutron.wsgi [req-4d9d5e4b-3c80-4e2d-a062-d88f82d3d8fe req-37ecbfbd-6ea7-4c18-9cfc-51ddbbe1d62f 737d1fff38454a899e9c3661ae22a396 ebc8d4f014b34386ac07432be8807d26 - - default default] 10.0.0.93 "GET /v2.0/security-groups?id=c92052e3-b121-4d25-b07a-9d345bf14787&fields=id&fields=name HTTP/1.1" status: 200 len: 312 time: 0.2716098
2026-07-15 00:12:40.839 9 INFO neutron.wsgi [None req-c5df9233-c49a-466d-9754-f07193e6c1b5 851b7c2d5e414e4295867e176e51c3f5 d37282b52f0c42eeb9a5de6b4a37b929 - - default default] 10.0.0.217 "POST /v2.0/subnets HTTP/1.1" status: 201 len: 873 time: 0.9299345
2026-07-15 00:12:41.125 9 INFO neutron.wsgi [req-6f75ea33-916b-4134-83e8-68d3b09d4604 req-7a573cea-63da-450f-ab5b-f415cacc37cd 737d1fff38454a899e9c3661ae22a396 ebc8d4f014b34386ac07432be8807d26 - - default default] 10.0.0.93 "GET /v2.0/ports?device_id=a985314d-8844-4d2a-aba0-ebe06c0ad893 HTTP/1.1" status: 200 len: 1170 time: 0.0473635
2026-07-15 00:12:41.158 10 WARNING neutron.scheduler.dhcp_agent_scheduler [None req-e48c42bc-d8d6-45f0-b448-7b58e57c7e61 851b7c2d5e414e4295867e176e51c3f5 d37282b52f0c42eeb9a5de6b4a37b929 - - default default] No more DHCP agents
2026-07-15 00:12:41.174 10 WARNING neutron.api.rpc.agentnotifiers.dhcp_rpc_agent_api [None req-e48c42bc-d8d6-45f0-b448-7b58e57c7e61 851b7c2d5e414e4295867e176e51c3f5 d37282b52f0c42eeb9a5de6b4a37b929 - - default default] Unable to schedule network 4d1f6520-6951-4bf4-8e6e-2446a70cdd3c: no agents available; will retry on subsequent port and subnet creation events.
2026-07-15 00:12:41.256 10 INFO neutron.db.ovn_revision_numbers_db [None req-a5a4e7d2-b90d-4d28-984a-2640a158154e - - - - - -] Successfully bumped revision number for resource 53d1f263-d234-42b3-b706-d95cbb000d85 (type: ports) to 1
2026-07-15 00:12:41.399 10 INFO neutron.db.ovn_revision_numbers_db [None req-e48c42bc-d8d6-45f0-b448-7b58e57c7e61 851b7c2d5e414e4295867e176e51c3f5 d37282b52f0c42eeb9a5de6b4a37b929 - - default default] Successfully bumped revision number for resource 735f0696-7a4c-4ff0-8252-421c6e32cd02 (type: ports) to 1
2026-07-15 00:12:41.745 10 INFO neutron.wsgi [req-1e63c364-1b86-4230-84fc-73e3bdcbdfce req-f2becef0-96b9-4c47-9c32-8281556ce93d 13015066944440599dc8487afe57e18f 550abc37db8b4c95b6ce3ea3cce32e05 - - default default] 10.0.0.93 "GET /v2.0/ports?device_id=18337e83-39a9-45e9-b3ac-4bdd0fc64ed6 HTTP/1.1" status: 200 len: 1168 time: 0.1534207
2026-07-15 00:12:41.809 10 INFO neutron.db.ovn_revision_numbers_db [None req-a5a4e7d2-b90d-4d28-984a-2640a158154e - - - - - -] Successfully bumped revision number for resource 53d1f263-d234-42b3-b706-d95cbb000d85 (type: router_ports) to 3
2026-07-15 00:12:41.833 10 INFO neutron.wsgi [req-1e63c364-1b86-4230-84fc-73e3bdcbdfce req-30f69c48-de97-4b66-aac9-baf7ba48f5b5 13015066944440599dc8487afe57e18f 550abc37db8b4c95b6ce3ea3cce32e05 - - default default] 10.0.0.93 "GET /v2.0/security-groups?id=64976352-9a9d-4e8f-a740-f9fa9c2970cf&fields=id&fields=name HTTP/1.1" status: 200 len: 312 time: 0.0764093
2026-07-15 00:12:41.950 9 WARNING neutron.scheduler.dhcp_agent_scheduler [None req-7889d67f-c940-4bb2-b0c0-ef0a8c010475 851b7c2d5e414e4295867e176e51c3f5 d37282b52f0c42eeb9a5de6b4a37b929 - - default default] No more DHCP agents
2026-07-15 00:12:41.959 9 WARNING neutron.api.rpc.agentnotifiers.dhcp_rpc_agent_api [None req-7889d67f-c940-4bb2-b0c0-ef0a8c010475 851b7c2d5e414e4295867e176e51c3f5 d37282b52f0c42eeb9a5de6b4a37b929 - - default default] Unable to schedule network 26c6b39e-c936-438f-b814-b71b15a8d673: no agents available; will retry on subsequent port and subnet creation events.
2026-07-15 00:12:42.224 10 INFO neutron.wsgi [req-908f7ac0-969f-4f3d-98e6-12d0f66c5809 req-74f08b3d-5e74-40cb-801c-2fdbd62876cf a754bae6f1a04627af4b07292851ad2c d4f72008438441d799b5c7b357853935 - - 5c41aad2933c46f48380ba9f661a8615 5c41aad2933c46f48380ba9f661a8615] 199.204.45.4 "GET /v2.0/ports?device_id=a985314d-8844-4d2a-aba0-ebe06c0ad893&fields=binding%3Ahost_id&fields=binding%3Avif_type HTTP/1.1" status: 200 len: 265 time: 0.0721154
2026-07-15 00:12:42.334 9 INFO neutron.db.ovn_revision_numbers_db [None req-d5a10231-3eba-4cbf-8d6d-b5a73504181b 737d1fff38454a899e9c3661ae22a396 ebc8d4f014b34386ac07432be8807d26 - - default default] Successfully bumped revision number for resource 7fd57877-d679-437a-8bd5-be136c771771 (type: floatingips) to 1
2026-07-15 00:12:42.349 10 INFO neutron.wsgi [req-908f7ac0-969f-4f3d-98e6-12d0f66c5809 req-e8dd6a45-dd3b-4ffb-b44c-f79223a95e84 a754bae6f1a04627af4b07292851ad2c d4f72008438441d799b5c7b357853935 - - 5c41aad2933c46f48380ba9f661a8615 5c41aad2933c46f48380ba9f661a8615] 199.204.45.4 "GET /v2.0/ports?tenant_id=ebc8d4f014b34386ac07432be8807d26&device_id=a985314d-8844-4d2a-aba0-ebe06c0ad893 HTTP/1.1" status: 200 len: 1409 time: 0.0507846
2026-07-15 00:12:42.353 10 INFO neutron.db.ovn_revision_numbers_db [None req-a5a4e7d2-b90d-4d28-984a-2640a158154e - - - - - -] Successfully bumped revision number for resource 53d1f263-d234-42b3-b706-d95cbb000d85 (type: ports) to 2
2026-07-15 00:12:42.407 10 ERROR ovsdbapp.backend.ovs_idl.command [None req-e48c42bc-d8d6-45f0-b448-7b58e57c7e61 851b7c2d5e414e4295867e176e51c3f5 d37282b52f0c42eeb9a5de6b4a37b929 - - default default] Error executing command (DbGetCommand): ovsdbapp.backend.ovs_idl.idlutils.RowNotFound: Cannot find Logical_Router_Port with name=lrp-735f0696-7a4c-4ff0-8252-421c6e32cd02
2026-07-15 00:12:42.407 10 ERROR ovsdbapp.backend.ovs_idl.command
Traceback (most recent call last):
2026-07-15 00:12:42.407 10 ERROR ovsdbapp.backend.ovs_idl.command
File "/var/lib/openstack/lib/python3.10/site-packages/ovsdbapp/backend/ovs_idl/command.py", line 47, in execute
2026-07-15 00:12:42.407 10 ERROR ovsdbapp.backend.ovs_idl.command self.run_idl(None)
2026-07-15 00:12:42.407 10 ERROR ovsdbapp.backend.ovs_idl.command
File "/var/lib/openstack/lib/python3.10/site-packages/ovsdbapp/backend/ovs_idl/command.py", line 235, in run_idl
2026-07-15 00:12:42.407 10 ERROR ovsdbapp.backend.ovs_idl.command record = self.api.lookup(self.table, self.record)
2026-07-15 00:12:42.407 10 ERROR ovsdbapp.backend.ovs_idl.command
File "/var/lib/openstack/lib/python3.10/site-packages/ovsdbapp/backend/ovs_idl/__init__.py", line 184, in lookup
2026-07-15 00:12:42.407 10 ERROR ovsdbapp.backend.ovs_idl.command return self._lookup(table, record)
2026-07-15 00:12:42.407 10 ERROR ovsdbapp.backend.ovs_idl.command
File "/var/lib/openstack/lib/python3.10/site-packages/ovsdbapp/backend/ovs_idl/__init__.py", line 235, in _lookup
2026-07-15 00:12:42.407 10 ERROR ovsdbapp.backend.ovs_idl.command row = idlutils.row_by_value(self, rl.table, rl.column, record)
2026-07-15 00:12:42.407 10 ERROR ovsdbapp.backend.ovs_idl.command
File "/var/lib/openstack/lib/python3.10/site-packages/ovsdbapp/backend/ovs_idl/idlutils.py", line 114, in row_by_value
2026-07-15 00:12:42.407 10 ERROR ovsdbapp.backend.ovs_idl.command raise RowNotFound(table=table, col=column, match=match)
2026-07-15 00:12:42.407 10 ERROR ovsdbapp.backend.ovs_idl.command ovsdbapp.backend.ovs_idl.idlutils.RowNotFound: Cannot find Logical_Router_Port with name=lrp-735f0696-7a4c-4ff0-8252-421c6e32cd02
2026-07-15 00:12:42.407 10 ERROR ovsdbapp.backend.ovs_idl.command 
2026-07-15 00:12:42.408 10 ERROR neutron_lib.callbacks.manager [None req-e48c42bc-d8d6-45f0-b448-7b58e57c7e61 851b7c2d5e414e4295867e176e51c3f5 d37282b52f0c42eeb9a5de6b4a37b929 - - default default] Error during notification for neutron.services.ovn_l3.plugin.OVNL3RouterPlugin._port_update-8771991230173 port, after_update: ovsdbapp.backend.ovs_idl.idlutils.RowNotFound: Cannot find Logical_Router_Port with name=lrp-735f0696-7a4c-4ff0-8252-421c6e32cd02
2026-07-15 00:12:42.408 10 ERROR neutron_lib.callbacks.manager
Traceback (most recent call last):
2026-07-15 00:12:42.408 10 ERROR neutron_lib.callbacks.manager
File "/var/lib/openstack/lib/python3.10/site-packages/neutron_lib/callbacks/manager.py", line 189, in _notify_loop
2026-07-15 00:12:42.408 10 ERROR neutron_lib.callbacks.manager callback.method(resource, event, trigger, payload=payload)
2026-07-15 00:12:42.408 10 ERROR neutron_lib.callbacks.manager
File "/var/lib/openstack/lib/python3.10/site-packages/neutron/services/ovn_l3/plugin.py", line 391, in _port_update
2026-07-15 00:12:42.408 10 ERROR neutron_lib.callbacks.manager l3plugin._ovn_client.update_router_port(context,
2026-07-15 00:12:42.408 10 ERROR neutron_lib.callbacks.manager
File "/var/lib/openstack/lib/python3.10/site-packages/neutron/plugins/ml2/drivers/ovn/mech_driver/ovsdb/ovn_client.py", line 1878, in update_router_port
2026-07-15 00:12:42.408 10 ERROR neutron_lib.callbacks.manager self._update_lrouter_port(context, port, if_exists=if_exists,
2026-07-15 00:12:42.408 10 ERROR neutron_lib.callbacks.manager
File "/var/lib/openstack/lib/python3.10/site-packages/neutron/plugins/ml2/drivers/ovn/mech_driver/ovsdb/ovn_client.py", line 1855, in _update_lrouter_port
2026-07-15 00:12:42.408 10 ERROR neutron_lib.callbacks.manager external_ids = self._nb_idl.db_get(
2026-07-15 00:12:42.408 10 ERROR neutron_lib.callbacks.manager
File "/var/lib/openstack/lib/python3.10/site-packages/ovsdbapp/backend/ovs_idl/command.py", line 47, in execute
2026-07-15 00:12:42.408 10 ERROR neutron_lib.callbacks.manager self.run_idl(None)
2026-07-15 00:12:42.408 10 ERROR neutron_lib.callbacks.manager
File "/var/lib/openstack/lib/python3.10/site-packages/ovsdbapp/backend/ovs_idl/command.py", line 235, in run_idl
2026-07-15 00:12:42.408 10 ERROR neutron_lib.callbacks.manager record = self.api.lookup(self.table, self.record)
2026-07-15 00:12:42.408 10 ERROR neutron_lib.callbacks.manager
File "/var/lib/openstack/lib/python3.10/site-packages/ovsdbapp/backend/ovs_idl/__init__.py", line 184, in lookup
2026-07-15 00:12:42.408 10 ERROR neutron_lib.callbacks.manager return self._lookup(table, record)
2026-07-15 00:12:42.408 10 ERROR neutron_lib.callbacks.manager
File "/var/lib/openstack/lib/python3.10/site-packages/ovsdbapp/backend/ovs_idl/__init__.py", line 235, in _lookup
2026-07-15 00:12:42.408 10 ERROR neutron_lib.callbacks.manager row = idlutils.row_by_value(self, rl.table, rl.column, record)
2026-07-15 00:12:42.408 10 ERROR neutron_lib.callbacks.manager
File "/var/lib/openstack/lib/python3.10/site-packages/ovsdbapp/backend/ovs_idl/idlutils.py", line 114, in row_by_value
2026-07-15 00:12:42.408 10 ERROR neutron_lib.callbacks.manager raise RowNotFound(table=table, col=column, match=match)
2026-07-15 00:12:42.408 10 ERROR neutron_lib.callbacks.manager ovsdbapp.backend.ovs_idl.idlutils.RowNotFound: Cannot find Logical_Router_Port with name=lrp-735f0696-7a4c-4ff0-8252-421c6e32cd02
2026-07-15 00:12:42.408 10 ERROR neutron_lib.callbacks.manager 
2026-07-15 00:12:42.409 9 INFO neutron.db.ovn_revision_numbers_db [None req-7889d67f-c940-4bb2-b0c0-ef0a8c010475 851b7c2d5e414e4295867e176e51c3f5 d37282b52f0c42eeb9a5de6b4a37b929 - - default default] Successfully bumped revision number for resource cdb34b40-8cf3-4db3-9627-6a144159c108 (type: ports) to 1
2026-07-15 00:12:42.464 10 INFO neutron.wsgi [req-908f7ac0-969f-4f3d-98e6-12d0f66c5809 req-09b18e30-f2a8-485b-8e5a-160785791560 a754bae6f1a04627af4b07292851ad2c d4f72008438441d799b5c7b357853935 - - 5c41aad2933c46f48380ba9f661a8615 5c41aad2933c46f48380ba9f661a8615] 199.204.45.4 "GET /v2.0/networks?id=4726607e-fa81-4137-a81a-440319df2780 HTTP/1.1" status: 200 len: 974 time: 0.0896473
2026-07-15 00:12:42.532 9 INFO neutron.db.ovn_revision_numbers_db [None req-d5a10231-3eba-4cbf-8d6d-b5a73504181b 737d1fff38454a899e9c3661ae22a396 ebc8d4f014b34386ac07432be8807d26 - - default default] Successfully bumped revision number for resource 7fd57877-d679-437a-8bd5-be136c771771 (type: floatingips) to 2
2026-07-15 00:12:42.532 9 INFO neutron.db.l3_db [None req-d5a10231-3eba-4cbf-8d6d-b5a73504181b 737d1fff38454a899e9c3661ae22a396 ebc8d4f014b34386ac07432be8807d26 - - default default] Floating IP 7fd57877-d679-437a-8bd5-be136c771771 associated. External IP: 10.96.250.217, port: aa479474-5644-4cc4-ab37-b145c997391a.
2026-07-15 00:12:42.577 10 INFO neutron.wsgi [req-908f7ac0-969f-4f3d-98e6-12d0f66c5809 req-121d827b-0a52-4678-b145-d2d0eba24604 a754bae6f1a04627af4b07292851ad2c d4f72008438441d799b5c7b357853935 - - 5c41aad2933c46f48380ba9f661a8615 5c41aad2933c46f48380ba9f661a8615] 199.204.45.4 "GET /v2.0/floatingips?fixed_ip_address=10.100.0.8&port_id=aa479474-5644-4cc4-ab37-b145c997391a HTTP/1.1" status: 200 len: 1059 time: 0.1039310
2026-07-15 00:12:42.577 9 INFO neutron.wsgi [None req-d5a10231-3eba-4cbf-8d6d-b5a73504181b 737d1fff38454a899e9c3661ae22a396 ebc8d4f014b34386ac07432be8807d26 - - default default] 10.0.0.217 "PUT /v2.0/floatingips/7fd57877-d679-437a-8bd5-be136c771771 HTTP/1.1" status: 200 len: 1049 time: 1.4350181
2026-07-15 00:12:42.621 9 INFO neutron.notifiers.nova [-] Nova event matching ['req-fb91388d-a038-4a3f-bc32-b31c7c262a2a'] response: {'name': 'network-changed', 'server_uuid': 'a985314d-8844-4d2a-aba0-ebe06c0ad893', 'tag': 'aa479474-5644-4cc4-ab37-b145c997391a', 'status': 'completed', 'code': 200}
2026-07-15 00:12:42.641 10 INFO neutron.wsgi [req-908f7ac0-969f-4f3d-98e6-12d0f66c5809 req-85ba2927-e9e3-4a88-a757-eb1e1f5c3190 a754bae6f1a04627af4b07292851ad2c d4f72008438441d799b5c7b357853935 - - 5c41aad2933c46f48380ba9f661a8615 5c41aad2933c46f48380ba9f661a8615] 199.204.45.4 "GET /v2.0/subnets?id=c4ad20fb-c736-43a9-acfd-bfc17b21e8b0 HTTP/1.1" status: 200 len: 869 time: 0.0503702
2026-07-15 00:12:42.691 10 INFO neutron.wsgi [req-908f7ac0-969f-4f3d-98e6-12d0f66c5809 req-12197d9b-d80d-493a-9275-3462b3ae7675 a754bae6f1a04627af4b07292851ad2c d4f72008438441d799b5c7b357853935 - - 5c41aad2933c46f48380ba9f661a8615 5c41aad2933c46f48380ba9f661a8615] 199.204.45.4 "GET /v2.0/ports?network_id=4726607e-fa81-4137-a81a-440319df2780&device_owner=network%3Adhcp HTTP/1.1" status: 200 len: 210 time: 0.0343943
2026-07-15 00:12:42.744 10 INFO neutron.wsgi [req-96519071-9c50-4ea7-bdbc-03dd318e5721 req-2526d676-2b1a-400c-8199-76ce2913d103 737d1fff38454a899e9c3661ae22a396 ebc8d4f014b34386ac07432be8807d26 - - default default] 10.0.0.93 "GET /v2.0/ports?device_id=a985314d-8844-4d2a-aba0-ebe06c0ad893 HTTP/1.1" status: 200 len: 1170 time: 0.1137407
2026-07-15 00:12:42.876 10 INFO neutron.wsgi [req-908f7ac0-969f-4f3d-98e6-12d0f66c5809 req-84e7a66d-8afd-431d-a77c-9f068a71462d a754bae6f1a04627af4b07292851ad2c d4f72008438441d799b5c7b357853935 - - 5c41aad2933c46f48380ba9f661a8615 5c41aad2933c46f48380ba9f661a8615] 199.204.45.4 "GET /v2.0/networks/4726607e-fa81-4137-a81a-440319df2780?fields=segments HTTP/1.1" status: 200 len: 212 time: 0.1782675
2026-07-15 00:12:42.899 10 INFO neutron.wsgi [req-96519071-9c50-4ea7-bdbc-03dd318e5721 req-f37a414b-4f66-4640-9c27-c3d777916b19 737d1fff38454a899e9c3661ae22a396 ebc8d4f014b34386ac07432be8807d26 - - default default] 10.0.0.93 "GET /v2.0/security-groups?id=c92052e3-b121-4d25-b07a-9d345bf14787&fields=id&fields=name HTTP/1.1" status: 200 len: 312 time: 0.1411195
2026-07-15 00:12:43.012 10 INFO neutron.wsgi [req-908f7ac0-969f-4f3d-98e6-12d0f66c5809 req-0a56401f-5427-4d6f-bc50-ebcd4725a7dd a754bae6f1a04627af4b07292851ad2c d4f72008438441d799b5c7b357853935 - - 5c41aad2933c46f48380ba9f661a8615 5c41aad2933c46f48380ba9f661a8615] 199.204.45.4 "GET /v2.0/networks/4726607e-fa81-4137-a81a-440319df2780?fields=provider%3Aphysical_network&fields=provider%3Anetwork_type HTTP/1.1" status: 200 len: 277 time: 0.1253824
2026-07-15 00:12:43.018 10 INFO neutron.db.ovn_revision_numbers_db [None req-e48c42bc-d8d6-45f0-b448-7b58e57c7e61 851b7c2d5e414e4295867e176e51c3f5 d37282b52f0c42eeb9a5de6b4a37b929 - - default default] Successfully bumped revision number for resource 735f0696-7a4c-4ff0-8252-421c6e32cd02 (type: ports) to 1
2026-07-15 00:12:43.018 9 INFO neutron.wsgi [req-15bfcd26-144e-4fed-bfdd-c78cd953de08 req-ea1fd7aa-1f3b-4963-916e-ff47ee25a1cb 13015066944440599dc8487afe57e18f 550abc37db8b4c95b6ce3ea3cce32e05 - - default default] 10.0.0.93 "GET /v2.0/ports?device_id=18337e83-39a9-45e9-b3ac-4bdd0fc64ed6 HTTP/1.1" status: 200 len: 1168 time: 0.1220422
2026-07-15 00:12:43.079 9 INFO neutron.wsgi [req-15bfcd26-144e-4fed-bfdd-c78cd953de08 req-77bfff02-068b-4329-ad48-f7c42f4d2f7a 13015066944440599dc8487afe57e18f 550abc37db8b4c95b6ce3ea3cce32e05 - - default default] 10.0.0.93 "GET /v2.0/security-groups?id=64976352-9a9d-4e8f-a740-f9fa9c2970cf&fields=id&fields=name HTTP/1.1" status: 200 len: 312 time: 0.0510073
2026-07-15 00:12:43.147 10 INFO neutron.wsgi [req-2db8597d-b5f0-431a-8128-d40d732806ce req-49a6371b-aebc-483e-979f-04aa6768c9ee a754bae6f1a04627af4b07292851ad2c d4f72008438441d799b5c7b357853935 - - 5c41aad2933c46f48380ba9f661a8615 5c41aad2933c46f48380ba9f661a8615] 199.204.45.4 "GET /v2.0/ports?tenant_id=ebc8d4f014b34386ac07432be8807d26&device_id=a985314d-8844-4d2a-aba0-ebe06c0ad893 HTTP/1.1" status: 200 len: 1409 time: 0.0881009
2026-07-15 00:12:43.158 10 WARNING neutron.scheduler.dhcp_agent_scheduler [None req-e48c42bc-d8d6-45f0-b448-7b58e57c7e61 851b7c2d5e414e4295867e176e51c3f5 d37282b52f0c42eeb9a5de6b4a37b929 - - default default] No more DHCP agents
2026-07-15 00:12:43.159 10 WARNING neutron.api.rpc.agentnotifiers.dhcp_rpc_agent_api [None req-e48c42bc-d8d6-45f0-b448-7b58e57c7e61 851b7c2d5e414e4295867e176e51c3f5 d37282b52f0c42eeb9a5de6b4a37b929 - - default default] Unable to schedule network 4d1f6520-6951-4bf4-8e6e-2446a70cdd3c: no agents available; will retry on subsequent port and subnet creation events.
2026-07-15 00:12:43.237 9 INFO neutron.plugins.ml2.drivers.ovn.mech_driver.ovsdb.commands [None req-0a8bd426-bdde-4d07-8805-1102f97e05f2 - - - - - -] Schedule LRP lrp-cdb34b40-8cf3-4db3-9627-6a144159c108 on gateway 84088eff-252a-4915-9c95-760fd31e4e38 with priority 1
2026-07-15 00:12:43.275 9 INFO neutron.plugins.ml2.drivers.ovn.mech_driver.ovsdb.ovsdb_monitor [None req-6546944e-fc8b-4466-8222-37d43300598a - - - - - -] Router 8668a35f-c10c-4105-b3cd-1eb94b21196d is bound to host instance
2026-07-15 00:12:43.275 10 INFO neutron.wsgi [req-2db8597d-b5f0-431a-8128-d40d732806ce req-4ad1e38f-10f2-4564-b809-eeceef8c3ac0 a754bae6f1a04627af4b07292851ad2c d4f72008438441d799b5c7b357853935 - - 5c41aad2933c46f48380ba9f661a8615 5c41aad2933c46f48380ba9f661a8615] 199.204.45.4 "GET /v2.0/networks?id=4726607e-fa81-4137-a81a-440319df2780 HTTP/1.1" status: 200 len: 974 time: 0.1098452
2026-07-15 00:12:43.278 10 INFO neutron.db.ovn_revision_numbers_db [None req-a5a4e7d2-b90d-4d28-984a-2640a158154e - - - - - -] Successfully bumped revision number for resource 53d1f263-d234-42b3-b706-d95cbb000d85 (type: ports) to 4
2026-07-15 00:12:43.293 9 INFO neutron.db.ovn_revision_numbers_db [None req-7889d67f-c940-4bb2-b0c0-ef0a8c010475 851b7c2d5e414e4295867e176e51c3f5 d37282b52f0c42eeb9a5de6b4a37b929 - - default default] Successfully bumped revision number for resource cdb34b40-8cf3-4db3-9627-6a144159c108 (type: router_ports) to 1
2026-07-15 00:12:43.452 9 INFO neutron.db.ovn_revision_numbers_db [None req-7889d67f-c940-4bb2-b0c0-ef0a8c010475 851b7c2d5e414e4295867e176e51c3f5 d37282b52f0c42eeb9a5de6b4a37b929 - - default default] Successfully bumped revision number for resource 8668a35f-c10c-4105-b3cd-1eb94b21196d (type: routers) to 2
2026-07-15 00:12:43.473 9 INFO neutron.wsgi [None req-7889d67f-c940-4bb2-b0c0-ef0a8c010475 851b7c2d5e414e4295867e176e51c3f5 d37282b52f0c42eeb9a5de6b4a37b929 - - default default] 10.0.0.217 "POST /v2.0/routers HTTP/1.1" status: 201 len: 1175 time: 2.6272116
2026-07-15 00:12:43.511 10 INFO neutron.plugins.ml2.drivers.ovn.mech_driver.mech_driver [None req-54af771d-6cd2-404c-b450-159907c9d9b0 - - - - - -] OVN reports status down for port: aa479474-5644-4cc4-ab37-b145c997391a
2026-07-15 00:12:43.524 9 INFO neutron.wsgi [req-2963d2c4-12d6-4b14-b2e7-ec96fcef83ba req-e255ba79-343f-4c31-aabd-d34b69f7a663 737d1fff38454a899e9c3661ae22a396 ebc8d4f014b34386ac07432be8807d26 - - default default] 10.0.0.93 "GET /v2.0/ports?device_id=a985314d-8844-4d2a-aba0-ebe06c0ad893 HTTP/1.1" status: 200 len: 1170 time: 0.1784112
2026-07-15 00:12:43.599 10 INFO neutron.wsgi [req-2db8597d-b5f0-431a-8128-d40d732806ce req-37ba4a34-6986-4eb2-9657-4b7ea32a1f92 a754bae6f1a04627af4b07292851ad2c d4f72008438441d799b5c7b357853935 - - 5c41aad2933c46f48380ba9f661a8615 5c41aad2933c46f48380ba9f661a8615] 199.204.45.4 "GET /v2.0/floatingips?fixed_ip_address=10.100.0.8&port_id=aa479474-5644-4cc4-ab37-b145c997391a HTTP/1.1" status: 200 len: 1059 time: 0.3037384
2026-07-15 00:12:43.651 9 INFO neutron.wsgi [req-2963d2c4-12d6-4b14-b2e7-ec96fcef83ba req-104434f3-f485-420b-87ff-a0accf431b8f 737d1fff38454a899e9c3661ae22a396 ebc8d4f014b34386ac07432be8807d26 - - default default] 10.0.0.93 "GET /v2.0/security-groups?id=c92052e3-b121-4d25-b07a-9d345bf14787&fields=id&fields=name HTTP/1.1" status: 200 len: 312 time: 0.1169827
2026-07-15 00:12:43.716 10 INFO neutron.wsgi [req-2db8597d-b5f0-431a-8128-d40d732806ce req-5566929e-9523-4854-a9e8-3eaa1f8e5c9d a754bae6f1a04627af4b07292851ad2c d4f72008438441d799b5c7b357853935 - - 5c41aad2933c46f48380ba9f661a8615 5c41aad2933c46f48380ba9f661a8615] 199.204.45.4 "GET /v2.0/subnets?id=c4ad20fb-c736-43a9-acfd-bfc17b21e8b0 HTTP/1.1" status: 200 len: 869 time: 0.1092923
2026-07-15 00:12:43.765 9 WARNING neutron.plugins.ml2.drivers.ovn.mech_driver.ovsdb.ovn_client [None req-ba97e2e0-8c8a-46c9-aec5-5954db8ceda4 - - - - - -] No hosting information found for port 28e2326c-dec6-4d05-9dcf-dfa5246be449: RuntimeError: No hosting information found for port 28e2326c-dec6-4d05-9dcf-dfa5246be449
2026-07-15 00:12:43.765 9 INFO neutron.plugins.ml2.drivers.ovn.mech_driver.mech_driver [None req-ba97e2e0-8c8a-46c9-aec5-5954db8ceda4 - - - - - -] OVN reports status up for port: d52fcb12-f635-449b-8e7a-94276610223b
2026-07-15 00:12:43.780 9 INFO neutron.wsgi [req-d344854b-4627-4abd-97a4-fc72d6171442 req-29381c98-ac18-44fc-853d-fa92854a4a3a 737d1fff38454a899e9c3661ae22a396 ebc8d4f014b34386ac07432be8807d26 - - default default] 199.204.45.4 "GET /v2.0/ports?device_id=a985314d-8844-4d2a-aba0-ebe06c0ad893 HTTP/1.1" status: 200 len: 1170 time: 0.0733888
2026-07-15 00:12:43.782 10 INFO neutron.wsgi [req-2db8597d-b5f0-431a-8128-d40d732806ce req-880040f5-38c9-4e9c-acac-89b7f4824bd6 a754bae6f1a04627af4b07292851ad2c d4f72008438441d799b5c7b357853935 - - 5c41aad2933c46f48380ba9f661a8615 5c41aad2933c46f48380ba9f661a8615] 199.204.45.4 "GET /v2.0/ports?network_id=4726607e-fa81-4137-a81a-440319df2780&device_owner=network%3Adhcp HTTP/1.1" status: 200 len: 210 time: 0.0502660
2026-07-15 00:12:43.797 9 INFO neutron.plugins.ml2.plugin [None req-ba97e2e0-8c8a-46c9-aec5-5954db8ceda4 - - - - - -] Attempt 1 to provision port d52fcb12-f635-449b-8e7a-94276610223b
2026-07-15 00:12:43.947 10 INFO neutron.notifiers.nova [-] Nova event matching ['req-b4037291-824e-477f-a661-9db0feee7131'] response: {'server_uuid': 'a985314d-8844-4d2a-aba0-ebe06c0ad893', 'name': 'network-vif-unplugged', 'status': 'completed', 'tag': 'aa479474-5644-4cc4-ab37-b145c997391a', 'code': 200}
2026-07-15 00:12:44.008 10 INFO neutron.wsgi [req-2db8597d-b5f0-431a-8128-d40d732806ce req-195a4733-d9b6-4459-b85a-e64c997f5f3d a754bae6f1a04627af4b07292851ad2c d4f72008438441d799b5c7b357853935 - - 5c41aad2933c46f48380ba9f661a8615 5c41aad2933c46f48380ba9f661a8615] 199.204.45.4 "GET /v2.0/networks/4726607e-fa81-4137-a81a-440319df2780?fields=segments HTTP/1.1" status: 200 len: 212 time: 0.2103002
2026-07-15 00:12:44.183 10 INFO neutron.wsgi [req-2db8597d-b5f0-431a-8128-d40d732806ce req-3b7bdacf-5f8f-45d6-b888-6f6f5dcbf8c4 a754bae6f1a04627af4b07292851ad2c d4f72008438441d799b5c7b357853935 - - 5c41aad2933c46f48380ba9f661a8615 5c41aad2933c46f48380ba9f661a8615] 199.204.45.4 "GET /v2.0/networks/4726607e-fa81-4137-a81a-440319df2780?fields=provider%3Aphysical_network&fields=provider%3Anetwork_type HTTP/1.1" status: 200 len: 277 time: 0.1679664
2026-07-15 00:12:44.272 10 INFO neutron.db.ovn_revision_numbers_db [None req-a5a4e7d2-b90d-4d28-984a-2640a158154e - - - - - -] Successfully bumped revision number for resource 53d1f263-d234-42b3-b706-d95cbb000d85 (type: router_ports) to 4
2026-07-15 00:12:44.372 10 INFO neutron.db.ovn_revision_numbers_db [None req-54af771d-6cd2-404c-b450-159907c9d9b0 - - - - - -] Successfully bumped revision number for resource aa479474-5644-4cc4-ab37-b145c997391a (type: ports) to 5
2026-07-15 00:12:44.496 9 INFO neutron.wsgi [req-f33a3eb5-524b-408f-ad5b-638df302c54a req-41e5f42a-2b5d-49b0-ab47-305c11342af4 13015066944440599dc8487afe57e18f 550abc37db8b4c95b6ce3ea3cce32e05 - - default default] 10.0.0.93 "GET /v2.0/ports?device_id=18337e83-39a9-45e9-b3ac-4bdd0fc64ed6 HTTP/1.1" status: 200 len: 1170 time: 0.2055140
2026-07-15 00:12:44.501 10 INFO neutron.wsgi [-] 10.0.0.102 "GET / HTTP/1.1" status: 200 len: 246 time: 0.0015020
2026-07-15 00:12:44.502 10 INFO neutron.wsgi [-] 10.0.0.102 "GET / HTTP/1.1" status: 200 len: 246 time: 0.0009091
2026-07-15 00:12:44.672 9 INFO neutron.notifiers.nova [-] Nova event matching ['req-a27eefdc-979d-491a-bf53-09feee75d9bb'] response: {'server_uuid': '18337e83-39a9-45e9-b3ac-4bdd0fc64ed6', 'name': 'network-vif-plugged', 'status': 'completed', 'tag': 'd52fcb12-f635-449b-8e7a-94276610223b', 'code': 200}
2026-07-15 00:12:44.684 9 INFO neutron.wsgi [req-f33a3eb5-524b-408f-ad5b-638df302c54a req-f73bf53f-75d1-47a2-b1a3-0940df88fcf0 13015066944440599dc8487afe57e18f 550abc37db8b4c95b6ce3ea3cce32e05 - - default default] 10.0.0.93 "GET /v2.0/security-groups?id=64976352-9a9d-4e8f-a740-f9fa9c2970cf&fields=id&fields=name HTTP/1.1" status: 200 len: 312 time: 0.1767311 /var/lib/openstack/lib/python3.10/site-packages/pycadf/identifier.py:71: UserWarning: Invalid uuid: neutron. To ensure interoperability, identifiers should be a valid uuid. warnings.warn(('Invalid uuid: %s. To ensure interoperability, '
2026-07-15 00:12:44.827 10 INFO neutron.wsgi [req-fdcea904-39cd-4302-933f-f3bfd67d3403 req-467d33c4-9987-4dfa-a578-e6af3ae2d938 737d1fff38454a899e9c3661ae22a396 ebc8d4f014b34386ac07432be8807d26 - - default default] 10.0.0.93 "GET /v2.0/ports?device_id=a985314d-8844-4d2a-aba0-ebe06c0ad893 HTTP/1.1" status: 200 len: 1168 time: 0.0752363
2026-07-15 00:12:44.843 10 INFO neutron.db.ovn_revision_numbers_db [None req-e48c42bc-d8d6-45f0-b448-7b58e57c7e61 851b7c2d5e414e4295867e176e51c3f5 d37282b52f0c42eeb9a5de6b4a37b929 - - default default] Successfully bumped revision number for resource 735f0696-7a4c-4ff0-8252-421c6e32cd02 (type: router_ports) to 1
2026-07-15 00:12:44.850 10 INFO neutron.wsgi [None req-e48c42bc-d8d6-45f0-b448-7b58e57c7e61 851b7c2d5e414e4295867e176e51c3f5 d37282b52f0c42eeb9a5de6b4a37b929 - - default default] 10.0.0.217 "PUT /v2.0/routers/57ccfd86-4fbe-4eda-a1e3-3854f09b3022/add_router_interface HTTP/1.1" status: 200 len: 503 time: 4.6179039
2026-07-15 00:12:44.894 10 INFO neutron.wsgi [req-fdcea904-39cd-4302-933f-f3bfd67d3403 req-9fb27f24-e411-48f6-8669-062d7c605897 737d1fff38454a899e9c3661ae22a396 ebc8d4f014b34386ac07432be8807d26 - - default default] 10.0.0.93 "GET /v2.0/security-groups?id=c92052e3-b121-4d25-b07a-9d345bf14787&fields=id&fields=name HTTP/1.1" status: 200 len: 312 time: 0.0610440
2026-07-15 00:12:45.024 9 INFO neutron.db.ovn_revision_numbers_db [None req-ba97e2e0-8c8a-46c9-aec5-5954db8ceda4 - - - - - -] Successfully bumped revision number for resource d52fcb12-f635-449b-8e7a-94276610223b (type: ports) to 4
2026-07-15 00:12:45.372 9 INFO neutron.db.l3_db [req-d344854b-4627-4abd-97a4-fc72d6171442 req-8db96599-1168-4c1a-9dc4-e739bd91e99a 737d1fff38454a899e9c3661ae22a396 ebc8d4f014b34386ac07432be8807d26 - - default default] Floating IP 7fd57877-d679-437a-8bd5-be136c771771 disassociated. External IP: 10.96.250.217, port: aa479474-5644-4cc4-ab37-b145c997391a.
2026-07-15 00:12:45.451 9 INFO neutron.plugins.ml2.drivers.ovn.mech_driver.mech_driver [None req-ba97e2e0-8c8a-46c9-aec5-5954db8ceda4 - - - - - -] OVN reports status up for port: 735f0696-7a4c-4ff0-8252-421c6e32cd02
2026-07-15 00:12:45.490 9 WARNING neutron.scheduler.dhcp_agent_scheduler [None req-68652fb3-06bc-4aeb-abd4-b26680b76626 851b7c2d5e414e4295867e176e51c3f5 d37282b52f0c42eeb9a5de6b4a37b929 - - default default] No more DHCP agents
2026-07-15 00:12:45.493 9 INFO neutron.plugins.ml2.plugin [None req-ba97e2e0-8c8a-46c9-aec5-5954db8ceda4 - - - - - -] Attempt 1 to provision port 735f0696-7a4c-4ff0-8252-421c6e32cd02
2026-07-15 00:12:45.497 9 WARNING neutron.api.rpc.agentnotifiers.dhcp_rpc_agent_api [None req-68652fb3-06bc-4aeb-abd4-b26680b76626 851b7c2d5e414e4295867e176e51c3f5 d37282b52f0c42eeb9a5de6b4a37b929 - - default default] Unable to schedule network adf1f10f-ea85-4dea-9bca-d30e6d5086ca: no agents available; will retry on subsequent port and subnet creation events.
2026-07-15 00:12:45.684 9 INFO neutron.db.ovn_revision_numbers_db [None req-6546944e-fc8b-4466-8222-37d43300598a - - - - - -] Successfully bumped revision number for resource cdb34b40-8cf3-4db3-9627-6a144159c108 (type: ports) to 1
2026-07-15 00:12:45.720 9 INFO neutron.wsgi [req-d344854b-4627-4abd-97a4-fc72d6171442 req-8db96599-1168-4c1a-9dc4-e739bd91e99a 737d1fff38454a899e9c3661ae22a396 ebc8d4f014b34386ac07432be8807d26 - - default default] 199.204.45.4 "DELETE /v2.0/ports/aa479474-5644-4cc4-ab37-b145c997391a HTTP/1.1" status: 204 len: 173 time: 1.9272046 /var/lib/openstack/lib/python3.10/site-packages/pycadf/identifier.py:71: UserWarning: Invalid uuid: neutron. To ensure interoperability, identifiers should be a valid uuid. warnings.warn(('Invalid uuid: %s. To ensure interoperability, '
2026-07-15 00:12:45.833 10 INFO neutron.wsgi [req-d96c4d84-0668-414c-9c02-cb707b9d2727 req-be1f19fb-c058-44e7-a449-dfc184adde93 13015066944440599dc8487afe57e18f 550abc37db8b4c95b6ce3ea3cce32e05 - - default default] 10.0.0.93 "GET /v2.0/ports?device_id=18337e83-39a9-45e9-b3ac-4bdd0fc64ed6 HTTP/1.1" status: 200 len: 1170 time: 0.0523551
2026-07-15 00:12:45.839 9 INFO neutron.db.ovn_revision_numbers_db [None req-68652fb3-06bc-4aeb-abd4-b26680b76626 851b7c2d5e414e4295867e176e51c3f5 d37282b52f0c42eeb9a5de6b4a37b929 - - default default] Successfully bumped revision number for resource 5aae2dd7-16b5-44b7-9814-f95eadaa7c20 (type: ports) to 1
2026-07-15 00:12:45.902 10 INFO neutron.wsgi [req-d96c4d84-0668-414c-9c02-cb707b9d2727 req-6b46458f-6f3d-4f44-b2cf-17aec43c97b3 13015066944440599dc8487afe57e18f 550abc37db8b4c95b6ce3ea3cce32e05 - - default default] 10.0.0.93 "GET /v2.0/security-groups?id=64976352-9a9d-4e8f-a740-f9fa9c2970cf&fields=id&fields=name HTTP/1.1" status: 200 len: 312 time: 0.0621753
2026-07-15 00:12:45.972 9 INFO neutron.wsgi [req-6f9b907b-6fca-4978-be2d-99a5ff2230b4 req-6b615627-f78c-41ec-a45c-88e8359a1971 18dc66fbb7ce481dbd2ff5081450ab1a 0384f696081a4dbd960832deaeffbcf0 - - default default] 10.0.0.93 "GET /v2.0/networks?id=4d1f6520-6951-4bf4-8e6e-2446a70cdd3c HTTP/1.1" status: 200 len: 876 time: 0.1459928
2026-07-15 00:12:45.994 10 INFO neutron.wsgi [req-3e78d892-a748-4de2-a258-f250c46389ee req-7bca0775-b054-4e79-b35d-103c23342187 737d1fff38454a899e9c3661ae22a396 ebc8d4f014b34386ac07432be8807d26 - - default default] 10.0.0.93 "GET /v2.0/ports?device_id=a985314d-8844-4d2a-aba0-ebe06c0ad893 HTTP/1.1" status: 200 len: 210 time: 0.0222914
2026-07-15 00:12:46.006 9 INFO neutron.wsgi [req-6f9b907b-6fca-4978-be2d-99a5ff2230b4 req-55de5083-5736-4a92-a328-747b5afb7736 18dc66fbb7ce481dbd2ff5081450ab1a 0384f696081a4dbd960832deaeffbcf0 - - default default] 10.0.0.93 "GET /v2.0/quotas/0384f696081a4dbd960832deaeffbcf0 HTTP/1.1" status: 200 len: 491 time: 0.0215535
2026-07-15 00:12:46.098 10 INFO neutron.wsgi [req-5c305cc7-2f50-4bb9-8510-7ccc9e4c7966 req-a642fba5-4d28-409c-8f19-d20feef2af4e 13015066944440599dc8487afe57e18f 550abc37db8b4c95b6ce3ea3cce32e05 - - default default] 10.0.0.93 "GET /v2.0/ports?device_id=18337e83-39a9-45e9-b3ac-4bdd0fc64ed6 HTTP/1.1" status: 200 len: 1170 time: 0.0543873
2026-07-15 00:12:46.134 10 INFO neutron.notifiers.nova [-] Nova event matching ['req-da1ac7da-737b-46eb-9de0-d1c6edb963c6'] response: {'server_uuid': 'a985314d-8844-4d2a-aba0-ebe06c0ad893', 'name': 'network-vif-unplugged', 'status': 'completed', 'tag': 'aa479474-5644-4cc4-ab37-b145c997391a', 'code': 200}
2026-07-15 00:12:46.233 9 INFO neutron.wsgi [req-6f9b907b-6fca-4978-be2d-99a5ff2230b4 req-cc7bfb0a-5b5d-4212-88e3-b18f23356545 18dc66fbb7ce481dbd2ff5081450ab1a 0384f696081a4dbd960832deaeffbcf0 - - default default] 10.0.0.93 "GET /v2.0/ports?tenant_id=0384f696081a4dbd960832deaeffbcf0&fields=id HTTP/1.1" status: 200 len: 302 time: 0.2160006
2026-07-15 00:12:46.433 9 INFO neutron.wsgi [req-6f9b907b-6fca-4978-be2d-99a5ff2230b4 req-e54a31fd-4676-42a5-9ba7-94645700a149 a754bae6f1a04627af4b07292851ad2c d4f72008438441d799b5c7b357853935 - - 5c41aad2933c46f48380ba9f661a8615 5c41aad2933c46f48380ba9f661a8615] 10.0.0.93 "GET /v2.0/networks/4d1f6520-6951-4bf4-8e6e-2446a70cdd3c?fields=segments HTTP/1.1" status: 200 len: 212 time: 0.1919937
2026-07-15 00:12:46.542 9 INFO neutron.db.ovn_revision_numbers_db [None req-ba97e2e0-8c8a-46c9-aec5-5954db8ceda4 - - - - - -] Successfully bumped revision number for resource 735f0696-7a4c-4ff0-8252-421c6e32cd02 (type: ports) to 2
2026-07-15 00:12:46.575 9 INFO neutron.wsgi [req-6f9b907b-6fca-4978-be2d-99a5ff2230b4 req-0cf80a54-c050-43d3-8787-877951e019a5 a754bae6f1a04627af4b07292851ad2c d4f72008438441d799b5c7b357853935 - - 5c41aad2933c46f48380ba9f661a8615 5c41aad2933c46f48380ba9f661a8615] 10.0.0.93 "GET /v2.0/networks/4d1f6520-6951-4bf4-8e6e-2446a70cdd3c?fields=provider%3Aphysical_network&fields=provider%3Anetwork_type HTTP/1.1" status: 200 len: 277 time: 0.1339424
2026-07-15 00:12:46.740 10 INFO neutron.wsgi [req-8a6ddcbb-622e-487a-838a-c6e50f22a287 req-30106615-5c9b-4a39-beaa-f8958fddc676 18dc66fbb7ce481dbd2ff5081450ab1a 0384f696081a4dbd960832deaeffbcf0 - - default default] 10.0.0.93 "GET /v2.0/ports?device_id=fc1f98a9-af7c-4d54-9918-34ae5fbd98d7 HTTP/1.1" status: 200 len: 210 time: 0.0286040
