+ COMMAND=start + start + for KEYSTONE_WSGI_SCRIPT in keystone-wsgi-public ++ type -p keystone-wsgi-public + cp -a /var/lib/openstack/bin/keystone-wsgi-public /var/www/cgi-bin/keystone/ + '[' -f /etc/apache2/envvars ']' + source /etc/apache2/envvars ++ unset HOME ++ '[' '' '!=' '' ']' ++ SUFFIX= ++ export APACHE_RUN_USER=www-data ++ APACHE_RUN_USER=www-data ++ export APACHE_RUN_GROUP=www-data ++ APACHE_RUN_GROUP=www-data ++ export APACHE_PID_FILE=/var/run/apache2/apache2.pid ++ APACHE_PID_FILE=/var/run/apache2/apache2.pid ++ export APACHE_RUN_DIR=/var/run/apache2 ++ APACHE_RUN_DIR=/var/run/apache2 ++ export APACHE_LOCK_DIR=/var/lock/apache2 ++ APACHE_LOCK_DIR=/var/lock/apache2 ++ export APACHE_LOG_DIR=/var/log/apache2 ++ APACHE_LOG_DIR=/var/log/apache2 ++ export LANG=C ++ LANG=C ++ export LANG + '[' -f /var/run/apache2/apache2.pid ']' + exec apache2 -DFOREGROUND AH00558: apache2: Could not reliably determine the server's fully qualified domain name, using 10.0.0.18. Set the 'ServerName' directive globally to suppress this message AH00558: apache2: Could not reliably determine the server's fully qualified domain name, using 10.0.0.18. Set the 'ServerName' directive globally to suppress this message
[Fri Jul 17 03:54:31.878585 2026] [mpm_event:notice] [pid 1:tid 139888410855296] AH00489: Apache/2.4.58 (Ubuntu) mod_wsgi/5.0.0 Python/3.12 configured -- resuming normal operations
[Fri Jul 17 03:54:31.878732 2026] [core:notice] [pid 1:tid 139888410855296] AH00094: Command line: 'apache2 -D FOREGROUND'
[Fri Jul 17 03:55:33.088739 2026] [wsgi:error] [pid 10:tid 139887773034176] /var/lib/openstack/lib/python3.12/site-packages/oslo_utils/importutils.py:77: EventletDeprecationWarning:
[Fri Jul 17 03:55:33.088850 2026] [wsgi:error] [pid 10:tid 139887773034176] Eventlet is deprecated. It is currently being maintained in bugfix mode, and
[Fri Jul 17 03:55:33.088863 2026] [wsgi:error] [pid 10:tid 139887773034176] we strongly recommend against using it for new projects.
[Fri Jul 17 03:55:33.088872 2026] [wsgi:error] [pid 10:tid 139887773034176]
[Fri Jul 17 03:55:33.088882 2026] [wsgi:error] [pid 10:tid 139887773034176] If you are already using Eventlet, we recommend migrating to a different
[Fri Jul 17 03:55:33.088892 2026] [wsgi:error] [pid 10:tid 139887773034176] framework. For more detail see
[Fri Jul 17 03:55:33.088901 2026] [wsgi:error] [pid 10:tid 139887773034176] https://eventlet.readthedocs.io/en/latest/asyncio/migration.html
[Fri Jul 17 03:55:33.088911 2026] [wsgi:error] [pid 10:tid 139887773034176]
[Fri Jul 17 03:55:33.088920 2026] [wsgi:error] [pid 10:tid 139887773034176] __import__(import_str)
[Fri Jul 17 03:55:33.089827 2026] [wsgi:error] [pid 12:tid 139887773034176] /var/lib/openstack/lib/python3.12/site-packages/oslo_utils/importutils.py:77: EventletDeprecationWarning:
[Fri Jul 17 03:55:33.089876 2026] [wsgi:error] [pid 12:tid 139887773034176] Eventlet is deprecated. It is currently being maintained in bugfix mode, and
[Fri Jul 17 03:55:33.089878 2026] [wsgi:error] [pid 12:tid 139887773034176] we strongly recommend against using it for new projects.
[Fri Jul 17 03:55:33.089879 2026] [wsgi:error] [pid 12:tid 139887773034176]
[Fri Jul 17 03:55:33.089880 2026] [wsgi:error] [pid 12:tid 139887773034176] If you are already using Eventlet, we recommend migrating to a different
[Fri Jul 17 03:55:33.089882 2026] [wsgi:error] [pid 12:tid 139887773034176] framework. For more detail see
[Fri Jul 17 03:55:33.089884 2026] [wsgi:error] [pid 12:tid 139887773034176] https://eventlet.readthedocs.io/en/latest/asyncio/migration.html
[Fri Jul 17 03:55:33.089885 2026] [wsgi:error] [pid 12:tid 139887773034176]
[Fri Jul 17 03:55:33.089886 2026] [wsgi:error] [pid 12:tid 139887773034176] __import__(import_str) 10.0.0.99 - - [17/Jul/2026:03:55:32 +0000] "GET /v3/ HTTP/1.1" 200 249 10.0.0.99 - - [17/Jul/2026:03:55:32 +0000] "GET /v3/ HTTP/1.1" 200 249
[Fri Jul 17 03:55:45.937456 2026] [wsgi:error] [pid 9:tid 139887773034176] /var/lib/openstack/lib/python3.12/site-packages/oslo_utils/importutils.py:77: EventletDeprecationWarning:
[Fri Jul 17 03:55:45.937525 2026] [wsgi:error] [pid 9:tid 139887773034176] Eventlet is deprecated. It is currently being maintained in bugfix mode, and
[Fri Jul 17 03:55:45.937528 2026] [wsgi:error] [pid 9:tid 139887773034176] we strongly recommend against using it for new projects.
[Fri Jul 17 03:55:45.937529 2026] [wsgi:error] [pid 9:tid 139887773034176]
[Fri Jul 17 03:55:45.937531 2026] [wsgi:error] [pid 9:tid 139887773034176] If you are already using Eventlet, we recommend migrating to a different
[Fri Jul 17 03:55:45.937532 2026] [wsgi:error] [pid 9:tid 139887773034176] framework. For more detail see
[Fri Jul 17 03:55:45.937533 2026] [wsgi:error] [pid 9:tid 139887773034176] https://eventlet.readthedocs.io/en/latest/asyncio/migration.html
[Fri Jul 17 03:55:45.937535 2026] [wsgi:error] [pid 9:tid 139887773034176]
[Fri Jul 17 03:55:45.937536 2026] [wsgi:error] [pid 9:tid 139887773034176] __import__(import_str) 10.0.0.128 - - [17/Jul/2026:03:55:45 +0000] "GET / HTTP/1.1" 300 295
[Fri Jul 17 03:55:51.421915 2026] [wsgi:error] [pid 11:tid 139887773034176] /var/lib/openstack/lib/python3.12/site-packages/oslo_utils/importutils.py:77: EventletDeprecationWarning:
[Fri Jul 17 03:55:51.421954 2026] [wsgi:error] [pid 11:tid 139887773034176] Eventlet is deprecated. It is currently being maintained in bugfix mode, and
[Fri Jul 17 03:55:51.421955 2026] [wsgi:error] [pid 11:tid 139887773034176] we strongly recommend against using it for new projects.
[Fri Jul 17 03:55:51.421957 2026] [wsgi:error] [pid 11:tid 139887773034176]
[Fri Jul 17 03:55:51.421958 2026] [wsgi:error] [pid 11:tid 139887773034176] If you are already using Eventlet, we recommend migrating to a different
[Fri Jul 17 03:55:51.421959 2026] [wsgi:error] [pid 11:tid 139887773034176] framework. For more detail see
[Fri Jul 17 03:55:51.421960 2026] [wsgi:error] [pid 11:tid 139887773034176] https://eventlet.readthedocs.io/en/latest/asyncio/migration.html
[Fri Jul 17 03:55:51.421961 2026] [wsgi:error] [pid 11:tid 139887773034176]
[Fri Jul 17 03:55:51.421962 2026] [wsgi:error] [pid 11:tid 139887773034176] __import__(import_str)
[Fri Jul 17 03:55:55.959123 2026] [wsgi:error] [pid 11:tid 139887773034176] [remote 10.0.0.128:50198] 2026-07-17 03:55:55.955 11 WARNING keystone.identity.core [None req-eece1d5e-f95c-41c9-ad7c-868447fef128 - - - - - -] Invalid domain name (atmosphere) found in config file name: keystone.exception.DomainNotFound: Could not find domain: atmosphere.
[Fri Jul 17 03:55:56.016582 2026] [wsgi:error] [pid 11:tid 139887773034176] [remote 10.0.0.128:50198] 2026-07-17 03:55:56.016 11 WARNING keystone.common.password_hashing [None req-eece1d5e-f95c-41c9-ad7c-868447fef128 - - - - - -] Truncating password to algorithm specific maximum length 72 characters.
[Fri Jul 17 03:55:56.312427 2026] [wsgi:error] [pid 11:tid 139887773034176] [remote 10.0.0.128:50198] 2026-07-17 03:55:56.312 11 WARNING keystone.common.fernet_utils [None req-eece1d5e-f95c-41c9-ad7c-868447fef128 - - - - - -] key_repository is world readable: /etc/keystone/fernet-keys/ 10.0.0.128 - - [17/Jul/2026:03:55:50 +0000] "POST /v3/auth/tokens HTTP/1.1" 201 1360
[Fri Jul 17 03:55:56.718691 2026] [wsgi:error] [pid 10:tid 139887773034176] [remote 10.0.0.128:50198] 2026-07-17 03:55:56.716 10 WARNING keystone.identity.core [None req-e652463e-e6c7-4fef-8e80-b64c55c7191a - - - - - -] Invalid domain name (atmosphere) found in config file name: keystone.exception.DomainNotFound: Could not find domain: atmosphere. 10.0.0.128 - - [17/Jul/2026:03:55:56 +0000] "POST /v3/domains HTTP/1.1" 201 261 10.0.0.100 - - [17/Jul/2026:03:56:08 +0000] "GET / HTTP/1.1" 300 295
[Fri Jul 17 03:56:08.643449 2026] [wsgi:error] [pid 9:tid 139887773034176] [remote 10.0.0.100:41824] 2026-07-17 03:56:08.642 9 WARNING keystone.common.password_hashing [None req-a986afc3-f263-476f-8b67-04f64c908206 - - - - - -] Truncating password to algorithm specific maximum length 72 characters.
[Fri Jul 17 03:56:08.928971 2026] [wsgi:error] [pid 9:tid 139887773034176] [remote 10.0.0.100:41824] 2026-07-17 03:56:08.928 9 WARNING keystone.common.fernet_utils [None req-a986afc3-f263-476f-8b67-04f64c908206 - - - - - -] key_repository is world readable: /etc/keystone/fernet-keys/ 10.0.0.100 - - [17/Jul/2026:03:56:08 +0000] "POST /v3/auth/tokens HTTP/1.1" 201 1360 10.0.0.100 - - [17/Jul/2026:03:56:09 +0000] "GET /v3/roles/admin HTTP/1.1" 404 83
[Fri Jul 17 03:56:09.168255 2026] [wsgi:error] [pid 10:tid 139887773034176] [remote 10.0.0.100:41824] 2026-07-17 03:56:09.167 10 WARNING keystone.common.rbac_enforcer.enforcer [None req-090a0706-d770-46f6-881b-4b85beb26bdc 4f5d4de164d34238949785a1d3a02c4b 96a51f393b6847b9a19a4c3076325c63 - - default default] Deprecated policy rules found. Use oslopolicy-policy-generator and oslopolicy-policy-upgrade to detect and resolve deprecated policies in your configuration. 10.0.0.100 - - [17/Jul/2026:03:56:09 +0000] "GET /v3/roles?name=admin HTTP/1.1" 200 389
[Fri Jul 17 03:56:09.654134 2026] [wsgi:error] [pid 12:tid 139887773034176] [remote 10.0.0.100:41824] 2026-07-17 03:56:09.653 12 WARNING keystone.common.rbac_enforcer.enforcer [None req-7a5ff8e6-594e-475d-9217-6a55ec987b6e 4f5d4de164d34238949785a1d3a02c4b 96a51f393b6847b9a19a4c3076325c63 - - default default] Deprecated policy rules found. Use oslopolicy-policy-generator and oslopolicy-policy-upgrade to detect and resolve deprecated policies in your configuration. 10.0.0.100 - - [17/Jul/2026:03:56:09 +0000] "GET /v3/users/admin-RegionOne HTTP/1.1" 404 93
[Fri Jul 17 03:56:09.813861 2026] [wsgi:error] [pid 9:tid 139887773034176] [remote 10.0.0.100:41824] 2026-07-17 03:56:09.813 9 WARNING keystone.common.rbac_enforcer.enforcer [None req-b6cdae91-bd7d-4b6e-a535-0cc985f6de57 4f5d4de164d34238949785a1d3a02c4b 96a51f393b6847b9a19a4c3076325c63 - - default default] Deprecated policy rules found. Use oslopolicy-policy-generator and oslopolicy-policy-upgrade to detect and resolve deprecated policies in your configuration. 10.0.0.100 - - [17/Jul/2026:03:56:09 +0000] "GET /v3/users?name=admin-RegionOne HTTP/1.1" 200 422
[Fri Jul 17 03:56:10.104000 2026] [wsgi:error] [pid 11:tid 139887773034176] [remote 10.0.0.100:41824] 2026-07-17 03:56:10.103 11 WARNING keystone.common.rbac_enforcer.enforcer [None req-a8ff0145-33bd-43dc-959a-b07c377bad74 4f5d4de164d34238949785a1d3a02c4b 96a51f393b6847b9a19a4c3076325c63 - - default default] Deprecated policy rules found. Use oslopolicy-policy-generator and oslopolicy-policy-upgrade to detect and resolve deprecated policies in your configuration. 10.0.0.100 - - [17/Jul/2026:03:56:09 +0000] "GET /v3/domains/default HTTP/1.1" 200 224 10.0.0.100 - - [17/Jul/2026:03:56:10 +0000] "PUT /v3/domains/default/users/4f5d4de164d34238949785a1d3a02c4b/roles/c04243d0007f442690541b7ea0a09e1b HTTP/1.1" 204 - 10.0.0.99 - - [17/Jul/2026:03:56:20 +0000] "GET / HTTP/1.1" 300 281 10.0.0.99 - - [17/Jul/2026:03:56:21 +0000] "GET /v3 HTTP/1.1" 200 266
[Fri Jul 17 03:56:21.800577 2026] [wsgi:error] [pid 11:tid 139887773034176] [remote 10.0.0.99:39612] 2026-07-17 03:56:21.800 11 WARNING keystone.common.password_hashing [None req-feffd24a-0574-44f6-9a2f-f9809e3bf891 - - - - - -] Truncating password to algorithm specific maximum length 72 characters.
[Fri Jul 17 03:56:22.076989 2026] [wsgi:error] [pid 11:tid 139887773034176] [remote 10.0.0.99:39612] 2026-07-17 03:56:22.076 11 WARNING keystone.common.fernet_utils [None req-feffd24a-0574-44f6-9a2f-f9809e3bf891 - - - - - -] key_repository is world readable: /etc/keystone/fernet-keys/ 10.0.0.99 - - [17/Jul/2026:03:56:21 +0000] "POST /v3/auth/tokens HTTP/1.1" 201 1360 10.0.0.99 - - [17/Jul/2026:03:56:22 +0000] "GET / HTTP/1.1" 300 281 10.0.0.99 - - [17/Jul/2026:03:56:22 +0000] "GET /v3/domains/atmosphere HTTP/1.1" 404 90 10.0.0.99 - - [17/Jul/2026:03:56:22 +0000] "GET /v3/domains?name=atmosphere HTTP/1.1" 200 370 10.0.0.99 - - [17/Jul/2026:03:56:22 +0000] "GET /v3/domains/22d483b14b5746a6929909f1492625de HTTP/1.1" 200 247 10.0.0.99 - - [17/Jul/2026:03:56:23 +0000] "GET /v3 HTTP/1.1" 200 266
[Fri Jul 17 03:56:23.201362 2026] [wsgi:error] [pid 12:tid 139887773034176] [remote 10.0.0.99:39612] 2026-07-17 03:56:23.200 12 WARNING keystone.common.password_hashing [None req-fb773b6d-5801-463f-83e3-00e917510a0c - - - - - -] Truncating password to algorithm specific maximum length 72 characters.
[Fri Jul 17 03:56:23.475459 2026] [wsgi:error] [pid 12:tid 139887773034176] [remote 10.0.0.99:39612] 2026-07-17 03:56:23.475 12 WARNING keystone.common.fernet_utils [None req-fb773b6d-5801-463f-83e3-00e917510a0c - - - - - -] key_repository is world readable: /etc/keystone/fernet-keys/ 10.0.0.99 - - [17/Jul/2026:03:56:23 +0000] "POST /v3/auth/tokens HTTP/1.1" 201 1360 10.0.0.99 - - [17/Jul/2026:03:56:23 +0000] "GET / HTTP/1.1" 300 281 10.0.0.99 - - [17/Jul/2026:03:56:23 +0000] "GET /v3/OS-FEDERATION/identity_providers/atmosphere HTTP/1.1" 404 101 10.0.0.99 - - [17/Jul/2026:03:56:23 +0000] "GET /v3/OS-FEDERATION/identity_providers HTTP/1.1" 200 156 10.0.0.99 - - [17/Jul/2026:03:56:23 +0000] "PUT /v3/OS-FEDERATION/identity_providers/atmosphere HTTP/1.1" 201 342 10.0.0.99 - - [17/Jul/2026:03:56:24 +0000] "GET /v3 HTTP/1.1" 200 266
[Fri Jul 17 03:56:24.205288 2026] [wsgi:error] [pid 11:tid 139887773034176] [remote 10.0.0.99:39612] 2026-07-17 03:56:24.205 11 WARNING keystone.common.password_hashing [None req-df08e7c6-ce50-4c79-a14f-6d01dcbf4a93 - - - - - -] Truncating password to algorithm specific maximum length 72 characters.
[Fri Jul 17 03:56:24.478821 2026] [wsgi:error] [pid 11:tid 139887773034176] [remote 10.0.0.99:39612] 2026-07-17 03:56:24.478 11 WARNING keystone.common.fernet_utils [None req-df08e7c6-ce50-4c79-a14f-6d01dcbf4a93 - - - - - -] key_repository is world readable: /etc/keystone/fernet-keys/ 10.0.0.99 - - [17/Jul/2026:03:56:24 +0000] "POST /v3/auth/tokens HTTP/1.1" 201 1360 10.0.0.99 - - [17/Jul/2026:03:56:24 +0000] "GET / HTTP/1.1" 300 281 10.0.0.99 - - [17/Jul/2026:03:56:24 +0000] "GET /v3/OS-FEDERATION/mappings/atmosphere-openid HTTP/1.1" 404 98 10.0.0.99 - - [17/Jul/2026:03:56:24 +0000] "GET /v3/OS-FEDERATION/mappings HTTP/1.1" 200 136 10.0.0.99 - - [17/Jul/2026:03:56:24 +0000] "PUT /v3/OS-FEDERATION/mappings/atmosphere-openid HTTP/1.1" 201 357 10.0.0.99 - - [17/Jul/2026:03:56:25 +0000] "GET /v3 HTTP/1.1" 200 266
[Fri Jul 17 03:56:25.189934 2026] [wsgi:error] [pid 12:tid 139887773034176] [remote 10.0.0.99:39598] 2026-07-17 03:56:25.189 12 WARNING keystone.common.password_hashing [None req-2a54585b-cbc8-452a-9d2d-aa45f38f755f - - - - - -] Truncating password to algorithm specific maximum length 72 characters.
[Fri Jul 17 03:56:25.461504 2026] [wsgi:error] [pid 12:tid 139887773034176] [remote 10.0.0.99:39598] 2026-07-17 03:56:25.461 12 WARNING keystone.common.fernet_utils [None req-2a54585b-cbc8-452a-9d2d-aa45f38f755f - - - - - -] key_repository is world readable: /etc/keystone/fernet-keys/ 10.0.0.99 - - [17/Jul/2026:03:56:25 +0000] "POST /v3/auth/tokens HTTP/1.1" 201 1360 10.0.0.99 - - [17/Jul/2026:03:56:25 +0000] "GET / HTTP/1.1" 300 281 10.0.0.99 - - [17/Jul/2026:03:56:25 +0000] "GET /v3/OS-FEDERATION/identity_providers/atmosphere/protocols/openid?idp_id=atmosphere HTTP/1.1" 404 131 10.0.0.99 - - [17/Jul/2026:03:56:25 +0000] "GET /v3/OS-FEDERATION/identity_providers/atmosphere/protocols HTTP/1.1" 200 168 10.0.0.99 - - [17/Jul/2026:03:56:25 +0000] "PUT /v3/OS-FEDERATION/identity_providers/atmosphere/protocols/openid HTTP/1.1" 201 224 10.0.0.99 - - [17/Jul/2026:03:56:32 +0000] "GET /v3/ HTTP/1.1" 200 249 10.0.0.99 - - [17/Jul/2026:03:56:32 +0000] "GET /v3/ HTTP/1.1" 200 249 10.0.0.99 - - [17/Jul/2026:03:57:32 +0000] "GET /v3/ HTTP/1.1" 200 249 10.0.0.99 - - [17/Jul/2026:03:57:32 +0000] "GET /v3/ HTTP/1.1" 200 249 10.0.0.167 - - [17/Jul/2026:03:57:49 +0000] "GET / HTTP/1.1" 300 295
[Fri Jul 17 03:57:49.177599 2026] [wsgi:error] [pid 11:tid 139887773034176] [remote 10.0.0.167:53122] 2026-07-17 03:57:49.177 11 WARNING keystone.common.password_hashing [None req-e2fabcbd-5fb8-4185-ab70-408d284540f8 - - - - - -] Truncating password to algorithm specific maximum length 72 characters.
[Fri Jul 17 03:57:49.447463 2026] [wsgi:error] [pid 11:tid 139887773034176] [remote 10.0.0.167:53122] 2026-07-17 03:57:49.447 11 WARNING keystone.common.fernet_utils [None req-e2fabcbd-5fb8-4185-ab70-408d284540f8 - - - - - -] key_repository is world readable: /etc/keystone/fernet-keys/ 10.0.0.167 - - [17/Jul/2026:03:57:49 +0000] "POST /v3/auth/tokens HTTP/1.1" 201 1360 10.0.0.167 - - [17/Jul/2026:03:57:49 +0000] "GET /v3/services HTTP/1.1" 200 355 10.0.0.167 - - [17/Jul/2026:03:57:53 +0000] "GET / HTTP/1.1" 300 295
[Fri Jul 17 03:57:53.091126 2026] [wsgi:error] [pid 9:tid 139887773034176] [remote 10.0.0.167:53132] 2026-07-17 03:57:53.090 9 WARNING keystone.common.password_hashing [None req-49709552-da7f-4452-85f7-e24d668f5b99 - - - - - -] Truncating password to algorithm specific maximum length 72 characters.
[Fri Jul 17 03:57:53.369431 2026] [wsgi:error] [pid 9:tid 139887773034176] [remote 10.0.0.167:53132] 2026-07-17 03:57:53.369 9 WARNING keystone.common.fernet_utils [None req-49709552-da7f-4452-85f7-e24d668f5b99 - - - - - -] key_repository is world readable: /etc/keystone/fernet-keys/ 10.0.0.167 - - [17/Jul/2026:03:57:53 +0000] "POST /v3/auth/tokens HTTP/1.1" 201 1360 10.0.0.167 - - [17/Jul/2026:03:57:53 +0000] "GET /v3/services HTTP/1.1" 200 355 10.0.0.167 - - [17/Jul/2026:03:57:56 +0000] "GET / HTTP/1.1" 300 295
[Fri Jul 17 03:57:56.986752 2026] [wsgi:error] [pid 12:tid 139887773034176] [remote 10.0.0.167:53652] 2026-07-17 03:57:56.986 12 WARNING keystone.common.password_hashing [None req-8a4048df-2538-4580-8c32-c04f0466a1cd - - - - - -] Truncating password to algorithm specific maximum length 72 characters.
[Fri Jul 17 03:57:57.257883 2026] [wsgi:error] [pid 12:tid 139887773034176] [remote 10.0.0.167:53652] 2026-07-17 03:57:57.257 12 WARNING keystone.common.fernet_utils [None req-8a4048df-2538-4580-8c32-c04f0466a1cd - - - - - -] key_repository is world readable: /etc/keystone/fernet-keys/ 10.0.0.167 - - [17/Jul/2026:03:57:56 +0000] "POST /v3/auth/tokens HTTP/1.1" 201 1360 10.0.0.167 - - [17/Jul/2026:03:57:57 +0000] "GET /v3/services HTTP/1.1" 200 355 10.0.0.167 - - [17/Jul/2026:03:58:00 +0000] "GET / HTTP/1.1" 300 295
[Fri Jul 17 03:58:00.882333 2026] [wsgi:error] [pid 10:tid 139887773034176] [remote 10.0.0.167:53664] 2026-07-17 03:58:00.881 10 WARNING keystone.common.password_hashing [None req-ad88f99d-48d9-45bb-8299-8832cd24cccf - - - - - -] Truncating password to algorithm specific maximum length 72 characters.
[Fri Jul 17 03:58:01.183130 2026] [wsgi:error] [pid 10:tid 139887773034176] [remote 10.0.0.167:53664] 2026-07-17 03:58:01.182 10 WARNING keystone.common.fernet_utils [None req-ad88f99d-48d9-45bb-8299-8832cd24cccf - - - - - -] key_repository is world readable: /etc/keystone/fernet-keys/ 10.0.0.167 - - [17/Jul/2026:03:58:00 +0000] "POST /v3/auth/tokens HTTP/1.1" 201 1360 10.0.0.167 - - [17/Jul/2026:03:58:01 +0000] "POST /v3/services HTTP/1.1" 201 296 10.0.0.220 - - [17/Jul/2026:03:58:13 +0000] "GET / HTTP/1.1" 300 295
[Fri Jul 17 03:58:13.484931 2026] [wsgi:error] [pid 11:tid 139887773034176] [remote 10.0.0.220:50580] 2026-07-17 03:58:13.484 11 WARNING keystone.common.password_hashing [None req-9542aecc-10c9-4d32-bc35-c450b0c27a0c - - - - - -] Truncating password to algorithm specific maximum length 72 characters. 10.0.0.220 - - [17/Jul/2026:03:58:13 +0000] "GET / HTTP/1.1" 300 295 10.0.0.220 - - [17/Jul/2026:03:58:13 +0000] "GET / HTTP/1.1" 300 295
[Fri Jul 17 03:58:13.577388 2026] [wsgi:error] [pid 12:tid 139887773034176] [remote 10.0.0.220:50592] 2026-07-17 03:58:13.577 12 WARNING keystone.common.password_hashing [None req-2556c0cc-b271-4c74-b92c-c09bf4f582f5 - - - - - -] Truncating password to algorithm specific maximum length 72 characters.
[Fri Jul 17 03:58:13.595720 2026] [wsgi:error] [pid 10:tid 139887773034176] [remote 10.0.0.220:50594] 2026-07-17 03:58:13.595 10 WARNING keystone.common.password_hashing [None req-2cc27d2c-7ea8-4f7f-9949-ac1314fa2dc8 - - - - - -] Truncating password to algorithm specific maximum length 72 characters.
[Fri Jul 17 03:58:13.767301 2026] [wsgi:error] [pid 11:tid 139887773034176] [remote 10.0.0.220:50580] 2026-07-17 03:58:13.767 11 WARNING keystone.common.fernet_utils [None req-9542aecc-10c9-4d32-bc35-c450b0c27a0c - - - - - -] key_repository is world readable: /etc/keystone/fernet-keys/ 10.0.0.220 - - [17/Jul/2026:03:58:13 +0000] "POST /v3/auth/tokens HTTP/1.1" 201 1464
[Fri Jul 17 03:58:13.871295 2026] [wsgi:error] [pid 12:tid 139887773034176] [remote 10.0.0.220:50592] 2026-07-17 03:58:13.871 12 WARNING keystone.common.fernet_utils [None req-2556c0cc-b271-4c74-b92c-c09bf4f582f5 - - - - - -] key_repository is world readable: /etc/keystone/fernet-keys/ 10.0.0.220 - - [17/Jul/2026:03:58:13 +0000] "POST /v3/auth/tokens HTTP/1.1" 201 1464
[Fri Jul 17 03:58:13.900359 2026] [wsgi:error] [pid 10:tid 139887773034176] [remote 10.0.0.220:50594] 2026-07-17 03:58:13.900 10 WARNING keystone.common.fernet_utils [None req-2cc27d2c-7ea8-4f7f-9949-ac1314fa2dc8 - - - - - -] key_repository is world readable: /etc/keystone/fernet-keys/ 10.0.0.220 - - [17/Jul/2026:03:58:13 +0000] "POST /v3/auth/tokens HTTP/1.1" 201 1464 10.0.0.220 - - [17/Jul/2026:03:58:13 +0000] "GET /v3/services HTTP/1.1" 200 639 10.0.0.220 - - [17/Jul/2026:03:58:13 +0000] "GET /v3/services HTTP/1.1" 200 639 10.0.0.220 - - [17/Jul/2026:03:58:14 +0000] "GET /v3/services HTTP/1.1" 200 639 10.0.0.220 - - [17/Jul/2026:03:58:15 +0000] "GET / HTTP/1.1" 300 295
[Fri Jul 17 03:58:15.618387 2026] [wsgi:error] [pid 9:tid 139887773034176] [remote 10.0.0.220:44434] 2026-07-17 03:58:15.618 9 WARNING keystone.common.password_hashing [None req-bddc51fc-cbef-4dd9-86ed-d7cff749d776 - - - - - -] Truncating password to algorithm specific maximum length 72 characters. 10.0.0.220 - - [17/Jul/2026:03:58:15 +0000] "GET / HTTP/1.1" 300 295
[Fri Jul 17 03:58:15.760395 2026] [wsgi:error] [pid 12:tid 139887773034176] [remote 10.0.0.220:44446] 2026-07-17 03:58:15.760 12 WARNING keystone.common.password_hashing [None req-b5a04050-71e6-4f48-9e23-aee73c2adef1 - - - - - -] Truncating password to algorithm specific maximum length 72 characters. 10.0.0.220 - - [17/Jul/2026:03:58:15 +0000] "GET / HTTP/1.1" 300 295
[Fri Jul 17 03:58:15.789736 2026] [wsgi:error] [pid 11:tid 139887773034176] [remote 10.0.0.220:44460] 2026-07-17 03:58:15.789 11 WARNING keystone.common.password_hashing [None req-e7b42a24-e1ea-4ab8-871a-ef541be81501 - - - - - -] Truncating password to algorithm specific maximum length 72 characters.
[Fri Jul 17 03:58:15.907374 2026] [wsgi:error] [pid 9:tid 139887773034176] [remote 10.0.0.220:44434] 2026-07-17 03:58:15.907 9 WARNING keystone.common.fernet_utils [None req-bddc51fc-cbef-4dd9-86ed-d7cff749d776 - - - - - -] key_repository is world readable: /etc/keystone/fernet-keys/ 10.0.0.220 - - [17/Jul/2026:03:58:15 +0000] "POST /v3/auth/tokens HTTP/1.1" 201 1464
[Fri Jul 17 03:58:16.048980 2026] [wsgi:error] [pid 12:tid 139887773034176] [remote 10.0.0.220:44446] 2026-07-17 03:58:16.048 12 WARNING keystone.common.fernet_utils [None req-b5a04050-71e6-4f48-9e23-aee73c2adef1 - - - - - -] key_repository is world readable: /etc/keystone/fernet-keys/ 10.0.0.220 - - [17/Jul/2026:03:58:16 +0000] "GET /v3/endpoints HTTP/1.1" 200 1227 10.0.0.220 - - [17/Jul/2026:03:58:15 +0000] "POST /v3/auth/tokens HTTP/1.1" 201 1464
[Fri Jul 17 03:58:16.058613 2026] [wsgi:error] [pid 11:tid 139887773034176] [remote 10.0.0.220:44460] 2026-07-17 03:58:16.058 11 WARNING keystone.common.fernet_utils [None req-e7b42a24-e1ea-4ab8-871a-ef541be81501 - - - - - -] key_repository is world readable: /etc/keystone/fernet-keys/ 10.0.0.220 - - [17/Jul/2026:03:58:15 +0000] "POST /v3/auth/tokens HTTP/1.1" 201 1464 10.0.0.220 - - [17/Jul/2026:03:58:16 +0000] "GET /v3/services/a4ff3545a6db4d1fa240588c1c03d00f HTTP/1.1" 200 233 10.0.0.220 - - [17/Jul/2026:03:58:16 +0000] "GET /v3/services/a4ff3545a6db4d1fa240588c1c03d00f HTTP/1.1" 200 233 10.0.0.220 - - [17/Jul/2026:03:58:16 +0000] "GET /v3/services/a4ff3545a6db4d1fa240588c1c03d00f HTTP/1.1" 200 233 10.0.0.220 - - [17/Jul/2026:03:58:16 +0000] "GET /v3/endpoints HTTP/1.1" 200 1227 10.0.0.220 - - [17/Jul/2026:03:58:16 +0000] "GET /v3/endpoints HTTP/1.1" 200 1227 10.0.0.220 - - [17/Jul/2026:03:58:16 +0000] "GET /v3/services/a4ff3545a6db4d1fa240588c1c03d00f HTTP/1.1" 200 233 10.0.0.220 - - [17/Jul/2026:03:58:16 +0000] "GET /v3/services/a4ff3545a6db4d1fa240588c1c03d00f HTTP/1.1" 200 233 10.0.0.220 - - [17/Jul/2026:03:58:16 +0000] "GET /v3/services/a4ff3545a6db4d1fa240588c1c03d00f HTTP/1.1" 200 233 10.0.0.220 - - [17/Jul/2026:03:58:16 +0000] "GET /v3/services/a4ff3545a6db4d1fa240588c1c03d00f HTTP/1.1" 200 233 10.0.0.220 - - [17/Jul/2026:03:58:16 +0000] "GET /v3/services/a4ff3545a6db4d1fa240588c1c03d00f HTTP/1.1" 200 233 10.0.0.220 - - [17/Jul/2026:03:58:16 +0000] "GET /v3/services/a4ff3545a6db4d1fa240588c1c03d00f HTTP/1.1" 200 233 10.0.0.220 - - [17/Jul/2026:03:58:17 +0000] "GET / HTTP/1.1" 300 295
[Fri Jul 17 03:58:17.685736 2026] [wsgi:error] [pid 10:tid 139887773034176] [remote 10.0.0.220:44472] 2026-07-17 03:58:17.685 10 WARNING keystone.common.password_hashing [None req-f36442fa-e274-4341-9b84-3bd93cbbd467 - - - - - -] Truncating password to algorithm specific maximum length 72 characters. 10.0.0.220 - - [17/Jul/2026:03:58:17 +0000] "GET / HTTP/1.1" 300 295
[Fri Jul 17 03:58:17.734365 2026] [wsgi:error] [pid 11:tid 139887773034176] [remote 10.0.0.220:44480] 2026-07-17 03:58:17.734 11 WARNING keystone.common.password_hashing [None req-a56a5c04-2d9e-4093-ae63-a2b3b4ef58d5 - - - - - -] Truncating password to algorithm specific maximum length 72 characters.
[Fri Jul 17 03:58:17.960111 2026] [wsgi:error] [pid 10:tid 139887773034176] [remote 10.0.0.220:44472] 2026-07-17 03:58:17.959 10 WARNING keystone.common.fernet_utils [None req-f36442fa-e274-4341-9b84-3bd93cbbd467 - - - - - -] key_repository is world readable: /etc/keystone/fernet-keys/ 10.0.0.220 - - [17/Jul/2026:03:58:17 +0000] "GET / HTTP/1.1" 300 295 10.0.0.220 - - [17/Jul/2026:03:58:17 +0000] "POST /v3/auth/tokens HTTP/1.1" 201 1464
[Fri Jul 17 03:58:17.982209 2026] [wsgi:error] [pid 9:tid 139887773034176] [remote 10.0.0.220:44482] 2026-07-17 03:58:17.982 9 WARNING keystone.common.password_hashing [None req-e3ad689b-baf2-42aa-bc21-8781169816bc - - - - - -] Truncating password to algorithm specific maximum length 72 characters.
[Fri Jul 17 03:58:18.026434 2026] [wsgi:error] [pid 11:tid 139887773034176] [remote 10.0.0.220:44480] 2026-07-17 03:58:18.026 11 WARNING keystone.common.fernet_utils [None req-a56a5c04-2d9e-4093-ae63-a2b3b4ef58d5 - - - - - -] key_repository is world readable: /etc/keystone/fernet-keys/ 10.0.0.220 - - [17/Jul/2026:03:58:17 +0000] "POST /v3/auth/tokens HTTP/1.1" 201 1464 10.0.0.220 - - [17/Jul/2026:03:58:18 +0000] "GET /v3/services/892dffef2e294325b79bdf1ecf34c300 HTTP/1.1" 200 296 10.0.0.220 - - [17/Jul/2026:03:58:18 +0000] "GET /v3/regions/RegionOne HTTP/1.1" 200 173 10.0.0.220 - - [17/Jul/2026:03:58:18 +0000] "GET /v3/services/892dffef2e294325b79bdf1ecf34c300 HTTP/1.1" 200 296 10.0.0.220 - - [17/Jul/2026:03:58:18 +0000] "GET /v3/regions/RegionOne HTTP/1.1" 200 173 10.0.0.220 - - [17/Jul/2026:03:58:18 +0000] "POST /v3/endpoints HTTP/1.1" 201 380
[Fri Jul 17 03:58:18.250082 2026] [wsgi:error] [pid 9:tid 139887773034176] [remote 10.0.0.220:44482] 2026-07-17 03:58:18.249 9 WARNING keystone.common.fernet_utils [None req-e3ad689b-baf2-42aa-bc21-8781169816bc - - - - - -] key_repository is world readable: /etc/keystone/fernet-keys/ 10.0.0.220 - - [17/Jul/2026:03:58:18 +0000] "POST /v3/endpoints HTTP/1.1" 201 370 10.0.0.220 - - [17/Jul/2026:03:58:17 +0000] "POST /v3/auth/tokens HTTP/1.1" 201 1810 10.0.0.220 - - [17/Jul/2026:03:58:18 +0000] "GET /v3/services/892dffef2e294325b79bdf1ecf34c300 HTTP/1.1" 200 296 10.0.0.220 - - [17/Jul/2026:03:58:18 +0000] "GET /v3/regions/RegionOne HTTP/1.1" 200 173 10.0.0.220 - - [17/Jul/2026:03:58:18 +0000] "POST /v3/endpoints HTTP/1.1" 201 383 10.0.0.220 - - [17/Jul/2026:03:58:19 +0000] "GET / HTTP/1.1" 300 295
[Fri Jul 17 03:58:19.786379 2026] [wsgi:error] [pid 10:tid 139887773034176] [remote 10.0.0.220:44494] 2026-07-17 03:58:19.786 10 WARNING keystone.common.password_hashing [None req-e8ed1cd1-8ffe-4110-a180-72805d876b5c - - - - - -] Truncating password to algorithm specific maximum length 72 characters. 10.0.0.220 - - [17/Jul/2026:03:58:19 +0000] "GET / HTTP/1.1" 300 295
[Fri Jul 17 03:58:19.867337 2026] [wsgi:error] [pid 11:tid 139887773034176] [remote 10.0.0.220:44496] 2026-07-17 03:58:19.867 11 WARNING keystone.common.password_hashing [None req-2c33b8e1-adde-41d7-855d-5b0c8b6f806d - - - - - -] Truncating password to algorithm specific maximum length 72 characters. 10.0.0.220 - - [17/Jul/2026:03:58:20 +0000] "GET / HTTP/1.1" 300 295
[Fri Jul 17 03:58:20.023464 2026] [wsgi:error] [pid 12:tid 139887773034176] [remote 10.0.0.220:44498] 2026-07-17 03:58:20.023 12 WARNING keystone.common.password_hashing [None req-01690aac-dfc0-4188-8d62-623b6cb247ed - - - - - -] Truncating password to algorithm specific maximum length 72 characters.
[Fri Jul 17 03:58:20.069646 2026] [wsgi:error] [pid 10:tid 139887773034176] [remote 10.0.0.220:44494] 2026-07-17 03:58:20.069 10 WARNING keystone.common.fernet_utils [None req-e8ed1cd1-8ffe-4110-a180-72805d876b5c - - - - - -] key_repository is world readable: /etc/keystone/fernet-keys/ 10.0.0.220 - - [17/Jul/2026:03:58:19 +0000] "POST /v3/auth/tokens HTTP/1.1" 201 1992
[Fri Jul 17 03:58:20.149494 2026] [wsgi:error] [pid 11:tid 139887773034176] [remote 10.0.0.220:44496] 2026-07-17 03:58:20.149 11 WARNING keystone.common.fernet_utils [None req-2c33b8e1-adde-41d7-855d-5b0c8b6f806d - - - - - -] key_repository is world readable: /etc/keystone/fernet-keys/ 10.0.0.220 - - [17/Jul/2026:03:58:19 +0000] "POST /v3/auth/tokens HTTP/1.1" 201 1992 10.0.0.220 - - [17/Jul/2026:03:58:20 +0000] "GET /v3/endpoints/5f030a4b2e4b4077a302bb72582d73a3 HTTP/1.1" 200 370 10.0.0.220 - - [17/Jul/2026:03:58:20 +0000] "GET /v3/services/892dffef2e294325b79bdf1ecf34c300 HTTP/1.1" 200 296 10.0.0.220 - - [17/Jul/2026:03:58:20 +0000] "GET /v3/endpoints/b53ea6231fd9471caf84cafb9f009e2d HTTP/1.1" 200 380 10.0.0.220 - - [17/Jul/2026:03:58:20 +0000] "GET /v3/services/892dffef2e294325b79bdf1ecf34c300 HTTP/1.1" 200 296
[Fri Jul 17 03:58:20.309244 2026] [wsgi:error] [pid 12:tid 139887773034176] [remote 10.0.0.220:44498] 2026-07-17 03:58:20.309 12 WARNING keystone.common.fernet_utils [None req-01690aac-dfc0-4188-8d62-623b6cb247ed - - - - - -] key_repository is world readable: /etc/keystone/fernet-keys/ 10.0.0.220 - - [17/Jul/2026:03:58:20 +0000] "POST /v3/auth/tokens HTTP/1.1" 201 1992 10.0.0.220 - - [17/Jul/2026:03:58:20 +0000] "GET /v3/endpoints/a73bd4e772614c7781913b309750f4f8 HTTP/1.1" 200 383 10.0.0.220 - - [17/Jul/2026:03:58:20 +0000] "GET /v3/services/892dffef2e294325b79bdf1ecf34c300 HTTP/1.1" 200 296 10.0.0.76 - - [17/Jul/2026:03:58:31 +0000] "GET / HTTP/1.1" 300 295
[Fri Jul 17 03:58:31.575809 2026] [wsgi:error] [pid 12:tid 139887773034176] [remote 10.0.0.76:50060] 2026-07-17 03:58:31.575 12 WARNING keystone.common.password_hashing [None req-4a939bbb-bfb5-46e0-9dc2-d38e1f3c87bb - - - - - -] Truncating password to algorithm specific maximum length 72 characters.
[Fri Jul 17 03:58:31.870568 2026] [wsgi:error] [pid 12:tid 139887773034176] [remote 10.0.0.76:50060] 2026-07-17 03:58:31.870 12 WARNING keystone.common.fernet_utils [None req-4a939bbb-bfb5-46e0-9dc2-d38e1f3c87bb - - - - - -] key_repository is world readable: /etc/keystone/fernet-keys/ 10.0.0.76 - - [17/Jul/2026:03:58:31 +0000] "POST /v3/auth/tokens HTTP/1.1" 201 1992 10.0.0.76 - - [17/Jul/2026:03:58:31 +0000] "POST /v3/domains HTTP/1.1" 201 284 10.0.0.99 - - [17/Jul/2026:03:58:32 +0000] "GET /v3/ HTTP/1.1" 200 249 10.0.0.99 - - [17/Jul/2026:03:58:32 +0000] "GET /v3/ HTTP/1.1" 200 249 10.0.0.76 - - [17/Jul/2026:03:58:33 +0000] "GET / HTTP/1.1" 300 295
[Fri Jul 17 03:58:33.529672 2026] [wsgi:error] [pid 10:tid 139887773034176] [remote 10.0.0.76:50070] 2026-07-17 03:58:33.529 10 WARNING keystone.common.password_hashing [None req-ca16d230-35f5-4ca0-85c4-77c390252e4f - - - - - -] Truncating password to algorithm specific maximum length 72 characters.
[Fri Jul 17 03:58:33.813778 2026] [wsgi:error] [pid 10:tid 139887773034176] [remote 10.0.0.76:50070] 2026-07-17 03:58:33.813 10 WARNING keystone.common.fernet_utils [None req-ca16d230-35f5-4ca0-85c4-77c390252e4f - - - - - -] key_repository is world readable: /etc/keystone/fernet-keys/ 10.0.0.76 - - [17/Jul/2026:03:58:33 +0000] "POST /v3/auth/tokens HTTP/1.1" 201 1992
[Fri Jul 17 03:58:34.012716 2026] [wsgi:error] [pid 9:tid 139887773034176] [remote 10.0.0.76:50070] 2026-07-17 03:58:33.998 9 ERROR keystone.server.flask.application [None req-7f9355a9-e4a2-4a45-8ead-bad808bd775f 4f5d4de164d34238949785a1d3a02c4b 96a51f393b6847b9a19a4c3076325c63 - - default default] Conflict occurred attempting to store project - it is not permitted to have two projects acting as domains with the same name: service.: keystone.exception.Conflict: Conflict occurred attempting to store project - it is not permitted to have two projects acting as domains with the same name: service.
[Fri Jul 17 03:58:34.012743 2026] [wsgi:error] [pid 9:tid 139887773034176] [remote 10.0.0.76:50070] 2026-07-17 03:58:33.998 9 ERROR keystone.server.flask.application
Traceback (most recent call last):
[Fri Jul 17 03:58:34.012745 2026] [wsgi:error] [pid 9:tid 139887773034176] [remote 10.0.0.76:50070] 2026-07-17 03:58:33.998 9 ERROR keystone.server.flask.application
File "/var/lib/openstack/lib/python3.12/site-packages/sqlalchemy/engine/base.py", line 1969, in _exec_single_context
[Fri Jul 17 03:58:34.012747 2026] [wsgi:error] [pid 9:tid 139887773034176] [remote 10.0.0.76:50070] 2026-07-17 03:58:33.998 9 ERROR keystone.server.flask.application self.dialect.do_execute(
[Fri Jul 17 03:58:34.012748 2026] [wsgi:error] [pid 9:tid 139887773034176] [remote 10.0.0.76:50070] 2026-07-17 03:58:33.998 9 ERROR keystone.server.flask.application
File "/var/lib/openstack/lib/python3.12/site-packages/sqlalchemy/engine/default.py", line 952, in do_execute
[Fri Jul 17 03:58:34.012750 2026] [wsgi:error] [pid 9:tid 139887773034176] [remote 10.0.0.76:50070] 2026-07-17 03:58:33.998 9 ERROR keystone.server.flask.application cursor.execute(statement, parameters)
[Fri Jul 17 03:58:34.012751 2026] [wsgi:error] [pid 9:tid 139887773034176] [remote 10.0.0.76:50070] 2026-07-17 03:58:33.998 9 ERROR keystone.server.flask.application
File "/var/lib/openstack/lib/python3.12/site-packages/pymysql/cursors.py", line 159, in execute
[Fri Jul 17 03:58:34.012753 2026] [wsgi:error] [pid 9:tid 139887773034176] [remote 10.0.0.76:50070] 2026-07-17 03:58:33.998 9 ERROR keystone.server.flask.application result = self._query(query)
[Fri Jul 17 03:58:34.012754 2026] [wsgi:error] [pid 9:tid 139887773034176] [remote 10.0.0.76:50070] 2026-07-17 03:58:33.998 9 ERROR keystone.server.flask.application ^^^^^^^^^^^^^^^^^^
[Fri Jul 17 03:58:34.012755 2026] [wsgi:error] [pid 9:tid 139887773034176] [remote 10.0.0.76:50070] 2026-07-17 03:58:33.998 9 ERROR keystone.server.flask.application
File "/var/lib/openstack/lib/python3.12/site-packages/pymysql/cursors.py", line 330, in _query
[Fri Jul 17 03:58:34.012757 2026] [wsgi:error] [pid 9:tid 139887773034176] [remote 10.0.0.76:50070] 2026-07-17 03:58:33.998 9 ERROR keystone.server.flask.application conn.query(q)
[Fri Jul 17 03:58:34.012758 2026] [wsgi:error] [pid 9:tid 139887773034176] [remote 10.0.0.76:50070] 2026-07-17 03:58:33.998 9 ERROR keystone.server.flask.application
File "/var/lib/openstack/lib/python3.12/site-packages/pymysql/connections.py", line 582, in query
[Fri Jul 17 03:58:34.012760 2026] [wsgi:error] [pid 9:tid 139887773034176] [remote 10.0.0.76:50070] 2026-07-17 03:58:33.998 9 ERROR keystone.server.flask.application self._affected_rows = self._read_query_result(unbuffered=unbuffered)
[Fri Jul 17 03:58:34.012762 2026] [wsgi:error] [pid 9:tid 139887773034176] [remote 10.0.0.76:50070] 2026-07-17 03:58:33.998 9 ERROR keystone.server.flask.application ^^^^^^^^^^^^^^^^^^^^^^^^^^^^^^^^^^^^^^^^^^^^^^
[Fri Jul 17 03:58:34.012763 2026] [wsgi:error] [pid 9:tid 139887773034176] [remote 10.0.0.76:50070] 2026-07-17 03:58:33.998 9 ERROR keystone.server.flask.application
File "/var/lib/openstack/lib/python3.12/site-packages/pymysql/connections.py", line 847, in _read_query_result
[Fri Jul 17 03:58:34.012764 2026] [wsgi:error] [pid 9:tid 139887773034176] [remote 10.0.0.76:50070] 2026-07-17 03:58:33.998 9 ERROR keystone.server.flask.application result.read()
[Fri Jul 17 03:58:34.012766 2026] [wsgi:error] [pid 9:tid 139887773034176] [remote 10.0.0.76:50070] 2026-07-17 03:58:33.998 9 ERROR keystone.server.flask.application
File "/var/lib/openstack/lib/python3.12/site-packages/pymysql/connections.py", line 1245, in read
[Fri Jul 17 03:58:34.012769 2026] [wsgi:error] [pid 9:tid 139887773034176] [remote 10.0.0.76:50070] 2026-07-17 03:58:33.998 9 ERROR keystone.server.flask.application first_packet = self.connection._read_packet()
[Fri Jul 17 03:58:34.012771 2026] [wsgi:error] [pid 9:tid 139887773034176] [remote 10.0.0.76:50070] 2026-07-17 03:58:33.998 9 ERROR keystone.server.flask.application ^^^^^^^^^^^^^^^^^^^^^^^^^^^^^^
[Fri Jul 17 03:58:34.012772 2026] [wsgi:error] [pid 9:tid 139887773034176] [remote 10.0.0.76:50070] 2026-07-17 03:58:33.998 9 ERROR keystone.server.flask.application
File "/var/lib/openstack/lib/python3.12/site-packages/pymysql/connections.py", line 803, in _read_packet
[Fri Jul 17 03:58:34.012774 2026] [wsgi:error] [pid 9:tid 139887773034176] [remote 10.0.0.76:50070] 2026-07-17 03:58:33.998 9 ERROR keystone.server.flask.application packet.raise_for_error()
[Fri Jul 17 03:58:34.012775 2026] [wsgi:error] [pid 9:tid 139887773034176] [remote 10.0.0.76:50070] 2026-07-17 03:58:33.998 9 ERROR keystone.server.flask.application
File "/var/lib/openstack/lib/python3.12/site-packages/pymysql/protocol.py", line 219, in raise_for_error
[Fri Jul 17 03:58:34.012776 2026] [wsgi:error] [pid 9:tid 139887773034176] [remote 10.0.0.76:50070] 2026-07-17 03:58:33.998 9 ERROR keystone.server.flask.application err.raise_mysql_exception(self._data)
[Fri Jul 17 03:58:34.012778 2026] [wsgi:error] [pid 9:tid 139887773034176] [remote 10.0.0.76:50070] 2026-07-17 03:58:33.998 9 ERROR keystone.server.flask.application
File "/var/lib/openstack/lib/python3.12/site-packages/pymysql/err.py", line 154, in raise_mysql_exception
[Fri Jul 17 03:58:34.012779 2026] [wsgi:error] [pid 9:tid 139887773034176] [remote 10.0.0.76:50070] 2026-07-17 03:58:33.998 9 ERROR keystone.server.flask.application raise errorclass(errno, errval, sqlstate=sqlstate)
[Fri Jul 17 03:58:34.012781 2026] [wsgi:error] [pid 9:tid 139887773034176] [remote 10.0.0.76:50070] 2026-07-17 03:58:33.998 9 ERROR keystone.server.flask.application pymysql.err.IntegrityError: (1062, "Duplicate entry '<>-service' for key 'project.ixu_project_name_domain_id'")
[Fri Jul 17 03:58:34.012782 2026] [wsgi:error] [pid 9:tid 139887773034176] [remote 10.0.0.76:50070] 2026-07-17 03:58:33.998 9 ERROR keystone.server.flask.application
[Fri Jul 17 03:58:34.012783 2026] [wsgi:error] [pid 9:tid 139887773034176] [remote 10.0.0.76:50070] 2026-07-17 03:58:33.998 9 ERROR keystone.server.flask.application The above exception was the direct cause of the following exception:
[Fri Jul 17 03:58:34.012785 2026] [wsgi:error] [pid 9:tid 139887773034176] [remote 10.0.0.76:50070] 2026-07-17 03:58:33.998 9 ERROR keystone.server.flask.application
[Fri Jul 17 03:58:34.012786 2026] [wsgi:error] [pid 9:tid 139887773034176] [remote 10.0.0.76:50070] 2026-07-17 03:58:33.998 9 ERROR keystone.server.flask.application
Traceback (most recent call last):
[Fri Jul 17 03:58:34.012787 2026] [wsgi:error] [pid 9:tid 139887773034176] [remote 10.0.0.76:50070] 2026-07-17 03:58:33.998 9 ERROR keystone.server.flask.application
File "/var/lib/openstack/lib/python3.12/site-packages/keystone/common/sql/core.py", line 575, in wrapper
[Fri Jul 17 03:58:34.012789 2026] [wsgi:error] [pid 9:tid 139887773034176] [remote 10.0.0.76:50070] 2026-07-17 03:58:33.998 9 ERROR keystone.server.flask.application return method(*args, **kwargs)
[Fri Jul 17 03:58:34.012790 2026] [wsgi:error] [pid 9:tid 139887773034176] [remote 10.0.0.76:50070] 2026-07-17 03:58:33.998 9 ERROR keystone.server.flask.application ^^^^^^^^^^^^^^^^^^^^^^^
[Fri Jul 17 03:58:34.012791 2026] [wsgi:error] [pid 9:tid 139887773034176] [remote 10.0.0.76:50070] 2026-07-17 03:58:33.998 9 ERROR keystone.server.flask.application
File "/var/lib/openstack/lib/python3.12/site-packages/keystone/resource/backends/sql.py", line 278, in create_project
[Fri Jul 17 03:58:34.012794 2026] [wsgi:error] [pid 9:tid 139887773034176] [remote 10.0.0.76:50070] 2026-07-17 03:58:33.998 9 ERROR keystone.server.flask.application with sql.session_for_write() as session:
[Fri Jul 17 03:58:34.012795 2026] [wsgi:error] [pid 9:tid 139887773034176] [remote 10.0.0.76:50070] 2026-07-17 03:58:33.998 9 ERROR keystone.server.flask.application
File "/usr/lib/python3.12/contextlib.py", line 144, in __exit__
[Fri Jul 17 03:58:34.012796 2026] [wsgi:error] [pid 9:tid 139887773034176] [remote 10.0.0.76:50070] 2026-07-17 03:58:33.998 9 ERROR keystone.server.flask.application next(self.gen)
[Fri Jul 17 03:58:34.012798 2026] [wsgi:error] [pid 9:tid 139887773034176] [remote 10.0.0.76:50070] 2026-07-17 03:58:33.998 9 ERROR keystone.server.flask.application
File "/var/lib/openstack/lib/python3.12/site-packages/oslo_db/sqlalchemy/enginefacade.py", line 1175, in _transaction_scope
[Fri Jul 17 03:58:34.012809 2026] [wsgi:error] [pid 9:tid 139887773034176] [remote 10.0.0.76:50070] 2026-07-17 03:58:33.998 9 ERROR keystone.server.flask.application with current._produce_block(
[Fri Jul 17 03:58:34.012811 2026] [wsgi:error] [pid 9:tid 139887773034176] [remote 10.0.0.76:50070] 2026-07-17 03:58:33.998 9 ERROR keystone.server.flask.application
File "/usr/lib/python3.12/contextlib.py", line 144, in __exit__
[Fri Jul 17 03:58:34.012812 2026] [wsgi:error] [pid 9:tid 139887773034176] [remote 10.0.0.76:50070] 2026-07-17 03:58:33.998 9 ERROR keystone.server.flask.application next(self.gen)
[Fri Jul 17 03:58:34.012814 2026] [wsgi:error] [pid 9:tid 139887773034176] [remote 10.0.0.76:50070] 2026-07-17 03:58:33.998 9 ERROR keystone.server.flask.application
File "/var/lib/openstack/lib/python3.12/site-packages/oslo_db/sqlalchemy/enginefacade.py", line 837, in _session
[Fri Jul 17 03:58:34.012815 2026] [wsgi:error] [pid 9:tid 139887773034176] [remote 10.0.0.76:50070] 2026-07-17 03:58:33.998 9 ERROR keystone.server.flask.application with excutils.save_and_reraise_exception():
[Fri Jul 17 03:58:34.012817 2026] [wsgi:error] [pid 9:tid 139887773034176] [remote 10.0.0.76:50070] 2026-07-17 03:58:33.998 9 ERROR keystone.server.flask.application
File "/var/lib/openstack/lib/python3.12/site-packages/oslo_utils/excutils.py", line 266, in __exit__
[Fri Jul 17 03:58:34.012818 2026] [wsgi:error] [pid 9:tid 139887773034176] [remote 10.0.0.76:50070] 2026-07-17 03:58:33.998 9 ERROR keystone.server.flask.application self.force_reraise()
[Fri Jul 17 03:58:34.012820 2026] [wsgi:error] [pid 9:tid 139887773034176] [remote 10.0.0.76:50070] 2026-07-17 03:58:33.998 9 ERROR keystone.server.flask.application
File "/var/lib/openstack/lib/python3.12/site-packages/oslo_utils/excutils.py", line 232, in force_reraise
[Fri Jul 17 03:58:34.012821 2026] [wsgi:error] [pid 9:tid 139887773034176] [remote 10.0.0.76:50070] 2026-07-17 03:58:33.998 9 ERROR keystone.server.flask.application raise self.value
[Fri Jul 17 03:58:34.012823 2026] [wsgi:error] [pid 9:tid 139887773034176] [remote 10.0.0.76:50070] 2026-07-17 03:58:33.998 9 ERROR keystone.server.flask.application
File "/var/lib/openstack/lib/python3.12/site-packages/oslo_db/sqlalchemy/enginefacade.py", line 835, in _session
[Fri Jul 17 03:58:34.012824 2026] [wsgi:error] [pid 9:tid 139887773034176] [remote 10.0.0.76:50070] 2026-07-17 03:58:33.998 9 ERROR keystone.server.flask.application self._end_session_transaction(self.session)
[Fri Jul 17 03:58:34.012826 2026] [wsgi:error] [pid 9:tid 139887773034176] [remote 10.0.0.76:50070] 2026-07-17 03:58:33.998 9 ERROR keystone.server.flask.application
File "/var/lib/openstack/lib/python3.12/site-packages/oslo_db/sqlalchemy/enginefacade.py", line 748, in _end_session_transaction
[Fri Jul 17 03:58:34.012827 2026] [wsgi:error] [pid 9:tid 139887773034176] [remote 10.0.0.76:50070] 2026-07-17 03:58:33.998 9 ERROR keystone.server.flask.application session.commit()
[Fri Jul 17 03:58:34.012829 2026] [wsgi:error] [pid 9:tid 139887773034176] [remote 10.0.0.76:50070] 2026-07-17 03:58:33.998 9 ERROR keystone.server.flask.application
File "/var/lib/openstack/lib/python3.12/site-packages/sqlalchemy/orm/session.py", line 2034, in commit
[Fri Jul 17 03:58:34.012831 2026] [wsgi:error] [pid 9:tid 139887773034176] [remote 10.0.0.76:50070] 2026-07-17 03:58:33.998 9 ERROR keystone.server.flask.application trans.commit(_to_root=True)
[Fri Jul 17 03:58:34.012832 2026] [wsgi:error] [pid 9:tid 139887773034176] [remote 10.0.0.76:50070] 2026-07-17 03:58:33.998 9 ERROR keystone.server.flask.application File "", line 2, in commit
[Fri Jul 17 03:58:34.012833 2026] [wsgi:error] [pid 9:tid 139887773034176] [remote 10.0.0.76:50070] 2026-07-17 03:58:33.998 9 ERROR keystone.server.flask.application
File "/var/lib/openstack/lib/python3.12/site-packages/sqlalchemy/orm/state_changes.py", line 137, in _go
[Fri Jul 17 03:58:34.012837 2026] [wsgi:error] [pid 9:tid 139887773034176] [remote 10.0.0.76:50070] 2026-07-17 03:58:33.998 9 ERROR keystone.server.flask.application ret_value = fn(self, *arg, **kw)
[Fri Jul 17 03:58:34.012838 2026] [wsgi:error] [pid 9:tid 139887773034176] [remote 10.0.0.76:50070] 2026-07-17 03:58:33.998 9 ERROR keystone.server.flask.application ^^^^^^^^^^^^^^^^^^^^
[Fri Jul 17 03:58:34.012839 2026] [wsgi:error] [pid 9:tid 139887773034176] [remote 10.0.0.76:50070] 2026-07-17 03:58:33.998 9 ERROR keystone.server.flask.application
File "/var/lib/openstack/lib/python3.12/site-packages/sqlalchemy/orm/session.py", line 1315, in commit
[Fri Jul 17 03:58:34.012841 2026] [wsgi:error] [pid 9:tid 139887773034176] [remote 10.0.0.76:50070] 2026-07-17 03:58:33.998 9 ERROR keystone.server.flask.application self._prepare_impl()
[Fri Jul 17 03:58:34.012845 2026] [wsgi:error] [pid 9:tid 139887773034176] [remote 10.0.0.76:50070] 2026-07-17 03:58:33.998 9 ERROR keystone.server.flask.application File "", line 2, in _prepare_impl
[Fri Jul 17 03:58:34.012847 2026] [wsgi:error] [pid 9:tid 139887773034176] [remote 10.0.0.76:50070] 2026-07-17 03:58:33.998 9 ERROR keystone.server.flask.application
File "/var/lib/openstack/lib/python3.12/site-packages/sqlalchemy/orm/state_changes.py", line 137, in _go
[Fri Jul 17 03:58:34.012848 2026] [wsgi:error] [pid 9:tid 139887773034176] [remote 10.0.0.76:50070] 2026-07-17 03:58:33.998 9 ERROR keystone.server.flask.application ret_value = fn(self, *arg, **kw)
[Fri Jul 17 03:58:34.012850 2026] [wsgi:error] [pid 9:tid 139887773034176] [remote 10.0.0.76:50070] 2026-07-17 03:58:33.998 9 ERROR keystone.server.flask.application ^^^^^^^^^^^^^^^^^^^^
[Fri Jul 17 03:58:34.012852 2026] [wsgi:error] [pid 9:tid 139887773034176] [remote 10.0.0.76:50070] 2026-07-17 03:58:33.998 9 ERROR keystone.server.flask.application
File "/var/lib/openstack/lib/python3.12/site-packages/sqlalchemy/orm/session.py", line 1290, in _prepare_impl
[Fri Jul 17 03:58:34.012855 2026] [wsgi:error] [pid 9:tid 139887773034176] [remote 10.0.0.76:50070] 2026-07-17 03:58:33.998 9 ERROR keystone.server.flask.application self.session.flush()
[Fri Jul 17 03:58:34.012857 2026] [wsgi:error] [pid 9:tid 139887773034176] [remote 10.0.0.76:50070] 2026-07-17 03:58:33.998 9 ERROR keystone.server.flask.application
File "/var/lib/openstack/lib/python3.12/site-packages/sqlalchemy/orm/session.py", line 4352, in flush
[Fri Jul 17 03:58:34.012859 2026] [wsgi:error] [pid 9:tid 139887773034176] [remote 10.0.0.76:50070] 2026-07-17 03:58:33.998 9 ERROR keystone.server.flask.application self._flush(objects)
[Fri Jul 17 03:58:34.012861 2026] [wsgi:error] [pid 9:tid 139887773034176] [remote 10.0.0.76:50070] 2026-07-17 03:58:33.998 9 ERROR keystone.server.flask.application
File "/var/lib/openstack/lib/python3.12/site-packages/sqlalchemy/orm/session.py", line 4487, in _flush
[Fri Jul 17 03:58:34.012863 2026] [wsgi:error] [pid 9:tid 139887773034176] [remote 10.0.0.76:50070] 2026-07-17 03:58:33.998 9 ERROR keystone.server.flask.application with util.safe_reraise():
[Fri Jul 17 03:58:34.012865 2026] [wsgi:error] [pid 9:tid 139887773034176] [remote 10.0.0.76:50070] 2026-07-17 03:58:33.998 9 ERROR keystone.server.flask.application
File "/var/lib/openstack/lib/python3.12/site-packages/sqlalchemy/util/langhelpers.py", line 122, in __exit__
[Fri Jul 17 03:58:34.012867 2026] [wsgi:error] [pid 9:tid 139887773034176] [remote 10.0.0.76:50070] 2026-07-17 03:58:33.998 9 ERROR keystone.server.flask.application raise exc_value.with_traceback(exc_tb)
[Fri Jul 17 03:58:34.012868 2026] [wsgi:error] [pid 9:tid 139887773034176] [remote 10.0.0.76:50070] 2026-07-17 03:58:33.998 9 ERROR keystone.server.flask.application
File "/var/lib/openstack/lib/python3.12/site-packages/sqlalchemy/orm/session.py", line 4448, in _flush
[Fri Jul 17 03:58:34.012871 2026] [wsgi:error] [pid 9:tid 139887773034176] [remote 10.0.0.76:50070] 2026-07-17 03:58:33.998 9 ERROR keystone.server.flask.application flush_context.execute()
[Fri Jul 17 03:58:34.012873 2026] [wsgi:error] [pid 9:tid 139887773034176] [remote 10.0.0.76:50070] 2026-07-17 03:58:33.998 9 ERROR keystone.server.flask.application
File "/var/lib/openstack/lib/python3.12/site-packages/sqlalchemy/orm/unitofwork.py", line 465, in execute
