Jul 22 09:21:24.756127 np0000186171 systemd[1]: Starting devstack@n-api-meta.service - Devstack devstack@n-api-meta.service...
Jul 22 09:21:24.761646 np0000186171 devstack@n-api-meta.service[107191]: [uWSGI] getting INI configuration from /etc/nova/nova-metadata-uwsgi.ini
Jul 22 09:21:24.764191 np0000186171 devstack@n-api-meta.service[107191]: *** Starting uWSGI 2.0.24-debian (64bit) on [Wed Jul 22 09:21:24 2026] ***
Jul 22 09:21:24.764191 np0000186171 devstack@n-api-meta.service[107191]: compiled with version: 13.2.0 on 17 April 2024 16:23:48
Jul 22 09:21:24.764191 np0000186171 devstack@n-api-meta.service[107191]: os: Linux-6.8.0-134-generic #134-Ubuntu SMP PREEMPT_DYNAMIC Fri Jun 26 18:43:11 UTC 2026
Jul 22 09:21:24.764191 np0000186171 devstack@n-api-meta.service[107191]: nodename: np0000186171
Jul 22 09:21:24.764191 np0000186171 devstack@n-api-meta.service[107191]: machine: x86_64
Jul 22 09:21:24.764191 np0000186171 devstack@n-api-meta.service[107191]: clock source: unix
Jul 22 09:21:24.764191 np0000186171 devstack@n-api-meta.service[107191]: pcre jit disabled
Jul 22 09:21:24.764191 np0000186171 devstack@n-api-meta.service[107191]: detected number of CPU cores: 16
Jul 22 09:21:24.764191 np0000186171 devstack@n-api-meta.service[107191]: current working directory: /
Jul 22 09:21:24.764191 np0000186171 devstack@n-api-meta.service[107191]: detected binary path: /usr/bin/uwsgi-core
Jul 22 09:21:24.764191 np0000186171 devstack@n-api-meta.service[107191]: your processes number limit is 256916
Jul 22 09:21:24.764191 np0000186171 devstack@n-api-meta.service[107191]: your memory page size is 4096 bytes
Jul 22 09:21:24.764191 np0000186171 devstack@n-api-meta.service[107191]: detected max file descriptor number: 2048
Jul 22 09:21:24.764191 np0000186171 devstack@n-api-meta.service[107191]: lock engine: pthread robust mutexes
Jul 22 09:21:24.765233 np0000186171 devstack@n-api-meta.service[107191]: thunder lock: enabled
Jul 22 09:21:24.765233 np0000186171 devstack@n-api-meta.service[107191]: uWSGI http bound on 0.0.0.0:8775 fd 5
Jul 22 09:21:24.765233 np0000186171 devstack@n-api-meta.service[107191]: uwsgi socket 0 bound to TCP address 127.0.0.1:46027 (port auto-assigned) fd 4
Jul 22 09:21:24.765233 np0000186171 devstack@n-api-meta.service[107191]: Python version: 3.12.3 (main, Jun 19 2026, 12:46:00) [GCC 13.3.0]
Jul 22 09:21:24.765233 np0000186171 devstack@n-api-meta.service[107191]: PEP 405 virtualenv detected: /opt/stack/data/venv
Jul 22 09:21:24.765233 np0000186171 devstack@n-api-meta.service[107191]: Set PythonHome to /opt/stack/data/venv
Jul 22 09:21:24.802626 np0000186171 devstack@n-api-meta.service[107191]: Python main interpreter initialized at 0x7f1048ea4668
Jul 22 09:21:24.802626 np0000186171 devstack@n-api-meta.service[107191]: python threads support enabled
Jul 22 09:21:24.802626 np0000186171 devstack@n-api-meta.service[107191]: your server socket listen backlog is limited to 100 connections
Jul 22 09:21:24.802626 np0000186171 devstack@n-api-meta.service[107191]: your mercy for graceful operations on workers is 80 seconds
Jul 22 09:21:24.803183 np0000186171 devstack@n-api-meta.service[107191]: mapped 671795 bytes (656 KB) for 4 cores
Jul 22 09:21:24.803328 np0000186171 devstack@n-api-meta.service[107191]: *** Operational MODE: preforking ***
Jul 22 09:21:24.803508 np0000186171 devstack@n-api-meta.service[107191]: *** uWSGI is running in multiple interpreter mode ***
Jul 22 09:21:24.803508 np0000186171 devstack@n-api-meta.service[107191]: spawned uWSGI master process (pid: 107191)
Jul 22 09:21:24.803648 np0000186171 systemd[1]: Started devstack@n-api-meta.service - Devstack devstack@n-api-meta.service.
Jul 22 09:21:24.804296 np0000186171 devstack@n-api-meta.service[107191]: spawned uWSGI worker 1 (pid: 107192, cores: 1)
Jul 22 09:21:24.804874 np0000186171 devstack@n-api-meta.service[107191]: spawned uWSGI worker 2 (pid: 107193, cores: 1)
Jul 22 09:21:24.805350 np0000186171 devstack@n-api-meta.service[107191]: spawned uWSGI worker 3 (pid: 107194, cores: 1)
Jul 22 09:21:24.806146 np0000186171 devstack@n-api-meta.service[107191]: spawned uWSGI worker 4 (pid: 107195, cores: 1)
Jul 22 09:21:24.806698 np0000186171 devstack@n-api-meta.service[107191]: spawned uWSGI http 1 (pid: 107196)
Jul 22 09:21:24.806698 np0000186171 devstack@n-api-meta.service[107191]: running "unix_signal:15 gracefully_kill_them_all" (master-start)...
Jul 22 09:21:26.622955 np0000186171 devstack@n-api-meta.service[107193]: INFO dbcounter [None req-a79fadbc-c198-4dfd-a93b-df2085f0c395 None None] Registered counter for database nova_api
Jul 22 09:21:26.672998 np0000186171 devstack@n-api-meta.service[107193]: DEBUG oslo_db.sqlalchemy.engines [None req-a79fadbc-c198-4dfd-a93b-df2085f0c395 None None] MySQL server mode set to STRICT_TRANS_TABLES,STRICT_ALL_TABLES,NO_ZERO_IN_DATE,NO_ZERO_DATE,ERROR_FOR_DIVISION_BY_ZERO,TRADITIONAL,NO_ENGINE_SUBSTITUTION {{(pid=107193) _check_effective_sql_mode /opt/stack/data/venv/lib/python3.12/site-packages/oslo_db/sqlalchemy/engines.py:325}}
Jul 22 09:21:26.687277 np0000186171 devstack@n-api-meta.service[107194]: INFO dbcounter [None req-4ce76f6d-f38b-43b0-9f89-73c81f04f78a None None] Registered counter for database nova_api
Jul 22 09:21:26.696300 np0000186171 devstack@n-api-meta.service[107195]: INFO dbcounter [None req-56df8d0a-8c9d-4bb8-98a6-db4c4187bdb0 None None] Registered counter for database nova_api
Jul 22 09:21:26.713341 np0000186171 devstack@n-api-meta.service[107193]: DEBUG dbcounter [-] [107193] Writer thread running {{(pid=107193) stat_writer /opt/stack/data/venv/lib/python3.12/site-packages/dbcounter.py:102}}
Jul 22 09:21:26.716513 np0000186171 devstack@n-api-meta.service[107193]: DEBUG nova.context [None req-a79fadbc-c198-4dfd-a93b-df2085f0c395 None None] Found 2 cells: 00000000-0000-0000-0000-000000000000(cell0),0015df8e-6369-49d6-b13c-18defd7a916a(cell1) {{(pid=107193) load_cells /opt/stack/nova/nova/context.py:509}}
Jul 22 09:21:26.716851 np0000186171 devstack@n-api-meta.service[107193]: INFO nova.utils [None req-a79fadbc-c198-4dfd-a93b-df2085f0c395 None None] The cell worker thread pool MainProcess.cell_worker is initialized
Jul 22 09:21:26.719234 np0000186171 devstack@n-api-meta.service[107193]: DEBUG oslo_concurrency.lockutils [None req-a79fadbc-c198-4dfd-a93b-df2085f0c395 None None] Acquiring lock "00000000-0000-0000-0000-000000000000" by "nova.context.set_target_cell..get_or_set_cached_cell_and_set_connections" {{(pid=107193) inner /opt/stack/data/venv/lib/python3.12/site-packages/oslo_concurrency/lockutils.py:512}}
Jul 22 09:21:26.719410 np0000186171 devstack@n-api-meta.service[107193]: DEBUG oslo_concurrency.lockutils [None req-a79fadbc-c198-4dfd-a93b-df2085f0c395 None None] Lock "00000000-0000-0000-0000-000000000000" acquired by "nova.context.set_target_cell..get_or_set_cached_cell_and_set_connections" :: waited 0.000s {{(pid=107193) inner /opt/stack/data/venv/lib/python3.12/site-packages/oslo_concurrency/lockutils.py:525}}
Jul 22 09:21:26.719849 np0000186171 devstack@n-api-meta.service[107193]: DEBUG oslo_concurrency.lockutils [None req-a79fadbc-c198-4dfd-a93b-df2085f0c395 None None] Lock "00000000-0000-0000-0000-000000000000" "released" by "nova.context.set_target_cell..get_or_set_cached_cell_and_set_connections" :: held 0.000s {{(pid=107193) inner /opt/stack/data/venv/lib/python3.12/site-packages/oslo_concurrency/lockutils.py:544}}
Jul 22 09:21:26.720735 np0000186171 devstack@n-api-meta.service[107193]: DEBUG oslo_concurrency.lockutils [None req-a79fadbc-c198-4dfd-a93b-df2085f0c395 None None] Acquiring lock "0015df8e-6369-49d6-b13c-18defd7a916a" by "nova.context.set_target_cell..get_or_set_cached_cell_and_set_connections" {{(pid=107193) inner /opt/stack/data/venv/lib/python3.12/site-packages/oslo_concurrency/lockutils.py:512}}
Jul 22 09:21:26.720900 np0000186171 devstack@n-api-meta.service[107193]: DEBUG oslo_concurrency.lockutils [None req-a79fadbc-c198-4dfd-a93b-df2085f0c395 None None] Lock "0015df8e-6369-49d6-b13c-18defd7a916a" acquired by "nova.context.set_target_cell..get_or_set_cached_cell_and_set_connections" :: waited 0.000s {{(pid=107193) inner /opt/stack/data/venv/lib/python3.12/site-packages/oslo_concurrency/lockutils.py:525}}
Jul 22 09:21:26.722184 np0000186171 devstack@n-api-meta.service[107193]: DEBUG oslo_concurrency.lockutils [None req-a79fadbc-c198-4dfd-a93b-df2085f0c395 None None] Lock "0015df8e-6369-49d6-b13c-18defd7a916a" "released" by "nova.context.set_target_cell..get_or_set_cached_cell_and_set_connections" :: held 0.001s {{(pid=107193) inner /opt/stack/data/venv/lib/python3.12/site-packages/oslo_concurrency/lockutils.py:544}}
Jul 22 09:21:26.724429 np0000186171 devstack@n-api-meta.service[107193]: INFO dbcounter [None req-a79fadbc-c198-4dfd-a93b-df2085f0c395 None None] Registered counter for database nova_cell0
Jul 22 09:21:26.729385 np0000186171 devstack@n-api-meta.service[107193]: INFO dbcounter [None req-a79fadbc-c198-4dfd-a93b-df2085f0c395 None None] Registered counter for database nova_cell1
Jul 22 09:21:26.737094 np0000186171 devstack@n-api-meta.service[107194]: DEBUG oslo_db.sqlalchemy.engines [None req-4ce76f6d-f38b-43b0-9f89-73c81f04f78a None None] MySQL server mode set to STRICT_TRANS_TABLES,STRICT_ALL_TABLES,NO_ZERO_IN_DATE,NO_ZERO_DATE,ERROR_FOR_DIVISION_BY_ZERO,TRADITIONAL,NO_ENGINE_SUBSTITUTION {{(pid=107194) _check_effective_sql_mode /opt/stack/data/venv/lib/python3.12/site-packages/oslo_db/sqlalchemy/engines.py:325}}
Jul 22 09:21:26.747412 np0000186171 devstack@n-api-meta.service[107195]: DEBUG oslo_db.sqlalchemy.engines [None req-56df8d0a-8c9d-4bb8-98a6-db4c4187bdb0 None None] MySQL server mode set to STRICT_TRANS_TABLES,STRICT_ALL_TABLES,NO_ZERO_IN_DATE,NO_ZERO_DATE,ERROR_FOR_DIVISION_BY_ZERO,TRADITIONAL,NO_ENGINE_SUBSTITUTION {{(pid=107195) _check_effective_sql_mode /opt/stack/data/venv/lib/python3.12/site-packages/oslo_db/sqlalchemy/engines.py:325}}
Jul 22 09:21:26.781530 np0000186171 devstack@n-api-meta.service[107195]: DEBUG dbcounter [-] [107195] Writer thread running {{(pid=107195) stat_writer /opt/stack/data/venv/lib/python3.12/site-packages/dbcounter.py:102}}
Jul 22 09:21:26.784740 np0000186171 devstack@n-api-meta.service[107195]: DEBUG nova.context [None req-56df8d0a-8c9d-4bb8-98a6-db4c4187bdb0 None None] Found 2 cells: 00000000-0000-0000-0000-000000000000(cell0),0015df8e-6369-49d6-b13c-18defd7a916a(cell1) {{(pid=107195) load_cells /opt/stack/nova/nova/context.py:509}}
Jul 22 09:21:26.784994 np0000186171 devstack@n-api-meta.service[107195]: INFO nova.utils [None req-56df8d0a-8c9d-4bb8-98a6-db4c4187bdb0 None None] The cell worker thread pool MainProcess.cell_worker is initialized
Jul 22 09:21:26.787122 np0000186171 devstack@n-api-meta.service[107195]: DEBUG oslo_concurrency.lockutils [None req-56df8d0a-8c9d-4bb8-98a6-db4c4187bdb0 None None] Acquiring lock "00000000-0000-0000-0000-000000000000" by "nova.context.set_target_cell..get_or_set_cached_cell_and_set_connections" {{(pid=107195) inner /opt/stack/data/venv/lib/python3.12/site-packages/oslo_concurrency/lockutils.py:512}}
Jul 22 09:21:26.787333 np0000186171 devstack@n-api-meta.service[107195]: DEBUG oslo_concurrency.lockutils [None req-56df8d0a-8c9d-4bb8-98a6-db4c4187bdb0 None None] Lock "00000000-0000-0000-0000-000000000000" acquired by "nova.context.set_target_cell..get_or_set_cached_cell_and_set_connections" :: waited 0.000s {{(pid=107195) inner /opt/stack/data/venv/lib/python3.12/site-packages/oslo_concurrency/lockutils.py:525}}
Jul 22 09:21:26.787875 np0000186171 devstack@n-api-meta.service[107195]: DEBUG oslo_concurrency.lockutils [None req-56df8d0a-8c9d-4bb8-98a6-db4c4187bdb0 None None] Lock "00000000-0000-0000-0000-000000000000" "released" by "nova.context.set_target_cell..get_or_set_cached_cell_and_set_connections" :: held 0.000s {{(pid=107195) inner /opt/stack/data/venv/lib/python3.12/site-packages/oslo_concurrency/lockutils.py:544}}
Jul 22 09:21:26.788800 np0000186171 devstack@n-api-meta.service[107195]: DEBUG oslo_concurrency.lockutils [None req-56df8d0a-8c9d-4bb8-98a6-db4c4187bdb0 None None] Acquiring lock "0015df8e-6369-49d6-b13c-18defd7a916a" by "nova.context.set_target_cell..get_or_set_cached_cell_and_set_connections" {{(pid=107195) inner /opt/stack/data/venv/lib/python3.12/site-packages/oslo_concurrency/lockutils.py:512}}
Jul 22 09:21:26.791058 np0000186171 devstack@n-api-meta.service[107194]: DEBUG dbcounter [-] [107194] Writer thread running {{(pid=107194) stat_writer /opt/stack/data/venv/lib/python3.12/site-packages/dbcounter.py:102}}
Jul 22 09:21:26.791171 np0000186171 devstack@n-api-meta.service[107195]: INFO dbcounter [None req-56df8d0a-8c9d-4bb8-98a6-db4c4187bdb0 None None] Registered counter for database nova_cell0
Jul 22 09:21:26.792553 np0000186171 devstack@n-api-meta.service[107195]: DEBUG oslo_concurrency.lockutils [None req-56df8d0a-8c9d-4bb8-98a6-db4c4187bdb0 None None] Lock "0015df8e-6369-49d6-b13c-18defd7a916a" acquired by "nova.context.set_target_cell..get_or_set_cached_cell_and_set_connections" :: waited 0.002s {{(pid=107195) inner /opt/stack/data/venv/lib/python3.12/site-packages/oslo_concurrency/lockutils.py:525}}
Jul 22 09:21:26.794423 np0000186171 devstack@n-api-meta.service[107195]: DEBUG oslo_concurrency.lockutils [None req-56df8d0a-8c9d-4bb8-98a6-db4c4187bdb0 None None] Lock "0015df8e-6369-49d6-b13c-18defd7a916a" "released" by "nova.context.set_target_cell..get_or_set_cached_cell_and_set_connections" :: held 0.003s {{(pid=107195) inner /opt/stack/data/venv/lib/python3.12/site-packages/oslo_concurrency/lockutils.py:544}}
Jul 22 09:21:26.795643 np0000186171 devstack@n-api-meta.service[107194]: DEBUG nova.context [None req-4ce76f6d-f38b-43b0-9f89-73c81f04f78a None None] Found 2 cells: 00000000-0000-0000-0000-000000000000(cell0),0015df8e-6369-49d6-b13c-18defd7a916a(cell1) {{(pid=107194) load_cells /opt/stack/nova/nova/context.py:509}}
Jul 22 09:21:26.795907 np0000186171 devstack@n-api-meta.service[107194]: INFO nova.utils [None req-4ce76f6d-f38b-43b0-9f89-73c81f04f78a None None] The cell worker thread pool MainProcess.cell_worker is initialized
Jul 22 09:21:26.798129 np0000186171 devstack@n-api-meta.service[107194]: DEBUG oslo_concurrency.lockutils [None req-4ce76f6d-f38b-43b0-9f89-73c81f04f78a None None] Acquiring lock "00000000-0000-0000-0000-000000000000" by "nova.context.set_target_cell..get_or_set_cached_cell_and_set_connections" {{(pid=107194) inner /opt/stack/data/venv/lib/python3.12/site-packages/oslo_concurrency/lockutils.py:512}}
Jul 22 09:21:26.798301 np0000186171 devstack@n-api-meta.service[107194]: DEBUG oslo_concurrency.lockutils [None req-4ce76f6d-f38b-43b0-9f89-73c81f04f78a None None] Lock "00000000-0000-0000-0000-000000000000" acquired by "nova.context.set_target_cell..get_or_set_cached_cell_and_set_connections" :: waited 0.000s {{(pid=107194) inner /opt/stack/data/venv/lib/python3.12/site-packages/oslo_concurrency/lockutils.py:525}}
Jul 22 09:21:26.798690 np0000186171 devstack@n-api-meta.service[107194]: DEBUG oslo_concurrency.lockutils [None req-4ce76f6d-f38b-43b0-9f89-73c81f04f78a None None] Lock "00000000-0000-0000-0000-000000000000" "released" by "nova.context.set_target_cell..get_or_set_cached_cell_and_set_connections" :: held 0.000s {{(pid=107194) inner /opt/stack/data/venv/lib/python3.12/site-packages/oslo_concurrency/lockutils.py:544}}
Jul 22 09:21:26.798996 np0000186171 devstack@n-api-meta.service[107195]: INFO dbcounter [None req-56df8d0a-8c9d-4bb8-98a6-db4c4187bdb0 None None] Registered counter for database nova_cell1
Jul 22 09:21:26.799455 np0000186171 devstack@n-api-meta.service[107194]: DEBUG oslo_concurrency.lockutils [None req-4ce76f6d-f38b-43b0-9f89-73c81f04f78a None None] Acquiring lock "0015df8e-6369-49d6-b13c-18defd7a916a" by "nova.context.set_target_cell..get_or_set_cached_cell_and_set_connections" {{(pid=107194) inner /opt/stack/data/venv/lib/python3.12/site-packages/oslo_concurrency/lockutils.py:512}}
Jul 22 09:21:26.799609 np0000186171 devstack@n-api-meta.service[107194]: DEBUG oslo_concurrency.lockutils [None req-4ce76f6d-f38b-43b0-9f89-73c81f04f78a None None] Lock "0015df8e-6369-49d6-b13c-18defd7a916a" acquired by "nova.context.set_target_cell..get_or_set_cached_cell_and_set_connections" :: waited 0.000s {{(pid=107194) inner /opt/stack/data/venv/lib/python3.12/site-packages/oslo_concurrency/lockutils.py:525}}
Jul 22 09:21:26.801093 np0000186171 devstack@n-api-meta.service[107194]: DEBUG oslo_concurrency.lockutils [None req-4ce76f6d-f38b-43b0-9f89-73c81f04f78a None None] Lock "0015df8e-6369-49d6-b13c-18defd7a916a" "released" by "nova.context.set_target_cell..get_or_set_cached_cell_and_set_connections" :: held 0.001s {{(pid=107194) inner /opt/stack/data/venv/lib/python3.12/site-packages/oslo_concurrency/lockutils.py:544}}
Jul 22 09:21:26.803585 np0000186171 devstack@n-api-meta.service[107194]: INFO dbcounter [None req-4ce76f6d-f38b-43b0-9f89-73c81f04f78a None None] Registered counter for database nova_cell0
Jul 22 09:21:26.808150 np0000186171 devstack@n-api-meta.service[107194]: INFO dbcounter [None req-4ce76f6d-f38b-43b0-9f89-73c81f04f78a None None] Registered counter for database nova_cell1
Jul 22 09:21:26.809169 np0000186171 devstack@n-api-meta.service[107193]: DEBUG oslo_db.sqlalchemy.engines [None req-a79fadbc-c198-4dfd-a93b-df2085f0c395 None None] MySQL server mode set to STRICT_TRANS_TABLES,STRICT_ALL_TABLES,NO_ZERO_IN_DATE,NO_ZERO_DATE,ERROR_FOR_DIVISION_BY_ZERO,TRADITIONAL,NO_ENGINE_SUBSTITUTION {{(pid=107193) _check_effective_sql_mode /opt/stack/data/venv/lib/python3.12/site-packages/oslo_db/sqlalchemy/engines.py:325}}
Jul 22 09:21:26.822388 np0000186171 devstack@n-api-meta.service[107192]: INFO dbcounter [None req-e25492f5-7cf5-4120-8d34-c01e5c858ac4 None None] Registered counter for database nova_api
Jul 22 09:21:26.861925 np0000186171 devstack@n-api-meta.service[107194]: DEBUG oslo_db.sqlalchemy.engines [None req-4ce76f6d-f38b-43b0-9f89-73c81f04f78a None None] MySQL server mode set to STRICT_TRANS_TABLES,STRICT_ALL_TABLES,NO_ZERO_IN_DATE,NO_ZERO_DATE,ERROR_FOR_DIVISION_BY_ZERO,TRADITIONAL,NO_ENGINE_SUBSTITUTION {{(pid=107194) _check_effective_sql_mode /opt/stack/data/venv/lib/python3.12/site-packages/oslo_db/sqlalchemy/engines.py:325}}
Jul 22 09:21:26.875739 np0000186171 devstack@n-api-meta.service[107193]: DEBUG oslo_db.sqlalchemy.engines [None req-a79fadbc-c198-4dfd-a93b-df2085f0c395 None None] MySQL server mode set to STRICT_TRANS_TABLES,STRICT_ALL_TABLES,NO_ZERO_IN_DATE,NO_ZERO_DATE,ERROR_FOR_DIVISION_BY_ZERO,TRADITIONAL,NO_ENGINE_SUBSTITUTION {{(pid=107193) _check_effective_sql_mode /opt/stack/data/venv/lib/python3.12/site-packages/oslo_db/sqlalchemy/engines.py:325}}
Jul 22 09:21:26.880065 np0000186171 devstack@n-api-meta.service[107195]: DEBUG oslo_db.sqlalchemy.engines [None req-56df8d0a-8c9d-4bb8-98a6-db4c4187bdb0 None None] MySQL server mode set to STRICT_TRANS_TABLES,STRICT_ALL_TABLES,NO_ZERO_IN_DATE,NO_ZERO_DATE,ERROR_FOR_DIVISION_BY_ZERO,TRADITIONAL,NO_ENGINE_SUBSTITUTION {{(pid=107195) _check_effective_sql_mode /opt/stack/data/venv/lib/python3.12/site-packages/oslo_db/sqlalchemy/engines.py:325}}
Jul 22 09:21:26.880151 np0000186171 devstack@n-api-meta.service[107194]: DEBUG oslo_db.sqlalchemy.engines [None req-4ce76f6d-f38b-43b0-9f89-73c81f04f78a None None] MySQL server mode set to STRICT_TRANS_TABLES,STRICT_ALL_TABLES,NO_ZERO_IN_DATE,NO_ZERO_DATE,ERROR_FOR_DIVISION_BY_ZERO,TRADITIONAL,NO_ENGINE_SUBSTITUTION {{(pid=107194) _check_effective_sql_mode /opt/stack/data/venv/lib/python3.12/site-packages/oslo_db/sqlalchemy/engines.py:325}}
Jul 22 09:21:26.884492 np0000186171 devstack@n-api-meta.service[107192]: DEBUG oslo_db.sqlalchemy.engines [None req-e25492f5-7cf5-4120-8d34-c01e5c858ac4 None None] MySQL server mode set to STRICT_TRANS_TABLES,STRICT_ALL_TABLES,NO_ZERO_IN_DATE,NO_ZERO_DATE,ERROR_FOR_DIVISION_BY_ZERO,TRADITIONAL,NO_ENGINE_SUBSTITUTION {{(pid=107192) _check_effective_sql_mode /opt/stack/data/venv/lib/python3.12/site-packages/oslo_db/sqlalchemy/engines.py:325}}
Jul 22 09:21:26.894251 np0000186171 devstack@n-api-meta.service[107195]: DEBUG oslo_db.sqlalchemy.engines [None req-56df8d0a-8c9d-4bb8-98a6-db4c4187bdb0 None None] MySQL server mode set to STRICT_TRANS_TABLES,STRICT_ALL_TABLES,NO_ZERO_IN_DATE,NO_ZERO_DATE,ERROR_FOR_DIVISION_BY_ZERO,TRADITIONAL,NO_ENGINE_SUBSTITUTION {{(pid=107195) _check_effective_sql_mode /opt/stack/data/venv/lib/python3.12/site-packages/oslo_db/sqlalchemy/engines.py:325}}
Jul 22 09:21:26.918117 np0000186171 devstack@n-api-meta.service[107193]: DEBUG dbcounter [-] [107193] Writer thread running {{(pid=107193) stat_writer /opt/stack/data/venv/lib/python3.12/site-packages/dbcounter.py:102}}
Jul 22 09:21:26.920849 np0000186171 devstack@n-api-meta.service[107192]: DEBUG dbcounter [-] [107192] Writer thread running {{(pid=107192) stat_writer /opt/stack/data/venv/lib/python3.12/site-packages/dbcounter.py:102}}
Jul 22 09:21:26.923667 np0000186171 devstack@n-api-meta.service[107192]: DEBUG nova.context [None req-e25492f5-7cf5-4120-8d34-c01e5c858ac4 None None] Found 2 cells: 00000000-0000-0000-0000-000000000000(cell0),0015df8e-6369-49d6-b13c-18defd7a916a(cell1) {{(pid=107192) load_cells /opt/stack/nova/nova/context.py:509}}
Jul 22 09:21:26.923931 np0000186171 devstack@n-api-meta.service[107192]: INFO nova.utils [None req-e25492f5-7cf5-4120-8d34-c01e5c858ac4 None None] The cell worker thread pool MainProcess.cell_worker is initialized
Jul 22 09:21:26.925904 np0000186171 devstack@n-api-meta.service[107192]: DEBUG oslo_concurrency.lockutils [None req-e25492f5-7cf5-4120-8d34-c01e5c858ac4 None None] Acquiring lock "00000000-0000-0000-0000-000000000000" by "nova.context.set_target_cell..get_or_set_cached_cell_and_set_connections" {{(pid=107192) inner /opt/stack/data/venv/lib/python3.12/site-packages/oslo_concurrency/lockutils.py:512}}
Jul 22 09:21:26.926081 np0000186171 devstack@n-api-meta.service[107192]: DEBUG oslo_concurrency.lockutils [None req-e25492f5-7cf5-4120-8d34-c01e5c858ac4 None None] Lock "00000000-0000-0000-0000-000000000000" acquired by "nova.context.set_target_cell..get_or_set_cached_cell_and_set_connections" :: waited 0.000s {{(pid=107192) inner /opt/stack/data/venv/lib/python3.12/site-packages/oslo_concurrency/lockutils.py:525}}
Jul 22 09:21:26.926255 np0000186171 devstack@n-api-meta.service[107193]: DEBUG dbcounter [-] [107193] Writer thread running {{(pid=107193) stat_writer /opt/stack/data/venv/lib/python3.12/site-packages/dbcounter.py:102}}
Jul 22 09:21:26.926455 np0000186171 devstack@n-api-meta.service[107192]: DEBUG oslo_concurrency.lockutils [None req-e25492f5-7cf5-4120-8d34-c01e5c858ac4 None None] Lock "00000000-0000-0000-0000-000000000000" "released" by "nova.context.set_target_cell..get_or_set_cached_cell_and_set_connections" :: held 0.000s {{(pid=107192) inner /opt/stack/data/venv/lib/python3.12/site-packages/oslo_concurrency/lockutils.py:544}}
Jul 22 09:21:26.927499 np0000186171 devstack@n-api-meta.service[107192]: DEBUG oslo_concurrency.lockutils [None req-e25492f5-7cf5-4120-8d34-c01e5c858ac4 None None] Acquiring lock "0015df8e-6369-49d6-b13c-18defd7a916a" by "nova.context.set_target_cell..get_or_set_cached_cell_and_set_connections" {{(pid=107192) inner /opt/stack/data/venv/lib/python3.12/site-packages/oslo_concurrency/lockutils.py:512}}
Jul 22 09:21:26.927697 np0000186171 devstack@n-api-meta.service[107192]: DEBUG oslo_concurrency.lockutils [None req-e25492f5-7cf5-4120-8d34-c01e5c858ac4 None None] Lock "0015df8e-6369-49d6-b13c-18defd7a916a" acquired by "nova.context.set_target_cell..get_or_set_cached_cell_and_set_connections" :: waited 0.000s {{(pid=107192) inner /opt/stack/data/venv/lib/python3.12/site-packages/oslo_concurrency/lockutils.py:525}}
Jul 22 09:21:26.928941 np0000186171 devstack@n-api-meta.service[107192]: DEBUG oslo_concurrency.lockutils [None req-e25492f5-7cf5-4120-8d34-c01e5c858ac4 None None] Lock "0015df8e-6369-49d6-b13c-18defd7a916a" "released" by "nova.context.set_target_cell..get_or_set_cached_cell_and_set_connections" :: held 0.001s {{(pid=107192) inner /opt/stack/data/venv/lib/python3.12/site-packages/oslo_concurrency/lockutils.py:544}}
Jul 22 09:21:26.931103 np0000186171 devstack@n-api-meta.service[107193]: INFO dbcounter [None req-a79fadbc-c198-4dfd-a93b-df2085f0c395 None None] Registered counter for database nova_cell0
Jul 22 09:21:26.932591 np0000186171 devstack@n-api-meta.service[107192]: INFO dbcounter [None req-e25492f5-7cf5-4120-8d34-c01e5c858ac4 None None] Registered counter for database nova_cell0
Jul 22 09:21:26.938959 np0000186171 devstack@n-api-meta.service[107192]: INFO dbcounter [None req-e25492f5-7cf5-4120-8d34-c01e5c858ac4 None None] Registered counter for database nova_cell1
Jul 22 09:21:26.976294 np0000186171 devstack@n-api-meta.service[107194]: DEBUG dbcounter [-] [107194] Writer thread running {{(pid=107194) stat_writer /opt/stack/data/venv/lib/python3.12/site-packages/dbcounter.py:102}}
Jul 22 09:21:26.982274 np0000186171 devstack@n-api-meta.service[107194]: DEBUG dbcounter [-] [107194] Writer thread running {{(pid=107194) stat_writer /opt/stack/data/venv/lib/python3.12/site-packages/dbcounter.py:102}}
Jul 22 09:21:26.983841 np0000186171 devstack@n-api-meta.service[107195]: DEBUG dbcounter [-] [107195] Writer thread running {{(pid=107195) stat_writer /opt/stack/data/venv/lib/python3.12/site-packages/dbcounter.py:102}}
Jul 22 09:21:26.988084 np0000186171 devstack@n-api-meta.service[107194]: INFO dbcounter [None req-4ce76f6d-f38b-43b0-9f89-73c81f04f78a None None] Registered counter for database nova_cell0
Jul 22 09:21:26.989608 np0000186171 devstack@n-api-meta.service[107193]: DEBUG oslo_db.sqlalchemy.engines [None req-a79fadbc-c198-4dfd-a93b-df2085f0c395 None None] MySQL server mode set to STRICT_TRANS_TABLES,STRICT_ALL_TABLES,NO_ZERO_IN_DATE,NO_ZERO_DATE,ERROR_FOR_DIVISION_BY_ZERO,TRADITIONAL,NO_ENGINE_SUBSTITUTION {{(pid=107193) _check_effective_sql_mode /opt/stack/data/venv/lib/python3.12/site-packages/oslo_db/sqlalchemy/engines.py:325}}
Jul 22 09:21:26.994574 np0000186171 devstack@n-api-meta.service[107195]: DEBUG dbcounter [-] [107195] Writer thread running {{(pid=107195) stat_writer /opt/stack/data/venv/lib/python3.12/site-packages/dbcounter.py:102}}
Jul 22 09:21:27.000447 np0000186171 devstack@n-api-meta.service[107195]: INFO dbcounter [None req-56df8d0a-8c9d-4bb8-98a6-db4c4187bdb0 None None] Registered counter for database nova_cell0
Jul 22 09:21:27.000569 np0000186171 devstack@n-api-meta.service[107193]: DEBUG dbcounter [-] [107193] Writer thread running {{(pid=107193) stat_writer /opt/stack/data/venv/lib/python3.12/site-packages/dbcounter.py:102}}
Jul 22 09:21:27.010184 np0000186171 devstack@n-api-meta.service[107192]: DEBUG oslo_db.sqlalchemy.engines [None req-e25492f5-7cf5-4120-8d34-c01e5c858ac4 None None] MySQL server mode set to STRICT_TRANS_TABLES,STRICT_ALL_TABLES,NO_ZERO_IN_DATE,NO_ZERO_DATE,ERROR_FOR_DIVISION_BY_ZERO,TRADITIONAL,NO_ENGINE_SUBSTITUTION {{(pid=107192) _check_effective_sql_mode /opt/stack/data/venv/lib/python3.12/site-packages/oslo_db/sqlalchemy/engines.py:325}}
Jul 22 09:21:27.026917 np0000186171 devstack@n-api-meta.service[107192]: DEBUG oslo_db.sqlalchemy.engines [None req-e25492f5-7cf5-4120-8d34-c01e5c858ac4 None None] MySQL server mode set to STRICT_TRANS_TABLES,STRICT_ALL_TABLES,NO_ZERO_IN_DATE,NO_ZERO_DATE,ERROR_FOR_DIVISION_BY_ZERO,TRADITIONAL,NO_ENGINE_SUBSTITUTION {{(pid=107192) _check_effective_sql_mode /opt/stack/data/venv/lib/python3.12/site-packages/oslo_db/sqlalchemy/engines.py:325}}
Jul 22 09:21:27.043096 np0000186171 devstack@n-api-meta.service[107194]: DEBUG oslo_db.sqlalchemy.engines [None req-4ce76f6d-f38b-43b0-9f89-73c81f04f78a None None] MySQL server mode set to STRICT_TRANS_TABLES,STRICT_ALL_TABLES,NO_ZERO_IN_DATE,NO_ZERO_DATE,ERROR_FOR_DIVISION_BY_ZERO,TRADITIONAL,NO_ENGINE_SUBSTITUTION {{(pid=107194) _check_effective_sql_mode /opt/stack/data/venv/lib/python3.12/site-packages/oslo_db/sqlalchemy/engines.py:325}}
Jul 22 09:21:27.048906 np0000186171 devstack@n-api-meta.service[107193]: WARNING nova.api.metadata.handler [None req-a79fadbc-c198-4dfd-a93b-df2085f0c395 None None] metadata_proxy_shared_secret is not configured, the metadata information returned by the proxy cannot be trusted
Jul 22 09:21:27.051474 np0000186171 devstack@n-api-meta.service[107193]: DEBUG nova.api.openstack.wsgi_app [None req-a79fadbc-c198-4dfd-a93b-df2085f0c395 None None] ******************************************************************************** {{(pid=107193) log_opt_values /opt/stack/data/venv/lib/python3.12/site-packages/oslo_config/cfg.py:3226}}
Jul 22 09:21:27.051598 np0000186171 devstack@n-api-meta.service[107193]: DEBUG nova.api.openstack.wsgi_app [None req-a79fadbc-c198-4dfd-a93b-df2085f0c395 None None] Configuration options gathered from: {{(pid=107193) log_opt_values /opt/stack/data/venv/lib/python3.12/site-packages/oslo_config/cfg.py:3227}}
Jul 22 09:21:27.051655 np0000186171 devstack@n-api-meta.service[107195]: DEBUG oslo_db.sqlalchemy.engines [None req-56df8d0a-8c9d-4bb8-98a6-db4c4187bdb0 None None] MySQL server mode set to STRICT_TRANS_TABLES,STRICT_ALL_TABLES,NO_ZERO_IN_DATE,NO_ZERO_DATE,ERROR_FOR_DIVISION_BY_ZERO,TRADITIONAL,NO_ENGINE_SUBSTITUTION {{(pid=107195) _check_effective_sql_mode /opt/stack/data/venv/lib/python3.12/site-packages/oslo_db/sqlalchemy/engines.py:325}}
Jul 22 09:21:27.051714 np0000186171 devstack@n-api-meta.service[107193]: DEBUG nova.api.openstack.wsgi_app [None req-a79fadbc-c198-4dfd-a93b-df2085f0c395 None None] command line args: [] {{(pid=107193) log_opt_values /opt/stack/data/venv/lib/python3.12/site-packages/oslo_config/cfg.py:3228}}
Jul 22 09:21:27.051904 np0000186171 devstack@n-api-meta.service[107193]: DEBUG nova.api.openstack.wsgi_app [None req-a79fadbc-c198-4dfd-a93b-df2085f0c395 None None] config files: ['/etc/nova/api-paste.ini', '/etc/nova/nova.conf'] {{(pid=107193) log_opt_values /opt/stack/data/venv/lib/python3.12/site-packages/oslo_config/cfg.py:3229}}
Jul 22 09:21:27.052016 np0000186171 devstack@n-api-meta.service[107193]: DEBUG nova.api.openstack.wsgi_app [None req-a79fadbc-c198-4dfd-a93b-df2085f0c395 None None] ================================================================================ {{(pid=107193) log_opt_values /opt/stack/data/venv/lib/python3.12/site-packages/oslo_config/cfg.py:3234}}
Jul 22 09:21:27.052351 np0000186171 devstack@n-api-meta.service[107193]: DEBUG nova.api.openstack.wsgi_app [None req-a79fadbc-c198-4dfd-a93b-df2085f0c395 None None] allow_resize_to_same_host = True {{(pid=107193) log_opt_values /opt/stack/data/venv/lib/python3.12/site-packages/oslo_config/cfg.py:3242}}
Jul 22 09:21:27.052512 np0000186171 devstack@n-api-meta.service[107193]: DEBUG nova.api.openstack.wsgi_app [None req-a79fadbc-c198-4dfd-a93b-df2085f0c395 None None] arq_binding_timeout = 300 {{(pid=107193) log_opt_values /opt/stack/data/venv/lib/python3.12/site-packages/oslo_config/cfg.py:3242}}
Jul 22 09:21:27.052667 np0000186171 devstack@n-api-meta.service[107193]: DEBUG nova.api.openstack.wsgi_app [None req-a79fadbc-c198-4dfd-a93b-df2085f0c395 None None] block_device_allocate_retries = 60 {{(pid=107193) log_opt_values /opt/stack/data/venv/lib/python3.12/site-packages/oslo_config/cfg.py:3242}}
Jul 22 09:21:27.052834 np0000186171 devstack@n-api-meta.service[107193]: DEBUG nova.api.openstack.wsgi_app [None req-a79fadbc-c198-4dfd-a93b-df2085f0c395 None None] block_device_allocate_retries_interval = 3 {{(pid=107193) log_opt_values /opt/stack/data/venv/lib/python3.12/site-packages/oslo_config/cfg.py:3242}}
Jul 22 09:21:27.052961 np0000186171 devstack@n-api-meta.service[107193]: DEBUG nova.api.openstack.wsgi_app [None req-a79fadbc-c198-4dfd-a93b-df2085f0c395 None None] cell_worker_thread_pool_size = 5 {{(pid=107193) log_opt_values /opt/stack/data/venv/lib/python3.12/site-packages/oslo_config/cfg.py:3242}}
Jul 22 09:21:27.053125 np0000186171 devstack@n-api-meta.service[107193]: DEBUG nova.api.openstack.wsgi_app [None req-a79fadbc-c198-4dfd-a93b-df2085f0c395 None None] cert = self.pem {{(pid=107193) log_opt_values /opt/stack/data/venv/lib/python3.12/site-packages/oslo_config/cfg.py:3242}}
Jul 22 09:21:27.053261 np0000186171 devstack@n-api-meta.service[107193]: DEBUG nova.api.openstack.wsgi_app [None req-a79fadbc-c198-4dfd-a93b-df2085f0c395 None None] compute_driver = libvirt.LibvirtDriver {{(pid=107193) log_opt_values /opt/stack/data/venv/lib/python3.12/site-packages/oslo_config/cfg.py:3242}}
Jul 22 09:21:27.053401 np0000186171 devstack@n-api-meta.service[107193]: DEBUG nova.api.openstack.wsgi_app [None req-a79fadbc-c198-4dfd-a93b-df2085f0c395 None None] compute_monitors = [] {{(pid=107193) log_opt_values /opt/stack/data/venv/lib/python3.12/site-packages/oslo_config/cfg.py:3242}}
Jul 22 09:21:27.053548 np0000186171 devstack@n-api-meta.service[107193]: DEBUG nova.api.openstack.wsgi_app [None req-a79fadbc-c198-4dfd-a93b-df2085f0c395 None None] concurrency_backend = auto {{(pid=107193) log_opt_values /opt/stack/data/venv/lib/python3.12/site-packages/oslo_config/cfg.py:3242}}
Jul 22 09:21:27.053685 np0000186171 devstack@n-api-meta.service[107193]: DEBUG nova.api.openstack.wsgi_app [None req-a79fadbc-c198-4dfd-a93b-df2085f0c395 None None] config_dir = [] {{(pid=107193) log_opt_values /opt/stack/data/venv/lib/python3.12/site-packages/oslo_config/cfg.py:3242}}
Jul 22 09:21:27.053923 np0000186171 devstack@n-api-meta.service[107193]: DEBUG nova.api.openstack.wsgi_app [None req-a79fadbc-c198-4dfd-a93b-df2085f0c395 None None] config_drive_format = iso9660 {{(pid=107193) log_opt_values /opt/stack/data/venv/lib/python3.12/site-packages/oslo_config/cfg.py:3242}}
Jul 22 09:21:27.054034 np0000186171 devstack@n-api-meta.service[107193]: DEBUG nova.api.openstack.wsgi_app [None req-a79fadbc-c198-4dfd-a93b-df2085f0c395 None None] config_file = ['/etc/nova/api-paste.ini', '/etc/nova/nova.conf'] {{(pid=107193) log_opt_values /opt/stack/data/venv/lib/python3.12/site-packages/oslo_config/cfg.py:3242}}
Jul 22 09:21:27.054181 np0000186171 devstack@n-api-meta.service[107193]: DEBUG nova.api.openstack.wsgi_app [None req-a79fadbc-c198-4dfd-a93b-df2085f0c395 None None] config_source = [] {{(pid=107193) log_opt_values /opt/stack/data/venv/lib/python3.12/site-packages/oslo_config/cfg.py:3242}}
Jul 22 09:21:27.054347 np0000186171 devstack@n-api-meta.service[107193]: DEBUG nova.api.openstack.wsgi_app [None req-a79fadbc-c198-4dfd-a93b-df2085f0c395 None None] console_host = np0000186171 {{(pid=107193) log_opt_values /opt/stack/data/venv/lib/python3.12/site-packages/oslo_config/cfg.py:3242}}
Jul 22 09:21:27.054509 np0000186171 devstack@n-api-meta.service[107193]: DEBUG nova.api.openstack.wsgi_app [None req-a79fadbc-c198-4dfd-a93b-df2085f0c395 None None] control_exchange = nova {{(pid=107193) log_opt_values /opt/stack/data/venv/lib/python3.12/site-packages/oslo_config/cfg.py:3242}}
Jul 22 09:21:27.054642 np0000186171 devstack@n-api-meta.service[107193]: DEBUG nova.api.openstack.wsgi_app [None req-a79fadbc-c198-4dfd-a93b-df2085f0c395 None None] cpu_allocation_ratio = None {{(pid=107193) log_opt_values /opt/stack/data/venv/lib/python3.12/site-packages/oslo_config/cfg.py:3242}}
Jul 22 09:21:27.054777 np0000186171 devstack@n-api-meta.service[107193]: DEBUG nova.api.openstack.wsgi_app [None req-a79fadbc-c198-4dfd-a93b-df2085f0c395 None None] daemon = False {{(pid=107193) log_opt_values /opt/stack/data/venv/lib/python3.12/site-packages/oslo_config/cfg.py:3242}}
Jul 22 09:21:27.054930 np0000186171 devstack@n-api-meta.service[107193]: DEBUG nova.api.openstack.wsgi_app [None req-a79fadbc-c198-4dfd-a93b-df2085f0c395 None None] debug = True {{(pid=107193) log_opt_values /opt/stack/data/venv/lib/python3.12/site-packages/oslo_config/cfg.py:3242}}
Jul 22 09:21:27.055062 np0000186171 devstack@n-api-meta.service[107193]: DEBUG nova.api.openstack.wsgi_app [None req-a79fadbc-c198-4dfd-a93b-df2085f0c395 None None] default_access_ip_network_name = None {{(pid=107193) log_opt_values /opt/stack/data/venv/lib/python3.12/site-packages/oslo_config/cfg.py:3242}}
Jul 22 09:21:27.055203 np0000186171 devstack@n-api-meta.service[107193]: DEBUG nova.api.openstack.wsgi_app [None req-a79fadbc-c198-4dfd-a93b-df2085f0c395 None None] default_availability_zone = nova {{(pid=107193) log_opt_values /opt/stack/data/venv/lib/python3.12/site-packages/oslo_config/cfg.py:3242}}
Jul 22 09:21:27.055377 np0000186171 devstack@n-api-meta.service[107193]: DEBUG nova.api.openstack.wsgi_app [None req-a79fadbc-c198-4dfd-a93b-df2085f0c395 None None] default_ephemeral_format = ext4 {{(pid=107193) log_opt_values /opt/stack/data/venv/lib/python3.12/site-packages/oslo_config/cfg.py:3242}}
Jul 22 09:21:27.055525 np0000186171 devstack@n-api-meta.service[107193]: DEBUG nova.api.openstack.wsgi_app [None req-a79fadbc-c198-4dfd-a93b-df2085f0c395 None None] default_green_pool_size = 1000 {{(pid=107193) log_opt_values /opt/stack/data/venv/lib/python3.12/site-packages/oslo_config/cfg.py:3242}}
Jul 22 09:21:27.055744 np0000186171 devstack@n-api-meta.service[107193]: DEBUG nova.api.openstack.wsgi_app [None req-a79fadbc-c198-4dfd-a93b-df2085f0c395 None None] default_log_levels = ['amqp=WARN', 'boto=WARN', 'sqlalchemy=WARN', 'suds=INFO', 'oslo.messaging=INFO', 'oslo_messaging=INFO', 'iso8601=WARN', 'requests.packages.urllib3.connectionpool=WARN', 'urllib3.connectionpool=WARN', 'websocket=WARN', 'requests.packages.urllib3.util.retry=WARN', 'urllib3.util.retry=WARN', 'keystonemiddleware=WARN', 'routes.middleware=WARN', 'stevedore=WARN', 'taskflow=WARN', 'keystoneauth=WARN', 'oslo.cache=INFO', 'oslo_policy=INFO', 'dogpile.core.dogpile=INFO', 'glanceclient=WARN', 'oslo.privsep.daemon=INFO'] {{(pid=107193) log_opt_values /opt/stack/data/venv/lib/python3.12/site-packages/oslo_config/cfg.py:3242}}
Jul 22 09:21:27.055883 np0000186171 devstack@n-api-meta.service[107193]: DEBUG nova.api.openstack.wsgi_app [None req-a79fadbc-c198-4dfd-a93b-df2085f0c395 None None] default_schedule_zone = None {{(pid=107193) log_opt_values /opt/stack/data/venv/lib/python3.12/site-packages/oslo_config/cfg.py:3242}}
Jul 22 09:21:27.056056 np0000186171 devstack@n-api-meta.service[107193]: DEBUG nova.api.openstack.wsgi_app [None req-a79fadbc-c198-4dfd-a93b-df2085f0c395 None None] default_thread_pool_size = 10 {{(pid=107193) log_opt_values /opt/stack/data/venv/lib/python3.12/site-packages/oslo_config/cfg.py:3242}}
Jul 22 09:21:27.056191 np0000186171 devstack@n-api-meta.service[107193]: DEBUG nova.api.openstack.wsgi_app [None req-a79fadbc-c198-4dfd-a93b-df2085f0c395 None None] disk_allocation_ratio = None {{(pid=107193) log_opt_values /opt/stack/data/venv/lib/python3.12/site-packages/oslo_config/cfg.py:3242}}
Jul 22 09:21:27.056325 np0000186171 devstack@n-api-meta.service[107193]: DEBUG nova.api.openstack.wsgi_app [None req-a79fadbc-c198-4dfd-a93b-df2085f0c395 None None] enable_new_services = True {{(pid=107193) log_opt_values /opt/stack/data/venv/lib/python3.12/site-packages/oslo_config/cfg.py:3242}}
Jul 22 09:21:27.056457 np0000186171 devstack@n-api-meta.service[107193]: DEBUG nova.api.openstack.wsgi_app [None req-a79fadbc-c198-4dfd-a93b-df2085f0c395 None None] flat_injected = False {{(pid=107193) log_opt_values /opt/stack/data/venv/lib/python3.12/site-packages/oslo_config/cfg.py:3242}}
Jul 22 09:21:27.056598 np0000186171 devstack@n-api-meta.service[107193]: DEBUG nova.api.openstack.wsgi_app [None req-a79fadbc-c198-4dfd-a93b-df2085f0c395 None None] force_config_drive = False {{(pid=107193) log_opt_values /opt/stack/data/venv/lib/python3.12/site-packages/oslo_config/cfg.py:3242}}
Jul 22 09:21:27.056654 np0000186171 devstack@n-api-meta.service[107194]: DEBUG dbcounter [-] [107194] Writer thread running {{(pid=107194) stat_writer /opt/stack/data/venv/lib/python3.12/site-packages/dbcounter.py:102}}
Jul 22 09:21:27.056730 np0000186171 devstack@n-api-meta.service[107193]: DEBUG nova.api.openstack.wsgi_app [None req-a79fadbc-c198-4dfd-a93b-df2085f0c395 None None] force_raw_images = True {{(pid=107193) log_opt_values /opt/stack/data/venv/lib/python3.12/site-packages/oslo_config/cfg.py:3242}}
Jul 22 09:21:27.056893 np0000186171 devstack@n-api-meta.service[107193]: DEBUG nova.api.openstack.wsgi_app [None req-a79fadbc-c198-4dfd-a93b-df2085f0c395 None None] graceful_shutdown_timeout = 5 {{(pid=107193) log_opt_values /opt/stack/data/venv/lib/python3.12/site-packages/oslo_config/cfg.py:3242}}
Jul 22 09:21:27.057350 np0000186171 devstack@n-api-meta.service[107193]: DEBUG nova.api.openstack.wsgi_app [None req-a79fadbc-c198-4dfd-a93b-df2085f0c395 None None] heal_instance_info_cache_interval = -1 {{(pid=107193) log_opt_values /opt/stack/data/venv/lib/python3.12/site-packages/oslo_config/cfg.py:3242}}
Jul 22 09:21:27.057350 np0000186171 devstack@n-api-meta.service[107193]: DEBUG nova.api.openstack.wsgi_app [None req-a79fadbc-c198-4dfd-a93b-df2085f0c395 None None] host = np0000186171 {{(pid=107193) log_opt_values /opt/stack/data/venv/lib/python3.12/site-packages/oslo_config/cfg.py:3242}}
Jul 22 09:21:27.057350 np0000186171 devstack@n-api-meta.service[107193]: DEBUG nova.api.openstack.wsgi_app [None req-a79fadbc-c198-4dfd-a93b-df2085f0c395 None None] initial_cpu_allocation_ratio = 4.0 {{(pid=107193) log_opt_values /opt/stack/data/venv/lib/python3.12/site-packages/oslo_config/cfg.py:3242}}
Jul 22 09:21:27.057504 np0000186171 devstack@n-api-meta.service[107193]: DEBUG nova.api.openstack.wsgi_app [None req-a79fadbc-c198-4dfd-a93b-df2085f0c395 None None] initial_disk_allocation_ratio = 1.0 {{(pid=107193) log_opt_values /opt/stack/data/venv/lib/python3.12/site-packages/oslo_config/cfg.py:3242}}
Jul 22 09:21:27.057602 np0000186171 devstack@n-api-meta.service[107193]: DEBUG nova.api.openstack.wsgi_app [None req-a79fadbc-c198-4dfd-a93b-df2085f0c395 None None] initial_ram_allocation_ratio = 1.0 {{(pid=107193) log_opt_values /opt/stack/data/venv/lib/python3.12/site-packages/oslo_config/cfg.py:3242}}
Jul 22 09:21:27.057796 np0000186171 devstack@n-api-meta.service[107193]: DEBUG nova.api.openstack.wsgi_app [None req-a79fadbc-c198-4dfd-a93b-df2085f0c395 None None] injected_network_template = /opt/stack/nova/nova/virt/interfaces.template {{(pid=107193) log_opt_values /opt/stack/data/venv/lib/python3.12/site-packages/oslo_config/cfg.py:3242}}
Jul 22 09:21:27.057934 np0000186171 devstack@n-api-meta.service[107193]: DEBUG nova.api.openstack.wsgi_app [None req-a79fadbc-c198-4dfd-a93b-df2085f0c395 None None] instance_build_timeout = 0 {{(pid=107193) log_opt_values /opt/stack/data/venv/lib/python3.12/site-packages/oslo_config/cfg.py:3242}}
Jul 22 09:21:27.058066 np0000186171 devstack@n-api-meta.service[107193]: DEBUG nova.api.openstack.wsgi_app [None req-a79fadbc-c198-4dfd-a93b-df2085f0c395 None None] instance_delete_interval = 300 {{(pid=107193) log_opt_values /opt/stack/data/venv/lib/python3.12/site-packages/oslo_config/cfg.py:3242}}
Jul 22 09:21:27.058310 np0000186171 devstack@n-api-meta.service[107193]: DEBUG nova.api.openstack.wsgi_app [None req-a79fadbc-c198-4dfd-a93b-df2085f0c395 None None] instance_format = [instance: %(uuid)s] {{(pid=107193) log_opt_values /opt/stack/data/venv/lib/python3.12/site-packages/oslo_config/cfg.py:3242}}
Jul 22 09:21:27.058404 np0000186171 devstack@n-api-meta.service[107193]: DEBUG nova.api.openstack.wsgi_app [None req-a79fadbc-c198-4dfd-a93b-df2085f0c395 None None] instance_name_template = instance-%08x {{(pid=107193) log_opt_values /opt/stack/data/venv/lib/python3.12/site-packages/oslo_config/cfg.py:3242}}
Jul 22 09:21:27.058593 np0000186171 devstack@n-api-meta.service[107193]: DEBUG nova.api.openstack.wsgi_app [None req-a79fadbc-c198-4dfd-a93b-df2085f0c395 None None] instance_usage_audit = False {{(pid=107193) log_opt_values /opt/stack/data/venv/lib/python3.12/site-packages/oslo_config/cfg.py:3242}}
Jul 22 09:21:27.058723 np0000186171 devstack@n-api-meta.service[107193]: DEBUG nova.api.openstack.wsgi_app [None req-a79fadbc-c198-4dfd-a93b-df2085f0c395 None None] instance_usage_audit_period = month {{(pid=107193) log_opt_values /opt/stack/data/venv/lib/python3.12/site-packages/oslo_config/cfg.py:3242}}
Jul 22 09:21:27.058880 np0000186171 devstack@n-api-meta.service[107193]: DEBUG nova.api.openstack.wsgi_app [None req-a79fadbc-c198-4dfd-a93b-df2085f0c395 None None] instance_uuid_format = [instance: %(uuid)s] {{(pid=107193) log_opt_values /opt/stack/data/venv/lib/python3.12/site-packages/oslo_config/cfg.py:3242}}
Jul 22 09:21:27.059019 np0000186171 devstack@n-api-meta.service[107193]: DEBUG nova.api.openstack.wsgi_app [None req-a79fadbc-c198-4dfd-a93b-df2085f0c395 None None] instances_path = /opt/stack/data/nova/instances {{(pid=107193) log_opt_values /opt/stack/data/venv/lib/python3.12/site-packages/oslo_config/cfg.py:3242}}
Jul 22 09:21:27.059157 np0000186171 devstack@n-api-meta.service[107193]: DEBUG nova.api.openstack.wsgi_app [None req-a79fadbc-c198-4dfd-a93b-df2085f0c395 None None] internal_service_availability_zone = internal {{(pid=107193) log_opt_values /opt/stack/data/venv/lib/python3.12/site-packages/oslo_config/cfg.py:3242}}
Jul 22 09:21:27.059338 np0000186171 devstack@n-api-meta.service[107193]: DEBUG nova.api.openstack.wsgi_app [None req-a79fadbc-c198-4dfd-a93b-df2085f0c395 None None] key = None {{(pid=107193) log_opt_values /opt/stack/data/venv/lib/python3.12/site-packages/oslo_config/cfg.py:3242}}
Jul 22 09:21:27.059535 np0000186171 devstack@n-api-meta.service[107193]: DEBUG nova.api.openstack.wsgi_app [None req-a79fadbc-c198-4dfd-a93b-df2085f0c395 None None] live_migration_retry_count = 30 {{(pid=107193) log_opt_values /opt/stack/data/venv/lib/python3.12/site-packages/oslo_config/cfg.py:3242}}
Jul 22 09:21:27.059688 np0000186171 devstack@n-api-meta.service[107193]: DEBUG nova.api.openstack.wsgi_app [None req-a79fadbc-c198-4dfd-a93b-df2085f0c395 None None] log_color = False {{(pid=107193) log_opt_values /opt/stack/data/venv/lib/python3.12/site-packages/oslo_config/cfg.py:3242}}
Jul 22 09:21:27.059845 np0000186171 devstack@n-api-meta.service[107193]: DEBUG nova.api.openstack.wsgi_app [None req-a79fadbc-c198-4dfd-a93b-df2085f0c395 None None] log_config_append = None {{(pid=107193) log_opt_values /opt/stack/data/venv/lib/python3.12/site-packages/oslo_config/cfg.py:3242}}
Jul 22 09:21:27.059984 np0000186171 devstack@n-api-meta.service[107193]: DEBUG nova.api.openstack.wsgi_app [None req-a79fadbc-c198-4dfd-a93b-df2085f0c395 None None] log_date_format = %Y-%m-%d %H:%M:%S {{(pid=107193) log_opt_values /opt/stack/data/venv/lib/python3.12/site-packages/oslo_config/cfg.py:3242}}
Jul 22 09:21:27.060137 np0000186171 devstack@n-api-meta.service[107193]: DEBUG nova.api.openstack.wsgi_app [None req-a79fadbc-c198-4dfd-a93b-df2085f0c395 None None] log_dir = None {{(pid=107193) log_opt_values /opt/stack/data/venv/lib/python3.12/site-packages/oslo_config/cfg.py:3242}}
Jul 22 09:21:27.060273 np0000186171 devstack@n-api-meta.service[107193]: DEBUG nova.api.openstack.wsgi_app [None req-a79fadbc-c198-4dfd-a93b-df2085f0c395 None None] log_file = None {{(pid=107193) log_opt_values /opt/stack/data/venv/lib/python3.12/site-packages/oslo_config/cfg.py:3242}}
Jul 22 09:21:27.060379 np0000186171 devstack@n-api-meta.service[107193]: DEBUG nova.api.openstack.wsgi_app [None req-a79fadbc-c198-4dfd-a93b-df2085f0c395 None None] log_options = True {{(pid=107193) log_opt_values /opt/stack/data/venv/lib/python3.12/site-packages/oslo_config/cfg.py:3242}}
Jul 22 09:21:27.060512 np0000186171 devstack@n-api-meta.service[107193]: DEBUG nova.api.openstack.wsgi_app [None req-a79fadbc-c198-4dfd-a93b-df2085f0c395 None None] log_rotate_interval = 1 {{(pid=107193) log_opt_values /opt/stack/data/venv/lib/python3.12/site-packages/oslo_config/cfg.py:3242}}
Jul 22 09:21:27.060652 np0000186171 devstack@n-api-meta.service[107193]: DEBUG nova.api.openstack.wsgi_app [None req-a79fadbc-c198-4dfd-a93b-df2085f0c395 None None] log_rotate_interval_type = days {{(pid=107193) log_opt_values /opt/stack/data/venv/lib/python3.12/site-packages/oslo_config/cfg.py:3242}}
Jul 22 09:21:27.060805 np0000186171 devstack@n-api-meta.service[107193]: DEBUG nova.api.openstack.wsgi_app [None req-a79fadbc-c198-4dfd-a93b-df2085f0c395 None None] log_rotation_type = none {{(pid=107193) log_opt_values /opt/stack/data/venv/lib/python3.12/site-packages/oslo_config/cfg.py:3242}}
Jul 22 09:21:27.060913 np0000186171 devstack@n-api-meta.service[107193]: DEBUG nova.api.openstack.wsgi_app [None req-a79fadbc-c198-4dfd-a93b-df2085f0c395 None None] logging_context_format_string = %(color)s%(levelname)s %(name)s [%(global_request_id)s %(request_id)s %(project_name)s %(user_name)s%(color)s] %(instance)s%(color)s%(message)s {{(pid=107193) log_opt_values /opt/stack/data/venv/lib/python3.12/site-packages/oslo_config/cfg.py:3242}}
Jul 22 09:21:27.061017 np0000186171 devstack@n-api-meta.service[107193]: DEBUG nova.api.openstack.wsgi_app [None req-a79fadbc-c198-4dfd-a93b-df2085f0c395 None None] logging_debug_format_suffix = {{(pid=%(process)d) %(funcName)s %(pathname)s:%(lineno)d}} {{(pid=107193) log_opt_values /opt/stack/data/venv/lib/python3.12/site-packages/oslo_config/cfg.py:3242}}
Jul 22 09:21:27.061154 np0000186171 devstack@n-api-meta.service[107193]: DEBUG nova.api.openstack.wsgi_app [None req-a79fadbc-c198-4dfd-a93b-df2085f0c395 None None] logging_default_format_string = %(color)s%(levelname)s %(name)s [-%(color)s] %(instance)s%(color)s%(message)s {{(pid=107193) log_opt_values /opt/stack/data/venv/lib/python3.12/site-packages/oslo_config/cfg.py:3242}}
Jul 22 09:21:27.061293 np0000186171 devstack@n-api-meta.service[107193]: DEBUG nova.api.openstack.wsgi_app [None req-a79fadbc-c198-4dfd-a93b-df2085f0c395 None None] logging_exception_prefix = ERROR %(name)s %(instance)s {{(pid=107193) log_opt_values /opt/stack/data/venv/lib/python3.12/site-packages/oslo_config/cfg.py:3242}}
