Sep 23 15:40:30.716914 np0000193821 devstack@neutron-api.service[102142]: INFO neutron.quota.resource_registry [None req-20b1cc00-51f4-4faa-8a4a-b4cf5fa6df80 None None] Creating instance of TrackedResource for resource:subnetpool
Sep 23 15:40:30.716914 np0000193821 devstack@neutron-api.service[102142]: INFO neutron.quota.resource_registry [None req-20b1cc00-51f4-4faa-8a4a-b4cf5fa6df80 None None] Creating instance of TrackedResource for resource:port
Sep 23 15:40:30.719180 np0000193821 devstack@neutron-api.service[102142]: INFO neutron.quota.resource_registry [None req-20b1cc00-51f4-4faa-8a4a-b4cf5fa6df80 None None] Creating instance of CountableResource for resource:router_route
Sep 23 15:40:30.719428 np0000193821 devstack@neutron-api.service[102142]: DEBUG neutron.api.v2.resource_helper [None req-20b1cc00-51f4-4faa-8a4a-b4cf5fa6df80 None None] Service L3_ROUTER_NAT assigned prefix: {{(pid=102142) build_resource_info /opt/stack/neutron/neutron/api/v2/resource_helper.py:77}}
Sep 23 15:40:30.719994 np0000193821 devstack@neutron-api.service[102142]: DEBUG neutron.api.v2.resource_helper [None req-20b1cc00-51f4-4faa-8a4a-b4cf5fa6df80 None None] Service FLAVORS assigned prefix: {{(pid=102142) build_resource_info /opt/stack/neutron/neutron/api/v2/resource_helper.py:77}}
Sep 23 15:40:30.721194 np0000193821 devstack@neutron-api.service[102142]: DEBUG neutron.api.v2.resource_helper [None req-20b1cc00-51f4-4faa-8a4a-b4cf5fa6df80 None None] Service L3_ROUTER_NAT assigned prefix: {{(pid=102142) build_resource_info /opt/stack/neutron/neutron/api/v2/resource_helper.py:77}}
Sep 23 15:40:30.721445 np0000193821 devstack@neutron-api.service[102140]: INFO neutron.plugins.ml2.drivers.type_vlan [None req-2326364c-c0cf-4261-9d95-d0f22c6eaff9 None None] VlanTypeDriver initialization complete
Sep 23 15:40:30.721445 np0000193821 devstack@neutron-api.service[102140]: INFO neutron.plugins.ml2.managers [None req-2326364c-c0cf-4261-9d95-d0f22c6eaff9 None None] Initializing extension driver 'port_security'
Sep 23 15:40:30.721974 np0000193821 devstack@neutron-api.service[102140]: INFO neutron.plugins.ml2.extensions.port_security [None req-2326364c-c0cf-4261-9d95-d0f22c6eaff9 None None] PortSecurityExtensionDriver initialization complete
Sep 23 15:40:30.721974 np0000193821 devstack@neutron-api.service[102140]: INFO neutron.plugins.ml2.managers [None req-2326364c-c0cf-4261-9d95-d0f22c6eaff9 None None] Initializing extension driver 'qos'
Sep 23 15:40:30.721974 np0000193821 devstack@neutron-api.service[102140]: DEBUG neutron.plugins.ml2.extensions.qos [None req-2326364c-c0cf-4261-9d95-d0f22c6eaff9 None None] QosExtensionDriver initialization complete {{(pid=102140) initialize /opt/stack/neutron/neutron/plugins/ml2/extensions/qos.py:31}}
Sep 23 15:40:30.722377 np0000193821 devstack@neutron-api.service[102142]: DEBUG neutron.api.v2.resource_helper [None req-20b1cc00-51f4-4faa-8a4a-b4cf5fa6df80 None None] Service L3_ROUTER_NAT assigned prefix: {{(pid=102142) build_resource_info /opt/stack/neutron/neutron/api/v2/resource_helper.py:77}}
Sep 23 15:40:30.722691 np0000193821 devstack@neutron-api.service[102140]: INFO neutron.plugins.ml2.managers [None req-2326364c-c0cf-4261-9d95-d0f22c6eaff9 None None] Initializing mechanism driver 'ovn'
Sep 23 15:40:30.722691 np0000193821 devstack@neutron-api.service[102140]: INFO neutron.plugins.ml2.drivers.ovn.mech_driver.mech_driver [None req-2326364c-c0cf-4261-9d95-d0f22c6eaff9 None None] Starting OVNMechanismDriver
Sep 23 15:40:30.723043 np0000193821 devstack@neutron-api.service[102142]: INFO neutron.quota.resource_registry [None req-20b1cc00-51f4-4faa-8a4a-b4cf5fa6df80 None None] Creating instance of TrackedResource for resource:router
Sep 23 15:40:30.723043 np0000193821 devstack@neutron-api.service[102142]: INFO neutron.quota.resource_registry [None req-20b1cc00-51f4-4faa-8a4a-b4cf5fa6df80 None None] Creating instance of TrackedResource for resource:floatingip
Sep 23 15:40:30.723478 np0000193821 devstack@neutron-api.service[102142]: INFO neutron.quota.resource_registry [None req-20b1cc00-51f4-4faa-8a4a-b4cf5fa6df80 None None] Creating instance of CountableResource for resource:rbac_policy
Sep 23 15:40:30.723619 np0000193821 devstack@neutron-api.service[102140]: DEBUG neutron_lib.callbacks.manager [None req-2326364c-c0cf-4261-9d95-d0f22c6eaff9 None None] Subscribe: > process before_spawn 55550000, False {{(pid=102140) subscribe /opt/stack/data/venv/lib/python3.12/site-packages/neutron_lib/callbacks/manager.py:52}}
Sep 23 15:40:30.723736 np0000193821 devstack@neutron-api.service[102140]: DEBUG neutron_lib.callbacks.manager [None req-2326364c-c0cf-4261-9d95-d0f22c6eaff9 None None] Subscribe: > process after_init 55550000, True {{(pid=102140) subscribe /opt/stack/data/venv/lib/python3.12/site-packages/neutron_lib/callbacks/manager.py:52}}
Sep 23 15:40:30.723864 np0000193821 devstack@neutron-api.service[102140]: DEBUG neutron_lib.callbacks.manager [None req-2326364c-c0cf-4261-9d95-d0f22c6eaff9 None None] Subscribe: > segment after_create 55550000, False {{(pid=102140) subscribe /opt/stack/data/venv/lib/python3.12/site-packages/neutron_lib/callbacks/manager.py:52}}
Sep 23 15:40:30.723864 np0000193821 devstack@neutron-api.service[102140]: DEBUG neutron_lib.callbacks.manager [None req-2326364c-c0cf-4261-9d95-d0f22c6eaff9 None None] Subscribe: > segment precommit_create 55550000, False {{(pid=102140) subscribe /opt/stack/data/venv/lib/python3.12/site-packages/neutron_lib/callbacks/manager.py:52}}
Sep 23 15:40:30.724327 np0000193821 devstack@neutron-api.service[102140]: DEBUG neutron_lib.callbacks.manager [None req-2326364c-c0cf-4261-9d95-d0f22c6eaff9 None None] Subscribe: > segment after_create 55550000, False {{(pid=102140) subscribe /opt/stack/data/venv/lib/python3.12/site-packages/neutron_lib/callbacks/manager.py:52}}
Sep 23 15:40:30.724327 np0000193821 devstack@neutron-api.service[102140]: DEBUG neutron_lib.callbacks.manager [None req-2326364c-c0cf-4261-9d95-d0f22c6eaff9 None None] Subscribe: > segment after_delete 55550000, False {{(pid=102140) subscribe /opt/stack/data/venv/lib/python3.12/site-packages/neutron_lib/callbacks/manager.py:52}}
Sep 23 15:40:30.724484 np0000193821 devstack@neutron-api.service[102142]: INFO neutron.quota.resource_registry [None req-20b1cc00-51f4-4faa-8a4a-b4cf5fa6df80 None None] Creating instance of TrackedResource for resource:security_group
Sep 23 15:40:30.724578 np0000193821 devstack@neutron-api.service[102140]: DEBUG neutron_lib.callbacks.manager [None req-2326364c-c0cf-4261-9d95-d0f22c6eaff9 None None] Subscribe: > allowed_address_pair before_create 55550000, False {{(pid=102140) subscribe /opt/stack/data/venv/lib/python3.12/site-packages/neutron_lib/callbacks/manager.py:52}}
Sep 23 15:40:30.724578 np0000193821 devstack@neutron-api.service[102140]: DEBUG neutron_lib.callbacks.manager [None req-2326364c-c0cf-4261-9d95-d0f22c6eaff9 None None] Subscribe: > security_group precommit_create 55550000, False {{(pid=102140) subscribe /opt/stack/data/venv/lib/python3.12/site-packages/neutron_lib/callbacks/manager.py:52}}
Sep 23 15:40:30.724578 np0000193821 devstack@neutron-api.service[102140]: DEBUG neutron_lib.callbacks.manager [None req-2326364c-c0cf-4261-9d95-d0f22c6eaff9 None None] Subscribe: > security_group after_update 55550000, False {{(pid=102140) subscribe /opt/stack/data/venv/lib/python3.12/site-packages/neutron_lib/callbacks/manager.py:52}}
Sep 23 15:40:30.724578 np0000193821 devstack@neutron-api.service[102140]: DEBUG neutron_lib.callbacks.manager [None req-2326364c-c0cf-4261-9d95-d0f22c6eaff9 None None] Subscribe: > security_group after_create 55550000, False {{(pid=102140) subscribe /opt/stack/data/venv/lib/python3.12/site-packages/neutron_lib/callbacks/manager.py:52}}
Sep 23 15:40:30.724764 np0000193821 devstack@neutron-api.service[102142]: INFO neutron.quota.resource_registry [None req-20b1cc00-51f4-4faa-8a4a-b4cf5fa6df80 None None] Creating instance of TrackedResource for resource:security_group_rule
Sep 23 15:40:30.724864 np0000193821 devstack@neutron-api.service[102140]: DEBUG neutron_lib.callbacks.manager [None req-2326364c-c0cf-4261-9d95-d0f22c6eaff9 None None] Subscribe: > security_group precommit_delete 55550000, False {{(pid=102140) subscribe /opt/stack/data/venv/lib/python3.12/site-packages/neutron_lib/callbacks/manager.py:52}}
Sep 23 15:40:30.724864 np0000193821 devstack@neutron-api.service[102140]: DEBUG neutron_lib.callbacks.manager [None req-2326364c-c0cf-4261-9d95-d0f22c6eaff9 None None] Subscribe: > security_group after_delete 55550000, False {{(pid=102140) subscribe /opt/stack/data/venv/lib/python3.12/site-packages/neutron_lib/callbacks/manager.py:52}}
Sep 23 15:40:30.724864 np0000193821 devstack@neutron-api.service[102140]: DEBUG neutron_lib.callbacks.manager [None req-2326364c-c0cf-4261-9d95-d0f22c6eaff9 None None] Subscribe: > security_group_rule precommit_create 55550000, False {{(pid=102140) subscribe /opt/stack/data/venv/lib/python3.12/site-packages/neutron_lib/callbacks/manager.py:52}}
Sep 23 15:40:30.724864 np0000193821 devstack@neutron-api.service[102140]: DEBUG neutron_lib.callbacks.manager [None req-2326364c-c0cf-4261-9d95-d0f22c6eaff9 None None] Subscribe: > security_group_rule after_create 55550000, False {{(pid=102140) subscribe /opt/stack/data/venv/lib/python3.12/site-packages/neutron_lib/callbacks/manager.py:52}}
Sep 23 15:40:30.725055 np0000193821 devstack@neutron-api.service[102140]: DEBUG neutron_lib.callbacks.manager [None req-2326364c-c0cf-4261-9d95-d0f22c6eaff9 None None] Subscribe: > security_group_rule before_delete 55550000, False {{(pid=102140) subscribe /opt/stack/data/venv/lib/python3.12/site-packages/neutron_lib/callbacks/manager.py:52}}
Sep 23 15:40:30.725161 np0000193821 devstack@neutron-api.service[102142]: DEBUG neutron.api.v2.resource_helper [None req-20b1cc00-51f4-4faa-8a4a-b4cf5fa6df80 None None] Service CORE assigned prefix: {{(pid=102142) build_resource_info /opt/stack/neutron/neutron/api/v2/resource_helper.py:77}}
Sep 23 15:40:30.725257 np0000193821 devstack@neutron-api.service[102140]: DEBUG neutron_lib.callbacks.manager [None req-2326364c-c0cf-4261-9d95-d0f22c6eaff9 None None] Subscribe: > address_group after_create 55550000, False {{(pid=102140) subscribe /opt/stack/data/venv/lib/python3.12/site-packages/neutron_lib/callbacks/manager.py:52}}
Sep 23 15:40:30.725350 np0000193821 devstack@neutron-api.service[102142]: INFO neutron.quota.resource_registry [None req-20b1cc00-51f4-4faa-8a4a-b4cf5fa6df80 None None] Creating instance of TrackedResource for resource:subnetpool
Sep 23 15:40:30.725441 np0000193821 devstack@neutron-api.service[102140]: DEBUG neutron_lib.callbacks.manager [None req-2326364c-c0cf-4261-9d95-d0f22c6eaff9 None None] Subscribe: > address_group after_update 55550000, False {{(pid=102140) subscribe /opt/stack/data/venv/lib/python3.12/site-packages/neutron_lib/callbacks/manager.py:52}}
Sep 23 15:40:30.725441 np0000193821 devstack@neutron-api.service[102140]: DEBUG neutron_lib.callbacks.manager [None req-2326364c-c0cf-4261-9d95-d0f22c6eaff9 None None] Subscribe: > address_group after_delete 55550000, False {{(pid=102140) subscribe /opt/stack/data/venv/lib/python3.12/site-packages/neutron_lib/callbacks/manager.py:52}}
Sep 23 15:40:30.725585 np0000193821 devstack@neutron-api.service[102142]: WARNING neutron.quota.resource_registry [None req-20b1cc00-51f4-4faa-8a4a-b4cf5fa6df80 None None] subnetpool is already registered
Sep 23 15:40:30.725680 np0000193821 devstack@neutron-api.service[102140]: DEBUG neutron_lib.callbacks.manager [None req-2326364c-c0cf-4261-9d95-d0f22c6eaff9 None None] Subscribe: > qos_plugin after_init 55550000, False {{(pid=102140) subscribe /opt/stack/data/venv/lib/python3.12/site-packages/neutron_lib/callbacks/manager.py:52}}
Sep 23 15:40:30.725680 np0000193821 devstack@neutron-api.service[102140]: DEBUG neutron_lib.callbacks.manager [None req-2326364c-c0cf-4261-9d95-d0f22c6eaff9 None None] Subscribe: > trunk_plugin after_init 55550000, False {{(pid=102140) subscribe /opt/stack/data/venv/lib/python3.12/site-packages/neutron_lib/callbacks/manager.py:52}}
Sep 23 15:40:30.725822 np0000193821 devstack@neutron-api.service[102142]: DEBUG neutron.api.v2.resource_helper [None req-20b1cc00-51f4-4faa-8a4a-b4cf5fa6df80 None None] Service CORE assigned prefix: {{(pid=102142) build_resource_info /opt/stack/neutron/neutron/api/v2/resource_helper.py:77}}
Sep 23 15:40:30.725822 np0000193821 devstack@neutron-api.service[102142]: INFO neutron.quota.resource_registry [None req-20b1cc00-51f4-4faa-8a4a-b4cf5fa6df80 None None] Creating instance of TrackedResource for resource:subnetpool
Sep 23 15:40:30.725954 np0000193821 devstack@neutron-api.service[102140]: DEBUG neutron_lib.callbacks.manager [None req-2326364c-c0cf-4261-9d95-d0f22c6eaff9 None None] Subscribe: > logging-plugin after_init 55550000, False {{(pid=102140) subscribe /opt/stack/data/venv/lib/python3.12/site-packages/neutron_lib/callbacks/manager.py:52}}
Sep 23 15:40:30.726087 np0000193821 devstack@neutron-api.service[102142]: WARNING neutron.quota.resource_registry [None req-20b1cc00-51f4-4faa-8a4a-b4cf5fa6df80 None None] subnetpool is already registered
Sep 23 15:40:30.726338 np0000193821 devstack@neutron-api.service[102140]: INFO neutron.services.logapi.drivers.ovn.driver [None req-2326364c-c0cf-4261-9d95-d0f22c6eaff9 None None] OVN logging driver registered
Sep 23 15:40:30.726435 np0000193821 devstack@neutron-api.service[102140]: DEBUG neutron_lib.callbacks.manager [None req-2326364c-c0cf-4261-9d95-d0f22c6eaff9 None None] Subscribe: ._register_pvlan_driver at 0x7f019fd65e40> pvlan_plugin before_spawn 55550000, False {{(pid=102140) subscribe /opt/stack/data/venv/lib/python3.12/site-packages/neutron_lib/callbacks/manager.py:52}}
Sep 23 15:40:30.727885 np0000193821 devstack@neutron-api.service[102140]: DEBUG neutron.plugins.ml2.plugin [None req-2326364c-c0cf-4261-9d95-d0f22c6eaff9 None None] neutron.plugins.ml2.plugin.Ml2Plugin method _start_rpc_notifiers called with arguments () {} {{(pid=102140) wrapper /opt/stack/data/venv/lib/python3.12/site-packages/oslo_log/helpers.py:77}}
Sep 23 15:40:30.728240 np0000193821 devstack@neutron-api.service[102142]: INFO neutron.quota.resource_registry [None req-20b1cc00-51f4-4faa-8a4a-b4cf5fa6df80 None None] Creating instance of CountableResource for resource:router_route
Sep 23 15:40:30.728240 np0000193821 devstack@neutron-api.service[102142]: WARNING neutron.quota.resource_registry [None req-20b1cc00-51f4-4faa-8a4a-b4cf5fa6df80 None None] router_route is already registered
Sep 23 15:40:30.728240 np0000193821 devstack@neutron-api.service[102142]: DEBUG neutron.api.v2.resource_helper [None req-20b1cc00-51f4-4faa-8a4a-b4cf5fa6df80 None None] Service L3_ROUTER_NAT assigned prefix: {{(pid=102142) build_resource_info /opt/stack/neutron/neutron/api/v2/resource_helper.py:77}}
Sep 23 15:40:30.728565 np0000193821 devstack@neutron-api.service[102140]: DEBUG neutron_lib.callbacks.manager [None req-2326364c-c0cf-4261-9d95-d0f22c6eaff9 None None] Subscribe: > port after_create 55550000, False {{(pid=102140) subscribe /opt/stack/data/venv/lib/python3.12/site-packages/neutron_lib/callbacks/manager.py:52}}
Sep 23 15:40:30.728565 np0000193821 devstack@neutron-api.service[102140]: DEBUG neutron_lib.callbacks.manager [None req-2326364c-c0cf-4261-9d95-d0f22c6eaff9 None None] Subscribe: > port after_update 55550000, False {{(pid=102140) subscribe /opt/stack/data/venv/lib/python3.12/site-packages/neutron_lib/callbacks/manager.py:52}}
Sep 23 15:40:30.728565 np0000193821 devstack@neutron-api.service[102140]: DEBUG neutron_lib.callbacks.manager [None req-2326364c-c0cf-4261-9d95-d0f22c6eaff9 None None] Subscribe: > port after_delete 55550000, False {{(pid=102140) subscribe /opt/stack/data/venv/lib/python3.12/site-packages/neutron_lib/callbacks/manager.py:52}}
Sep 23 15:40:30.728565 np0000193821 devstack@neutron-api.service[102140]: DEBUG neutron_lib.callbacks.manager [None req-2326364c-c0cf-4261-9d95-d0f22c6eaff9 None None] Subscribe: > subnet after_create 55550000, False {{(pid=102140) subscribe /opt/stack/data/venv/lib/python3.12/site-packages/neutron_lib/callbacks/manager.py:52}}
Sep 23 15:40:30.728718 np0000193821 devstack@neutron-api.service[102142]: DEBUG neutron.api.v2.resource_helper [None req-20b1cc00-51f4-4faa-8a4a-b4cf5fa6df80 None None] Service FLAVORS assigned prefix: {{(pid=102142) build_resource_info /opt/stack/neutron/neutron/api/v2/resource_helper.py:77}}
Sep 23 15:40:30.728973 np0000193821 devstack@neutron-api.service[102140]: DEBUG neutron_lib.callbacks.manager [None req-2326364c-c0cf-4261-9d95-d0f22c6eaff9 None None] Subscribe: > subnet after_update 55550000, False {{(pid=102140) subscribe /opt/stack/data/venv/lib/python3.12/site-packages/neutron_lib/callbacks/manager.py:52}}
Sep 23 15:40:30.728973 np0000193821 devstack@neutron-api.service[102140]: DEBUG neutron_lib.callbacks.manager [None req-2326364c-c0cf-4261-9d95-d0f22c6eaff9 None None] Subscribe: > subnet after_delete 55550000, False {{(pid=102140) subscribe /opt/stack/data/venv/lib/python3.12/site-packages/neutron_lib/callbacks/manager.py:52}}
Sep 23 15:40:30.728973 np0000193821 devstack@neutron-api.service[102140]: DEBUG neutron_lib.callbacks.manager [None req-2326364c-c0cf-4261-9d95-d0f22c6eaff9 None None] Subscribe: > network after_create 55550000, False {{(pid=102140) subscribe /opt/stack/data/venv/lib/python3.12/site-packages/neutron_lib/callbacks/manager.py:52}}
Sep 23 15:40:30.728973 np0000193821 devstack@neutron-api.service[102140]: DEBUG neutron_lib.callbacks.manager [None req-2326364c-c0cf-4261-9d95-d0f22c6eaff9 None None] Subscribe: > network after_update 55550000, False {{(pid=102140) subscribe /opt/stack/data/venv/lib/python3.12/site-packages/neutron_lib/callbacks/manager.py:52}}
Sep 23 15:40:30.729170 np0000193821 devstack@neutron-api.service[102140]: DEBUG neutron_lib.callbacks.manager [None req-2326364c-c0cf-4261-9d95-d0f22c6eaff9 None None] Subscribe: > network after_delete 55550000, False {{(pid=102140) subscribe /opt/stack/data/venv/lib/python3.12/site-packages/neutron_lib/callbacks/manager.py:52}}
Sep 23 15:40:30.729170 np0000193821 devstack@neutron-api.service[102140]: DEBUG neutron_lib.callbacks.manager [None req-2326364c-c0cf-4261-9d95-d0f22c6eaff9 None None] Subscribe: > security_group after_create 55550000, False {{(pid=102140) subscribe /opt/stack/data/venv/lib/python3.12/site-packages/neutron_lib/callbacks/manager.py:52}}
Sep 23 15:40:30.729170 np0000193821 devstack@neutron-api.service[102140]: DEBUG neutron_lib.callbacks.manager [None req-2326364c-c0cf-4261-9d95-d0f22c6eaff9 None None] Subscribe: > security_group after_update 55550000, False {{(pid=102140) subscribe /opt/stack/data/venv/lib/python3.12/site-packages/neutron_lib/callbacks/manager.py:52}}
Sep 23 15:40:30.729170 np0000193821 devstack@neutron-api.service[102140]: DEBUG neutron_lib.callbacks.manager [None req-2326364c-c0cf-4261-9d95-d0f22c6eaff9 None None] Subscribe: > security_group after_delete 55550000, False {{(pid=102140) subscribe /opt/stack/data/venv/lib/python3.12/site-packages/neutron_lib/callbacks/manager.py:52}}
Sep 23 15:40:30.729503 np0000193821 devstack@neutron-api.service[102142]: DEBUG neutron.api.v2.resource_helper [None req-20b1cc00-51f4-4faa-8a4a-b4cf5fa6df80 None None] Service L3_ROUTER_NAT assigned prefix: {{(pid=102142) build_resource_info /opt/stack/neutron/neutron/api/v2/resource_helper.py:77}}
Sep 23 15:40:30.729620 np0000193821 devstack@neutron-api.service[102140]: DEBUG neutron_lib.callbacks.manager [None req-2326364c-c0cf-4261-9d95-d0f22c6eaff9 None None] Subscribe: > security_group_rule after_create 55550000, False {{(pid=102140) subscribe /opt/stack/data/venv/lib/python3.12/site-packages/neutron_lib/callbacks/manager.py:52}}
Sep 23 15:40:30.729620 np0000193821 devstack@neutron-api.service[102140]: DEBUG neutron_lib.callbacks.manager [None req-2326364c-c0cf-4261-9d95-d0f22c6eaff9 None None] Subscribe: > security_group_rule after_update 55550000, False {{(pid=102140) subscribe /opt/stack/data/venv/lib/python3.12/site-packages/neutron_lib/callbacks/manager.py:52}}
Sep 23 15:40:30.729620 np0000193821 devstack@neutron-api.service[102140]: DEBUG neutron_lib.callbacks.manager [None req-2326364c-c0cf-4261-9d95-d0f22c6eaff9 None None] Subscribe: > security_group_rule after_delete 55550000, False {{(pid=102140) subscribe /opt/stack/data/venv/lib/python3.12/site-packages/neutron_lib/callbacks/manager.py:52}}
Sep 23 15:40:30.729620 np0000193821 devstack@neutron-api.service[102140]: DEBUG neutron_lib.callbacks.manager [None req-2326364c-c0cf-4261-9d95-d0f22c6eaff9 None None] Subscribe: > address_group after_create 55550000, False {{(pid=102140) subscribe /opt/stack/data/venv/lib/python3.12/site-packages/neutron_lib/callbacks/manager.py:52}}
Sep 23 15:40:30.729776 np0000193821 devstack@neutron-api.service[102142]: DEBUG neutron.api.v2.resource_helper [None req-20b1cc00-51f4-4faa-8a4a-b4cf5fa6df80 None None] Service L3_ROUTER_NAT assigned prefix: {{(pid=102142) build_resource_info /opt/stack/neutron/neutron/api/v2/resource_helper.py:77}}
Sep 23 15:40:30.730048 np0000193821 devstack@neutron-api.service[102140]: DEBUG neutron_lib.callbacks.manager [None req-2326364c-c0cf-4261-9d95-d0f22c6eaff9 None None] Subscribe: > address_group after_update 55550000, False {{(pid=102140) subscribe /opt/stack/data/venv/lib/python3.12/site-packages/neutron_lib/callbacks/manager.py:52}}
Sep 23 15:40:30.730048 np0000193821 devstack@neutron-api.service[102140]: DEBUG neutron_lib.callbacks.manager [None req-2326364c-c0cf-4261-9d95-d0f22c6eaff9 None None] Subscribe: > address_group after_delete 55550000, False {{(pid=102140) subscribe /opt/stack/data/venv/lib/python3.12/site-packages/neutron_lib/callbacks/manager.py:52}}
Sep 23 15:40:30.730180 np0000193821 devstack@neutron-api.service[102142]: INFO neutron.quota.resource_registry [None req-20b1cc00-51f4-4faa-8a4a-b4cf5fa6df80 None None] Creating instance of TrackedResource for resource:router
Sep 23 15:40:30.730267 np0000193821 devstack@neutron-api.service[102140]: DEBUG neutron.plugins.ml2.ovo_rpc [None req-2326364c-c0cf-4261-9d95-d0f22c6eaff9 None None] ML2 OVO RPC backend initialized. {{(pid=102140) __init__ /opt/stack/neutron/neutron/plugins/ml2/ovo_rpc.py:117}}
Sep 23 15:40:30.730506 np0000193821 devstack@neutron-api.service[102142]: WARNING neutron.quota.resource_registry [None req-20b1cc00-51f4-4faa-8a4a-b4cf5fa6df80 None None] router is already registered
Sep 23 15:40:30.730506 np0000193821 devstack@neutron-api.service[102142]: INFO neutron.quota.resource_registry [None req-20b1cc00-51f4-4faa-8a4a-b4cf5fa6df80 None None] Creating instance of TrackedResource for resource:floatingip
Sep 23 15:40:30.730506 np0000193821 devstack@neutron-api.service[102142]: WARNING neutron.quota.resource_registry [None req-20b1cc00-51f4-4faa-8a4a-b4cf5fa6df80 None None] floatingip is already registered
Sep 23 15:40:30.730698 np0000193821 devstack@neutron-api.service[102140]: INFO neutron.quota [None req-2326364c-c0cf-4261-9d95-d0f22c6eaff9 None None] Loaded quota_driver: .
Sep 23 15:40:30.730698 np0000193821 devstack@neutron-api.service[102140]: INFO neutron.plugins.ml2.plugin [None req-2326364c-c0cf-4261-9d95-d0f22c6eaff9 None None] Modular L2 Plugin initialization complete
Sep 23 15:40:30.731087 np0000193821 devstack@neutron-api.service[102140]: DEBUG neutron.manager [None req-2326364c-c0cf-4261-9d95-d0f22c6eaff9 None None] Loading services supported by the core plugin {{(pid=102140) _load_services_from_core_plugin /opt/stack/neutron/neutron/manager.py:167}}
Sep 23 15:40:30.731087 np0000193821 devstack@neutron-api.service[102140]: INFO neutron.plugins.ml2.managers [None req-2326364c-c0cf-4261-9d95-d0f22c6eaff9 None None] Got port-security extension from driver 'port_security'
Sep 23 15:40:30.731283 np0000193821 devstack@neutron-api.service[102140]: DEBUG neutron.manager [None req-2326364c-c0cf-4261-9d95-d0f22c6eaff9 None None] Loading service plugins: ['ovn-router', 'auto_allocate', 'tag', 'timestamp', 'network_ip_availability', 'flavors', 'revisions'] {{(pid=102140) _load_service_plugins /opt/stack/neutron/neutron/manager.py:192}}
Sep 23 15:40:30.731369 np0000193821 devstack@neutron-api.service[102142]: INFO neutron.quota.resource_registry [None req-20b1cc00-51f4-4faa-8a4a-b4cf5fa6df80 None None] Creating instance of CountableResource for resource:rbac_policy
Sep 23 15:40:30.731456 np0000193821 devstack@neutron-api.service[102140]: INFO neutron.manager [None req-2326364c-c0cf-4261-9d95-d0f22c6eaff9 None None] Loading Plugin: ovn-router
Sep 23 15:40:30.731567 np0000193821 devstack@neutron-api.service[102142]: WARNING neutron.quota.resource_registry [None req-20b1cc00-51f4-4faa-8a4a-b4cf5fa6df80 None None] rbac_policy is already registered
Sep 23 15:40:30.732120 np0000193821 devstack@neutron-api.service[102142]: INFO neutron.quota.resource_registry [None req-20b1cc00-51f4-4faa-8a4a-b4cf5fa6df80 None None] Creating instance of TrackedResource for resource:security_group
Sep 23 15:40:30.732216 np0000193821 devstack@neutron-api.service[102142]: WARNING neutron.quota.resource_registry [None req-20b1cc00-51f4-4faa-8a4a-b4cf5fa6df80 None None] security_group is already registered
Sep 23 15:40:30.732495 np0000193821 devstack@neutron-api.service[102142]: INFO neutron.quota.resource_registry [None req-20b1cc00-51f4-4faa-8a4a-b4cf5fa6df80 None None] Creating instance of TrackedResource for resource:security_group_rule
Sep 23 15:40:30.732615 np0000193821 devstack@neutron-api.service[102142]: WARNING neutron.quota.resource_registry [None req-20b1cc00-51f4-4faa-8a4a-b4cf5fa6df80 None None] security_group_rule is already registered
Sep 23 15:40:30.733127 np0000193821 devstack@neutron-api.service[102142]: DEBUG neutron.api.v2.resource_helper [None req-20b1cc00-51f4-4faa-8a4a-b4cf5fa6df80 None None] Service CORE assigned prefix: {{(pid=102142) build_resource_info /opt/stack/neutron/neutron/api/v2/resource_helper.py:77}}
Sep 23 15:40:30.733234 np0000193821 devstack@neutron-api.service[102142]: INFO neutron.quota.resource_registry [None req-20b1cc00-51f4-4faa-8a4a-b4cf5fa6df80 None None] Creating instance of TrackedResource for resource:subnetpool
Sep 23 15:40:30.733382 np0000193821 devstack@neutron-api.service[102142]: WARNING neutron.quota.resource_registry [None req-20b1cc00-51f4-4faa-8a4a-b4cf5fa6df80 None None] subnetpool is already registered
Sep 23 15:40:30.733738 np0000193821 devstack@neutron-api.service[102142]: DEBUG neutron.api.v2.resource_helper [None req-20b1cc00-51f4-4faa-8a4a-b4cf5fa6df80 None None] Service CORE assigned prefix: {{(pid=102142) build_resource_info /opt/stack/neutron/neutron/api/v2/resource_helper.py:77}}
Sep 23 15:40:30.733853 np0000193821 devstack@neutron-api.service[102142]: INFO neutron.quota.resource_registry [None req-20b1cc00-51f4-4faa-8a4a-b4cf5fa6df80 None None] Creating instance of TrackedResource for resource:subnetpool
Sep 23 15:40:30.733962 np0000193821 devstack@neutron-api.service[102142]: WARNING neutron.quota.resource_registry [None req-20b1cc00-51f4-4faa-8a4a-b4cf5fa6df80 None None] subnetpool is already registered
Sep 23 15:40:30.734530 np0000193821 devstack@neutron-api.service[102142]: DEBUG neutron.api.extensions [None req-20b1cc00-51f4-4faa-8a4a-b4cf5fa6df80 None None] Extended resource: extensions {{(pid=102142) __init__ /opt/stack/neutron/neutron/api/extensions.py:156}}
Sep 23 15:40:30.735139 np0000193821 devstack@neutron-api.service[102142]: DEBUG neutron.api.extensions [None req-20b1cc00-51f4-4faa-8a4a-b4cf5fa6df80 None None] Extended resource: address-groups {{(pid=102142) __init__ /opt/stack/neutron/neutron/api/extensions.py:156}}
Sep 23 15:40:30.736083 np0000193821 devstack@neutron-api.service[102142]: DEBUG neutron.api.extensions [None req-20b1cc00-51f4-4faa-8a4a-b4cf5fa6df80 None None] Extended resource: address-scopes {{(pid=102142) __init__ /opt/stack/neutron/neutron/api/extensions.py:156}}
Sep 23 15:40:30.736263 np0000193821 devstack@neutron-api.service[102142]: DEBUG neutron.api.extensions [None req-20b1cc00-51f4-4faa-8a4a-b4cf5fa6df80 None None] Extended resource: agents {{(pid=102142) __init__ /opt/stack/neutron/neutron/api/extensions.py:156}}
Sep 23 15:40:30.736841 np0000193821 devstack@neutron-api.service[102142]: DEBUG neutron.api.extensions [None req-20b1cc00-51f4-4faa-8a4a-b4cf5fa6df80 None None] Extended resource: auto-allocated-topology {{(pid=102142) __init__ /opt/stack/neutron/neutron/api/extensions.py:156}}
Sep 23 15:40:30.737323 np0000193821 devstack@neutron-api.service[102142]: DEBUG neutron.api.extensions [None req-20b1cc00-51f4-4faa-8a4a-b4cf5fa6df80 None None] Extended resource: availability_zones {{(pid=102142) __init__ /opt/stack/neutron/neutron/api/extensions.py:156}}
Sep 23 15:40:30.737755 np0000193821 devstack@neutron-api.service[102142]: DEBUG neutron.api.extensions [None req-20b1cc00-51f4-4faa-8a4a-b4cf5fa6df80 None None] Extended resource: dhcp-networks {{(pid=102142) __init__ /opt/stack/neutron/neutron/api/extensions.py:156}}
Sep 23 15:40:30.739189 np0000193821 devstack@neutron-api.service[102142]: DEBUG neutron.api.extensions [None req-20b1cc00-51f4-4faa-8a4a-b4cf5fa6df80 None None] Extended resource: dhcp-agents {{(pid=102142) __init__ /opt/stack/neutron/neutron/api/extensions.py:156}}
Sep 23 15:40:30.739750 np0000193821 devstack@neutron-api.service[102142]: DEBUG neutron.api.extensions [None req-20b1cc00-51f4-4faa-8a4a-b4cf5fa6df80 None None] Extended resource: routers {{(pid=102142) __init__ /opt/stack/neutron/neutron/api/extensions.py:156}}
Sep 23 15:40:30.740700 np0000193821 devstack@neutron-api.service[102142]: DEBUG neutron.api.extensions [None req-20b1cc00-51f4-4faa-8a4a-b4cf5fa6df80 None None] Extended resource: flavors {{(pid=102142) __init__ /opt/stack/neutron/neutron/api/extensions.py:156}}
Sep 23 15:40:30.741156 np0000193821 devstack@neutron-api.service[102142]: DEBUG neutron.api.extensions [None req-20b1cc00-51f4-4faa-8a4a-b4cf5fa6df80 None None] Extended resource: service_profiles {{(pid=102142) __init__ /opt/stack/neutron/neutron/api/extensions.py:156}}
Sep 23 15:40:30.741293 np0000193821 devstack@neutron-api.service[102140]: DEBUG neutron_lib.callbacks.manager [None req-2326364c-c0cf-4261-9d95-d0f22c6eaff9 None None] Subscribe: > router before_delete 55550000, False {{(pid=102140) subscribe /opt/stack/data/venv/lib/python3.12/site-packages/neutron_lib/callbacks/manager.py:52}}
Sep 23 15:40:30.741457 np0000193821 devstack@neutron-api.service[102140]: DEBUG neutron_lib.callbacks.manager [None req-2326364c-c0cf-4261-9d95-d0f22c6eaff9 None None] Subscribe: port before_update 55550000, False {{(pid=102140) subscribe /opt/stack/data/venv/lib/python3.12/site-packages/neutron_lib/callbacks/manager.py:52}}
Sep 23 15:40:30.741540 np0000193821 devstack@neutron-api.service[102140]: DEBUG neutron_lib.callbacks.manager [None req-2326364c-c0cf-4261-9d95-d0f22c6eaff9 None None] Subscribe: port after_update 55550000, False {{(pid=102140) subscribe /opt/stack/data/venv/lib/python3.12/site-packages/neutron_lib/callbacks/manager.py:52}}
Sep 23 15:40:30.741618 np0000193821 devstack@neutron-api.service[102142]: DEBUG neutron.api.extensions [None req-20b1cc00-51f4-4faa-8a4a-b4cf5fa6df80 None None] Extended resource: next_providers {{(pid=102142) __init__ /opt/stack/neutron/neutron/api/extensions.py:156}}
Sep 23 15:40:30.741702 np0000193821 devstack@neutron-api.service[102140]: DEBUG neutron_lib.callbacks.manager [None req-2326364c-c0cf-4261-9d95-d0f22c6eaff9 None None] Subscribe: > port precommit_delete 55550000, False {{(pid=102140) subscribe /opt/stack/data/venv/lib/python3.12/site-packages/neutron_lib/callbacks/manager.py:52}}
Sep 23 15:40:30.741702 np0000193821 devstack@neutron-api.service[102140]: DEBUG neutron_lib.callbacks.manager [None req-2326364c-c0cf-4261-9d95-d0f22c6eaff9 None None] Subscribe: port before_update 55550000, False {{(pid=102140) subscribe /opt/stack/data/venv/lib/python3.12/site-packages/neutron_lib/callbacks/manager.py:52}}
Sep 23 15:40:30.741805 np0000193821 devstack@neutron-api.service[102140]: DEBUG neutron_lib.callbacks.manager [None req-2326364c-c0cf-4261-9d95-d0f22c6eaff9 None None] Subscribe: port before_delete 55550000, False {{(pid=102140) subscribe /opt/stack/data/venv/lib/python3.12/site-packages/neutron_lib/callbacks/manager.py:52}}
Sep 23 15:40:30.741894 np0000193821 devstack@neutron-api.service[102140]: DEBUG neutron_lib.callbacks.manager [None req-2326364c-c0cf-4261-9d95-d0f22c6eaff9 None None] Subscribe: > router precommit_create 55550000, False {{(pid=102140) subscribe /opt/stack/data/venv/lib/python3.12/site-packages/neutron_lib/callbacks/manager.py:52}}
Sep 23 15:40:30.742038 np0000193821 devstack@neutron-api.service[102140]: DEBUG neutron_lib.callbacks.manager [None req-2326364c-c0cf-4261-9d95-d0f22c6eaff9 None None] Subscribe: > router precommit_create 55550000, False {{(pid=102140) subscribe /opt/stack/data/venv/lib/python3.12/site-packages/neutron_lib/callbacks/manager.py:52}}
Sep 23 15:40:30.742152 np0000193821 devstack@neutron-api.service[102140]: DEBUG neutron_lib.callbacks.manager [None req-2326364c-c0cf-4261-9d95-d0f22c6eaff9 None None] Subscribe: > router precommit_update 55550000, False {{(pid=102140) subscribe /opt/stack/data/venv/lib/python3.12/site-packages/neutron_lib/callbacks/manager.py:52}}
Sep 23 15:40:30.742262 np0000193821 devstack@neutron-api.service[102140]: DEBUG neutron_lib.callbacks.manager [None req-2326364c-c0cf-4261-9d95-d0f22c6eaff9 None None] Subscribe: subnet after_update 55550000, False {{(pid=102140) subscribe /opt/stack/data/venv/lib/python3.12/site-packages/neutron_lib/callbacks/manager.py:52}}
Sep 23 15:40:30.742344 np0000193821 devstack@neutron-api.service[102142]: DEBUG neutron.api.extensions [None req-20b1cc00-51f4-4faa-8a4a-b4cf5fa6df80 None None] Extended resource: service_profiles {{(pid=102142) __init__ /opt/stack/neutron/neutron/api/extensions.py:156}}
Sep 23 15:40:30.742531 np0000193821 devstack@neutron-api.service[102140]: DEBUG neutron.quota.resource_registry [None req-2326364c-c0cf-4261-9d95-d0f22c6eaff9 None None] Tracking information for resource: router configured {{(pid=102140) set_tracked_resource /opt/stack/neutron/neutron/quota/resource_registry.py:203}}
Sep 23 15:40:30.742531 np0000193821 devstack@neutron-api.service[102140]: DEBUG neutron.quota.resource_registry [None req-2326364c-c0cf-4261-9d95-d0f22c6eaff9 None None] Tracking information for resource: floatingip configured {{(pid=102140) set_tracked_resource /opt/stack/neutron/neutron/quota/resource_registry.py:203}}
Sep 23 15:40:30.742531 np0000193821 devstack@neutron-api.service[102140]: INFO neutron.services.ovn_l3.plugin [None req-2326364c-c0cf-4261-9d95-d0f22c6eaff9 None None] Starting OVNL3RouterPlugin
Sep 23 15:40:30.742805 np0000193821 devstack@neutron-api.service[102140]: DEBUG neutron_lib.callbacks.manager [None req-2326364c-c0cf-4261-9d95-d0f22c6eaff9 None None] Subscribe: > port_forwarding_plugin after_init 55550000, False {{(pid=102140) subscribe /opt/stack/data/venv/lib/python3.12/site-packages/neutron_lib/callbacks/manager.py:52}}
Sep 23 15:40:30.742935 np0000193821 devstack@neutron-api.service[102142]: DEBUG neutron.api.extensions [None req-20b1cc00-51f4-4faa-8a4a-b4cf5fa6df80 None None] Extended resource: floatingip-pools {{(pid=102142) __init__ /opt/stack/neutron/neutron/api/extensions.py:156}}
Sep 23 15:40:30.743057 np0000193821 devstack@neutron-api.service[102140]: DEBUG neutron_lib.callbacks.manager [None req-2326364c-c0cf-4261-9d95-d0f22c6eaff9 None None] Subscribe: > router before_create 55550100, False {{(pid=102140) subscribe /opt/stack/data/venv/lib/python3.12/site-packages/neutron_lib/callbacks/manager.py:52}}
Sep 23 15:40:30.743302 np0000193821 devstack@neutron-api.service[102140]: DEBUG neutron_lib.callbacks.manager [None req-2326364c-c0cf-4261-9d95-d0f22c6eaff9 None None] Subscribe: > router precommit_delete 55550100, False {{(pid=102140) subscribe /opt/stack/data/venv/lib/python3.12/site-packages/neutron_lib/callbacks/manager.py:52}}
Sep 23 15:40:30.743302 np0000193821 devstack@neutron-api.service[102140]: DEBUG neutron_lib.callbacks.manager [None req-2326364c-c0cf-4261-9d95-d0f22c6eaff9 None None] Subscribe: > router precommit_create 55550100, False {{(pid=102140) subscribe /opt/stack/data/venv/lib/python3.12/site-packages/neutron_lib/callbacks/manager.py:52}}
Sep 23 15:40:30.743302 np0000193821 devstack@neutron-api.service[102140]: DEBUG neutron_lib.callbacks.manager [None req-2326364c-c0cf-4261-9d95-d0f22c6eaff9 None None] Subscribe: > router precommit_update 55550100, False {{(pid=102140) subscribe /opt/stack/data/venv/lib/python3.12/site-packages/neutron_lib/callbacks/manager.py:52}}
Sep 23 15:40:30.743564 np0000193821 devstack@neutron-api.service[102142]: DEBUG neutron.api.extensions [None req-20b1cc00-51f4-4faa-8a4a-b4cf5fa6df80 None None] Extended resource: routers {{(pid=102142) __init__ /opt/stack/neutron/neutron/api/extensions.py:156}}
Sep 23 15:40:30.744279 np0000193821 devstack@neutron-api.service[102142]: DEBUG neutron.api.extensions [None req-20b1cc00-51f4-4faa-8a4a-b4cf5fa6df80 None None] Extended resource: floatingips {{(pid=102142) __init__ /opt/stack/neutron/neutron/api/extensions.py:156}}
Sep 23 15:40:30.744758 np0000193821 devstack@neutron-api.service[102142]: DEBUG neutron.api.extensions [None req-20b1cc00-51f4-4faa-8a4a-b4cf5fa6df80 None None] Extended resource: l3-routers {{(pid=102142) __init__ /opt/stack/neutron/neutron/api/extensions.py:156}}
Sep 23 15:40:30.745337 np0000193821 devstack@neutron-api.service[102142]: DEBUG neutron.api.extensions [None req-20b1cc00-51f4-4faa-8a4a-b4cf5fa6df80 None None] Extended resource: l3-agents {{(pid=102142) __init__ /opt/stack/neutron/neutron/api/extensions.py:156}}
Sep 23 15:40:30.745916 np0000193821 devstack@neutron-api.service[102142]: DEBUG neutron.api.extensions [None req-20b1cc00-51f4-4faa-8a4a-b4cf5fa6df80 None None] Extended resource: network-ip-availabilities {{(pid=102142) __init__ /opt/stack/neutron/neutron/api/extensions.py:156}}
Sep 23 15:40:30.746494 np0000193821 devstack@neutron-api.service[102142]: DEBUG neutron.api.extensions [None req-20b1cc00-51f4-4faa-8a4a-b4cf5fa6df80 None None] Extended resource: network-ip-availabilities {{(pid=102142) __init__ /opt/stack/neutron/neutron/api/extensions.py:156}}
Sep 23 15:40:30.746995 np0000193821 devstack@neutron-api.service[102142]: DEBUG neutron.api.extensions [None req-20b1cc00-51f4-4faa-8a4a-b4cf5fa6df80 None None] Extended resource: bindings {{(pid=102142) __init__ /opt/stack/neutron/neutron/api/extensions.py:156}}
Sep 23 15:40:30.747104 np0000193821 devstack@neutron-api.service[102140]: DEBUG neutron.services.provider_configuration [None req-2326364c-c0cf-4261-9d95-d0f22c6eaff9 None None] Service providers = [] {{(pid=102140) parse_service_provider_opt /opt/stack/neutron/neutron/services/provider_configuration.py:170}}
Sep 23 15:40:30.747104 np0000193821 devstack@neutron-api.service[102140]: DEBUG neutron.db.servicetype_db [None req-2326364c-c0cf-4261-9d95-d0f22c6eaff9 None None] Adding provider configuration for service L3_ROUTER_NAT {{(pid=102140) add_provider_configuration /opt/stack/neutron/neutron/db/servicetype_db.py:45}}
Sep 23 15:40:30.747640 np0000193821 devstack@neutron-api.service[102142]: DEBUG neutron.api.extensions [None req-20b1cc00-51f4-4faa-8a4a-b4cf5fa6df80 None None] Extended resource: quotas {{(pid=102142) __init__ /opt/stack/neutron/neutron/api/extensions.py:156}}
Sep 23 15:40:30.748366 np0000193821 devstack@neutron-api.service[102142]: DEBUG neutron.api.extensions [None req-20b1cc00-51f4-4faa-8a4a-b4cf5fa6df80 None None] Extended resource: quotas {{(pid=102142) __init__ /opt/stack/neutron/neutron/api/extensions.py:156}}
Sep 23 15:40:30.748446 np0000193821 devstack@neutron-api.service[102140]: DEBUG neutron_lib.callbacks.manager [None req-2326364c-c0cf-4261-9d95-d0f22c6eaff9 None None] Subscribe: > router precommit_create 55549900, False {{(pid=102140) subscribe /opt/stack/data/venv/lib/python3.12/site-packages/neutron_lib/callbacks/manager.py:52}}
Sep 23 15:40:30.748531 np0000193821 devstack@neutron-api.service[102140]: DEBUG neutron_lib.callbacks.manager [None req-2326364c-c0cf-4261-9d95-d0f22c6eaff9 None None] Subscribe: > router_interface after_create 55550000, False {{(pid=102140) subscribe /opt/stack/data/venv/lib/python3.12/site-packages/neutron_lib/callbacks/manager.py:52}}
Sep 23 15:40:30.748621 np0000193821 devstack@neutron-api.service[102140]: DEBUG neutron_lib.callbacks.manager [None req-2326364c-c0cf-4261-9d95-d0f22c6eaff9 None None] Subscribe: > floatingip after_create 55550000, False {{(pid=102140) subscribe /opt/stack/data/venv/lib/python3.12/site-packages/neutron_lib/callbacks/manager.py:52}}
Sep 23 15:40:30.748714 np0000193821 devstack@neutron-api.service[102140]: DEBUG neutron_lib.callbacks.manager [None req-2326364c-c0cf-4261-9d95-d0f22c6eaff9 None None] Subscribe: > floatingip precommit_create 55550000, False {{(pid=102140) subscribe /opt/stack/data/venv/lib/python3.12/site-packages/neutron_lib/callbacks/manager.py:52}}
Sep 23 15:40:30.748823 np0000193821 devstack@neutron-api.service[102140]: DEBUG neutron_lib.callbacks.manager [None req-2326364c-c0cf-4261-9d95-d0f22c6eaff9 None None] Subscribe: > floatingip precommit_update 55550000, False {{(pid=102140) subscribe /opt/stack/data/venv/lib/python3.12/site-packages/neutron_lib/callbacks/manager.py:52}}
Sep 23 15:40:30.748923 np0000193821 devstack@neutron-api.service[102140]: DEBUG neutron_lib.callbacks.manager [None req-2326364c-c0cf-4261-9d95-d0f22c6eaff9 None None] Subscribe: > floatingip after_delete 55550000, False {{(pid=102140) subscribe /opt/stack/data/venv/lib/python3.12/site-packages/neutron_lib/callbacks/manager.py:52}}
Sep 23 15:40:30.749030 np0000193821 devstack@neutron-api.service[102142]: DEBUG neutron.api.extensions [None req-20b1cc00-51f4-4faa-8a4a-b4cf5fa6df80 None None] Extended resource: rbac-policies {{(pid=102142) __init__ /opt/stack/neutron/neutron/api/extensions.py:156}}
Sep 23 15:40:30.749118 np0000193821 devstack@neutron-api.service[102140]: DEBUG neutron_lib.callbacks.manager [None req-2326364c-c0cf-4261-9d95-d0f22c6eaff9 None None] Subscribe: > floatingip after_status_update 55550000, False {{(pid=102140) subscribe /opt/stack/data/venv/lib/python3.12/site-packages/neutron_lib/callbacks/manager.py:52}}
Sep 23 15:40:30.749118 np0000193821 devstack@neutron-api.service[102140]: DEBUG neutron_lib.callbacks.manager [None req-2326364c-c0cf-4261-9d95-d0f22c6eaff9 None None] Subscribe: > floatingip after_update 55550000, False {{(pid=102140) subscribe /opt/stack/data/venv/lib/python3.12/site-packages/neutron_lib/callbacks/manager.py:52}}
Sep 23 15:40:30.749220 np0000193821 devstack@neutron-api.service[102140]: DEBUG neutron_lib.callbacks.manager [None req-2326364c-c0cf-4261-9d95-d0f22c6eaff9 None None] Subscribe: > port_forwarding after_create 55550000, False {{(pid=102140) subscribe /opt/stack/data/venv/lib/python3.12/site-packages/neutron_lib/callbacks/manager.py:52}}
Sep 23 15:40:30.749330 np0000193821 devstack@neutron-api.service[102140]: DEBUG neutron_lib.callbacks.manager [None req-2326364c-c0cf-4261-9d95-d0f22c6eaff9 None None] Subscribe: > router_interface after_delete 55550000, False {{(pid=102140) subscribe /opt/stack/data/venv/lib/python3.12/site-packages/neutron_lib/callbacks/manager.py:52}}
Sep 23 15:40:30.749330 np0000193821 devstack@neutron-api.service[102140]: DEBUG neutron_lib.callbacks.manager [None req-2326364c-c0cf-4261-9d95-d0f22c6eaff9 None None] Subscribe: > router after_create 55550000, False {{(pid=102140) subscribe /opt/stack/data/venv/lib/python3.12/site-packages/neutron_lib/callbacks/manager.py:52}}
Sep 23 15:40:30.749441 np0000193821 devstack@neutron-api.service[102142]: DEBUG neutron.api.extensions [None req-20b1cc00-51f4-4faa-8a4a-b4cf5fa6df80 None None] Extended resource: default-security-group-rules {{(pid=102142) __init__ /opt/stack/neutron/neutron/api/extensions.py:156}}
Sep 23 15:40:30.749521 np0000193821 devstack@neutron-api.service[102140]: DEBUG neutron_lib.callbacks.manager [None req-2326364c-c0cf-4261-9d95-d0f22c6eaff9 None None] Subscribe: > router precommit_create 55550000, False {{(pid=102140) subscribe /opt/stack/data/venv/lib/python3.12/site-packages/neutron_lib/callbacks/manager.py:52}}
Sep 23 15:40:30.749521 np0000193821 devstack@neutron-api.service[102140]: DEBUG neutron_lib.callbacks.manager [None req-2326364c-c0cf-4261-9d95-d0f22c6eaff9 None None] Subscribe: > router after_delete 55550000, False {{(pid=102140) subscribe /opt/stack/data/venv/lib/python3.12/site-packages/neutron_lib/callbacks/manager.py:52}}
Sep 23 15:40:30.749631 np0000193821 devstack@neutron-api.service[102140]: DEBUG neutron_lib.callbacks.manager [None req-2326364c-c0cf-4261-9d95-d0f22c6eaff9 None None] Subscribe: > router after_update 55550000, False {{(pid=102140) subscribe /opt/stack/data/venv/lib/python3.12/site-packages/neutron_lib/callbacks/manager.py:52}}
Sep 23 15:40:30.749758 np0000193821 devstack@neutron-api.service[102140]: DEBUG neutron.services.service_base [None req-2326364c-c0cf-4261-9d95-d0f22c6eaff9 None None] Loaded 'neutron.services.ovn_l3.service_providers.ovn.OvnDriver' provider for service L3_ROUTER_NAT {{(pid=102140) load_drivers /opt/stack/neutron/neutron/services/service_base.py:49}}
Sep 23 15:40:30.749843 np0000193821 devstack@neutron-api.service[102140]: DEBUG neutron_lib.callbacks.manager [None req-2326364c-c0cf-4261-9d95-d0f22c6eaff9 None None] Subscribe: > process after_init 55550001, True {{(pid=102140) subscribe /opt/stack/data/venv/lib/python3.12/site-packages/neutron_lib/callbacks/manager.py:52}}
Sep 23 15:40:30.749997 np0000193821 devstack@neutron-api.service[102142]: DEBUG neutron.api.extensions [None req-20b1cc00-51f4-4faa-8a4a-b4cf5fa6df80 None None] Extended resource: security-groups-default-statefulness {{(pid=102142) __init__ /opt/stack/neutron/neutron/api/extensions.py:156}}
Sep 23 15:40:30.750089 np0000193821 devstack@neutron-api.service[102140]: DEBUG neutron.manager [None req-2326364c-c0cf-4261-9d95-d0f22c6eaff9 None None] Successfully loaded L3_ROUTER_NAT plugin. Description: L3 Router Service Plugin for basic L3 forwarding using OVN {{(pid=102140) _create_and_add_service_plugin /opt/stack/neutron/neutron/manager.py:236}}
Sep 23 15:40:30.750089 np0000193821 devstack@neutron-api.service[102140]: INFO neutron.manager [None req-2326364c-c0cf-4261-9d95-d0f22c6eaff9 None None] Loading Plugin: auto_allocate
Sep 23 15:40:30.750593 np0000193821 devstack@neutron-api.service[102142]: DEBUG neutron.api.extensions [None req-20b1cc00-51f4-4faa-8a4a-b4cf5fa6df80 None None] Extended resource: security-groups {{(pid=102142) __init__ /opt/stack/neutron/neutron/api/extensions.py:156}}
Sep 23 15:40:30.751035 np0000193821 devstack@neutron-api.service[102142]: DEBUG neutron.api.extensions [None req-20b1cc00-51f4-4faa-8a4a-b4cf5fa6df80 None None] Extended resource: security-group-rules {{(pid=102142) __init__ /opt/stack/neutron/neutron/api/extensions.py:156}}
Sep 23 15:40:30.751142 np0000193821 devstack@neutron-api.service[102140]: DEBUG neutron_lib.callbacks.manager [None req-2326364c-c0cf-4261-9d95-d0f22c6eaff9 None None] Subscribe: network precommit_update 55550000, False {{(pid=102140) subscribe /opt/stack/data/venv/lib/python3.12/site-packages/neutron_lib/callbacks/manager.py:52}}
Sep 23 15:40:30.751227 np0000193821 devstack@neutron-api.service[102140]: DEBUG neutron_lib.callbacks.manager [None req-2326364c-c0cf-4261-9d95-d0f22c6eaff9 None None] Subscribe: network precommit_create 55550000, False {{(pid=102140) subscribe /opt/stack/data/venv/lib/python3.12/site-packages/neutron_lib/callbacks/manager.py:52}}
Sep 23 15:40:30.751487 np0000193821 devstack@neutron-api.service[102140]: DEBUG neutron.manager [None req-2326364c-c0cf-4261-9d95-d0f22c6eaff9 None None] Successfully loaded auto-allocated-topology plugin. Description: Auto Allocated Topology - aka get me a network. {{(pid=102140) _create_and_add_service_plugin /opt/stack/neutron/neutron/manager.py:236}}
Sep 23 15:40:30.751595 np0000193821 devstack@neutron-api.service[102142]: DEBUG neutron.api.extensions [None req-20b1cc00-51f4-4faa-8a4a-b4cf5fa6df80 None None] Extended resource: service-providers {{(pid=102142) __init__ /opt/stack/neutron/neutron/api/extensions.py:156}}
Sep 23 15:40:30.751705 np0000193821 devstack@neutron-api.service[102140]: INFO neutron.manager [None req-2326364c-c0cf-4261-9d95-d0f22c6eaff9 None None] Loading Plugin: tag
Sep 23 15:40:30.752068 np0000193821 devstack@neutron-api.service[102142]: DEBUG neutron.api.extensions [None req-20b1cc00-51f4-4faa-8a4a-b4cf5fa6df80 None None] Extended resource: subnetpools {{(pid=102142) __init__ /opt/stack/neutron/neutron/api/extensions.py:156}}
Sep 23 15:40:30.752597 np0000193821 devstack@neutron-api.service[102142]: DEBUG neutron.api.extensions [None req-20b1cc00-51f4-4faa-8a4a-b4cf5fa6df80 None None] Extended resource: subnetpools {{(pid=102142) __init__ /opt/stack/neutron/neutron/api/extensions.py:156}}
Sep 23 15:40:30.753272 np0000193821 devstack@neutron-api.service[102142]: DEBUG neutron.api.extensions [None req-20b1cc00-51f4-4faa-8a4a-b4cf5fa6df80 None None] Extended resource: tags {{(pid=102142) __init__ /opt/stack/neutron/neutron/api/extensions.py:156}}
Sep 23 15:40:30.754049 np0000193821 devstack@neutron-api.service[102142]: DEBUG neutron.api.extensions [None req-20b1cc00-51f4-4faa-8a4a-b4cf5fa6df80 None None] Extended resource: tags {{(pid=102142) __init__ /opt/stack/neutron/neutron/api/extensions.py:156}}
Sep 23 15:40:30.754661 np0000193821 devstack@neutron-api.service[102142]: DEBUG neutron.api.extensions [None req-20b1cc00-51f4-4faa-8a4a-b4cf5fa6df80 None None] Extended resource: tags {{(pid=102142) __init__ /opt/stack/neutron/neutron/api/extensions.py:156}}
