2026-07-25 15:00:34.978 7 INFO cinder.api.openstack.wsgi [None req-5cb2cfca-d55d-447e-9506-062f1660151a 7d00890b7efa42b7a076d60bc134d466 969e4c499def47e9bdb87ad375d628a5 - - default default] http://10.0.0.226:8776/ returned with HTTP 300
2026-07-25 15:00:35.762 8 INFO cinder.api.openstack.wsgi [None req-2eb3e3e5-7479-41d2-ac43-83d252aad6a3 7d00890b7efa42b7a076d60bc134d466 969e4c499def47e9bdb87ad375d628a5 - - default default] GET http://cinder-api.openstack.svc.cluster.local:8776/v3/969e4c499def47e9bdb87ad375d628a5/volumes/detail?all_tenants=true
2026-07-25 15:00:35.774 8 INFO cinder.volume.api [None req-2eb3e3e5-7479-41d2-ac43-83d252aad6a3 7d00890b7efa42b7a076d60bc134d466 969e4c499def47e9bdb87ad375d628a5 - - default default] Get all volumes completed successfully.
2026-07-25 15:00:35.776 8 INFO cinder.api.openstack.wsgi [None req-2eb3e3e5-7479-41d2-ac43-83d252aad6a3 7d00890b7efa42b7a076d60bc134d466 969e4c499def47e9bdb87ad375d628a5 - - default default] http://cinder-api.openstack.svc.cluster.local:8776/v3/969e4c499def47e9bdb87ad375d628a5/volumes/detail?all_tenants=true returned with HTTP 200 [pid: 8|app: 0|req: 231/462] 10.0.0.121 () {28 vars in 684 bytes} [Sat Jul 25 15:00:35 2026] GET /v3/969e4c499def47e9bdb87ad375d628a5/volumes/detail?all_tenants=true => generated 15 bytes in 50 msecs (HTTP/1.1 200) 7 headers in 284 bytes (1 switches on core 0)
2026-07-25 15:00:35.787 7 INFO cinder.api.openstack.wsgi [None req-3d52f2bf-7e97-4845-ae85-6866f0bce79c 7d00890b7efa42b7a076d60bc134d466 969e4c499def47e9bdb87ad375d628a5 - - default default] GET http://cinder-api.openstack.svc.cluster.local:8776/v3/969e4c499def47e9bdb87ad375d628a5/volumes/detail?all_tenants=true
2026-07-25 15:00:35.799 7 INFO cinder.volume.api [None req-3d52f2bf-7e97-4845-ae85-6866f0bce79c 7d00890b7efa42b7a076d60bc134d466 969e4c499def47e9bdb87ad375d628a5 - - default default] Get all volumes completed successfully.
2026-07-25 15:00:35.801 7 INFO cinder.api.openstack.wsgi [None req-3d52f2bf-7e97-4845-ae85-6866f0bce79c 7d00890b7efa42b7a076d60bc134d466 969e4c499def47e9bdb87ad375d628a5 - - default default] http://cinder-api.openstack.svc.cluster.local:8776/v3/969e4c499def47e9bdb87ad375d628a5/volumes/detail?all_tenants=true returned with HTTP 200 [pid: 7|app: 0|req: 232/463] 10.0.0.121 () {28 vars in 684 bytes} [Sat Jul 25 15:00:35 2026] GET /v3/969e4c499def47e9bdb87ad375d628a5/volumes/detail?all_tenants=true => generated 15 bytes in 20 msecs (HTTP/1.1 200) 7 headers in 284 bytes (1 switches on core 0)
2026-07-25 15:00:35.840 8 INFO cinder.api.openstack.wsgi [None req-5676cbca-6c50-4286-a3a1-578882b1c8e6 7d00890b7efa42b7a076d60bc134d466 969e4c499def47e9bdb87ad375d628a5 - - default default] GET http://cinder-api.openstack.svc.cluster.local:8776/v3/969e4c499def47e9bdb87ad375d628a5/os-quota-sets/969e4c499def47e9bdb87ad375d628a5?usage=true
2026-07-25 15:00:35.862 8 INFO cinder.api.openstack.wsgi [None req-5676cbca-6c50-4286-a3a1-578882b1c8e6 7d00890b7efa42b7a076d60bc134d466 969e4c499def47e9bdb87ad375d628a5 - - default default] http://cinder-api.openstack.svc.cluster.local:8776/v3/969e4c499def47e9bdb87ad375d628a5/os-quota-sets/969e4c499def47e9bdb87ad375d628a5?usage=true returned with HTTP 200 [pid: 8|app: 0|req: 232/464] 10.0.0.121 () {28 vars in 736 bytes} [Sat Jul 25 15:00:35 2026] GET /v3/969e4c499def47e9bdb87ad375d628a5/os-quota-sets/969e4c499def47e9bdb87ad375d628a5?usage=true => generated 845 bytes in 28 msecs (HTTP/1.1 200) 7 headers in 285 bytes (1 switches on core 0)
2026-07-25 15:00:35.880 7 INFO cinder.api.openstack.wsgi [None req-7fc76b1f-b195-4de0-80a5-9927730c81ce 7d00890b7efa42b7a076d60bc134d466 969e4c499def47e9bdb87ad375d628a5 - - default default] GET http://cinder-api.openstack.svc.cluster.local:8776/v3/969e4c499def47e9bdb87ad375d628a5/os-quota-sets/a8a886a7238b42df9e7115406caae70c?usage=true
2026-07-25 15:00:35.903 7 INFO cinder.api.openstack.wsgi [None req-7fc76b1f-b195-4de0-80a5-9927730c81ce 7d00890b7efa42b7a076d60bc134d466 969e4c499def47e9bdb87ad375d628a5 - - default default] http://cinder-api.openstack.svc.cluster.local:8776/v3/969e4c499def47e9bdb87ad375d628a5/os-quota-sets/a8a886a7238b42df9e7115406caae70c?usage=true returned with HTTP 200 [pid: 7|app: 0|req: 233/465] 10.0.0.121 () {28 vars in 736 bytes} [Sat Jul 25 15:00:35 2026] GET /v3/969e4c499def47e9bdb87ad375d628a5/os-quota-sets/a8a886a7238b42df9e7115406caae70c?usage=true => generated 847 bytes in 32 msecs (HTTP/1.1 200) 7 headers in 285 bytes (1 switches on core 0)
2026-07-25 15:00:35.918 8 INFO cinder.api.openstack.wsgi [None req-a47837f3-9342-46d5-8ccd-c0e8cca855f0 7d00890b7efa42b7a076d60bc134d466 969e4c499def47e9bdb87ad375d628a5 - - default default] GET http://cinder-api.openstack.svc.cluster.local:8776/v3/969e4c499def47e9bdb87ad375d628a5/os-quota-sets/efe7cdb4959541bb932ceae0dfd28eba?usage=true
2026-07-25 15:00:35.945 8 INFO cinder.api.openstack.wsgi [None req-a47837f3-9342-46d5-8ccd-c0e8cca855f0 7d00890b7efa42b7a076d60bc134d466 969e4c499def47e9bdb87ad375d628a5 - - default default] http://cinder-api.openstack.svc.cluster.local:8776/v3/969e4c499def47e9bdb87ad375d628a5/os-quota-sets/efe7cdb4959541bb932ceae0dfd28eba?usage=true returned with HTTP 200 [pid: 8|app: 0|req: 233/466] 10.0.0.121 () {28 vars in 736 bytes} [Sat Jul 25 15:00:35 2026] GET /v3/969e4c499def47e9bdb87ad375d628a5/os-quota-sets/efe7cdb4959541bb932ceae0dfd28eba?usage=true => generated 845 bytes in 34 msecs (HTTP/1.1 200) 7 headers in 285 bytes (1 switches on core 0)
2026-07-25 15:00:35.957 7 INFO cinder.api.openstack.wsgi [None req-c434beef-e9ff-47d3-a050-a20d3bfcff58 7d00890b7efa42b7a076d60bc134d466 969e4c499def47e9bdb87ad375d628a5 - - default default] GET http://cinder-api.openstack.svc.cluster.local:8776/v3/969e4c499def47e9bdb87ad375d628a5/os-services
2026-07-25 15:00:35.965 7 INFO cinder.api.openstack.wsgi [None req-c434beef-e9ff-47d3-a050-a20d3bfcff58 7d00890b7efa42b7a076d60bc134d466 969e4c499def47e9bdb87ad375d628a5 - - default default] http://cinder-api.openstack.svc.cluster.local:8776/v3/969e4c499def47e9bdb87ad375d628a5/os-services returned with HTTP 200 [pid: 7|app: 0|req: 234/467] 10.0.0.121 () {28 vars in 645 bytes} [Sat Jul 25 15:00:35 2026] GET /v3/969e4c499def47e9bdb87ad375d628a5/os-services => generated 646 bytes in 14 msecs (HTTP/1.1 200) 7 headers in 285 bytes (1 switches on core 0)
2026-07-25 15:00:35.976 8 INFO cinder.api.openstack.wsgi [None req-03a51d57-5820-463b-a2ae-710de3186d56 7d00890b7efa42b7a076d60bc134d466 969e4c499def47e9bdb87ad375d628a5 - - default default] GET http://cinder-api.openstack.svc.cluster.local:8776/v3/969e4c499def47e9bdb87ad375d628a5/snapshots?all_tenants=true
2026-07-25 15:00:35.985 8 INFO cinder.volume.api [None req-03a51d57-5820-463b-a2ae-710de3186d56 7d00890b7efa42b7a076d60bc134d466 969e4c499def47e9bdb87ad375d628a5 - - default default] Get all snapshots completed successfully.
2026-07-25 15:00:35.986 8 INFO cinder.api.openstack.wsgi [None req-03a51d57-5820-463b-a2ae-710de3186d56 7d00890b7efa42b7a076d60bc134d466 969e4c499def47e9bdb87ad375d628a5 - - default default] http://cinder-api.openstack.svc.cluster.local:8776/v3/969e4c499def47e9bdb87ad375d628a5/snapshots?all_tenants=true returned with HTTP 200 [pid: 8|app: 0|req: 234/468] 10.0.0.121 () {28 vars in 674 bytes} [Sat Jul 25 15:00:35 2026] GET /v3/969e4c499def47e9bdb87ad375d628a5/snapshots?all_tenants=true => generated 17 bytes in 17 msecs (HTTP/1.1 200) 7 headers in 284 bytes (1 switches on core 0)
2026-07-25 15:00:36.001 7 INFO cinder.api.openstack.wsgi [None req-0f3ed6f8-9f45-4326-af2a-4fb9e5d05064 7d00890b7efa42b7a076d60bc134d466 969e4c499def47e9bdb87ad375d628a5 - - default default] GET http://cinder-api.openstack.svc.cluster.local:8776/v3/969e4c499def47e9bdb87ad375d628a5/scheduler-stats/get_pools?detail=true
2026-07-25 15:00:36.507 7 INFO cinder.api.openstack.wsgi [None req-0f3ed6f8-9f45-4326-af2a-4fb9e5d05064 7d00890b7efa42b7a076d60bc134d466 969e4c499def47e9bdb87ad375d628a5 - - default default] http://cinder-api.openstack.svc.cluster.local:8776/v3/969e4c499def47e9bdb87ad375d628a5/scheduler-stats/get_pools?detail=true returned with HTTP 200 [pid: 7|app: 0|req: 235/469] 10.0.0.121 () {28 vars in 696 bytes} [Sat Jul 25 15:00:35 2026] GET /v3/969e4c499def47e9bdb87ad375d628a5/scheduler-stats/get_pools?detail=true => generated 670 bytes in 516 msecs (HTTP/1.1 200) 7 headers in 285 bytes (1 switches on core 0)
2026-07-25 15:00:44.977 8 INFO cinder.api.openstack.wsgi [None req-03a51d57-5820-463b-a2ae-710de3186d56 7d00890b7efa42b7a076d60bc134d466 969e4c499def47e9bdb87ad375d628a5 - - default default] GET http://10.0.0.226:8776/
2026-07-25 15:00:44.978 8 INFO cinder.api.openstack.wsgi [None req-03a51d57-5820-463b-a2ae-710de3186d56 7d00890b7efa42b7a076d60bc134d466 969e4c499def47e9bdb87ad375d628a5 - - default default] http://10.0.0.226:8776/ returned with HTTP 300
2026-07-25 15:00:44.978 7 INFO cinder.api.openstack.wsgi [None req-0f3ed6f8-9f45-4326-af2a-4fb9e5d05064 7d00890b7efa42b7a076d60bc134d466 969e4c499def47e9bdb87ad375d628a5 - - default default] GET http://10.0.0.226:8776/
2026-07-25 15:00:44.979 7 INFO cinder.api.openstack.wsgi [None req-0f3ed6f8-9f45-4326-af2a-4fb9e5d05064 7d00890b7efa42b7a076d60bc134d466 969e4c499def47e9bdb87ad375d628a5 - - default default] http://10.0.0.226:8776/ returned with HTTP 300
2026-07-25 15:00:54.977 8 INFO cinder.api.openstack.wsgi [None req-03a51d57-5820-463b-a2ae-710de3186d56 7d00890b7efa42b7a076d60bc134d466 969e4c499def47e9bdb87ad375d628a5 - - default default] GET http://10.0.0.226:8776/
2026-07-25 15:00:54.977 8 INFO cinder.api.openstack.wsgi [None req-03a51d57-5820-463b-a2ae-710de3186d56 7d00890b7efa42b7a076d60bc134d466 969e4c499def47e9bdb87ad375d628a5 - - default default] http://10.0.0.226:8776/ returned with HTTP 300
2026-07-25 15:00:54.978 7 INFO cinder.api.openstack.wsgi [None req-0f3ed6f8-9f45-4326-af2a-4fb9e5d05064 7d00890b7efa42b7a076d60bc134d466 969e4c499def47e9bdb87ad375d628a5 - - default default] GET http://10.0.0.226:8776/
2026-07-25 15:00:54.978 7 INFO cinder.api.openstack.wsgi [None req-0f3ed6f8-9f45-4326-af2a-4fb9e5d05064 7d00890b7efa42b7a076d60bc134d466 969e4c499def47e9bdb87ad375d628a5 - - default default] http://10.0.0.226:8776/ returned with HTTP 300
2026-07-25 15:01:03.364 8 INFO cinder.api.openstack.wsgi [None req-4bf60630-5e74-478d-b1d8-a6bd34b71777 7d00890b7efa42b7a076d60bc134d466 969e4c499def47e9bdb87ad375d628a5 - - default default] GET http://cinder-api.openstack.svc.cluster.local:8776/v3/969e4c499def47e9bdb87ad375d628a5/snapshots
2026-07-25 15:01:03.390 8 INFO cinder.volume.api [None req-4bf60630-5e74-478d-b1d8-a6bd34b71777 7d00890b7efa42b7a076d60bc134d466 969e4c499def47e9bdb87ad375d628a5 - - default default] Get all snapshots completed successfully.
2026-07-25 15:01:03.391 8 INFO cinder.api.openstack.wsgi [None req-4bf60630-5e74-478d-b1d8-a6bd34b71777 7d00890b7efa42b7a076d60bc134d466 969e4c499def47e9bdb87ad375d628a5 - - default default] http://cinder-api.openstack.svc.cluster.local:8776/v3/969e4c499def47e9bdb87ad375d628a5/snapshots returned with HTTP 200 [pid: 8|app: 0|req: 237/474] 10.0.0.245 () {32 vars in 705 bytes} [Sat Jul 25 15:01:03 2026] GET /v3/969e4c499def47e9bdb87ad375d628a5/snapshots => generated 17 bytes in 35 msecs (HTTP/1.1 200) 7 headers in 284 bytes (1 switches on core 0)
2026-07-25 15:01:03.407 7 INFO cinder.api.openstack.wsgi [None req-3b9f3c27-ee73-4374-b21a-939e6f6de4e7 7d00890b7efa42b7a076d60bc134d466 969e4c499def47e9bdb87ad375d628a5 - - default default] GET http://cinder-api.openstack.svc.cluster.local:8776/v3/969e4c499def47e9bdb87ad375d628a5/volumes
2026-07-25 15:01:03.446 7 INFO cinder.volume.api [None req-3b9f3c27-ee73-4374-b21a-939e6f6de4e7 7d00890b7efa42b7a076d60bc134d466 969e4c499def47e9bdb87ad375d628a5 - - default default] Get all volumes completed successfully.
2026-07-25 15:01:03.447 7 INFO cinder.api.openstack.wsgi [None req-3b9f3c27-ee73-4374-b21a-939e6f6de4e7 7d00890b7efa42b7a076d60bc134d466 969e4c499def47e9bdb87ad375d628a5 - - default default] http://cinder-api.openstack.svc.cluster.local:8776/v3/969e4c499def47e9bdb87ad375d628a5/volumes returned with HTTP 200 [pid: 7|app: 0|req: 238/475] 10.0.0.245 () {32 vars in 701 bytes} [Sat Jul 25 15:01:03 2026] GET /v3/969e4c499def47e9bdb87ad375d628a5/volumes => generated 15 bytes in 46 msecs (HTTP/1.1 200) 7 headers in 284 bytes (1 switches on core 0)
2026-07-25 15:01:04.977 8 INFO cinder.api.openstack.wsgi [None req-4bf60630-5e74-478d-b1d8-a6bd34b71777 7d00890b7efa42b7a076d60bc134d466 969e4c499def47e9bdb87ad375d628a5 - - default default] GET http://10.0.0.226:8776/
2026-07-25 15:01:04.977 7 INFO cinder.api.openstack.wsgi [None req-3b9f3c27-ee73-4374-b21a-939e6f6de4e7 7d00890b7efa42b7a076d60bc134d466 969e4c499def47e9bdb87ad375d628a5 - - default default] GET http://10.0.0.226:8776/
2026-07-25 15:01:04.978 8 INFO cinder.api.openstack.wsgi [None req-4bf60630-5e74-478d-b1d8-a6bd34b71777 7d00890b7efa42b7a076d60bc134d466 969e4c499def47e9bdb87ad375d628a5 - - default default] http://10.0.0.226:8776/ returned with HTTP 300
2026-07-25 15:01:04.978 7 INFO cinder.api.openstack.wsgi [None req-3b9f3c27-ee73-4374-b21a-939e6f6de4e7 7d00890b7efa42b7a076d60bc134d466 969e4c499def47e9bdb87ad375d628a5 - - default default] http://10.0.0.226:8776/ returned with HTTP 300
2026-07-25 15:01:14.976 8 INFO cinder.api.openstack.wsgi [None req-4bf60630-5e74-478d-b1d8-a6bd34b71777 7d00890b7efa42b7a076d60bc134d466 969e4c499def47e9bdb87ad375d628a5 - - default default] GET http://10.0.0.226:8776/
2026-07-25 15:01:14.977 7 INFO cinder.api.openstack.wsgi [None req-3b9f3c27-ee73-4374-b21a-939e6f6de4e7 7d00890b7efa42b7a076d60bc134d466 969e4c499def47e9bdb87ad375d628a5 - - default default] GET http://10.0.0.226:8776/
2026-07-25 15:01:14.978 7 INFO cinder.api.openstack.wsgi [None req-3b9f3c27-ee73-4374-b21a-939e6f6de4e7 7d00890b7efa42b7a076d60bc134d466 969e4c499def47e9bdb87ad375d628a5 - - default default] http://10.0.0.226:8776/ returned with HTTP 300
2026-07-25 15:01:14.978 8 INFO cinder.api.openstack.wsgi [None req-4bf60630-5e74-478d-b1d8-a6bd34b71777 7d00890b7efa42b7a076d60bc134d466 969e4c499def47e9bdb87ad375d628a5 - - default default] http://10.0.0.226:8776/ returned with HTTP 300
2026-07-25 15:01:24.977 7 INFO cinder.api.openstack.wsgi [None req-3b9f3c27-ee73-4374-b21a-939e6f6de4e7 7d00890b7efa42b7a076d60bc134d466 969e4c499def47e9bdb87ad375d628a5 - - default default] GET http://10.0.0.226:8776/
2026-07-25 15:01:24.977 8 INFO cinder.api.openstack.wsgi [None req-4bf60630-5e74-478d-b1d8-a6bd34b71777 7d00890b7efa42b7a076d60bc134d466 969e4c499def47e9bdb87ad375d628a5 - - default default] GET http://10.0.0.226:8776/
2026-07-25 15:01:24.978 7 INFO cinder.api.openstack.wsgi [None req-3b9f3c27-ee73-4374-b21a-939e6f6de4e7 7d00890b7efa42b7a076d60bc134d466 969e4c499def47e9bdb87ad375d628a5 - - default default] http://10.0.0.226:8776/ returned with HTTP 300
2026-07-25 15:01:24.979 8 INFO cinder.api.openstack.wsgi [None req-4bf60630-5e74-478d-b1d8-a6bd34b71777 7d00890b7efa42b7a076d60bc134d466 969e4c499def47e9bdb87ad375d628a5 - - default default] http://10.0.0.226:8776/ returned with HTTP 300
2026-07-25 15:01:26.773 7 INFO cinder.api.openstack.wsgi [None req-5339d7b5-c2fb-462b-a3a9-c48352b56aee 5dd2fc098f2743ec93b348b02ed27abb 3f28c54af05d48bdabc923ed9c40fc2b - - default default] POST http://cinder-api.openstack.svc.cluster.local:8776/v3/3f28c54af05d48bdabc923ed9c40fc2b/volumes
2026-07-25 15:01:27.417 7 INFO cinder.api.v3.volumes [None req-5339d7b5-c2fb-462b-a3a9-c48352b56aee 5dd2fc098f2743ec93b348b02ed27abb 3f28c54af05d48bdabc923ed9c40fc2b - - default default] Create volume of 1 GB
2026-07-25 15:01:27.447 7 INFO cinder.volume.api [None req-5339d7b5-c2fb-462b-a3a9-c48352b56aee 5dd2fc098f2743ec93b348b02ed27abb 3f28c54af05d48bdabc923ed9c40fc2b - - default default] Availability Zones retrieved successfully.
2026-07-25 15:01:27.845 7 INFO cinder.volume.api [None req-5339d7b5-c2fb-462b-a3a9-c48352b56aee 5dd2fc098f2743ec93b348b02ed27abb 3f28c54af05d48bdabc923ed9c40fc2b - - default default] Create volume request issued successfully.
2026-07-25 15:01:27.846 7 INFO cinder.api.openstack.wsgi [None req-5339d7b5-c2fb-462b-a3a9-c48352b56aee 5dd2fc098f2743ec93b348b02ed27abb 3f28c54af05d48bdabc923ed9c40fc2b - - default default] http://cinder-api.openstack.svc.cluster.local:8776/v3/3f28c54af05d48bdabc923ed9c40fc2b/volumes returned with HTTP 202 [pid: 7|app: 0|req: 242/482] 10.0.0.245 () {34 vars in 723 bytes} [Sat Jul 25 15:01:26 2026] POST /v3/3f28c54af05d48bdabc923ed9c40fc2b/volumes => generated 863 bytes in 1078 msecs (HTTP/1.1 202) 7 headers in 291 bytes (1 switches on core 0)
2026-07-25 15:01:27.867 8 INFO cinder.api.openstack.wsgi [None req-1de551d5-fcac-4c9b-9e40-4aaf9f6dad61 5dd2fc098f2743ec93b348b02ed27abb 3f28c54af05d48bdabc923ed9c40fc2b - - default default] GET http://cinder-api.openstack.svc.cluster.local:8776/v3/3f28c54af05d48bdabc923ed9c40fc2b/volumes/59793006-8f5e-4bc1-8224-598bc576ae16 /var/lib/openstack/lib/python3.12/site-packages/oslo_context/context.py:101: DeprecationWarning: Policy enforcement is depending on the value of is_admin. This key is deprecated. Please update your policy file to use the standard policy values. warnings.warn(
2026-07-25 15:01:27.914 8 INFO cinder.volume.api [None req-1de551d5-fcac-4c9b-9e40-4aaf9f6dad61 5dd2fc098f2743ec93b348b02ed27abb 3f28c54af05d48bdabc923ed9c40fc2b - - default default] Volume info retrieved successfully.
2026-07-25 15:01:27.924 8 INFO cinder.api.openstack.wsgi [None req-1de551d5-fcac-4c9b-9e40-4aaf9f6dad61 5dd2fc098f2743ec93b348b02ed27abb 3f28c54af05d48bdabc923ed9c40fc2b - - default default] http://cinder-api.openstack.svc.cluster.local:8776/v3/3f28c54af05d48bdabc923ed9c40fc2b/volumes/59793006-8f5e-4bc1-8224-598bc576ae16 returned with HTTP 200 [pid: 8|app: 0|req: 241/483] 10.0.0.245 () {32 vars in 775 bytes} [Sat Jul 25 15:01:27 2026] GET /v3/3f28c54af05d48bdabc923ed9c40fc2b/volumes/59793006-8f5e-4bc1-8224-598bc576ae16 => generated 931 bytes in 66 msecs (HTTP/1.1 200) 7 headers in 285 bytes (1 switches on core 0) /var/lib/openstack/lib/python3.12/site-packages/pycadf/identifier.py:70: UserWarning: Invalid uuid: cinderv3. To ensure interoperability, identifiers should be a valid uuid. warnings.warn(('Invalid uuid: %s. To ensure interoperability, '
2026-07-25 15:01:28.959 7 INFO cinder.api.openstack.wsgi [None req-7d899c56-c870-4da8-8587-0b5081b12a1e 5dd2fc098f2743ec93b348b02ed27abb 3f28c54af05d48bdabc923ed9c40fc2b - - default default] GET http://cinder-api.openstack.svc.cluster.local:8776/v3/3f28c54af05d48bdabc923ed9c40fc2b/volumes/59793006-8f5e-4bc1-8224-598bc576ae16 /var/lib/openstack/lib/python3.12/site-packages/oslo_context/context.py:101: DeprecationWarning: Policy enforcement is depending on the value of is_admin. This key is deprecated. Please update your policy file to use the standard policy values. warnings.warn(
2026-07-25 15:01:28.986 7 INFO cinder.volume.api [None req-7d899c56-c870-4da8-8587-0b5081b12a1e 5dd2fc098f2743ec93b348b02ed27abb 3f28c54af05d48bdabc923ed9c40fc2b - - default default] Volume info retrieved successfully.
2026-07-25 15:01:28.994 7 INFO cinder.api.openstack.wsgi [None req-7d899c56-c870-4da8-8587-0b5081b12a1e 5dd2fc098f2743ec93b348b02ed27abb 3f28c54af05d48bdabc923ed9c40fc2b - - default default] http://cinder-api.openstack.svc.cluster.local:8776/v3/3f28c54af05d48bdabc923ed9c40fc2b/volumes/59793006-8f5e-4bc1-8224-598bc576ae16 returned with HTTP 200 [pid: 7|app: 0|req: 243/484] 10.0.0.245 () {32 vars in 775 bytes} [Sat Jul 25 15:01:28 2026] GET /v3/3f28c54af05d48bdabc923ed9c40fc2b/volumes/59793006-8f5e-4bc1-8224-598bc576ae16 => generated 955 bytes in 43 msecs (HTTP/1.1 200) 7 headers in 285 bytes (1 switches on core 0) /var/lib/openstack/lib/python3.12/site-packages/pycadf/identifier.py:70: UserWarning: Invalid uuid: cinderv3. To ensure interoperability, identifiers should be a valid uuid. warnings.warn(('Invalid uuid: %s. To ensure interoperability, '
2026-07-25 15:01:30.017 8 INFO cinder.api.openstack.wsgi [None req-4369a51d-885a-4f8d-883c-09e75c415e09 5dd2fc098f2743ec93b348b02ed27abb 3f28c54af05d48bdabc923ed9c40fc2b - - default default] GET http://cinder-api.openstack.svc.cluster.local:8776/v3/3f28c54af05d48bdabc923ed9c40fc2b/volumes/59793006-8f5e-4bc1-8224-598bc576ae16 /var/lib/openstack/lib/python3.12/site-packages/oslo_context/context.py:101: DeprecationWarning: Policy enforcement is depending on the value of is_admin. This key is deprecated. Please update your policy file to use the standard policy values. warnings.warn(
2026-07-25 15:01:30.035 8 INFO cinder.volume.api [None req-4369a51d-885a-4f8d-883c-09e75c415e09 5dd2fc098f2743ec93b348b02ed27abb 3f28c54af05d48bdabc923ed9c40fc2b - - default default] Volume info retrieved successfully.
2026-07-25 15:01:30.040 8 INFO cinder.api.openstack.wsgi [None req-4369a51d-885a-4f8d-883c-09e75c415e09 5dd2fc098f2743ec93b348b02ed27abb 3f28c54af05d48bdabc923ed9c40fc2b - - default default] http://cinder-api.openstack.svc.cluster.local:8776/v3/3f28c54af05d48bdabc923ed9c40fc2b/volumes/59793006-8f5e-4bc1-8224-598bc576ae16 returned with HTTP 200 [pid: 8|app: 0|req: 242/485] 10.0.0.245 () {32 vars in 775 bytes} [Sat Jul 25 15:01:30 2026] GET /v3/3f28c54af05d48bdabc923ed9c40fc2b/volumes/59793006-8f5e-4bc1-8224-598bc576ae16 => generated 955 bytes in 27 msecs (HTTP/1.1 200) 7 headers in 285 bytes (1 switches on core 0) /var/lib/openstack/lib/python3.12/site-packages/pycadf/identifier.py:70: UserWarning: Invalid uuid: cinderv3. To ensure interoperability, identifiers should be a valid uuid. warnings.warn(('Invalid uuid: %s. To ensure interoperability, '
2026-07-25 15:01:31.066 7 INFO cinder.api.openstack.wsgi [None req-2a4ee5da-ab4b-4605-a934-36a394b5ff97 5dd2fc098f2743ec93b348b02ed27abb 3f28c54af05d48bdabc923ed9c40fc2b - - default default] GET http://cinder-api.openstack.svc.cluster.local:8776/v3/3f28c54af05d48bdabc923ed9c40fc2b/volumes/59793006-8f5e-4bc1-8224-598bc576ae16 /var/lib/openstack/lib/python3.12/site-packages/oslo_context/context.py:101: DeprecationWarning: Policy enforcement is depending on the value of is_admin. This key is deprecated. Please update your policy file to use the standard policy values. warnings.warn(
2026-07-25 15:01:31.081 7 INFO cinder.volume.api [None req-2a4ee5da-ab4b-4605-a934-36a394b5ff97 5dd2fc098f2743ec93b348b02ed27abb 3f28c54af05d48bdabc923ed9c40fc2b - - default default] Volume info retrieved successfully.
2026-07-25 15:01:31.093 7 INFO cinder.api.openstack.wsgi [None req-2a4ee5da-ab4b-4605-a934-36a394b5ff97 5dd2fc098f2743ec93b348b02ed27abb 3f28c54af05d48bdabc923ed9c40fc2b - - default default] http://cinder-api.openstack.svc.cluster.local:8776/v3/3f28c54af05d48bdabc923ed9c40fc2b/volumes/59793006-8f5e-4bc1-8224-598bc576ae16 returned with HTTP 200 [pid: 7|app: 0|req: 244/486] 10.0.0.245 () {32 vars in 775 bytes} [Sat Jul 25 15:01:31 2026] GET /v3/3f28c54af05d48bdabc923ed9c40fc2b/volumes/59793006-8f5e-4bc1-8224-598bc576ae16 => generated 955 bytes in 35 msecs (HTTP/1.1 200) 7 headers in 285 bytes (1 switches on core 0) /var/lib/openstack/lib/python3.12/site-packages/pycadf/identifier.py:70: UserWarning: Invalid uuid: cinderv3. To ensure interoperability, identifiers should be a valid uuid. warnings.warn(('Invalid uuid: %s. To ensure interoperability, '
2026-07-25 15:01:32.118 8 INFO cinder.api.openstack.wsgi [None req-d0ccab5b-f63f-4b95-9350-16c6089fb9cc 5dd2fc098f2743ec93b348b02ed27abb 3f28c54af05d48bdabc923ed9c40fc2b - - default default] GET http://cinder-api.openstack.svc.cluster.local:8776/v3/3f28c54af05d48bdabc923ed9c40fc2b/volumes/59793006-8f5e-4bc1-8224-598bc576ae16 /var/lib/openstack/lib/python3.12/site-packages/oslo_context/context.py:101: DeprecationWarning: Policy enforcement is depending on the value of is_admin. This key is deprecated. Please update your policy file to use the standard policy values. warnings.warn(
2026-07-25 15:01:32.138 8 INFO cinder.volume.api [None req-d0ccab5b-f63f-4b95-9350-16c6089fb9cc 5dd2fc098f2743ec93b348b02ed27abb 3f28c54af05d48bdabc923ed9c40fc2b - - default default] Volume info retrieved successfully.
2026-07-25 15:01:32.144 8 INFO cinder.api.openstack.wsgi [None req-d0ccab5b-f63f-4b95-9350-16c6089fb9cc 5dd2fc098f2743ec93b348b02ed27abb 3f28c54af05d48bdabc923ed9c40fc2b - - default default] http://cinder-api.openstack.svc.cluster.local:8776/v3/3f28c54af05d48bdabc923ed9c40fc2b/volumes/59793006-8f5e-4bc1-8224-598bc576ae16 returned with HTTP 200 [pid: 8|app: 0|req: 243/487] 10.0.0.245 () {32 vars in 775 bytes} [Sat Jul 25 15:01:32 2026] GET /v3/3f28c54af05d48bdabc923ed9c40fc2b/volumes/59793006-8f5e-4bc1-8224-598bc576ae16 => generated 1481 bytes in 34 msecs (HTTP/1.1 200) 7 headers in 286 bytes (1 switches on core 0) /var/lib/openstack/lib/python3.12/site-packages/pycadf/identifier.py:70: UserWarning: Invalid uuid: cinderv3. To ensure interoperability, identifiers should be a valid uuid. warnings.warn(('Invalid uuid: %s. To ensure interoperability, '
2026-07-25 15:01:32.230 7 INFO cinder.api.openstack.wsgi [req-707eb79c-e9aa-4f21-8790-923768ed795a req-929f70d2-957c-4ab0-a9c4-de7173a0ec89 5dd2fc098f2743ec93b348b02ed27abb 3f28c54af05d48bdabc923ed9c40fc2b - - default default] GET http://cinder-api.openstack.svc.cluster.local:8776/v3/3f28c54af05d48bdabc923ed9c40fc2b/volumes/59793006-8f5e-4bc1-8224-598bc576ae16 /var/lib/openstack/lib/python3.12/site-packages/oslo_context/context.py:101: DeprecationWarning: Policy enforcement is depending on the value of is_admin. This key is deprecated. Please update your policy file to use the standard policy values. warnings.warn(
2026-07-25 15:01:32.248 7 INFO cinder.volume.api [req-707eb79c-e9aa-4f21-8790-923768ed795a req-929f70d2-957c-4ab0-a9c4-de7173a0ec89 5dd2fc098f2743ec93b348b02ed27abb 3f28c54af05d48bdabc923ed9c40fc2b - - default default] Volume info retrieved successfully.
2026-07-25 15:01:32.254 7 INFO cinder.api.openstack.wsgi [req-707eb79c-e9aa-4f21-8790-923768ed795a req-929f70d2-957c-4ab0-a9c4-de7173a0ec89 5dd2fc098f2743ec93b348b02ed27abb 3f28c54af05d48bdabc923ed9c40fc2b - - default default] http://cinder-api.openstack.svc.cluster.local:8776/v3/3f28c54af05d48bdabc923ed9c40fc2b/volumes/59793006-8f5e-4bc1-8224-598bc576ae16 returned with HTTP 200 [pid: 7|app: 0|req: 245/488] 10.0.0.156 () {34 vars in 1028 bytes} [Sat Jul 25 15:01:32 2026] GET /v3/3f28c54af05d48bdabc923ed9c40fc2b/volumes/59793006-8f5e-4bc1-8224-598bc576ae16 => generated 1481 bytes in 31 msecs (HTTP/1.1 200) 7 headers in 286 bytes (1 switches on core 0) /var/lib/openstack/lib/python3.12/site-packages/pycadf/identifier.py:70: UserWarning: Invalid uuid: cinderv3. To ensure interoperability, identifiers should be a valid uuid. warnings.warn(('Invalid uuid: %s. To ensure interoperability, '
2026-07-25 15:01:33.953 8 INFO cinder.api.openstack.wsgi [req-707eb79c-e9aa-4f21-8790-923768ed795a req-380c4237-feaf-4b6d-9742-c6ce6c69368c 5dd2fc098f2743ec93b348b02ed27abb 3f28c54af05d48bdabc923ed9c40fc2b - - default default] GET http://cinder-api.openstack.svc.cluster.local:8776/v3/3f28c54af05d48bdabc923ed9c40fc2b/volumes/59793006-8f5e-4bc1-8224-598bc576ae16 /var/lib/openstack/lib/python3.12/site-packages/oslo_context/context.py:101: DeprecationWarning: Policy enforcement is depending on the value of is_admin. This key is deprecated. Please update your policy file to use the standard policy values. warnings.warn(
2026-07-25 15:01:33.977 8 INFO cinder.volume.api [req-707eb79c-e9aa-4f21-8790-923768ed795a req-380c4237-feaf-4b6d-9742-c6ce6c69368c 5dd2fc098f2743ec93b348b02ed27abb 3f28c54af05d48bdabc923ed9c40fc2b - - default default] Volume info retrieved successfully.
2026-07-25 15:01:33.991 8 INFO cinder.api.openstack.wsgi [req-707eb79c-e9aa-4f21-8790-923768ed795a req-380c4237-feaf-4b6d-9742-c6ce6c69368c 5dd2fc098f2743ec93b348b02ed27abb 3f28c54af05d48bdabc923ed9c40fc2b - - default default] http://cinder-api.openstack.svc.cluster.local:8776/v3/3f28c54af05d48bdabc923ed9c40fc2b/volumes/59793006-8f5e-4bc1-8224-598bc576ae16 returned with HTTP 200 [pid: 8|app: 0|req: 244/489] 10.0.0.156 () {34 vars in 1028 bytes} [Sat Jul 25 15:01:33 2026] GET /v3/3f28c54af05d48bdabc923ed9c40fc2b/volumes/59793006-8f5e-4bc1-8224-598bc576ae16 => generated 1481 bytes in 45 msecs (HTTP/1.1 200) 7 headers in 286 bytes (1 switches on core 0)
2026-07-25 15:01:34.010 7 INFO cinder.api.openstack.wsgi [req-707eb79c-e9aa-4f21-8790-923768ed795a req-929f70d2-957c-4ab0-a9c4-de7173a0ec89 5dd2fc098f2743ec93b348b02ed27abb 3f28c54af05d48bdabc923ed9c40fc2b - - default default] GET http://cinder-api.openstack.svc.cluster.local:8776/
2026-07-25 15:01:34.012 7 INFO cinder.api.openstack.wsgi [req-707eb79c-e9aa-4f21-8790-923768ed795a req-929f70d2-957c-4ab0-a9c4-de7173a0ec89 5dd2fc098f2743ec93b348b02ed27abb 3f28c54af05d48bdabc923ed9c40fc2b - - default default] http://cinder-api.openstack.svc.cluster.local:8776/ returned with HTTP 300 [pid: 7|app: 0|req: 246/490] 10.0.0.156 () {32 vars in 829 bytes} [Sat Jul 25 15:01:34 2026] GET / => generated 411 bytes in 2 msecs (HTTP/1.1 300) 5 headers in 169 bytes (1 switches on core 0) /var/lib/openstack/lib/python3.12/site-packages/pycadf/identifier.py:70: UserWarning: Invalid uuid: cinderv3. To ensure interoperability, identifiers should be a valid uuid. warnings.warn(('Invalid uuid: %s. To ensure interoperability, '
2026-07-25 15:01:34.028 8 INFO cinder.api.openstack.wsgi [req-707eb79c-e9aa-4f21-8790-923768ed795a req-c73436bc-208e-4528-899f-e5995e6d85fb 5dd2fc098f2743ec93b348b02ed27abb 3f28c54af05d48bdabc923ed9c40fc2b - - default default] POST http://cinder-api.openstack.svc.cluster.local:8776/v3/3f28c54af05d48bdabc923ed9c40fc2b/attachments /var/lib/openstack/lib/python3.12/site-packages/oslo_context/context.py:101: DeprecationWarning: Policy enforcement is depending on the value of is_admin. This key is deprecated. Please update your policy file to use the standard policy values. warnings.warn(
2026-07-25 15:01:34.118 8 INFO cinder.api.openstack.wsgi [req-707eb79c-e9aa-4f21-8790-923768ed795a req-c73436bc-208e-4528-899f-e5995e6d85fb 5dd2fc098f2743ec93b348b02ed27abb 3f28c54af05d48bdabc923ed9c40fc2b - - default default] http://cinder-api.openstack.svc.cluster.local:8776/v3/3f28c54af05d48bdabc923ed9c40fc2b/attachments returned with HTTP 200 [pid: 8|app: 0|req: 245/491] 10.0.0.156 () {40 vars in 1057 bytes} [Sat Jul 25 15:01:34 2026] POST /v3/3f28c54af05d48bdabc923ed9c40fc2b/attachments => generated 273 bytes in 100 msecs (HTTP/1.1 200) 7 headers in 286 bytes (1 switches on core 0)
2026-07-25 15:01:34.979 7 INFO cinder.api.openstack.wsgi [req-707eb79c-e9aa-4f21-8790-923768ed795a req-929f70d2-957c-4ab0-a9c4-de7173a0ec89 5dd2fc098f2743ec93b348b02ed27abb 3f28c54af05d48bdabc923ed9c40fc2b - - default default] GET http://10.0.0.226:8776/
2026-07-25 15:01:34.979 8 INFO cinder.api.openstack.wsgi [req-707eb79c-e9aa-4f21-8790-923768ed795a req-c73436bc-208e-4528-899f-e5995e6d85fb 5dd2fc098f2743ec93b348b02ed27abb 3f28c54af05d48bdabc923ed9c40fc2b - - default default] GET http://10.0.0.226:8776/
2026-07-25 15:01:34.979 7 INFO cinder.api.openstack.wsgi [req-707eb79c-e9aa-4f21-8790-923768ed795a req-929f70d2-957c-4ab0-a9c4-de7173a0ec89 5dd2fc098f2743ec93b348b02ed27abb 3f28c54af05d48bdabc923ed9c40fc2b - - default default] http://10.0.0.226:8776/ returned with HTTP 300
2026-07-25 15:01:34.981 8 INFO cinder.api.openstack.wsgi [req-707eb79c-e9aa-4f21-8790-923768ed795a req-c73436bc-208e-4528-899f-e5995e6d85fb 5dd2fc098f2743ec93b348b02ed27abb 3f28c54af05d48bdabc923ed9c40fc2b - - default default] http://10.0.0.226:8776/ returned with HTTP 300 /var/lib/openstack/lib/python3.12/site-packages/pycadf/identifier.py:70: UserWarning: Invalid uuid: cinderv3. To ensure interoperability, identifiers should be a valid uuid. warnings.warn(('Invalid uuid: %s. To ensure interoperability, '
2026-07-25 15:01:35.845 7 INFO cinder.api.openstack.wsgi [None req-9be26e0f-f141-4a71-961a-883a711c3f7a 7d00890b7efa42b7a076d60bc134d466 969e4c499def47e9bdb87ad375d628a5 - - default default] GET http://cinder-api.openstack.svc.cluster.local:8776/v3/969e4c499def47e9bdb87ad375d628a5/os-services
2026-07-25 15:01:35.852 7 INFO cinder.api.openstack.wsgi [None req-9be26e0f-f141-4a71-961a-883a711c3f7a 7d00890b7efa42b7a076d60bc134d466 969e4c499def47e9bdb87ad375d628a5 - - default default] http://cinder-api.openstack.svc.cluster.local:8776/v3/969e4c499def47e9bdb87ad375d628a5/os-services returned with HTTP 200 [pid: 7|app: 0|req: 248/494] 10.0.0.121 () {28 vars in 645 bytes} [Sat Jul 25 15:01:35 2026] GET /v3/969e4c499def47e9bdb87ad375d628a5/os-services => generated 646 bytes in 124 msecs (HTTP/1.1 200) 7 headers in 285 bytes (1 switches on core 0) /var/lib/openstack/lib/python3.12/site-packages/pycadf/identifier.py:70: UserWarning: Invalid uuid: cinderv3. To ensure interoperability, identifiers should be a valid uuid. warnings.warn(('Invalid uuid: %s. To ensure interoperability, '
2026-07-25 15:01:35.861 8 INFO cinder.api.openstack.wsgi [None req-b294a7ba-6bac-4f61-aa39-0392fc926703 7d00890b7efa42b7a076d60bc134d466 969e4c499def47e9bdb87ad375d628a5 - - default default] GET http://cinder-api.openstack.svc.cluster.local:8776/v3/969e4c499def47e9bdb87ad375d628a5/volumes/detail?all_tenants=true /var/lib/openstack/lib/python3.12/site-packages/oslo_context/context.py:101: DeprecationWarning: Policy enforcement is depending on the value of is_admin. This key is deprecated. Please update your policy file to use the standard policy values. warnings.warn(
2026-07-25 15:01:35.878 8 INFO cinder.volume.api [None req-b294a7ba-6bac-4f61-aa39-0392fc926703 7d00890b7efa42b7a076d60bc134d466 969e4c499def47e9bdb87ad375d628a5 - - default default] Get all volumes completed successfully. /var/lib/openstack/lib/python3.12/site-packages/oslo_context/context.py:101: DeprecationWarning: Policy enforcement is depending on the value of is_admin. This key is deprecated. Please update your policy file to use the standard policy values. warnings.warn(
2026-07-25 15:01:35.885 8 INFO cinder.api.openstack.wsgi [None req-b294a7ba-6bac-4f61-aa39-0392fc926703 7d00890b7efa42b7a076d60bc134d466 969e4c499def47e9bdb87ad375d628a5 - - default default] http://cinder-api.openstack.svc.cluster.local:8776/v3/969e4c499def47e9bdb87ad375d628a5/volumes/detail?all_tenants=true returned with HTTP 200 [pid: 8|app: 0|req: 247/495] 10.0.0.121 () {28 vars in 684 bytes} [Sat Jul 25 15:01:35 2026] GET /v3/969e4c499def47e9bdb87ad375d628a5/volumes/detail?all_tenants=true => generated 1648 bytes in 29 msecs (HTTP/1.1 200) 7 headers in 286 bytes (1 switches on core 0)
2026-07-25 15:01:35.897 7 INFO cinder.api.openstack.wsgi [None req-4f3cbd8d-093d-491a-b240-ce978843d96d 7d00890b7efa42b7a076d60bc134d466 969e4c499def47e9bdb87ad375d628a5 - - default default] GET http://cinder-api.openstack.svc.cluster.local:8776/v3/969e4c499def47e9bdb87ad375d628a5/volumes/detail?all_tenants=true
2026-07-25 15:01:35.913 7 INFO cinder.volume.api [None req-4f3cbd8d-093d-491a-b240-ce978843d96d 7d00890b7efa42b7a076d60bc134d466 969e4c499def47e9bdb87ad375d628a5 - - default default] Get all volumes completed successfully. /var/lib/openstack/lib/python3.12/site-packages/oslo_context/context.py:101: DeprecationWarning: Policy enforcement is depending on the value of is_admin. This key is deprecated. Please update your policy file to use the standard policy values. warnings.warn(
2026-07-25 15:01:35.919 7 INFO cinder.api.openstack.wsgi [None req-4f3cbd8d-093d-491a-b240-ce978843d96d 7d00890b7efa42b7a076d60bc134d466 969e4c499def47e9bdb87ad375d628a5 - - default default] http://cinder-api.openstack.svc.cluster.local:8776/v3/969e4c499def47e9bdb87ad375d628a5/volumes/detail?all_tenants=true returned with HTTP 200 [pid: 7|app: 0|req: 249/496] 10.0.0.121 () {28 vars in 684 bytes} [Sat Jul 25 15:01:35 2026] GET /v3/969e4c499def47e9bdb87ad375d628a5/volumes/detail?all_tenants=true => generated 1648 bytes in 27 msecs (HTTP/1.1 200) 7 headers in 286 bytes (1 switches on core 0) /var/lib/openstack/lib/python3.12/site-packages/pycadf/identifier.py:70: UserWarning: Invalid uuid: cinderv3. To ensure interoperability, identifiers should be a valid uuid. warnings.warn(('Invalid uuid: %s. To ensure interoperability, '
2026-07-25 15:01:35.969 8 INFO cinder.api.openstack.wsgi [None req-71bb46db-6b14-4dc9-8435-bed1df905261 7d00890b7efa42b7a076d60bc134d466 969e4c499def47e9bdb87ad375d628a5 - - default default] GET http://cinder-api.openstack.svc.cluster.local:8776/v3/969e4c499def47e9bdb87ad375d628a5/os-quota-sets/3f28c54af05d48bdabc923ed9c40fc2b?usage=true
2026-07-25 15:01:35.995 8 INFO cinder.api.openstack.wsgi [None req-71bb46db-6b14-4dc9-8435-bed1df905261 7d00890b7efa42b7a076d60bc134d466 969e4c499def47e9bdb87ad375d628a5 - - default default] http://cinder-api.openstack.svc.cluster.local:8776/v3/969e4c499def47e9bdb87ad375d628a5/os-quota-sets/3f28c54af05d48bdabc923ed9c40fc2b?usage=true returned with HTTP 200 [pid: 8|app: 0|req: 248/497] 10.0.0.121 () {28 vars in 736 bytes} [Sat Jul 25 15:01:35 2026] GET /v3/969e4c499def47e9bdb87ad375d628a5/os-quota-sets/3f28c54af05d48bdabc923ed9c40fc2b?usage=true => generated 847 bytes in 32 msecs (HTTP/1.1 200) 7 headers in 285 bytes (1 switches on core 0) /var/lib/openstack/lib/python3.12/site-packages/pycadf/identifier.py:70: UserWarning: Invalid uuid: cinderv3. To ensure interoperability, identifiers should be a valid uuid. warnings.warn(('Invalid uuid: %s. To ensure interoperability, '
2026-07-25 15:01:36.008 7 INFO cinder.api.openstack.wsgi [None req-05d9bb4b-5784-44a1-a1a5-5d24d23cedf4 7d00890b7efa42b7a076d60bc134d466 969e4c499def47e9bdb87ad375d628a5 - - default default] GET http://cinder-api.openstack.svc.cluster.local:8776/v3/969e4c499def47e9bdb87ad375d628a5/os-quota-sets/5658d642169745a884e5a47549beebd2?usage=true
2026-07-25 15:01:36.030 7 INFO cinder.api.openstack.wsgi [None req-05d9bb4b-5784-44a1-a1a5-5d24d23cedf4 7d00890b7efa42b7a076d60bc134d466 969e4c499def47e9bdb87ad375d628a5 - - default default] http://cinder-api.openstack.svc.cluster.local:8776/v3/969e4c499def47e9bdb87ad375d628a5/os-quota-sets/5658d642169745a884e5a47549beebd2?usage=true returned with HTTP 200 [pid: 7|app: 0|req: 250/498] 10.0.0.121 () {28 vars in 736 bytes} [Sat Jul 25 15:01:36 2026] GET /v3/969e4c499def47e9bdb87ad375d628a5/os-quota-sets/5658d642169745a884e5a47549beebd2?usage=true => generated 847 bytes in 30 msecs (HTTP/1.1 200) 7 headers in 285 bytes (1 switches on core 0)
2026-07-25 15:01:36.043 8 INFO cinder.api.openstack.wsgi [None req-a4a3fe74-fced-4abc-8faa-b9e5c9ab8070 7d00890b7efa42b7a076d60bc134d466 969e4c499def47e9bdb87ad375d628a5 - - default default] GET http://cinder-api.openstack.svc.cluster.local:8776/v3/969e4c499def47e9bdb87ad375d628a5/os-quota-sets/8259853c23d44a76afdddf6ee43cc59d?usage=true
2026-07-25 15:01:36.063 8 INFO cinder.api.openstack.wsgi [None req-a4a3fe74-fced-4abc-8faa-b9e5c9ab8070 7d00890b7efa42b7a076d60bc134d466 969e4c499def47e9bdb87ad375d628a5 - - default default] http://cinder-api.openstack.svc.cluster.local:8776/v3/969e4c499def47e9bdb87ad375d628a5/os-quota-sets/8259853c23d44a76afdddf6ee43cc59d?usage=true returned with HTTP 200 [pid: 8|app: 0|req: 249/499] 10.0.0.121 () {28 vars in 736 bytes} [Sat Jul 25 15:01:36 2026] GET /v3/969e4c499def47e9bdb87ad375d628a5/os-quota-sets/8259853c23d44a76afdddf6ee43cc59d?usage=true => generated 847 bytes in 28 msecs (HTTP/1.1 200) 7 headers in 285 bytes (1 switches on core 0)
2026-07-25 15:01:36.076 7 INFO cinder.api.openstack.wsgi [None req-c8731bb3-43a1-4b29-a1eb-e8f9ce5d0dc9 7d00890b7efa42b7a076d60bc134d466 969e4c499def47e9bdb87ad375d628a5 - - default default] GET http://cinder-api.openstack.svc.cluster.local:8776/v3/969e4c499def47e9bdb87ad375d628a5/os-quota-sets/969e4c499def47e9bdb87ad375d628a5?usage=true
2026-07-25 15:01:36.093 7 INFO cinder.api.openstack.wsgi [None req-c8731bb3-43a1-4b29-a1eb-e8f9ce5d0dc9 7d00890b7efa42b7a076d60bc134d466 969e4c499def47e9bdb87ad375d628a5 - - default default] http://cinder-api.openstack.svc.cluster.local:8776/v3/969e4c499def47e9bdb87ad375d628a5/os-quota-sets/969e4c499def47e9bdb87ad375d628a5?usage=true returned with HTTP 200 [pid: 7|app: 0|req: 251/500] 10.0.0.121 () {28 vars in 736 bytes} [Sat Jul 25 15:01:36 2026] GET /v3/969e4c499def47e9bdb87ad375d628a5/os-quota-sets/969e4c499def47e9bdb87ad375d628a5?usage=true => generated 845 bytes in 27 msecs (HTTP/1.1 200) 7 headers in 285 bytes (1 switches on core 0)
2026-07-25 15:01:36.106 8 INFO cinder.api.openstack.wsgi [None req-baba8cc0-4b60-4cc8-8cd3-d4645bca8acc 7d00890b7efa42b7a076d60bc134d466 969e4c499def47e9bdb87ad375d628a5 - - default default] GET http://cinder-api.openstack.svc.cluster.local:8776/v3/969e4c499def47e9bdb87ad375d628a5/os-quota-sets/a50c895ad50648088846b0ba4f72a3e0?usage=true
2026-07-25 15:01:36.156 8 INFO cinder.api.openstack.wsgi [None req-baba8cc0-4b60-4cc8-8cd3-d4645bca8acc 7d00890b7efa42b7a076d60bc134d466 969e4c499def47e9bdb87ad375d628a5 - - default default] http://cinder-api.openstack.svc.cluster.local:8776/v3/969e4c499def47e9bdb87ad375d628a5/os-quota-sets/a50c895ad50648088846b0ba4f72a3e0?usage=true returned with HTTP 200 [pid: 8|app: 0|req: 250/501] 10.0.0.121 () {28 vars in 736 bytes} [Sat Jul 25 15:01:36 2026] GET /v3/969e4c499def47e9bdb87ad375d628a5/os-quota-sets/a50c895ad50648088846b0ba4f72a3e0?usage=true => generated 847 bytes in 58 msecs (HTTP/1.1 200) 7 headers in 285 bytes (1 switches on core 0)
2026-07-25 15:01:36.170 7 INFO cinder.api.openstack.wsgi [None req-24cacef3-3e26-4daa-b320-7ace23e70d63 7d00890b7efa42b7a076d60bc134d466 969e4c499def47e9bdb87ad375d628a5 - - default default] GET http://cinder-api.openstack.svc.cluster.local:8776/v3/969e4c499def47e9bdb87ad375d628a5/os-quota-sets/a8a886a7238b42df9e7115406caae70c?usage=true
2026-07-25 15:01:36.193 7 INFO cinder.api.openstack.wsgi [None req-24cacef3-3e26-4daa-b320-7ace23e70d63 7d00890b7efa42b7a076d60bc134d466 969e4c499def47e9bdb87ad375d628a5 - - default default] http://cinder-api.openstack.svc.cluster.local:8776/v3/969e4c499def47e9bdb87ad375d628a5/os-quota-sets/a8a886a7238b42df9e7115406caae70c?usage=true returned with HTTP 200 [pid: 7|app: 0|req: 252/502] 10.0.0.121 () {28 vars in 736 bytes} [Sat Jul 25 15:01:36 2026] GET /v3/969e4c499def47e9bdb87ad375d628a5/os-quota-sets/a8a886a7238b42df9e7115406caae70c?usage=true => generated 847 bytes in 32 msecs (HTTP/1.1 200) 7 headers in 285 bytes (1 switches on core 0)
2026-07-25 15:01:36.215 8 INFO cinder.api.openstack.wsgi [None req-486e513b-eede-4152-9bfa-6212a2fbe62a 7d00890b7efa42b7a076d60bc134d466 969e4c499def47e9bdb87ad375d628a5 - - default default] GET http://cinder-api.openstack.svc.cluster.local:8776/v3/969e4c499def47e9bdb87ad375d628a5/os-quota-sets/efe7cdb4959541bb932ceae0dfd28eba?usage=true
2026-07-25 15:01:36.238 8 INFO cinder.api.openstack.wsgi [None req-486e513b-eede-4152-9bfa-6212a2fbe62a 7d00890b7efa42b7a076d60bc134d466 969e4c499def47e9bdb87ad375d628a5 - - default default] http://cinder-api.openstack.svc.cluster.local:8776/v3/969e4c499def47e9bdb87ad375d628a5/os-quota-sets/efe7cdb4959541bb932ceae0dfd28eba?usage=true returned with HTTP 200 [pid: 8|app: 0|req: 251/503] 10.0.0.121 () {28 vars in 736 bytes} [Sat Jul 25 15:01:36 2026] GET /v3/969e4c499def47e9bdb87ad375d628a5/os-quota-sets/efe7cdb4959541bb932ceae0dfd28eba?usage=true => generated 845 bytes in 31 msecs (HTTP/1.1 200) 7 headers in 285 bytes (1 switches on core 0)
2026-07-25 15:01:36.248 7 INFO cinder.api.openstack.wsgi [None req-bcaf551a-89d1-4bf5-b078-9e0bda212e51 7d00890b7efa42b7a076d60bc134d466 969e4c499def47e9bdb87ad375d628a5 - - default default] GET http://cinder-api.openstack.svc.cluster.local:8776/v3/969e4c499def47e9bdb87ad375d628a5/snapshots?all_tenants=true
2026-07-25 15:01:36.252 7 INFO cinder.volume.api [None req-bcaf551a-89d1-4bf5-b078-9e0bda212e51 7d00890b7efa42b7a076d60bc134d466 969e4c499def47e9bdb87ad375d628a5 - - default default] Get all snapshots completed successfully.
2026-07-25 15:01:36.252 7 INFO cinder.api.openstack.wsgi [None req-bcaf551a-89d1-4bf5-b078-9e0bda212e51 7d00890b7efa42b7a076d60bc134d466 969e4c499def47e9bdb87ad375d628a5 - - default default] http://cinder-api.openstack.svc.cluster.local:8776/v3/969e4c499def47e9bdb87ad375d628a5/snapshots?all_tenants=true returned with HTTP 200 [pid: 7|app: 0|req: 253/504] 10.0.0.121 () {28 vars in 674 bytes} [Sat Jul 25 15:01:36 2026] GET /v3/969e4c499def47e9bdb87ad375d628a5/snapshots?all_tenants=true => generated 17 bytes in 9 msecs (HTTP/1.1 200) 7 headers in 284 bytes (1 switches on core 0)
2026-07-25 15:01:36.265 8 INFO cinder.api.openstack.wsgi [None req-9f5eb851-0722-40db-b9a4-904c725e632c 7d00890b7efa42b7a076d60bc134d466 969e4c499def47e9bdb87ad375d628a5 - - default default] GET http://cinder-api.openstack.svc.cluster.local:8776/v3/969e4c499def47e9bdb87ad375d628a5/scheduler-stats/get_pools?detail=true
2026-07-25 15:01:36.769 8 INFO cinder.api.openstack.wsgi [None req-9f5eb851-0722-40db-b9a4-904c725e632c 7d00890b7efa42b7a076d60bc134d466 969e4c499def47e9bdb87ad375d628a5 - - default default] http://cinder-api.openstack.svc.cluster.local:8776/v3/969e4c499def47e9bdb87ad375d628a5/scheduler-stats/get_pools?detail=true returned with HTTP 200 [pid: 8|app: 0|req: 252/505] 10.0.0.121 () {28 vars in 696 bytes} [Sat Jul 25 15:01:36 2026] GET /v3/969e4c499def47e9bdb87ad375d628a5/scheduler-stats/get_pools?detail=true => generated 670 bytes in 514 msecs (HTTP/1.1 200) 7 headers in 285 bytes (1 switches on core 0)
2026-07-25 15:01:40.232 7 INFO cinder.api.openstack.wsgi [None req-bcaf551a-89d1-4bf5-b078-9e0bda212e51 7d00890b7efa42b7a076d60bc134d466 969e4c499def47e9bdb87ad375d628a5 - - default default] GET http://cinder-api.openstack.svc.cluster.local:8776/
2026-07-25 15:01:40.233 7 INFO cinder.api.openstack.wsgi [None req-bcaf551a-89d1-4bf5-b078-9e0bda212e51 7d00890b7efa42b7a076d60bc134d466 969e4c499def47e9bdb87ad375d628a5 - - default default] http://cinder-api.openstack.svc.cluster.local:8776/ returned with HTTP 300 [pid: 7|app: 0|req: 254/506] 162.253.55.222 () {32 vars in 840 bytes} [Sat Jul 25 15:01:40 2026] GET / => generated 411 bytes in 2 msecs (HTTP/1.1 300) 5 headers in 169 bytes (1 switches on core 0)
2026-07-25 15:01:40.283 8 INFO cinder.api.openstack.wsgi [req-707eb79c-e9aa-4f21-8790-923768ed795a req-b7bf8c35-9777-4cfe-9740-2fd86a31f2b6 5dd2fc098f2743ec93b348b02ed27abb 3f28c54af05d48bdabc923ed9c40fc2b - - default default] GET http://cinder-api.openstack.svc.cluster.local:8776/v3/3f28c54af05d48bdabc923ed9c40fc2b/volumes/59793006-8f5e-4bc1-8224-598bc576ae16 /var/lib/openstack/lib/python3.12/site-packages/oslo_context/context.py:101: DeprecationWarning: Policy enforcement is depending on the value of is_admin. This key is deprecated. Please update your policy file to use the standard policy values. warnings.warn(
2026-07-25 15:01:40.303 8 INFO cinder.volume.api [req-707eb79c-e9aa-4f21-8790-923768ed795a req-b7bf8c35-9777-4cfe-9740-2fd86a31f2b6 5dd2fc098f2743ec93b348b02ed27abb 3f28c54af05d48bdabc923ed9c40fc2b - - default default] Volume info retrieved successfully.
2026-07-25 15:01:40.310 8 INFO cinder.api.openstack.wsgi [req-707eb79c-e9aa-4f21-8790-923768ed795a req-b7bf8c35-9777-4cfe-9740-2fd86a31f2b6 5dd2fc098f2743ec93b348b02ed27abb 3f28c54af05d48bdabc923ed9c40fc2b - - default default] http://cinder-api.openstack.svc.cluster.local:8776/v3/3f28c54af05d48bdabc923ed9c40fc2b/volumes/59793006-8f5e-4bc1-8224-598bc576ae16 returned with HTTP 200 [pid: 8|app: 0|req: 253/507] 162.253.55.222 () {36 vars in 1073 bytes} [Sat Jul 25 15:01:40 2026] GET /v3/3f28c54af05d48bdabc923ed9c40fc2b/volumes/59793006-8f5e-4bc1-8224-598bc576ae16 => generated 1661 bytes in 36 msecs (HTTP/1.1 200) 7 headers in 287 bytes (1 switches on core 0)
2026-07-25 15:01:42.436 7 INFO cinder.api.openstack.wsgi [req-707eb79c-e9aa-4f21-8790-923768ed795a req-109914d2-0e13-49d4-85cd-f60458fe0c49 5dd2fc098f2743ec93b348b02ed27abb 3f28c54af05d48bdabc923ed9c40fc2b - - default default] PUT http://cinder-api.openstack.svc.cluster.local:8776/v3/3f28c54af05d48bdabc923ed9c40fc2b/attachments/ed760c80-871c-4027-bc3a-4d33184e074e /var/lib/openstack/lib/python3.12/site-packages/oslo_context/context.py:101: DeprecationWarning: Policy enforcement is depending on the value of is_admin. This key is deprecated. Please update your policy file to use the standard policy values. warnings.warn(
2026-07-25 15:01:43.490 7 INFO cinder.api.openstack.wsgi [req-707eb79c-e9aa-4f21-8790-923768ed795a req-109914d2-0e13-49d4-85cd-f60458fe0c49 5dd2fc098f2743ec93b348b02ed27abb 3f28c54af05d48bdabc923ed9c40fc2b - - default default] http://cinder-api.openstack.svc.cluster.local:8776/v3/3f28c54af05d48bdabc923ed9c40fc2b/attachments/ed760c80-871c-4027-bc3a-4d33184e074e returned with HTTP 200 [pid: 7|app: 0|req: 255/508] 162.253.55.222 () {40 vars in 1135 bytes} [Sat Jul 25 15:01:42 2026] PUT /v3/3f28c54af05d48bdabc923ed9c40fc2b/attachments/ed760c80-871c-4027-bc3a-4d33184e074e => generated 802 bytes in 1060 msecs (HTTP/1.1 200) 7 headers in 286 bytes (1 switches on core 0) /var/lib/openstack/lib/python3.12/site-packages/pycadf/identifier.py:70: UserWarning: Invalid uuid: cinderv3. To ensure interoperability, identifiers should be a valid uuid. warnings.warn(('Invalid uuid: %s. To ensure interoperability, '
2026-07-25 15:01:44.016 8 INFO cinder.api.openstack.wsgi [req-707eb79c-e9aa-4f21-8790-923768ed795a req-66d09ec3-69b4-470d-b4b5-1ed172669d08 5dd2fc098f2743ec93b348b02ed27abb 3f28c54af05d48bdabc923ed9c40fc2b - - default default] POST http://cinder-api.openstack.svc.cluster.local:8776/v3/3f28c54af05d48bdabc923ed9c40fc2b/attachments/ed760c80-871c-4027-bc3a-4d33184e074e/action /var/lib/openstack/lib/python3.12/site-packages/oslo_context/context.py:101: DeprecationWarning: Policy enforcement is depending on the value of is_admin. This key is deprecated. Please update your policy file to use the standard policy values. warnings.warn(
