2026-07-25 15:05:47.131 7 INFO cinder.api.openstack.wsgi [None req-b21c287b-3870-44b6-8660-846e5867dcf0 e7c35a852e474cbd898cac461e1ca2cb 5d3484fc9168401f9371494e63216d35 - - default default] http://cinder-api.openstack.svc.cluster.local:8776/v3/5d3484fc9168401f9371494e63216d35/volumes/3a8f7744-cf09-4ce8-80be-9e9a0d026489 returned with HTTP 200 [pid: 7|app: 0|req: 342/684] 10.0.0.245 () {32 vars in 775 bytes} [Sat Jul 25 15:05:47 2026] GET /v3/5d3484fc9168401f9371494e63216d35/volumes/3a8f7744-cf09-4ce8-80be-9e9a0d026489 => generated 971 bytes in 24 msecs (HTTP/1.1 200) 7 headers in 285 bytes (1 switches on core 0) /var/lib/openstack/lib/python3.12/site-packages/pycadf/identifier.py:70: UserWarning: Invalid uuid: cinderv3. To ensure interoperability, identifiers should be a valid uuid. warnings.warn(('Invalid uuid: %s. To ensure interoperability, '
2026-07-25 15:05:54.115 8 INFO cinder.api.openstack.wsgi [None req-236c31c4-0293-4a3f-8603-4e4aa6bb7079 e7c35a852e474cbd898cac461e1ca2cb 5d3484fc9168401f9371494e63216d35 - - default default] GET http://cinder-api.openstack.svc.cluster.local:8776/v3/5d3484fc9168401f9371494e63216d35/volumes/3a8f7744-cf09-4ce8-80be-9e9a0d026489 /var/lib/openstack/lib/python3.12/site-packages/oslo_context/context.py:101: DeprecationWarning: Policy enforcement is depending on the value of is_admin. This key is deprecated. Please update your policy file to use the standard policy values. warnings.warn(
2026-07-25 15:05:54.129 8 INFO cinder.volume.api [None req-236c31c4-0293-4a3f-8603-4e4aa6bb7079 e7c35a852e474cbd898cac461e1ca2cb 5d3484fc9168401f9371494e63216d35 - - default default] Volume info retrieved successfully.
2026-07-25 15:05:54.133 8 INFO cinder.api.openstack.wsgi [None req-236c31c4-0293-4a3f-8603-4e4aa6bb7079 e7c35a852e474cbd898cac461e1ca2cb 5d3484fc9168401f9371494e63216d35 - - default default] http://cinder-api.openstack.svc.cluster.local:8776/v3/5d3484fc9168401f9371494e63216d35/volumes/3a8f7744-cf09-4ce8-80be-9e9a0d026489 returned with HTTP 200 [pid: 8|app: 0|req: 343/685] 10.0.0.245 () {32 vars in 775 bytes} [Sat Jul 25 15:05:54 2026] GET /v3/5d3484fc9168401f9371494e63216d35/volumes/3a8f7744-cf09-4ce8-80be-9e9a0d026489 => generated 971 bytes in 25 msecs (HTTP/1.1 200) 7 headers in 285 bytes (1 switches on core 0) /var/lib/openstack/lib/python3.12/site-packages/pycadf/identifier.py:70: UserWarning: Invalid uuid: cinderv3. To ensure interoperability, identifiers should be a valid uuid. warnings.warn(('Invalid uuid: %s. To ensure interoperability, '
2026-07-25 15:05:54.155 7 INFO cinder.api.openstack.wsgi [None req-39ef0a01-8876-4447-b303-eb2f333bb06c e7c35a852e474cbd898cac461e1ca2cb 5d3484fc9168401f9371494e63216d35 - - default default] DELETE http://cinder-api.openstack.svc.cluster.local:8776/v3/5d3484fc9168401f9371494e63216d35/volumes/3a8f7744-cf09-4ce8-80be-9e9a0d026489
2026-07-25 15:05:54.156 7 INFO cinder.api.v3.volumes [None req-39ef0a01-8876-4447-b303-eb2f333bb06c e7c35a852e474cbd898cac461e1ca2cb 5d3484fc9168401f9371494e63216d35 - - default default] Delete volume with id: 3a8f7744-cf09-4ce8-80be-9e9a0d026489 /var/lib/openstack/lib/python3.12/site-packages/oslo_context/context.py:101: DeprecationWarning: Policy enforcement is depending on the value of is_admin. This key is deprecated. Please update your policy file to use the standard policy values. warnings.warn(
2026-07-25 15:05:54.170 7 INFO cinder.volume.api [None req-39ef0a01-8876-4447-b303-eb2f333bb06c e7c35a852e474cbd898cac461e1ca2cb 5d3484fc9168401f9371494e63216d35 - - default default] Volume info retrieved successfully.
2026-07-25 15:05:54.195 7 INFO cinder.volume.api [None req-39ef0a01-8876-4447-b303-eb2f333bb06c e7c35a852e474cbd898cac461e1ca2cb 5d3484fc9168401f9371494e63216d35 - - default default] Delete volume request issued successfully.
2026-07-25 15:05:54.195 7 INFO cinder.api.openstack.wsgi [None req-39ef0a01-8876-4447-b303-eb2f333bb06c e7c35a852e474cbd898cac461e1ca2cb 5d3484fc9168401f9371494e63216d35 - - default default] http://cinder-api.openstack.svc.cluster.local:8776/v3/5d3484fc9168401f9371494e63216d35/volumes/3a8f7744-cf09-4ce8-80be-9e9a0d026489 returned with HTTP 202 [pid: 7|app: 0|req: 343/686] 10.0.0.245 () {32 vars in 778 bytes} [Sat Jul 25 15:05:54 2026] DELETE /v3/5d3484fc9168401f9371494e63216d35/volumes/3a8f7744-cf09-4ce8-80be-9e9a0d026489 => generated 0 bytes in 49 msecs (HTTP/1.1 202) 6 headers in 233 bytes (1 switches on core 0) /var/lib/openstack/lib/python3.12/site-packages/pycadf/identifier.py:70: UserWarning: Invalid uuid: cinderv3. To ensure interoperability, identifiers should be a valid uuid. warnings.warn(('Invalid uuid: %s. To ensure interoperability, '
2026-07-25 15:05:54.206 8 INFO cinder.api.openstack.wsgi [None req-56db3543-5b1d-48fb-9e0c-4d7e4b65605f e7c35a852e474cbd898cac461e1ca2cb 5d3484fc9168401f9371494e63216d35 - - default default] GET http://cinder-api.openstack.svc.cluster.local:8776/v3/5d3484fc9168401f9371494e63216d35/volumes/3a8f7744-cf09-4ce8-80be-9e9a0d026489 /var/lib/openstack/lib/python3.12/site-packages/oslo_context/context.py:101: DeprecationWarning: Policy enforcement is depending on the value of is_admin. This key is deprecated. Please update your policy file to use the standard policy values. warnings.warn(
2026-07-25 15:05:54.222 8 INFO cinder.volume.api [None req-56db3543-5b1d-48fb-9e0c-4d7e4b65605f e7c35a852e474cbd898cac461e1ca2cb 5d3484fc9168401f9371494e63216d35 - - default default] Volume info retrieved successfully.
2026-07-25 15:05:54.228 8 INFO cinder.api.openstack.wsgi [None req-56db3543-5b1d-48fb-9e0c-4d7e4b65605f e7c35a852e474cbd898cac461e1ca2cb 5d3484fc9168401f9371494e63216d35 - - default default] http://cinder-api.openstack.svc.cluster.local:8776/v3/5d3484fc9168401f9371494e63216d35/volumes/3a8f7744-cf09-4ce8-80be-9e9a0d026489 returned with HTTP 200 [pid: 8|app: 0|req: 344/687] 10.0.0.245 () {32 vars in 775 bytes} [Sat Jul 25 15:05:54 2026] GET /v3/5d3484fc9168401f9371494e63216d35/volumes/3a8f7744-cf09-4ce8-80be-9e9a0d026489 => generated 970 bytes in 28 msecs (HTTP/1.1 200) 7 headers in 285 bytes (1 switches on core 0)
2026-07-25 15:05:54.977 8 INFO cinder.api.openstack.wsgi [None req-56db3543-5b1d-48fb-9e0c-4d7e4b65605f e7c35a852e474cbd898cac461e1ca2cb 5d3484fc9168401f9371494e63216d35 - - default default] GET http://10.0.0.226:8776/
2026-07-25 15:05:54.977 7 INFO cinder.api.openstack.wsgi [None req-39ef0a01-8876-4447-b303-eb2f333bb06c e7c35a852e474cbd898cac461e1ca2cb 5d3484fc9168401f9371494e63216d35 - - default default] GET http://10.0.0.226:8776/
2026-07-25 15:05:54.978 8 INFO cinder.api.openstack.wsgi [None req-56db3543-5b1d-48fb-9e0c-4d7e4b65605f e7c35a852e474cbd898cac461e1ca2cb 5d3484fc9168401f9371494e63216d35 - - default default] http://10.0.0.226:8776/ returned with HTTP 300
2026-07-25 15:05:54.978 7 INFO cinder.api.openstack.wsgi [None req-39ef0a01-8876-4447-b303-eb2f333bb06c e7c35a852e474cbd898cac461e1ca2cb 5d3484fc9168401f9371494e63216d35 - - default default] http://10.0.0.226:8776/ returned with HTTP 300 /var/lib/openstack/lib/python3.12/site-packages/pycadf/identifier.py:70: UserWarning: Invalid uuid: cinderv3. To ensure interoperability, identifiers should be a valid uuid. warnings.warn(('Invalid uuid: %s. To ensure interoperability, '
2026-07-25 15:05:55.248 8 INFO cinder.api.openstack.wsgi [None req-ba45fd97-524b-4b53-ab2a-ecc0ca024443 e7c35a852e474cbd898cac461e1ca2cb 5d3484fc9168401f9371494e63216d35 - - default default] GET http://cinder-api.openstack.svc.cluster.local:8776/v3/5d3484fc9168401f9371494e63216d35/volumes/3a8f7744-cf09-4ce8-80be-9e9a0d026489
2026-07-25 15:05:55.255 8 INFO cinder.api.openstack.wsgi [None req-ba45fd97-524b-4b53-ab2a-ecc0ca024443 e7c35a852e474cbd898cac461e1ca2cb 5d3484fc9168401f9371494e63216d35 - - default default] http://cinder-api.openstack.svc.cluster.local:8776/v3/5d3484fc9168401f9371494e63216d35/volumes/3a8f7744-cf09-4ce8-80be-9e9a0d026489 returned with HTTP 404 [pid: 8|app: 0|req: 346/690] 10.0.0.245 () {32 vars in 775 bytes} [Sat Jul 25 15:05:55 2026] GET /v3/5d3484fc9168401f9371494e63216d35/volumes/3a8f7744-cf09-4ce8-80be-9e9a0d026489 => generated 109 bytes in 14 msecs (HTTP/1.1 404) 7 headers in 292 bytes (1 switches on core 0)
2026-07-25 15:06:01.208 7 INFO cinder.api.openstack.wsgi [None req-39ef0a01-8876-4447-b303-eb2f333bb06c e7c35a852e474cbd898cac461e1ca2cb 5d3484fc9168401f9371494e63216d35 - - default default] GET http://cinder-api.openstack.svc.cluster.local:8776/
2026-07-25 15:06:01.210 7 INFO cinder.api.openstack.wsgi [None req-39ef0a01-8876-4447-b303-eb2f333bb06c e7c35a852e474cbd898cac461e1ca2cb 5d3484fc9168401f9371494e63216d35 - - default default] http://cinder-api.openstack.svc.cluster.local:8776/ returned with HTTP 300 [pid: 7|app: 0|req: 345/691] 10.0.0.239 () {28 vars in 376 bytes} [Sat Jul 25 15:06:01 2026] GET / => generated 411 bytes in 2 msecs (HTTP/1.1 300) 5 headers in 169 bytes (1 switches on core 0)
2026-07-25 15:06:01.220 8 INFO cinder.api.openstack.wsgi [None req-16f46a05-16af-488c-8838-7882b70dbe2a feb3fed575f94d248caafc0fa7c48193 9e9cb1cdef8546b488fa0b87f88e0d0f - - default default] GET http://cinder-api.openstack.svc.cluster.local:8776/v3/9e9cb1cdef8546b488fa0b87f88e0d0f/limits?tenant_id=9e9cb1cdef8546b488fa0b87f88e0d0f
2026-07-25 15:06:01.244 8 INFO cinder.api.openstack.wsgi [None req-16f46a05-16af-488c-8838-7882b70dbe2a feb3fed575f94d248caafc0fa7c48193 9e9cb1cdef8546b488fa0b87f88e0d0f - - default default] http://cinder-api.openstack.svc.cluster.local:8776/v3/9e9cb1cdef8546b488fa0b87f88e0d0f/limits?tenant_id=9e9cb1cdef8546b488fa0b87f88e0d0f returned with HTTP 200 [pid: 8|app: 0|req: 347/692] 10.0.0.239 () {34 vars in 879 bytes} [Sat Jul 25 15:06:01 2026] GET /v3/9e9cb1cdef8546b488fa0b87f88e0d0f/limits?tenant_id=9e9cb1cdef8546b488fa0b87f88e0d0f => generated 302 bytes in 29 msecs (HTTP/1.1 200) 7 headers in 286 bytes (1 switches on core 0)
2026-07-25 15:06:03.860 7 INFO cinder.api.openstack.wsgi [None req-39ef0a01-8876-4447-b303-eb2f333bb06c e7c35a852e474cbd898cac461e1ca2cb 5d3484fc9168401f9371494e63216d35 - - default default] GET http://cinder-api.openstack.svc.cluster.local:8776/
2026-07-25 15:06:03.861 7 INFO cinder.api.openstack.wsgi [None req-39ef0a01-8876-4447-b303-eb2f333bb06c e7c35a852e474cbd898cac461e1ca2cb 5d3484fc9168401f9371494e63216d35 - - default default] http://cinder-api.openstack.svc.cluster.local:8776/ returned with HTTP 300 [pid: 7|app: 0|req: 346/693] 10.0.0.239 () {28 vars in 376 bytes} [Sat Jul 25 15:06:03 2026] GET / => generated 411 bytes in 2 msecs (HTTP/1.1 300) 5 headers in 169 bytes (1 switches on core 0)
2026-07-25 15:06:03.869 8 INFO cinder.api.openstack.wsgi [None req-16f46a05-16af-488c-8838-7882b70dbe2a feb3fed575f94d248caafc0fa7c48193 9e9cb1cdef8546b488fa0b87f88e0d0f - - default default] GET http://cinder-api.openstack.svc.cluster.local:8776/
2026-07-25 15:06:03.870 8 INFO cinder.api.openstack.wsgi [None req-16f46a05-16af-488c-8838-7882b70dbe2a feb3fed575f94d248caafc0fa7c48193 9e9cb1cdef8546b488fa0b87f88e0d0f - - default default] http://cinder-api.openstack.svc.cluster.local:8776/ returned with HTTP 300 [pid: 8|app: 0|req: 348/694] 10.0.0.239 () {28 vars in 376 bytes} [Sat Jul 25 15:06:03 2026] GET / => generated 411 bytes in 2 msecs (HTTP/1.1 300) 5 headers in 169 bytes (1 switches on core 0)
2026-07-25 15:06:04.508 7 INFO cinder.api.openstack.wsgi [None req-39ef0a01-8876-4447-b303-eb2f333bb06c e7c35a852e474cbd898cac461e1ca2cb 5d3484fc9168401f9371494e63216d35 - - default default] GET http://cinder-api.openstack.svc.cluster.local:8776/
2026-07-25 15:06:04.509 7 INFO cinder.api.openstack.wsgi [None req-39ef0a01-8876-4447-b303-eb2f333bb06c e7c35a852e474cbd898cac461e1ca2cb 5d3484fc9168401f9371494e63216d35 - - default default] http://cinder-api.openstack.svc.cluster.local:8776/ returned with HTTP 300 [pid: 7|app: 0|req: 347/695] 10.0.0.239 () {28 vars in 376 bytes} [Sat Jul 25 15:06:04 2026] GET / => generated 411 bytes in 1 msecs (HTTP/1.1 300) 5 headers in 169 bytes (1 switches on core 0)
2026-07-25 15:06:04.519 8 INFO cinder.api.openstack.wsgi [None req-ff5020f3-7449-4681-9aab-9120a043f2db feb3fed575f94d248caafc0fa7c48193 9e9cb1cdef8546b488fa0b87f88e0d0f - - default default] GET http://cinder-api.openstack.svc.cluster.local:8776/v3/9e9cb1cdef8546b488fa0b87f88e0d0f/limits?tenant_id=9e9cb1cdef8546b488fa0b87f88e0d0f
2026-07-25 15:06:04.551 8 INFO cinder.api.openstack.wsgi [None req-ff5020f3-7449-4681-9aab-9120a043f2db feb3fed575f94d248caafc0fa7c48193 9e9cb1cdef8546b488fa0b87f88e0d0f - - default default] http://cinder-api.openstack.svc.cluster.local:8776/v3/9e9cb1cdef8546b488fa0b87f88e0d0f/limits?tenant_id=9e9cb1cdef8546b488fa0b87f88e0d0f returned with HTTP 200 [pid: 8|app: 0|req: 349/696] 10.0.0.239 () {34 vars in 879 bytes} [Sat Jul 25 15:06:04 2026] GET /v3/9e9cb1cdef8546b488fa0b87f88e0d0f/limits?tenant_id=9e9cb1cdef8546b488fa0b87f88e0d0f => generated 302 bytes in 38 msecs (HTTP/1.1 200) 7 headers in 286 bytes (1 switches on core 0)
2026-07-25 15:06:04.976 7 INFO cinder.api.openstack.wsgi [None req-39ef0a01-8876-4447-b303-eb2f333bb06c e7c35a852e474cbd898cac461e1ca2cb 5d3484fc9168401f9371494e63216d35 - - default default] GET http://10.0.0.226:8776/
2026-07-25 15:06:04.976 8 INFO cinder.api.openstack.wsgi [None req-ff5020f3-7449-4681-9aab-9120a043f2db feb3fed575f94d248caafc0fa7c48193 9e9cb1cdef8546b488fa0b87f88e0d0f - - default default] GET http://10.0.0.226:8776/
2026-07-25 15:06:04.977 7 INFO cinder.api.openstack.wsgi [None req-39ef0a01-8876-4447-b303-eb2f333bb06c e7c35a852e474cbd898cac461e1ca2cb 5d3484fc9168401f9371494e63216d35 - - default default] http://10.0.0.226:8776/ returned with HTTP 300
2026-07-25 15:06:04.978 8 INFO cinder.api.openstack.wsgi [None req-ff5020f3-7449-4681-9aab-9120a043f2db feb3fed575f94d248caafc0fa7c48193 9e9cb1cdef8546b488fa0b87f88e0d0f - - default default] http://10.0.0.226:8776/ returned with HTTP 300
2026-07-25 15:06:07.111 7 INFO cinder.api.openstack.wsgi [None req-39ef0a01-8876-4447-b303-eb2f333bb06c e7c35a852e474cbd898cac461e1ca2cb 5d3484fc9168401f9371494e63216d35 - - default default] GET http://cinder-api.openstack.svc.cluster.local:8776/
2026-07-25 15:06:07.112 7 INFO cinder.api.openstack.wsgi [None req-39ef0a01-8876-4447-b303-eb2f333bb06c e7c35a852e474cbd898cac461e1ca2cb 5d3484fc9168401f9371494e63216d35 - - default default] http://cinder-api.openstack.svc.cluster.local:8776/ returned with HTTP 300 [pid: 7|app: 0|req: 349/699] 10.0.0.239 () {28 vars in 376 bytes} [Sat Jul 25 15:06:07 2026] GET / => generated 411 bytes in 2 msecs (HTTP/1.1 300) 5 headers in 169 bytes (1 switches on core 0)
2026-07-25 15:06:07.120 8 INFO cinder.api.openstack.wsgi [None req-ff5020f3-7449-4681-9aab-9120a043f2db feb3fed575f94d248caafc0fa7c48193 9e9cb1cdef8546b488fa0b87f88e0d0f - - default default] GET http://cinder-api.openstack.svc.cluster.local:8776/
2026-07-25 15:06:07.122 8 INFO cinder.api.openstack.wsgi [None req-ff5020f3-7449-4681-9aab-9120a043f2db feb3fed575f94d248caafc0fa7c48193 9e9cb1cdef8546b488fa0b87f88e0d0f - - default default] http://cinder-api.openstack.svc.cluster.local:8776/ returned with HTTP 300 [pid: 8|app: 0|req: 351/700] 10.0.0.239 () {28 vars in 376 bytes} [Sat Jul 25 15:06:07 2026] GET / => generated 411 bytes in 3 msecs (HTTP/1.1 300) 5 headers in 169 bytes (1 switches on core 0)
2026-07-25 15:06:14.976 7 INFO cinder.api.openstack.wsgi [None req-39ef0a01-8876-4447-b303-eb2f333bb06c e7c35a852e474cbd898cac461e1ca2cb 5d3484fc9168401f9371494e63216d35 - - default default] GET http://10.0.0.226:8776/
2026-07-25 15:06:14.977 8 INFO cinder.api.openstack.wsgi [None req-ff5020f3-7449-4681-9aab-9120a043f2db feb3fed575f94d248caafc0fa7c48193 9e9cb1cdef8546b488fa0b87f88e0d0f - - default default] GET http://10.0.0.226:8776/
2026-07-25 15:06:14.978 8 INFO cinder.api.openstack.wsgi [None req-ff5020f3-7449-4681-9aab-9120a043f2db feb3fed575f94d248caafc0fa7c48193 9e9cb1cdef8546b488fa0b87f88e0d0f - - default default] http://10.0.0.226:8776/ returned with HTTP 300
2026-07-25 15:06:14.977 7 INFO cinder.api.openstack.wsgi [None req-39ef0a01-8876-4447-b303-eb2f333bb06c e7c35a852e474cbd898cac461e1ca2cb 5d3484fc9168401f9371494e63216d35 - - default default] http://10.0.0.226:8776/ returned with HTTP 300
2026-07-25 15:06:24.976 7 INFO cinder.api.openstack.wsgi [None req-39ef0a01-8876-4447-b303-eb2f333bb06c e7c35a852e474cbd898cac461e1ca2cb 5d3484fc9168401f9371494e63216d35 - - default default] GET http://10.0.0.226:8776/
2026-07-25 15:06:24.977 7 INFO cinder.api.openstack.wsgi [None req-39ef0a01-8876-4447-b303-eb2f333bb06c e7c35a852e474cbd898cac461e1ca2cb 5d3484fc9168401f9371494e63216d35 - - default default] http://10.0.0.226:8776/ returned with HTTP 300
2026-07-25 15:06:24.977 8 INFO cinder.api.openstack.wsgi [None req-ff5020f3-7449-4681-9aab-9120a043f2db feb3fed575f94d248caafc0fa7c48193 9e9cb1cdef8546b488fa0b87f88e0d0f - - default default] GET http://10.0.0.226:8776/
2026-07-25 15:06:24.981 8 INFO cinder.api.openstack.wsgi [None req-ff5020f3-7449-4681-9aab-9120a043f2db feb3fed575f94d248caafc0fa7c48193 9e9cb1cdef8546b488fa0b87f88e0d0f - - default default] http://10.0.0.226:8776/ returned with HTTP 300
2026-07-25 15:06:34.976 7 INFO cinder.api.openstack.wsgi [None req-39ef0a01-8876-4447-b303-eb2f333bb06c e7c35a852e474cbd898cac461e1ca2cb 5d3484fc9168401f9371494e63216d35 - - default default] GET http://10.0.0.226:8776/
2026-07-25 15:06:34.977 8 INFO cinder.api.openstack.wsgi [None req-ff5020f3-7449-4681-9aab-9120a043f2db feb3fed575f94d248caafc0fa7c48193 9e9cb1cdef8546b488fa0b87f88e0d0f - - default default] GET http://10.0.0.226:8776/
2026-07-25 15:06:34.977 7 INFO cinder.api.openstack.wsgi [None req-39ef0a01-8876-4447-b303-eb2f333bb06c e7c35a852e474cbd898cac461e1ca2cb 5d3484fc9168401f9371494e63216d35 - - default default] http://10.0.0.226:8776/ returned with HTTP 300
2026-07-25 15:06:34.978 8 INFO cinder.api.openstack.wsgi [None req-ff5020f3-7449-4681-9aab-9120a043f2db feb3fed575f94d248caafc0fa7c48193 9e9cb1cdef8546b488fa0b87f88e0d0f - - default default] http://10.0.0.226:8776/ returned with HTTP 300 /var/lib/openstack/lib/python3.12/site-packages/pycadf/identifier.py:70: UserWarning: Invalid uuid: cinderv3. To ensure interoperability, identifiers should be a valid uuid. warnings.warn(('Invalid uuid: %s. To ensure interoperability, '
2026-07-25 15:06:35.908 7 INFO cinder.api.openstack.wsgi [None req-2ebf87e2-dada-4c2d-99b7-9651ed047355 7d00890b7efa42b7a076d60bc134d466 969e4c499def47e9bdb87ad375d628a5 - - default default] GET http://cinder-api.openstack.svc.cluster.local:8776/v3/969e4c499def47e9bdb87ad375d628a5/snapshots?all_tenants=true
2026-07-25 15:06:35.914 7 INFO cinder.volume.api [None req-2ebf87e2-dada-4c2d-99b7-9651ed047355 7d00890b7efa42b7a076d60bc134d466 969e4c499def47e9bdb87ad375d628a5 - - default default] Get all snapshots completed successfully.
2026-07-25 15:06:35.914 7 INFO cinder.api.openstack.wsgi [None req-2ebf87e2-dada-4c2d-99b7-9651ed047355 7d00890b7efa42b7a076d60bc134d466 969e4c499def47e9bdb87ad375d628a5 - - default default] http://cinder-api.openstack.svc.cluster.local:8776/v3/969e4c499def47e9bdb87ad375d628a5/snapshots?all_tenants=true returned with HTTP 200 [pid: 7|app: 0|req: 353/707] 10.0.0.121 () {28 vars in 674 bytes} [Sat Jul 25 15:06:35 2026] GET /v3/969e4c499def47e9bdb87ad375d628a5/snapshots?all_tenants=true => generated 17 bytes in 133 msecs (HTTP/1.1 200) 7 headers in 284 bytes (1 switches on core 0)
2026-07-25 15:06:35.929 8 INFO cinder.api.openstack.wsgi [None req-f2a3b095-0703-4e6c-8a6e-f8a56c530172 7d00890b7efa42b7a076d60bc134d466 969e4c499def47e9bdb87ad375d628a5 - - default default] GET http://cinder-api.openstack.svc.cluster.local:8776/v3/969e4c499def47e9bdb87ad375d628a5/volumes/detail?all_tenants=true
2026-07-25 15:06:35.941 8 INFO cinder.volume.api [None req-f2a3b095-0703-4e6c-8a6e-f8a56c530172 7d00890b7efa42b7a076d60bc134d466 969e4c499def47e9bdb87ad375d628a5 - - default default] Get all volumes completed successfully.
2026-07-25 15:06:35.944 8 INFO cinder.api.openstack.wsgi [None req-f2a3b095-0703-4e6c-8a6e-f8a56c530172 7d00890b7efa42b7a076d60bc134d466 969e4c499def47e9bdb87ad375d628a5 - - default default] http://cinder-api.openstack.svc.cluster.local:8776/v3/969e4c499def47e9bdb87ad375d628a5/volumes/detail?all_tenants=true returned with HTTP 200 [pid: 8|app: 0|req: 355/708] 10.0.0.121 () {28 vars in 684 bytes} [Sat Jul 25 15:06:35 2026] GET /v3/969e4c499def47e9bdb87ad375d628a5/volumes/detail?all_tenants=true => generated 15 bytes in 23 msecs (HTTP/1.1 200) 7 headers in 284 bytes (1 switches on core 0)
2026-07-25 15:06:35.955 7 INFO cinder.api.openstack.wsgi [None req-cb1755e9-40d4-4393-8e91-b63160b57998 7d00890b7efa42b7a076d60bc134d466 969e4c499def47e9bdb87ad375d628a5 - - default default] GET http://cinder-api.openstack.svc.cluster.local:8776/v3/969e4c499def47e9bdb87ad375d628a5/volumes/detail?all_tenants=true
2026-07-25 15:06:35.973 7 INFO cinder.volume.api [None req-cb1755e9-40d4-4393-8e91-b63160b57998 7d00890b7efa42b7a076d60bc134d466 969e4c499def47e9bdb87ad375d628a5 - - default default] Get all volumes completed successfully.
2026-07-25 15:06:35.975 7 INFO cinder.api.openstack.wsgi [None req-cb1755e9-40d4-4393-8e91-b63160b57998 7d00890b7efa42b7a076d60bc134d466 969e4c499def47e9bdb87ad375d628a5 - - default default] http://cinder-api.openstack.svc.cluster.local:8776/v3/969e4c499def47e9bdb87ad375d628a5/volumes/detail?all_tenants=true returned with HTTP 200 [pid: 7|app: 0|req: 354/709] 10.0.0.121 () {28 vars in 684 bytes} [Sat Jul 25 15:06:35 2026] GET /v3/969e4c499def47e9bdb87ad375d628a5/volumes/detail?all_tenants=true => generated 15 bytes in 28 msecs (HTTP/1.1 200) 7 headers in 284 bytes (1 switches on core 0)
2026-07-25 15:06:36.027 8 INFO cinder.api.openstack.wsgi [None req-9cb8b63b-a2e0-405d-9ae7-c7085f3940ab 7d00890b7efa42b7a076d60bc134d466 969e4c499def47e9bdb87ad375d628a5 - - default default] GET http://cinder-api.openstack.svc.cluster.local:8776/v3/969e4c499def47e9bdb87ad375d628a5/os-quota-sets/0245b29cbd7945ad9ef7a81ae8b81284?usage=true
2026-07-25 15:06:36.056 8 INFO cinder.api.openstack.wsgi [None req-9cb8b63b-a2e0-405d-9ae7-c7085f3940ab 7d00890b7efa42b7a076d60bc134d466 969e4c499def47e9bdb87ad375d628a5 - - default default] http://cinder-api.openstack.svc.cluster.local:8776/v3/969e4c499def47e9bdb87ad375d628a5/os-quota-sets/0245b29cbd7945ad9ef7a81ae8b81284?usage=true returned with HTTP 200 [pid: 8|app: 0|req: 356/710] 10.0.0.121 () {28 vars in 736 bytes} [Sat Jul 25 15:06:36 2026] GET /v3/969e4c499def47e9bdb87ad375d628a5/os-quota-sets/0245b29cbd7945ad9ef7a81ae8b81284?usage=true => generated 847 bytes in 38 msecs (HTTP/1.1 200) 7 headers in 285 bytes (1 switches on core 0)
2026-07-25 15:06:36.069 7 INFO cinder.api.openstack.wsgi [None req-525dba53-e519-44bc-a2be-14c35dfdb716 7d00890b7efa42b7a076d60bc134d466 969e4c499def47e9bdb87ad375d628a5 - - default default] GET http://cinder-api.openstack.svc.cluster.local:8776/v3/969e4c499def47e9bdb87ad375d628a5/os-quota-sets/12c9bcc05e264c3895721faa5cdf273c?usage=true
2026-07-25 15:06:36.092 7 INFO cinder.api.openstack.wsgi [None req-525dba53-e519-44bc-a2be-14c35dfdb716 7d00890b7efa42b7a076d60bc134d466 969e4c499def47e9bdb87ad375d628a5 - - default default] http://cinder-api.openstack.svc.cluster.local:8776/v3/969e4c499def47e9bdb87ad375d628a5/os-quota-sets/12c9bcc05e264c3895721faa5cdf273c?usage=true returned with HTTP 200 [pid: 7|app: 0|req: 355/711] 10.0.0.121 () {28 vars in 736 bytes} [Sat Jul 25 15:06:36 2026] GET /v3/969e4c499def47e9bdb87ad375d628a5/os-quota-sets/12c9bcc05e264c3895721faa5cdf273c?usage=true => generated 847 bytes in 32 msecs (HTTP/1.1 200) 7 headers in 285 bytes (1 switches on core 0)
2026-07-25 15:06:36.103 8 INFO cinder.api.openstack.wsgi [None req-0343d10d-6f3c-4e80-b2e8-6cc0ac560fd0 7d00890b7efa42b7a076d60bc134d466 969e4c499def47e9bdb87ad375d628a5 - - default default] GET http://cinder-api.openstack.svc.cluster.local:8776/v3/969e4c499def47e9bdb87ad375d628a5/os-quota-sets/234d56decc7b4830b0aea6b3f43ed4b5?usage=true
2026-07-25 15:06:36.126 8 INFO cinder.api.openstack.wsgi [None req-0343d10d-6f3c-4e80-b2e8-6cc0ac560fd0 7d00890b7efa42b7a076d60bc134d466 969e4c499def47e9bdb87ad375d628a5 - - default default] http://cinder-api.openstack.svc.cluster.local:8776/v3/969e4c499def47e9bdb87ad375d628a5/os-quota-sets/234d56decc7b4830b0aea6b3f43ed4b5?usage=true returned with HTTP 200 [pid: 8|app: 0|req: 357/712] 10.0.0.121 () {28 vars in 736 bytes} [Sat Jul 25 15:06:36 2026] GET /v3/969e4c499def47e9bdb87ad375d628a5/os-quota-sets/234d56decc7b4830b0aea6b3f43ed4b5?usage=true => generated 847 bytes in 31 msecs (HTTP/1.1 200) 7 headers in 285 bytes (1 switches on core 0)
2026-07-25 15:06:36.138 7 INFO cinder.api.openstack.wsgi [None req-4577c54f-deae-4adb-b0bf-cfa9b901d6de 7d00890b7efa42b7a076d60bc134d466 969e4c499def47e9bdb87ad375d628a5 - - default default] GET http://cinder-api.openstack.svc.cluster.local:8776/v3/969e4c499def47e9bdb87ad375d628a5/os-quota-sets/24bcdcb73eda4ade83d6e6411a0d2375?usage=true
2026-07-25 15:06:36.159 7 INFO cinder.api.openstack.wsgi [None req-4577c54f-deae-4adb-b0bf-cfa9b901d6de 7d00890b7efa42b7a076d60bc134d466 969e4c499def47e9bdb87ad375d628a5 - - default default] http://cinder-api.openstack.svc.cluster.local:8776/v3/969e4c499def47e9bdb87ad375d628a5/os-quota-sets/24bcdcb73eda4ade83d6e6411a0d2375?usage=true returned with HTTP 200 [pid: 7|app: 0|req: 356/713] 10.0.0.121 () {28 vars in 736 bytes} [Sat Jul 25 15:06:36 2026] GET /v3/969e4c499def47e9bdb87ad375d628a5/os-quota-sets/24bcdcb73eda4ade83d6e6411a0d2375?usage=true => generated 847 bytes in 29 msecs (HTTP/1.1 200) 7 headers in 285 bytes (1 switches on core 0)
2026-07-25 15:06:36.173 8 INFO cinder.api.openstack.wsgi [None req-ad30f03c-1b42-4f40-9d13-5544eb71f3ca 7d00890b7efa42b7a076d60bc134d466 969e4c499def47e9bdb87ad375d628a5 - - default default] GET http://cinder-api.openstack.svc.cluster.local:8776/v3/969e4c499def47e9bdb87ad375d628a5/os-quota-sets/4e5d549f224c4959b4fad7b888b5bec4?usage=true
2026-07-25 15:06:36.196 8 INFO cinder.api.openstack.wsgi [None req-ad30f03c-1b42-4f40-9d13-5544eb71f3ca 7d00890b7efa42b7a076d60bc134d466 969e4c499def47e9bdb87ad375d628a5 - - default default] http://cinder-api.openstack.svc.cluster.local:8776/v3/969e4c499def47e9bdb87ad375d628a5/os-quota-sets/4e5d549f224c4959b4fad7b888b5bec4?usage=true returned with HTTP 200 [pid: 8|app: 0|req: 358/714] 10.0.0.121 () {28 vars in 736 bytes} [Sat Jul 25 15:06:36 2026] GET /v3/969e4c499def47e9bdb87ad375d628a5/os-quota-sets/4e5d549f224c4959b4fad7b888b5bec4?usage=true => generated 847 bytes in 33 msecs (HTTP/1.1 200) 7 headers in 285 bytes (1 switches on core 0)
2026-07-25 15:06:36.206 7 INFO cinder.api.openstack.wsgi [None req-579716f7-b095-4a15-bace-d52da96e0911 7d00890b7efa42b7a076d60bc134d466 969e4c499def47e9bdb87ad375d628a5 - - default default] GET http://cinder-api.openstack.svc.cluster.local:8776/v3/969e4c499def47e9bdb87ad375d628a5/os-quota-sets/5578a4a1af87497d920c4215767a0008?usage=true
2026-07-25 15:06:36.228 7 INFO cinder.api.openstack.wsgi [None req-579716f7-b095-4a15-bace-d52da96e0911 7d00890b7efa42b7a076d60bc134d466 969e4c499def47e9bdb87ad375d628a5 - - default default] http://cinder-api.openstack.svc.cluster.local:8776/v3/969e4c499def47e9bdb87ad375d628a5/os-quota-sets/5578a4a1af87497d920c4215767a0008?usage=true returned with HTTP 200 [pid: 7|app: 0|req: 357/715] 10.0.0.121 () {28 vars in 736 bytes} [Sat Jul 25 15:06:36 2026] GET /v3/969e4c499def47e9bdb87ad375d628a5/os-quota-sets/5578a4a1af87497d920c4215767a0008?usage=true => generated 847 bytes in 29 msecs (HTTP/1.1 200) 7 headers in 285 bytes (1 switches on core 0)
2026-07-25 15:06:36.244 8 INFO cinder.api.openstack.wsgi [None req-2cd395df-921d-4818-86f2-ee0453b1bb40 7d00890b7efa42b7a076d60bc134d466 969e4c499def47e9bdb87ad375d628a5 - - default default] GET http://cinder-api.openstack.svc.cluster.local:8776/v3/969e4c499def47e9bdb87ad375d628a5/os-quota-sets/784c612ca55a468c8440ad3f3059ba0b?usage=true
2026-07-25 15:06:36.263 8 INFO cinder.api.openstack.wsgi [None req-2cd395df-921d-4818-86f2-ee0453b1bb40 7d00890b7efa42b7a076d60bc134d466 969e4c499def47e9bdb87ad375d628a5 - - default default] http://cinder-api.openstack.svc.cluster.local:8776/v3/969e4c499def47e9bdb87ad375d628a5/os-quota-sets/784c612ca55a468c8440ad3f3059ba0b?usage=true returned with HTTP 200 [pid: 8|app: 0|req: 359/716] 10.0.0.121 () {28 vars in 736 bytes} [Sat Jul 25 15:06:36 2026] GET /v3/969e4c499def47e9bdb87ad375d628a5/os-quota-sets/784c612ca55a468c8440ad3f3059ba0b?usage=true => generated 847 bytes in 29 msecs (HTTP/1.1 200) 7 headers in 285 bytes (1 switches on core 0)
2026-07-25 15:06:36.279 7 INFO cinder.api.openstack.wsgi [None req-5453f7e5-cdcf-4d6a-8f4c-6bee9b20f90e 7d00890b7efa42b7a076d60bc134d466 969e4c499def47e9bdb87ad375d628a5 - - default default] GET http://cinder-api.openstack.svc.cluster.local:8776/v3/969e4c499def47e9bdb87ad375d628a5/os-quota-sets/7acde24de81a41d8878583080843e27e?usage=true
2026-07-25 15:06:36.306 7 INFO cinder.api.openstack.wsgi [None req-5453f7e5-cdcf-4d6a-8f4c-6bee9b20f90e 7d00890b7efa42b7a076d60bc134d466 969e4c499def47e9bdb87ad375d628a5 - - default default] http://cinder-api.openstack.svc.cluster.local:8776/v3/969e4c499def47e9bdb87ad375d628a5/os-quota-sets/7acde24de81a41d8878583080843e27e?usage=true returned with HTTP 200 [pid: 7|app: 0|req: 358/717] 10.0.0.121 () {28 vars in 736 bytes} [Sat Jul 25 15:06:36 2026] GET /v3/969e4c499def47e9bdb87ad375d628a5/os-quota-sets/7acde24de81a41d8878583080843e27e?usage=true => generated 847 bytes in 33 msecs (HTTP/1.1 200) 7 headers in 285 bytes (1 switches on core 0)
2026-07-25 15:06:36.319 8 INFO cinder.api.openstack.wsgi [None req-f613cdb2-fc70-4be0-a4cf-5381651a89fe 7d00890b7efa42b7a076d60bc134d466 969e4c499def47e9bdb87ad375d628a5 - - default default] GET http://cinder-api.openstack.svc.cluster.local:8776/v3/969e4c499def47e9bdb87ad375d628a5/os-quota-sets/969e4c499def47e9bdb87ad375d628a5?usage=true
2026-07-25 15:06:36.342 8 INFO cinder.api.openstack.wsgi [None req-f613cdb2-fc70-4be0-a4cf-5381651a89fe 7d00890b7efa42b7a076d60bc134d466 969e4c499def47e9bdb87ad375d628a5 - - default default] http://cinder-api.openstack.svc.cluster.local:8776/v3/969e4c499def47e9bdb87ad375d628a5/os-quota-sets/969e4c499def47e9bdb87ad375d628a5?usage=true returned with HTTP 200 [pid: 8|app: 0|req: 360/718] 10.0.0.121 () {28 vars in 736 bytes} [Sat Jul 25 15:06:36 2026] GET /v3/969e4c499def47e9bdb87ad375d628a5/os-quota-sets/969e4c499def47e9bdb87ad375d628a5?usage=true => generated 845 bytes in 32 msecs (HTTP/1.1 200) 7 headers in 285 bytes (1 switches on core 0)
2026-07-25 15:06:36.352 7 INFO cinder.api.openstack.wsgi [None req-19d8c254-ca2f-4f8f-8fb9-b00a6569678e 7d00890b7efa42b7a076d60bc134d466 969e4c499def47e9bdb87ad375d628a5 - - default default] GET http://cinder-api.openstack.svc.cluster.local:8776/v3/969e4c499def47e9bdb87ad375d628a5/os-quota-sets/a8a886a7238b42df9e7115406caae70c?usage=true
2026-07-25 15:06:36.374 7 INFO cinder.api.openstack.wsgi [None req-19d8c254-ca2f-4f8f-8fb9-b00a6569678e 7d00890b7efa42b7a076d60bc134d466 969e4c499def47e9bdb87ad375d628a5 - - default default] http://cinder-api.openstack.svc.cluster.local:8776/v3/969e4c499def47e9bdb87ad375d628a5/os-quota-sets/a8a886a7238b42df9e7115406caae70c?usage=true returned with HTTP 200 [pid: 7|app: 0|req: 359/719] 10.0.0.121 () {28 vars in 736 bytes} [Sat Jul 25 15:06:36 2026] GET /v3/969e4c499def47e9bdb87ad375d628a5/os-quota-sets/a8a886a7238b42df9e7115406caae70c?usage=true => generated 847 bytes in 28 msecs (HTTP/1.1 200) 7 headers in 285 bytes (1 switches on core 0)
2026-07-25 15:06:36.391 8 INFO cinder.api.openstack.wsgi [None req-be962485-428c-4c30-be86-b8728ec189c2 7d00890b7efa42b7a076d60bc134d466 969e4c499def47e9bdb87ad375d628a5 - - default default] GET http://cinder-api.openstack.svc.cluster.local:8776/v3/969e4c499def47e9bdb87ad375d628a5/os-quota-sets/c33c9d8245a04ac8a76538e9dc4920bd?usage=true
2026-07-25 15:06:36.419 8 INFO cinder.api.openstack.wsgi [None req-be962485-428c-4c30-be86-b8728ec189c2 7d00890b7efa42b7a076d60bc134d466 969e4c499def47e9bdb87ad375d628a5 - - default default] http://cinder-api.openstack.svc.cluster.local:8776/v3/969e4c499def47e9bdb87ad375d628a5/os-quota-sets/c33c9d8245a04ac8a76538e9dc4920bd?usage=true returned with HTTP 200 [pid: 8|app: 0|req: 361/720] 10.0.0.121 () {28 vars in 736 bytes} [Sat Jul 25 15:06:36 2026] GET /v3/969e4c499def47e9bdb87ad375d628a5/os-quota-sets/c33c9d8245a04ac8a76538e9dc4920bd?usage=true => generated 847 bytes in 37 msecs (HTTP/1.1 200) 7 headers in 285 bytes (1 switches on core 0)
2026-07-25 15:06:36.431 7 INFO cinder.api.openstack.wsgi [None req-a57fcc60-7db7-4cb1-a25d-8b15669a400f 7d00890b7efa42b7a076d60bc134d466 969e4c499def47e9bdb87ad375d628a5 - - default default] GET http://cinder-api.openstack.svc.cluster.local:8776/v3/969e4c499def47e9bdb87ad375d628a5/os-quota-sets/d8145333b3d84bd99278793576e63d33?usage=true
2026-07-25 15:06:36.463 7 INFO cinder.api.openstack.wsgi [None req-a57fcc60-7db7-4cb1-a25d-8b15669a400f 7d00890b7efa42b7a076d60bc134d466 969e4c499def47e9bdb87ad375d628a5 - - default default] http://cinder-api.openstack.svc.cluster.local:8776/v3/969e4c499def47e9bdb87ad375d628a5/os-quota-sets/d8145333b3d84bd99278793576e63d33?usage=true returned with HTTP 200 [pid: 7|app: 0|req: 360/721] 10.0.0.121 () {28 vars in 736 bytes} [Sat Jul 25 15:06:36 2026] GET /v3/969e4c499def47e9bdb87ad375d628a5/os-quota-sets/d8145333b3d84bd99278793576e63d33?usage=true => generated 847 bytes in 40 msecs (HTTP/1.1 200) 7 headers in 285 bytes (1 switches on core 0)
2026-07-25 15:06:36.476 8 INFO cinder.api.openstack.wsgi [None req-75009827-88cb-4d34-b542-961ca0f57bae 7d00890b7efa42b7a076d60bc134d466 969e4c499def47e9bdb87ad375d628a5 - - default default] GET http://cinder-api.openstack.svc.cluster.local:8776/v3/969e4c499def47e9bdb87ad375d628a5/os-quota-sets/dd77596048e5466cb8455ee6540290c6?usage=true
2026-07-25 15:06:36.502 8 INFO cinder.api.openstack.wsgi [None req-75009827-88cb-4d34-b542-961ca0f57bae 7d00890b7efa42b7a076d60bc134d466 969e4c499def47e9bdb87ad375d628a5 - - default default] http://cinder-api.openstack.svc.cluster.local:8776/v3/969e4c499def47e9bdb87ad375d628a5/os-quota-sets/dd77596048e5466cb8455ee6540290c6?usage=true returned with HTTP 200 [pid: 8|app: 0|req: 362/722] 10.0.0.121 () {28 vars in 736 bytes} [Sat Jul 25 15:06:36 2026] GET /v3/969e4c499def47e9bdb87ad375d628a5/os-quota-sets/dd77596048e5466cb8455ee6540290c6?usage=true => generated 847 bytes in 34 msecs (HTTP/1.1 200) 7 headers in 285 bytes (1 switches on core 0)
2026-07-25 15:06:36.515 7 INFO cinder.api.openstack.wsgi [None req-35e6a1f1-29d6-42f2-8dd9-ecc004e9f319 7d00890b7efa42b7a076d60bc134d466 969e4c499def47e9bdb87ad375d628a5 - - default default] GET http://cinder-api.openstack.svc.cluster.local:8776/v3/969e4c499def47e9bdb87ad375d628a5/os-quota-sets/efe7cdb4959541bb932ceae0dfd28eba?usage=true
2026-07-25 15:06:36.537 7 INFO cinder.api.openstack.wsgi [None req-35e6a1f1-29d6-42f2-8dd9-ecc004e9f319 7d00890b7efa42b7a076d60bc134d466 969e4c499def47e9bdb87ad375d628a5 - - default default] http://cinder-api.openstack.svc.cluster.local:8776/v3/969e4c499def47e9bdb87ad375d628a5/os-quota-sets/efe7cdb4959541bb932ceae0dfd28eba?usage=true returned with HTTP 200 [pid: 7|app: 0|req: 361/723] 10.0.0.121 () {28 vars in 736 bytes} [Sat Jul 25 15:06:36 2026] GET /v3/969e4c499def47e9bdb87ad375d628a5/os-quota-sets/efe7cdb4959541bb932ceae0dfd28eba?usage=true => generated 845 bytes in 31 msecs (HTTP/1.1 200) 7 headers in 285 bytes (1 switches on core 0)
2026-07-25 15:06:36.549 8 INFO cinder.api.openstack.wsgi [None req-3ff26347-cef5-4593-a820-d4fd5654ee8c 7d00890b7efa42b7a076d60bc134d466 969e4c499def47e9bdb87ad375d628a5 - - default default] GET http://cinder-api.openstack.svc.cluster.local:8776/v3/969e4c499def47e9bdb87ad375d628a5/os-services
2026-07-25 15:06:36.554 8 INFO cinder.api.openstack.wsgi [None req-3ff26347-cef5-4593-a820-d4fd5654ee8c 7d00890b7efa42b7a076d60bc134d466 969e4c499def47e9bdb87ad375d628a5 - - default default] http://cinder-api.openstack.svc.cluster.local:8776/v3/969e4c499def47e9bdb87ad375d628a5/os-services returned with HTTP 200 [pid: 8|app: 0|req: 363/724] 10.0.0.121 () {28 vars in 645 bytes} [Sat Jul 25 15:06:36 2026] GET /v3/969e4c499def47e9bdb87ad375d628a5/os-services => generated 646 bytes in 13 msecs (HTTP/1.1 200) 7 headers in 285 bytes (1 switches on core 0)
2026-07-25 15:06:36.564 7 INFO cinder.api.openstack.wsgi [None req-77df55a7-b481-43be-b32b-3f24ee921bc6 7d00890b7efa42b7a076d60bc134d466 969e4c499def47e9bdb87ad375d628a5 - - default default] GET http://cinder-api.openstack.svc.cluster.local:8776/v3/969e4c499def47e9bdb87ad375d628a5/scheduler-stats/get_pools?detail=true
2026-07-25 15:06:37.068 7 INFO cinder.api.openstack.wsgi [None req-77df55a7-b481-43be-b32b-3f24ee921bc6 7d00890b7efa42b7a076d60bc134d466 969e4c499def47e9bdb87ad375d628a5 - - default default] http://cinder-api.openstack.svc.cluster.local:8776/v3/969e4c499def47e9bdb87ad375d628a5/scheduler-stats/get_pools?detail=true returned with HTTP 200 [pid: 7|app: 0|req: 362/725] 10.0.0.121 () {28 vars in 696 bytes} [Sat Jul 25 15:06:36 2026] GET /v3/969e4c499def47e9bdb87ad375d628a5/scheduler-stats/get_pools?detail=true => generated 670 bytes in 512 msecs (HTTP/1.1 200) 7 headers in 285 bytes (1 switches on core 0)
2026-07-25 15:06:44.977 7 INFO cinder.api.openstack.wsgi [None req-77df55a7-b481-43be-b32b-3f24ee921bc6 7d00890b7efa42b7a076d60bc134d466 969e4c499def47e9bdb87ad375d628a5 - - default default] GET http://10.0.0.226:8776/
2026-07-25 15:06:44.977 8 INFO cinder.api.openstack.wsgi [None req-3ff26347-cef5-4593-a820-d4fd5654ee8c 7d00890b7efa42b7a076d60bc134d466 969e4c499def47e9bdb87ad375d628a5 - - default default] GET http://10.0.0.226:8776/
2026-07-25 15:06:44.978 8 INFO cinder.api.openstack.wsgi [None req-3ff26347-cef5-4593-a820-d4fd5654ee8c 7d00890b7efa42b7a076d60bc134d466 969e4c499def47e9bdb87ad375d628a5 - - default default] http://10.0.0.226:8776/ returned with HTTP 300
2026-07-25 15:06:44.979 7 INFO cinder.api.openstack.wsgi [None req-77df55a7-b481-43be-b32b-3f24ee921bc6 7d00890b7efa42b7a076d60bc134d466 969e4c499def47e9bdb87ad375d628a5 - - default default] http://10.0.0.226:8776/ returned with HTTP 300
2026-07-25 15:06:54.976 8 INFO cinder.api.openstack.wsgi [None req-3ff26347-cef5-4593-a820-d4fd5654ee8c 7d00890b7efa42b7a076d60bc134d466 969e4c499def47e9bdb87ad375d628a5 - - default default] GET http://10.0.0.226:8776/
2026-07-25 15:06:54.976 7 INFO cinder.api.openstack.wsgi [None req-77df55a7-b481-43be-b32b-3f24ee921bc6 7d00890b7efa42b7a076d60bc134d466 969e4c499def47e9bdb87ad375d628a5 - - default default] GET http://10.0.0.226:8776/
2026-07-25 15:06:54.977 8 INFO cinder.api.openstack.wsgi [None req-3ff26347-cef5-4593-a820-d4fd5654ee8c 7d00890b7efa42b7a076d60bc134d466 969e4c499def47e9bdb87ad375d628a5 - - default default] http://10.0.0.226:8776/ returned with HTTP 300
2026-07-25 15:06:54.977 7 INFO cinder.api.openstack.wsgi [None req-77df55a7-b481-43be-b32b-3f24ee921bc6 7d00890b7efa42b7a076d60bc134d466 969e4c499def47e9bdb87ad375d628a5 - - default default] http://10.0.0.226:8776/ returned with HTTP 300
2026-07-25 15:07:04.976 8 INFO cinder.api.openstack.wsgi [None req-3ff26347-cef5-4593-a820-d4fd5654ee8c 7d00890b7efa42b7a076d60bc134d466 969e4c499def47e9bdb87ad375d628a5 - - default default] GET http://10.0.0.226:8776/
2026-07-25 15:07:04.976 7 INFO cinder.api.openstack.wsgi [None req-77df55a7-b481-43be-b32b-3f24ee921bc6 7d00890b7efa42b7a076d60bc134d466 969e4c499def47e9bdb87ad375d628a5 - - default default] GET http://10.0.0.226:8776/
2026-07-25 15:07:04.977 8 INFO cinder.api.openstack.wsgi [None req-3ff26347-cef5-4593-a820-d4fd5654ee8c 7d00890b7efa42b7a076d60bc134d466 969e4c499def47e9bdb87ad375d628a5 - - default default] http://10.0.0.226:8776/ returned with HTTP 300
2026-07-25 15:07:04.977 7 INFO cinder.api.openstack.wsgi [None req-77df55a7-b481-43be-b32b-3f24ee921bc6 7d00890b7efa42b7a076d60bc134d466 969e4c499def47e9bdb87ad375d628a5 - - default default] http://10.0.0.226:8776/ returned with HTTP 300
2026-07-25 15:07:05.285 8 INFO cinder.api.openstack.wsgi [None req-6d6e3a19-f317-41d2-aabb-02d8ba293914 7d00890b7efa42b7a076d60bc134d466 969e4c499def47e9bdb87ad375d628a5 - - default default] POST http://cinder-api.openstack.svc.cluster.local:8776/v3/969e4c499def47e9bdb87ad375d628a5/volumes
2026-07-25 15:07:05.762 8 INFO cinder.api.v3.volumes [None req-6d6e3a19-f317-41d2-aabb-02d8ba293914 7d00890b7efa42b7a076d60bc134d466 969e4c499def47e9bdb87ad375d628a5 - - default default] Create volume of 16 GB
2026-07-25 15:07:05.769 8 INFO cinder.volume.api [None req-6d6e3a19-f317-41d2-aabb-02d8ba293914 7d00890b7efa42b7a076d60bc134d466 969e4c499def47e9bdb87ad375d628a5 - - default default] Availability Zones retrieved successfully.
2026-07-25 15:07:06.302 8 INFO cinder.volume.api [None req-6d6e3a19-f317-41d2-aabb-02d8ba293914 7d00890b7efa42b7a076d60bc134d466 969e4c499def47e9bdb87ad375d628a5 - - default default] Create volume request issued successfully.
2026-07-25 15:07:06.303 8 INFO cinder.api.openstack.wsgi [None req-6d6e3a19-f317-41d2-aabb-02d8ba293914 7d00890b7efa42b7a076d60bc134d466 969e4c499def47e9bdb87ad375d628a5 - - default default] http://cinder-api.openstack.svc.cluster.local:8776/v3/969e4c499def47e9bdb87ad375d628a5/volumes returned with HTTP 202 [pid: 8|app: 0|req: 367/732] 162.253.55.222 () {34 vars in 734 bytes} [Sat Jul 25 15:07:05 2026] POST /v3/969e4c499def47e9bdb87ad375d628a5/volumes => generated 846 bytes in 1131 msecs (HTTP/1.1 202) 7 headers in 291 bytes (1 switches on core 0)
2026-07-25 15:07:06.321 7 INFO cinder.api.openstack.wsgi [req-6d6e3a19-f317-41d2-aabb-02d8ba293914 req-81180dcc-6287-4d5d-a3a4-239af7b396fc 7d00890b7efa42b7a076d60bc134d466 969e4c499def47e9bdb87ad375d628a5 - - default default] GET http://cinder-api.openstack.svc.cluster.local:8776/v3/969e4c499def47e9bdb87ad375d628a5/volumes/911a0ddf-09ae-4a68-ab3f-015c977ad1c3 /var/lib/openstack/lib/python3.12/site-packages/oslo_context/context.py:101: DeprecationWarning: Policy enforcement is depending on the value of is_admin. This key is deprecated. Please update your policy file to use the standard policy values. warnings.warn(
2026-07-25 15:07:06.361 7 INFO cinder.volume.api [req-6d6e3a19-f317-41d2-aabb-02d8ba293914 req-81180dcc-6287-4d5d-a3a4-239af7b396fc 7d00890b7efa42b7a076d60bc134d466 969e4c499def47e9bdb87ad375d628a5 - - default default] Volume info retrieved successfully.
2026-07-25 15:07:06.367 7 INFO cinder.api.openstack.wsgi [req-6d6e3a19-f317-41d2-aabb-02d8ba293914 req-81180dcc-6287-4d5d-a3a4-239af7b396fc 7d00890b7efa42b7a076d60bc134d466 969e4c499def47e9bdb87ad375d628a5 - - default default] http://cinder-api.openstack.svc.cluster.local:8776/v3/969e4c499def47e9bdb87ad375d628a5/volumes/911a0ddf-09ae-4a68-ab3f-015c977ad1c3 returned with HTTP 200 [pid: 7|app: 0|req: 366/733] 162.253.55.222 () {32 vars in 825 bytes} [Sat Jul 25 15:07:06 2026] GET /v3/969e4c499def47e9bdb87ad375d628a5/volumes/911a0ddf-09ae-4a68-ab3f-015c977ad1c3 => generated 1025 bytes in 53 msecs (HTTP/1.1 200) 7 headers in 286 bytes (1 switches on core 0) /var/lib/openstack/lib/python3.12/site-packages/pycadf/identifier.py:70: UserWarning: Invalid uuid: cinderv3. To ensure interoperability, identifiers should be a valid uuid. warnings.warn(('Invalid uuid: %s. To ensure interoperability, '
2026-07-25 15:07:11.384 8 INFO cinder.api.openstack.wsgi [req-6d6e3a19-f317-41d2-aabb-02d8ba293914 req-a22cecc6-469c-4ba2-8a86-cda89ecd4699 7d00890b7efa42b7a076d60bc134d466 969e4c499def47e9bdb87ad375d628a5 - - default default] GET http://cinder-api.openstack.svc.cluster.local:8776/v3/969e4c499def47e9bdb87ad375d628a5/volumes/911a0ddf-09ae-4a68-ab3f-015c977ad1c3 /var/lib/openstack/lib/python3.12/site-packages/oslo_context/context.py:101: DeprecationWarning: Policy enforcement is depending on the value of is_admin. This key is deprecated. Please update your policy file to use the standard policy values. warnings.warn(
2026-07-25 15:07:11.398 8 INFO cinder.volume.api [req-6d6e3a19-f317-41d2-aabb-02d8ba293914 req-a22cecc6-469c-4ba2-8a86-cda89ecd4699 7d00890b7efa42b7a076d60bc134d466 969e4c499def47e9bdb87ad375d628a5 - - default default] Volume info retrieved successfully.
2026-07-25 15:07:11.403 8 INFO cinder.api.openstack.wsgi [req-6d6e3a19-f317-41d2-aabb-02d8ba293914 req-a22cecc6-469c-4ba2-8a86-cda89ecd4699 7d00890b7efa42b7a076d60bc134d466 969e4c499def47e9bdb87ad375d628a5 - - default default] http://cinder-api.openstack.svc.cluster.local:8776/v3/969e4c499def47e9bdb87ad375d628a5/volumes/911a0ddf-09ae-4a68-ab3f-015c977ad1c3 returned with HTTP 200 [pid: 8|app: 0|req: 368/734] 162.253.55.222 () {32 vars in 825 bytes} [Sat Jul 25 15:07:11 2026] GET /v3/969e4c499def47e9bdb87ad375d628a5/volumes/911a0ddf-09ae-4a68-ab3f-015c977ad1c3 => generated 1675 bytes in 27 msecs (HTTP/1.1 200) 7 headers in 286 bytes (1 switches on core 0) /var/lib/openstack/lib/python3.12/site-packages/pycadf/identifier.py:70: UserWarning: Invalid uuid: cinderv3. To ensure interoperability, identifiers should be a valid uuid. warnings.warn(('Invalid uuid: %s. To ensure interoperability, '
2026-07-25 15:07:11.837 7 INFO cinder.api.openstack.wsgi [req-95612a68-2951-4bcb-b679-d27b388f724e req-f1a94eb8-ae70-4f27-b5d6-eda89622519d 7d00890b7efa42b7a076d60bc134d466 969e4c499def47e9bdb87ad375d628a5 - - default default] GET http://cinder-api.openstack.svc.cluster.local:8776/v3/969e4c499def47e9bdb87ad375d628a5/volumes/911a0ddf-09ae-4a68-ab3f-015c977ad1c3 /var/lib/openstack/lib/python3.12/site-packages/oslo_context/context.py:101: DeprecationWarning: Policy enforcement is depending on the value of is_admin. This key is deprecated. Please update your policy file to use the standard policy values. warnings.warn(
2026-07-25 15:07:11.856 7 INFO cinder.volume.api [req-95612a68-2951-4bcb-b679-d27b388f724e req-f1a94eb8-ae70-4f27-b5d6-eda89622519d 7d00890b7efa42b7a076d60bc134d466 969e4c499def47e9bdb87ad375d628a5 - - default default] Volume info retrieved successfully.
2026-07-25 15:07:11.861 7 INFO cinder.api.openstack.wsgi [req-95612a68-2951-4bcb-b679-d27b388f724e req-f1a94eb8-ae70-4f27-b5d6-eda89622519d 7d00890b7efa42b7a076d60bc134d466 969e4c499def47e9bdb87ad375d628a5 - - default default] http://cinder-api.openstack.svc.cluster.local:8776/v3/969e4c499def47e9bdb87ad375d628a5/volumes/911a0ddf-09ae-4a68-ab3f-015c977ad1c3 returned with HTTP 200 [pid: 7|app: 0|req: 367/735] 10.0.0.156 () {34 vars in 1028 bytes} [Sat Jul 25 15:07:11 2026] GET /v3/969e4c499def47e9bdb87ad375d628a5/volumes/911a0ddf-09ae-4a68-ab3f-015c977ad1c3 => generated 1675 bytes in 30 msecs (HTTP/1.1 200) 7 headers in 286 bytes (1 switches on core 0) /var/lib/openstack/lib/python3.12/site-packages/pycadf/identifier.py:70: UserWarning: Invalid uuid: cinderv3. To ensure interoperability, identifiers should be a valid uuid. warnings.warn(('Invalid uuid: %s. To ensure interoperability, '
2026-07-25 15:07:12.339 8 INFO cinder.api.openstack.wsgi [req-95612a68-2951-4bcb-b679-d27b388f724e req-108bdf60-f166-4e90-aa33-fe63cef9687d 7d00890b7efa42b7a076d60bc134d466 969e4c499def47e9bdb87ad375d628a5 - - default default] GET http://cinder-api.openstack.svc.cluster.local:8776/v3/969e4c499def47e9bdb87ad375d628a5/volumes/911a0ddf-09ae-4a68-ab3f-015c977ad1c3 /var/lib/openstack/lib/python3.12/site-packages/oslo_context/context.py:101: DeprecationWarning: Policy enforcement is depending on the value of is_admin. This key is deprecated. Please update your policy file to use the standard policy values. warnings.warn(
2026-07-25 15:07:12.354 8 INFO cinder.volume.api [req-95612a68-2951-4bcb-b679-d27b388f724e req-108bdf60-f166-4e90-aa33-fe63cef9687d 7d00890b7efa42b7a076d60bc134d466 969e4c499def47e9bdb87ad375d628a5 - - default default] Volume info retrieved successfully.
2026-07-25 15:07:12.360 8 INFO cinder.api.openstack.wsgi [req-95612a68-2951-4bcb-b679-d27b388f724e req-108bdf60-f166-4e90-aa33-fe63cef9687d 7d00890b7efa42b7a076d60bc134d466 969e4c499def47e9bdb87ad375d628a5 - - default default] http://cinder-api.openstack.svc.cluster.local:8776/v3/969e4c499def47e9bdb87ad375d628a5/volumes/911a0ddf-09ae-4a68-ab3f-015c977ad1c3 returned with HTTP 200 [pid: 8|app: 0|req: 369/736] 10.0.0.156 () {34 vars in 1028 bytes} [Sat Jul 25 15:07:12 2026] GET /v3/969e4c499def47e9bdb87ad375d628a5/volumes/911a0ddf-09ae-4a68-ab3f-015c977ad1c3 => generated 1675 bytes in 29 msecs (HTTP/1.1 200) 7 headers in 286 bytes (1 switches on core 0)
2026-07-25 15:07:12.370 7 INFO cinder.api.openstack.wsgi [req-95612a68-2951-4bcb-b679-d27b388f724e req-f1a94eb8-ae70-4f27-b5d6-eda89622519d 7d00890b7efa42b7a076d60bc134d466 969e4c499def47e9bdb87ad375d628a5 - - default default] GET http://cinder-api.openstack.svc.cluster.local:8776/
2026-07-25 15:07:12.371 7 INFO cinder.api.openstack.wsgi [req-95612a68-2951-4bcb-b679-d27b388f724e req-f1a94eb8-ae70-4f27-b5d6-eda89622519d 7d00890b7efa42b7a076d60bc134d466 969e4c499def47e9bdb87ad375d628a5 - - default default] http://cinder-api.openstack.svc.cluster.local:8776/ returned with HTTP 300 [pid: 7|app: 0|req: 368/737] 10.0.0.156 () {32 vars in 829 bytes} [Sat Jul 25 15:07:12 2026] GET / => generated 411 bytes in 2 msecs (HTTP/1.1 300) 5 headers in 169 bytes (1 switches on core 0) /var/lib/openstack/lib/python3.12/site-packages/pycadf/identifier.py:70: UserWarning: Invalid uuid: cinderv3. To ensure interoperability, identifiers should be a valid uuid. warnings.warn(('Invalid uuid: %s. To ensure interoperability, '
2026-07-25 15:07:12.385 8 INFO cinder.api.openstack.wsgi [req-95612a68-2951-4bcb-b679-d27b388f724e req-72b59c2b-c4ca-4e10-b919-aa96fc3fdc5f 7d00890b7efa42b7a076d60bc134d466 969e4c499def47e9bdb87ad375d628a5 - - default default] POST http://cinder-api.openstack.svc.cluster.local:8776/v3/969e4c499def47e9bdb87ad375d628a5/attachments /var/lib/openstack/lib/python3.12/site-packages/oslo_context/context.py:101: DeprecationWarning: Policy enforcement is depending on the value of is_admin. This key is deprecated. Please update your policy file to use the standard policy values. warnings.warn(
