2026-07-25 15:03:54.508 7 INFO placement.requestlog [req-666917ae-c089-462c-9bdd-854b8aea0a20 req-5f8e3abf-75e9-405c-9a4e-4fe3dfc7955e 6c914e421d644278bbcabc460dec3d0f efe7cdb4959541bb932ceae0dfd28eba - - 51ac008080454bc9a9a74d96df8a87c2 51ac008080454bc9a9a74d96df8a87c2] 162.253.55.222 "GET /allocations/9cfb49c6-0992-4293-b092-1d84b6412b79" status: 200 len: 258 microversion: 1.28 [pid: 7|app: 0|req: 372/751] 162.253.55.222 () {34 vars in 863 bytes} [Sat Jul 25 15:03:54 2026] GET /allocations/9cfb49c6-0992-4293-b092-1d84b6412b79 => generated 258 bytes in 12 msecs (HTTP/1.1 200) 8 headers in 296 bytes (1 switches on core 0)
2026-07-25 15:03:54.527 8 INFO placement.requestlog [req-666917ae-c089-462c-9bdd-854b8aea0a20 req-05f2281f-c0fa-431b-ad11-33921134dda8 6c914e421d644278bbcabc460dec3d0f efe7cdb4959541bb932ceae0dfd28eba - - 51ac008080454bc9a9a74d96df8a87c2 51ac008080454bc9a9a74d96df8a87c2] 162.253.55.222 "GET /allocations/161f36e4-5e1d-4543-bac1-cd298a46407d" status: 200 len: 258 microversion: 1.28 [pid: 8|app: 0|req: 380/752] 162.253.55.222 () {34 vars in 863 bytes} [Sat Jul 25 15:03:54 2026] GET /allocations/161f36e4-5e1d-4543-bac1-cd298a46407d => generated 258 bytes in 12 msecs (HTTP/1.1 200) 8 headers in 296 bytes (1 switches on core 0)
2026-07-25 15:03:54.546 7 INFO placement.requestlog [req-666917ae-c089-462c-9bdd-854b8aea0a20 req-ba2ba23f-cb10-400b-b225-cacdb2e4aab7 6c914e421d644278bbcabc460dec3d0f efe7cdb4959541bb932ceae0dfd28eba - - 51ac008080454bc9a9a74d96df8a87c2 51ac008080454bc9a9a74d96df8a87c2] 162.253.55.222 "GET /allocations/c9f2b6ee-21ed-44d8-96b7-1c4dd747a9fb" status: 200 len: 258 microversion: 1.28 [pid: 7|app: 0|req: 373/753] 162.253.55.222 () {34 vars in 863 bytes} [Sat Jul 25 15:03:54 2026] GET /allocations/c9f2b6ee-21ed-44d8-96b7-1c4dd747a9fb => generated 258 bytes in 13 msecs (HTTP/1.1 200) 8 headers in 296 bytes (1 switches on core 0)
2026-07-25 15:03:56.300 8 INFO placement.requestlog [req-6d6c5590-16f8-4373-92d7-167bf10cefb5 req-e4580595-a4dc-4857-9b5b-59c585a9754c 6c914e421d644278bbcabc460dec3d0f efe7cdb4959541bb932ceae0dfd28eba - - 51ac008080454bc9a9a74d96df8a87c2 51ac008080454bc9a9a74d96df8a87c2] 10.0.0.244 "GET /allocation_candidates?limit=1000&resources=DISK_GB%3A1%2CMEMORY_MB%3A512%2CVCPU%3A1&root_required=%21COMPUTE_STATUS_DISABLED" status: 200 len: 2784 microversion: 1.36 [pid: 8|app: 0|req: 381/754] 10.0.0.244 () {34 vars in 1012 bytes} [Sat Jul 25 15:03:56 2026] GET /allocation_candidates?limit=1000&resources=DISK_GB%3A1%2CMEMORY_MB%3A512%2CVCPU%3A1&root_required=%21COMPUTE_STATUS_DISABLED => generated 2784 bytes in 39 msecs (HTTP/1.1 200) 8 headers in 297 bytes (1 switches on core 0)
2026-07-25 15:03:56.332 7 INFO placement.requestlog [req-6d6c5590-16f8-4373-92d7-167bf10cefb5 req-1867d083-4ee9-4688-ba88-5f8809d027bc 6c914e421d644278bbcabc460dec3d0f efe7cdb4959541bb932ceae0dfd28eba - - 51ac008080454bc9a9a74d96df8a87c2 51ac008080454bc9a9a74d96df8a87c2] 10.0.0.244 "GET /allocations/62764321-13be-4034-bf90-a2d1c1db4fe1" status: 200 len: 19 microversion: 1.28 [pid: 7|app: 0|req: 374/755] 10.0.0.244 () {34 vars in 861 bytes} [Sat Jul 25 15:03:56 2026] GET /allocations/62764321-13be-4034-bf90-a2d1c1db4fe1 => generated 19 bytes in 12 msecs (HTTP/1.1 200) 8 headers in 295 bytes (1 switches on core 0)
2026-07-25 15:03:56.391 8 INFO placement.requestlog [req-6d6c5590-16f8-4373-92d7-167bf10cefb5 req-ec2e5622-8f54-4738-a627-732b28058867 6c914e421d644278bbcabc460dec3d0f efe7cdb4959541bb932ceae0dfd28eba - - 51ac008080454bc9a9a74d96df8a87c2 51ac008080454bc9a9a74d96df8a87c2] 10.0.0.244 "PUT /allocations/62764321-13be-4034-bf90-a2d1c1db4fe1" status: 204 len: 0 microversion: 1.36 [pid: 8|app: 0|req: 382/756] 10.0.0.244 () {38 vars in 914 bytes} [Sat Jul 25 15:03:56 2026] PUT /allocations/62764321-13be-4034-bf90-a2d1c1db4fe1 => generated 0 bytes in 53 msecs (HTTP/1.1 204) 5 headers in 199 bytes (1 switches on core 0)
2026-07-25 15:03:56.980 7 INFO placement.requestlog [None req-23946749-c858-466b-8f1f-db3c2c481b30 - - - - - -] 10.0.0.238 "GET /" status: 200 len: 136 microversion: 1.0
2026-07-25 15:03:56.980 8 INFO placement.requestlog [None req-a3303697-558a-4276-b9f1-3b350532ad9d - - - - - -] 10.0.0.238 "GET /" status: 200 len: 136 microversion: 1.0
2026-07-25 15:03:57.915 7 INFO placement.requestlog [req-6d6c5590-16f8-4373-92d7-167bf10cefb5 req-45ebd91d-f2e3-4a37-8303-98586e2ba787 6c914e421d644278bbcabc460dec3d0f efe7cdb4959541bb932ceae0dfd28eba - - 51ac008080454bc9a9a74d96df8a87c2 51ac008080454bc9a9a74d96df8a87c2] 162.253.55.222 "GET /allocations/62764321-13be-4034-bf90-a2d1c1db4fe1" status: 200 len: 258 microversion: 1.28 [pid: 7|app: 0|req: 376/759] 162.253.55.222 () {34 vars in 863 bytes} [Sat Jul 25 15:03:57 2026] GET /allocations/62764321-13be-4034-bf90-a2d1c1db4fe1 => generated 258 bytes in 16 msecs (HTTP/1.1 200) 8 headers in 296 bytes (1 switches on core 0)
2026-07-25 15:03:58.973 8 INFO placement.requestlog [req-6d6c5590-16f8-4373-92d7-167bf10cefb5 req-50253dd8-c464-44fd-bddb-eae019664cab 6c914e421d644278bbcabc460dec3d0f efe7cdb4959541bb932ceae0dfd28eba - - 51ac008080454bc9a9a74d96df8a87c2 51ac008080454bc9a9a74d96df8a87c2] 162.253.55.222 "GET /resource_providers/3df45964-b57a-4e8e-a14c-076a76ddf09b/allocations" status: 200 len: 453 microversion: 1.0 [pid: 8|app: 0|req: 384/760] 162.253.55.222 () {32 vars in 857 bytes} [Sat Jul 25 15:03:58 2026] GET /resource_providers/3df45964-b57a-4e8e-a14c-076a76ddf09b/allocations => generated 453 bytes in 30 msecs (HTTP/1.1 200) 6 headers in 224 bytes (1 switches on core 0)
2026-07-25 15:03:58.995 7 INFO placement.requestlog [req-6d6c5590-16f8-4373-92d7-167bf10cefb5 req-49fc18dc-574d-46b5-9a7e-8540285074e3 6c914e421d644278bbcabc460dec3d0f efe7cdb4959541bb932ceae0dfd28eba - - 51ac008080454bc9a9a74d96df8a87c2 51ac008080454bc9a9a74d96df8a87c2] 162.253.55.222 "GET /allocations/9cfb49c6-0992-4293-b092-1d84b6412b79" status: 200 len: 258 microversion: 1.28 [pid: 7|app: 0|req: 377/761] 162.253.55.222 () {34 vars in 863 bytes} [Sat Jul 25 15:03:58 2026] GET /allocations/9cfb49c6-0992-4293-b092-1d84b6412b79 => generated 258 bytes in 15 msecs (HTTP/1.1 200) 8 headers in 296 bytes (1 switches on core 0)
2026-07-25 15:03:59.014 8 INFO placement.requestlog [req-6d6c5590-16f8-4373-92d7-167bf10cefb5 req-e02e805b-2bc9-4010-819d-15d316cf2bad 6c914e421d644278bbcabc460dec3d0f efe7cdb4959541bb932ceae0dfd28eba - - 51ac008080454bc9a9a74d96df8a87c2 51ac008080454bc9a9a74d96df8a87c2] 162.253.55.222 "GET /allocations/62764321-13be-4034-bf90-a2d1c1db4fe1" status: 200 len: 258 microversion: 1.28 [pid: 8|app: 0|req: 385/762] 162.253.55.222 () {34 vars in 863 bytes} [Sat Jul 25 15:03:59 2026] GET /allocations/62764321-13be-4034-bf90-a2d1c1db4fe1 => generated 258 bytes in 13 msecs (HTTP/1.1 200) 8 headers in 296 bytes (1 switches on core 0)
2026-07-25 15:03:59.034 7 INFO placement.requestlog [req-6d6c5590-16f8-4373-92d7-167bf10cefb5 req-1b570f78-a0cf-43ec-86c2-c9879678941b 6c914e421d644278bbcabc460dec3d0f efe7cdb4959541bb932ceae0dfd28eba - - 51ac008080454bc9a9a74d96df8a87c2 51ac008080454bc9a9a74d96df8a87c2] 162.253.55.222 "GET /allocations/161f36e4-5e1d-4543-bac1-cd298a46407d" status: 200 len: 258 microversion: 1.28 [pid: 7|app: 0|req: 378/763] 162.253.55.222 () {34 vars in 863 bytes} [Sat Jul 25 15:03:59 2026] GET /allocations/161f36e4-5e1d-4543-bac1-cd298a46407d => generated 258 bytes in 12 msecs (HTTP/1.1 200) 8 headers in 296 bytes (1 switches on core 0)
2026-07-25 15:03:59.053 8 INFO placement.requestlog [req-6d6c5590-16f8-4373-92d7-167bf10cefb5 req-d7d53ca9-91cf-4cd7-8716-19b336da9bde 6c914e421d644278bbcabc460dec3d0f efe7cdb4959541bb932ceae0dfd28eba - - 51ac008080454bc9a9a74d96df8a87c2 51ac008080454bc9a9a74d96df8a87c2] 162.253.55.222 "GET /allocations/c9f2b6ee-21ed-44d8-96b7-1c4dd747a9fb" status: 200 len: 258 microversion: 1.28 [pid: 8|app: 0|req: 386/764] 162.253.55.222 () {34 vars in 863 bytes} [Sat Jul 25 15:03:59 2026] GET /allocations/c9f2b6ee-21ed-44d8-96b7-1c4dd747a9fb => generated 258 bytes in 13 msecs (HTTP/1.1 200) 8 headers in 296 bytes (1 switches on core 0)
2026-07-25 15:04:03.414 7 INFO placement.requestlog [req-8cd55aba-9ba2-4c34-8de0-efa965b580bb req-5147b0f4-169f-4ebf-a3d1-4efa3f583578 6c914e421d644278bbcabc460dec3d0f efe7cdb4959541bb932ceae0dfd28eba - - 51ac008080454bc9a9a74d96df8a87c2 51ac008080454bc9a9a74d96df8a87c2] 162.253.55.222 "GET /resource_providers/3df45964-b57a-4e8e-a14c-076a76ddf09b/allocations" status: 200 len: 453 microversion: 1.0 [pid: 7|app: 0|req: 379/765] 162.253.55.222 () {32 vars in 857 bytes} [Sat Jul 25 15:04:03 2026] GET /resource_providers/3df45964-b57a-4e8e-a14c-076a76ddf09b/allocations => generated 453 bytes in 30 msecs (HTTP/1.1 200) 6 headers in 224 bytes (1 switches on core 0)
2026-07-25 15:04:03.448 8 INFO placement.requestlog [req-8cd55aba-9ba2-4c34-8de0-efa965b580bb req-31b70953-5825-43db-9709-cbd863aca08a 6c914e421d644278bbcabc460dec3d0f efe7cdb4959541bb932ceae0dfd28eba - - 51ac008080454bc9a9a74d96df8a87c2 51ac008080454bc9a9a74d96df8a87c2] 162.253.55.222 "GET /resource_providers/3df45964-b57a-4e8e-a14c-076a76ddf09b/allocations" status: 200 len: 453 microversion: 1.0 [pid: 8|app: 0|req: 387/766] 162.253.55.222 () {32 vars in 857 bytes} [Sat Jul 25 15:04:03 2026] GET /resource_providers/3df45964-b57a-4e8e-a14c-076a76ddf09b/allocations => generated 453 bytes in 24 msecs (HTTP/1.1 200) 6 headers in 224 bytes (1 switches on core 0)
2026-07-25 15:04:03.474 7 INFO placement.requestlog [req-8cd55aba-9ba2-4c34-8de0-efa965b580bb req-dd5b885e-a4bd-4f1c-8ec7-38abe0c82fe6 6c914e421d644278bbcabc460dec3d0f efe7cdb4959541bb932ceae0dfd28eba - - 51ac008080454bc9a9a74d96df8a87c2 51ac008080454bc9a9a74d96df8a87c2] 162.253.55.222 "GET /allocations/9cfb49c6-0992-4293-b092-1d84b6412b79" status: 200 len: 258 microversion: 1.28 [pid: 7|app: 0|req: 380/767] 162.253.55.222 () {34 vars in 863 bytes} [Sat Jul 25 15:04:03 2026] GET /allocations/9cfb49c6-0992-4293-b092-1d84b6412b79 => generated 258 bytes in 13 msecs (HTTP/1.1 200) 8 headers in 296 bytes (1 switches on core 0)
2026-07-25 15:04:03.494 8 INFO placement.requestlog [req-8cd55aba-9ba2-4c34-8de0-efa965b580bb req-76836af1-5796-48de-b61e-f2c6f96a26d8 6c914e421d644278bbcabc460dec3d0f efe7cdb4959541bb932ceae0dfd28eba - - 51ac008080454bc9a9a74d96df8a87c2 51ac008080454bc9a9a74d96df8a87c2] 162.253.55.222 "GET /allocations/62764321-13be-4034-bf90-a2d1c1db4fe1" status: 200 len: 258 microversion: 1.28 [pid: 8|app: 0|req: 388/768] 162.253.55.222 () {34 vars in 863 bytes} [Sat Jul 25 15:04:03 2026] GET /allocations/62764321-13be-4034-bf90-a2d1c1db4fe1 => generated 258 bytes in 16 msecs (HTTP/1.1 200) 8 headers in 296 bytes (1 switches on core 0)
2026-07-25 15:04:03.517 7 INFO placement.requestlog [req-8cd55aba-9ba2-4c34-8de0-efa965b580bb req-b94d3592-8b6b-4f18-95ed-03cf620f1b08 6c914e421d644278bbcabc460dec3d0f efe7cdb4959541bb932ceae0dfd28eba - - 51ac008080454bc9a9a74d96df8a87c2 51ac008080454bc9a9a74d96df8a87c2] 162.253.55.222 "GET /allocations/161f36e4-5e1d-4543-bac1-cd298a46407d" status: 200 len: 258 microversion: 1.28 [pid: 7|app: 0|req: 381/769] 162.253.55.222 () {34 vars in 863 bytes} [Sat Jul 25 15:04:03 2026] GET /allocations/161f36e4-5e1d-4543-bac1-cd298a46407d => generated 258 bytes in 13 msecs (HTTP/1.1 200) 8 headers in 296 bytes (1 switches on core 0)
2026-07-25 15:04:03.547 8 INFO placement.requestlog [req-8cd55aba-9ba2-4c34-8de0-efa965b580bb req-b9008e3b-39d0-41ab-b487-5e29f290e1b9 6c914e421d644278bbcabc460dec3d0f efe7cdb4959541bb932ceae0dfd28eba - - 51ac008080454bc9a9a74d96df8a87c2 51ac008080454bc9a9a74d96df8a87c2] 162.253.55.222 "GET /allocations/c9f2b6ee-21ed-44d8-96b7-1c4dd747a9fb" status: 200 len: 258 microversion: 1.28 [pid: 8|app: 0|req: 389/770] 162.253.55.222 () {34 vars in 863 bytes} [Sat Jul 25 15:04:03 2026] GET /allocations/c9f2b6ee-21ed-44d8-96b7-1c4dd747a9fb => generated 258 bytes in 23 msecs (HTTP/1.1 200) 8 headers in 296 bytes (1 switches on core 0)
2026-07-25 15:04:06.980 8 INFO placement.requestlog [None req-6b3c8610-6aa8-41ad-a661-b78c525fee1f - - - - - -] 10.0.0.238 "GET /" status: 200 len: 136 microversion: 1.0
2026-07-25 15:04:06.981 7 INFO placement.requestlog [None req-a9d57175-c6c4-4394-ab62-f11c82366f30 - - - - - -] 10.0.0.238 "GET /" status: 200 len: 136 microversion: 1.0
2026-07-25 15:04:16.981 8 INFO placement.requestlog [None req-0360b3d6-67c2-4ad6-80d5-2675f5c86626 - - - - - -] 10.0.0.238 "GET /" status: 200 len: 136 microversion: 1.0
2026-07-25 15:04:16.981 7 INFO placement.requestlog [None req-ac551777-47e4-45da-ab70-d0ce05d5fcb2 - - - - - -] 10.0.0.238 "GET /" status: 200 len: 136 microversion: 1.0
2026-07-25 15:04:21.110 8 INFO placement.requestlog [req-615745f1-72e5-4b7a-bfca-a9edecdb248e req-5451e9f2-231b-4c64-a605-e023915bb37d 6c914e421d644278bbcabc460dec3d0f efe7cdb4959541bb932ceae0dfd28eba - - 51ac008080454bc9a9a74d96df8a87c2 51ac008080454bc9a9a74d96df8a87c2] 162.253.55.222 "GET /resource_providers/3df45964-b57a-4e8e-a14c-076a76ddf09b/allocations" status: 200 len: 453 microversion: 1.0 [pid: 8|app: 0|req: 392/775] 162.253.55.222 () {32 vars in 857 bytes} [Sat Jul 25 15:04:21 2026] GET /resource_providers/3df45964-b57a-4e8e-a14c-076a76ddf09b/allocations => generated 453 bytes in 17 msecs (HTTP/1.1 200) 6 headers in 224 bytes (1 switches on core 0)
2026-07-25 15:04:21.131 7 INFO placement.requestlog [req-615745f1-72e5-4b7a-bfca-a9edecdb248e req-a5460f6b-6cfa-46d4-9b95-6055bc459cd9 6c914e421d644278bbcabc460dec3d0f efe7cdb4959541bb932ceae0dfd28eba - - 51ac008080454bc9a9a74d96df8a87c2 51ac008080454bc9a9a74d96df8a87c2] 162.253.55.222 "GET /allocations/9cfb49c6-0992-4293-b092-1d84b6412b79" status: 200 len: 258 microversion: 1.28 [pid: 7|app: 0|req: 384/776] 162.253.55.222 () {34 vars in 863 bytes} [Sat Jul 25 15:04:21 2026] GET /allocations/9cfb49c6-0992-4293-b092-1d84b6412b79 => generated 258 bytes in 13 msecs (HTTP/1.1 200) 8 headers in 296 bytes (1 switches on core 0)
2026-07-25 15:04:21.150 8 INFO placement.requestlog [req-615745f1-72e5-4b7a-bfca-a9edecdb248e req-3ac91860-48fc-48ed-a0a6-d2931e04dfd2 6c914e421d644278bbcabc460dec3d0f efe7cdb4959541bb932ceae0dfd28eba - - 51ac008080454bc9a9a74d96df8a87c2 51ac008080454bc9a9a74d96df8a87c2] 162.253.55.222 "GET /allocations/62764321-13be-4034-bf90-a2d1c1db4fe1" status: 200 len: 258 microversion: 1.28 [pid: 8|app: 0|req: 393/777] 162.253.55.222 () {34 vars in 863 bytes} [Sat Jul 25 15:04:21 2026] GET /allocations/62764321-13be-4034-bf90-a2d1c1db4fe1 => generated 258 bytes in 11 msecs (HTTP/1.1 200) 8 headers in 296 bytes (1 switches on core 0)
2026-07-25 15:04:21.167 7 INFO placement.requestlog [req-615745f1-72e5-4b7a-bfca-a9edecdb248e req-1a813f05-abad-4ae3-b397-fcb0a88644ad 6c914e421d644278bbcabc460dec3d0f efe7cdb4959541bb932ceae0dfd28eba - - 51ac008080454bc9a9a74d96df8a87c2 51ac008080454bc9a9a74d96df8a87c2] 162.253.55.222 "GET /allocations/161f36e4-5e1d-4543-bac1-cd298a46407d" status: 200 len: 258 microversion: 1.28 [pid: 7|app: 0|req: 385/778] 162.253.55.222 () {34 vars in 863 bytes} [Sat Jul 25 15:04:21 2026] GET /allocations/161f36e4-5e1d-4543-bac1-cd298a46407d => generated 258 bytes in 12 msecs (HTTP/1.1 200) 8 headers in 296 bytes (1 switches on core 0)
2026-07-25 15:04:21.190 8 INFO placement.requestlog [req-615745f1-72e5-4b7a-bfca-a9edecdb248e req-bc06bd18-094c-40bc-9c82-4287fd9c6c28 6c914e421d644278bbcabc460dec3d0f efe7cdb4959541bb932ceae0dfd28eba - - 51ac008080454bc9a9a74d96df8a87c2 51ac008080454bc9a9a74d96df8a87c2] 162.253.55.222 "GET /allocations/c9f2b6ee-21ed-44d8-96b7-1c4dd747a9fb" status: 200 len: 258 microversion: 1.28 [pid: 8|app: 0|req: 394/779] 162.253.55.222 () {34 vars in 863 bytes} [Sat Jul 25 15:04:21 2026] GET /allocations/c9f2b6ee-21ed-44d8-96b7-1c4dd747a9fb => generated 258 bytes in 16 msecs (HTTP/1.1 200) 8 headers in 296 bytes (1 switches on core 0)
2026-07-25 15:04:22.244 7 INFO placement.requestlog [req-615745f1-72e5-4b7a-bfca-a9edecdb248e req-2f2e567b-6521-45ab-9341-49e7d91754d5 6c914e421d644278bbcabc460dec3d0f efe7cdb4959541bb932ceae0dfd28eba - - 51ac008080454bc9a9a74d96df8a87c2 51ac008080454bc9a9a74d96df8a87c2] 162.253.55.222 "DELETE /allocations/c9f2b6ee-21ed-44d8-96b7-1c4dd747a9fb" status: 204 len: 0 microversion: 1.0 [pid: 7|app: 0|req: 386/780] 162.253.55.222 () {34 vars in 841 bytes} [Sat Jul 25 15:04:22 2026] DELETE /allocations/c9f2b6ee-21ed-44d8-96b7-1c4dd747a9fb => generated 0 bytes in 26 msecs (HTTP/1.1 204) 5 headers in 198 bytes (1 switches on core 0)
2026-07-25 15:04:25.730 8 INFO placement.requestlog [None req-f8181f5e-a558-4e17-8b4c-2609f126ffc8 7a29514c677845c4a3a91007118d4d13 efe7cdb4959541bb932ceae0dfd28eba - - 51ac008080454bc9a9a74d96df8a87c2 51ac008080454bc9a9a74d96df8a87c2] 10.0.0.189 "GET /resource_providers/3f7819ef-15ad-4c49-83dc-d4398aee683c/aggregates" status: 404 len: 235 microversion: 1.1 [pid: 8|app: 0|req: 395/781] 10.0.0.189 () {32 vars in 816 bytes} [Sat Jul 25 15:04:25 2026] GET /resource_providers/3f7819ef-15ad-4c49-83dc-d4398aee683c/aggregates => generated 235 bytes in 9 msecs (HTTP/1.1 404) 5 headers in 202 bytes (1 switches on core 0)
2026-07-25 15:04:25.735 7 INFO placement.requestlog [None req-621595de-e3bc-4ea7-892f-2c54313fe84b 7a29514c677845c4a3a91007118d4d13 efe7cdb4959541bb932ceae0dfd28eba - - 51ac008080454bc9a9a74d96df8a87c2 51ac008080454bc9a9a74d96df8a87c2] 10.0.0.189 "GET /resource_providers/3f7819ef-15ad-4c49-83dc-d4398aee683c/aggregates" status: 404 len: 235 microversion: 1.1 [pid: 7|app: 0|req: 387/782] 10.0.0.189 () {32 vars in 816 bytes} [Sat Jul 25 15:04:25 2026] GET /resource_providers/3f7819ef-15ad-4c49-83dc-d4398aee683c/aggregates => generated 235 bytes in 12 msecs (HTTP/1.1 404) 5 headers in 202 bytes (1 switches on core 0)
2026-07-25 15:04:25.754 8 INFO placement.requestlog [None req-23fd0139-fc56-431b-b3e4-1c32df4a6e47 7a29514c677845c4a3a91007118d4d13 efe7cdb4959541bb932ceae0dfd28eba - - 51ac008080454bc9a9a74d96df8a87c2 51ac008080454bc9a9a74d96df8a87c2] 10.0.0.189 "DELETE /resource_providers/3f7819ef-15ad-4c49-83dc-d4398aee683c" status: 404 len: 246 microversion: 1.1 [pid: 8|app: 0|req: 396/783] 10.0.0.189 () {34 vars in 816 bytes} [Sat Jul 25 15:04:25 2026] DELETE /resource_providers/3f7819ef-15ad-4c49-83dc-d4398aee683c => generated 246 bytes in 10 msecs (HTTP/1.1 404) 6 headers in 231 bytes (1 switches on core 0)
2026-07-25 15:04:25.764 7 INFO placement.requestlog [None req-614004b1-fab6-41a8-859d-a1426a64c6ef 7a29514c677845c4a3a91007118d4d13 efe7cdb4959541bb932ceae0dfd28eba - - 51ac008080454bc9a9a74d96df8a87c2 51ac008080454bc9a9a74d96df8a87c2] 10.0.0.189 "DELETE /resource_providers/3f7819ef-15ad-4c49-83dc-d4398aee683c" status: 404 len: 246 microversion: 1.1 [pid: 7|app: 0|req: 388/784] 10.0.0.189 () {34 vars in 816 bytes} [Sat Jul 25 15:04:25 2026] DELETE /resource_providers/3f7819ef-15ad-4c49-83dc-d4398aee683c => generated 246 bytes in 17 msecs (HTTP/1.1 404) 6 headers in 231 bytes (1 switches on core 0)
2026-07-25 15:04:26.980 8 INFO placement.requestlog [None req-75a0eba7-d222-4627-8c1f-244e338a208d - - - - - -] 10.0.0.238 "GET /" status: 200 len: 136 microversion: 1.0
2026-07-25 15:04:26.981 7 INFO placement.requestlog [None req-df7abce3-ffe8-4d9a-b83b-480fb806ffdf - - - - - -] 10.0.0.238 "GET /" status: 200 len: 136 microversion: 1.0
2026-07-25 15:04:27.779 8 INFO placement.requestlog [None req-9fbf7596-e483-4057-a4a5-e92316ab0bf0 7a29514c677845c4a3a91007118d4d13 efe7cdb4959541bb932ceae0dfd28eba - - 51ac008080454bc9a9a74d96df8a87c2 51ac008080454bc9a9a74d96df8a87c2] 10.0.0.189 "GET /resource_providers/1694d98d-2990-4403-9c0f-a60e7d9e7b2d/aggregates" status: 404 len: 235 microversion: 1.1 [pid: 8|app: 0|req: 398/787] 10.0.0.189 () {32 vars in 816 bytes} [Sat Jul 25 15:04:27 2026] GET /resource_providers/1694d98d-2990-4403-9c0f-a60e7d9e7b2d/aggregates => generated 235 bytes in 11 msecs (HTTP/1.1 404) 5 headers in 202 bytes (1 switches on core 0)
2026-07-25 15:04:27.789 7 INFO placement.requestlog [None req-2ae51595-6b78-439c-a28d-8cac3b8c8bb2 7a29514c677845c4a3a91007118d4d13 efe7cdb4959541bb932ceae0dfd28eba - - 51ac008080454bc9a9a74d96df8a87c2 51ac008080454bc9a9a74d96df8a87c2] 10.0.0.189 "GET /resource_providers/1694d98d-2990-4403-9c0f-a60e7d9e7b2d/aggregates" status: 404 len: 235 microversion: 1.1 [pid: 7|app: 0|req: 390/788] 10.0.0.189 () {32 vars in 816 bytes} [Sat Jul 25 15:04:27 2026] GET /resource_providers/1694d98d-2990-4403-9c0f-a60e7d9e7b2d/aggregates => generated 235 bytes in 15 msecs (HTTP/1.1 404) 5 headers in 202 bytes (1 switches on core 0)
2026-07-25 15:04:27.805 8 INFO placement.requestlog [None req-e8482a46-cec2-4a51-9b9e-505b1bb22a0c 7a29514c677845c4a3a91007118d4d13 efe7cdb4959541bb932ceae0dfd28eba - - 51ac008080454bc9a9a74d96df8a87c2 51ac008080454bc9a9a74d96df8a87c2] 10.0.0.189 "DELETE /resource_providers/1694d98d-2990-4403-9c0f-a60e7d9e7b2d" status: 404 len: 246 microversion: 1.1 [pid: 8|app: 0|req: 399/789] 10.0.0.189 () {34 vars in 816 bytes} [Sat Jul 25 15:04:27 2026] DELETE /resource_providers/1694d98d-2990-4403-9c0f-a60e7d9e7b2d => generated 246 bytes in 8 msecs (HTTP/1.1 404) 6 headers in 231 bytes (1 switches on core 0)
2026-07-25 15:04:27.814 7 INFO placement.requestlog [None req-cd837994-1809-49bd-96fb-da682ab8762d 7a29514c677845c4a3a91007118d4d13 efe7cdb4959541bb932ceae0dfd28eba - - 51ac008080454bc9a9a74d96df8a87c2 51ac008080454bc9a9a74d96df8a87c2] 10.0.0.189 "DELETE /resource_providers/1694d98d-2990-4403-9c0f-a60e7d9e7b2d" status: 404 len: 246 microversion: 1.1 [pid: 7|app: 0|req: 391/790] 10.0.0.189 () {34 vars in 816 bytes} [Sat Jul 25 15:04:27 2026] DELETE /resource_providers/1694d98d-2990-4403-9c0f-a60e7d9e7b2d => generated 246 bytes in 14 msecs (HTTP/1.1 404) 6 headers in 231 bytes (1 switches on core 0)
2026-07-25 15:04:29.825 8 INFO placement.requestlog [None req-0f1337cd-dbbd-4959-ae88-cb91a8a2a662 7a29514c677845c4a3a91007118d4d13 efe7cdb4959541bb932ceae0dfd28eba - - 51ac008080454bc9a9a74d96df8a87c2 51ac008080454bc9a9a74d96df8a87c2] 10.0.0.189 "GET /resource_providers/6b6608cb-2489-47fd-8fe6-80160de77e47/aggregates" status: 404 len: 235 microversion: 1.1 [pid: 8|app: 0|req: 400/791] 10.0.0.189 () {32 vars in 816 bytes} [Sat Jul 25 15:04:29 2026] GET /resource_providers/6b6608cb-2489-47fd-8fe6-80160de77e47/aggregates => generated 235 bytes in 11 msecs (HTTP/1.1 404) 5 headers in 202 bytes (1 switches on core 0)
2026-07-25 15:04:29.848 7 INFO placement.requestlog [None req-f67277e5-72b0-48f9-b714-1f13226ce50f 7a29514c677845c4a3a91007118d4d13 efe7cdb4959541bb932ceae0dfd28eba - - 51ac008080454bc9a9a74d96df8a87c2 51ac008080454bc9a9a74d96df8a87c2] 10.0.0.189 "GET /resource_providers/6b6608cb-2489-47fd-8fe6-80160de77e47/aggregates" status: 404 len: 235 microversion: 1.1 [pid: 7|app: 0|req: 392/792] 10.0.0.189 () {32 vars in 816 bytes} [Sat Jul 25 15:04:29 2026] GET /resource_providers/6b6608cb-2489-47fd-8fe6-80160de77e47/aggregates => generated 235 bytes in 11 msecs (HTTP/1.1 404) 5 headers in 202 bytes (1 switches on core 0)
2026-07-25 15:04:29.850 8 INFO placement.requestlog [None req-a078fb18-3b5f-45e2-9969-8af77ee7f658 7a29514c677845c4a3a91007118d4d13 efe7cdb4959541bb932ceae0dfd28eba - - 51ac008080454bc9a9a74d96df8a87c2 51ac008080454bc9a9a74d96df8a87c2] 10.0.0.189 "DELETE /resource_providers/6b6608cb-2489-47fd-8fe6-80160de77e47" status: 404 len: 246 microversion: 1.1 [pid: 8|app: 0|req: 401/793] 10.0.0.189 () {34 vars in 816 bytes} [Sat Jul 25 15:04:29 2026] DELETE /resource_providers/6b6608cb-2489-47fd-8fe6-80160de77e47 => generated 246 bytes in 12 msecs (HTTP/1.1 404) 6 headers in 231 bytes (1 switches on core 0)
2026-07-25 15:04:29.889 8 INFO placement.requestlog [None req-7ffe2d88-ca02-4707-93bf-a83f83ef1475 7a29514c677845c4a3a91007118d4d13 efe7cdb4959541bb932ceae0dfd28eba - - 51ac008080454bc9a9a74d96df8a87c2 51ac008080454bc9a9a74d96df8a87c2] 10.0.0.189 "GET /resource_providers/df1572a3-a9f1-41e3-8091-5de1790d98f0/aggregates" status: 404 len: 235 microversion: 1.1 [pid: 8|app: 0|req: 402/794] 10.0.0.189 () {32 vars in 816 bytes} [Sat Jul 25 15:04:29 2026] GET /resource_providers/df1572a3-a9f1-41e3-8091-5de1790d98f0/aggregates => generated 235 bytes in 10 msecs (HTTP/1.1 404) 5 headers in 202 bytes (1 switches on core 0)
2026-07-25 15:04:29.892 7 INFO placement.requestlog [None req-3ee60e2d-d977-4d9c-a297-2270006a1aa4 7a29514c677845c4a3a91007118d4d13 efe7cdb4959541bb932ceae0dfd28eba - - 51ac008080454bc9a9a74d96df8a87c2 51ac008080454bc9a9a74d96df8a87c2] 10.0.0.189 "DELETE /resource_providers/6b6608cb-2489-47fd-8fe6-80160de77e47" status: 404 len: 246 microversion: 1.1 [pid: 7|app: 0|req: 393/795] 10.0.0.189 () {34 vars in 816 bytes} [Sat Jul 25 15:04:29 2026] DELETE /resource_providers/6b6608cb-2489-47fd-8fe6-80160de77e47 => generated 246 bytes in 15 msecs (HTTP/1.1 404) 6 headers in 231 bytes (1 switches on core 0)
2026-07-25 15:04:29.911 7 INFO placement.requestlog [None req-c582c51c-1066-4e1b-9486-1e5c887cb6a0 7a29514c677845c4a3a91007118d4d13 efe7cdb4959541bb932ceae0dfd28eba - - 51ac008080454bc9a9a74d96df8a87c2 51ac008080454bc9a9a74d96df8a87c2] 10.0.0.189 "GET /resource_providers/df1572a3-a9f1-41e3-8091-5de1790d98f0/aggregates" status: 404 len: 235 microversion: 1.1 [pid: 7|app: 0|req: 394/796] 10.0.0.189 () {32 vars in 816 bytes} [Sat Jul 25 15:04:29 2026] GET /resource_providers/df1572a3-a9f1-41e3-8091-5de1790d98f0/aggregates => generated 235 bytes in 8 msecs (HTTP/1.1 404) 5 headers in 202 bytes (1 switches on core 0)
2026-07-25 15:04:29.913 8 INFO placement.requestlog [None req-338b2a88-e518-4111-ab5b-a66f87b8f126 7a29514c677845c4a3a91007118d4d13 efe7cdb4959541bb932ceae0dfd28eba - - 51ac008080454bc9a9a74d96df8a87c2 51ac008080454bc9a9a74d96df8a87c2] 10.0.0.189 "DELETE /resource_providers/df1572a3-a9f1-41e3-8091-5de1790d98f0" status: 404 len: 246 microversion: 1.1 [pid: 8|app: 0|req: 403/797] 10.0.0.189 () {34 vars in 816 bytes} [Sat Jul 25 15:04:29 2026] DELETE /resource_providers/df1572a3-a9f1-41e3-8091-5de1790d98f0 => generated 246 bytes in 12 msecs (HTTP/1.1 404) 6 headers in 231 bytes (1 switches on core 0)
2026-07-25 15:04:29.936 7 INFO placement.requestlog [None req-24d5cde2-c86a-42e8-a51c-27b3c04553ba 7a29514c677845c4a3a91007118d4d13 efe7cdb4959541bb932ceae0dfd28eba - - 51ac008080454bc9a9a74d96df8a87c2 51ac008080454bc9a9a74d96df8a87c2] 10.0.0.189 "DELETE /resource_providers/df1572a3-a9f1-41e3-8091-5de1790d98f0" status: 404 len: 246 microversion: 1.1 [pid: 7|app: 0|req: 395/798] 10.0.0.189 () {34 vars in 816 bytes} [Sat Jul 25 15:04:29 2026] DELETE /resource_providers/df1572a3-a9f1-41e3-8091-5de1790d98f0 => generated 246 bytes in 17 msecs (HTTP/1.1 404) 6 headers in 231 bytes (1 switches on core 0)
2026-07-25 15:04:34.107 8 INFO placement.requestlog [req-414f08de-d57d-493a-98c2-03442b7a1d75 req-a6b2b6a4-9164-4e00-9fa9-1e121692f82d 6c914e421d644278bbcabc460dec3d0f efe7cdb4959541bb932ceae0dfd28eba - - 51ac008080454bc9a9a74d96df8a87c2 51ac008080454bc9a9a74d96df8a87c2] 162.253.55.222 "GET /resource_providers/3df45964-b57a-4e8e-a14c-076a76ddf09b/allocations" status: 200 len: 353 microversion: 1.0 [pid: 8|app: 0|req: 404/799] 162.253.55.222 () {32 vars in 857 bytes} [Sat Jul 25 15:04:34 2026] GET /resource_providers/3df45964-b57a-4e8e-a14c-076a76ddf09b/allocations => generated 353 bytes in 23 msecs (HTTP/1.1 200) 6 headers in 224 bytes (1 switches on core 0)
2026-07-25 15:04:34.126 7 INFO placement.requestlog [req-414f08de-d57d-493a-98c2-03442b7a1d75 req-99d68494-ccfe-4a32-b6ce-d4dd8af0183a 6c914e421d644278bbcabc460dec3d0f efe7cdb4959541bb932ceae0dfd28eba - - 51ac008080454bc9a9a74d96df8a87c2 51ac008080454bc9a9a74d96df8a87c2] 162.253.55.222 "GET /allocations/9cfb49c6-0992-4293-b092-1d84b6412b79" status: 200 len: 258 microversion: 1.28 [pid: 7|app: 0|req: 396/800] 162.253.55.222 () {34 vars in 863 bytes} [Sat Jul 25 15:04:34 2026] GET /allocations/9cfb49c6-0992-4293-b092-1d84b6412b79 => generated 258 bytes in 12 msecs (HTTP/1.1 200) 8 headers in 296 bytes (1 switches on core 0)
2026-07-25 15:04:34.143 8 INFO placement.requestlog [req-414f08de-d57d-493a-98c2-03442b7a1d75 req-71e5b4af-7fac-47b1-bf20-db1ec6cd2b1f 6c914e421d644278bbcabc460dec3d0f efe7cdb4959541bb932ceae0dfd28eba - - 51ac008080454bc9a9a74d96df8a87c2 51ac008080454bc9a9a74d96df8a87c2] 162.253.55.222 "GET /allocations/62764321-13be-4034-bf90-a2d1c1db4fe1" status: 200 len: 258 microversion: 1.28 [pid: 8|app: 0|req: 405/801] 162.253.55.222 () {34 vars in 863 bytes} [Sat Jul 25 15:04:34 2026] GET /allocations/62764321-13be-4034-bf90-a2d1c1db4fe1 => generated 258 bytes in 12 msecs (HTTP/1.1 200) 8 headers in 296 bytes (1 switches on core 0)
2026-07-25 15:04:34.166 7 INFO placement.requestlog [req-414f08de-d57d-493a-98c2-03442b7a1d75 req-b8fb1db2-bceb-4c75-a960-eaf46483b100 6c914e421d644278bbcabc460dec3d0f efe7cdb4959541bb932ceae0dfd28eba - - 51ac008080454bc9a9a74d96df8a87c2 51ac008080454bc9a9a74d96df8a87c2] 162.253.55.222 "GET /allocations/161f36e4-5e1d-4543-bac1-cd298a46407d" status: 200 len: 258 microversion: 1.28 [pid: 7|app: 0|req: 397/802] 162.253.55.222 () {34 vars in 863 bytes} [Sat Jul 25 15:04:34 2026] GET /allocations/161f36e4-5e1d-4543-bac1-cd298a46407d => generated 258 bytes in 14 msecs (HTTP/1.1 200) 8 headers in 296 bytes (1 switches on core 0)
2026-07-25 15:04:34.481 8 INFO placement.requestlog [None req-40f49052-66f3-49cd-b47f-75c1f3235cbf 7a29514c677845c4a3a91007118d4d13 efe7cdb4959541bb932ceae0dfd28eba - - 51ac008080454bc9a9a74d96df8a87c2 51ac008080454bc9a9a74d96df8a87c2] 10.0.0.189 "GET /resource_providers/6d5332e6-fe01-40b0-a9e4-1f8d625a4847/aggregates" status: 404 len: 235 microversion: 1.1 [pid: 8|app: 0|req: 406/803] 10.0.0.189 () {32 vars in 816 bytes} [Sat Jul 25 15:04:34 2026] GET /resource_providers/6d5332e6-fe01-40b0-a9e4-1f8d625a4847/aggregates => generated 235 bytes in 10 msecs (HTTP/1.1 404) 5 headers in 202 bytes (1 switches on core 0)
2026-07-25 15:04:34.483 7 INFO placement.requestlog [None req-0b199797-285c-4957-840f-668a4428b2b7 7a29514c677845c4a3a91007118d4d13 efe7cdb4959541bb932ceae0dfd28eba - - 51ac008080454bc9a9a74d96df8a87c2 51ac008080454bc9a9a74d96df8a87c2] 10.0.0.189 "GET /resource_providers/6d5332e6-fe01-40b0-a9e4-1f8d625a4847/aggregates" status: 404 len: 235 microversion: 1.1 [pid: 7|app: 0|req: 398/804] 10.0.0.189 () {32 vars in 816 bytes} [Sat Jul 25 15:04:34 2026] GET /resource_providers/6d5332e6-fe01-40b0-a9e4-1f8d625a4847/aggregates => generated 235 bytes in 9 msecs (HTTP/1.1 404) 5 headers in 202 bytes (1 switches on core 0)
2026-07-25 15:04:34.495 8 INFO placement.requestlog [None req-26d88f37-f577-4228-a455-399e61566210 7a29514c677845c4a3a91007118d4d13 efe7cdb4959541bb932ceae0dfd28eba - - 51ac008080454bc9a9a74d96df8a87c2 51ac008080454bc9a9a74d96df8a87c2] 10.0.0.189 "DELETE /resource_providers/6d5332e6-fe01-40b0-a9e4-1f8d625a4847" status: 404 len: 246 microversion: 1.1 [pid: 8|app: 0|req: 407/805] 10.0.0.189 () {34 vars in 816 bytes} [Sat Jul 25 15:04:34 2026] DELETE /resource_providers/6d5332e6-fe01-40b0-a9e4-1f8d625a4847 => generated 246 bytes in 6 msecs (HTTP/1.1 404) 6 headers in 231 bytes (1 switches on core 0)
2026-07-25 15:04:34.497 7 INFO placement.requestlog [None req-a0bd1332-cdc1-4623-be93-bb578a93c55e 7a29514c677845c4a3a91007118d4d13 efe7cdb4959541bb932ceae0dfd28eba - - 51ac008080454bc9a9a74d96df8a87c2 51ac008080454bc9a9a74d96df8a87c2] 10.0.0.189 "DELETE /resource_providers/6d5332e6-fe01-40b0-a9e4-1f8d625a4847" status: 404 len: 246 microversion: 1.1 [pid: 7|app: 0|req: 399/806] 10.0.0.189 () {34 vars in 816 bytes} [Sat Jul 25 15:04:34 2026] DELETE /resource_providers/6d5332e6-fe01-40b0-a9e4-1f8d625a4847 => generated 246 bytes in 7 msecs (HTTP/1.1 404) 6 headers in 231 bytes (1 switches on core 0)
2026-07-25 15:04:35.213 8 INFO placement.requestlog [req-414f08de-d57d-493a-98c2-03442b7a1d75 req-0a472360-b2e5-4bba-a9f0-8580c017c362 6c914e421d644278bbcabc460dec3d0f efe7cdb4959541bb932ceae0dfd28eba - - 51ac008080454bc9a9a74d96df8a87c2 51ac008080454bc9a9a74d96df8a87c2] 162.253.55.222 "DELETE /allocations/62764321-13be-4034-bf90-a2d1c1db4fe1" status: 204 len: 0 microversion: 1.0 [pid: 8|app: 0|req: 408/807] 162.253.55.222 () {34 vars in 841 bytes} [Sat Jul 25 15:04:35 2026] DELETE /allocations/62764321-13be-4034-bf90-a2d1c1db4fe1 => generated 0 bytes in 20 msecs (HTTP/1.1 204) 5 headers in 198 bytes (1 switches on core 0)
2026-07-25 15:04:36.520 8 INFO placement.requestlog [None req-9e1a2bdc-44f6-4e40-8bbe-597edcb36804 7a29514c677845c4a3a91007118d4d13 efe7cdb4959541bb932ceae0dfd28eba - - 51ac008080454bc9a9a74d96df8a87c2 51ac008080454bc9a9a74d96df8a87c2] 10.0.0.189 "GET /resource_providers/d958914f-8e41-46d5-9ee8-f43147d89bfc/aggregates" status: 404 len: 235 microversion: 1.1 [pid: 8|app: 0|req: 409/808] 10.0.0.189 () {32 vars in 816 bytes} [Sat Jul 25 15:04:36 2026] GET /resource_providers/d958914f-8e41-46d5-9ee8-f43147d89bfc/aggregates => generated 235 bytes in 13 msecs (HTTP/1.1 404) 5 headers in 202 bytes (1 switches on core 0)
2026-07-25 15:04:36.524 7 INFO placement.requestlog [None req-d03190e7-5c30-4437-9c87-19d2e15c6302 7a29514c677845c4a3a91007118d4d13 efe7cdb4959541bb932ceae0dfd28eba - - 51ac008080454bc9a9a74d96df8a87c2 51ac008080454bc9a9a74d96df8a87c2] 10.0.0.189 "GET /resource_providers/d958914f-8e41-46d5-9ee8-f43147d89bfc/aggregates" status: 404 len: 235 microversion: 1.1 [pid: 7|app: 0|req: 400/809] 10.0.0.189 () {32 vars in 816 bytes} [Sat Jul 25 15:04:36 2026] GET /resource_providers/d958914f-8e41-46d5-9ee8-f43147d89bfc/aggregates => generated 235 bytes in 19 msecs (HTTP/1.1 404) 5 headers in 202 bytes (1 switches on core 0)
2026-07-25 15:04:36.542 8 INFO placement.requestlog [None req-86fd0afe-5ac5-42bf-8f90-3f17ef6ef27f 7a29514c677845c4a3a91007118d4d13 efe7cdb4959541bb932ceae0dfd28eba - - 51ac008080454bc9a9a74d96df8a87c2 51ac008080454bc9a9a74d96df8a87c2] 10.0.0.189 "DELETE /resource_providers/d958914f-8e41-46d5-9ee8-f43147d89bfc" status: 404 len: 246 microversion: 1.1 [pid: 8|app: 0|req: 410/810] 10.0.0.189 () {34 vars in 816 bytes} [Sat Jul 25 15:04:36 2026] DELETE /resource_providers/d958914f-8e41-46d5-9ee8-f43147d89bfc => generated 246 bytes in 8 msecs (HTTP/1.1 404) 6 headers in 231 bytes (1 switches on core 0)
2026-07-25 15:04:36.549 7 INFO placement.requestlog [None req-6bf27dca-d57d-4dea-91e5-79c64ab99044 7a29514c677845c4a3a91007118d4d13 efe7cdb4959541bb932ceae0dfd28eba - - 51ac008080454bc9a9a74d96df8a87c2 51ac008080454bc9a9a74d96df8a87c2] 10.0.0.189 "DELETE /resource_providers/d958914f-8e41-46d5-9ee8-f43147d89bfc" status: 404 len: 246 microversion: 1.1 [pid: 7|app: 0|req: 401/811] 10.0.0.189 () {34 vars in 816 bytes} [Sat Jul 25 15:04:36 2026] DELETE /resource_providers/d958914f-8e41-46d5-9ee8-f43147d89bfc => generated 246 bytes in 10 msecs (HTTP/1.1 404) 6 headers in 231 bytes (1 switches on core 0)
2026-07-25 15:04:36.980 8 INFO placement.requestlog [None req-899765d5-06a4-429f-b510-accedcf0513e - - - - - -] 10.0.0.238 "GET /" status: 200 len: 136 microversion: 1.0
2026-07-25 15:04:36.981 7 INFO placement.requestlog [None req-4fdd5dfa-ff60-4b0d-ab91-fcab2726f289 - - - - - -] 10.0.0.238 "GET /" status: 200 len: 136 microversion: 1.0
2026-07-25 15:04:38.567 8 INFO placement.requestlog [None req-6109b571-726a-46de-acbe-d2638ffc2195 7a29514c677845c4a3a91007118d4d13 efe7cdb4959541bb932ceae0dfd28eba - - 51ac008080454bc9a9a74d96df8a87c2 51ac008080454bc9a9a74d96df8a87c2] 10.0.0.189 "GET /resource_providers/e71495e4-9fdb-4174-a2a8-8d99cb2bf498/aggregates" status: 404 len: 235 microversion: 1.1 [pid: 8|app: 0|req: 412/814] 10.0.0.189 () {32 vars in 816 bytes} [Sat Jul 25 15:04:38 2026] GET /resource_providers/e71495e4-9fdb-4174-a2a8-8d99cb2bf498/aggregates => generated 235 bytes in 13 msecs (HTTP/1.1 404) 5 headers in 202 bytes (1 switches on core 0)
2026-07-25 15:04:38.576 7 INFO placement.requestlog [None req-12a47dec-5e2c-4fbd-8168-8d67aae5017e 7a29514c677845c4a3a91007118d4d13 efe7cdb4959541bb932ceae0dfd28eba - - 51ac008080454bc9a9a74d96df8a87c2 51ac008080454bc9a9a74d96df8a87c2] 10.0.0.189 "GET /resource_providers/e71495e4-9fdb-4174-a2a8-8d99cb2bf498/aggregates" status: 404 len: 235 microversion: 1.1 [pid: 7|app: 0|req: 403/815] 10.0.0.189 () {32 vars in 816 bytes} [Sat Jul 25 15:04:38 2026] GET /resource_providers/e71495e4-9fdb-4174-a2a8-8d99cb2bf498/aggregates => generated 235 bytes in 9 msecs (HTTP/1.1 404) 5 headers in 202 bytes (1 switches on core 0)
2026-07-25 15:04:38.583 8 INFO placement.requestlog [None req-c1a56f6e-1d62-46ad-9451-4f0f61313bbd 7a29514c677845c4a3a91007118d4d13 efe7cdb4959541bb932ceae0dfd28eba - - 51ac008080454bc9a9a74d96df8a87c2 51ac008080454bc9a9a74d96df8a87c2] 10.0.0.189 "DELETE /resource_providers/e71495e4-9fdb-4174-a2a8-8d99cb2bf498" status: 404 len: 246 microversion: 1.1 [pid: 8|app: 0|req: 413/816] 10.0.0.189 () {34 vars in 816 bytes} [Sat Jul 25 15:04:38 2026] DELETE /resource_providers/e71495e4-9fdb-4174-a2a8-8d99cb2bf498 => generated 246 bytes in 7 msecs (HTTP/1.1 404) 6 headers in 231 bytes (1 switches on core 0)
2026-07-25 15:04:38.596 7 INFO placement.requestlog [None req-c1798ca5-9537-4f33-9aa3-ec2371e4f9e3 7a29514c677845c4a3a91007118d4d13 efe7cdb4959541bb932ceae0dfd28eba - - 51ac008080454bc9a9a74d96df8a87c2 51ac008080454bc9a9a74d96df8a87c2] 10.0.0.189 "DELETE /resource_providers/e71495e4-9fdb-4174-a2a8-8d99cb2bf498" status: 404 len: 246 microversion: 1.1 [pid: 7|app: 0|req: 404/817] 10.0.0.189 () {34 vars in 816 bytes} [Sat Jul 25 15:04:38 2026] DELETE /resource_providers/e71495e4-9fdb-4174-a2a8-8d99cb2bf498 => generated 246 bytes in 14 msecs (HTTP/1.1 404) 6 headers in 231 bytes (1 switches on core 0)
2026-07-25 15:04:41.230 8 INFO placement.requestlog [req-cc6a3708-6d4f-4cec-af12-eae7ca82c692 req-1f8c2381-b39f-4079-9e69-0f03be2e988d 6c914e421d644278bbcabc460dec3d0f efe7cdb4959541bb932ceae0dfd28eba - - 51ac008080454bc9a9a74d96df8a87c2 51ac008080454bc9a9a74d96df8a87c2] 162.253.55.222 "GET /resource_providers/3df45964-b57a-4e8e-a14c-076a76ddf09b/allocations" status: 200 len: 253 microversion: 1.0 [pid: 8|app: 0|req: 414/818] 162.253.55.222 () {32 vars in 857 bytes} [Sat Jul 25 15:04:41 2026] GET /resource_providers/3df45964-b57a-4e8e-a14c-076a76ddf09b/allocations => generated 253 bytes in 17 msecs (HTTP/1.1 200) 6 headers in 224 bytes (1 switches on core 0)
2026-07-25 15:04:41.253 7 INFO placement.requestlog [req-cc6a3708-6d4f-4cec-af12-eae7ca82c692 req-0092a3d0-0fc5-40e9-a0a9-df77d496aa5a 6c914e421d644278bbcabc460dec3d0f efe7cdb4959541bb932ceae0dfd28eba - - 51ac008080454bc9a9a74d96df8a87c2 51ac008080454bc9a9a74d96df8a87c2] 162.253.55.222 "GET /allocations/9cfb49c6-0992-4293-b092-1d84b6412b79" status: 200 len: 258 microversion: 1.28 [pid: 7|app: 0|req: 405/819] 162.253.55.222 () {34 vars in 863 bytes} [Sat Jul 25 15:04:41 2026] GET /allocations/9cfb49c6-0992-4293-b092-1d84b6412b79 => generated 258 bytes in 15 msecs (HTTP/1.1 200) 8 headers in 296 bytes (1 switches on core 0)
2026-07-25 15:04:41.278 8 INFO placement.requestlog [req-cc6a3708-6d4f-4cec-af12-eae7ca82c692 req-3dfb7877-c5d3-4b81-90e9-07761ff64482 6c914e421d644278bbcabc460dec3d0f efe7cdb4959541bb932ceae0dfd28eba - - 51ac008080454bc9a9a74d96df8a87c2 51ac008080454bc9a9a74d96df8a87c2] 162.253.55.222 "GET /allocations/161f36e4-5e1d-4543-bac1-cd298a46407d" status: 200 len: 258 microversion: 1.28 [pid: 8|app: 0|req: 415/820] 162.253.55.222 () {34 vars in 863 bytes} [Sat Jul 25 15:04:41 2026] GET /allocations/161f36e4-5e1d-4543-bac1-cd298a46407d => generated 258 bytes in 19 msecs (HTTP/1.1 200) 8 headers in 296 bytes (1 switches on core 0)
2026-07-25 15:04:42.329 7 INFO placement.requestlog [req-cc6a3708-6d4f-4cec-af12-eae7ca82c692 req-36dd9263-0a8c-49fd-aa3c-2ae4fd1fd7a8 6c914e421d644278bbcabc460dec3d0f efe7cdb4959541bb932ceae0dfd28eba - - 51ac008080454bc9a9a74d96df8a87c2 51ac008080454bc9a9a74d96df8a87c2] 162.253.55.222 "DELETE /allocations/161f36e4-5e1d-4543-bac1-cd298a46407d" status: 204 len: 0 microversion: 1.0 [pid: 7|app: 0|req: 406/821] 162.253.55.222 () {34 vars in 841 bytes} [Sat Jul 25 15:04:42 2026] DELETE /allocations/161f36e4-5e1d-4543-bac1-cd298a46407d => generated 0 bytes in 22 msecs (HTTP/1.1 204) 5 headers in 198 bytes (1 switches on core 0)
2026-07-25 15:04:43.363 8 INFO placement.requestlog [req-441b1694-9cfd-44f7-9347-67379c9b3ff8 req-b5ebf4ee-b20a-47bf-b56e-edc49251ce85 6c914e421d644278bbcabc460dec3d0f efe7cdb4959541bb932ceae0dfd28eba - - 51ac008080454bc9a9a74d96df8a87c2 51ac008080454bc9a9a74d96df8a87c2] 162.253.55.222 "GET /resource_providers/3df45964-b57a-4e8e-a14c-076a76ddf09b/allocations" status: 200 len: 153 microversion: 1.0 [pid: 8|app: 0|req: 416/822] 162.253.55.222 () {32 vars in 857 bytes} [Sat Jul 25 15:04:43 2026] GET /resource_providers/3df45964-b57a-4e8e-a14c-076a76ddf09b/allocations => generated 153 bytes in 14 msecs (HTTP/1.1 200) 6 headers in 224 bytes (1 switches on core 0)
2026-07-25 15:04:43.385 7 INFO placement.requestlog [req-441b1694-9cfd-44f7-9347-67379c9b3ff8 req-6ea4e120-e9e0-4ee3-a3e1-dd042c31448d 6c914e421d644278bbcabc460dec3d0f efe7cdb4959541bb932ceae0dfd28eba - - 51ac008080454bc9a9a74d96df8a87c2 51ac008080454bc9a9a74d96df8a87c2] 162.253.55.222 "GET /allocations/9cfb49c6-0992-4293-b092-1d84b6412b79" status: 200 len: 258 microversion: 1.28 [pid: 7|app: 0|req: 407/823] 162.253.55.222 () {34 vars in 863 bytes} [Sat Jul 25 15:04:43 2026] GET /allocations/9cfb49c6-0992-4293-b092-1d84b6412b79 => generated 258 bytes in 15 msecs (HTTP/1.1 200) 8 headers in 296 bytes (1 switches on core 0)
2026-07-25 15:04:44.432 8 INFO placement.requestlog [req-441b1694-9cfd-44f7-9347-67379c9b3ff8 req-9c719fdb-1c9d-471b-ae1a-2a3eb34f3c8d 6c914e421d644278bbcabc460dec3d0f efe7cdb4959541bb932ceae0dfd28eba - - 51ac008080454bc9a9a74d96df8a87c2 51ac008080454bc9a9a74d96df8a87c2] 162.253.55.222 "DELETE /allocations/9cfb49c6-0992-4293-b092-1d84b6412b79" status: 204 len: 0 microversion: 1.0 [pid: 8|app: 0|req: 417/824] 162.253.55.222 () {34 vars in 841 bytes} [Sat Jul 25 15:04:44 2026] DELETE /allocations/9cfb49c6-0992-4293-b092-1d84b6412b79 => generated 0 bytes in 19 msecs (HTTP/1.1 204) 5 headers in 198 bytes (1 switches on core 0)
2026-07-25 15:04:45.866 8 INFO placement.requestlog [None req-ae3f41cd-f3e4-4da9-874b-f9a10a2d3fbd 7a29514c677845c4a3a91007118d4d13 efe7cdb4959541bb932ceae0dfd28eba - - 51ac008080454bc9a9a74d96df8a87c2 51ac008080454bc9a9a74d96df8a87c2] 10.0.0.189 "GET /resource_providers/5a3a3a5b-adf0-47a4-a3ca-7f94e308d7ed/aggregates" status: 404 len: 235 microversion: 1.1
2026-07-25 15:04:45.866 7 INFO placement.requestlog [None req-aa9a88c8-4ee6-483a-bec8-dd628d5d1a9a 7a29514c677845c4a3a91007118d4d13 efe7cdb4959541bb932ceae0dfd28eba - - 51ac008080454bc9a9a74d96df8a87c2 51ac008080454bc9a9a74d96df8a87c2] 10.0.0.189 "GET /resource_providers/5a3a3a5b-adf0-47a4-a3ca-7f94e308d7ed/aggregates" status: 404 len: 235 microversion: 1.1 [pid: 8|app: 0|req: 418/825] 10.0.0.189 () {32 vars in 816 bytes} [Sat Jul 25 15:04:45 2026] GET /resource_providers/5a3a3a5b-adf0-47a4-a3ca-7f94e308d7ed/aggregates => generated 235 bytes in 8 msecs (HTTP/1.1 404) 5 headers in 202 bytes (1 switches on core 0) [pid: 7|app: 0|req: 408/826] 10.0.0.189 () {32 vars in 816 bytes} [Sat Jul 25 15:04:45 2026] GET /resource_providers/5a3a3a5b-adf0-47a4-a3ca-7f94e308d7ed/aggregates => generated 235 bytes in 14 msecs (HTTP/1.1 404) 5 headers in 202 bytes (1 switches on core 0)
2026-07-25 15:04:45.897 8 INFO placement.requestlog [None req-a2c3921d-893e-4b60-ba94-4c81fc7527a1 7a29514c677845c4a3a91007118d4d13 efe7cdb4959541bb932ceae0dfd28eba - - 51ac008080454bc9a9a74d96df8a87c2 51ac008080454bc9a9a74d96df8a87c2] 10.0.0.189 "DELETE /resource_providers/5a3a3a5b-adf0-47a4-a3ca-7f94e308d7ed" status: 404 len: 246 microversion: 1.1
2026-07-25 15:04:45.898 7 INFO placement.requestlog [None req-9ab9c076-d04e-4586-880c-3b22abcc9012 7a29514c677845c4a3a91007118d4d13 efe7cdb4959541bb932ceae0dfd28eba - - 51ac008080454bc9a9a74d96df8a87c2 51ac008080454bc9a9a74d96df8a87c2] 10.0.0.189 "DELETE /resource_providers/5a3a3a5b-adf0-47a4-a3ca-7f94e308d7ed" status: 404 len: 246 microversion: 1.1 [pid: 7|app: 0|req: 409/827] 10.0.0.189 () {34 vars in 816 bytes} [Sat Jul 25 15:04:45 2026] DELETE /resource_providers/5a3a3a5b-adf0-47a4-a3ca-7f94e308d7ed => generated 246 bytes in 9 msecs (HTTP/1.1 404) 6 headers in 231 bytes (1 switches on core 0) [pid: 8|app: 0|req: 419/828] 10.0.0.189 () {34 vars in 816 bytes} [Sat Jul 25 15:04:45 2026] DELETE /resource_providers/5a3a3a5b-adf0-47a4-a3ca-7f94e308d7ed => generated 246 bytes in 10 msecs (HTTP/1.1 404) 6 headers in 231 bytes (1 switches on core 0)
2026-07-25 15:04:46.981 7 INFO placement.requestlog [None req-ceeff1e4-103a-44d9-ba60-67a56365b240 - - - - - -] 10.0.0.238 "GET /" status: 200 len: 136 microversion: 1.0
2026-07-25 15:04:46.981 8 INFO placement.requestlog [None req-3ebcbf21-6427-498a-9980-444620db85cb - - - - - -] 10.0.0.238 "GET /" status: 200 len: 136 microversion: 1.0
2026-07-25 15:04:47.925 7 INFO placement.requestlog [None req-6bd1afc3-b2de-4b3a-8455-7918d6e48c9d 7a29514c677845c4a3a91007118d4d13 efe7cdb4959541bb932ceae0dfd28eba - - 51ac008080454bc9a9a74d96df8a87c2 51ac008080454bc9a9a74d96df8a87c2] 10.0.0.189 "GET /resource_providers/1af298e1-a1b4-4ecc-aa23-216add94c438/aggregates" status: 404 len: 235 microversion: 1.1 [pid: 7|app: 0|req: 411/831] 10.0.0.189 () {32 vars in 816 bytes} [Sat Jul 25 15:04:47 2026] GET /resource_providers/1af298e1-a1b4-4ecc-aa23-216add94c438/aggregates => generated 235 bytes in 12 msecs (HTTP/1.1 404) 5 headers in 202 bytes (1 switches on core 0)
2026-07-25 15:04:47.940 8 INFO placement.requestlog [None req-621543d1-b349-435c-95de-20a4796645cc 7a29514c677845c4a3a91007118d4d13 efe7cdb4959541bb932ceae0dfd28eba - - 51ac008080454bc9a9a74d96df8a87c2 51ac008080454bc9a9a74d96df8a87c2] 10.0.0.189 "GET /resource_providers/1af298e1-a1b4-4ecc-aa23-216add94c438/aggregates" status: 404 len: 235 microversion: 1.1
2026-07-25 15:04:47.941 7 INFO placement.requestlog [None req-7e8f45f3-b930-457e-b847-d7d5ac90d57b 7a29514c677845c4a3a91007118d4d13 efe7cdb4959541bb932ceae0dfd28eba - - 51ac008080454bc9a9a74d96df8a87c2 51ac008080454bc9a9a74d96df8a87c2] 10.0.0.189 "DELETE /resource_providers/1af298e1-a1b4-4ecc-aa23-216add94c438" status: 404 len: 246 microversion: 1.1 [pid: 7|app: 0|req: 412/832] 10.0.0.189 () {34 vars in 816 bytes} [Sat Jul 25 15:04:47 2026] DELETE /resource_providers/1af298e1-a1b4-4ecc-aa23-216add94c438 => generated 246 bytes in 7 msecs (HTTP/1.1 404) 6 headers in 231 bytes (1 switches on core 0) [pid: 8|app: 0|req: 421/833] 10.0.0.189 () {32 vars in 816 bytes} [Sat Jul 25 15:04:47 2026] GET /resource_providers/1af298e1-a1b4-4ecc-aa23-216add94c438/aggregates => generated 235 bytes in 19 msecs (HTTP/1.1 404) 5 headers in 202 bytes (1 switches on core 0)
2026-07-25 15:04:47.958 7 INFO placement.requestlog [None req-f1f08d8c-b085-46ca-a1d9-b492d867872e 7a29514c677845c4a3a91007118d4d13 efe7cdb4959541bb932ceae0dfd28eba - - 51ac008080454bc9a9a74d96df8a87c2 51ac008080454bc9a9a74d96df8a87c2] 10.0.0.189 "DELETE /resource_providers/1af298e1-a1b4-4ecc-aa23-216add94c438" status: 404 len: 246 microversion: 1.1 [pid: 7|app: 0|req: 413/834] 10.0.0.189 () {34 vars in 816 bytes} [Sat Jul 25 15:04:47 2026] DELETE /resource_providers/1af298e1-a1b4-4ecc-aa23-216add94c438 => generated 246 bytes in 9 msecs (HTTP/1.1 404) 6 headers in 231 bytes (1 switches on core 0)
2026-07-25 15:04:48.258 8 INFO placement.requestlog [None req-141c9549-bead-4f1d-bf04-94c5ed257e31 7a29514c677845c4a3a91007118d4d13 efe7cdb4959541bb932ceae0dfd28eba - - 51ac008080454bc9a9a74d96df8a87c2 51ac008080454bc9a9a74d96df8a87c2] 10.0.0.189 "GET /resource_providers/08632125-1d6e-475e-94de-4887dd1c709b/aggregates" status: 404 len: 235 microversion: 1.1 [pid: 8|app: 0|req: 422/835] 10.0.0.189 () {32 vars in 816 bytes} [Sat Jul 25 15:04:48 2026] GET /resource_providers/08632125-1d6e-475e-94de-4887dd1c709b/aggregates => generated 235 bytes in 26 msecs (HTTP/1.1 404) 5 headers in 202 bytes (1 switches on core 0)
2026-07-25 15:04:48.263 7 INFO placement.requestlog [None req-c321baa5-6969-4585-a53d-1d4aacd82934 7a29514c677845c4a3a91007118d4d13 efe7cdb4959541bb932ceae0dfd28eba - - 51ac008080454bc9a9a74d96df8a87c2 51ac008080454bc9a9a74d96df8a87c2] 10.0.0.189 "GET /resource_providers/08632125-1d6e-475e-94de-4887dd1c709b/aggregates" status: 404 len: 235 microversion: 1.1 [pid: 7|app: 0|req: 414/836] 10.0.0.189 () {32 vars in 816 bytes} [Sat Jul 25 15:04:48 2026] GET /resource_providers/08632125-1d6e-475e-94de-4887dd1c709b/aggregates => generated 235 bytes in 14 msecs (HTTP/1.1 404) 5 headers in 202 bytes (1 switches on core 0)
2026-07-25 15:04:48.280 8 INFO placement.requestlog [None req-a6e6fc93-8643-4c71-aee6-8cc865ab6953 7a29514c677845c4a3a91007118d4d13 efe7cdb4959541bb932ceae0dfd28eba - - 51ac008080454bc9a9a74d96df8a87c2 51ac008080454bc9a9a74d96df8a87c2] 10.0.0.189 "DELETE /resource_providers/08632125-1d6e-475e-94de-4887dd1c709b" status: 404 len: 246 microversion: 1.1 [pid: 8|app: 0|req: 423/837] 10.0.0.189 () {34 vars in 816 bytes} [Sat Jul 25 15:04:48 2026] DELETE /resource_providers/08632125-1d6e-475e-94de-4887dd1c709b => generated 246 bytes in 9 msecs (HTTP/1.1 404) 6 headers in 231 bytes (1 switches on core 0)
2026-07-25 15:04:48.287 7 INFO placement.requestlog [None req-5d79240f-13ca-43d1-b8ea-4bc8a3b13ed4 7a29514c677845c4a3a91007118d4d13 efe7cdb4959541bb932ceae0dfd28eba - - 51ac008080454bc9a9a74d96df8a87c2 51ac008080454bc9a9a74d96df8a87c2] 10.0.0.189 "DELETE /resource_providers/08632125-1d6e-475e-94de-4887dd1c709b" status: 404 len: 246 microversion: 1.1 [pid: 7|app: 0|req: 415/838] 10.0.0.189 () {34 vars in 816 bytes} [Sat Jul 25 15:04:48 2026] DELETE /resource_providers/08632125-1d6e-475e-94de-4887dd1c709b => generated 246 bytes in 11 msecs (HTTP/1.1 404) 6 headers in 231 bytes (1 switches on core 0)
