2026-07-25 15:01:56.981 8 INFO placement.requestlog [None req-d58981a7-6691-4c3a-935e-33687231598e - - - - - -] 10.0.0.238 "GET /" status: 200 len: 136 microversion: 1.0
2026-07-25 15:01:56.981 7 INFO placement.requestlog [None req-8780944d-d033-48cd-a2cb-fee018baf2d9 - - - - - -] 10.0.0.238 "GET /" status: 200 len: 136 microversion: 1.0
2026-07-25 15:02:00.157 8 INFO placement.requestlog [None req-e663ed18-f056-4113-9a47-6d169df46501 7a29514c677845c4a3a91007118d4d13 efe7cdb4959541bb932ceae0dfd28eba - - 51ac008080454bc9a9a74d96df8a87c2 51ac008080454bc9a9a74d96df8a87c2] 10.0.0.189 "GET /resource_providers/d701b636-63a5-462e-bfe1-0fb75fad023d/aggregates" status: 404 len: 235 microversion: 1.1 [pid: 8|app: 0|req: 249/495] 10.0.0.189 () {32 vars in 816 bytes} [Sat Jul 25 15:02:00 2026] GET /resource_providers/d701b636-63a5-462e-bfe1-0fb75fad023d/aggregates => generated 235 bytes in 9 msecs (HTTP/1.1 404) 5 headers in 202 bytes (1 switches on core 0)
2026-07-25 15:02:00.161 7 INFO placement.requestlog [None req-3f8d05e5-cbdc-434e-bd5a-2dd296dee9fb 7a29514c677845c4a3a91007118d4d13 efe7cdb4959541bb932ceae0dfd28eba - - 51ac008080454bc9a9a74d96df8a87c2 51ac008080454bc9a9a74d96df8a87c2] 10.0.0.189 "GET /resource_providers/d701b636-63a5-462e-bfe1-0fb75fad023d/aggregates" status: 404 len: 235 microversion: 1.1 [pid: 7|app: 0|req: 247/496] 10.0.0.189 () {32 vars in 816 bytes} [Sat Jul 25 15:02:00 2026] GET /resource_providers/d701b636-63a5-462e-bfe1-0fb75fad023d/aggregates => generated 235 bytes in 10 msecs (HTTP/1.1 404) 5 headers in 202 bytes (1 switches on core 0)
2026-07-25 15:02:00.183 7 INFO placement.requestlog [None req-f019209f-dece-4024-8e27-e541ad250f99 7a29514c677845c4a3a91007118d4d13 efe7cdb4959541bb932ceae0dfd28eba - - 51ac008080454bc9a9a74d96df8a87c2 51ac008080454bc9a9a74d96df8a87c2] 10.0.0.189 "DELETE /resource_providers/d701b636-63a5-462e-bfe1-0fb75fad023d" status: 404 len: 246 microversion: 1.1
2026-07-25 15:02:00.183 8 INFO placement.requestlog [None req-81ebe090-fc0c-4bb2-998d-d408a6b6b7e5 7a29514c677845c4a3a91007118d4d13 efe7cdb4959541bb932ceae0dfd28eba - - 51ac008080454bc9a9a74d96df8a87c2 51ac008080454bc9a9a74d96df8a87c2] 10.0.0.189 "DELETE /resource_providers/d701b636-63a5-462e-bfe1-0fb75fad023d" status: 404 len: 246 microversion: 1.1 [pid: 7|app: 0|req: 248/497] 10.0.0.189 () {34 vars in 816 bytes} [Sat Jul 25 15:02:00 2026] DELETE /resource_providers/d701b636-63a5-462e-bfe1-0fb75fad023d => generated 246 bytes in 10 msecs (HTTP/1.1 404) 6 headers in 231 bytes (1 switches on core 0) [pid: 8|app: 0|req: 250/498] 10.0.0.189 () {34 vars in 816 bytes} [Sat Jul 25 15:02:00 2026] DELETE /resource_providers/d701b636-63a5-462e-bfe1-0fb75fad023d => generated 246 bytes in 10 msecs (HTTP/1.1 404) 6 headers in 231 bytes (1 switches on core 0)
2026-07-25 15:02:00.676 7 INFO placement.requestlog [req-cec8fa3d-c7fb-4c33-9fdd-c4bff234b7c0 req-c8c5f71a-69b8-48c6-85c7-56d178b201e3 6c914e421d644278bbcabc460dec3d0f efe7cdb4959541bb932ceae0dfd28eba - - 51ac008080454bc9a9a74d96df8a87c2 51ac008080454bc9a9a74d96df8a87c2] 162.253.55.222 "GET /resource_providers/3df45964-b57a-4e8e-a14c-076a76ddf09b/allocations" status: 200 len: 238 microversion: 1.0 [pid: 7|app: 0|req: 249/499] 162.253.55.222 () {32 vars in 857 bytes} [Sat Jul 25 15:02:00 2026] GET /resource_providers/3df45964-b57a-4e8e-a14c-076a76ddf09b/allocations => generated 238 bytes in 17 msecs (HTTP/1.1 200) 6 headers in 224 bytes (1 switches on core 0)
2026-07-25 15:02:00.698 8 INFO placement.requestlog [req-cec8fa3d-c7fb-4c33-9fdd-c4bff234b7c0 req-ef6ed4f9-396b-4af5-9fc4-d042da3db477 6c914e421d644278bbcabc460dec3d0f efe7cdb4959541bb932ceae0dfd28eba - - 51ac008080454bc9a9a74d96df8a87c2 51ac008080454bc9a9a74d96df8a87c2] 162.253.55.222 "GET /resource_providers/3df45964-b57a-4e8e-a14c-076a76ddf09b/allocations" status: 200 len: 238 microversion: 1.0 [pid: 8|app: 0|req: 251/500] 162.253.55.222 () {32 vars in 857 bytes} [Sat Jul 25 15:02:00 2026] GET /resource_providers/3df45964-b57a-4e8e-a14c-076a76ddf09b/allocations => generated 238 bytes in 15 msecs (HTTP/1.1 200) 6 headers in 224 bytes (1 switches on core 0)
2026-07-25 15:02:00.717 7 INFO placement.requestlog [req-cec8fa3d-c7fb-4c33-9fdd-c4bff234b7c0 req-f825816a-38bc-4a0e-a397-dc8fcad0ab48 6c914e421d644278bbcabc460dec3d0f efe7cdb4959541bb932ceae0dfd28eba - - 51ac008080454bc9a9a74d96df8a87c2 51ac008080454bc9a9a74d96df8a87c2] 162.253.55.222 "GET /allocations/4746b725-4663-4bfe-b5ea-00eaecac43d1" status: 200 len: 257 microversion: 1.28 [pid: 7|app: 0|req: 250/501] 162.253.55.222 () {34 vars in 863 bytes} [Sat Jul 25 15:02:00 2026] GET /allocations/4746b725-4663-4bfe-b5ea-00eaecac43d1 => generated 257 bytes in 11 msecs (HTTP/1.1 200) 8 headers in 296 bytes (1 switches on core 0)
2026-07-25 15:02:00.741 8 INFO placement.requestlog [req-cec8fa3d-c7fb-4c33-9fdd-c4bff234b7c0 req-355b2356-e90f-4276-9c40-19aadda718a6 6c914e421d644278bbcabc460dec3d0f efe7cdb4959541bb932ceae0dfd28eba - - 51ac008080454bc9a9a74d96df8a87c2 51ac008080454bc9a9a74d96df8a87c2] 162.253.55.222 "GET /allocations/2ec09a01-b4f6-4f3d-9062-6dbc170243dd" status: 200 len: 243 microversion: 1.28 [pid: 8|app: 0|req: 252/502] 162.253.55.222 () {34 vars in 863 bytes} [Sat Jul 25 15:02:00 2026] GET /allocations/2ec09a01-b4f6-4f3d-9062-6dbc170243dd => generated 243 bytes in 14 msecs (HTTP/1.1 200) 8 headers in 296 bytes (1 switches on core 0)
2026-07-25 15:02:01.806 7 INFO placement.requestlog [req-877280ea-fcca-4091-9ab9-15cd5dd08671 req-485c43d1-d203-4753-a68e-a08dc5dad10d 6c914e421d644278bbcabc460dec3d0f efe7cdb4959541bb932ceae0dfd28eba - - 51ac008080454bc9a9a74d96df8a87c2 51ac008080454bc9a9a74d96df8a87c2] 162.253.55.222 "DELETE /allocations/2ec09a01-b4f6-4f3d-9062-6dbc170243dd" status: 204 len: 0 microversion: 1.0 [pid: 7|app: 0|req: 251/503] 162.253.55.222 () {34 vars in 841 bytes} [Sat Jul 25 15:02:01 2026] DELETE /allocations/2ec09a01-b4f6-4f3d-9062-6dbc170243dd => generated 0 bytes in 29 msecs (HTTP/1.1 204) 5 headers in 198 bytes (1 switches on core 0)
2026-07-25 15:02:02.208 8 INFO placement.requestlog [None req-2958845e-4537-4cb5-9be3-5c0136506b82 7a29514c677845c4a3a91007118d4d13 efe7cdb4959541bb932ceae0dfd28eba - - 51ac008080454bc9a9a74d96df8a87c2 51ac008080454bc9a9a74d96df8a87c2] 10.0.0.189 "GET /resource_providers/5860c604-2758-48ed-b360-a6d49f76d505/aggregates" status: 404 len: 235 microversion: 1.1 [pid: 8|app: 0|req: 253/504] 10.0.0.189 () {32 vars in 816 bytes} [Sat Jul 25 15:02:02 2026] GET /resource_providers/5860c604-2758-48ed-b360-a6d49f76d505/aggregates => generated 235 bytes in 11 msecs (HTTP/1.1 404) 5 headers in 202 bytes (1 switches on core 0)
2026-07-25 15:02:02.210 7 INFO placement.requestlog [None req-7c0f59d0-dac0-463a-852a-126452b5599b 7a29514c677845c4a3a91007118d4d13 efe7cdb4959541bb932ceae0dfd28eba - - 51ac008080454bc9a9a74d96df8a87c2 51ac008080454bc9a9a74d96df8a87c2] 10.0.0.189 "GET /resource_providers/5860c604-2758-48ed-b360-a6d49f76d505/aggregates" status: 404 len: 235 microversion: 1.1 [pid: 7|app: 0|req: 252/505] 10.0.0.189 () {32 vars in 816 bytes} [Sat Jul 25 15:02:02 2026] GET /resource_providers/5860c604-2758-48ed-b360-a6d49f76d505/aggregates => generated 235 bytes in 11 msecs (HTTP/1.1 404) 5 headers in 202 bytes (1 switches on core 0)
2026-07-25 15:02:02.230 8 INFO placement.requestlog [None req-5f40aa9c-2358-46fd-afce-5366fcd9f738 7a29514c677845c4a3a91007118d4d13 efe7cdb4959541bb932ceae0dfd28eba - - 51ac008080454bc9a9a74d96df8a87c2 51ac008080454bc9a9a74d96df8a87c2] 10.0.0.189 "DELETE /resource_providers/5860c604-2758-48ed-b360-a6d49f76d505" status: 404 len: 246 microversion: 1.1 [pid: 8|app: 0|req: 254/506] 10.0.0.189 () {34 vars in 816 bytes} [Sat Jul 25 15:02:02 2026] DELETE /resource_providers/5860c604-2758-48ed-b360-a6d49f76d505 => generated 246 bytes in 10 msecs (HTTP/1.1 404) 6 headers in 231 bytes (1 switches on core 0)
2026-07-25 15:02:02.235 7 INFO placement.requestlog [None req-8bb95ef6-839b-4ded-8adf-ecedf7a3f82b 7a29514c677845c4a3a91007118d4d13 efe7cdb4959541bb932ceae0dfd28eba - - 51ac008080454bc9a9a74d96df8a87c2 51ac008080454bc9a9a74d96df8a87c2] 10.0.0.189 "DELETE /resource_providers/5860c604-2758-48ed-b360-a6d49f76d505" status: 404 len: 246 microversion: 1.1 [pid: 7|app: 0|req: 253/507] 10.0.0.189 () {34 vars in 816 bytes} [Sat Jul 25 15:02:02 2026] DELETE /resource_providers/5860c604-2758-48ed-b360-a6d49f76d505 => generated 246 bytes in 12 msecs (HTTP/1.1 404) 6 headers in 231 bytes (1 switches on core 0)
2026-07-25 15:02:04.748 8 INFO placement.requestlog [None req-cef1a848-5d91-4058-a5e8-00ebc088b9a2 7a29514c677845c4a3a91007118d4d13 efe7cdb4959541bb932ceae0dfd28eba - - 51ac008080454bc9a9a74d96df8a87c2 51ac008080454bc9a9a74d96df8a87c2] 10.0.0.189 "GET /resource_providers/189faad2-adf5-45d2-9005-b59418229b8b/aggregates" status: 404 len: 235 microversion: 1.1 [pid: 8|app: 0|req: 255/508] 10.0.0.189 () {32 vars in 816 bytes} [Sat Jul 25 15:02:04 2026] GET /resource_providers/189faad2-adf5-45d2-9005-b59418229b8b/aggregates => generated 235 bytes in 20 msecs (HTTP/1.1 404) 5 headers in 202 bytes (1 switches on core 0)
2026-07-25 15:02:04.753 7 INFO placement.requestlog [None req-f1ee7d2f-3ed6-474a-a597-98e9ddbac079 7a29514c677845c4a3a91007118d4d13 efe7cdb4959541bb932ceae0dfd28eba - - 51ac008080454bc9a9a74d96df8a87c2 51ac008080454bc9a9a74d96df8a87c2] 10.0.0.189 "GET /resource_providers/189faad2-adf5-45d2-9005-b59418229b8b/aggregates" status: 404 len: 235 microversion: 1.1 [pid: 7|app: 0|req: 254/509] 10.0.0.189 () {32 vars in 816 bytes} [Sat Jul 25 15:02:04 2026] GET /resource_providers/189faad2-adf5-45d2-9005-b59418229b8b/aggregates => generated 235 bytes in 26 msecs (HTTP/1.1 404) 5 headers in 202 bytes (1 switches on core 0)
2026-07-25 15:02:04.767 8 INFO placement.requestlog [None req-18e7b09c-f4c1-4c92-874a-c20fef79c191 7a29514c677845c4a3a91007118d4d13 efe7cdb4959541bb932ceae0dfd28eba - - 51ac008080454bc9a9a74d96df8a87c2 51ac008080454bc9a9a74d96df8a87c2] 10.0.0.189 "DELETE /resource_providers/189faad2-adf5-45d2-9005-b59418229b8b" status: 404 len: 246 microversion: 1.1 [pid: 8|app: 0|req: 256/510] 10.0.0.189 () {34 vars in 816 bytes} [Sat Jul 25 15:02:04 2026] DELETE /resource_providers/189faad2-adf5-45d2-9005-b59418229b8b => generated 246 bytes in 7 msecs (HTTP/1.1 404) 6 headers in 231 bytes (1 switches on core 0)
2026-07-25 15:02:04.777 7 INFO placement.requestlog [None req-a50e8b25-5a8c-4b70-bca8-e2724027aa48 7a29514c677845c4a3a91007118d4d13 efe7cdb4959541bb932ceae0dfd28eba - - 51ac008080454bc9a9a74d96df8a87c2 51ac008080454bc9a9a74d96df8a87c2] 10.0.0.189 "DELETE /resource_providers/189faad2-adf5-45d2-9005-b59418229b8b" status: 404 len: 246 microversion: 1.1 [pid: 7|app: 0|req: 255/511] 10.0.0.189 () {34 vars in 816 bytes} [Sat Jul 25 15:02:04 2026] DELETE /resource_providers/189faad2-adf5-45d2-9005-b59418229b8b => generated 246 bytes in 10 msecs (HTTP/1.1 404) 6 headers in 231 bytes (1 switches on core 0)
2026-07-25 15:02:06.786 8 INFO placement.requestlog [None req-a2b6a9b0-bc21-470b-bf15-8b5863b9968d 7a29514c677845c4a3a91007118d4d13 efe7cdb4959541bb932ceae0dfd28eba - - 51ac008080454bc9a9a74d96df8a87c2 51ac008080454bc9a9a74d96df8a87c2] 10.0.0.189 "GET /resource_providers/eabea122-6716-4c2c-b348-39aa2102e6cb/aggregates" status: 404 len: 235 microversion: 1.1 [pid: 8|app: 0|req: 257/512] 10.0.0.189 () {32 vars in 816 bytes} [Sat Jul 25 15:02:06 2026] GET /resource_providers/eabea122-6716-4c2c-b348-39aa2102e6cb/aggregates => generated 235 bytes in 10 msecs (HTTP/1.1 404) 5 headers in 202 bytes (1 switches on core 0)
2026-07-25 15:02:06.797 7 INFO placement.requestlog [None req-3a5bb5ca-ba23-4967-a937-8c8993496122 7a29514c677845c4a3a91007118d4d13 efe7cdb4959541bb932ceae0dfd28eba - - 51ac008080454bc9a9a74d96df8a87c2 51ac008080454bc9a9a74d96df8a87c2] 10.0.0.189 "GET /resource_providers/eabea122-6716-4c2c-b348-39aa2102e6cb/aggregates" status: 404 len: 235 microversion: 1.1 [pid: 7|app: 0|req: 256/513] 10.0.0.189 () {32 vars in 816 bytes} [Sat Jul 25 15:02:06 2026] GET /resource_providers/eabea122-6716-4c2c-b348-39aa2102e6cb/aggregates => generated 235 bytes in 11 msecs (HTTP/1.1 404) 5 headers in 202 bytes (1 switches on core 0)
2026-07-25 15:02:06.807 8 INFO placement.requestlog [None req-27abb80a-b999-4e2c-bbec-f6934feaf269 7a29514c677845c4a3a91007118d4d13 efe7cdb4959541bb932ceae0dfd28eba - - 51ac008080454bc9a9a74d96df8a87c2 51ac008080454bc9a9a74d96df8a87c2] 10.0.0.189 "DELETE /resource_providers/eabea122-6716-4c2c-b348-39aa2102e6cb" status: 404 len: 246 microversion: 1.1 [pid: 8|app: 0|req: 258/514] 10.0.0.189 () {34 vars in 816 bytes} [Sat Jul 25 15:02:06 2026] DELETE /resource_providers/eabea122-6716-4c2c-b348-39aa2102e6cb => generated 246 bytes in 12 msecs (HTTP/1.1 404) 6 headers in 231 bytes (1 switches on core 0)
2026-07-25 15:02:06.812 7 INFO placement.requestlog [None req-59fcc1ec-1cd4-4a6d-a3eb-5aef7b948451 7a29514c677845c4a3a91007118d4d13 efe7cdb4959541bb932ceae0dfd28eba - - 51ac008080454bc9a9a74d96df8a87c2 51ac008080454bc9a9a74d96df8a87c2] 10.0.0.189 "DELETE /resource_providers/eabea122-6716-4c2c-b348-39aa2102e6cb" status: 404 len: 246 microversion: 1.1 [pid: 7|app: 0|req: 257/515] 10.0.0.189 () {34 vars in 816 bytes} [Sat Jul 25 15:02:06 2026] DELETE /resource_providers/eabea122-6716-4c2c-b348-39aa2102e6cb => generated 246 bytes in 7 msecs (HTTP/1.1 404) 6 headers in 231 bytes (1 switches on core 0)
2026-07-25 15:02:06.981 8 INFO placement.requestlog [None req-1b5d53b6-1be4-4754-a5c0-6d456b7934cf - - - - - -] 10.0.0.238 "GET /" status: 200 len: 136 microversion: 1.0
2026-07-25 15:02:06.984 7 INFO placement.requestlog [None req-d0803dc8-b6cd-470f-9b1d-5fbe75b52b2b - - - - - -] 10.0.0.238 "GET /" status: 200 len: 136 microversion: 1.0
2026-07-25 15:02:16.981 7 INFO placement.requestlog [None req-15553417-60bb-48c9-9b92-c984279e4df2 - - - - - -] 10.0.0.238 "GET /" status: 200 len: 136 microversion: 1.0
2026-07-25 15:02:16.981 8 INFO placement.requestlog [None req-c88c7413-882f-4e34-aa38-43e2e33cfb21 - - - - - -] 10.0.0.238 "GET /" status: 200 len: 136 microversion: 1.0
2026-07-25 15:02:20.303 7 INFO placement.requestlog [None req-aa9d852a-7ac1-468f-8141-c287ede9c69a 7a29514c677845c4a3a91007118d4d13 efe7cdb4959541bb932ceae0dfd28eba - - 51ac008080454bc9a9a74d96df8a87c2 51ac008080454bc9a9a74d96df8a87c2] 10.0.0.189 "GET /resource_providers/b48c3496-7b44-4dfb-9df6-3257d27f3b35/aggregates" status: 404 len: 235 microversion: 1.1 [pid: 7|app: 0|req: 260/520] 10.0.0.189 () {32 vars in 816 bytes} [Sat Jul 25 15:02:20 2026] GET /resource_providers/b48c3496-7b44-4dfb-9df6-3257d27f3b35/aggregates => generated 235 bytes in 9 msecs (HTTP/1.1 404) 5 headers in 202 bytes (1 switches on core 0)
2026-07-25 15:02:20.306 8 INFO placement.requestlog [None req-96f3527e-d20b-4ef8-98e8-f6043bf3ca4d 7a29514c677845c4a3a91007118d4d13 efe7cdb4959541bb932ceae0dfd28eba - - 51ac008080454bc9a9a74d96df8a87c2 51ac008080454bc9a9a74d96df8a87c2] 10.0.0.189 "GET /resource_providers/b48c3496-7b44-4dfb-9df6-3257d27f3b35/aggregates" status: 404 len: 235 microversion: 1.1 [pid: 8|app: 0|req: 261/521] 10.0.0.189 () {32 vars in 816 bytes} [Sat Jul 25 15:02:20 2026] GET /resource_providers/b48c3496-7b44-4dfb-9df6-3257d27f3b35/aggregates => generated 235 bytes in 11 msecs (HTTP/1.1 404) 5 headers in 202 bytes (1 switches on core 0)
2026-07-25 15:02:20.329 7 INFO placement.requestlog [None req-d6f4f6a5-0eb9-4720-81e6-df161cd7eb1d 7a29514c677845c4a3a91007118d4d13 efe7cdb4959541bb932ceae0dfd28eba - - 51ac008080454bc9a9a74d96df8a87c2 51ac008080454bc9a9a74d96df8a87c2] 10.0.0.189 "DELETE /resource_providers/b48c3496-7b44-4dfb-9df6-3257d27f3b35" status: 404 len: 246 microversion: 1.1 [pid: 7|app: 0|req: 261/522] 10.0.0.189 () {34 vars in 816 bytes} [Sat Jul 25 15:02:20 2026] DELETE /resource_providers/b48c3496-7b44-4dfb-9df6-3257d27f3b35 => generated 246 bytes in 12 msecs (HTTP/1.1 404) 6 headers in 231 bytes (1 switches on core 0)
2026-07-25 15:02:20.336 8 INFO placement.requestlog [None req-fae5bc62-c165-43f0-b6ea-f3c3c16a67a2 7a29514c677845c4a3a91007118d4d13 efe7cdb4959541bb932ceae0dfd28eba - - 51ac008080454bc9a9a74d96df8a87c2 51ac008080454bc9a9a74d96df8a87c2] 10.0.0.189 "DELETE /resource_providers/b48c3496-7b44-4dfb-9df6-3257d27f3b35" status: 404 len: 246 microversion: 1.1 [pid: 8|app: 0|req: 262/523] 10.0.0.189 () {34 vars in 816 bytes} [Sat Jul 25 15:02:20 2026] DELETE /resource_providers/b48c3496-7b44-4dfb-9df6-3257d27f3b35 => generated 246 bytes in 17 msecs (HTTP/1.1 404) 6 headers in 231 bytes (1 switches on core 0)
2026-07-25 15:02:22.353 7 INFO placement.requestlog [None req-f5511672-c998-4336-8b69-acf07fa11a1b 7a29514c677845c4a3a91007118d4d13 efe7cdb4959541bb932ceae0dfd28eba - - 51ac008080454bc9a9a74d96df8a87c2 51ac008080454bc9a9a74d96df8a87c2] 10.0.0.189 "GET /resource_providers/9ac4783e-43d0-4fab-bacf-c05d39d67157/aggregates" status: 404 len: 235 microversion: 1.1
2026-07-25 15:02:22.353 8 INFO placement.requestlog [None req-8b2463f3-125a-4817-9a57-e4d75d22cf60 7a29514c677845c4a3a91007118d4d13 efe7cdb4959541bb932ceae0dfd28eba - - 51ac008080454bc9a9a74d96df8a87c2 51ac008080454bc9a9a74d96df8a87c2] 10.0.0.189 "GET /resource_providers/9ac4783e-43d0-4fab-bacf-c05d39d67157/aggregates" status: 404 len: 235 microversion: 1.1 [pid: 8|app: 0|req: 263/525] 10.0.0.189 () {32 vars in 816 bytes} [Sat Jul 25 15:02:22 2026] GET /resource_providers/9ac4783e-43d0-4fab-bacf-c05d39d67157/aggregates => generated 235 bytes in 9 msecs (HTTP/1.1 404) 5 headers in 202 bytes (1 switches on core 0) [pid: 7|app: 0|req: 262/525] 10.0.0.189 () {32 vars in 816 bytes} [Sat Jul 25 15:02:22 2026] GET /resource_providers/9ac4783e-43d0-4fab-bacf-c05d39d67157/aggregates => generated 235 bytes in 11 msecs (HTTP/1.1 404) 5 headers in 202 bytes (1 switches on core 0)
2026-07-25 15:02:22.378 8 INFO placement.requestlog [None req-42ebd619-de06-47da-a24d-8272e3ad6d4f 7a29514c677845c4a3a91007118d4d13 efe7cdb4959541bb932ceae0dfd28eba - - 51ac008080454bc9a9a74d96df8a87c2 51ac008080454bc9a9a74d96df8a87c2] 10.0.0.189 "DELETE /resource_providers/9ac4783e-43d0-4fab-bacf-c05d39d67157" status: 404 len: 246 microversion: 1.1 [pid: 8|app: 0|req: 264/526] 10.0.0.189 () {34 vars in 816 bytes} [Sat Jul 25 15:02:22 2026] DELETE /resource_providers/9ac4783e-43d0-4fab-bacf-c05d39d67157 => generated 246 bytes in 10 msecs (HTTP/1.1 404) 6 headers in 231 bytes (1 switches on core 0)
2026-07-25 15:02:22.382 7 INFO placement.requestlog [None req-bc93f596-0045-427c-9df0-3d85fee0cc47 7a29514c677845c4a3a91007118d4d13 efe7cdb4959541bb932ceae0dfd28eba - - 51ac008080454bc9a9a74d96df8a87c2 51ac008080454bc9a9a74d96df8a87c2] 10.0.0.189 "DELETE /resource_providers/9ac4783e-43d0-4fab-bacf-c05d39d67157" status: 404 len: 246 microversion: 1.1 [pid: 7|app: 0|req: 263/527] 10.0.0.189 () {34 vars in 816 bytes} [Sat Jul 25 15:02:22 2026] DELETE /resource_providers/9ac4783e-43d0-4fab-bacf-c05d39d67157 => generated 246 bytes in 10 msecs (HTTP/1.1 404) 6 headers in 231 bytes (1 switches on core 0)
2026-07-25 15:02:24.403 8 INFO placement.requestlog [None req-c1c4dfbe-ca7c-42c9-b572-92f6a0660f11 7a29514c677845c4a3a91007118d4d13 efe7cdb4959541bb932ceae0dfd28eba - - 51ac008080454bc9a9a74d96df8a87c2 51ac008080454bc9a9a74d96df8a87c2] 10.0.0.189 "GET /resource_providers/6f29d87f-3c7d-450f-b5dd-e6b08bbfa650/aggregates" status: 404 len: 235 microversion: 1.1
2026-07-25 15:02:24.403 7 INFO placement.requestlog [None req-a8cac51c-0aa0-4ac4-a4bd-14c57100fdf0 7a29514c677845c4a3a91007118d4d13 efe7cdb4959541bb932ceae0dfd28eba - - 51ac008080454bc9a9a74d96df8a87c2 51ac008080454bc9a9a74d96df8a87c2] 10.0.0.189 "GET /resource_providers/6f29d87f-3c7d-450f-b5dd-e6b08bbfa650/aggregates" status: 404 len: 235 microversion: 1.1 [pid: 7|app: 0|req: 264/528] 10.0.0.189 () {32 vars in 816 bytes} [Sat Jul 25 15:02:24 2026] GET /resource_providers/6f29d87f-3c7d-450f-b5dd-e6b08bbfa650/aggregates => generated 235 bytes in 10 msecs (HTTP/1.1 404) 5 headers in 202 bytes (1 switches on core 0) [pid: 8|app: 0|req: 265/529] 10.0.0.189 () {32 vars in 816 bytes} [Sat Jul 25 15:02:24 2026] GET /resource_providers/6f29d87f-3c7d-450f-b5dd-e6b08bbfa650/aggregates => generated 235 bytes in 11 msecs (HTTP/1.1 404) 5 headers in 202 bytes (1 switches on core 0)
2026-07-25 15:02:24.429 8 INFO placement.requestlog [None req-a82c0c40-eb49-4dd4-a68e-5eb9f46b2000 7a29514c677845c4a3a91007118d4d13 efe7cdb4959541bb932ceae0dfd28eba - - 51ac008080454bc9a9a74d96df8a87c2 51ac008080454bc9a9a74d96df8a87c2] 10.0.0.189 "DELETE /resource_providers/6f29d87f-3c7d-450f-b5dd-e6b08bbfa650" status: 404 len: 246 microversion: 1.1 [pid: 8|app: 0|req: 266/530] 10.0.0.189 () {34 vars in 816 bytes} [Sat Jul 25 15:02:24 2026] DELETE /resource_providers/6f29d87f-3c7d-450f-b5dd-e6b08bbfa650 => generated 246 bytes in 8 msecs (HTTP/1.1 404) 6 headers in 231 bytes (1 switches on core 0)
2026-07-25 15:02:24.435 7 INFO placement.requestlog [None req-dd108cfc-0cc4-4291-b772-2a1e215c7261 7a29514c677845c4a3a91007118d4d13 efe7cdb4959541bb932ceae0dfd28eba - - 51ac008080454bc9a9a74d96df8a87c2 51ac008080454bc9a9a74d96df8a87c2] 10.0.0.189 "DELETE /resource_providers/6f29d87f-3c7d-450f-b5dd-e6b08bbfa650" status: 404 len: 246 microversion: 1.1 [pid: 7|app: 0|req: 265/531] 10.0.0.189 () {34 vars in 816 bytes} [Sat Jul 25 15:02:24 2026] DELETE /resource_providers/6f29d87f-3c7d-450f-b5dd-e6b08bbfa650 => generated 246 bytes in 18 msecs (HTTP/1.1 404) 6 headers in 231 bytes (1 switches on core 0)
2026-07-25 15:02:26.455 8 INFO placement.requestlog [None req-f12082d5-da1b-4805-956a-38b9acee2110 7a29514c677845c4a3a91007118d4d13 efe7cdb4959541bb932ceae0dfd28eba - - 51ac008080454bc9a9a74d96df8a87c2 51ac008080454bc9a9a74d96df8a87c2] 10.0.0.189 "GET /resource_providers/d1178621-0ead-43e2-9246-5643a4c8a42e/aggregates" status: 404 len: 235 microversion: 1.1 [pid: 8|app: 0|req: 267/532] 10.0.0.189 () {32 vars in 816 bytes} [Sat Jul 25 15:02:26 2026] GET /resource_providers/d1178621-0ead-43e2-9246-5643a4c8a42e/aggregates => generated 235 bytes in 10 msecs (HTTP/1.1 404) 5 headers in 202 bytes (1 switches on core 0)
2026-07-25 15:02:26.466 7 INFO placement.requestlog [None req-7e695272-ae68-47bf-8bc0-486cc8964c39 7a29514c677845c4a3a91007118d4d13 efe7cdb4959541bb932ceae0dfd28eba - - 51ac008080454bc9a9a74d96df8a87c2 51ac008080454bc9a9a74d96df8a87c2] 10.0.0.189 "GET /resource_providers/d1178621-0ead-43e2-9246-5643a4c8a42e/aggregates" status: 404 len: 235 microversion: 1.1 [pid: 7|app: 0|req: 266/533] 10.0.0.189 () {32 vars in 816 bytes} [Sat Jul 25 15:02:26 2026] GET /resource_providers/d1178621-0ead-43e2-9246-5643a4c8a42e/aggregates => generated 235 bytes in 17 msecs (HTTP/1.1 404) 5 headers in 202 bytes (1 switches on core 0)
2026-07-25 15:02:26.481 8 INFO placement.requestlog [None req-030731f6-3bc1-4c65-894f-029c6cce27a5 7a29514c677845c4a3a91007118d4d13 efe7cdb4959541bb932ceae0dfd28eba - - 51ac008080454bc9a9a74d96df8a87c2 51ac008080454bc9a9a74d96df8a87c2] 10.0.0.189 "DELETE /resource_providers/d1178621-0ead-43e2-9246-5643a4c8a42e" status: 404 len: 246 microversion: 1.1 [pid: 8|app: 0|req: 268/534] 10.0.0.189 () {34 vars in 816 bytes} [Sat Jul 25 15:02:26 2026] DELETE /resource_providers/d1178621-0ead-43e2-9246-5643a4c8a42e => generated 246 bytes in 10 msecs (HTTP/1.1 404) 6 headers in 231 bytes (1 switches on core 0)
2026-07-25 15:02:26.495 7 INFO placement.requestlog [None req-e12ee3a0-1440-46cb-8f3c-380d249ef2c4 7a29514c677845c4a3a91007118d4d13 efe7cdb4959541bb932ceae0dfd28eba - - 51ac008080454bc9a9a74d96df8a87c2 51ac008080454bc9a9a74d96df8a87c2] 10.0.0.189 "DELETE /resource_providers/d1178621-0ead-43e2-9246-5643a4c8a42e" status: 404 len: 246 microversion: 1.1 [pid: 7|app: 0|req: 267/535] 10.0.0.189 () {34 vars in 816 bytes} [Sat Jul 25 15:02:26 2026] DELETE /resource_providers/d1178621-0ead-43e2-9246-5643a4c8a42e => generated 246 bytes in 12 msecs (HTTP/1.1 404) 6 headers in 231 bytes (1 switches on core 0)
2026-07-25 15:02:26.502 8 INFO placement.requestlog [None req-7803814a-e2a4-4d95-aac0-488737211c25 7a29514c677845c4a3a91007118d4d13 efe7cdb4959541bb932ceae0dfd28eba - - 51ac008080454bc9a9a74d96df8a87c2 51ac008080454bc9a9a74d96df8a87c2] 10.0.0.189 "GET /resource_providers/ec9c3d5e-f087-493f-9bd6-ac4fdf93fdfb/aggregates" status: 404 len: 235 microversion: 1.1 [pid: 8|app: 0|req: 269/536] 10.0.0.189 () {32 vars in 816 bytes} [Sat Jul 25 15:02:26 2026] GET /resource_providers/ec9c3d5e-f087-493f-9bd6-ac4fdf93fdfb/aggregates => generated 235 bytes in 9 msecs (HTTP/1.1 404) 5 headers in 202 bytes (1 switches on core 0)
2026-07-25 15:02:26.514 8 INFO placement.requestlog [None req-439578da-3cbf-4103-b1dd-c531c1e3a4b1 7a29514c677845c4a3a91007118d4d13 efe7cdb4959541bb932ceae0dfd28eba - - 51ac008080454bc9a9a74d96df8a87c2 51ac008080454bc9a9a74d96df8a87c2] 10.0.0.189 "DELETE /resource_providers/ec9c3d5e-f087-493f-9bd6-ac4fdf93fdfb" status: 404 len: 246 microversion: 1.1 [pid: 8|app: 0|req: 270/537] 10.0.0.189 () {34 vars in 816 bytes} [Sat Jul 25 15:02:26 2026] DELETE /resource_providers/ec9c3d5e-f087-493f-9bd6-ac4fdf93fdfb => generated 246 bytes in 5 msecs (HTTP/1.1 404) 6 headers in 231 bytes (1 switches on core 0)
2026-07-25 15:02:26.519 7 INFO placement.requestlog [None req-3fb36fb4-483c-40e6-a2b7-e747800d1467 7a29514c677845c4a3a91007118d4d13 efe7cdb4959541bb932ceae0dfd28eba - - 51ac008080454bc9a9a74d96df8a87c2 51ac008080454bc9a9a74d96df8a87c2] 10.0.0.189 "GET /resource_providers/ec9c3d5e-f087-493f-9bd6-ac4fdf93fdfb/aggregates" status: 404 len: 235 microversion: 1.1 [pid: 7|app: 0|req: 268/538] 10.0.0.189 () {32 vars in 816 bytes} [Sat Jul 25 15:02:26 2026] GET /resource_providers/ec9c3d5e-f087-493f-9bd6-ac4fdf93fdfb/aggregates => generated 235 bytes in 13 msecs (HTTP/1.1 404) 5 headers in 202 bytes (1 switches on core 0)
2026-07-25 15:02:26.538 8 INFO placement.requestlog [None req-589cf45f-3d62-4bdb-a854-8ca92270caaa 7a29514c677845c4a3a91007118d4d13 efe7cdb4959541bb932ceae0dfd28eba - - 51ac008080454bc9a9a74d96df8a87c2 51ac008080454bc9a9a74d96df8a87c2] 10.0.0.189 "DELETE /resource_providers/ec9c3d5e-f087-493f-9bd6-ac4fdf93fdfb" status: 404 len: 246 microversion: 1.1 [pid: 8|app: 0|req: 271/539] 10.0.0.189 () {34 vars in 816 bytes} [Sat Jul 25 15:02:26 2026] DELETE /resource_providers/ec9c3d5e-f087-493f-9bd6-ac4fdf93fdfb => generated 246 bytes in 12 msecs (HTTP/1.1 404) 6 headers in 231 bytes (1 switches on core 0)
2026-07-25 15:02:26.980 8 INFO placement.requestlog [None req-bf1ed1f2-86eb-4314-9d76-bbac0e25c345 - - - - - -] 10.0.0.238 "GET /" status: 200 len: 136 microversion: 1.0
2026-07-25 15:02:26.980 7 INFO placement.requestlog [None req-27f02124-f2a9-4895-bfcf-81210c4b072e - - - - - -] 10.0.0.238 "GET /" status: 200 len: 136 microversion: 1.0
2026-07-25 15:02:26.994 7 INFO placement.requestlog [None req-8d3cf3ca-c76d-48eb-9b3e-2124a73f04bf 7a29514c677845c4a3a91007118d4d13 efe7cdb4959541bb932ceae0dfd28eba - - 51ac008080454bc9a9a74d96df8a87c2 51ac008080454bc9a9a74d96df8a87c2] 10.0.0.189 "GET /resource_providers/b3e663c0-f6c7-4ffc-8858-a5871159f251/aggregates" status: 404 len: 235 microversion: 1.1 [pid: 7|app: 0|req: 270/542] 10.0.0.189 () {32 vars in 816 bytes} [Sat Jul 25 15:02:26 2026] GET /resource_providers/b3e663c0-f6c7-4ffc-8858-a5871159f251/aggregates => generated 235 bytes in 13 msecs (HTTP/1.1 404) 5 headers in 202 bytes (1 switches on core 0)
2026-07-25 15:02:26.998 8 INFO placement.requestlog [None req-35eac6b1-86b6-4035-b89b-d8d7ae0f964d 7a29514c677845c4a3a91007118d4d13 efe7cdb4959541bb932ceae0dfd28eba - - 51ac008080454bc9a9a74d96df8a87c2 51ac008080454bc9a9a74d96df8a87c2] 10.0.0.189 "GET /resource_providers/b3e663c0-f6c7-4ffc-8858-a5871159f251/aggregates" status: 404 len: 235 microversion: 1.1 [pid: 8|app: 0|req: 273/543] 10.0.0.189 () {32 vars in 816 bytes} [Sat Jul 25 15:02:26 2026] GET /resource_providers/b3e663c0-f6c7-4ffc-8858-a5871159f251/aggregates => generated 235 bytes in 11 msecs (HTTP/1.1 404) 5 headers in 202 bytes (1 switches on core 0)
2026-07-25 15:02:27.025 7 INFO placement.requestlog [None req-764e6d9b-e396-49a4-8c6e-92a6b0487b50 7a29514c677845c4a3a91007118d4d13 efe7cdb4959541bb932ceae0dfd28eba - - 51ac008080454bc9a9a74d96df8a87c2 51ac008080454bc9a9a74d96df8a87c2] 10.0.0.189 "DELETE /resource_providers/b3e663c0-f6c7-4ffc-8858-a5871159f251" status: 404 len: 246 microversion: 1.1 [pid: 7|app: 0|req: 271/544] 10.0.0.189 () {34 vars in 816 bytes} [Sat Jul 25 15:02:27 2026] DELETE /resource_providers/b3e663c0-f6c7-4ffc-8858-a5871159f251 => generated 246 bytes in 14 msecs (HTTP/1.1 404) 6 headers in 231 bytes (1 switches on core 0)
2026-07-25 15:02:27.029 8 INFO placement.requestlog [None req-d4706e67-7adf-4c84-b676-97a53cf16eac 7a29514c677845c4a3a91007118d4d13 efe7cdb4959541bb932ceae0dfd28eba - - 51ac008080454bc9a9a74d96df8a87c2 51ac008080454bc9a9a74d96df8a87c2] 10.0.0.189 "DELETE /resource_providers/b3e663c0-f6c7-4ffc-8858-a5871159f251" status: 404 len: 246 microversion: 1.1 [pid: 8|app: 0|req: 274/545] 10.0.0.189 () {34 vars in 816 bytes} [Sat Jul 25 15:02:27 2026] DELETE /resource_providers/b3e663c0-f6c7-4ffc-8858-a5871159f251 => generated 246 bytes in 12 msecs (HTTP/1.1 404) 6 headers in 231 bytes (1 switches on core 0)
2026-07-25 15:02:27.754 7 INFO placement.requestlog [req-5a14d6a6-19f0-486f-88d5-fa21675ac91d req-226624ed-0253-4006-a08d-5f449149a227 6c914e421d644278bbcabc460dec3d0f efe7cdb4959541bb932ceae0dfd28eba - - 51ac008080454bc9a9a74d96df8a87c2 51ac008080454bc9a9a74d96df8a87c2] 162.253.55.222 "GET /resource_providers/3df45964-b57a-4e8e-a14c-076a76ddf09b/allocations" status: 200 len: 152 microversion: 1.0 [pid: 7|app: 0|req: 272/546] 162.253.55.222 () {32 vars in 857 bytes} [Sat Jul 25 15:02:27 2026] GET /resource_providers/3df45964-b57a-4e8e-a14c-076a76ddf09b/allocations => generated 152 bytes in 13 msecs (HTTP/1.1 200) 6 headers in 224 bytes (1 switches on core 0)
2026-07-25 15:02:27.771 8 INFO placement.requestlog [req-5a14d6a6-19f0-486f-88d5-fa21675ac91d req-77ba3d36-ee32-4d37-b35b-3c64f6b70db6 6c914e421d644278bbcabc460dec3d0f efe7cdb4959541bb932ceae0dfd28eba - - 51ac008080454bc9a9a74d96df8a87c2 51ac008080454bc9a9a74d96df8a87c2] 162.253.55.222 "GET /allocations/4746b725-4663-4bfe-b5ea-00eaecac43d1" status: 200 len: 257 microversion: 1.28 [pid: 8|app: 0|req: 275/547] 162.253.55.222 () {34 vars in 863 bytes} [Sat Jul 25 15:02:27 2026] GET /allocations/4746b725-4663-4bfe-b5ea-00eaecac43d1 => generated 257 bytes in 12 msecs (HTTP/1.1 200) 8 headers in 296 bytes (1 switches on core 0)
2026-07-25 15:02:28.541 7 INFO placement.requestlog [None req-69a90246-108c-4a6f-849b-5b788c8acbef 7a29514c677845c4a3a91007118d4d13 efe7cdb4959541bb932ceae0dfd28eba - - 51ac008080454bc9a9a74d96df8a87c2 51ac008080454bc9a9a74d96df8a87c2] 10.0.0.189 "GET /resource_providers/d17258ef-623a-49c5-bf63-58c2228c64ce/aggregates" status: 404 len: 235 microversion: 1.1 [pid: 7|app: 0|req: 273/548] 10.0.0.189 () {32 vars in 816 bytes} [Sat Jul 25 15:02:28 2026] GET /resource_providers/d17258ef-623a-49c5-bf63-58c2228c64ce/aggregates => generated 235 bytes in 16 msecs (HTTP/1.1 404) 5 headers in 202 bytes (1 switches on core 0)
2026-07-25 15:02:28.564 8 INFO placement.requestlog [None req-6ab26f64-851f-4b65-9f3f-2862bf125616 7a29514c677845c4a3a91007118d4d13 efe7cdb4959541bb932ceae0dfd28eba - - 51ac008080454bc9a9a74d96df8a87c2 51ac008080454bc9a9a74d96df8a87c2] 10.0.0.189 "GET /resource_providers/d17258ef-623a-49c5-bf63-58c2228c64ce/aggregates" status: 404 len: 235 microversion: 1.1 [pid: 8|app: 0|req: 276/549] 10.0.0.189 () {32 vars in 816 bytes} [Sat Jul 25 15:02:28 2026] GET /resource_providers/d17258ef-623a-49c5-bf63-58c2228c64ce/aggregates => generated 235 bytes in 14 msecs (HTTP/1.1 404) 5 headers in 202 bytes (1 switches on core 0)
2026-07-25 15:02:28.582 7 INFO placement.requestlog [None req-f4d0f4a3-d271-403e-9deb-26c3a8445f69 7a29514c677845c4a3a91007118d4d13 efe7cdb4959541bb932ceae0dfd28eba - - 51ac008080454bc9a9a74d96df8a87c2 51ac008080454bc9a9a74d96df8a87c2] 10.0.0.189 "DELETE /resource_providers/d17258ef-623a-49c5-bf63-58c2228c64ce" status: 404 len: 246 microversion: 1.1 [pid: 7|app: 0|req: 274/550] 10.0.0.189 () {34 vars in 816 bytes} [Sat Jul 25 15:02:28 2026] DELETE /resource_providers/d17258ef-623a-49c5-bf63-58c2228c64ce => generated 246 bytes in 18 msecs (HTTP/1.1 404) 6 headers in 231 bytes (1 switches on core 0)
2026-07-25 15:02:28.594 8 INFO placement.requestlog [None req-f1e3760f-17c3-4684-bcbb-8929109ccc83 7a29514c677845c4a3a91007118d4d13 efe7cdb4959541bb932ceae0dfd28eba - - 51ac008080454bc9a9a74d96df8a87c2 51ac008080454bc9a9a74d96df8a87c2] 10.0.0.189 "DELETE /resource_providers/d17258ef-623a-49c5-bf63-58c2228c64ce" status: 404 len: 246 microversion: 1.1 [pid: 8|app: 0|req: 277/551] 10.0.0.189 () {34 vars in 816 bytes} [Sat Jul 25 15:02:28 2026] DELETE /resource_providers/d17258ef-623a-49c5-bf63-58c2228c64ce => generated 246 bytes in 11 msecs (HTTP/1.1 404) 6 headers in 231 bytes (1 switches on core 0)
2026-07-25 15:02:28.819 7 INFO placement.requestlog [req-5a14d6a6-19f0-486f-88d5-fa21675ac91d req-c93b19e5-f7b5-427a-a649-bae4f3d5e713 6c914e421d644278bbcabc460dec3d0f efe7cdb4959541bb932ceae0dfd28eba - - 51ac008080454bc9a9a74d96df8a87c2 51ac008080454bc9a9a74d96df8a87c2] 162.253.55.222 "DELETE /allocations/4746b725-4663-4bfe-b5ea-00eaecac43d1" status: 204 len: 0 microversion: 1.0 [pid: 7|app: 0|req: 275/552] 162.253.55.222 () {34 vars in 841 bytes} [Sat Jul 25 15:02:28 2026] DELETE /allocations/4746b725-4663-4bfe-b5ea-00eaecac43d1 => generated 0 bytes in 23 msecs (HTTP/1.1 204) 5 headers in 198 bytes (1 switches on core 0)
2026-07-25 15:02:29.055 8 INFO placement.requestlog [None req-1a626388-c792-4cf4-9b01-b4ac5a2f5025 7a29514c677845c4a3a91007118d4d13 efe7cdb4959541bb932ceae0dfd28eba - - 51ac008080454bc9a9a74d96df8a87c2 51ac008080454bc9a9a74d96df8a87c2] 10.0.0.189 "GET /resource_providers/873a6dfa-6edb-467e-bf7d-124fc1681765/aggregates" status: 404 len: 235 microversion: 1.1 [pid: 8|app: 0|req: 278/553] 10.0.0.189 () {32 vars in 816 bytes} [Sat Jul 25 15:02:29 2026] GET /resource_providers/873a6dfa-6edb-467e-bf7d-124fc1681765/aggregates => generated 235 bytes in 11 msecs (HTTP/1.1 404) 5 headers in 202 bytes (1 switches on core 0)
2026-07-25 15:02:29.065 7 INFO placement.requestlog [None req-a941272b-84c1-4bd2-bf1a-e307eab9b512 7a29514c677845c4a3a91007118d4d13 efe7cdb4959541bb932ceae0dfd28eba - - 51ac008080454bc9a9a74d96df8a87c2 51ac008080454bc9a9a74d96df8a87c2] 10.0.0.189 "GET /resource_providers/873a6dfa-6edb-467e-bf7d-124fc1681765/aggregates" status: 404 len: 235 microversion: 1.1 [pid: 7|app: 0|req: 276/554] 10.0.0.189 () {32 vars in 816 bytes} [Sat Jul 25 15:02:29 2026] GET /resource_providers/873a6dfa-6edb-467e-bf7d-124fc1681765/aggregates => generated 235 bytes in 18 msecs (HTTP/1.1 404) 5 headers in 202 bytes (1 switches on core 0)
2026-07-25 15:02:29.069 8 INFO placement.requestlog [None req-fe4d2660-4067-45bd-895f-ebee676b0c86 7a29514c677845c4a3a91007118d4d13 efe7cdb4959541bb932ceae0dfd28eba - - 51ac008080454bc9a9a74d96df8a87c2 51ac008080454bc9a9a74d96df8a87c2] 10.0.0.189 "DELETE /resource_providers/873a6dfa-6edb-467e-bf7d-124fc1681765" status: 404 len: 246 microversion: 1.1 [pid: 8|app: 0|req: 279/555] 10.0.0.189 () {34 vars in 816 bytes} [Sat Jul 25 15:02:29 2026] DELETE /resource_providers/873a6dfa-6edb-467e-bf7d-124fc1681765 => generated 246 bytes in 8 msecs (HTTP/1.1 404) 6 headers in 231 bytes (1 switches on core 0)
2026-07-25 15:02:29.091 8 INFO placement.requestlog [None req-082a888d-d3a4-446d-8b7a-37f36e4bfd5e 7a29514c677845c4a3a91007118d4d13 efe7cdb4959541bb932ceae0dfd28eba - - 51ac008080454bc9a9a74d96df8a87c2 51ac008080454bc9a9a74d96df8a87c2] 10.0.0.189 "GET /resource_providers/2ff70dd1-e062-47e9-bd8f-6187d5b0aabf/aggregates" status: 404 len: 235 microversion: 1.1 [pid: 8|app: 0|req: 280/556] 10.0.0.189 () {32 vars in 816 bytes} [Sat Jul 25 15:02:29 2026] GET /resource_providers/2ff70dd1-e062-47e9-bd8f-6187d5b0aabf/aggregates => generated 235 bytes in 14 msecs (HTTP/1.1 404) 5 headers in 202 bytes (1 switches on core 0)
2026-07-25 15:02:29.094 7 INFO placement.requestlog [None req-d71299c9-6f04-4c93-87cc-fedac1abd407 7a29514c677845c4a3a91007118d4d13 efe7cdb4959541bb932ceae0dfd28eba - - 51ac008080454bc9a9a74d96df8a87c2 51ac008080454bc9a9a74d96df8a87c2] 10.0.0.189 "DELETE /resource_providers/873a6dfa-6edb-467e-bf7d-124fc1681765" status: 404 len: 246 microversion: 1.1 [pid: 7|app: 0|req: 277/557] 10.0.0.189 () {34 vars in 816 bytes} [Sat Jul 25 15:02:29 2026] DELETE /resource_providers/873a6dfa-6edb-467e-bf7d-124fc1681765 => generated 246 bytes in 19 msecs (HTTP/1.1 404) 6 headers in 231 bytes (1 switches on core 0)
2026-07-25 15:02:29.109 8 INFO placement.requestlog [None req-2b61bed2-61d2-4667-88a3-1f44da859640 7a29514c677845c4a3a91007118d4d13 efe7cdb4959541bb932ceae0dfd28eba - - 51ac008080454bc9a9a74d96df8a87c2 51ac008080454bc9a9a74d96df8a87c2] 10.0.0.189 "DELETE /resource_providers/2ff70dd1-e062-47e9-bd8f-6187d5b0aabf" status: 404 len: 246 microversion: 1.1 [pid: 8|app: 0|req: 281/558] 10.0.0.189 () {34 vars in 816 bytes} [Sat Jul 25 15:02:29 2026] DELETE /resource_providers/2ff70dd1-e062-47e9-bd8f-6187d5b0aabf => generated 246 bytes in 7 msecs (HTTP/1.1 404) 6 headers in 231 bytes (1 switches on core 0)
2026-07-25 15:02:29.115 7 INFO placement.requestlog [None req-55ed5710-b6b3-4b05-b9a6-41a799db3340 7a29514c677845c4a3a91007118d4d13 efe7cdb4959541bb932ceae0dfd28eba - - 51ac008080454bc9a9a74d96df8a87c2 51ac008080454bc9a9a74d96df8a87c2] 10.0.0.189 "GET /resource_providers/2ff70dd1-e062-47e9-bd8f-6187d5b0aabf/aggregates" status: 404 len: 235 microversion: 1.1 [pid: 7|app: 0|req: 278/559] 10.0.0.189 () {32 vars in 816 bytes} [Sat Jul 25 15:02:29 2026] GET /resource_providers/2ff70dd1-e062-47e9-bd8f-6187d5b0aabf/aggregates => generated 235 bytes in 10 msecs (HTTP/1.1 404) 5 headers in 202 bytes (1 switches on core 0)
2026-07-25 15:02:29.127 8 INFO placement.requestlog [None req-6cf6ef9b-36ea-425e-80b7-f5d4885d8389 7a29514c677845c4a3a91007118d4d13 efe7cdb4959541bb932ceae0dfd28eba - - 51ac008080454bc9a9a74d96df8a87c2 51ac008080454bc9a9a74d96df8a87c2] 10.0.0.189 "GET /resource_providers/bcfe2265-24c8-453d-b92d-a337fb4c16cf/aggregates" status: 404 len: 235 microversion: 1.1 [pid: 8|app: 0|req: 282/560] 10.0.0.189 () {32 vars in 816 bytes} [Sat Jul 25 15:02:29 2026] GET /resource_providers/bcfe2265-24c8-453d-b92d-a337fb4c16cf/aggregates => generated 235 bytes in 8 msecs (HTTP/1.1 404) 5 headers in 202 bytes (1 switches on core 0)
2026-07-25 15:02:29.136 7 INFO placement.requestlog [None req-74ba0b12-38a0-4023-9976-a71add8cdd1e 7a29514c677845c4a3a91007118d4d13 efe7cdb4959541bb932ceae0dfd28eba - - 51ac008080454bc9a9a74d96df8a87c2 51ac008080454bc9a9a74d96df8a87c2] 10.0.0.189 "DELETE /resource_providers/2ff70dd1-e062-47e9-bd8f-6187d5b0aabf" status: 404 len: 246 microversion: 1.1 [pid: 7|app: 0|req: 279/561] 10.0.0.189 () {34 vars in 816 bytes} [Sat Jul 25 15:02:29 2026] DELETE /resource_providers/2ff70dd1-e062-47e9-bd8f-6187d5b0aabf => generated 246 bytes in 12 msecs (HTTP/1.1 404) 6 headers in 231 bytes (1 switches on core 0)
2026-07-25 15:02:29.140 8 INFO placement.requestlog [None req-c0214dee-5970-44f1-aefc-0357c1431b3c 7a29514c677845c4a3a91007118d4d13 efe7cdb4959541bb932ceae0dfd28eba - - 51ac008080454bc9a9a74d96df8a87c2 51ac008080454bc9a9a74d96df8a87c2] 10.0.0.189 "DELETE /resource_providers/bcfe2265-24c8-453d-b92d-a337fb4c16cf" status: 404 len: 246 microversion: 1.1 [pid: 8|app: 0|req: 283/562] 10.0.0.189 () {34 vars in 816 bytes} [Sat Jul 25 15:02:29 2026] DELETE /resource_providers/bcfe2265-24c8-453d-b92d-a337fb4c16cf => generated 246 bytes in 8 msecs (HTTP/1.1 404) 6 headers in 231 bytes (1 switches on core 0)
2026-07-25 15:02:29.155 7 INFO placement.requestlog [None req-2e452692-e14c-409d-b655-3fd4e1c7ff10 7a29514c677845c4a3a91007118d4d13 efe7cdb4959541bb932ceae0dfd28eba - - 51ac008080454bc9a9a74d96df8a87c2 51ac008080454bc9a9a74d96df8a87c2] 10.0.0.189 "GET /resource_providers/bcfe2265-24c8-453d-b92d-a337fb4c16cf/aggregates" status: 404 len: 235 microversion: 1.1 [pid: 7|app: 0|req: 280/563] 10.0.0.189 () {32 vars in 816 bytes} [Sat Jul 25 15:02:29 2026] GET /resource_providers/bcfe2265-24c8-453d-b92d-a337fb4c16cf/aggregates => generated 235 bytes in 10 msecs (HTTP/1.1 404) 5 headers in 202 bytes (1 switches on core 0)
2026-07-25 15:02:29.169 8 INFO placement.requestlog [None req-ed8c5ef3-56f0-4600-a7b3-8ffc71fdbfdc 7a29514c677845c4a3a91007118d4d13 efe7cdb4959541bb932ceae0dfd28eba - - 51ac008080454bc9a9a74d96df8a87c2 51ac008080454bc9a9a74d96df8a87c2] 10.0.0.189 "DELETE /resource_providers/bcfe2265-24c8-453d-b92d-a337fb4c16cf" status: 404 len: 246 microversion: 1.1 [pid: 8|app: 0|req: 284/564] 10.0.0.189 () {34 vars in 816 bytes} [Sat Jul 25 15:02:29 2026] DELETE /resource_providers/bcfe2265-24c8-453d-b92d-a337fb4c16cf => generated 246 bytes in 9 msecs (HTTP/1.1 404) 6 headers in 231 bytes (1 switches on core 0)
2026-07-25 15:02:30.608 7 INFO placement.requestlog [None req-d7092236-ac0b-4e22-8f48-6abf7cd90b5d 7a29514c677845c4a3a91007118d4d13 efe7cdb4959541bb932ceae0dfd28eba - - 51ac008080454bc9a9a74d96df8a87c2 51ac008080454bc9a9a74d96df8a87c2] 10.0.0.189 "GET /resource_providers/b9f975d2-c169-475b-a4c3-5d250fae1c9b/aggregates" status: 404 len: 235 microversion: 1.1 [pid: 7|app: 0|req: 281/565] 10.0.0.189 () {32 vars in 816 bytes} [Sat Jul 25 15:02:30 2026] GET /resource_providers/b9f975d2-c169-475b-a4c3-5d250fae1c9b/aggregates => generated 235 bytes in 9 msecs (HTTP/1.1 404) 5 headers in 202 bytes (1 switches on core 0)
2026-07-25 15:02:30.621 8 INFO placement.requestlog [None req-0f886102-999f-47d0-b0bb-5b2a16bf8c53 7a29514c677845c4a3a91007118d4d13 efe7cdb4959541bb932ceae0dfd28eba - - 51ac008080454bc9a9a74d96df8a87c2 51ac008080454bc9a9a74d96df8a87c2] 10.0.0.189 "GET /resource_providers/b9f975d2-c169-475b-a4c3-5d250fae1c9b/aggregates" status: 404 len: 235 microversion: 1.1 [pid: 8|app: 0|req: 285/566] 10.0.0.189 () {32 vars in 816 bytes} [Sat Jul 25 15:02:30 2026] GET /resource_providers/b9f975d2-c169-475b-a4c3-5d250fae1c9b/aggregates => generated 235 bytes in 14 msecs (HTTP/1.1 404) 5 headers in 202 bytes (1 switches on core 0)
2026-07-25 15:02:30.622 7 INFO placement.requestlog [None req-f1ea9826-df19-4d99-94b3-6e75b3d7dd80 7a29514c677845c4a3a91007118d4d13 efe7cdb4959541bb932ceae0dfd28eba - - 51ac008080454bc9a9a74d96df8a87c2 51ac008080454bc9a9a74d96df8a87c2] 10.0.0.189 "DELETE /resource_providers/b9f975d2-c169-475b-a4c3-5d250fae1c9b" status: 404 len: 246 microversion: 1.1 [pid: 7|app: 0|req: 282/567] 10.0.0.189 () {34 vars in 816 bytes} [Sat Jul 25 15:02:30 2026] DELETE /resource_providers/b9f975d2-c169-475b-a4c3-5d250fae1c9b => generated 246 bytes in 7 msecs (HTTP/1.1 404) 6 headers in 231 bytes (1 switches on core 0)
2026-07-25 15:02:30.634 8 INFO placement.requestlog [None req-38b1738f-59f1-499a-b00f-86142ea368a7 7a29514c677845c4a3a91007118d4d13 efe7cdb4959541bb932ceae0dfd28eba - - 51ac008080454bc9a9a74d96df8a87c2 51ac008080454bc9a9a74d96df8a87c2] 10.0.0.189 "DELETE /resource_providers/b9f975d2-c169-475b-a4c3-5d250fae1c9b" status: 404 len: 246 microversion: 1.1 [pid: 8|app: 0|req: 286/568] 10.0.0.189 () {34 vars in 816 bytes} [Sat Jul 25 15:02:30 2026] DELETE /resource_providers/b9f975d2-c169-475b-a4c3-5d250fae1c9b => generated 246 bytes in 6 msecs (HTTP/1.1 404) 6 headers in 231 bytes (1 switches on core 0)
2026-07-25 15:02:32.644 7 INFO placement.requestlog [None req-1ac5b62e-58e4-404d-a6c3-de42d0d5d4d1 7a29514c677845c4a3a91007118d4d13 efe7cdb4959541bb932ceae0dfd28eba - - 51ac008080454bc9a9a74d96df8a87c2 51ac008080454bc9a9a74d96df8a87c2] 10.0.0.189 "GET /resource_providers/07d18de2-42ff-4fb1-8615-ef9c4727127d/aggregates" status: 404 len: 235 microversion: 1.1 [pid: 7|app: 0|req: 283/569] 10.0.0.189 () {32 vars in 816 bytes} [Sat Jul 25 15:02:32 2026] GET /resource_providers/07d18de2-42ff-4fb1-8615-ef9c4727127d/aggregates => generated 235 bytes in 12 msecs (HTTP/1.1 404) 5 headers in 202 bytes (1 switches on core 0)
2026-07-25 15:02:32.656 8 INFO placement.requestlog [None req-37e579da-2bac-411d-af95-ae9a041fd8f5 7a29514c677845c4a3a91007118d4d13 efe7cdb4959541bb932ceae0dfd28eba - - 51ac008080454bc9a9a74d96df8a87c2 51ac008080454bc9a9a74d96df8a87c2] 10.0.0.189 "GET /resource_providers/07d18de2-42ff-4fb1-8615-ef9c4727127d/aggregates" status: 404 len: 235 microversion: 1.1 [pid: 8|app: 0|req: 287/570] 10.0.0.189 () {32 vars in 816 bytes} [Sat Jul 25 15:02:32 2026] GET /resource_providers/07d18de2-42ff-4fb1-8615-ef9c4727127d/aggregates => generated 235 bytes in 11 msecs (HTTP/1.1 404) 5 headers in 202 bytes (1 switches on core 0)
2026-07-25 15:02:32.665 7 INFO placement.requestlog [None req-16196292-ab9b-495d-8dc0-bb3771b2d66f 7a29514c677845c4a3a91007118d4d13 efe7cdb4959541bb932ceae0dfd28eba - - 51ac008080454bc9a9a74d96df8a87c2 51ac008080454bc9a9a74d96df8a87c2] 10.0.0.189 "DELETE /resource_providers/07d18de2-42ff-4fb1-8615-ef9c4727127d" status: 404 len: 246 microversion: 1.1 [pid: 7|app: 0|req: 284/571] 10.0.0.189 () {34 vars in 816 bytes} [Sat Jul 25 15:02:32 2026] DELETE /resource_providers/07d18de2-42ff-4fb1-8615-ef9c4727127d => generated 246 bytes in 11 msecs (HTTP/1.1 404) 6 headers in 231 bytes (1 switches on core 0)
2026-07-25 15:02:32.682 8 INFO placement.requestlog [None req-cb07d07d-af83-437e-90b3-2b98af3302c2 7a29514c677845c4a3a91007118d4d13 efe7cdb4959541bb932ceae0dfd28eba - - 51ac008080454bc9a9a74d96df8a87c2 51ac008080454bc9a9a74d96df8a87c2] 10.0.0.189 "GET /resource_providers/21748edb-52a9-4958-b84b-085f4ecfa664/aggregates" status: 404 len: 235 microversion: 1.1 [pid: 8|app: 0|req: 288/572] 10.0.0.189 () {32 vars in 816 bytes} [Sat Jul 25 15:02:32 2026] GET /resource_providers/21748edb-52a9-4958-b84b-085f4ecfa664/aggregates => generated 235 bytes in 9 msecs (HTTP/1.1 404) 5 headers in 202 bytes (1 switches on core 0)
2026-07-25 15:02:32.683 7 INFO placement.requestlog [None req-4637e3a7-bf36-406d-97e7-4f17219f37cd 7a29514c677845c4a3a91007118d4d13 efe7cdb4959541bb932ceae0dfd28eba - - 51ac008080454bc9a9a74d96df8a87c2 51ac008080454bc9a9a74d96df8a87c2] 10.0.0.189 "DELETE /resource_providers/07d18de2-42ff-4fb1-8615-ef9c4727127d" status: 404 len: 246 microversion: 1.1 [pid: 7|app: 0|req: 285/573] 10.0.0.189 () {34 vars in 816 bytes} [Sat Jul 25 15:02:32 2026] DELETE /resource_providers/07d18de2-42ff-4fb1-8615-ef9c4727127d => generated 246 bytes in 9 msecs (HTTP/1.1 404) 6 headers in 231 bytes (1 switches on core 0)
2026-07-25 15:02:32.703 7 INFO placement.requestlog [None req-b69fac5b-890f-4f78-ad52-2fc85c606935 7a29514c677845c4a3a91007118d4d13 efe7cdb4959541bb932ceae0dfd28eba - - 51ac008080454bc9a9a74d96df8a87c2 51ac008080454bc9a9a74d96df8a87c2] 10.0.0.189 "GET /resource_providers/21748edb-52a9-4958-b84b-085f4ecfa664/aggregates" status: 404 len: 235 microversion: 1.1 [pid: 7|app: 0|req: 286/574] 10.0.0.189 () {32 vars in 816 bytes} [Sat Jul 25 15:02:32 2026] GET /resource_providers/21748edb-52a9-4958-b84b-085f4ecfa664/aggregates => generated 235 bytes in 10 msecs (HTTP/1.1 404) 5 headers in 202 bytes (1 switches on core 0)
2026-07-25 15:02:32.705 8 INFO placement.requestlog [None req-e8a9018b-2a77-4896-ac29-65a69483bc38 7a29514c677845c4a3a91007118d4d13 efe7cdb4959541bb932ceae0dfd28eba - - 51ac008080454bc9a9a74d96df8a87c2 51ac008080454bc9a9a74d96df8a87c2] 10.0.0.189 "DELETE /resource_providers/21748edb-52a9-4958-b84b-085f4ecfa664" status: 404 len: 246 microversion: 1.1 [pid: 8|app: 0|req: 289/575] 10.0.0.189 () {34 vars in 816 bytes} [Sat Jul 25 15:02:32 2026] DELETE /resource_providers/21748edb-52a9-4958-b84b-085f4ecfa664 => generated 246 bytes in 12 msecs (HTTP/1.1 404) 6 headers in 231 bytes (1 switches on core 0)
2026-07-25 15:02:32.718 7 INFO placement.requestlog [None req-78aa52d9-f07d-4848-b5d4-9357c8cfa3a8 7a29514c677845c4a3a91007118d4d13 efe7cdb4959541bb932ceae0dfd28eba - - 51ac008080454bc9a9a74d96df8a87c2 51ac008080454bc9a9a74d96df8a87c2] 10.0.0.189 "DELETE /resource_providers/21748edb-52a9-4958-b84b-085f4ecfa664" status: 404 len: 246 microversion: 1.1 [pid: 7|app: 0|req: 287/576] 10.0.0.189 () {34 vars in 816 bytes} [Sat Jul 25 15:02:32 2026] DELETE /resource_providers/21748edb-52a9-4958-b84b-085f4ecfa664 => generated 246 bytes in 6 msecs (HTTP/1.1 404) 6 headers in 231 bytes (1 switches on core 0)
2026-07-25 15:02:34.061 7 INFO placement.requestlog [None req-1e3bf64e-0701-4a05-9bfa-511f95c6c0fe 7a29514c677845c4a3a91007118d4d13 efe7cdb4959541bb932ceae0dfd28eba - - 51ac008080454bc9a9a74d96df8a87c2 51ac008080454bc9a9a74d96df8a87c2] 10.0.0.189 "GET /resource_providers/368af26b-d3d8-467b-8e4f-c06e438abcfb/aggregates" status: 404 len: 235 microversion: 1.1 [pid: 7|app: 0|req: 288/577] 10.0.0.189 () {32 vars in 816 bytes} [Sat Jul 25 15:02:34 2026] GET /resource_providers/368af26b-d3d8-467b-8e4f-c06e438abcfb/aggregates => generated 235 bytes in 12 msecs (HTTP/1.1 404) 5 headers in 202 bytes (1 switches on core 0)
2026-07-25 15:02:34.064 8 INFO placement.requestlog [None req-c3169f27-9568-406e-bc2f-bdb887211737 7a29514c677845c4a3a91007118d4d13 efe7cdb4959541bb932ceae0dfd28eba - - 51ac008080454bc9a9a74d96df8a87c2 51ac008080454bc9a9a74d96df8a87c2] 10.0.0.189 "GET /resource_providers/368af26b-d3d8-467b-8e4f-c06e438abcfb/aggregates" status: 404 len: 235 microversion: 1.1 [pid: 8|app: 0|req: 290/578] 10.0.0.189 () {32 vars in 816 bytes} [Sat Jul 25 15:02:34 2026] GET /resource_providers/368af26b-d3d8-467b-8e4f-c06e438abcfb/aggregates => generated 235 bytes in 15 msecs (HTTP/1.1 404) 5 headers in 202 bytes (1 switches on core 0)
