2026-07-25 14:59:56.362 7 INFO placement.requestlog [req-5fdfc4cf-1cf2-4f33-a0e6-809291dae2fb req-1ad1cab2-5b42-40a7-9cf7-b08a76ef7ad7 6c914e421d644278bbcabc460dec3d0f efe7cdb4959541bb932ceae0dfd28eba - - 51ac008080454bc9a9a74d96df8a87c2 51ac008080454bc9a9a74d96df8a87c2] 162.253.55.222 "GET /resource_providers/3df45964-b57a-4e8e-a14c-076a76ddf09b/aggregates" status: 200 len: 53 microversion: 1.19 [pid: 7|app: 0|req: 198/397] 162.253.55.222 () {34 vars in 899 bytes} [Sat Jul 25 14:59:56 2026] GET /resource_providers/3df45964-b57a-4e8e-a14c-076a76ddf09b/aggregates => generated 53 bytes in 10 msecs (HTTP/1.1 200) 8 headers in 295 bytes (1 switches on core 0)
2026-07-25 14:59:56.398 8 INFO placement.requestlog [req-5fdfc4cf-1cf2-4f33-a0e6-809291dae2fb req-966658c1-d0a6-4b15-bb1a-8f29399cbf11 6c914e421d644278bbcabc460dec3d0f efe7cdb4959541bb932ceae0dfd28eba - - 51ac008080454bc9a9a74d96df8a87c2 51ac008080454bc9a9a74d96df8a87c2] 162.253.55.222 "GET /resource_providers/3df45964-b57a-4e8e-a14c-076a76ddf09b/traits" status: 200 len: 2316 microversion: 1.6 [pid: 8|app: 0|req: 200/398] 162.253.55.222 () {34 vars in 890 bytes} [Sat Jul 25 14:59:56 2026] GET /resource_providers/3df45964-b57a-4e8e-a14c-076a76ddf09b/traits => generated 2316 bytes in 21 msecs (HTTP/1.1 200) 6 headers in 225 bytes (1 switches on core 0)
2026-07-25 14:59:56.417 7 INFO placement.requestlog [req-5fdfc4cf-1cf2-4f33-a0e6-809291dae2fb req-c58fbbff-03ed-4804-b4d4-f1fde94ecc23 6c914e421d644278bbcabc460dec3d0f efe7cdb4959541bb932ceae0dfd28eba - - 51ac008080454bc9a9a74d96df8a87c2 51ac008080454bc9a9a74d96df8a87c2] 162.253.55.222 "GET /resource_providers/3df45964-b57a-4e8e-a14c-076a76ddf09b/allocations" status: 200 len: 54 microversion: 1.0 [pid: 7|app: 0|req: 199/399] 162.253.55.222 () {32 vars in 857 bytes} [Sat Jul 25 14:59:56 2026] GET /resource_providers/3df45964-b57a-4e8e-a14c-076a76ddf09b/allocations => generated 54 bytes in 12 msecs (HTTP/1.1 200) 6 headers in 223 bytes (1 switches on core 0)
2026-07-25 14:59:56.983 8 INFO placement.requestlog [None req-69b334ad-056e-4116-9f50-4eb1593b988a - - - - - -] 10.0.0.238 "GET /" status: 200 len: 136 microversion: 1.0
2026-07-25 14:59:56.983 7 INFO placement.requestlog [None req-bdb897dc-1d66-46ac-9244-fb2f20360da4 - - - - - -] 10.0.0.238 "GET /" status: 200 len: 136 microversion: 1.0
2026-07-25 15:00:06.980 8 INFO placement.requestlog [None req-ac192837-a9d1-4dd1-ab16-d684b940497e - - - - - -] 10.0.0.238 "GET /" status: 200 len: 136 microversion: 1.0
2026-07-25 15:00:06.980 7 INFO placement.requestlog [None req-73aab8e0-38f6-451e-9d32-1fa1dce38bb6 - - - - - -] 10.0.0.238 "GET /" status: 200 len: 136 microversion: 1.0
2026-07-25 15:00:16.980 8 INFO placement.requestlog [None req-c5371a25-5e44-458d-b0e0-40b59df5e68a - - - - - -] 10.0.0.238 "GET /" status: 200 len: 136 microversion: 1.0
2026-07-25 15:00:16.981 7 INFO placement.requestlog [None req-9b017a1a-9dcd-44b8-ad38-d378a4af8144 - - - - - -] 10.0.0.238 "GET /" status: 200 len: 136 microversion: 1.0
2026-07-25 15:00:26.981 7 INFO placement.requestlog [None req-c45143a3-0763-4f53-b829-52645cd3ca15 - - - - - -] 10.0.0.238 "GET /" status: 200 len: 136 microversion: 1.0
2026-07-25 15:00:26.981 8 INFO placement.requestlog [None req-180329ac-e291-4c8c-a782-bc0ac29b5e67 - - - - - -] 10.0.0.238 "GET /" status: 200 len: 136 microversion: 1.0
2026-07-25 15:00:36.981 8 INFO placement.requestlog [None req-16a87fdf-6420-40bc-b218-4df4f451e65b - - - - - -] 10.0.0.238 "GET /" status: 200 len: 136 microversion: 1.0
2026-07-25 15:00:36.981 7 INFO placement.requestlog [None req-63f5358e-c40e-4c53-9634-7e03c64d0d28 - - - - - -] 10.0.0.238 "GET /" status: 200 len: 136 microversion: 1.0
2026-07-25 15:00:46.980 8 INFO placement.requestlog [None req-2b837032-85c8-4777-bb4e-6271fc5da146 - - - - - -] 10.0.0.238 "GET /" status: 200 len: 136 microversion: 1.0
2026-07-25 15:00:46.981 7 INFO placement.requestlog [None req-999d787b-adbf-4dfc-a143-537c68aba23e - - - - - -] 10.0.0.238 "GET /" status: 200 len: 136 microversion: 1.0
2026-07-25 15:00:56.981 8 INFO placement.requestlog [None req-3998cc1e-2d23-4a97-abe0-d419d186bf80 - - - - - -] 10.0.0.238 "GET /" status: 200 len: 136 microversion: 1.0
2026-07-25 15:00:56.981 7 INFO placement.requestlog [None req-1b6ef1b9-edde-4ede-af6d-5770de5c35ed - - - - - -] 10.0.0.238 "GET /" status: 200 len: 136 microversion: 1.0
2026-07-25 15:00:57.047 8 INFO placement.requestlog [req-ed4417e8-6984-4493-86a0-2b187980a520 req-063bf50d-8ffb-486b-a9aa-ccba540d5c9a 6c914e421d644278bbcabc460dec3d0f efe7cdb4959541bb932ceae0dfd28eba - - 51ac008080454bc9a9a74d96df8a87c2 51ac008080454bc9a9a74d96df8a87c2] 162.253.55.222 "GET /resource_providers/3df45964-b57a-4e8e-a14c-076a76ddf09b/allocations" status: 200 len: 54 microversion: 1.0 [pid: 8|app: 0|req: 208/414] 162.253.55.222 () {32 vars in 857 bytes} [Sat Jul 25 15:00:57 2026] GET /resource_providers/3df45964-b57a-4e8e-a14c-076a76ddf09b/allocations => generated 54 bytes in 16 msecs (HTTP/1.1 200) 6 headers in 223 bytes (1 switches on core 0)
2026-07-25 15:00:57.070 7 INFO placement.requestlog [req-ed4417e8-6984-4493-86a0-2b187980a520 req-e9d4ede1-6bca-47cf-866f-ad81dc65a98d 6c914e421d644278bbcabc460dec3d0f efe7cdb4959541bb932ceae0dfd28eba - - 51ac008080454bc9a9a74d96df8a87c2 51ac008080454bc9a9a74d96df8a87c2] 162.253.55.222 "GET /resource_providers/3df45964-b57a-4e8e-a14c-076a76ddf09b/allocations" status: 200 len: 54 microversion: 1.0 [pid: 7|app: 0|req: 207/415] 162.253.55.222 () {32 vars in 857 bytes} [Sat Jul 25 15:00:57 2026] GET /resource_providers/3df45964-b57a-4e8e-a14c-076a76ddf09b/allocations => generated 54 bytes in 15 msecs (HTTP/1.1 200) 6 headers in 223 bytes (1 switches on core 0)
2026-07-25 15:01:06.980 8 INFO placement.requestlog [None req-841d1b0b-be7d-422a-9c76-b3e24744e09a - - - - - -] 10.0.0.238 "GET /" status: 200 len: 136 microversion: 1.0
2026-07-25 15:01:06.981 7 INFO placement.requestlog [None req-9d654101-d0db-4600-9b87-a3f34f9e5800 - - - - - -] 10.0.0.238 "GET /" status: 200 len: 136 microversion: 1.0
2026-07-25 15:01:16.981 7 INFO placement.requestlog [None req-a44249cc-c550-45bd-be08-0ebf7c1b4de3 - - - - - -] 10.0.0.238 "GET /" status: 200 len: 136 microversion: 1.0
2026-07-25 15:01:16.981 8 INFO placement.requestlog [None req-f54b489f-3428-4f86-86e1-fd4c638a37cc - - - - - -] 10.0.0.238 "GET /" status: 200 len: 136 microversion: 1.0
2026-07-25 15:01:24.171 7 INFO placement.requestlog [req-2d98ef8b-8c76-4982-9403-0ea41d0744cc req-e92c5318-9ef5-41a1-9e2c-17619d56cc91 6c914e421d644278bbcabc460dec3d0f efe7cdb4959541bb932ceae0dfd28eba - - 51ac008080454bc9a9a74d96df8a87c2 51ac008080454bc9a9a74d96df8a87c2] 10.0.0.244 "GET /allocation_candidates?limit=1000&resources=DISK_GB%3A1%2CMEMORY_MB%3A512%2CVCPU%3A1&root_required=%21COMPUTE_STATUS_DISABLED" status: 200 len: 2781 microversion: 1.36 [pid: 7|app: 0|req: 210/420] 10.0.0.244 () {34 vars in 1012 bytes} [Sat Jul 25 15:01:23 2026] GET /allocation_candidates?limit=1000&resources=DISK_GB%3A1%2CMEMORY_MB%3A512%2CVCPU%3A1&root_required=%21COMPUTE_STATUS_DISABLED => generated 2781 bytes in 204 msecs (HTTP/1.1 200) 8 headers in 297 bytes (1 switches on core 0)
2026-07-25 15:01:24.236 8 INFO placement.requestlog [req-2d98ef8b-8c76-4982-9403-0ea41d0744cc req-de639787-3995-44ab-9b4b-e58ab21eb455 6c914e421d644278bbcabc460dec3d0f efe7cdb4959541bb932ceae0dfd28eba - - 51ac008080454bc9a9a74d96df8a87c2 51ac008080454bc9a9a74d96df8a87c2] 10.0.0.244 "GET /allocations/4ace4d5f-40a5-477c-afbd-c10387d62a40" status: 200 len: 19 microversion: 1.28 [pid: 8|app: 0|req: 211/421] 10.0.0.244 () {34 vars in 861 bytes} [Sat Jul 25 15:01:24 2026] GET /allocations/4ace4d5f-40a5-477c-afbd-c10387d62a40 => generated 19 bytes in 11 msecs (HTTP/1.1 200) 8 headers in 295 bytes (1 switches on core 0)
2026-07-25 15:01:24.329 7 INFO placement.requestlog [req-2d98ef8b-8c76-4982-9403-0ea41d0744cc req-692db8fc-f66b-4423-997a-0ba1dfa1e549 6c914e421d644278bbcabc460dec3d0f efe7cdb4959541bb932ceae0dfd28eba - - 51ac008080454bc9a9a74d96df8a87c2 51ac008080454bc9a9a74d96df8a87c2] 10.0.0.244 "PUT /allocations/4ace4d5f-40a5-477c-afbd-c10387d62a40" status: 204 len: 0 microversion: 1.36 [pid: 7|app: 0|req: 211/422] 10.0.0.244 () {38 vars in 914 bytes} [Sat Jul 25 15:01:24 2026] PUT /allocations/4ace4d5f-40a5-477c-afbd-c10387d62a40 => generated 0 bytes in 86 msecs (HTTP/1.1 204) 5 headers in 199 bytes (1 switches on core 0)
2026-07-25 15:01:25.909 8 INFO placement.requestlog [req-2d98ef8b-8c76-4982-9403-0ea41d0744cc req-d4f2bc21-6372-4e19-9ab4-ff72bdf87b99 6c914e421d644278bbcabc460dec3d0f efe7cdb4959541bb932ceae0dfd28eba - - 51ac008080454bc9a9a74d96df8a87c2 51ac008080454bc9a9a74d96df8a87c2] 162.253.55.222 "GET /allocations/4ace4d5f-40a5-477c-afbd-c10387d62a40" status: 200 len: 257 microversion: 1.28 [pid: 8|app: 0|req: 212/423] 162.253.55.222 () {34 vars in 863 bytes} [Sat Jul 25 15:01:25 2026] GET /allocations/4ace4d5f-40a5-477c-afbd-c10387d62a40 => generated 257 bytes in 18 msecs (HTTP/1.1 200) 8 headers in 296 bytes (1 switches on core 0)
2026-07-25 15:01:26.255 7 INFO placement.requestlog [None req-6949c75d-5fc1-4bea-9852-27d7bd931dd6 7a29514c677845c4a3a91007118d4d13 efe7cdb4959541bb932ceae0dfd28eba - - 51ac008080454bc9a9a74d96df8a87c2 51ac008080454bc9a9a74d96df8a87c2] 10.0.0.189 "GET /resource_providers/bf6d8454-ba55-4014-b75a-d27ec7fe79aa/aggregates" status: 404 len: 235 microversion: 1.1 [pid: 7|app: 0|req: 212/424] 10.0.0.189 () {32 vars in 816 bytes} [Sat Jul 25 15:01:26 2026] GET /resource_providers/bf6d8454-ba55-4014-b75a-d27ec7fe79aa/aggregates => generated 235 bytes in 61 msecs (HTTP/1.1 404) 5 headers in 202 bytes (1 switches on core 0)
2026-07-25 15:01:26.282 7 INFO placement.requestlog [None req-7039b906-454f-449b-bd1f-f809a8779ab9 7a29514c677845c4a3a91007118d4d13 efe7cdb4959541bb932ceae0dfd28eba - - 51ac008080454bc9a9a74d96df8a87c2 51ac008080454bc9a9a74d96df8a87c2] 10.0.0.189 "DELETE /resource_providers/bf6d8454-ba55-4014-b75a-d27ec7fe79aa" status: 404 len: 246 microversion: 1.1 [pid: 7|app: 0|req: 213/425] 10.0.0.189 () {34 vars in 816 bytes} [Sat Jul 25 15:01:26 2026] DELETE /resource_providers/bf6d8454-ba55-4014-b75a-d27ec7fe79aa => generated 246 bytes in 10 msecs (HTTP/1.1 404) 6 headers in 231 bytes (1 switches on core 0)
2026-07-25 15:01:26.296 8 INFO placement.requestlog [None req-bc3354fb-0391-4bae-9279-20949fbd5063 7a29514c677845c4a3a91007118d4d13 efe7cdb4959541bb932ceae0dfd28eba - - 51ac008080454bc9a9a74d96df8a87c2 51ac008080454bc9a9a74d96df8a87c2] 10.0.0.189 "GET /resource_providers/bf6d8454-ba55-4014-b75a-d27ec7fe79aa/aggregates" status: 404 len: 235 microversion: 1.1 [pid: 8|app: 0|req: 213/426] 10.0.0.189 () {32 vars in 816 bytes} [Sat Jul 25 15:01:26 2026] GET /resource_providers/bf6d8454-ba55-4014-b75a-d27ec7fe79aa/aggregates => generated 235 bytes in 68 msecs (HTTP/1.1 404) 5 headers in 202 bytes (1 switches on core 0)
2026-07-25 15:01:26.325 7 INFO placement.requestlog [None req-b92a4129-bd32-468d-a49b-43f5a7d81afd 7a29514c677845c4a3a91007118d4d13 efe7cdb4959541bb932ceae0dfd28eba - - 51ac008080454bc9a9a74d96df8a87c2 51ac008080454bc9a9a74d96df8a87c2] 10.0.0.189 "DELETE /resource_providers/bf6d8454-ba55-4014-b75a-d27ec7fe79aa" status: 404 len: 246 microversion: 1.1 [pid: 7|app: 0|req: 214/427] 10.0.0.189 () {34 vars in 816 bytes} [Sat Jul 25 15:01:26 2026] DELETE /resource_providers/bf6d8454-ba55-4014-b75a-d27ec7fe79aa => generated 246 bytes in 11 msecs (HTTP/1.1 404) 6 headers in 231 bytes (1 switches on core 0)
2026-07-25 15:01:26.980 8 INFO placement.requestlog [req-2d98ef8b-8c76-4982-9403-0ea41d0744cc req-245b8a54-f84f-4459-ad6e-6e7b2e1b36c8 6c914e421d644278bbcabc460dec3d0f efe7cdb4959541bb932ceae0dfd28eba - - 51ac008080454bc9a9a74d96df8a87c2 51ac008080454bc9a9a74d96df8a87c2] 162.253.55.222 "GET /resource_providers/3df45964-b57a-4e8e-a14c-076a76ddf09b/allocations" status: 200 len: 152 microversion: 1.0 [pid: 8|app: 0|req: 214/428] 162.253.55.222 () {32 vars in 857 bytes} [Sat Jul 25 15:01:26 2026] GET /resource_providers/3df45964-b57a-4e8e-a14c-076a76ddf09b/allocations => generated 152 bytes in 33 msecs (HTTP/1.1 200) 6 headers in 224 bytes (1 switches on core 0)
2026-07-25 15:01:26.980 7 INFO placement.requestlog [None req-59ea8b1d-afe5-4d03-b526-b1416ec8959c - - - - - -] 10.0.0.238 "GET /" status: 200 len: 136 microversion: 1.0
2026-07-25 15:01:26.981 8 INFO placement.requestlog [None req-a964d2ed-9be0-4798-ae16-17ef74823911 - - - - - -] 10.0.0.238 "GET /" status: 200 len: 136 microversion: 1.0
2026-07-25 15:01:26.999 7 INFO placement.requestlog [req-2d98ef8b-8c76-4982-9403-0ea41d0744cc req-bc66e9e9-62e0-4230-9bf9-092f0aeeaebe 6c914e421d644278bbcabc460dec3d0f efe7cdb4959541bb932ceae0dfd28eba - - 51ac008080454bc9a9a74d96df8a87c2 51ac008080454bc9a9a74d96df8a87c2] 162.253.55.222 "GET /allocations/4ace4d5f-40a5-477c-afbd-c10387d62a40" status: 200 len: 257 microversion: 1.28 [pid: 7|app: 0|req: 216/431] 162.253.55.222 () {34 vars in 863 bytes} [Sat Jul 25 15:01:26 2026] GET /allocations/4ace4d5f-40a5-477c-afbd-c10387d62a40 => generated 257 bytes in 14 msecs (HTTP/1.1 200) 8 headers in 296 bytes (1 switches on core 0)
2026-07-25 15:01:27.502 8 INFO placement.requestlog [None req-f686c73e-28c3-4d00-a773-66120d162b8a 7a29514c677845c4a3a91007118d4d13 efe7cdb4959541bb932ceae0dfd28eba - - 51ac008080454bc9a9a74d96df8a87c2 51ac008080454bc9a9a74d96df8a87c2] 10.0.0.189 "GET /resource_providers/0ce58c37-f7a7-4beb-94a3-ccb4fe33a180/aggregates" status: 404 len: 235 microversion: 1.1 [pid: 8|app: 0|req: 216/432] 10.0.0.189 () {32 vars in 816 bytes} [Sat Jul 25 15:01:27 2026] GET /resource_providers/0ce58c37-f7a7-4beb-94a3-ccb4fe33a180/aggregates => generated 235 bytes in 117 msecs (HTTP/1.1 404) 5 headers in 202 bytes (1 switches on core 0)
2026-07-25 15:01:27.519 8 INFO placement.requestlog [None req-5eb1c14a-a4e9-4487-8dd6-a0d033c9c96e 7a29514c677845c4a3a91007118d4d13 efe7cdb4959541bb932ceae0dfd28eba - - 51ac008080454bc9a9a74d96df8a87c2 51ac008080454bc9a9a74d96df8a87c2] 10.0.0.189 "DELETE /resource_providers/0ce58c37-f7a7-4beb-94a3-ccb4fe33a180" status: 404 len: 246 microversion: 1.1
2026-07-25 15:01:27.520 7 INFO placement.requestlog [None req-86b07467-204d-4a35-9c55-83d67dd39ac5 7a29514c677845c4a3a91007118d4d13 efe7cdb4959541bb932ceae0dfd28eba - - 51ac008080454bc9a9a74d96df8a87c2 51ac008080454bc9a9a74d96df8a87c2] 10.0.0.189 "GET /resource_providers/0ce58c37-f7a7-4beb-94a3-ccb4fe33a180/aggregates" status: 404 len: 235 microversion: 1.1 [pid: 8|app: 0|req: 217/433] 10.0.0.189 () {34 vars in 816 bytes} [Sat Jul 25 15:01:27 2026] DELETE /resource_providers/0ce58c37-f7a7-4beb-94a3-ccb4fe33a180 => generated 246 bytes in 9 msecs (HTTP/1.1 404) 6 headers in 231 bytes (1 switches on core 0) [pid: 7|app: 0|req: 217/434] 10.0.0.189 () {32 vars in 816 bytes} [Sat Jul 25 15:01:27 2026] GET /resource_providers/0ce58c37-f7a7-4beb-94a3-ccb4fe33a180/aggregates => generated 235 bytes in 121 msecs (HTTP/1.1 404) 5 headers in 202 bytes (1 switches on core 0)
2026-07-25 15:01:27.539 8 INFO placement.requestlog [None req-8050a1fe-0df6-4344-a5f7-3c3abdbbf35b 7a29514c677845c4a3a91007118d4d13 efe7cdb4959541bb932ceae0dfd28eba - - 51ac008080454bc9a9a74d96df8a87c2 51ac008080454bc9a9a74d96df8a87c2] 10.0.0.189 "DELETE /resource_providers/0ce58c37-f7a7-4beb-94a3-ccb4fe33a180" status: 404 len: 246 microversion: 1.1 [pid: 8|app: 0|req: 218/435] 10.0.0.189 () {34 vars in 816 bytes} [Sat Jul 25 15:01:27 2026] DELETE /resource_providers/0ce58c37-f7a7-4beb-94a3-ccb4fe33a180 => generated 246 bytes in 7 msecs (HTTP/1.1 404) 6 headers in 231 bytes (1 switches on core 0)
2026-07-25 15:01:28.312 7 INFO placement.requestlog [None req-0eeea7ee-c938-4d04-8241-e4ce5af70bb9 7a29514c677845c4a3a91007118d4d13 efe7cdb4959541bb932ceae0dfd28eba - - 51ac008080454bc9a9a74d96df8a87c2 51ac008080454bc9a9a74d96df8a87c2] 10.0.0.189 "GET /resource_providers/ada1d8f1-d09f-4e39-9e11-bf02e77c83c4/aggregates" status: 404 len: 235 microversion: 1.1 [pid: 7|app: 0|req: 218/436] 10.0.0.189 () {32 vars in 816 bytes} [Sat Jul 25 15:01:28 2026] GET /resource_providers/ada1d8f1-d09f-4e39-9e11-bf02e77c83c4/aggregates => generated 235 bytes in 11 msecs (HTTP/1.1 404) 5 headers in 202 bytes (1 switches on core 0)
2026-07-25 15:01:28.340 8 INFO placement.requestlog [None req-1d16816c-6546-4101-a318-73b791eb7ab0 7a29514c677845c4a3a91007118d4d13 efe7cdb4959541bb932ceae0dfd28eba - - 51ac008080454bc9a9a74d96df8a87c2 51ac008080454bc9a9a74d96df8a87c2] 10.0.0.189 "DELETE /resource_providers/ada1d8f1-d09f-4e39-9e11-bf02e77c83c4" status: 404 len: 246 microversion: 1.1 [pid: 8|app: 0|req: 219/437] 10.0.0.189 () {34 vars in 816 bytes} [Sat Jul 25 15:01:28 2026] DELETE /resource_providers/ada1d8f1-d09f-4e39-9e11-bf02e77c83c4 => generated 246 bytes in 17 msecs (HTTP/1.1 404) 6 headers in 231 bytes (1 switches on core 0)
2026-07-25 15:01:28.350 7 INFO placement.requestlog [None req-529f58d3-9d3f-4cb5-8542-ccc91314fbe8 7a29514c677845c4a3a91007118d4d13 efe7cdb4959541bb932ceae0dfd28eba - - 51ac008080454bc9a9a74d96df8a87c2 51ac008080454bc9a9a74d96df8a87c2] 10.0.0.189 "GET /resource_providers/ada1d8f1-d09f-4e39-9e11-bf02e77c83c4/aggregates" status: 404 len: 235 microversion: 1.1 [pid: 7|app: 0|req: 219/438] 10.0.0.189 () {32 vars in 816 bytes} [Sat Jul 25 15:01:28 2026] GET /resource_providers/ada1d8f1-d09f-4e39-9e11-bf02e77c83c4/aggregates => generated 235 bytes in 13 msecs (HTTP/1.1 404) 5 headers in 202 bytes (1 switches on core 0)
2026-07-25 15:01:28.363 8 INFO placement.requestlog [None req-b546ed34-4bdf-4e7a-aaf9-041cb24f8dc7 7a29514c677845c4a3a91007118d4d13 efe7cdb4959541bb932ceae0dfd28eba - - 51ac008080454bc9a9a74d96df8a87c2 51ac008080454bc9a9a74d96df8a87c2] 10.0.0.189 "DELETE /resource_providers/ada1d8f1-d09f-4e39-9e11-bf02e77c83c4" status: 404 len: 246 microversion: 1.1 [pid: 8|app: 0|req: 220/439] 10.0.0.189 () {34 vars in 816 bytes} [Sat Jul 25 15:01:28 2026] DELETE /resource_providers/ada1d8f1-d09f-4e39-9e11-bf02e77c83c4 => generated 246 bytes in 8 msecs (HTTP/1.1 404) 6 headers in 231 bytes (1 switches on core 0)
2026-07-25 15:01:29.539 7 INFO placement.requestlog [None req-f80887cb-60f5-4cc3-a298-1d0c45a25c03 7a29514c677845c4a3a91007118d4d13 efe7cdb4959541bb932ceae0dfd28eba - - 51ac008080454bc9a9a74d96df8a87c2 51ac008080454bc9a9a74d96df8a87c2] 10.0.0.189 "GET /resource_providers/493fd520-a8b7-4b02-b19a-9975f4b8bc95/aggregates" status: 404 len: 235 microversion: 1.1 [pid: 7|app: 0|req: 220/440] 10.0.0.189 () {32 vars in 816 bytes} [Sat Jul 25 15:01:29 2026] GET /resource_providers/493fd520-a8b7-4b02-b19a-9975f4b8bc95/aggregates => generated 235 bytes in 9 msecs (HTTP/1.1 404) 5 headers in 202 bytes (1 switches on core 0)
2026-07-25 15:01:29.567 8 INFO placement.requestlog [None req-3d973201-2691-461b-8621-935ba4e4ced5 7a29514c677845c4a3a91007118d4d13 efe7cdb4959541bb932ceae0dfd28eba - - 51ac008080454bc9a9a74d96df8a87c2 51ac008080454bc9a9a74d96df8a87c2] 10.0.0.189 "DELETE /resource_providers/493fd520-a8b7-4b02-b19a-9975f4b8bc95" status: 404 len: 246 microversion: 1.1 [pid: 8|app: 0|req: 221/441] 10.0.0.189 () {34 vars in 816 bytes} [Sat Jul 25 15:01:29 2026] DELETE /resource_providers/493fd520-a8b7-4b02-b19a-9975f4b8bc95 => generated 246 bytes in 12 msecs (HTTP/1.1 404) 6 headers in 231 bytes (1 switches on core 0)
2026-07-25 15:01:29.583 7 INFO placement.requestlog [None req-60c6bafe-9dbc-435c-8454-f4f5d47a11d2 7a29514c677845c4a3a91007118d4d13 efe7cdb4959541bb932ceae0dfd28eba - - 51ac008080454bc9a9a74d96df8a87c2 51ac008080454bc9a9a74d96df8a87c2] 10.0.0.189 "GET /resource_providers/493fd520-a8b7-4b02-b19a-9975f4b8bc95/aggregates" status: 404 len: 235 microversion: 1.1 [pid: 7|app: 0|req: 221/442] 10.0.0.189 () {32 vars in 816 bytes} [Sat Jul 25 15:01:29 2026] GET /resource_providers/493fd520-a8b7-4b02-b19a-9975f4b8bc95/aggregates => generated 235 bytes in 19 msecs (HTTP/1.1 404) 5 headers in 202 bytes (1 switches on core 0)
2026-07-25 15:01:29.606 8 INFO placement.requestlog [None req-5224daf5-8e61-4d07-beb0-dfda7afa38e6 7a29514c677845c4a3a91007118d4d13 efe7cdb4959541bb932ceae0dfd28eba - - 51ac008080454bc9a9a74d96df8a87c2 51ac008080454bc9a9a74d96df8a87c2] 10.0.0.189 "DELETE /resource_providers/493fd520-a8b7-4b02-b19a-9975f4b8bc95" status: 404 len: 246 microversion: 1.1 [pid: 8|app: 0|req: 222/443] 10.0.0.189 () {34 vars in 816 bytes} [Sat Jul 25 15:01:29 2026] DELETE /resource_providers/493fd520-a8b7-4b02-b19a-9975f4b8bc95 => generated 246 bytes in 13 msecs (HTTP/1.1 404) 6 headers in 231 bytes (1 switches on core 0)
2026-07-25 15:01:34.259 7 INFO placement.requestlog [req-707eb79c-e9aa-4f21-8790-923768ed795a req-fee69f05-8402-457b-94c7-8002d5ec1fb3 6c914e421d644278bbcabc460dec3d0f efe7cdb4959541bb932ceae0dfd28eba - - 51ac008080454bc9a9a74d96df8a87c2 51ac008080454bc9a9a74d96df8a87c2] 10.0.0.244 "GET /allocation_candidates?limit=1000&resources=MEMORY_MB%3A512%2CVCPU%3A1&root_required=%21COMPUTE_STATUS_DISABLED" status: 200 len: 2769 microversion: 1.36 [pid: 7|app: 0|req: 222/444] 10.0.0.244 () {34 vars in 984 bytes} [Sat Jul 25 15:01:34 2026] GET /allocation_candidates?limit=1000&resources=MEMORY_MB%3A512%2CVCPU%3A1&root_required=%21COMPUTE_STATUS_DISABLED => generated 2769 bytes in 49 msecs (HTTP/1.1 200) 8 headers in 297 bytes (1 switches on core 0)
2026-07-25 15:01:34.304 8 INFO placement.requestlog [req-707eb79c-e9aa-4f21-8790-923768ed795a req-deae895b-b78f-4efa-8944-9934258f6765 6c914e421d644278bbcabc460dec3d0f efe7cdb4959541bb932ceae0dfd28eba - - 51ac008080454bc9a9a74d96df8a87c2 51ac008080454bc9a9a74d96df8a87c2] 10.0.0.244 "GET /allocations/2ec09a01-b4f6-4f3d-9062-6dbc170243dd" status: 200 len: 19 microversion: 1.28 [pid: 8|app: 0|req: 223/445] 10.0.0.244 () {34 vars in 861 bytes} [Sat Jul 25 15:01:34 2026] GET /allocations/2ec09a01-b4f6-4f3d-9062-6dbc170243dd => generated 19 bytes in 10 msecs (HTTP/1.1 200) 8 headers in 295 bytes (1 switches on core 0)
2026-07-25 15:01:34.344 7 INFO placement.requestlog [req-9b903424-791e-4547-bb2e-760d7cf77913 req-b7665b39-140e-421f-847c-e46968073d26 6c914e421d644278bbcabc460dec3d0f efe7cdb4959541bb932ceae0dfd28eba - - 51ac008080454bc9a9a74d96df8a87c2 51ac008080454bc9a9a74d96df8a87c2] 10.0.0.244 "GET /allocation_candidates?limit=1000&resources=DISK_GB%3A1%2CMEMORY_MB%3A512%2CVCPU%3A1&root_required=%21COMPUTE_STATUS_DISABLED" status: 200 len: 2783 microversion: 1.36 [pid: 7|app: 0|req: 223/446] 10.0.0.244 () {34 vars in 1012 bytes} [Sat Jul 25 15:01:34 2026] GET /allocation_candidates?limit=1000&resources=DISK_GB%3A1%2CMEMORY_MB%3A512%2CVCPU%3A1&root_required=%21COMPUTE_STATUS_DISABLED => generated 2783 bytes in 40 msecs (HTTP/1.1 200) 8 headers in 297 bytes (1 switches on core 0)
2026-07-25 15:01:34.377 7 INFO placement.requestlog [req-9b903424-791e-4547-bb2e-760d7cf77913 req-d913c53c-d354-4d5b-85b4-2b0dff920f6e 6c914e421d644278bbcabc460dec3d0f efe7cdb4959541bb932ceae0dfd28eba - - 51ac008080454bc9a9a74d96df8a87c2 51ac008080454bc9a9a74d96df8a87c2] 10.0.0.244 "GET /allocations/0b108363-6a1e-4769-b8b2-60ad11ffc5ac" status: 200 len: 19 microversion: 1.28 [pid: 7|app: 0|req: 224/447] 10.0.0.244 () {34 vars in 861 bytes} [Sat Jul 25 15:01:34 2026] GET /allocations/0b108363-6a1e-4769-b8b2-60ad11ffc5ac => generated 19 bytes in 14 msecs (HTTP/1.1 200) 8 headers in 295 bytes (1 switches on core 0)
2026-07-25 15:01:34.397 8 INFO placement.requestlog [req-707eb79c-e9aa-4f21-8790-923768ed795a req-45a4777d-6632-40b2-8256-bdba070aaa57 6c914e421d644278bbcabc460dec3d0f efe7cdb4959541bb932ceae0dfd28eba - - 51ac008080454bc9a9a74d96df8a87c2 51ac008080454bc9a9a74d96df8a87c2] 10.0.0.244 "PUT /allocations/2ec09a01-b4f6-4f3d-9062-6dbc170243dd" status: 204 len: 0 microversion: 1.36 [pid: 8|app: 0|req: 224/448] 10.0.0.244 () {38 vars in 914 bytes} [Sat Jul 25 15:01:34 2026] PUT /allocations/2ec09a01-b4f6-4f3d-9062-6dbc170243dd => generated 0 bytes in 85 msecs (HTTP/1.1 204) 5 headers in 199 bytes (1 switches on core 0)
2026-07-25 15:01:34.452 7 INFO placement.requestlog [req-9b903424-791e-4547-bb2e-760d7cf77913 req-7be98ac2-d7e6-4f12-ad96-f0895beeb189 6c914e421d644278bbcabc460dec3d0f efe7cdb4959541bb932ceae0dfd28eba - - 51ac008080454bc9a9a74d96df8a87c2 51ac008080454bc9a9a74d96df8a87c2] 10.0.0.244 "PUT /allocations/0b108363-6a1e-4769-b8b2-60ad11ffc5ac" status: 204 len: 0 microversion: 1.36 [pid: 7|app: 0|req: 225/449] 10.0.0.244 () {38 vars in 914 bytes} [Sat Jul 25 15:01:34 2026] PUT /allocations/0b108363-6a1e-4769-b8b2-60ad11ffc5ac => generated 0 bytes in 68 msecs (HTTP/1.1 204) 5 headers in 199 bytes (1 switches on core 0)
2026-07-25 15:01:35.884 8 INFO placement.requestlog [req-707eb79c-e9aa-4f21-8790-923768ed795a req-ed67989f-1e46-4e3b-b42a-7acc7a57b1b2 6c914e421d644278bbcabc460dec3d0f efe7cdb4959541bb932ceae0dfd28eba - - 51ac008080454bc9a9a74d96df8a87c2 51ac008080454bc9a9a74d96df8a87c2] 162.253.55.222 "GET /allocations/2ec09a01-b4f6-4f3d-9062-6dbc170243dd" status: 200 len: 243 microversion: 1.28 [pid: 8|app: 0|req: 225/450] 162.253.55.222 () {34 vars in 863 bytes} [Sat Jul 25 15:01:35 2026] GET /allocations/2ec09a01-b4f6-4f3d-9062-6dbc170243dd => generated 243 bytes in 23 msecs (HTTP/1.1 200) 8 headers in 296 bytes (1 switches on core 0)
2026-07-25 15:01:36.194 7 INFO placement.requestlog [req-9b903424-791e-4547-bb2e-760d7cf77913 req-d22df2ca-8d22-4d6e-8c22-ba30c01faf67 6c914e421d644278bbcabc460dec3d0f efe7cdb4959541bb932ceae0dfd28eba - - 51ac008080454bc9a9a74d96df8a87c2 51ac008080454bc9a9a74d96df8a87c2] 162.253.55.222 "GET /allocations/0b108363-6a1e-4769-b8b2-60ad11ffc5ac" status: 200 len: 257 microversion: 1.28 [pid: 7|app: 0|req: 226/451] 162.253.55.222 () {34 vars in 863 bytes} [Sat Jul 25 15:01:36 2026] GET /allocations/0b108363-6a1e-4769-b8b2-60ad11ffc5ac => generated 257 bytes in 28 msecs (HTTP/1.1 200) 8 headers in 296 bytes (1 switches on core 0)
2026-07-25 15:01:36.980 8 INFO placement.requestlog [None req-f02fc64b-064d-4cbd-b500-0deb07ad81f8 - - - - - -] 10.0.0.238 "GET /" status: 200 len: 136 microversion: 1.0
2026-07-25 15:01:36.988 7 INFO placement.requestlog [None req-ac70490b-0736-4117-b933-ba0ecb44b6f1 - - - - - -] 10.0.0.238 "GET /" status: 200 len: 136 microversion: 1.0
2026-07-25 15:01:37.065 8 INFO placement.requestlog [req-707eb79c-e9aa-4f21-8790-923768ed795a req-d62a6159-13a0-4195-adaa-06aa3a0fb7b4 6c914e421d644278bbcabc460dec3d0f efe7cdb4959541bb932ceae0dfd28eba - - 51ac008080454bc9a9a74d96df8a87c2 51ac008080454bc9a9a74d96df8a87c2] 162.253.55.222 "GET /resource_providers/3df45964-b57a-4e8e-a14c-076a76ddf09b/allocations" status: 200 len: 338 microversion: 1.0 [pid: 8|app: 0|req: 227/454] 162.253.55.222 () {32 vars in 857 bytes} [Sat Jul 25 15:01:37 2026] GET /resource_providers/3df45964-b57a-4e8e-a14c-076a76ddf09b/allocations => generated 338 bytes in 18 msecs (HTTP/1.1 200) 6 headers in 224 bytes (1 switches on core 0)
2026-07-25 15:01:37.119 7 INFO placement.requestlog [req-707eb79c-e9aa-4f21-8790-923768ed795a req-abbb1eae-11b9-43f8-99e1-e14e91530844 6c914e421d644278bbcabc460dec3d0f efe7cdb4959541bb932ceae0dfd28eba - - 51ac008080454bc9a9a74d96df8a87c2 51ac008080454bc9a9a74d96df8a87c2] 162.253.55.222 "GET /allocations/2ec09a01-b4f6-4f3d-9062-6dbc170243dd" status: 200 len: 243 microversion: 1.28 [pid: 7|app: 0|req: 228/455] 162.253.55.222 () {34 vars in 863 bytes} [Sat Jul 25 15:01:37 2026] GET /allocations/2ec09a01-b4f6-4f3d-9062-6dbc170243dd => generated 243 bytes in 27 msecs (HTTP/1.1 200) 8 headers in 296 bytes (1 switches on core 0)
2026-07-25 15:01:37.138 8 INFO placement.requestlog [req-707eb79c-e9aa-4f21-8790-923768ed795a req-9d69c239-3c94-4483-94a2-60778eea96df 6c914e421d644278bbcabc460dec3d0f efe7cdb4959541bb932ceae0dfd28eba - - 51ac008080454bc9a9a74d96df8a87c2 51ac008080454bc9a9a74d96df8a87c2] 162.253.55.222 "GET /allocations/0b108363-6a1e-4769-b8b2-60ad11ffc5ac" status: 200 len: 257 microversion: 1.28 [pid: 8|app: 0|req: 228/456] 162.253.55.222 () {34 vars in 863 bytes} [Sat Jul 25 15:01:37 2026] GET /allocations/0b108363-6a1e-4769-b8b2-60ad11ffc5ac => generated 257 bytes in 13 msecs (HTTP/1.1 200) 8 headers in 296 bytes (1 switches on core 0)
2026-07-25 15:01:37.161 8 INFO placement.requestlog [req-707eb79c-e9aa-4f21-8790-923768ed795a req-b4f5ee91-e125-4657-8da7-92994d2bde9b 6c914e421d644278bbcabc460dec3d0f efe7cdb4959541bb932ceae0dfd28eba - - 51ac008080454bc9a9a74d96df8a87c2 51ac008080454bc9a9a74d96df8a87c2] 162.253.55.222 "GET /allocations/4ace4d5f-40a5-477c-afbd-c10387d62a40" status: 200 len: 257 microversion: 1.28 [pid: 8|app: 0|req: 229/457] 162.253.55.222 () {34 vars in 863 bytes} [Sat Jul 25 15:01:37 2026] GET /allocations/4ace4d5f-40a5-477c-afbd-c10387d62a40 => generated 257 bytes in 17 msecs (HTTP/1.1 200) 8 headers in 296 bytes (1 switches on core 0)
2026-07-25 15:01:37.183 7 INFO placement.requestlog [req-c07536f1-91cf-48f9-927c-03e1889426b4 req-4a58cdba-598a-4e6c-a806-70b2df37f0b1 6c914e421d644278bbcabc460dec3d0f efe7cdb4959541bb932ceae0dfd28eba - - 51ac008080454bc9a9a74d96df8a87c2 51ac008080454bc9a9a74d96df8a87c2] 10.0.0.244 "GET /allocation_candidates?limit=1000&resources=DISK_GB%3A1%2CMEMORY_MB%3A512%2CVCPU%3A1&root_required=%21COMPUTE_STATUS_DISABLED" status: 200 len: 2784 microversion: 1.36 [pid: 7|app: 0|req: 229/458] 10.0.0.244 () {34 vars in 1012 bytes} [Sat Jul 25 15:01:37 2026] GET /allocation_candidates?limit=1000&resources=DISK_GB%3A1%2CMEMORY_MB%3A512%2CVCPU%3A1&root_required=%21COMPUTE_STATUS_DISABLED => generated 2784 bytes in 54 msecs (HTTP/1.1 200) 8 headers in 297 bytes (1 switches on core 0)
2026-07-25 15:01:37.219 8 INFO placement.requestlog [req-c07536f1-91cf-48f9-927c-03e1889426b4 req-9839b9fe-f163-4964-a604-03612b093137 6c914e421d644278bbcabc460dec3d0f efe7cdb4959541bb932ceae0dfd28eba - - 51ac008080454bc9a9a74d96df8a87c2 51ac008080454bc9a9a74d96df8a87c2] 10.0.0.244 "GET /allocations/4746b725-4663-4bfe-b5ea-00eaecac43d1" status: 200 len: 19 microversion: 1.28 [pid: 8|app: 0|req: 230/459] 10.0.0.244 () {34 vars in 861 bytes} [Sat Jul 25 15:01:37 2026] GET /allocations/4746b725-4663-4bfe-b5ea-00eaecac43d1 => generated 19 bytes in 11 msecs (HTTP/1.1 200) 8 headers in 295 bytes (1 switches on core 0)
2026-07-25 15:01:37.292 7 INFO placement.requestlog [req-c07536f1-91cf-48f9-927c-03e1889426b4 req-fdcfe395-fb64-4e65-8063-97058591f5d3 6c914e421d644278bbcabc460dec3d0f efe7cdb4959541bb932ceae0dfd28eba - - 51ac008080454bc9a9a74d96df8a87c2 51ac008080454bc9a9a74d96df8a87c2] 10.0.0.244 "PUT /allocations/4746b725-4663-4bfe-b5ea-00eaecac43d1" status: 204 len: 0 microversion: 1.36 [pid: 7|app: 0|req: 230/460] 10.0.0.244 () {38 vars in 914 bytes} [Sat Jul 25 15:01:37 2026] PUT /allocations/4746b725-4663-4bfe-b5ea-00eaecac43d1 => generated 0 bytes in 66 msecs (HTTP/1.1 204) 5 headers in 199 bytes (1 switches on core 0)
2026-07-25 15:01:38.792 8 INFO placement.requestlog [req-c07536f1-91cf-48f9-927c-03e1889426b4 req-8846e2ae-1322-4851-8a93-285d54894482 6c914e421d644278bbcabc460dec3d0f efe7cdb4959541bb932ceae0dfd28eba - - 51ac008080454bc9a9a74d96df8a87c2 51ac008080454bc9a9a74d96df8a87c2] 162.253.55.222 "GET /allocations/4746b725-4663-4bfe-b5ea-00eaecac43d1" status: 200 len: 257 microversion: 1.28 [pid: 8|app: 0|req: 231/461] 162.253.55.222 () {34 vars in 863 bytes} [Sat Jul 25 15:01:38 2026] GET /allocations/4746b725-4663-4bfe-b5ea-00eaecac43d1 => generated 257 bytes in 18 msecs (HTTP/1.1 200) 8 headers in 296 bytes (1 switches on core 0)
2026-07-25 15:01:39.245 7 INFO placement.requestlog [req-9b903424-791e-4547-bb2e-760d7cf77913 req-f22464ff-ff70-42d0-b056-341675fe0b8d 6c914e421d644278bbcabc460dec3d0f efe7cdb4959541bb932ceae0dfd28eba - - 51ac008080454bc9a9a74d96df8a87c2 51ac008080454bc9a9a74d96df8a87c2] 162.253.55.222 "GET /resource_providers/3df45964-b57a-4e8e-a14c-076a76ddf09b/allocations" status: 200 len: 438 microversion: 1.0 [pid: 7|app: 0|req: 231/462] 162.253.55.222 () {32 vars in 857 bytes} [Sat Jul 25 15:01:39 2026] GET /resource_providers/3df45964-b57a-4e8e-a14c-076a76ddf09b/allocations => generated 438 bytes in 32 msecs (HTTP/1.1 200) 6 headers in 224 bytes (1 switches on core 0)
2026-07-25 15:01:39.277 8 INFO placement.requestlog [req-9b903424-791e-4547-bb2e-760d7cf77913 req-67ffde86-8fdf-497d-9d36-a2cb542f6318 6c914e421d644278bbcabc460dec3d0f efe7cdb4959541bb932ceae0dfd28eba - - 51ac008080454bc9a9a74d96df8a87c2 51ac008080454bc9a9a74d96df8a87c2] 162.253.55.222 "GET /allocations/2ec09a01-b4f6-4f3d-9062-6dbc170243dd" status: 200 len: 243 microversion: 1.28 [pid: 8|app: 0|req: 232/463] 162.253.55.222 () {34 vars in 863 bytes} [Sat Jul 25 15:01:39 2026] GET /allocations/2ec09a01-b4f6-4f3d-9062-6dbc170243dd => generated 243 bytes in 27 msecs (HTTP/1.1 200) 8 headers in 296 bytes (1 switches on core 0)
2026-07-25 15:01:39.300 7 INFO placement.requestlog [req-9b903424-791e-4547-bb2e-760d7cf77913 req-4f162296-8ff2-4b5e-8b5e-72e97adef9de 6c914e421d644278bbcabc460dec3d0f efe7cdb4959541bb932ceae0dfd28eba - - 51ac008080454bc9a9a74d96df8a87c2 51ac008080454bc9a9a74d96df8a87c2] 162.253.55.222 "GET /allocations/0b108363-6a1e-4769-b8b2-60ad11ffc5ac" status: 200 len: 257 microversion: 1.28 [pid: 7|app: 0|req: 232/464] 162.253.55.222 () {34 vars in 863 bytes} [Sat Jul 25 15:01:39 2026] GET /allocations/0b108363-6a1e-4769-b8b2-60ad11ffc5ac => generated 257 bytes in 19 msecs (HTTP/1.1 200) 8 headers in 296 bytes (1 switches on core 0)
2026-07-25 15:01:39.336 8 INFO placement.requestlog [req-9b903424-791e-4547-bb2e-760d7cf77913 req-d23713bd-1cb7-41af-96a7-c17a5a6ca050 6c914e421d644278bbcabc460dec3d0f efe7cdb4959541bb932ceae0dfd28eba - - 51ac008080454bc9a9a74d96df8a87c2 51ac008080454bc9a9a74d96df8a87c2] 162.253.55.222 "GET /allocations/4746b725-4663-4bfe-b5ea-00eaecac43d1" status: 200 len: 257 microversion: 1.28 [pid: 8|app: 0|req: 233/465] 162.253.55.222 () {34 vars in 863 bytes} [Sat Jul 25 15:01:39 2026] GET /allocations/4746b725-4663-4bfe-b5ea-00eaecac43d1 => generated 257 bytes in 33 msecs (HTTP/1.1 200) 8 headers in 296 bytes (1 switches on core 0)
2026-07-25 15:01:39.353 7 INFO placement.requestlog [req-9b903424-791e-4547-bb2e-760d7cf77913 req-38733e31-955c-418d-8481-2eb76080c213 6c914e421d644278bbcabc460dec3d0f efe7cdb4959541bb932ceae0dfd28eba - - 51ac008080454bc9a9a74d96df8a87c2 51ac008080454bc9a9a74d96df8a87c2] 162.253.55.222 "GET /allocations/4ace4d5f-40a5-477c-afbd-c10387d62a40" status: 200 len: 257 microversion: 1.28 [pid: 7|app: 0|req: 233/466] 162.253.55.222 () {34 vars in 863 bytes} [Sat Jul 25 15:01:39 2026] GET /allocations/4ace4d5f-40a5-477c-afbd-c10387d62a40 => generated 257 bytes in 11 msecs (HTTP/1.1 200) 8 headers in 296 bytes (1 switches on core 0)
2026-07-25 15:01:41.445 8 INFO placement.requestlog [req-c07536f1-91cf-48f9-927c-03e1889426b4 req-eb815ad8-dfac-45ee-a2fe-0c1f9d00cfc5 6c914e421d644278bbcabc460dec3d0f efe7cdb4959541bb932ceae0dfd28eba - - 51ac008080454bc9a9a74d96df8a87c2 51ac008080454bc9a9a74d96df8a87c2] 162.253.55.222 "GET /resource_providers/3df45964-b57a-4e8e-a14c-076a76ddf09b/allocations" status: 200 len: 438 microversion: 1.0 [pid: 8|app: 0|req: 234/467] 162.253.55.222 () {32 vars in 857 bytes} [Sat Jul 25 15:01:41 2026] GET /resource_providers/3df45964-b57a-4e8e-a14c-076a76ddf09b/allocations => generated 438 bytes in 18 msecs (HTTP/1.1 200) 6 headers in 224 bytes (1 switches on core 0)
2026-07-25 15:01:41.467 7 INFO placement.requestlog [req-c07536f1-91cf-48f9-927c-03e1889426b4 req-a4b190f5-5821-4775-9839-b28244fc2bc3 6c914e421d644278bbcabc460dec3d0f efe7cdb4959541bb932ceae0dfd28eba - - 51ac008080454bc9a9a74d96df8a87c2 51ac008080454bc9a9a74d96df8a87c2] 162.253.55.222 "GET /allocations/2ec09a01-b4f6-4f3d-9062-6dbc170243dd" status: 200 len: 243 microversion: 1.28 [pid: 7|app: 0|req: 234/468] 162.253.55.222 () {34 vars in 863 bytes} [Sat Jul 25 15:01:41 2026] GET /allocations/2ec09a01-b4f6-4f3d-9062-6dbc170243dd => generated 243 bytes in 14 msecs (HTTP/1.1 200) 8 headers in 296 bytes (1 switches on core 0)
2026-07-25 15:01:41.490 8 INFO placement.requestlog [req-c07536f1-91cf-48f9-927c-03e1889426b4 req-07cf5a35-ffb9-4604-aebe-1c53d8ed39ce 6c914e421d644278bbcabc460dec3d0f efe7cdb4959541bb932ceae0dfd28eba - - 51ac008080454bc9a9a74d96df8a87c2 51ac008080454bc9a9a74d96df8a87c2] 162.253.55.222 "GET /allocations/0b108363-6a1e-4769-b8b2-60ad11ffc5ac" status: 200 len: 257 microversion: 1.28 [pid: 8|app: 0|req: 235/469] 162.253.55.222 () {34 vars in 863 bytes} [Sat Jul 25 15:01:41 2026] GET /allocations/0b108363-6a1e-4769-b8b2-60ad11ffc5ac => generated 257 bytes in 18 msecs (HTTP/1.1 200) 8 headers in 296 bytes (1 switches on core 0)
2026-07-25 15:01:41.512 7 INFO placement.requestlog [req-c07536f1-91cf-48f9-927c-03e1889426b4 req-0d02093e-24dc-42e1-ab3a-34b03b895528 6c914e421d644278bbcabc460dec3d0f efe7cdb4959541bb932ceae0dfd28eba - - 51ac008080454bc9a9a74d96df8a87c2 51ac008080454bc9a9a74d96df8a87c2] 162.253.55.222 "GET /allocations/4746b725-4663-4bfe-b5ea-00eaecac43d1" status: 200 len: 257 microversion: 1.28 [pid: 7|app: 0|req: 235/470] 162.253.55.222 () {34 vars in 863 bytes} [Sat Jul 25 15:01:41 2026] GET /allocations/4746b725-4663-4bfe-b5ea-00eaecac43d1 => generated 257 bytes in 16 msecs (HTTP/1.1 200) 8 headers in 296 bytes (1 switches on core 0)
2026-07-25 15:01:41.536 8 INFO placement.requestlog [req-c07536f1-91cf-48f9-927c-03e1889426b4 req-2de4bea6-2916-4c32-baee-e8b28673d5f3 6c914e421d644278bbcabc460dec3d0f efe7cdb4959541bb932ceae0dfd28eba - - 51ac008080454bc9a9a74d96df8a87c2 51ac008080454bc9a9a74d96df8a87c2] 162.253.55.222 "GET /allocations/4ace4d5f-40a5-477c-afbd-c10387d62a40" status: 200 len: 257 microversion: 1.28 [pid: 8|app: 0|req: 236/471] 162.253.55.222 () {34 vars in 863 bytes} [Sat Jul 25 15:01:41 2026] GET /allocations/4ace4d5f-40a5-477c-afbd-c10387d62a40 => generated 257 bytes in 17 msecs (HTTP/1.1 200) 8 headers in 296 bytes (1 switches on core 0)
2026-07-25 15:01:46.980 7 INFO placement.requestlog [None req-20df7abe-ceb6-414c-8ef0-9a2f6620d85d - - - - - -] 10.0.0.238 "GET /" status: 200 len: 136 microversion: 1.0
2026-07-25 15:01:46.980 8 INFO placement.requestlog [None req-9508884e-e02a-4e18-ae75-815d84c91f4b - - - - - -] 10.0.0.238 "GET /" status: 200 len: 136 microversion: 1.0
2026-07-25 15:01:48.800 7 INFO placement.requestlog [req-823278ee-0026-4f1f-925c-a45744d8e522 req-02ccc20c-4604-4de9-9076-11588c10aa54 6c914e421d644278bbcabc460dec3d0f efe7cdb4959541bb932ceae0dfd28eba - - 51ac008080454bc9a9a74d96df8a87c2 51ac008080454bc9a9a74d96df8a87c2] 162.253.55.222 "GET /resource_providers/3df45964-b57a-4e8e-a14c-076a76ddf09b/allocations" status: 200 len: 438 microversion: 1.0 [pid: 7|app: 0|req: 237/474] 162.253.55.222 () {32 vars in 857 bytes} [Sat Jul 25 15:01:48 2026] GET /resource_providers/3df45964-b57a-4e8e-a14c-076a76ddf09b/allocations => generated 438 bytes in 17 msecs (HTTP/1.1 200) 6 headers in 224 bytes (1 switches on core 0)
2026-07-25 15:01:48.822 8 INFO placement.requestlog [req-823278ee-0026-4f1f-925c-a45744d8e522 req-6cd0a681-5b34-4870-968d-cb525f9fa1c0 6c914e421d644278bbcabc460dec3d0f efe7cdb4959541bb932ceae0dfd28eba - - 51ac008080454bc9a9a74d96df8a87c2 51ac008080454bc9a9a74d96df8a87c2] 162.253.55.222 "GET /allocations/2ec09a01-b4f6-4f3d-9062-6dbc170243dd" status: 200 len: 243 microversion: 1.28 [pid: 8|app: 0|req: 238/475] 162.253.55.222 () {34 vars in 863 bytes} [Sat Jul 25 15:01:48 2026] GET /allocations/2ec09a01-b4f6-4f3d-9062-6dbc170243dd => generated 243 bytes in 15 msecs (HTTP/1.1 200) 8 headers in 296 bytes (1 switches on core 0)
2026-07-25 15:01:48.841 7 INFO placement.requestlog [req-823278ee-0026-4f1f-925c-a45744d8e522 req-96a258f7-68eb-4856-87f0-9ebe3b2a7364 6c914e421d644278bbcabc460dec3d0f efe7cdb4959541bb932ceae0dfd28eba - - 51ac008080454bc9a9a74d96df8a87c2 51ac008080454bc9a9a74d96df8a87c2] 162.253.55.222 "GET /allocations/0b108363-6a1e-4769-b8b2-60ad11ffc5ac" status: 200 len: 257 microversion: 1.28 [pid: 7|app: 0|req: 238/476] 162.253.55.222 () {34 vars in 863 bytes} [Sat Jul 25 15:01:48 2026] GET /allocations/0b108363-6a1e-4769-b8b2-60ad11ffc5ac => generated 257 bytes in 13 msecs (HTTP/1.1 200) 8 headers in 296 bytes (1 switches on core 0)
2026-07-25 15:01:48.872 8 INFO placement.requestlog [req-823278ee-0026-4f1f-925c-a45744d8e522 req-3382b709-cb7d-4e07-8a7d-80c351eb187e 6c914e421d644278bbcabc460dec3d0f efe7cdb4959541bb932ceae0dfd28eba - - 51ac008080454bc9a9a74d96df8a87c2 51ac008080454bc9a9a74d96df8a87c2] 162.253.55.222 "GET /allocations/4746b725-4663-4bfe-b5ea-00eaecac43d1" status: 200 len: 257 microversion: 1.28 [pid: 8|app: 0|req: 239/477] 162.253.55.222 () {34 vars in 863 bytes} [Sat Jul 25 15:01:48 2026] GET /allocations/4746b725-4663-4bfe-b5ea-00eaecac43d1 => generated 257 bytes in 28 msecs (HTTP/1.1 200) 8 headers in 296 bytes (1 switches on core 0)
2026-07-25 15:01:48.894 7 INFO placement.requestlog [req-823278ee-0026-4f1f-925c-a45744d8e522 req-aafb1642-5b87-4706-9d08-ecc7e8370125 6c914e421d644278bbcabc460dec3d0f efe7cdb4959541bb932ceae0dfd28eba - - 51ac008080454bc9a9a74d96df8a87c2 51ac008080454bc9a9a74d96df8a87c2] 162.253.55.222 "GET /allocations/4ace4d5f-40a5-477c-afbd-c10387d62a40" status: 200 len: 257 microversion: 1.28 [pid: 7|app: 0|req: 239/478] 162.253.55.222 () {34 vars in 863 bytes} [Sat Jul 25 15:01:48 2026] GET /allocations/4ace4d5f-40a5-477c-afbd-c10387d62a40 => generated 257 bytes in 15 msecs (HTTP/1.1 200) 8 headers in 296 bytes (1 switches on core 0)
2026-07-25 15:01:49.955 8 INFO placement.requestlog [req-823278ee-0026-4f1f-925c-a45744d8e522 req-955fc75d-14e9-437a-a1e4-e42b7ca10c9c 6c914e421d644278bbcabc460dec3d0f efe7cdb4959541bb932ceae0dfd28eba - - 51ac008080454bc9a9a74d96df8a87c2 51ac008080454bc9a9a74d96df8a87c2] 162.253.55.222 "DELETE /allocations/4ace4d5f-40a5-477c-afbd-c10387d62a40" status: 204 len: 0 microversion: 1.0 [pid: 8|app: 0|req: 240/479] 162.253.55.222 () {34 vars in 841 bytes} [Sat Jul 25 15:01:49 2026] DELETE /allocations/4ace4d5f-40a5-477c-afbd-c10387d62a40 => generated 0 bytes in 39 msecs (HTTP/1.1 204) 5 headers in 198 bytes (1 switches on core 0)
2026-07-25 15:01:53.139 8 INFO placement.requestlog [None req-f5d31f44-8709-474c-864e-a66eaf893689 7a29514c677845c4a3a91007118d4d13 efe7cdb4959541bb932ceae0dfd28eba - - 51ac008080454bc9a9a74d96df8a87c2 51ac008080454bc9a9a74d96df8a87c2] 10.0.0.189 "GET /resource_providers/f61be05d-12ef-43e9-9247-5eec53ee3357/aggregates" status: 404 len: 235 microversion: 1.1 [pid: 8|app: 0|req: 241/480] 10.0.0.189 () {32 vars in 816 bytes} [Sat Jul 25 15:01:53 2026] GET /resource_providers/f61be05d-12ef-43e9-9247-5eec53ee3357/aggregates => generated 235 bytes in 13 msecs (HTTP/1.1 404) 5 headers in 202 bytes (1 switches on core 0)
2026-07-25 15:01:53.141 7 INFO placement.requestlog [None req-c344360d-5708-4f1f-a7d4-9c1ff0744439 7a29514c677845c4a3a91007118d4d13 efe7cdb4959541bb932ceae0dfd28eba - - 51ac008080454bc9a9a74d96df8a87c2 51ac008080454bc9a9a74d96df8a87c2] 10.0.0.189 "GET /resource_providers/f61be05d-12ef-43e9-9247-5eec53ee3357/aggregates" status: 404 len: 235 microversion: 1.1 [pid: 7|app: 0|req: 240/481] 10.0.0.189 () {32 vars in 816 bytes} [Sat Jul 25 15:01:53 2026] GET /resource_providers/f61be05d-12ef-43e9-9247-5eec53ee3357/aggregates => generated 235 bytes in 14 msecs (HTTP/1.1 404) 5 headers in 202 bytes (1 switches on core 0)
2026-07-25 15:01:53.167 8 INFO placement.requestlog [None req-0e702b1a-29fe-4c38-986f-633373139169 7a29514c677845c4a3a91007118d4d13 efe7cdb4959541bb932ceae0dfd28eba - - 51ac008080454bc9a9a74d96df8a87c2 51ac008080454bc9a9a74d96df8a87c2] 10.0.0.189 "DELETE /resource_providers/f61be05d-12ef-43e9-9247-5eec53ee3357" status: 404 len: 246 microversion: 1.1 [pid: 8|app: 0|req: 242/482] 10.0.0.189 () {34 vars in 816 bytes} [Sat Jul 25 15:01:53 2026] DELETE /resource_providers/f61be05d-12ef-43e9-9247-5eec53ee3357 => generated 246 bytes in 15 msecs (HTTP/1.1 404) 6 headers in 231 bytes (1 switches on core 0)
2026-07-25 15:01:53.170 7 INFO placement.requestlog [None req-bbcffcff-1eb4-4cec-bb55-2d5efe07312d 7a29514c677845c4a3a91007118d4d13 efe7cdb4959541bb932ceae0dfd28eba - - 51ac008080454bc9a9a74d96df8a87c2 51ac008080454bc9a9a74d96df8a87c2] 10.0.0.189 "DELETE /resource_providers/f61be05d-12ef-43e9-9247-5eec53ee3357" status: 404 len: 246 microversion: 1.1 [pid: 7|app: 0|req: 241/483] 10.0.0.189 () {34 vars in 816 bytes} [Sat Jul 25 15:01:53 2026] DELETE /resource_providers/f61be05d-12ef-43e9-9247-5eec53ee3357 => generated 246 bytes in 10 msecs (HTTP/1.1 404) 6 headers in 231 bytes (1 switches on core 0)
2026-07-25 15:01:53.649 8 INFO placement.requestlog [None req-ff04628b-b1a0-4bdd-9f9e-9dbf49bff09c 7a29514c677845c4a3a91007118d4d13 efe7cdb4959541bb932ceae0dfd28eba - - 51ac008080454bc9a9a74d96df8a87c2 51ac008080454bc9a9a74d96df8a87c2] 10.0.0.189 "GET /resource_providers/a3e6ad7b-5cc3-466a-b7c4-f9de2cfad14a/aggregates" status: 404 len: 235 microversion: 1.1 [pid: 8|app: 0|req: 243/484] 10.0.0.189 () {32 vars in 816 bytes} [Sat Jul 25 15:01:53 2026] GET /resource_providers/a3e6ad7b-5cc3-466a-b7c4-f9de2cfad14a/aggregates => generated 235 bytes in 10 msecs (HTTP/1.1 404) 5 headers in 202 bytes (1 switches on core 0)
2026-07-25 15:01:53.662 7 INFO placement.requestlog [None req-3a662dee-7db8-4d0f-a33c-884b88a93380 7a29514c677845c4a3a91007118d4d13 efe7cdb4959541bb932ceae0dfd28eba - - 51ac008080454bc9a9a74d96df8a87c2 51ac008080454bc9a9a74d96df8a87c2] 10.0.0.189 "GET /resource_providers/a3e6ad7b-5cc3-466a-b7c4-f9de2cfad14a/aggregates" status: 404 len: 235 microversion: 1.1 [pid: 7|app: 0|req: 242/485] 10.0.0.189 () {32 vars in 816 bytes} [Sat Jul 25 15:01:53 2026] GET /resource_providers/a3e6ad7b-5cc3-466a-b7c4-f9de2cfad14a/aggregates => generated 235 bytes in 16 msecs (HTTP/1.1 404) 5 headers in 202 bytes (1 switches on core 0)
2026-07-25 15:01:53.676 8 INFO placement.requestlog [None req-000fc394-def4-4fca-9888-22453f725465 7a29514c677845c4a3a91007118d4d13 efe7cdb4959541bb932ceae0dfd28eba - - 51ac008080454bc9a9a74d96df8a87c2 51ac008080454bc9a9a74d96df8a87c2] 10.0.0.189 "DELETE /resource_providers/a3e6ad7b-5cc3-466a-b7c4-f9de2cfad14a" status: 404 len: 246 microversion: 1.1 [pid: 8|app: 0|req: 244/486] 10.0.0.189 () {34 vars in 816 bytes} [Sat Jul 25 15:01:53 2026] DELETE /resource_providers/a3e6ad7b-5cc3-466a-b7c4-f9de2cfad14a => generated 246 bytes in 9 msecs (HTTP/1.1 404) 6 headers in 231 bytes (1 switches on core 0)
2026-07-25 15:01:53.689 7 INFO placement.requestlog [None req-94a6325b-14b5-44e9-823a-0b4b7cf3c20b 7a29514c677845c4a3a91007118d4d13 efe7cdb4959541bb932ceae0dfd28eba - - 51ac008080454bc9a9a74d96df8a87c2 51ac008080454bc9a9a74d96df8a87c2] 10.0.0.189 "DELETE /resource_providers/a3e6ad7b-5cc3-466a-b7c4-f9de2cfad14a" status: 404 len: 246 microversion: 1.1 [pid: 7|app: 0|req: 243/487] 10.0.0.189 () {34 vars in 816 bytes} [Sat Jul 25 15:01:53 2026] DELETE /resource_providers/a3e6ad7b-5cc3-466a-b7c4-f9de2cfad14a => generated 246 bytes in 18 msecs (HTTP/1.1 404) 6 headers in 231 bytes (1 switches on core 0)
2026-07-25 15:01:55.665 8 INFO placement.requestlog [req-5e22409a-3124-4255-a9dd-5ced57e63051 req-00d3e65b-fe95-4160-a8cc-bd7428c1a6ad 6c914e421d644278bbcabc460dec3d0f efe7cdb4959541bb932ceae0dfd28eba - - 51ac008080454bc9a9a74d96df8a87c2 51ac008080454bc9a9a74d96df8a87c2] 162.253.55.222 "GET /resource_providers/3df45964-b57a-4e8e-a14c-076a76ddf09b/allocations" status: 200 len: 338 microversion: 1.0 [pid: 8|app: 0|req: 245/488] 162.253.55.222 () {32 vars in 857 bytes} [Sat Jul 25 15:01:55 2026] GET /resource_providers/3df45964-b57a-4e8e-a14c-076a76ddf09b/allocations => generated 338 bytes in 19 msecs (HTTP/1.1 200) 6 headers in 224 bytes (1 switches on core 0)
2026-07-25 15:01:55.686 7 INFO placement.requestlog [req-5e22409a-3124-4255-a9dd-5ced57e63051 req-1f14b013-ef26-4c65-b7e3-06eaa02f3e68 6c914e421d644278bbcabc460dec3d0f efe7cdb4959541bb932ceae0dfd28eba - - 51ac008080454bc9a9a74d96df8a87c2 51ac008080454bc9a9a74d96df8a87c2] 162.253.55.222 "GET /allocations/4746b725-4663-4bfe-b5ea-00eaecac43d1" status: 200 len: 257 microversion: 1.28 [pid: 7|app: 0|req: 244/489] 162.253.55.222 () {34 vars in 863 bytes} [Sat Jul 25 15:01:55 2026] GET /allocations/4746b725-4663-4bfe-b5ea-00eaecac43d1 => generated 257 bytes in 14 msecs (HTTP/1.1 200) 8 headers in 296 bytes (1 switches on core 0)
2026-07-25 15:01:55.710 8 INFO placement.requestlog [req-5e22409a-3124-4255-a9dd-5ced57e63051 req-783ef118-e096-4003-8cff-3f8016651d6d 6c914e421d644278bbcabc460dec3d0f efe7cdb4959541bb932ceae0dfd28eba - - 51ac008080454bc9a9a74d96df8a87c2 51ac008080454bc9a9a74d96df8a87c2] 162.253.55.222 "GET /allocations/0b108363-6a1e-4769-b8b2-60ad11ffc5ac" status: 200 len: 257 microversion: 1.28 [pid: 8|app: 0|req: 246/490] 162.253.55.222 () {34 vars in 863 bytes} [Sat Jul 25 15:01:55 2026] GET /allocations/0b108363-6a1e-4769-b8b2-60ad11ffc5ac => generated 257 bytes in 13 msecs (HTTP/1.1 200) 8 headers in 296 bytes (1 switches on core 0)
2026-07-25 15:01:55.730 7 INFO placement.requestlog [req-5e22409a-3124-4255-a9dd-5ced57e63051 req-f40dcc51-a036-4824-8950-bec1f76fcb60 6c914e421d644278bbcabc460dec3d0f efe7cdb4959541bb932ceae0dfd28eba - - 51ac008080454bc9a9a74d96df8a87c2 51ac008080454bc9a9a74d96df8a87c2] 162.253.55.222 "GET /allocations/2ec09a01-b4f6-4f3d-9062-6dbc170243dd" status: 200 len: 243 microversion: 1.28 [pid: 7|app: 0|req: 245/491] 162.253.55.222 () {34 vars in 863 bytes} [Sat Jul 25 15:01:55 2026] GET /allocations/2ec09a01-b4f6-4f3d-9062-6dbc170243dd => generated 243 bytes in 16 msecs (HTTP/1.1 200) 8 headers in 296 bytes (1 switches on core 0)
2026-07-25 15:01:56.792 8 INFO placement.requestlog [req-5e22409a-3124-4255-a9dd-5ced57e63051 req-eff82913-3a6b-4401-ae52-5c2fa26f60ac 6c914e421d644278bbcabc460dec3d0f efe7cdb4959541bb932ceae0dfd28eba - - 51ac008080454bc9a9a74d96df8a87c2 51ac008080454bc9a9a74d96df8a87c2] 162.253.55.222 "DELETE /allocations/0b108363-6a1e-4769-b8b2-60ad11ffc5ac" status: 204 len: 0 microversion: 1.0 [pid: 8|app: 0|req: 247/492] 162.253.55.222 () {34 vars in 841 bytes} [Sat Jul 25 15:01:56 2026] DELETE /allocations/0b108363-6a1e-4769-b8b2-60ad11ffc5ac => generated 0 bytes in 26 msecs (HTTP/1.1 204) 5 headers in 198 bytes (1 switches on core 0)
