2026-07-25 15:04:50.302 8 INFO placement.requestlog [None req-25f70176-dd1b-4fa3-af95-39e719650d5a 7a29514c677845c4a3a91007118d4d13 efe7cdb4959541bb932ceae0dfd28eba - - 51ac008080454bc9a9a74d96df8a87c2 51ac008080454bc9a9a74d96df8a87c2] 10.0.0.189 "GET /resource_providers/814a817b-71d2-41c2-abf5-701667c77adf/aggregates" status: 404 len: 235 microversion: 1.1 [pid: 8|app: 0|req: 424/839] 10.0.0.189 () {32 vars in 816 bytes} [Sat Jul 25 15:04:50 2026] GET /resource_providers/814a817b-71d2-41c2-abf5-701667c77adf/aggregates => generated 235 bytes in 13 msecs (HTTP/1.1 404) 5 headers in 202 bytes (1 switches on core 0)
2026-07-25 15:04:50.317 8 INFO placement.requestlog [None req-544885bc-ed0a-417f-a34e-57ceca169e31 7a29514c677845c4a3a91007118d4d13 efe7cdb4959541bb932ceae0dfd28eba - - 51ac008080454bc9a9a74d96df8a87c2 51ac008080454bc9a9a74d96df8a87c2] 10.0.0.189 "DELETE /resource_providers/814a817b-71d2-41c2-abf5-701667c77adf" status: 404 len: 246 microversion: 1.1 [pid: 8|app: 0|req: 425/840] 10.0.0.189 () {34 vars in 816 bytes} [Sat Jul 25 15:04:50 2026] DELETE /resource_providers/814a817b-71d2-41c2-abf5-701667c77adf => generated 246 bytes in 5 msecs (HTTP/1.1 404) 6 headers in 231 bytes (1 switches on core 0)
2026-07-25 15:04:50.318 7 INFO placement.requestlog [None req-c56d29b0-eb2d-4344-b6ef-470260b2c429 7a29514c677845c4a3a91007118d4d13 efe7cdb4959541bb932ceae0dfd28eba - - 51ac008080454bc9a9a74d96df8a87c2 51ac008080454bc9a9a74d96df8a87c2] 10.0.0.189 "GET /resource_providers/814a817b-71d2-41c2-abf5-701667c77adf/aggregates" status: 404 len: 235 microversion: 1.1 [pid: 7|app: 0|req: 416/841] 10.0.0.189 () {32 vars in 816 bytes} [Sat Jul 25 15:04:50 2026] GET /resource_providers/814a817b-71d2-41c2-abf5-701667c77adf/aggregates => generated 235 bytes in 15 msecs (HTTP/1.1 404) 5 headers in 202 bytes (1 switches on core 0)
2026-07-25 15:04:50.334 8 INFO placement.requestlog [None req-9d955675-45b4-4bbd-8ff5-0293de25df23 7a29514c677845c4a3a91007118d4d13 efe7cdb4959541bb932ceae0dfd28eba - - 51ac008080454bc9a9a74d96df8a87c2 51ac008080454bc9a9a74d96df8a87c2] 10.0.0.189 "DELETE /resource_providers/814a817b-71d2-41c2-abf5-701667c77adf" status: 404 len: 246 microversion: 1.1 [pid: 8|app: 0|req: 426/842] 10.0.0.189 () {34 vars in 816 bytes} [Sat Jul 25 15:04:50 2026] DELETE /resource_providers/814a817b-71d2-41c2-abf5-701667c77adf => generated 246 bytes in 9 msecs (HTTP/1.1 404) 6 headers in 231 bytes (1 switches on core 0)
2026-07-25 15:04:56.981 8 INFO placement.requestlog [None req-3979e6d5-36e2-40f7-9d30-58bff16a44fc - - - - - -] 10.0.0.238 "GET /" status: 200 len: 136 microversion: 1.0
2026-07-25 15:04:56.981 7 INFO placement.requestlog [None req-14a078a9-bcfe-4444-944a-9024b19d92bc - - - - - -] 10.0.0.238 "GET /" status: 200 len: 136 microversion: 1.0
2026-07-25 15:05:03.695 8 INFO placement.requestlog [req-7303c61f-1d86-43bd-8abf-9664e07afb6e req-a30830a0-12c4-4a8e-9be6-2810a4ead774 6c914e421d644278bbcabc460dec3d0f efe7cdb4959541bb932ceae0dfd28eba - - 51ac008080454bc9a9a74d96df8a87c2 51ac008080454bc9a9a74d96df8a87c2] 162.253.55.222 "GET /resource_providers/3df45964-b57a-4e8e-a14c-076a76ddf09b/allocations" status: 200 len: 55 microversion: 1.0 [pid: 8|app: 0|req: 428/845] 162.253.55.222 () {32 vars in 857 bytes} [Sat Jul 25 15:05:03 2026] GET /resource_providers/3df45964-b57a-4e8e-a14c-076a76ddf09b/allocations => generated 55 bytes in 180 msecs (HTTP/1.1 200) 6 headers in 223 bytes (1 switches on core 0)
2026-07-25 15:05:03.725 7 INFO placement.requestlog [req-7303c61f-1d86-43bd-8abf-9664e07afb6e req-5e50e50f-6115-4127-90b3-d7f0a6154017 6c914e421d644278bbcabc460dec3d0f efe7cdb4959541bb932ceae0dfd28eba - - 51ac008080454bc9a9a74d96df8a87c2 51ac008080454bc9a9a74d96df8a87c2] 162.253.55.222 "GET /resource_providers?in_tree=3df45964-b57a-4e8e-a14c-076a76ddf09b" status: 200 len: 798 microversion: 1.14 [pid: 7|app: 0|req: 418/846] 162.253.55.222 () {34 vars in 892 bytes} [Sat Jul 25 15:05:03 2026] GET /resource_providers?in_tree=3df45964-b57a-4e8e-a14c-076a76ddf09b => generated 798 bytes in 21 msecs (HTTP/1.1 200) 6 headers in 225 bytes (1 switches on core 0)
2026-07-25 15:05:03.751 8 INFO placement.requestlog [req-7303c61f-1d86-43bd-8abf-9664e07afb6e req-8a656400-6938-4b83-9c4a-a6aea1be965e 6c914e421d644278bbcabc460dec3d0f efe7cdb4959541bb932ceae0dfd28eba - - 51ac008080454bc9a9a74d96df8a87c2 51ac008080454bc9a9a74d96df8a87c2] 162.253.55.222 "GET /resource_providers/3df45964-b57a-4e8e-a14c-076a76ddf09b/inventories" status: 200 len: 401 microversion: 1.0 [pid: 8|app: 0|req: 429/847] 162.253.55.222 () {32 vars in 857 bytes} [Sat Jul 25 15:05:03 2026] GET /resource_providers/3df45964-b57a-4e8e-a14c-076a76ddf09b/inventories => generated 401 bytes in 20 msecs (HTTP/1.1 200) 6 headers in 224 bytes (1 switches on core 0)
2026-07-25 15:05:03.778 7 INFO placement.requestlog [req-7303c61f-1d86-43bd-8abf-9664e07afb6e req-3069cf85-12a6-4f9c-a23e-a367eaea5e41 6c914e421d644278bbcabc460dec3d0f efe7cdb4959541bb932ceae0dfd28eba - - 51ac008080454bc9a9a74d96df8a87c2 51ac008080454bc9a9a74d96df8a87c2] 162.253.55.222 "GET /resource_providers/3df45964-b57a-4e8e-a14c-076a76ddf09b/aggregates" status: 200 len: 54 microversion: 1.19 [pid: 7|app: 0|req: 419/848] 162.253.55.222 () {34 vars in 899 bytes} [Sat Jul 25 15:05:03 2026] GET /resource_providers/3df45964-b57a-4e8e-a14c-076a76ddf09b/aggregates => generated 54 bytes in 19 msecs (HTTP/1.1 200) 8 headers in 295 bytes (1 switches on core 0)
2026-07-25 15:05:03.817 8 INFO placement.requestlog [req-7303c61f-1d86-43bd-8abf-9664e07afb6e req-95f5544e-afff-4f54-ac96-25de816a2cad 6c914e421d644278bbcabc460dec3d0f efe7cdb4959541bb932ceae0dfd28eba - - 51ac008080454bc9a9a74d96df8a87c2 51ac008080454bc9a9a74d96df8a87c2] 162.253.55.222 "GET /resource_providers/3df45964-b57a-4e8e-a14c-076a76ddf09b/traits" status: 200 len: 2317 microversion: 1.6 [pid: 8|app: 0|req: 430/849] 162.253.55.222 () {34 vars in 890 bytes} [Sat Jul 25 15:05:03 2026] GET /resource_providers/3df45964-b57a-4e8e-a14c-076a76ddf09b/traits => generated 2317 bytes in 34 msecs (HTTP/1.1 200) 6 headers in 225 bytes (1 switches on core 0)
2026-07-25 15:05:03.841 7 INFO placement.requestlog [req-7303c61f-1d86-43bd-8abf-9664e07afb6e req-0b4cc893-575d-481e-ae35-f417ef503c1e 6c914e421d644278bbcabc460dec3d0f efe7cdb4959541bb932ceae0dfd28eba - - 51ac008080454bc9a9a74d96df8a87c2 51ac008080454bc9a9a74d96df8a87c2] 162.253.55.222 "GET /resource_providers/3df45964-b57a-4e8e-a14c-076a76ddf09b/allocations" status: 200 len: 55 microversion: 1.0 [pid: 7|app: 0|req: 420/850] 162.253.55.222 () {32 vars in 857 bytes} [Sat Jul 25 15:05:03 2026] GET /resource_providers/3df45964-b57a-4e8e-a14c-076a76ddf09b/allocations => generated 55 bytes in 20 msecs (HTTP/1.1 200) 6 headers in 223 bytes (1 switches on core 0)
2026-07-25 15:05:06.980 7 INFO placement.requestlog [None req-3147a3b9-0316-40f0-87f8-5af21c857904 - - - - - -] 10.0.0.238 "GET /" status: 200 len: 136 microversion: 1.0
2026-07-25 15:05:06.981 8 INFO placement.requestlog [None req-2a34ae45-fa57-4635-a4a1-e0438148e53b - - - - - -] 10.0.0.238 "GET /" status: 200 len: 136 microversion: 1.0
2026-07-25 15:05:07.370 7 INFO placement.requestlog [None req-625f709e-f204-4d93-a278-42de23998fcb 7a29514c677845c4a3a91007118d4d13 efe7cdb4959541bb932ceae0dfd28eba - - 51ac008080454bc9a9a74d96df8a87c2 51ac008080454bc9a9a74d96df8a87c2] 10.0.0.189 "GET /resource_providers/c5aaf19c-c102-4aeb-8369-cae9cbc7cc4e/aggregates" status: 404 len: 235 microversion: 1.1
2026-07-25 15:05:07.370 8 INFO placement.requestlog [None req-2aa8f8e0-617f-47a1-9e97-50db7983b757 7a29514c677845c4a3a91007118d4d13 efe7cdb4959541bb932ceae0dfd28eba - - 51ac008080454bc9a9a74d96df8a87c2 51ac008080454bc9a9a74d96df8a87c2] 10.0.0.189 "GET /resource_providers/c5aaf19c-c102-4aeb-8369-cae9cbc7cc4e/aggregates" status: 404 len: 235 microversion: 1.1 [pid: 7|app: 0|req: 422/853] 10.0.0.189 () {32 vars in 816 bytes} [Sat Jul 25 15:05:07 2026] GET /resource_providers/c5aaf19c-c102-4aeb-8369-cae9cbc7cc4e/aggregates => generated 235 bytes in 8 msecs (HTTP/1.1 404) 5 headers in 202 bytes (1 switches on core 0) [pid: 8|app: 0|req: 432/854] 10.0.0.189 () {32 vars in 816 bytes} [Sat Jul 25 15:05:07 2026] GET /resource_providers/c5aaf19c-c102-4aeb-8369-cae9cbc7cc4e/aggregates => generated 235 bytes in 8 msecs (HTTP/1.1 404) 5 headers in 202 bytes (1 switches on core 0)
2026-07-25 15:05:07.387 7 INFO placement.requestlog [None req-8894fc05-f32c-444d-9da8-24966c846ef4 7a29514c677845c4a3a91007118d4d13 efe7cdb4959541bb932ceae0dfd28eba - - 51ac008080454bc9a9a74d96df8a87c2 51ac008080454bc9a9a74d96df8a87c2] 10.0.0.189 "DELETE /resource_providers/c5aaf19c-c102-4aeb-8369-cae9cbc7cc4e" status: 404 len: 246 microversion: 1.1 [pid: 7|app: 0|req: 423/855] 10.0.0.189 () {34 vars in 816 bytes} [Sat Jul 25 15:05:07 2026] DELETE /resource_providers/c5aaf19c-c102-4aeb-8369-cae9cbc7cc4e => generated 246 bytes in 7 msecs (HTTP/1.1 404) 6 headers in 231 bytes (1 switches on core 0)
2026-07-25 15:05:07.390 8 INFO placement.requestlog [None req-d8d505f3-4f24-4a4d-8f47-b2c1ef6ba22f 7a29514c677845c4a3a91007118d4d13 efe7cdb4959541bb932ceae0dfd28eba - - 51ac008080454bc9a9a74d96df8a87c2 51ac008080454bc9a9a74d96df8a87c2] 10.0.0.189 "DELETE /resource_providers/c5aaf19c-c102-4aeb-8369-cae9cbc7cc4e" status: 404 len: 246 microversion: 1.1 [pid: 8|app: 0|req: 433/856] 10.0.0.189 () {34 vars in 816 bytes} [Sat Jul 25 15:05:07 2026] DELETE /resource_providers/c5aaf19c-c102-4aeb-8369-cae9cbc7cc4e => generated 246 bytes in 8 msecs (HTTP/1.1 404) 6 headers in 231 bytes (1 switches on core 0)
2026-07-25 15:05:07.533 7 INFO placement.requestlog [None req-8341dd83-4542-497c-a420-36c3a40756be 7a29514c677845c4a3a91007118d4d13 efe7cdb4959541bb932ceae0dfd28eba - - 51ac008080454bc9a9a74d96df8a87c2 51ac008080454bc9a9a74d96df8a87c2] 10.0.0.189 "GET /resource_providers/419613fd-84d6-43f2-8cab-01ea835c88b6/aggregates" status: 404 len: 235 microversion: 1.1 [pid: 7|app: 0|req: 424/857] 10.0.0.189 () {32 vars in 816 bytes} [Sat Jul 25 15:05:07 2026] GET /resource_providers/419613fd-84d6-43f2-8cab-01ea835c88b6/aggregates => generated 235 bytes in 8 msecs (HTTP/1.1 404) 5 headers in 202 bytes (1 switches on core 0)
2026-07-25 15:05:07.533 8 INFO placement.requestlog [None req-2d16a5ed-0bd8-4735-aeaa-24dbef09e6ba 7a29514c677845c4a3a91007118d4d13 efe7cdb4959541bb932ceae0dfd28eba - - 51ac008080454bc9a9a74d96df8a87c2 51ac008080454bc9a9a74d96df8a87c2] 10.0.0.189 "GET /resource_providers/419613fd-84d6-43f2-8cab-01ea835c88b6/aggregates" status: 404 len: 235 microversion: 1.1 [pid: 8|app: 0|req: 434/858] 10.0.0.189 () {32 vars in 816 bytes} [Sat Jul 25 15:05:07 2026] GET /resource_providers/419613fd-84d6-43f2-8cab-01ea835c88b6/aggregates => generated 235 bytes in 9 msecs (HTTP/1.1 404) 5 headers in 202 bytes (1 switches on core 0)
2026-07-25 15:05:07.552 7 INFO placement.requestlog [None req-8a2ba38b-d965-4c8c-9207-31e2165fc1ae 7a29514c677845c4a3a91007118d4d13 efe7cdb4959541bb932ceae0dfd28eba - - 51ac008080454bc9a9a74d96df8a87c2 51ac008080454bc9a9a74d96df8a87c2] 10.0.0.189 "DELETE /resource_providers/419613fd-84d6-43f2-8cab-01ea835c88b6" status: 404 len: 246 microversion: 1.1 [pid: 7|app: 0|req: 425/859] 10.0.0.189 () {34 vars in 816 bytes} [Sat Jul 25 15:05:07 2026] DELETE /resource_providers/419613fd-84d6-43f2-8cab-01ea835c88b6 => generated 246 bytes in 6 msecs (HTTP/1.1 404) 6 headers in 231 bytes (1 switches on core 0)
2026-07-25 15:05:07.562 8 INFO placement.requestlog [None req-be4c68a6-319e-48b7-a078-02e19f43b22b 7a29514c677845c4a3a91007118d4d13 efe7cdb4959541bb932ceae0dfd28eba - - 51ac008080454bc9a9a74d96df8a87c2 51ac008080454bc9a9a74d96df8a87c2] 10.0.0.189 "DELETE /resource_providers/419613fd-84d6-43f2-8cab-01ea835c88b6" status: 404 len: 246 microversion: 1.1 [pid: 8|app: 0|req: 435/860] 10.0.0.189 () {34 vars in 816 bytes} [Sat Jul 25 15:05:07 2026] DELETE /resource_providers/419613fd-84d6-43f2-8cab-01ea835c88b6 => generated 246 bytes in 12 msecs (HTTP/1.1 404) 6 headers in 231 bytes (1 switches on core 0)
2026-07-25 15:05:09.412 7 INFO placement.requestlog [None req-765e069e-cf35-4fdc-af17-6031aaa8d9c5 7a29514c677845c4a3a91007118d4d13 efe7cdb4959541bb932ceae0dfd28eba - - 51ac008080454bc9a9a74d96df8a87c2 51ac008080454bc9a9a74d96df8a87c2] 10.0.0.189 "GET /resource_providers/1d4df7bd-ca1c-4055-a46c-a33d8fd184fd/aggregates" status: 404 len: 235 microversion: 1.1 [pid: 7|app: 0|req: 426/861] 10.0.0.189 () {32 vars in 816 bytes} [Sat Jul 25 15:05:09 2026] GET /resource_providers/1d4df7bd-ca1c-4055-a46c-a33d8fd184fd/aggregates => generated 235 bytes in 9 msecs (HTTP/1.1 404) 5 headers in 202 bytes (1 switches on core 0)
2026-07-25 15:05:09.418 8 INFO placement.requestlog [None req-a8a3c7a2-b4c7-4e6d-9359-596bacbb1e94 7a29514c677845c4a3a91007118d4d13 efe7cdb4959541bb932ceae0dfd28eba - - 51ac008080454bc9a9a74d96df8a87c2 51ac008080454bc9a9a74d96df8a87c2] 10.0.0.189 "GET /resource_providers/1d4df7bd-ca1c-4055-a46c-a33d8fd184fd/aggregates" status: 404 len: 235 microversion: 1.1 [pid: 8|app: 0|req: 436/862] 10.0.0.189 () {32 vars in 816 bytes} [Sat Jul 25 15:05:09 2026] GET /resource_providers/1d4df7bd-ca1c-4055-a46c-a33d8fd184fd/aggregates => generated 235 bytes in 10 msecs (HTTP/1.1 404) 5 headers in 202 bytes (1 switches on core 0)
2026-07-25 15:05:09.435 8 INFO placement.requestlog [None req-03629e09-25be-4cca-9102-23c5595cd39f 7a29514c677845c4a3a91007118d4d13 efe7cdb4959541bb932ceae0dfd28eba - - 51ac008080454bc9a9a74d96df8a87c2 51ac008080454bc9a9a74d96df8a87c2] 10.0.0.189 "DELETE /resource_providers/1d4df7bd-ca1c-4055-a46c-a33d8fd184fd" status: 404 len: 246 microversion: 1.1 [pid: 8|app: 0|req: 437/863] 10.0.0.189 () {34 vars in 816 bytes} [Sat Jul 25 15:05:09 2026] DELETE /resource_providers/1d4df7bd-ca1c-4055-a46c-a33d8fd184fd => generated 246 bytes in 7 msecs (HTTP/1.1 404) 6 headers in 231 bytes (1 switches on core 0)
2026-07-25 15:05:09.443 7 INFO placement.requestlog [None req-84567d6b-fe99-4a03-b2a3-bba341ffe1d4 7a29514c677845c4a3a91007118d4d13 efe7cdb4959541bb932ceae0dfd28eba - - 51ac008080454bc9a9a74d96df8a87c2 51ac008080454bc9a9a74d96df8a87c2] 10.0.0.189 "DELETE /resource_providers/1d4df7bd-ca1c-4055-a46c-a33d8fd184fd" status: 404 len: 246 microversion: 1.1 [pid: 7|app: 0|req: 427/864] 10.0.0.189 () {34 vars in 816 bytes} [Sat Jul 25 15:05:09 2026] DELETE /resource_providers/1d4df7bd-ca1c-4055-a46c-a33d8fd184fd => generated 246 bytes in 18 msecs (HTTP/1.1 404) 6 headers in 231 bytes (1 switches on core 0)
2026-07-25 15:05:09.468 8 INFO placement.requestlog [None req-00ef8f4e-f30a-4bb2-abe1-08133438b8b0 7a29514c677845c4a3a91007118d4d13 efe7cdb4959541bb932ceae0dfd28eba - - 51ac008080454bc9a9a74d96df8a87c2 51ac008080454bc9a9a74d96df8a87c2] 10.0.0.189 "GET /resource_providers/736edd27-6fa7-4b7d-897a-8a1c4f57ed41/aggregates" status: 404 len: 235 microversion: 1.1 [pid: 8|app: 0|req: 438/865] 10.0.0.189 () {32 vars in 816 bytes} [Sat Jul 25 15:05:09 2026] GET /resource_providers/736edd27-6fa7-4b7d-897a-8a1c4f57ed41/aggregates => generated 235 bytes in 20 msecs (HTTP/1.1 404) 5 headers in 202 bytes (1 switches on core 0)
2026-07-25 15:05:09.473 7 INFO placement.requestlog [None req-c52fe2a8-0ae1-4e1d-87f6-908cba4f7df1 7a29514c677845c4a3a91007118d4d13 efe7cdb4959541bb932ceae0dfd28eba - - 51ac008080454bc9a9a74d96df8a87c2 51ac008080454bc9a9a74d96df8a87c2] 10.0.0.189 "GET /resource_providers/736edd27-6fa7-4b7d-897a-8a1c4f57ed41/aggregates" status: 404 len: 235 microversion: 1.1 [pid: 7|app: 0|req: 428/866] 10.0.0.189 () {32 vars in 816 bytes} [Sat Jul 25 15:05:09 2026] GET /resource_providers/736edd27-6fa7-4b7d-897a-8a1c4f57ed41/aggregates => generated 235 bytes in 14 msecs (HTTP/1.1 404) 5 headers in 202 bytes (1 switches on core 0)
2026-07-25 15:05:09.494 8 INFO placement.requestlog [None req-3e87f54a-4b01-4f41-a128-62e40417567d 7a29514c677845c4a3a91007118d4d13 efe7cdb4959541bb932ceae0dfd28eba - - 51ac008080454bc9a9a74d96df8a87c2 51ac008080454bc9a9a74d96df8a87c2] 10.0.0.189 "DELETE /resource_providers/736edd27-6fa7-4b7d-897a-8a1c4f57ed41" status: 404 len: 246 microversion: 1.1 [pid: 8|app: 0|req: 439/867] 10.0.0.189 () {34 vars in 816 bytes} [Sat Jul 25 15:05:09 2026] DELETE /resource_providers/736edd27-6fa7-4b7d-897a-8a1c4f57ed41 => generated 246 bytes in 14 msecs (HTTP/1.1 404) 6 headers in 231 bytes (1 switches on core 0)
2026-07-25 15:05:09.496 7 INFO placement.requestlog [None req-69a95a2a-197b-4ce8-82c3-d1dc87075db9 7a29514c677845c4a3a91007118d4d13 efe7cdb4959541bb932ceae0dfd28eba - - 51ac008080454bc9a9a74d96df8a87c2 51ac008080454bc9a9a74d96df8a87c2] 10.0.0.189 "DELETE /resource_providers/736edd27-6fa7-4b7d-897a-8a1c4f57ed41" status: 404 len: 246 microversion: 1.1 [pid: 7|app: 0|req: 429/868] 10.0.0.189 () {34 vars in 816 bytes} [Sat Jul 25 15:05:09 2026] DELETE /resource_providers/736edd27-6fa7-4b7d-897a-8a1c4f57ed41 => generated 246 bytes in 9 msecs (HTTP/1.1 404) 6 headers in 231 bytes (1 switches on core 0)
2026-07-25 15:05:09.573 8 INFO placement.requestlog [None req-b627e702-6ade-4a3e-9267-b4162d452066 7a29514c677845c4a3a91007118d4d13 efe7cdb4959541bb932ceae0dfd28eba - - 51ac008080454bc9a9a74d96df8a87c2 51ac008080454bc9a9a74d96df8a87c2] 10.0.0.189 "GET /resource_providers/049cb4e8-b019-4103-a459-f2903aeb92be/aggregates" status: 404 len: 235 microversion: 1.1 [pid: 8|app: 0|req: 440/869] 10.0.0.189 () {32 vars in 816 bytes} [Sat Jul 25 15:05:09 2026] GET /resource_providers/049cb4e8-b019-4103-a459-f2903aeb92be/aggregates => generated 235 bytes in 12 msecs (HTTP/1.1 404) 5 headers in 202 bytes (1 switches on core 0)
2026-07-25 15:05:09.590 7 INFO placement.requestlog [None req-4aba32f1-16e2-4fa9-8894-d457d2d5ed7b 7a29514c677845c4a3a91007118d4d13 efe7cdb4959541bb932ceae0dfd28eba - - 51ac008080454bc9a9a74d96df8a87c2 51ac008080454bc9a9a74d96df8a87c2] 10.0.0.189 "GET /resource_providers/049cb4e8-b019-4103-a459-f2903aeb92be/aggregates" status: 404 len: 235 microversion: 1.1 [pid: 7|app: 0|req: 430/870] 10.0.0.189 () {32 vars in 816 bytes} [Sat Jul 25 15:05:09 2026] GET /resource_providers/049cb4e8-b019-4103-a459-f2903aeb92be/aggregates => generated 235 bytes in 11 msecs (HTTP/1.1 404) 5 headers in 202 bytes (1 switches on core 0)
2026-07-25 15:05:09.590 8 INFO placement.requestlog [None req-3f1e021c-09c0-49a9-851e-c1df928ac8f5 7a29514c677845c4a3a91007118d4d13 efe7cdb4959541bb932ceae0dfd28eba - - 51ac008080454bc9a9a74d96df8a87c2 51ac008080454bc9a9a74d96df8a87c2] 10.0.0.189 "DELETE /resource_providers/049cb4e8-b019-4103-a459-f2903aeb92be" status: 404 len: 246 microversion: 1.1 [pid: 8|app: 0|req: 441/871] 10.0.0.189 () {34 vars in 816 bytes} [Sat Jul 25 15:05:09 2026] DELETE /resource_providers/049cb4e8-b019-4103-a459-f2903aeb92be => generated 246 bytes in 10 msecs (HTTP/1.1 404) 6 headers in 231 bytes (1 switches on core 0)
2026-07-25 15:05:09.606 7 INFO placement.requestlog [None req-4d0ed55d-4821-4f55-bece-dfbb3db493bd 7a29514c677845c4a3a91007118d4d13 efe7cdb4959541bb932ceae0dfd28eba - - 51ac008080454bc9a9a74d96df8a87c2 51ac008080454bc9a9a74d96df8a87c2] 10.0.0.189 "DELETE /resource_providers/049cb4e8-b019-4103-a459-f2903aeb92be" status: 404 len: 246 microversion: 1.1 [pid: 7|app: 0|req: 431/872] 10.0.0.189 () {34 vars in 816 bytes} [Sat Jul 25 15:05:09 2026] DELETE /resource_providers/049cb4e8-b019-4103-a459-f2903aeb92be => generated 246 bytes in 8 msecs (HTTP/1.1 404) 6 headers in 231 bytes (1 switches on core 0)
2026-07-25 15:05:11.528 7 INFO placement.requestlog [None req-aa0eef92-01d2-4f8a-b30d-0f7164d8c9c7 7a29514c677845c4a3a91007118d4d13 efe7cdb4959541bb932ceae0dfd28eba - - 51ac008080454bc9a9a74d96df8a87c2 51ac008080454bc9a9a74d96df8a87c2] 10.0.0.189 "GET /resource_providers/c8f00eb5-ed9f-41ed-81c7-3f663a83b295/aggregates" status: 404 len: 235 microversion: 1.1 [pid: 7|app: 0|req: 432/873] 10.0.0.189 () {32 vars in 816 bytes} [Sat Jul 25 15:05:11 2026] GET /resource_providers/c8f00eb5-ed9f-41ed-81c7-3f663a83b295/aggregates => generated 235 bytes in 16 msecs (HTTP/1.1 404) 5 headers in 202 bytes (1 switches on core 0)
2026-07-25 15:05:11.534 8 INFO placement.requestlog [None req-d4402a6a-18d4-457a-8f6f-16d810a9d91b 7a29514c677845c4a3a91007118d4d13 efe7cdb4959541bb932ceae0dfd28eba - - 51ac008080454bc9a9a74d96df8a87c2 51ac008080454bc9a9a74d96df8a87c2] 10.0.0.189 "GET /resource_providers/c8f00eb5-ed9f-41ed-81c7-3f663a83b295/aggregates" status: 404 len: 235 microversion: 1.1 [pid: 8|app: 0|req: 442/874] 10.0.0.189 () {32 vars in 816 bytes} [Sat Jul 25 15:05:11 2026] GET /resource_providers/c8f00eb5-ed9f-41ed-81c7-3f663a83b295/aggregates => generated 235 bytes in 26 msecs (HTTP/1.1 404) 5 headers in 202 bytes (1 switches on core 0)
2026-07-25 15:05:11.551 7 INFO placement.requestlog [None req-45c0f5fa-e9ab-41aa-a656-a5cc506906d2 7a29514c677845c4a3a91007118d4d13 efe7cdb4959541bb932ceae0dfd28eba - - 51ac008080454bc9a9a74d96df8a87c2 51ac008080454bc9a9a74d96df8a87c2] 10.0.0.189 "DELETE /resource_providers/c8f00eb5-ed9f-41ed-81c7-3f663a83b295" status: 404 len: 246 microversion: 1.1 [pid: 7|app: 0|req: 433/875] 10.0.0.189 () {34 vars in 816 bytes} [Sat Jul 25 15:05:11 2026] DELETE /resource_providers/c8f00eb5-ed9f-41ed-81c7-3f663a83b295 => generated 246 bytes in 14 msecs (HTTP/1.1 404) 6 headers in 231 bytes (1 switches on core 0)
2026-07-25 15:05:11.556 8 INFO placement.requestlog [None req-d49f6e21-fa29-403f-b708-e43f9ca9f224 7a29514c677845c4a3a91007118d4d13 efe7cdb4959541bb932ceae0dfd28eba - - 51ac008080454bc9a9a74d96df8a87c2 51ac008080454bc9a9a74d96df8a87c2] 10.0.0.189 "DELETE /resource_providers/c8f00eb5-ed9f-41ed-81c7-3f663a83b295" status: 404 len: 246 microversion: 1.1 [pid: 8|app: 0|req: 443/876] 10.0.0.189 () {34 vars in 816 bytes} [Sat Jul 25 15:05:11 2026] DELETE /resource_providers/c8f00eb5-ed9f-41ed-81c7-3f663a83b295 => generated 246 bytes in 11 msecs (HTTP/1.1 404) 6 headers in 231 bytes (1 switches on core 0)
2026-07-25 15:05:13.568 7 INFO placement.requestlog [None req-ec5bc0cc-1959-4edc-aae8-7f183ce06e2c 7a29514c677845c4a3a91007118d4d13 efe7cdb4959541bb932ceae0dfd28eba - - 51ac008080454bc9a9a74d96df8a87c2 51ac008080454bc9a9a74d96df8a87c2] 10.0.0.189 "GET /resource_providers/e101cbe2-a9a5-49cf-a559-3a064d992e28/aggregates" status: 404 len: 235 microversion: 1.1 [pid: 7|app: 0|req: 434/877] 10.0.0.189 () {32 vars in 816 bytes} [Sat Jul 25 15:05:13 2026] GET /resource_providers/e101cbe2-a9a5-49cf-a559-3a064d992e28/aggregates => generated 235 bytes in 11 msecs (HTTP/1.1 404) 5 headers in 202 bytes (1 switches on core 0)
2026-07-25 15:05:13.575 8 INFO placement.requestlog [None req-04d9110e-410d-4d50-bf4f-7d08e9e37995 7a29514c677845c4a3a91007118d4d13 efe7cdb4959541bb932ceae0dfd28eba - - 51ac008080454bc9a9a74d96df8a87c2 51ac008080454bc9a9a74d96df8a87c2] 10.0.0.189 "GET /resource_providers/e101cbe2-a9a5-49cf-a559-3a064d992e28/aggregates" status: 404 len: 235 microversion: 1.1 [pid: 8|app: 0|req: 444/878] 10.0.0.189 () {32 vars in 816 bytes} [Sat Jul 25 15:05:13 2026] GET /resource_providers/e101cbe2-a9a5-49cf-a559-3a064d992e28/aggregates => generated 235 bytes in 8 msecs (HTTP/1.1 404) 5 headers in 202 bytes (1 switches on core 0)
2026-07-25 15:05:13.585 7 INFO placement.requestlog [None req-2275e369-eb95-4c07-a120-4a2828d6c03f 7a29514c677845c4a3a91007118d4d13 efe7cdb4959541bb932ceae0dfd28eba - - 51ac008080454bc9a9a74d96df8a87c2 51ac008080454bc9a9a74d96df8a87c2] 10.0.0.189 "DELETE /resource_providers/e101cbe2-a9a5-49cf-a559-3a064d992e28" status: 404 len: 246 microversion: 1.1 [pid: 7|app: 0|req: 435/879] 10.0.0.189 () {34 vars in 816 bytes} [Sat Jul 25 15:05:13 2026] DELETE /resource_providers/e101cbe2-a9a5-49cf-a559-3a064d992e28 => generated 246 bytes in 12 msecs (HTTP/1.1 404) 6 headers in 231 bytes (1 switches on core 0)
2026-07-25 15:05:13.590 8 INFO placement.requestlog [None req-11966ef8-97e7-432c-99e5-cd0049658902 7a29514c677845c4a3a91007118d4d13 efe7cdb4959541bb932ceae0dfd28eba - - 51ac008080454bc9a9a74d96df8a87c2 51ac008080454bc9a9a74d96df8a87c2] 10.0.0.189 "DELETE /resource_providers/e101cbe2-a9a5-49cf-a559-3a064d992e28" status: 404 len: 246 microversion: 1.1 [pid: 8|app: 0|req: 445/880] 10.0.0.189 () {34 vars in 816 bytes} [Sat Jul 25 15:05:13 2026] DELETE /resource_providers/e101cbe2-a9a5-49cf-a559-3a064d992e28 => generated 246 bytes in 7 msecs (HTTP/1.1 404) 6 headers in 231 bytes (1 switches on core 0)
2026-07-25 15:05:16.980 8 INFO placement.requestlog [None req-bb4fb660-7313-433d-afaa-9fcd4c3b02f4 - - - - - -] 10.0.0.238 "GET /" status: 200 len: 136 microversion: 1.0
2026-07-25 15:05:16.980 7 INFO placement.requestlog [None req-bf4bb3b7-ba2d-4c6c-ab4e-447cfc3468ef - - - - - -] 10.0.0.238 "GET /" status: 200 len: 136 microversion: 1.0
2026-07-25 15:05:18.736 8 INFO placement.requestlog [None req-5de34edc-4cb0-4f22-824f-8a134fd160bd 7a29514c677845c4a3a91007118d4d13 efe7cdb4959541bb932ceae0dfd28eba - - 51ac008080454bc9a9a74d96df8a87c2 51ac008080454bc9a9a74d96df8a87c2] 10.0.0.189 "GET /resource_providers/c42194a0-b9bb-42a6-a3ea-4384025e1a49/aggregates" status: 404 len: 235 microversion: 1.1 [pid: 8|app: 0|req: 447/883] 10.0.0.189 () {32 vars in 816 bytes} [Sat Jul 25 15:05:18 2026] GET /resource_providers/c42194a0-b9bb-42a6-a3ea-4384025e1a49/aggregates => generated 235 bytes in 11 msecs (HTTP/1.1 404) 5 headers in 202 bytes (1 switches on core 0)
2026-07-25 15:05:18.740 7 INFO placement.requestlog [None req-9d37622d-786e-4874-b51b-6e421b0fa6ab 7a29514c677845c4a3a91007118d4d13 efe7cdb4959541bb932ceae0dfd28eba - - 51ac008080454bc9a9a74d96df8a87c2 51ac008080454bc9a9a74d96df8a87c2] 10.0.0.189 "GET /resource_providers/c42194a0-b9bb-42a6-a3ea-4384025e1a49/aggregates" status: 404 len: 235 microversion: 1.1 [pid: 7|app: 0|req: 437/884] 10.0.0.189 () {32 vars in 816 bytes} [Sat Jul 25 15:05:18 2026] GET /resource_providers/c42194a0-b9bb-42a6-a3ea-4384025e1a49/aggregates => generated 235 bytes in 12 msecs (HTTP/1.1 404) 5 headers in 202 bytes (1 switches on core 0)
2026-07-25 15:05:18.757 8 INFO placement.requestlog [None req-4f32e893-23e2-4c3c-8ace-4fa43c667c77 7a29514c677845c4a3a91007118d4d13 efe7cdb4959541bb932ceae0dfd28eba - - 51ac008080454bc9a9a74d96df8a87c2 51ac008080454bc9a9a74d96df8a87c2] 10.0.0.189 "DELETE /resource_providers/c42194a0-b9bb-42a6-a3ea-4384025e1a49" status: 404 len: 246 microversion: 1.1 [pid: 8|app: 0|req: 448/885] 10.0.0.189 () {34 vars in 816 bytes} [Sat Jul 25 15:05:18 2026] DELETE /resource_providers/c42194a0-b9bb-42a6-a3ea-4384025e1a49 => generated 246 bytes in 8 msecs (HTTP/1.1 404) 6 headers in 231 bytes (1 switches on core 0)
2026-07-25 15:05:18.758 7 INFO placement.requestlog [None req-0b8262bc-029f-46dd-9537-bc92d6e59797 7a29514c677845c4a3a91007118d4d13 efe7cdb4959541bb932ceae0dfd28eba - - 51ac008080454bc9a9a74d96df8a87c2 51ac008080454bc9a9a74d96df8a87c2] 10.0.0.189 "DELETE /resource_providers/c42194a0-b9bb-42a6-a3ea-4384025e1a49" status: 404 len: 246 microversion: 1.1 [pid: 7|app: 0|req: 438/886] 10.0.0.189 () {34 vars in 816 bytes} [Sat Jul 25 15:05:18 2026] DELETE /resource_providers/c42194a0-b9bb-42a6-a3ea-4384025e1a49 => generated 246 bytes in 8 msecs (HTTP/1.1 404) 6 headers in 231 bytes (1 switches on core 0)
2026-07-25 15:05:18.908 8 INFO placement.requestlog [None req-d780d341-2e3a-4f28-a214-5357919d16e2 7a29514c677845c4a3a91007118d4d13 efe7cdb4959541bb932ceae0dfd28eba - - 51ac008080454bc9a9a74d96df8a87c2 51ac008080454bc9a9a74d96df8a87c2] 10.0.0.189 "GET /resource_providers/ac62730d-596a-4eff-a917-8128614fa5dd/aggregates" status: 404 len: 235 microversion: 1.1
2026-07-25 15:05:18.909 7 INFO placement.requestlog [None req-d0f1700c-5181-408d-8814-d259a73bbbe3 7a29514c677845c4a3a91007118d4d13 efe7cdb4959541bb932ceae0dfd28eba - - 51ac008080454bc9a9a74d96df8a87c2 51ac008080454bc9a9a74d96df8a87c2] 10.0.0.189 "GET /resource_providers/ac62730d-596a-4eff-a917-8128614fa5dd/aggregates" status: 404 len: 235 microversion: 1.1 [pid: 8|app: 0|req: 449/887] 10.0.0.189 () {32 vars in 816 bytes} [Sat Jul 25 15:05:18 2026] GET /resource_providers/ac62730d-596a-4eff-a917-8128614fa5dd/aggregates => generated 235 bytes in 13 msecs (HTTP/1.1 404) 5 headers in 202 bytes (1 switches on core 0) [pid: 7|app: 0|req: 439/888] 10.0.0.189 () {32 vars in 816 bytes} [Sat Jul 25 15:05:18 2026] GET /resource_providers/ac62730d-596a-4eff-a917-8128614fa5dd/aggregates => generated 235 bytes in 11 msecs (HTTP/1.1 404) 5 headers in 202 bytes (1 switches on core 0)
2026-07-25 15:05:18.930 8 INFO placement.requestlog [None req-db40f90f-6ed4-42eb-9ae7-770c07f8b9b6 7a29514c677845c4a3a91007118d4d13 efe7cdb4959541bb932ceae0dfd28eba - - 51ac008080454bc9a9a74d96df8a87c2 51ac008080454bc9a9a74d96df8a87c2] 10.0.0.189 "DELETE /resource_providers/ac62730d-596a-4eff-a917-8128614fa5dd" status: 404 len: 246 microversion: 1.1 [pid: 8|app: 0|req: 450/889] 10.0.0.189 () {34 vars in 816 bytes} [Sat Jul 25 15:05:18 2026] DELETE /resource_providers/ac62730d-596a-4eff-a917-8128614fa5dd => generated 246 bytes in 8 msecs (HTTP/1.1 404) 6 headers in 231 bytes (1 switches on core 0)
2026-07-25 15:05:18.945 7 INFO placement.requestlog [None req-46526387-4319-404a-98ab-8037465b0619 7a29514c677845c4a3a91007118d4d13 efe7cdb4959541bb932ceae0dfd28eba - - 51ac008080454bc9a9a74d96df8a87c2 51ac008080454bc9a9a74d96df8a87c2] 10.0.0.189 "DELETE /resource_providers/ac62730d-596a-4eff-a917-8128614fa5dd" status: 404 len: 246 microversion: 1.1 [pid: 7|app: 0|req: 440/890] 10.0.0.189 () {34 vars in 816 bytes} [Sat Jul 25 15:05:18 2026] DELETE /resource_providers/ac62730d-596a-4eff-a917-8128614fa5dd => generated 246 bytes in 7 msecs (HTTP/1.1 404) 6 headers in 231 bytes (1 switches on core 0)
2026-07-25 15:05:20.777 7 INFO placement.requestlog [None req-d853b370-9f91-4ab5-a7f3-caff4b1e29e1 7a29514c677845c4a3a91007118d4d13 efe7cdb4959541bb932ceae0dfd28eba - - 51ac008080454bc9a9a74d96df8a87c2 51ac008080454bc9a9a74d96df8a87c2] 10.0.0.189 "GET /resource_providers/cfd2a89d-914b-47a9-a83e-a4cd60301265/aggregates" status: 404 len: 235 microversion: 1.1 [pid: 7|app: 0|req: 441/891] 10.0.0.189 () {32 vars in 816 bytes} [Sat Jul 25 15:05:20 2026] GET /resource_providers/cfd2a89d-914b-47a9-a83e-a4cd60301265/aggregates => generated 235 bytes in 8 msecs (HTTP/1.1 404) 5 headers in 202 bytes (1 switches on core 0)
2026-07-25 15:05:20.777 8 INFO placement.requestlog [None req-401e4f56-c84a-4b05-aeda-8ad46bee568c 7a29514c677845c4a3a91007118d4d13 efe7cdb4959541bb932ceae0dfd28eba - - 51ac008080454bc9a9a74d96df8a87c2 51ac008080454bc9a9a74d96df8a87c2] 10.0.0.189 "GET /resource_providers/cfd2a89d-914b-47a9-a83e-a4cd60301265/aggregates" status: 404 len: 235 microversion: 1.1 [pid: 8|app: 0|req: 451/892] 10.0.0.189 () {32 vars in 816 bytes} [Sat Jul 25 15:05:20 2026] GET /resource_providers/cfd2a89d-914b-47a9-a83e-a4cd60301265/aggregates => generated 235 bytes in 10 msecs (HTTP/1.1 404) 5 headers in 202 bytes (1 switches on core 0)
2026-07-25 15:05:20.791 7 INFO placement.requestlog [None req-ae04d162-b038-47a5-9b8b-d9a4b93a4904 7a29514c677845c4a3a91007118d4d13 efe7cdb4959541bb932ceae0dfd28eba - - 51ac008080454bc9a9a74d96df8a87c2 51ac008080454bc9a9a74d96df8a87c2] 10.0.0.189 "DELETE /resource_providers/cfd2a89d-914b-47a9-a83e-a4cd60301265" status: 404 len: 246 microversion: 1.1 [pid: 7|app: 0|req: 442/893] 10.0.0.189 () {34 vars in 816 bytes} [Sat Jul 25 15:05:20 2026] DELETE /resource_providers/cfd2a89d-914b-47a9-a83e-a4cd60301265 => generated 246 bytes in 6 msecs (HTTP/1.1 404) 6 headers in 231 bytes (1 switches on core 0)
2026-07-25 15:05:20.795 8 INFO placement.requestlog [None req-4f7e6aff-74fd-4491-bfff-081138b075a8 7a29514c677845c4a3a91007118d4d13 efe7cdb4959541bb932ceae0dfd28eba - - 51ac008080454bc9a9a74d96df8a87c2 51ac008080454bc9a9a74d96df8a87c2] 10.0.0.189 "DELETE /resource_providers/cfd2a89d-914b-47a9-a83e-a4cd60301265" status: 404 len: 246 microversion: 1.1 [pid: 8|app: 0|req: 452/894] 10.0.0.189 () {34 vars in 816 bytes} [Sat Jul 25 15:05:20 2026] DELETE /resource_providers/cfd2a89d-914b-47a9-a83e-a4cd60301265 => generated 246 bytes in 9 msecs (HTTP/1.1 404) 6 headers in 231 bytes (1 switches on core 0)
2026-07-25 15:05:20.809 8 INFO placement.requestlog [None req-faad2630-2462-49d2-95f9-a1543ec8b5f5 7a29514c677845c4a3a91007118d4d13 efe7cdb4959541bb932ceae0dfd28eba - - 51ac008080454bc9a9a74d96df8a87c2 51ac008080454bc9a9a74d96df8a87c2] 10.0.0.189 "GET /resource_providers/f1c540cc-4cdb-4049-abe2-145991952e95/aggregates" status: 404 len: 235 microversion: 1.1 [pid: 8|app: 0|req: 453/895] 10.0.0.189 () {32 vars in 816 bytes} [Sat Jul 25 15:05:20 2026] GET /resource_providers/f1c540cc-4cdb-4049-abe2-145991952e95/aggregates => generated 235 bytes in 7 msecs (HTTP/1.1 404) 5 headers in 202 bytes (1 switches on core 0)
2026-07-25 15:05:20.810 7 INFO placement.requestlog [None req-5f163444-c2eb-4e6c-b3b1-e22774435dc3 7a29514c677845c4a3a91007118d4d13 efe7cdb4959541bb932ceae0dfd28eba - - 51ac008080454bc9a9a74d96df8a87c2 51ac008080454bc9a9a74d96df8a87c2] 10.0.0.189 "GET /resource_providers/f1c540cc-4cdb-4049-abe2-145991952e95/aggregates" status: 404 len: 235 microversion: 1.1 [pid: 7|app: 0|req: 443/896] 10.0.0.189 () {32 vars in 816 bytes} [Sat Jul 25 15:05:20 2026] GET /resource_providers/f1c540cc-4cdb-4049-abe2-145991952e95/aggregates => generated 235 bytes in 9 msecs (HTTP/1.1 404) 5 headers in 202 bytes (1 switches on core 0)
2026-07-25 15:05:20.825 8 INFO placement.requestlog [None req-0ef9a6b5-6d40-431f-a15f-bd33b574f9f6 7a29514c677845c4a3a91007118d4d13 efe7cdb4959541bb932ceae0dfd28eba - - 51ac008080454bc9a9a74d96df8a87c2 51ac008080454bc9a9a74d96df8a87c2] 10.0.0.189 "DELETE /resource_providers/f1c540cc-4cdb-4049-abe2-145991952e95" status: 404 len: 246 microversion: 1.1 [pid: 8|app: 0|req: 454/897] 10.0.0.189 () {34 vars in 816 bytes} [Sat Jul 25 15:05:20 2026] DELETE /resource_providers/f1c540cc-4cdb-4049-abe2-145991952e95 => generated 246 bytes in 8 msecs (HTTP/1.1 404) 6 headers in 231 bytes (1 switches on core 0)
2026-07-25 15:05:20.833 7 INFO placement.requestlog [None req-cb3c7ade-b912-4998-ad23-20239d390f5c 7a29514c677845c4a3a91007118d4d13 efe7cdb4959541bb932ceae0dfd28eba - - 51ac008080454bc9a9a74d96df8a87c2 51ac008080454bc9a9a74d96df8a87c2] 10.0.0.189 "DELETE /resource_providers/f1c540cc-4cdb-4049-abe2-145991952e95" status: 404 len: 246 microversion: 1.1 [pid: 7|app: 0|req: 444/898] 10.0.0.189 () {34 vars in 816 bytes} [Sat Jul 25 15:05:20 2026] DELETE /resource_providers/f1c540cc-4cdb-4049-abe2-145991952e95 => generated 246 bytes in 10 msecs (HTTP/1.1 404) 6 headers in 231 bytes (1 switches on core 0)
2026-07-25 15:05:20.838 8 INFO placement.requestlog [None req-3910e094-3fd9-48ec-9b64-1e3d08c92124 7a29514c677845c4a3a91007118d4d13 efe7cdb4959541bb932ceae0dfd28eba - - 51ac008080454bc9a9a74d96df8a87c2 51ac008080454bc9a9a74d96df8a87c2] 10.0.0.189 "GET /resource_providers/77ee53bb-58f3-43ab-8d31-ded3956948d7/aggregates" status: 404 len: 235 microversion: 1.1 [pid: 8|app: 0|req: 455/899] 10.0.0.189 () {32 vars in 816 bytes} [Sat Jul 25 15:05:20 2026] GET /resource_providers/77ee53bb-58f3-43ab-8d31-ded3956948d7/aggregates => generated 235 bytes in 7 msecs (HTTP/1.1 404) 5 headers in 202 bytes (1 switches on core 0)
2026-07-25 15:05:20.853 7 INFO placement.requestlog [None req-b1ade536-1db2-4512-ac50-05e45c4ba97f 7a29514c677845c4a3a91007118d4d13 efe7cdb4959541bb932ceae0dfd28eba - - 51ac008080454bc9a9a74d96df8a87c2 51ac008080454bc9a9a74d96df8a87c2] 10.0.0.189 "GET /resource_providers/77ee53bb-58f3-43ab-8d31-ded3956948d7/aggregates" status: 404 len: 235 microversion: 1.1
2026-07-25 15:05:20.853 8 INFO placement.requestlog [None req-c984ec8c-7970-40b5-b94c-f1c824b0d8bd 7a29514c677845c4a3a91007118d4d13 efe7cdb4959541bb932ceae0dfd28eba - - 51ac008080454bc9a9a74d96df8a87c2 51ac008080454bc9a9a74d96df8a87c2] 10.0.0.189 "DELETE /resource_providers/77ee53bb-58f3-43ab-8d31-ded3956948d7" status: 404 len: 246 microversion: 1.1 [pid: 8|app: 0|req: 456/900] 10.0.0.189 () {34 vars in 816 bytes} [Sat Jul 25 15:05:20 2026] DELETE /resource_providers/77ee53bb-58f3-43ab-8d31-ded3956948d7 => generated 246 bytes in 8 msecs (HTTP/1.1 404) 6 headers in 231 bytes (1 switches on core 0) [pid: 7|app: 0|req: 445/901] 10.0.0.189 () {32 vars in 816 bytes} [Sat Jul 25 15:05:20 2026] GET /resource_providers/77ee53bb-58f3-43ab-8d31-ded3956948d7/aggregates => generated 235 bytes in 9 msecs (HTTP/1.1 404) 5 headers in 202 bytes (1 switches on core 0)
2026-07-25 15:05:20.875 8 INFO placement.requestlog [None req-5f68667b-0a5f-4906-ac5b-1e5faa38df58 7a29514c677845c4a3a91007118d4d13 efe7cdb4959541bb932ceae0dfd28eba - - 51ac008080454bc9a9a74d96df8a87c2 51ac008080454bc9a9a74d96df8a87c2] 10.0.0.189 "DELETE /resource_providers/77ee53bb-58f3-43ab-8d31-ded3956948d7" status: 404 len: 246 microversion: 1.1 [pid: 8|app: 0|req: 457/902] 10.0.0.189 () {34 vars in 816 bytes} [Sat Jul 25 15:05:20 2026] DELETE /resource_providers/77ee53bb-58f3-43ab-8d31-ded3956948d7 => generated 246 bytes in 5 msecs (HTTP/1.1 404) 6 headers in 231 bytes (1 switches on core 0)
2026-07-25 15:05:26.983 8 INFO placement.requestlog [None req-f6d0ef8a-7028-4b5b-b071-f0b0aa0bb6f8 - - - - - -] 10.0.0.238 "GET /" status: 200 len: 136 microversion: 1.0
2026-07-25 15:05:26.982 7 INFO placement.requestlog [None req-62552955-cd26-429f-a3fc-730d685d5565 - - - - - -] 10.0.0.238 "GET /" status: 200 len: 136 microversion: 1.0
2026-07-25 15:05:33.260 8 INFO placement.requestlog [req-e813b292-5e6c-4ee5-a1b3-770df858003c req-e6a4ac19-4cb5-4a3e-a760-5b6b7634e870 6c914e421d644278bbcabc460dec3d0f efe7cdb4959541bb932ceae0dfd28eba - - 51ac008080454bc9a9a74d96df8a87c2 51ac008080454bc9a9a74d96df8a87c2] 10.0.0.244 "GET /allocation_candidates?limit=1000&resources=DISK_GB%3A1%2CMEMORY_MB%3A512%2CVCPU%3A1&root_required=%21COMPUTE_STATUS_DISABLED" status: 200 len: 2781 microversion: 1.36 [pid: 8|app: 0|req: 459/905] 10.0.0.244 () {34 vars in 1012 bytes} [Sat Jul 25 15:05:33 2026] GET /allocation_candidates?limit=1000&resources=DISK_GB%3A1%2CMEMORY_MB%3A512%2CVCPU%3A1&root_required=%21COMPUTE_STATUS_DISABLED => generated 2781 bytes in 69 msecs (HTTP/1.1 200) 8 headers in 297 bytes (1 switches on core 0)
2026-07-25 15:05:33.306 7 INFO placement.requestlog [req-e813b292-5e6c-4ee5-a1b3-770df858003c req-452019f0-daf2-4218-bc9f-32dbc8626c49 6c914e421d644278bbcabc460dec3d0f efe7cdb4959541bb932ceae0dfd28eba - - 51ac008080454bc9a9a74d96df8a87c2 51ac008080454bc9a9a74d96df8a87c2] 10.0.0.244 "GET /allocations/4c447708-0e23-483a-8cf6-1367dade27e6" status: 200 len: 19 microversion: 1.28 [pid: 7|app: 0|req: 447/906] 10.0.0.244 () {34 vars in 861 bytes} [Sat Jul 25 15:05:33 2026] GET /allocations/4c447708-0e23-483a-8cf6-1367dade27e6 => generated 19 bytes in 16 msecs (HTTP/1.1 200) 8 headers in 295 bytes (1 switches on core 0)
2026-07-25 15:05:33.378 8 INFO placement.requestlog [req-e813b292-5e6c-4ee5-a1b3-770df858003c req-b6a58fa0-51fb-4b41-ae63-521c36563e40 6c914e421d644278bbcabc460dec3d0f efe7cdb4959541bb932ceae0dfd28eba - - 51ac008080454bc9a9a74d96df8a87c2 51ac008080454bc9a9a74d96df8a87c2] 10.0.0.244 "PUT /allocations/4c447708-0e23-483a-8cf6-1367dade27e6" status: 204 len: 0 microversion: 1.36 [pid: 8|app: 0|req: 460/907] 10.0.0.244 () {38 vars in 914 bytes} [Sat Jul 25 15:05:33 2026] PUT /allocations/4c447708-0e23-483a-8cf6-1367dade27e6 => generated 0 bytes in 65 msecs (HTTP/1.1 204) 5 headers in 199 bytes (1 switches on core 0)
2026-07-25 15:05:34.932 7 INFO placement.requestlog [req-e813b292-5e6c-4ee5-a1b3-770df858003c req-c0de2d45-d121-4f76-8ae6-96d6e8ad7c12 6c914e421d644278bbcabc460dec3d0f efe7cdb4959541bb932ceae0dfd28eba - - 51ac008080454bc9a9a74d96df8a87c2 51ac008080454bc9a9a74d96df8a87c2] 162.253.55.222 "GET /allocations/4c447708-0e23-483a-8cf6-1367dade27e6" status: 200 len: 258 microversion: 1.28 [pid: 7|app: 0|req: 448/908] 162.253.55.222 () {34 vars in 863 bytes} [Sat Jul 25 15:05:34 2026] GET /allocations/4c447708-0e23-483a-8cf6-1367dade27e6 => generated 258 bytes in 21 msecs (HTTP/1.1 200) 8 headers in 296 bytes (1 switches on core 0)
2026-07-25 15:05:35.983 8 INFO placement.requestlog [req-e813b292-5e6c-4ee5-a1b3-770df858003c req-bfcb0de0-6e44-4eda-b02f-fd9c51a6aefc 6c914e421d644278bbcabc460dec3d0f efe7cdb4959541bb932ceae0dfd28eba - - 51ac008080454bc9a9a74d96df8a87c2 51ac008080454bc9a9a74d96df8a87c2] 162.253.55.222 "GET /resource_providers/3df45964-b57a-4e8e-a14c-076a76ddf09b/allocations" status: 200 len: 153 microversion: 1.0 [pid: 8|app: 0|req: 461/909] 162.253.55.222 () {32 vars in 857 bytes} [Sat Jul 25 15:05:35 2026] GET /resource_providers/3df45964-b57a-4e8e-a14c-076a76ddf09b/allocations => generated 153 bytes in 24 msecs (HTTP/1.1 200) 6 headers in 224 bytes (1 switches on core 0)
2026-07-25 15:05:36.007 7 INFO placement.requestlog [req-e813b292-5e6c-4ee5-a1b3-770df858003c req-57118a01-0263-4112-900a-b7da8e09dd50 6c914e421d644278bbcabc460dec3d0f efe7cdb4959541bb932ceae0dfd28eba - - 51ac008080454bc9a9a74d96df8a87c2 51ac008080454bc9a9a74d96df8a87c2] 162.253.55.222 "GET /allocations/4c447708-0e23-483a-8cf6-1367dade27e6" status: 200 len: 258 microversion: 1.28 [pid: 7|app: 0|req: 449/910] 162.253.55.222 () {34 vars in 863 bytes} [Sat Jul 25 15:05:35 2026] GET /allocations/4c447708-0e23-483a-8cf6-1367dade27e6 => generated 258 bytes in 16 msecs (HTTP/1.1 200) 8 headers in 296 bytes (1 switches on core 0)
2026-07-25 15:05:36.980 8 INFO placement.requestlog [None req-cc4d48cb-2a61-4d23-8c93-e4ec21e52745 - - - - - -] 10.0.0.238 "GET /" status: 200 len: 136 microversion: 1.0
2026-07-25 15:05:36.980 7 INFO placement.requestlog [None req-35d0b1fc-8b4c-4c85-9a98-6466f48a1153 - - - - - -] 10.0.0.238 "GET /" status: 200 len: 136 microversion: 1.0
2026-07-25 15:05:38.388 8 INFO placement.requestlog [None req-a407315c-e597-4168-9cff-072f059c4864 7a29514c677845c4a3a91007118d4d13 efe7cdb4959541bb932ceae0dfd28eba - - 51ac008080454bc9a9a74d96df8a87c2 51ac008080454bc9a9a74d96df8a87c2] 10.0.0.189 "GET /resource_providers/3514f277-219a-4bc0-bfd5-ad7edc216378/aggregates" status: 404 len: 235 microversion: 1.1 [pid: 8|app: 0|req: 463/913] 10.0.0.189 () {32 vars in 816 bytes} [Sat Jul 25 15:05:38 2026] GET /resource_providers/3514f277-219a-4bc0-bfd5-ad7edc216378/aggregates => generated 235 bytes in 12 msecs (HTTP/1.1 404) 5 headers in 202 bytes (1 switches on core 0)
2026-07-25 15:05:38.391 7 INFO placement.requestlog [None req-d1780d4f-0fec-4a0f-8682-b71d0e73cdc5 7a29514c677845c4a3a91007118d4d13 efe7cdb4959541bb932ceae0dfd28eba - - 51ac008080454bc9a9a74d96df8a87c2 51ac008080454bc9a9a74d96df8a87c2] 10.0.0.189 "GET /resource_providers/3514f277-219a-4bc0-bfd5-ad7edc216378/aggregates" status: 404 len: 235 microversion: 1.1 [pid: 7|app: 0|req: 451/914] 10.0.0.189 () {32 vars in 816 bytes} [Sat Jul 25 15:05:38 2026] GET /resource_providers/3514f277-219a-4bc0-bfd5-ad7edc216378/aggregates => generated 235 bytes in 13 msecs (HTTP/1.1 404) 5 headers in 202 bytes (1 switches on core 0)
2026-07-25 15:05:38.415 8 INFO placement.requestlog [None req-472b13b4-590e-4a6a-b981-8cc98d299b9e 7a29514c677845c4a3a91007118d4d13 efe7cdb4959541bb932ceae0dfd28eba - - 51ac008080454bc9a9a74d96df8a87c2 51ac008080454bc9a9a74d96df8a87c2] 10.0.0.189 "DELETE /resource_providers/3514f277-219a-4bc0-bfd5-ad7edc216378" status: 404 len: 246 microversion: 1.1 [pid: 8|app: 0|req: 464/915] 10.0.0.189 () {34 vars in 816 bytes} [Sat Jul 25 15:05:38 2026] DELETE /resource_providers/3514f277-219a-4bc0-bfd5-ad7edc216378 => generated 246 bytes in 13 msecs (HTTP/1.1 404) 6 headers in 231 bytes (1 switches on core 0)
2026-07-25 15:05:38.417 7 INFO placement.requestlog [None req-7bdc0d2f-b669-4c5b-be87-a325bb222751 7a29514c677845c4a3a91007118d4d13 efe7cdb4959541bb932ceae0dfd28eba - - 51ac008080454bc9a9a74d96df8a87c2 51ac008080454bc9a9a74d96df8a87c2] 10.0.0.189 "DELETE /resource_providers/3514f277-219a-4bc0-bfd5-ad7edc216378" status: 404 len: 246 microversion: 1.1 [pid: 7|app: 0|req: 452/916] 10.0.0.189 () {34 vars in 816 bytes} [Sat Jul 25 15:05:38 2026] DELETE /resource_providers/3514f277-219a-4bc0-bfd5-ad7edc216378 => generated 246 bytes in 12 msecs (HTTP/1.1 404) 6 headers in 231 bytes (1 switches on core 0)
2026-07-25 15:05:43.745 8 INFO placement.requestlog [None req-72afdf95-4d86-45d0-93f5-8f9e08c4c23f 7a29514c677845c4a3a91007118d4d13 efe7cdb4959541bb932ceae0dfd28eba - - 51ac008080454bc9a9a74d96df8a87c2 51ac008080454bc9a9a74d96df8a87c2] 10.0.0.189 "GET /resource_providers/774820f1-d131-4a68-815a-be1cb864963b/aggregates" status: 404 len: 235 microversion: 1.1 [pid: 8|app: 0|req: 465/917] 10.0.0.189 () {32 vars in 816 bytes} [Sat Jul 25 15:05:43 2026] GET /resource_providers/774820f1-d131-4a68-815a-be1cb864963b/aggregates => generated 235 bytes in 13 msecs (HTTP/1.1 404) 5 headers in 202 bytes (1 switches on core 0)
2026-07-25 15:05:43.746 7 INFO placement.requestlog [None req-68015876-ebdd-413e-bcfe-9ea036d9727e 7a29514c677845c4a3a91007118d4d13 efe7cdb4959541bb932ceae0dfd28eba - - 51ac008080454bc9a9a74d96df8a87c2 51ac008080454bc9a9a74d96df8a87c2] 10.0.0.189 "GET /resource_providers/774820f1-d131-4a68-815a-be1cb864963b/aggregates" status: 404 len: 235 microversion: 1.1 [pid: 7|app: 0|req: 453/918] 10.0.0.189 () {32 vars in 816 bytes} [Sat Jul 25 15:05:43 2026] GET /resource_providers/774820f1-d131-4a68-815a-be1cb864963b/aggregates => generated 235 bytes in 13 msecs (HTTP/1.1 404) 5 headers in 202 bytes (1 switches on core 0)
2026-07-25 15:05:43.772 8 INFO placement.requestlog [None req-e0772f8c-cf38-4d70-8da8-c9cd6e796f05 7a29514c677845c4a3a91007118d4d13 efe7cdb4959541bb932ceae0dfd28eba - - 51ac008080454bc9a9a74d96df8a87c2 51ac008080454bc9a9a74d96df8a87c2] 10.0.0.189 "DELETE /resource_providers/774820f1-d131-4a68-815a-be1cb864963b" status: 404 len: 246 microversion: 1.1 [pid: 8|app: 0|req: 466/919] 10.0.0.189 () {34 vars in 816 bytes} [Sat Jul 25 15:05:43 2026] DELETE /resource_providers/774820f1-d131-4a68-815a-be1cb864963b => generated 246 bytes in 15 msecs (HTTP/1.1 404) 6 headers in 231 bytes (1 switches on core 0)
2026-07-25 15:05:43.785 7 INFO placement.requestlog [None req-8c888eb2-13b1-4bec-9e7a-748ed79feb61 7a29514c677845c4a3a91007118d4d13 efe7cdb4959541bb932ceae0dfd28eba - - 51ac008080454bc9a9a74d96df8a87c2 51ac008080454bc9a9a74d96df8a87c2] 10.0.0.189 "DELETE /resource_providers/774820f1-d131-4a68-815a-be1cb864963b" status: 404 len: 246 microversion: 1.1 [pid: 7|app: 0|req: 454/920] 10.0.0.189 () {34 vars in 816 bytes} [Sat Jul 25 15:05:43 2026] DELETE /resource_providers/774820f1-d131-4a68-815a-be1cb864963b => generated 246 bytes in 10 msecs (HTTP/1.1 404) 6 headers in 231 bytes (1 switches on core 0)
2026-07-25 15:05:43.932 7 INFO placement.requestlog [None req-096a7f1b-a462-40eb-bcb5-8825f4054c90 7a29514c677845c4a3a91007118d4d13 efe7cdb4959541bb932ceae0dfd28eba - - 51ac008080454bc9a9a74d96df8a87c2 51ac008080454bc9a9a74d96df8a87c2] 10.0.0.189 "GET /resource_providers/4466ea80-89cf-4526-8f83-6a7a52786cb9/aggregates" status: 404 len: 235 microversion: 1.1 [pid: 7|app: 0|req: 455/921] 10.0.0.189 () {32 vars in 816 bytes} [Sat Jul 25 15:05:43 2026] GET /resource_providers/4466ea80-89cf-4526-8f83-6a7a52786cb9/aggregates => generated 235 bytes in 18 msecs (HTTP/1.1 404) 5 headers in 202 bytes (1 switches on core 0)
2026-07-25 15:05:43.933 8 INFO placement.requestlog [None req-70abffd7-1829-4dfc-ad4d-c2bbcbf503be 7a29514c677845c4a3a91007118d4d13 efe7cdb4959541bb932ceae0dfd28eba - - 51ac008080454bc9a9a74d96df8a87c2 51ac008080454bc9a9a74d96df8a87c2] 10.0.0.189 "GET /resource_providers/4466ea80-89cf-4526-8f83-6a7a52786cb9/aggregates" status: 404 len: 235 microversion: 1.1 [pid: 8|app: 0|req: 467/922] 10.0.0.189 () {32 vars in 816 bytes} [Sat Jul 25 15:05:43 2026] GET /resource_providers/4466ea80-89cf-4526-8f83-6a7a52786cb9/aggregates => generated 235 bytes in 24 msecs (HTTP/1.1 404) 5 headers in 202 bytes (1 switches on core 0)
2026-07-25 15:05:43.969 7 INFO placement.requestlog [None req-9710b47b-2515-4172-9c10-d1cec0961b1c 7a29514c677845c4a3a91007118d4d13 efe7cdb4959541bb932ceae0dfd28eba - - 51ac008080454bc9a9a74d96df8a87c2 51ac008080454bc9a9a74d96df8a87c2] 10.0.0.189 "DELETE /resource_providers/4466ea80-89cf-4526-8f83-6a7a52786cb9" status: 404 len: 246 microversion: 1.1 [pid: 7|app: 0|req: 456/923] 10.0.0.189 () {34 vars in 816 bytes} [Sat Jul 25 15:05:43 2026] DELETE /resource_providers/4466ea80-89cf-4526-8f83-6a7a52786cb9 => generated 246 bytes in 20 msecs (HTTP/1.1 404) 6 headers in 231 bytes (1 switches on core 0)
2026-07-25 15:05:43.974 8 INFO placement.requestlog [None req-8014f816-48fa-4470-8714-17f146d853b7 7a29514c677845c4a3a91007118d4d13 efe7cdb4959541bb932ceae0dfd28eba - - 51ac008080454bc9a9a74d96df8a87c2 51ac008080454bc9a9a74d96df8a87c2] 10.0.0.189 "DELETE /resource_providers/4466ea80-89cf-4526-8f83-6a7a52786cb9" status: 404 len: 246 microversion: 1.1 [pid: 8|app: 0|req: 468/924] 10.0.0.189 () {34 vars in 816 bytes} [Sat Jul 25 15:05:43 2026] DELETE /resource_providers/4466ea80-89cf-4526-8f83-6a7a52786cb9 => generated 246 bytes in 24 msecs (HTTP/1.1 404) 6 headers in 231 bytes (1 switches on core 0)
2026-07-25 15:05:46.981 7 INFO placement.requestlog [None req-e5822c8b-29a8-4f0b-ae26-14c6ff437b72 - - - - - -] 10.0.0.238 "GET /" status: 200 len: 136 microversion: 1.0
2026-07-25 15:05:46.981 8 INFO placement.requestlog [None req-3871c3e1-c5d5-4778-bfaf-dee2cd79d50b - - - - - -] 10.0.0.238 "GET /" status: 200 len: 136 microversion: 1.0
2026-07-25 15:05:51.651 7 INFO placement.requestlog [req-ae62e79b-b9a2-41d7-8542-363eeb88ead0 req-600d68c1-dc29-4944-a2df-e3b9c7a0510d 6c914e421d644278bbcabc460dec3d0f efe7cdb4959541bb932ceae0dfd28eba - - 51ac008080454bc9a9a74d96df8a87c2 51ac008080454bc9a9a74d96df8a87c2] 162.253.55.222 "GET /resource_providers/3df45964-b57a-4e8e-a14c-076a76ddf09b/allocations" status: 200 len: 153 microversion: 1.0 [pid: 7|app: 0|req: 458/927] 162.253.55.222 () {32 vars in 857 bytes} [Sat Jul 25 15:05:51 2026] GET /resource_providers/3df45964-b57a-4e8e-a14c-076a76ddf09b/allocations => generated 153 bytes in 17 msecs (HTTP/1.1 200) 6 headers in 224 bytes (1 switches on core 0)
