2026-09-22 03:03:04.614 7 INFO cinder.api.openstack.wsgi [None req-08286c65-a134-4edb-beaf-b36bb3524436 9bf05ee5d8a44f3ba108e81a13b72a62 26aad06b1d504ad0aff77785492e25bc - - default default] GET http://cinder-api.openstack.svc.cluster.local:8776/v3/26aad06b1d504ad0aff77785492e25bc/volumes/1e942ec6-3777-4a3d-a4ed-eddf49634135 /var/lib/openstack/lib/python3.12/site-packages/oslo_context/context.py:100: DeprecationWarning: Policy enforcement is depending on the value of is_admin. This key is deprecated. Please update your policy file to use the standard policy values. warnings.warn('Policy enforcement is depending on the value of '
2026-09-22 03:03:04.633 7 INFO cinder.volume.api [None req-08286c65-a134-4edb-beaf-b36bb3524436 9bf05ee5d8a44f3ba108e81a13b72a62 26aad06b1d504ad0aff77785492e25bc - - default default] Volume info retrieved successfully.
2026-09-22 03:03:04.640 7 INFO cinder.api.openstack.wsgi [None req-08286c65-a134-4edb-beaf-b36bb3524436 9bf05ee5d8a44f3ba108e81a13b72a62 26aad06b1d504ad0aff77785492e25bc - - default default] http://cinder-api.openstack.svc.cluster.local:8776/v3/26aad06b1d504ad0aff77785492e25bc/volumes/1e942ec6-3777-4a3d-a4ed-eddf49634135 returned with HTTP 200 [pid: 7|app: 0|req: 388/778] 10.0.0.5 () {32 vars in 773 bytes} [Tue Sep 22 03:03:04 2026] GET /v3/26aad06b1d504ad0aff77785492e25bc/volumes/1e942ec6-3777-4a3d-a4ed-eddf49634135 => generated 938 bytes in 33 msecs (HTTP/1.1 200) 7 headers in 285 bytes (1 switches on core 0) /var/lib/openstack/lib/python3.12/site-packages/pycadf/identifier.py:70: UserWarning: Invalid uuid: cinderv3. To ensure interoperability, identifiers should be a valid uuid. warnings.warn(('Invalid uuid: %s. To ensure interoperability, '
2026-09-22 03:03:05.667 8 INFO cinder.api.openstack.wsgi [None req-00db6981-0e15-443c-afa4-0574a05c1f0c 9bf05ee5d8a44f3ba108e81a13b72a62 26aad06b1d504ad0aff77785492e25bc - - default default] GET http://cinder-api.openstack.svc.cluster.local:8776/v3/26aad06b1d504ad0aff77785492e25bc/volumes/1e942ec6-3777-4a3d-a4ed-eddf49634135 /var/lib/openstack/lib/python3.12/site-packages/oslo_context/context.py:100: DeprecationWarning: Policy enforcement is depending on the value of is_admin. This key is deprecated. Please update your policy file to use the standard policy values. warnings.warn('Policy enforcement is depending on the value of '
2026-09-22 03:03:05.690 8 INFO cinder.volume.api [None req-00db6981-0e15-443c-afa4-0574a05c1f0c 9bf05ee5d8a44f3ba108e81a13b72a62 26aad06b1d504ad0aff77785492e25bc - - default default] Volume info retrieved successfully.
2026-09-22 03:03:05.701 8 INFO cinder.api.openstack.wsgi [None req-00db6981-0e15-443c-afa4-0574a05c1f0c 9bf05ee5d8a44f3ba108e81a13b72a62 26aad06b1d504ad0aff77785492e25bc - - default default] http://cinder-api.openstack.svc.cluster.local:8776/v3/26aad06b1d504ad0aff77785492e25bc/volumes/1e942ec6-3777-4a3d-a4ed-eddf49634135 returned with HTTP 200 [pid: 8|app: 0|req: 391/779] 10.0.0.5 () {32 vars in 773 bytes} [Tue Sep 22 03:03:05 2026] GET /v3/26aad06b1d504ad0aff77785492e25bc/volumes/1e942ec6-3777-4a3d-a4ed-eddf49634135 => generated 1488 bytes in 42 msecs (HTTP/1.1 200) 7 headers in 286 bytes (1 switches on core 0) /var/lib/openstack/lib/python3.12/site-packages/pycadf/identifier.py:70: UserWarning: Invalid uuid: cinderv3. To ensure interoperability, identifiers should be a valid uuid. warnings.warn(('Invalid uuid: %s. To ensure interoperability, '
2026-09-22 03:03:05.722 7 INFO cinder.api.openstack.wsgi [None req-0f28f0ed-bfbe-4072-b46f-bc79cfc63417 9bf05ee5d8a44f3ba108e81a13b72a62 26aad06b1d504ad0aff77785492e25bc - - default default] GET http://cinder-api.openstack.svc.cluster.local:8776/v3/26aad06b1d504ad0aff77785492e25bc/volumes/1e942ec6-3777-4a3d-a4ed-eddf49634135 /var/lib/openstack/lib/python3.12/site-packages/oslo_context/context.py:100: DeprecationWarning: Policy enforcement is depending on the value of is_admin. This key is deprecated. Please update your policy file to use the standard policy values. warnings.warn('Policy enforcement is depending on the value of '
2026-09-22 03:03:05.741 7 INFO cinder.volume.api [None req-0f28f0ed-bfbe-4072-b46f-bc79cfc63417 9bf05ee5d8a44f3ba108e81a13b72a62 26aad06b1d504ad0aff77785492e25bc - - default default] Volume info retrieved successfully.
2026-09-22 03:03:05.754 7 INFO cinder.api.openstack.wsgi [None req-0f28f0ed-bfbe-4072-b46f-bc79cfc63417 9bf05ee5d8a44f3ba108e81a13b72a62 26aad06b1d504ad0aff77785492e25bc - - default default] http://cinder-api.openstack.svc.cluster.local:8776/v3/26aad06b1d504ad0aff77785492e25bc/volumes/1e942ec6-3777-4a3d-a4ed-eddf49634135 returned with HTTP 200 [pid: 7|app: 0|req: 389/780] 10.0.0.5 () {32 vars in 773 bytes} [Tue Sep 22 03:03:05 2026] GET /v3/26aad06b1d504ad0aff77785492e25bc/volumes/1e942ec6-3777-4a3d-a4ed-eddf49634135 => generated 1488 bytes in 40 msecs (HTTP/1.1 200) 7 headers in 286 bytes (1 switches on core 0) /var/lib/openstack/lib/python3.12/site-packages/pycadf/identifier.py:70: UserWarning: Invalid uuid: cinderv3. To ensure interoperability, identifiers should be a valid uuid. warnings.warn(('Invalid uuid: %s. To ensure interoperability, '
2026-09-22 03:03:05.779 8 INFO cinder.api.openstack.wsgi [None req-bc09c002-4b5b-4d72-8541-b391f1b90854 9bf05ee5d8a44f3ba108e81a13b72a62 26aad06b1d504ad0aff77785492e25bc - - default default] PUT http://cinder-api.openstack.svc.cluster.local:8776/v3/26aad06b1d504ad0aff77785492e25bc/volumes/1e942ec6-3777-4a3d-a4ed-eddf49634135 /var/lib/openstack/lib/python3.12/site-packages/oslo_context/context.py:100: DeprecationWarning: Policy enforcement is depending on the value of is_admin. This key is deprecated. Please update your policy file to use the standard policy values. warnings.warn('Policy enforcement is depending on the value of '
2026-09-22 03:03:05.804 8 INFO cinder.volume.api [None req-bc09c002-4b5b-4d72-8541-b391f1b90854 9bf05ee5d8a44f3ba108e81a13b72a62 26aad06b1d504ad0aff77785492e25bc - - default default] Volume info retrieved successfully.
2026-09-22 03:03:05.817 8 INFO cinder.volume.api [None req-bc09c002-4b5b-4d72-8541-b391f1b90854 9bf05ee5d8a44f3ba108e81a13b72a62 26aad06b1d504ad0aff77785492e25bc - - default default] Volume updated successfully.
2026-09-22 03:03:05.818 8 INFO cinder.api.openstack.wsgi [None req-bc09c002-4b5b-4d72-8541-b391f1b90854 9bf05ee5d8a44f3ba108e81a13b72a62 26aad06b1d504ad0aff77785492e25bc - - default default] http://cinder-api.openstack.svc.cluster.local:8776/v3/26aad06b1d504ad0aff77785492e25bc/volumes/1e942ec6-3777-4a3d-a4ed-eddf49634135 returned with HTTP 200 [pid: 8|app: 0|req: 392/781] 10.0.0.5 () {34 vars in 793 bytes} [Tue Sep 22 03:03:05 2026] PUT /v3/26aad06b1d504ad0aff77785492e25bc/volumes/1e942ec6-3777-4a3d-a4ed-eddf49634135 => generated 894 bytes in 47 msecs (HTTP/1.1 200) 7 headers in 285 bytes (1 switches on core 0) /var/lib/openstack/lib/python3.12/site-packages/pycadf/identifier.py:70: UserWarning: Invalid uuid: cinderv3. To ensure interoperability, identifiers should be a valid uuid. warnings.warn(('Invalid uuid: %s. To ensure interoperability, '
2026-09-22 03:03:05.840 7 INFO cinder.api.openstack.wsgi [None req-2f2c6c9b-b160-4845-b0d2-fd3bc1e68710 9bf05ee5d8a44f3ba108e81a13b72a62 26aad06b1d504ad0aff77785492e25bc - - default default] PUT http://cinder-api.openstack.svc.cluster.local:8776/v3/26aad06b1d504ad0aff77785492e25bc/volumes/1e942ec6-3777-4a3d-a4ed-eddf49634135 /var/lib/openstack/lib/python3.12/site-packages/oslo_context/context.py:100: DeprecationWarning: Policy enforcement is depending on the value of is_admin. This key is deprecated. Please update your policy file to use the standard policy values. warnings.warn('Policy enforcement is depending on the value of '
2026-09-22 03:03:05.865 7 INFO cinder.volume.api [None req-2f2c6c9b-b160-4845-b0d2-fd3bc1e68710 9bf05ee5d8a44f3ba108e81a13b72a62 26aad06b1d504ad0aff77785492e25bc - - default default] Volume info retrieved successfully.
2026-09-22 03:03:05.877 7 INFO cinder.volume.api [None req-2f2c6c9b-b160-4845-b0d2-fd3bc1e68710 9bf05ee5d8a44f3ba108e81a13b72a62 26aad06b1d504ad0aff77785492e25bc - - default default] Volume updated successfully.
2026-09-22 03:03:05.878 7 INFO cinder.api.openstack.wsgi [None req-2f2c6c9b-b160-4845-b0d2-fd3bc1e68710 9bf05ee5d8a44f3ba108e81a13b72a62 26aad06b1d504ad0aff77785492e25bc - - default default] http://cinder-api.openstack.svc.cluster.local:8776/v3/26aad06b1d504ad0aff77785492e25bc/volumes/1e942ec6-3777-4a3d-a4ed-eddf49634135 returned with HTTP 200 [pid: 7|app: 0|req: 390/782] 10.0.0.5 () {34 vars in 794 bytes} [Tue Sep 22 03:03:05 2026] PUT /v3/26aad06b1d504ad0aff77785492e25bc/volumes/1e942ec6-3777-4a3d-a4ed-eddf49634135 => generated 934 bytes in 46 msecs (HTTP/1.1 200) 7 headers in 285 bytes (1 switches on core 0) /var/lib/openstack/lib/python3.12/site-packages/pycadf/identifier.py:70: UserWarning: Invalid uuid: cinderv3. To ensure interoperability, identifiers should be a valid uuid. warnings.warn(('Invalid uuid: %s. To ensure interoperability, '
2026-09-22 03:03:05.903 8 INFO cinder.api.openstack.wsgi [None req-87e2be0d-8928-4298-ad7b-9983d05a3029 9bf05ee5d8a44f3ba108e81a13b72a62 26aad06b1d504ad0aff77785492e25bc - - default default] GET http://cinder-api.openstack.svc.cluster.local:8776/v3/26aad06b1d504ad0aff77785492e25bc/volumes/1e942ec6-3777-4a3d-a4ed-eddf49634135 /var/lib/openstack/lib/python3.12/site-packages/oslo_context/context.py:100: DeprecationWarning: Policy enforcement is depending on the value of is_admin. This key is deprecated. Please update your policy file to use the standard policy values. warnings.warn('Policy enforcement is depending on the value of '
2026-09-22 03:03:05.927 8 INFO cinder.volume.api [None req-87e2be0d-8928-4298-ad7b-9983d05a3029 9bf05ee5d8a44f3ba108e81a13b72a62 26aad06b1d504ad0aff77785492e25bc - - default default] Volume info retrieved successfully.
2026-09-22 03:03:05.939 8 INFO cinder.api.openstack.wsgi [None req-87e2be0d-8928-4298-ad7b-9983d05a3029 9bf05ee5d8a44f3ba108e81a13b72a62 26aad06b1d504ad0aff77785492e25bc - - default default] http://cinder-api.openstack.svc.cluster.local:8776/v3/26aad06b1d504ad0aff77785492e25bc/volumes/1e942ec6-3777-4a3d-a4ed-eddf49634135 returned with HTTP 200 [pid: 8|app: 0|req: 393/783] 10.0.0.5 () {32 vars in 773 bytes} [Tue Sep 22 03:03:05 2026] GET /v3/26aad06b1d504ad0aff77785492e25bc/volumes/1e942ec6-3777-4a3d-a4ed-eddf49634135 => generated 1528 bytes in 46 msecs (HTTP/1.1 200) 7 headers in 286 bytes (1 switches on core 0) /var/lib/openstack/lib/python3.12/site-packages/pycadf/identifier.py:70: UserWarning: Invalid uuid: cinderv3. To ensure interoperability, identifiers should be a valid uuid. warnings.warn(('Invalid uuid: %s. To ensure interoperability, '
2026-09-22 03:03:05.962 7 INFO cinder.api.openstack.wsgi [None req-0ed7c0a3-a637-427d-a29e-140fccc89289 9bf05ee5d8a44f3ba108e81a13b72a62 26aad06b1d504ad0aff77785492e25bc - - default default] POST http://cinder-api.openstack.svc.cluster.local:8776/v3/26aad06b1d504ad0aff77785492e25bc/volumes
2026-09-22 03:03:05.967 7 INFO cinder.api.v3.volumes [None req-0ed7c0a3-a637-427d-a29e-140fccc89289 9bf05ee5d8a44f3ba108e81a13b72a62 26aad06b1d504ad0aff77785492e25bc - - default default] Create volume of 1 GB
2026-09-22 03:03:05.974 7 INFO cinder.volume.api [None req-0ed7c0a3-a637-427d-a29e-140fccc89289 9bf05ee5d8a44f3ba108e81a13b72a62 26aad06b1d504ad0aff77785492e25bc - - default default] Availability Zones retrieved successfully.
2026-09-22 03:03:06.127 7 INFO cinder.volume.api [None req-0ed7c0a3-a637-427d-a29e-140fccc89289 9bf05ee5d8a44f3ba108e81a13b72a62 26aad06b1d504ad0aff77785492e25bc - - default default] Create volume request issued successfully.
2026-09-22 03:03:06.128 7 INFO cinder.api.openstack.wsgi [None req-0ed7c0a3-a637-427d-a29e-140fccc89289 9bf05ee5d8a44f3ba108e81a13b72a62 26aad06b1d504ad0aff77785492e25bc - - default default] http://cinder-api.openstack.svc.cluster.local:8776/v3/26aad06b1d504ad0aff77785492e25bc/volumes returned with HTTP 202 [pid: 7|app: 0|req: 391/784] 10.0.0.5 () {34 vars in 721 bytes} [Tue Sep 22 03:03:05 2026] POST /v3/26aad06b1d504ad0aff77785492e25bc/volumes => generated 891 bytes in 173 msecs (HTTP/1.1 202) 7 headers in 291 bytes (1 switches on core 0) /var/lib/openstack/lib/python3.12/site-packages/pycadf/identifier.py:70: UserWarning: Invalid uuid: cinderv3. To ensure interoperability, identifiers should be a valid uuid. warnings.warn(('Invalid uuid: %s. To ensure interoperability, '
2026-09-22 03:03:06.172 8 INFO cinder.api.openstack.wsgi [None req-02bd055c-4b7a-4636-b3b2-46d436c0d0d3 9bf05ee5d8a44f3ba108e81a13b72a62 26aad06b1d504ad0aff77785492e25bc - - default default] GET http://cinder-api.openstack.svc.cluster.local:8776/v3/26aad06b1d504ad0aff77785492e25bc/volumes/637cfdaf-12ab-4d2b-b63d-b0ce3bedc3eb /var/lib/openstack/lib/python3.12/site-packages/oslo_context/context.py:100: DeprecationWarning: Policy enforcement is depending on the value of is_admin. This key is deprecated. Please update your policy file to use the standard policy values. warnings.warn('Policy enforcement is depending on the value of '
2026-09-22 03:03:06.196 8 INFO cinder.volume.api [None req-02bd055c-4b7a-4636-b3b2-46d436c0d0d3 9bf05ee5d8a44f3ba108e81a13b72a62 26aad06b1d504ad0aff77785492e25bc - - default default] Volume info retrieved successfully.
2026-09-22 03:03:06.207 8 INFO cinder.api.openstack.wsgi [None req-02bd055c-4b7a-4636-b3b2-46d436c0d0d3 9bf05ee5d8a44f3ba108e81a13b72a62 26aad06b1d504ad0aff77785492e25bc - - default default] http://cinder-api.openstack.svc.cluster.local:8776/v3/26aad06b1d504ad0aff77785492e25bc/volumes/637cfdaf-12ab-4d2b-b63d-b0ce3bedc3eb returned with HTTP 200 [pid: 8|app: 0|req: 394/785] 10.0.0.5 () {32 vars in 773 bytes} [Tue Sep 22 03:03:06 2026] GET /v3/26aad06b1d504ad0aff77785492e25bc/volumes/637cfdaf-12ab-4d2b-b63d-b0ce3bedc3eb => generated 959 bytes in 63 msecs (HTTP/1.1 200) 7 headers in 285 bytes (1 switches on core 0) /var/lib/openstack/lib/python3.12/site-packages/pycadf/identifier.py:70: UserWarning: Invalid uuid: cinderv3. To ensure interoperability, identifiers should be a valid uuid. warnings.warn(('Invalid uuid: %s. To ensure interoperability, '
2026-09-22 03:03:07.231 7 INFO cinder.api.openstack.wsgi [None req-46e76be0-737a-4ba6-86b4-1dbc5e9f22fc 9bf05ee5d8a44f3ba108e81a13b72a62 26aad06b1d504ad0aff77785492e25bc - - default default] GET http://cinder-api.openstack.svc.cluster.local:8776/v3/26aad06b1d504ad0aff77785492e25bc/volumes/637cfdaf-12ab-4d2b-b63d-b0ce3bedc3eb /var/lib/openstack/lib/python3.12/site-packages/oslo_context/context.py:100: DeprecationWarning: Policy enforcement is depending on the value of is_admin. This key is deprecated. Please update your policy file to use the standard policy values. warnings.warn('Policy enforcement is depending on the value of '
2026-09-22 03:03:07.244 7 INFO cinder.volume.api [None req-46e76be0-737a-4ba6-86b4-1dbc5e9f22fc 9bf05ee5d8a44f3ba108e81a13b72a62 26aad06b1d504ad0aff77785492e25bc - - default default] Volume info retrieved successfully.
2026-09-22 03:03:07.249 7 INFO cinder.api.openstack.wsgi [None req-46e76be0-737a-4ba6-86b4-1dbc5e9f22fc 9bf05ee5d8a44f3ba108e81a13b72a62 26aad06b1d504ad0aff77785492e25bc - - default default] http://cinder-api.openstack.svc.cluster.local:8776/v3/26aad06b1d504ad0aff77785492e25bc/volumes/637cfdaf-12ab-4d2b-b63d-b0ce3bedc3eb returned with HTTP 200 [pid: 7|app: 0|req: 392/786] 10.0.0.5 () {32 vars in 773 bytes} [Tue Sep 22 03:03:07 2026] GET /v3/26aad06b1d504ad0aff77785492e25bc/volumes/637cfdaf-12ab-4d2b-b63d-b0ce3bedc3eb => generated 984 bytes in 21 msecs (HTTP/1.1 200) 7 headers in 285 bytes (1 switches on core 0) /var/lib/openstack/lib/python3.12/site-packages/pycadf/identifier.py:70: UserWarning: Invalid uuid: cinderv3. To ensure interoperability, identifiers should be a valid uuid. warnings.warn(('Invalid uuid: %s. To ensure interoperability, '
2026-09-22 03:03:07.282 8 INFO cinder.api.openstack.wsgi [None req-47b542db-7c27-421f-8dee-47de9f3b2fdd 9bf05ee5d8a44f3ba108e81a13b72a62 26aad06b1d504ad0aff77785492e25bc - - default default] PUT http://cinder-api.openstack.svc.cluster.local:8776/v3/26aad06b1d504ad0aff77785492e25bc/volumes/637cfdaf-12ab-4d2b-b63d-b0ce3bedc3eb /var/lib/openstack/lib/python3.12/site-packages/oslo_context/context.py:100: DeprecationWarning: Policy enforcement is depending on the value of is_admin. This key is deprecated. Please update your policy file to use the standard policy values. warnings.warn('Policy enforcement is depending on the value of '
2026-09-22 03:03:07.315 8 INFO cinder.volume.api [None req-47b542db-7c27-421f-8dee-47de9f3b2fdd 9bf05ee5d8a44f3ba108e81a13b72a62 26aad06b1d504ad0aff77785492e25bc - - default default] Volume info retrieved successfully.
2026-09-22 03:03:07.326 8 INFO cinder.volume.api [None req-47b542db-7c27-421f-8dee-47de9f3b2fdd 9bf05ee5d8a44f3ba108e81a13b72a62 26aad06b1d504ad0aff77785492e25bc - - default default] Volume updated successfully.
2026-09-22 03:03:07.326 8 INFO cinder.api.openstack.wsgi [None req-47b542db-7c27-421f-8dee-47de9f3b2fdd 9bf05ee5d8a44f3ba108e81a13b72a62 26aad06b1d504ad0aff77785492e25bc - - default default] http://cinder-api.openstack.svc.cluster.local:8776/v3/26aad06b1d504ad0aff77785492e25bc/volumes/637cfdaf-12ab-4d2b-b63d-b0ce3bedc3eb returned with HTTP 200 [pid: 8|app: 0|req: 395/787] 10.0.0.5 () {34 vars in 793 bytes} [Tue Sep 22 03:03:07 2026] PUT /v3/26aad06b1d504ad0aff77785492e25bc/volumes/637cfdaf-12ab-4d2b-b63d-b0ce3bedc3eb => generated 881 bytes in 58 msecs (HTTP/1.1 200) 7 headers in 285 bytes (1 switches on core 0) /var/lib/openstack/lib/python3.12/site-packages/pycadf/identifier.py:70: UserWarning: Invalid uuid: cinderv3. To ensure interoperability, identifiers should be a valid uuid. warnings.warn(('Invalid uuid: %s. To ensure interoperability, '
2026-09-22 03:03:07.350 7 INFO cinder.api.openstack.wsgi [None req-bbd81768-f579-49d0-92e1-c046187b33b3 9bf05ee5d8a44f3ba108e81a13b72a62 26aad06b1d504ad0aff77785492e25bc - - default default] GET http://cinder-api.openstack.svc.cluster.local:8776/v3/26aad06b1d504ad0aff77785492e25bc/volumes/637cfdaf-12ab-4d2b-b63d-b0ce3bedc3eb /var/lib/openstack/lib/python3.12/site-packages/oslo_context/context.py:100: DeprecationWarning: Policy enforcement is depending on the value of is_admin. This key is deprecated. Please update your policy file to use the standard policy values. warnings.warn('Policy enforcement is depending on the value of '
2026-09-22 03:03:07.380 7 INFO cinder.volume.api [None req-bbd81768-f579-49d0-92e1-c046187b33b3 9bf05ee5d8a44f3ba108e81a13b72a62 26aad06b1d504ad0aff77785492e25bc - - default default] Volume info retrieved successfully.
2026-09-22 03:03:07.393 7 INFO cinder.api.openstack.wsgi [None req-bbd81768-f579-49d0-92e1-c046187b33b3 9bf05ee5d8a44f3ba108e81a13b72a62 26aad06b1d504ad0aff77785492e25bc - - default default] http://cinder-api.openstack.svc.cluster.local:8776/v3/26aad06b1d504ad0aff77785492e25bc/volumes/637cfdaf-12ab-4d2b-b63d-b0ce3bedc3eb returned with HTTP 200 [pid: 7|app: 0|req: 393/788] 10.0.0.5 () {32 vars in 773 bytes} [Tue Sep 22 03:03:07 2026] GET /v3/26aad06b1d504ad0aff77785492e25bc/volumes/637cfdaf-12ab-4d2b-b63d-b0ce3bedc3eb => generated 949 bytes in 50 msecs (HTTP/1.1 200) 7 headers in 285 bytes (1 switches on core 0) /var/lib/openstack/lib/python3.12/site-packages/pycadf/identifier.py:70: UserWarning: Invalid uuid: cinderv3. To ensure interoperability, identifiers should be a valid uuid. warnings.warn(('Invalid uuid: %s. To ensure interoperability, '
2026-09-22 03:03:07.417 8 INFO cinder.api.openstack.wsgi [None req-42b1f409-8127-42d4-b26f-b838ed664ced 9bf05ee5d8a44f3ba108e81a13b72a62 26aad06b1d504ad0aff77785492e25bc - - default default] DELETE http://cinder-api.openstack.svc.cluster.local:8776/v3/26aad06b1d504ad0aff77785492e25bc/volumes/637cfdaf-12ab-4d2b-b63d-b0ce3bedc3eb
2026-09-22 03:03:07.418 8 INFO cinder.api.v3.volumes [None req-42b1f409-8127-42d4-b26f-b838ed664ced 9bf05ee5d8a44f3ba108e81a13b72a62 26aad06b1d504ad0aff77785492e25bc - - default default] Delete volume with id: 637cfdaf-12ab-4d2b-b63d-b0ce3bedc3eb /var/lib/openstack/lib/python3.12/site-packages/oslo_context/context.py:100: DeprecationWarning: Policy enforcement is depending on the value of is_admin. This key is deprecated. Please update your policy file to use the standard policy values. warnings.warn('Policy enforcement is depending on the value of '
2026-09-22 03:03:07.437 8 INFO cinder.volume.api [None req-42b1f409-8127-42d4-b26f-b838ed664ced 9bf05ee5d8a44f3ba108e81a13b72a62 26aad06b1d504ad0aff77785492e25bc - - default default] Volume info retrieved successfully.
2026-09-22 03:03:07.486 8 INFO cinder.volume.api [None req-42b1f409-8127-42d4-b26f-b838ed664ced 9bf05ee5d8a44f3ba108e81a13b72a62 26aad06b1d504ad0aff77785492e25bc - - default default] Delete volume request issued successfully.
2026-09-22 03:03:07.487 8 INFO cinder.api.openstack.wsgi [None req-42b1f409-8127-42d4-b26f-b838ed664ced 9bf05ee5d8a44f3ba108e81a13b72a62 26aad06b1d504ad0aff77785492e25bc - - default default] http://cinder-api.openstack.svc.cluster.local:8776/v3/26aad06b1d504ad0aff77785492e25bc/volumes/637cfdaf-12ab-4d2b-b63d-b0ce3bedc3eb returned with HTTP 202 [pid: 8|app: 0|req: 396/789] 10.0.0.5 () {32 vars in 776 bytes} [Tue Sep 22 03:03:07 2026] DELETE /v3/26aad06b1d504ad0aff77785492e25bc/volumes/637cfdaf-12ab-4d2b-b63d-b0ce3bedc3eb => generated 0 bytes in 78 msecs (HTTP/1.1 202) 6 headers in 233 bytes (1 switches on core 0) /var/lib/openstack/lib/python3.12/site-packages/pycadf/identifier.py:70: UserWarning: Invalid uuid: cinderv3. To ensure interoperability, identifiers should be a valid uuid. warnings.warn(('Invalid uuid: %s. To ensure interoperability, '
2026-09-22 03:03:07.499 7 INFO cinder.api.openstack.wsgi [None req-f8484a01-9ff5-42c1-bfe1-35ed03c74d8e 9bf05ee5d8a44f3ba108e81a13b72a62 26aad06b1d504ad0aff77785492e25bc - - default default] GET http://cinder-api.openstack.svc.cluster.local:8776/v3/26aad06b1d504ad0aff77785492e25bc/volumes/637cfdaf-12ab-4d2b-b63d-b0ce3bedc3eb /var/lib/openstack/lib/python3.12/site-packages/oslo_context/context.py:100: DeprecationWarning: Policy enforcement is depending on the value of is_admin. This key is deprecated. Please update your policy file to use the standard policy values. warnings.warn('Policy enforcement is depending on the value of '
2026-09-22 03:03:07.517 7 INFO cinder.volume.api [None req-f8484a01-9ff5-42c1-bfe1-35ed03c74d8e 9bf05ee5d8a44f3ba108e81a13b72a62 26aad06b1d504ad0aff77785492e25bc - - default default] Volume info retrieved successfully.
2026-09-22 03:03:07.522 7 INFO cinder.api.openstack.wsgi [None req-f8484a01-9ff5-42c1-bfe1-35ed03c74d8e 9bf05ee5d8a44f3ba108e81a13b72a62 26aad06b1d504ad0aff77785492e25bc - - default default] http://cinder-api.openstack.svc.cluster.local:8776/v3/26aad06b1d504ad0aff77785492e25bc/volumes/637cfdaf-12ab-4d2b-b63d-b0ce3bedc3eb returned with HTTP 200 [pid: 7|app: 0|req: 394/790] 10.0.0.5 () {32 vars in 773 bytes} [Tue Sep 22 03:03:07 2026] GET /v3/26aad06b1d504ad0aff77785492e25bc/volumes/637cfdaf-12ab-4d2b-b63d-b0ce3bedc3eb => generated 948 bytes in 28 msecs (HTTP/1.1 200) 7 headers in 285 bytes (1 switches on core 0) /var/lib/openstack/lib/python3.12/site-packages/pycadf/identifier.py:70: UserWarning: Invalid uuid: cinderv3. To ensure interoperability, identifiers should be a valid uuid. warnings.warn(('Invalid uuid: %s. To ensure interoperability, '
2026-09-22 03:03:08.545 8 INFO cinder.api.openstack.wsgi [None req-4bba24f9-c268-4679-9fee-0520dbc58ff1 9bf05ee5d8a44f3ba108e81a13b72a62 26aad06b1d504ad0aff77785492e25bc - - default default] GET http://cinder-api.openstack.svc.cluster.local:8776/v3/26aad06b1d504ad0aff77785492e25bc/volumes/637cfdaf-12ab-4d2b-b63d-b0ce3bedc3eb
2026-09-22 03:03:08.554 8 INFO cinder.api.openstack.wsgi [None req-4bba24f9-c268-4679-9fee-0520dbc58ff1 9bf05ee5d8a44f3ba108e81a13b72a62 26aad06b1d504ad0aff77785492e25bc - - default default] http://cinder-api.openstack.svc.cluster.local:8776/v3/26aad06b1d504ad0aff77785492e25bc/volumes/637cfdaf-12ab-4d2b-b63d-b0ce3bedc3eb returned with HTTP 404 [pid: 8|app: 0|req: 397/791] 10.0.0.5 () {32 vars in 773 bytes} [Tue Sep 22 03:03:08 2026] GET /v3/26aad06b1d504ad0aff77785492e25bc/volumes/637cfdaf-12ab-4d2b-b63d-b0ce3bedc3eb => generated 109 bytes in 15 msecs (HTTP/1.1 404) 7 headers in 292 bytes (1 switches on core 0) /var/lib/openstack/lib/python3.12/site-packages/pycadf/identifier.py:70: UserWarning: Invalid uuid: cinderv3. To ensure interoperability, identifiers should be a valid uuid. warnings.warn(('Invalid uuid: %s. To ensure interoperability, '
2026-09-22 03:03:08.565 7 INFO cinder.api.openstack.wsgi [None req-ed9ab848-d589-4e3c-9576-9444d471c6a5 9bf05ee5d8a44f3ba108e81a13b72a62 26aad06b1d504ad0aff77785492e25bc - - default default] GET http://cinder-api.openstack.svc.cluster.local:8776/v3/26aad06b1d504ad0aff77785492e25bc/volumes/1e942ec6-3777-4a3d-a4ed-eddf49634135 /var/lib/openstack/lib/python3.12/site-packages/oslo_context/context.py:100: DeprecationWarning: Policy enforcement is depending on the value of is_admin. This key is deprecated. Please update your policy file to use the standard policy values. warnings.warn('Policy enforcement is depending on the value of '
2026-09-22 03:03:08.584 7 INFO cinder.volume.api [None req-ed9ab848-d589-4e3c-9576-9444d471c6a5 9bf05ee5d8a44f3ba108e81a13b72a62 26aad06b1d504ad0aff77785492e25bc - - default default] Volume info retrieved successfully.
2026-09-22 03:03:08.592 7 INFO cinder.api.openstack.wsgi [None req-ed9ab848-d589-4e3c-9576-9444d471c6a5 9bf05ee5d8a44f3ba108e81a13b72a62 26aad06b1d504ad0aff77785492e25bc - - default default] http://cinder-api.openstack.svc.cluster.local:8776/v3/26aad06b1d504ad0aff77785492e25bc/volumes/1e942ec6-3777-4a3d-a4ed-eddf49634135 returned with HTTP 200 [pid: 7|app: 0|req: 395/792] 10.0.0.5 () {32 vars in 773 bytes} [Tue Sep 22 03:03:08 2026] GET /v3/26aad06b1d504ad0aff77785492e25bc/volumes/1e942ec6-3777-4a3d-a4ed-eddf49634135 => generated 1528 bytes in 33 msecs (HTTP/1.1 200) 7 headers in 286 bytes (1 switches on core 0)
2026-09-22 03:03:08.619 8 INFO cinder.api.openstack.wsgi [None req-abd68540-f36d-40c8-b583-16681bb22e6d 9bf05ee5d8a44f3ba108e81a13b72a62 26aad06b1d504ad0aff77785492e25bc - - default default] DELETE http://cinder-api.openstack.svc.cluster.local:8776/v3/26aad06b1d504ad0aff77785492e25bc/volumes/1e942ec6-3777-4a3d-a4ed-eddf49634135
2026-09-22 03:03:08.619 8 INFO cinder.api.v3.volumes [None req-abd68540-f36d-40c8-b583-16681bb22e6d 9bf05ee5d8a44f3ba108e81a13b72a62 26aad06b1d504ad0aff77785492e25bc - - default default] Delete volume with id: 1e942ec6-3777-4a3d-a4ed-eddf49634135 /var/lib/openstack/lib/python3.12/site-packages/oslo_context/context.py:100: DeprecationWarning: Policy enforcement is depending on the value of is_admin. This key is deprecated. Please update your policy file to use the standard policy values. warnings.warn('Policy enforcement is depending on the value of '
2026-09-22 03:03:08.628 8 INFO cinder.volume.api [None req-abd68540-f36d-40c8-b583-16681bb22e6d 9bf05ee5d8a44f3ba108e81a13b72a62 26aad06b1d504ad0aff77785492e25bc - - default default] Volume info retrieved successfully.
2026-09-22 03:03:08.653 8 INFO cinder.volume.api [None req-abd68540-f36d-40c8-b583-16681bb22e6d 9bf05ee5d8a44f3ba108e81a13b72a62 26aad06b1d504ad0aff77785492e25bc - - default default] Delete volume request issued successfully.
2026-09-22 03:03:08.653 8 INFO cinder.api.openstack.wsgi [None req-abd68540-f36d-40c8-b583-16681bb22e6d 9bf05ee5d8a44f3ba108e81a13b72a62 26aad06b1d504ad0aff77785492e25bc - - default default] http://cinder-api.openstack.svc.cluster.local:8776/v3/26aad06b1d504ad0aff77785492e25bc/volumes/1e942ec6-3777-4a3d-a4ed-eddf49634135 returned with HTTP 202 [pid: 8|app: 0|req: 398/793] 10.0.0.5 () {32 vars in 776 bytes} [Tue Sep 22 03:03:08 2026] DELETE /v3/26aad06b1d504ad0aff77785492e25bc/volumes/1e942ec6-3777-4a3d-a4ed-eddf49634135 => generated 0 bytes in 38 msecs (HTTP/1.1 202) 6 headers in 233 bytes (1 switches on core 0) /var/lib/openstack/lib/python3.12/site-packages/pycadf/identifier.py:70: UserWarning: Invalid uuid: cinderv3. To ensure interoperability, identifiers should be a valid uuid. warnings.warn(('Invalid uuid: %s. To ensure interoperability, '
2026-09-22 03:03:08.663 7 INFO cinder.api.openstack.wsgi [None req-91d044c7-a089-4449-8520-57af6e323a3c 9bf05ee5d8a44f3ba108e81a13b72a62 26aad06b1d504ad0aff77785492e25bc - - default default] GET http://cinder-api.openstack.svc.cluster.local:8776/v3/26aad06b1d504ad0aff77785492e25bc/volumes/1e942ec6-3777-4a3d-a4ed-eddf49634135 /var/lib/openstack/lib/python3.12/site-packages/oslo_context/context.py:100: DeprecationWarning: Policy enforcement is depending on the value of is_admin. This key is deprecated. Please update your policy file to use the standard policy values. warnings.warn('Policy enforcement is depending on the value of '
2026-09-22 03:03:08.676 7 INFO cinder.volume.api [None req-91d044c7-a089-4449-8520-57af6e323a3c 9bf05ee5d8a44f3ba108e81a13b72a62 26aad06b1d504ad0aff77785492e25bc - - default default] Volume info retrieved successfully.
2026-09-22 03:03:08.681 7 INFO cinder.api.openstack.wsgi [None req-91d044c7-a089-4449-8520-57af6e323a3c 9bf05ee5d8a44f3ba108e81a13b72a62 26aad06b1d504ad0aff77785492e25bc - - default default] http://cinder-api.openstack.svc.cluster.local:8776/v3/26aad06b1d504ad0aff77785492e25bc/volumes/1e942ec6-3777-4a3d-a4ed-eddf49634135 returned with HTTP 200 [pid: 7|app: 0|req: 396/794] 10.0.0.5 () {32 vars in 773 bytes} [Tue Sep 22 03:03:08 2026] GET /v3/26aad06b1d504ad0aff77785492e25bc/volumes/1e942ec6-3777-4a3d-a4ed-eddf49634135 => generated 1527 bytes in 22 msecs (HTTP/1.1 200) 7 headers in 286 bytes (1 switches on core 0) /var/lib/openstack/lib/python3.12/site-packages/pycadf/identifier.py:70: UserWarning: Invalid uuid: cinderv3. To ensure interoperability, identifiers should be a valid uuid. warnings.warn(('Invalid uuid: %s. To ensure interoperability, '
2026-09-22 03:03:09.718 8 INFO cinder.api.openstack.wsgi [None req-7c29bed1-8b34-4d06-859e-a4024e5b4b41 9bf05ee5d8a44f3ba108e81a13b72a62 26aad06b1d504ad0aff77785492e25bc - - default default] GET http://cinder-api.openstack.svc.cluster.local:8776/v3/26aad06b1d504ad0aff77785492e25bc/volumes/1e942ec6-3777-4a3d-a4ed-eddf49634135
2026-09-22 03:03:09.728 8 INFO cinder.api.openstack.wsgi [None req-7c29bed1-8b34-4d06-859e-a4024e5b4b41 9bf05ee5d8a44f3ba108e81a13b72a62 26aad06b1d504ad0aff77785492e25bc - - default default] http://cinder-api.openstack.svc.cluster.local:8776/v3/26aad06b1d504ad0aff77785492e25bc/volumes/1e942ec6-3777-4a3d-a4ed-eddf49634135 returned with HTTP 404 [pid: 8|app: 0|req: 399/795] 10.0.0.5 () {32 vars in 773 bytes} [Tue Sep 22 03:03:09 2026] GET /v3/26aad06b1d504ad0aff77785492e25bc/volumes/1e942ec6-3777-4a3d-a4ed-eddf49634135 => generated 109 bytes in 20 msecs (HTTP/1.1 404) 7 headers in 292 bytes (1 switches on core 0)
2026-09-22 03:03:12.658 7 INFO cinder.api.openstack.wsgi [None req-91d044c7-a089-4449-8520-57af6e323a3c 9bf05ee5d8a44f3ba108e81a13b72a62 26aad06b1d504ad0aff77785492e25bc - - default default] GET http://10.0.0.31:8776/
2026-09-22 03:03:12.658 8 INFO cinder.api.openstack.wsgi [None req-7c29bed1-8b34-4d06-859e-a4024e5b4b41 9bf05ee5d8a44f3ba108e81a13b72a62 26aad06b1d504ad0aff77785492e25bc - - default default] GET http://10.0.0.31:8776/
2026-09-22 03:03:12.659 8 INFO cinder.api.openstack.wsgi [None req-7c29bed1-8b34-4d06-859e-a4024e5b4b41 9bf05ee5d8a44f3ba108e81a13b72a62 26aad06b1d504ad0aff77785492e25bc - - default default] http://10.0.0.31:8776/ returned with HTTP 300
2026-09-22 03:03:12.659 7 INFO cinder.api.openstack.wsgi [None req-91d044c7-a089-4449-8520-57af6e323a3c 9bf05ee5d8a44f3ba108e81a13b72a62 26aad06b1d504ad0aff77785492e25bc - - default default] http://10.0.0.31:8776/ returned with HTTP 300
2026-09-22 03:03:20.700 8 INFO cinder.api.openstack.wsgi [None req-8f84eec7-dc4a-4cb7-9743-3d66aa501398 88889a044ee14c06ba11d36638a43b80 3f3b50e0c24d40f8ae0e61973fea538d - - default default] GET http://cinder-api.openstack.svc.cluster.local:8776/v3/3f3b50e0c24d40f8ae0e61973fea538d/os-services
2026-09-22 03:03:20.707 8 INFO cinder.api.openstack.wsgi [None req-8f84eec7-dc4a-4cb7-9743-3d66aa501398 88889a044ee14c06ba11d36638a43b80 3f3b50e0c24d40f8ae0e61973fea538d - - default default] http://cinder-api.openstack.svc.cluster.local:8776/v3/3f3b50e0c24d40f8ae0e61973fea538d/os-services returned with HTTP 200 [pid: 8|app: 0|req: 401/798] 10.0.0.47 () {28 vars in 644 bytes} [Tue Sep 22 03:03:20 2026] GET /v3/3f3b50e0c24d40f8ae0e61973fea538d/os-services => generated 646 bytes in 157 msecs (HTTP/1.1 200) 7 headers in 285 bytes (1 switches on core 0) /var/lib/openstack/lib/python3.12/site-packages/pycadf/identifier.py:70: UserWarning: Invalid uuid: cinderv3. To ensure interoperability, identifiers should be a valid uuid. warnings.warn(('Invalid uuid: %s. To ensure interoperability, '
2026-09-22 03:03:20.717 7 INFO cinder.api.openstack.wsgi [None req-42f21eb5-b4ae-4ec8-bc56-41df7a807bfa 88889a044ee14c06ba11d36638a43b80 3f3b50e0c24d40f8ae0e61973fea538d - - default default] GET http://cinder-api.openstack.svc.cluster.local:8776/v3/3f3b50e0c24d40f8ae0e61973fea538d/volumes/detail?all_tenants=true
2026-09-22 03:03:20.731 7 INFO cinder.volume.api [None req-42f21eb5-b4ae-4ec8-bc56-41df7a807bfa 88889a044ee14c06ba11d36638a43b80 3f3b50e0c24d40f8ae0e61973fea538d - - default default] Get all volumes completed successfully.
2026-09-22 03:03:20.735 7 INFO cinder.api.openstack.wsgi [None req-42f21eb5-b4ae-4ec8-bc56-41df7a807bfa 88889a044ee14c06ba11d36638a43b80 3f3b50e0c24d40f8ae0e61973fea538d - - default default] http://cinder-api.openstack.svc.cluster.local:8776/v3/3f3b50e0c24d40f8ae0e61973fea538d/volumes/detail?all_tenants=true returned with HTTP 200 [pid: 7|app: 0|req: 398/799] 10.0.0.47 () {28 vars in 683 bytes} [Tue Sep 22 03:03:20 2026] GET /v3/3f3b50e0c24d40f8ae0e61973fea538d/volumes/detail?all_tenants=true => generated 15 bytes in 24 msecs (HTTP/1.1 200) 7 headers in 284 bytes (1 switches on core 0)
2026-09-22 03:03:20.747 8 INFO cinder.api.openstack.wsgi [None req-eead0e85-2cd6-4083-a692-5dd5dc737516 88889a044ee14c06ba11d36638a43b80 3f3b50e0c24d40f8ae0e61973fea538d - - default default] GET http://cinder-api.openstack.svc.cluster.local:8776/v3/3f3b50e0c24d40f8ae0e61973fea538d/scheduler-stats/get_pools?detail=true
2026-09-22 03:03:21.259 8 INFO cinder.api.openstack.wsgi [None req-eead0e85-2cd6-4083-a692-5dd5dc737516 88889a044ee14c06ba11d36638a43b80 3f3b50e0c24d40f8ae0e61973fea538d - - default default] http://cinder-api.openstack.svc.cluster.local:8776/v3/3f3b50e0c24d40f8ae0e61973fea538d/scheduler-stats/get_pools?detail=true returned with HTTP 200 [pid: 8|app: 0|req: 402/800] 10.0.0.47 () {28 vars in 695 bytes} [Tue Sep 22 03:03:20 2026] GET /v3/3f3b50e0c24d40f8ae0e61973fea538d/scheduler-stats/get_pools?detail=true => generated 670 bytes in 519 msecs (HTTP/1.1 200) 7 headers in 285 bytes (1 switches on core 0)
2026-09-22 03:03:21.275 7 INFO cinder.api.openstack.wsgi [None req-5d902351-3797-41c4-ba21-dbbb8156fda9 88889a044ee14c06ba11d36638a43b80 3f3b50e0c24d40f8ae0e61973fea538d - - default default] GET http://cinder-api.openstack.svc.cluster.local:8776/v3/3f3b50e0c24d40f8ae0e61973fea538d/snapshots?all_tenants=true
2026-09-22 03:03:21.285 7 INFO cinder.volume.api [None req-5d902351-3797-41c4-ba21-dbbb8156fda9 88889a044ee14c06ba11d36638a43b80 3f3b50e0c24d40f8ae0e61973fea538d - - default default] Get all snapshots completed successfully.
2026-09-22 03:03:21.286 7 INFO cinder.api.openstack.wsgi [None req-5d902351-3797-41c4-ba21-dbbb8156fda9 88889a044ee14c06ba11d36638a43b80 3f3b50e0c24d40f8ae0e61973fea538d - - default default] http://cinder-api.openstack.svc.cluster.local:8776/v3/3f3b50e0c24d40f8ae0e61973fea538d/snapshots?all_tenants=true returned with HTTP 200 [pid: 7|app: 0|req: 399/801] 10.0.0.47 () {28 vars in 673 bytes} [Tue Sep 22 03:03:21 2026] GET /v3/3f3b50e0c24d40f8ae0e61973fea538d/snapshots?all_tenants=true => generated 17 bytes in 17 msecs (HTTP/1.1 200) 7 headers in 284 bytes (1 switches on core 0)
2026-09-22 03:03:21.293 8 INFO cinder.api.openstack.wsgi [None req-b527c719-44e7-44d7-bddc-674ceaf75699 88889a044ee14c06ba11d36638a43b80 3f3b50e0c24d40f8ae0e61973fea538d - - default default] GET http://cinder-api.openstack.svc.cluster.local:8776/v3/3f3b50e0c24d40f8ae0e61973fea538d/volumes/detail?all_tenants=true
2026-09-22 03:03:21.302 8 INFO cinder.volume.api [None req-b527c719-44e7-44d7-bddc-674ceaf75699 88889a044ee14c06ba11d36638a43b80 3f3b50e0c24d40f8ae0e61973fea538d - - default default] Get all volumes completed successfully.
2026-09-22 03:03:21.304 8 INFO cinder.api.openstack.wsgi [None req-b527c719-44e7-44d7-bddc-674ceaf75699 88889a044ee14c06ba11d36638a43b80 3f3b50e0c24d40f8ae0e61973fea538d - - default default] http://cinder-api.openstack.svc.cluster.local:8776/v3/3f3b50e0c24d40f8ae0e61973fea538d/volumes/detail?all_tenants=true returned with HTTP 200 [pid: 8|app: 0|req: 403/802] 10.0.0.47 () {28 vars in 683 bytes} [Tue Sep 22 03:03:21 2026] GET /v3/3f3b50e0c24d40f8ae0e61973fea538d/volumes/detail?all_tenants=true => generated 15 bytes in 15 msecs (HTTP/1.1 200) 7 headers in 284 bytes (1 switches on core 0)
2026-09-22 03:03:21.433 7 INFO cinder.api.openstack.wsgi [None req-7040cb2a-8ebb-4f0a-b1ba-36cb8a47e016 88889a044ee14c06ba11d36638a43b80 3f3b50e0c24d40f8ae0e61973fea538d - - default default] GET http://cinder-api.openstack.svc.cluster.local:8776/v3/3f3b50e0c24d40f8ae0e61973fea538d/os-quota-sets/15c4c406d8774a9696886b9d08331107?usage=true
2026-09-22 03:03:21.457 7 INFO cinder.api.openstack.wsgi [None req-7040cb2a-8ebb-4f0a-b1ba-36cb8a47e016 88889a044ee14c06ba11d36638a43b80 3f3b50e0c24d40f8ae0e61973fea538d - - default default] http://cinder-api.openstack.svc.cluster.local:8776/v3/3f3b50e0c24d40f8ae0e61973fea538d/os-quota-sets/15c4c406d8774a9696886b9d08331107?usage=true returned with HTTP 200 [pid: 7|app: 0|req: 400/803] 10.0.0.47 () {28 vars in 735 bytes} [Tue Sep 22 03:03:21 2026] GET /v3/3f3b50e0c24d40f8ae0e61973fea538d/os-quota-sets/15c4c406d8774a9696886b9d08331107?usage=true => generated 847 bytes in 31 msecs (HTTP/1.1 200) 7 headers in 285 bytes (1 switches on core 0)
2026-09-22 03:03:21.466 8 INFO cinder.api.openstack.wsgi [None req-04c3c9af-dddb-482a-b86b-a94070402789 88889a044ee14c06ba11d36638a43b80 3f3b50e0c24d40f8ae0e61973fea538d - - default default] GET http://cinder-api.openstack.svc.cluster.local:8776/v3/3f3b50e0c24d40f8ae0e61973fea538d/os-quota-sets/2479521b320645848ff4a9248d589468?usage=true
2026-09-22 03:03:21.508 8 INFO cinder.api.openstack.wsgi [None req-04c3c9af-dddb-482a-b86b-a94070402789 88889a044ee14c06ba11d36638a43b80 3f3b50e0c24d40f8ae0e61973fea538d - - default default] http://cinder-api.openstack.svc.cluster.local:8776/v3/3f3b50e0c24d40f8ae0e61973fea538d/os-quota-sets/2479521b320645848ff4a9248d589468?usage=true returned with HTTP 200 [pid: 8|app: 0|req: 404/804] 10.0.0.47 () {28 vars in 735 bytes} [Tue Sep 22 03:03:21 2026] GET /v3/3f3b50e0c24d40f8ae0e61973fea538d/os-quota-sets/2479521b320645848ff4a9248d589468?usage=true => generated 847 bytes in 48 msecs (HTTP/1.1 200) 7 headers in 285 bytes (1 switches on core 0)
2026-09-22 03:03:21.522 7 INFO cinder.api.openstack.wsgi [None req-83889a82-9d20-46fe-9059-575fb5356db0 88889a044ee14c06ba11d36638a43b80 3f3b50e0c24d40f8ae0e61973fea538d - - default default] GET http://cinder-api.openstack.svc.cluster.local:8776/v3/3f3b50e0c24d40f8ae0e61973fea538d/os-quota-sets/2a3973494f294c74982cde6efd1bc0b4?usage=true
2026-09-22 03:03:21.559 7 INFO cinder.api.openstack.wsgi [None req-83889a82-9d20-46fe-9059-575fb5356db0 88889a044ee14c06ba11d36638a43b80 3f3b50e0c24d40f8ae0e61973fea538d - - default default] http://cinder-api.openstack.svc.cluster.local:8776/v3/3f3b50e0c24d40f8ae0e61973fea538d/os-quota-sets/2a3973494f294c74982cde6efd1bc0b4?usage=true returned with HTTP 200 [pid: 7|app: 0|req: 401/805] 10.0.0.47 () {28 vars in 735 bytes} [Tue Sep 22 03:03:21 2026] GET /v3/3f3b50e0c24d40f8ae0e61973fea538d/os-quota-sets/2a3973494f294c74982cde6efd1bc0b4?usage=true => generated 847 bytes in 44 msecs (HTTP/1.1 200) 7 headers in 285 bytes (1 switches on core 0)
2026-09-22 03:03:21.569 8 INFO cinder.api.openstack.wsgi [None req-acd38e51-ffe0-4f5b-8001-2b89abc63449 88889a044ee14c06ba11d36638a43b80 3f3b50e0c24d40f8ae0e61973fea538d - - default default] GET http://cinder-api.openstack.svc.cluster.local:8776/v3/3f3b50e0c24d40f8ae0e61973fea538d/os-quota-sets/3246e4cfd555427abc872a538a375a97?usage=true
2026-09-22 03:03:21.592 8 INFO cinder.api.openstack.wsgi [None req-acd38e51-ffe0-4f5b-8001-2b89abc63449 88889a044ee14c06ba11d36638a43b80 3f3b50e0c24d40f8ae0e61973fea538d - - default default] http://cinder-api.openstack.svc.cluster.local:8776/v3/3f3b50e0c24d40f8ae0e61973fea538d/os-quota-sets/3246e4cfd555427abc872a538a375a97?usage=true returned with HTTP 200 [pid: 8|app: 0|req: 405/806] 10.0.0.47 () {28 vars in 735 bytes} [Tue Sep 22 03:03:21 2026] GET /v3/3f3b50e0c24d40f8ae0e61973fea538d/os-quota-sets/3246e4cfd555427abc872a538a375a97?usage=true => generated 847 bytes in 30 msecs (HTTP/1.1 200) 7 headers in 285 bytes (1 switches on core 0)
2026-09-22 03:03:21.604 7 INFO cinder.api.openstack.wsgi [None req-48b439e2-395a-4653-b3ba-a2a1dd83860e 88889a044ee14c06ba11d36638a43b80 3f3b50e0c24d40f8ae0e61973fea538d - - default default] GET http://cinder-api.openstack.svc.cluster.local:8776/v3/3f3b50e0c24d40f8ae0e61973fea538d/os-quota-sets/3f3b50e0c24d40f8ae0e61973fea538d?usage=true
2026-09-22 03:03:21.653 7 INFO cinder.api.openstack.wsgi [None req-48b439e2-395a-4653-b3ba-a2a1dd83860e 88889a044ee14c06ba11d36638a43b80 3f3b50e0c24d40f8ae0e61973fea538d - - default default] http://cinder-api.openstack.svc.cluster.local:8776/v3/3f3b50e0c24d40f8ae0e61973fea538d/os-quota-sets/3f3b50e0c24d40f8ae0e61973fea538d?usage=true returned with HTTP 200 [pid: 7|app: 0|req: 402/807] 10.0.0.47 () {28 vars in 735 bytes} [Tue Sep 22 03:03:21 2026] GET /v3/3f3b50e0c24d40f8ae0e61973fea538d/os-quota-sets/3f3b50e0c24d40f8ae0e61973fea538d?usage=true => generated 845 bytes in 58 msecs (HTTP/1.1 200) 7 headers in 285 bytes (1 switches on core 0)
2026-09-22 03:03:21.669 8 INFO cinder.api.openstack.wsgi [None req-4e8c55b7-0058-4838-ae58-5515b157be84 88889a044ee14c06ba11d36638a43b80 3f3b50e0c24d40f8ae0e61973fea538d - - default default] GET http://cinder-api.openstack.svc.cluster.local:8776/v3/3f3b50e0c24d40f8ae0e61973fea538d/os-quota-sets/b50fe12314f2405886777273eeb7bd5b?usage=true
2026-09-22 03:03:21.733 8 INFO cinder.api.openstack.wsgi [None req-4e8c55b7-0058-4838-ae58-5515b157be84 88889a044ee14c06ba11d36638a43b80 3f3b50e0c24d40f8ae0e61973fea538d - - default default] http://cinder-api.openstack.svc.cluster.local:8776/v3/3f3b50e0c24d40f8ae0e61973fea538d/os-quota-sets/b50fe12314f2405886777273eeb7bd5b?usage=true returned with HTTP 200 [pid: 8|app: 0|req: 406/808] 10.0.0.47 () {28 vars in 735 bytes} [Tue Sep 22 03:03:21 2026] GET /v3/3f3b50e0c24d40f8ae0e61973fea538d/os-quota-sets/b50fe12314f2405886777273eeb7bd5b?usage=true => generated 847 bytes in 73 msecs (HTTP/1.1 200) 7 headers in 285 bytes (1 switches on core 0)
2026-09-22 03:03:21.748 7 INFO cinder.api.openstack.wsgi [None req-3395c17d-5121-4da1-bbfc-41a0841bed0c 88889a044ee14c06ba11d36638a43b80 3f3b50e0c24d40f8ae0e61973fea538d - - default default] GET http://cinder-api.openstack.svc.cluster.local:8776/v3/3f3b50e0c24d40f8ae0e61973fea538d/os-quota-sets/bf8d96aa53834dfbafbb6ace3cd5a3c4?usage=true
2026-09-22 03:03:21.781 7 INFO cinder.api.openstack.wsgi [None req-3395c17d-5121-4da1-bbfc-41a0841bed0c 88889a044ee14c06ba11d36638a43b80 3f3b50e0c24d40f8ae0e61973fea538d - - default default] http://cinder-api.openstack.svc.cluster.local:8776/v3/3f3b50e0c24d40f8ae0e61973fea538d/os-quota-sets/bf8d96aa53834dfbafbb6ace3cd5a3c4?usage=true returned with HTTP 200 [pid: 7|app: 0|req: 403/809] 10.0.0.47 () {28 vars in 735 bytes} [Tue Sep 22 03:03:21 2026] GET /v3/3f3b50e0c24d40f8ae0e61973fea538d/os-quota-sets/bf8d96aa53834dfbafbb6ace3cd5a3c4?usage=true => generated 847 bytes in 42 msecs (HTTP/1.1 200) 7 headers in 285 bytes (1 switches on core 0)
2026-09-22 03:03:21.798 8 INFO cinder.api.openstack.wsgi [None req-3683dfc0-015d-4ffe-9cc4-71369c055dc8 88889a044ee14c06ba11d36638a43b80 3f3b50e0c24d40f8ae0e61973fea538d - - default default] GET http://cinder-api.openstack.svc.cluster.local:8776/v3/3f3b50e0c24d40f8ae0e61973fea538d/os-quota-sets/e529a9efcc9c456691b2ebe6bac59fa6?usage=true
2026-09-22 03:03:21.832 8 INFO cinder.api.openstack.wsgi [None req-3683dfc0-015d-4ffe-9cc4-71369c055dc8 88889a044ee14c06ba11d36638a43b80 3f3b50e0c24d40f8ae0e61973fea538d - - default default] http://cinder-api.openstack.svc.cluster.local:8776/v3/3f3b50e0c24d40f8ae0e61973fea538d/os-quota-sets/e529a9efcc9c456691b2ebe6bac59fa6?usage=true returned with HTTP 200 [pid: 8|app: 0|req: 407/810] 10.0.0.47 () {28 vars in 735 bytes} [Tue Sep 22 03:03:21 2026] GET /v3/3f3b50e0c24d40f8ae0e61973fea538d/os-quota-sets/e529a9efcc9c456691b2ebe6bac59fa6?usage=true => generated 845 bytes in 44 msecs (HTTP/1.1 200) 7 headers in 285 bytes (1 switches on core 0)
2026-09-22 03:03:21.845 7 INFO cinder.api.openstack.wsgi [None req-f5d0b9d1-3902-4517-b1eb-77ef18f1d4c1 88889a044ee14c06ba11d36638a43b80 3f3b50e0c24d40f8ae0e61973fea538d - - default default] GET http://cinder-api.openstack.svc.cluster.local:8776/v3/3f3b50e0c24d40f8ae0e61973fea538d/os-quota-sets/eec415211b9545369e696beade66afaf?usage=true
2026-09-22 03:03:21.875 7 INFO cinder.api.openstack.wsgi [None req-f5d0b9d1-3902-4517-b1eb-77ef18f1d4c1 88889a044ee14c06ba11d36638a43b80 3f3b50e0c24d40f8ae0e61973fea538d - - default default] http://cinder-api.openstack.svc.cluster.local:8776/v3/3f3b50e0c24d40f8ae0e61973fea538d/os-quota-sets/eec415211b9545369e696beade66afaf?usage=true returned with HTTP 200 [pid: 7|app: 0|req: 404/811] 10.0.0.47 () {28 vars in 735 bytes} [Tue Sep 22 03:03:21 2026] GET /v3/3f3b50e0c24d40f8ae0e61973fea538d/os-quota-sets/eec415211b9545369e696beade66afaf?usage=true => generated 847 bytes in 42 msecs (HTTP/1.1 200) 7 headers in 285 bytes (1 switches on core 0)
2026-09-22 03:03:22.659 7 INFO cinder.api.openstack.wsgi [None req-f5d0b9d1-3902-4517-b1eb-77ef18f1d4c1 88889a044ee14c06ba11d36638a43b80 3f3b50e0c24d40f8ae0e61973fea538d - - default default] GET http://10.0.0.31:8776/
2026-09-22 03:03:22.661 7 INFO cinder.api.openstack.wsgi [None req-f5d0b9d1-3902-4517-b1eb-77ef18f1d4c1 88889a044ee14c06ba11d36638a43b80 3f3b50e0c24d40f8ae0e61973fea538d - - default default] http://10.0.0.31:8776/ returned with HTTP 300
2026-09-22 03:03:22.662 8 INFO cinder.api.openstack.wsgi [None req-3683dfc0-015d-4ffe-9cc4-71369c055dc8 88889a044ee14c06ba11d36638a43b80 3f3b50e0c24d40f8ae0e61973fea538d - - default default] GET http://10.0.0.31:8776/
2026-09-22 03:03:22.667 8 INFO cinder.api.openstack.wsgi [None req-3683dfc0-015d-4ffe-9cc4-71369c055dc8 88889a044ee14c06ba11d36638a43b80 3f3b50e0c24d40f8ae0e61973fea538d - - default default] http://10.0.0.31:8776/ returned with HTTP 300
2026-09-22 03:03:32.658 7 INFO cinder.api.openstack.wsgi [None req-f5d0b9d1-3902-4517-b1eb-77ef18f1d4c1 88889a044ee14c06ba11d36638a43b80 3f3b50e0c24d40f8ae0e61973fea538d - - default default] GET http://10.0.0.31:8776/
2026-09-22 03:03:32.659 8 INFO cinder.api.openstack.wsgi [None req-3683dfc0-015d-4ffe-9cc4-71369c055dc8 88889a044ee14c06ba11d36638a43b80 3f3b50e0c24d40f8ae0e61973fea538d - - default default] GET http://10.0.0.31:8776/
2026-09-22 03:03:32.659 8 INFO cinder.api.openstack.wsgi [None req-3683dfc0-015d-4ffe-9cc4-71369c055dc8 88889a044ee14c06ba11d36638a43b80 3f3b50e0c24d40f8ae0e61973fea538d - - default default] http://10.0.0.31:8776/ returned with HTTP 300
2026-09-22 03:03:32.660 7 INFO cinder.api.openstack.wsgi [None req-f5d0b9d1-3902-4517-b1eb-77ef18f1d4c1 88889a044ee14c06ba11d36638a43b80 3f3b50e0c24d40f8ae0e61973fea538d - - default default] http://10.0.0.31:8776/ returned with HTTP 300
2026-09-22 03:03:39.294 8 INFO cinder.api.openstack.wsgi [None req-3683dfc0-015d-4ffe-9cc4-71369c055dc8 88889a044ee14c06ba11d36638a43b80 3f3b50e0c24d40f8ae0e61973fea538d - - default default] GET http://cinder-api.openstack.svc.cluster.local:8776/
2026-09-22 03:03:39.296 8 INFO cinder.api.openstack.wsgi [None req-3683dfc0-015d-4ffe-9cc4-71369c055dc8 88889a044ee14c06ba11d36638a43b80 3f3b50e0c24d40f8ae0e61973fea538d - - default default] http://cinder-api.openstack.svc.cluster.local:8776/ returned with HTTP 300 [pid: 8|app: 0|req: 410/816] 10.0.0.79 () {28 vars in 375 bytes} [Tue Sep 22 03:03:39 2026] GET / => generated 411 bytes in 3 msecs (HTTP/1.1 300) 5 headers in 169 bytes (1 switches on core 0)
2026-09-22 03:03:39.308 7 INFO cinder.api.openstack.wsgi [None req-42d53b09-95d0-429e-9627-42e578af3ed9 6149273d8ceb451a9272b86ca97f16ca 2bad92c212d54938b8b561494020ecf5 - - default default] GET http://cinder-api.openstack.svc.cluster.local:8776/v3/2bad92c212d54938b8b561494020ecf5/limits?tenant_id=2bad92c212d54938b8b561494020ecf5
2026-09-22 03:03:39.332 7 INFO cinder.api.openstack.wsgi [None req-42d53b09-95d0-429e-9627-42e578af3ed9 6149273d8ceb451a9272b86ca97f16ca 2bad92c212d54938b8b561494020ecf5 - - default default] http://cinder-api.openstack.svc.cluster.local:8776/v3/2bad92c212d54938b8b561494020ecf5/limits?tenant_id=2bad92c212d54938b8b561494020ecf5 returned with HTTP 200 [pid: 7|app: 0|req: 407/817] 10.0.0.79 () {34 vars in 878 bytes} [Tue Sep 22 03:03:39 2026] GET /v3/2bad92c212d54938b8b561494020ecf5/limits?tenant_id=2bad92c212d54938b8b561494020ecf5 => generated 302 bytes in 29 msecs (HTTP/1.1 200) 7 headers in 286 bytes (1 switches on core 0)
2026-09-22 03:03:40.974 8 INFO cinder.api.openstack.wsgi [None req-3683dfc0-015d-4ffe-9cc4-71369c055dc8 88889a044ee14c06ba11d36638a43b80 3f3b50e0c24d40f8ae0e61973fea538d - - default default] GET http://cinder-api.openstack.svc.cluster.local:8776/
