2026-07-15 06:00:41.797 10 INFO neutron.wsgi [None req-17cc23c9-e20c-4b95-92de-54d923edd194 b12c0261aabc4148a8d14edbab9a42f1 4faf39b8e0cd4b7f8a7fa5fe4a037441 - - default default] 10.0.0.89 "GET /v2.0/agents?binary=ovn-controller HTTP/1.1" status: 200 len: 591 time: 0.0082467
2026-07-15 06:00:41.807 10 INFO neutron.wsgi [None req-128dffd9-ed07-447f-81aa-b35e5bcda642 b12c0261aabc4148a8d14edbab9a42f1 4faf39b8e0cd4b7f8a7fa5fe4a037441 - - default default] 10.0.0.89 "GET /v2.0/network-ip-availabilities HTTP/1.1" status: 200 len: 1280 time: 0.0088153
2026-07-15 06:00:41.838 10 INFO neutron.wsgi [None req-9b15b577-637d-483c-a4a4-79267aa3e838 b12c0261aabc4148a8d14edbab9a42f1 4faf39b8e0cd4b7f8a7fa5fe4a037441 - - default default] 10.0.0.89 "GET /v2.0/subnets HTTP/1.1" status: 200 len: 1437 time: 0.0302048
2026-07-15 06:00:51.090 9 INFO neutron.wsgi [-] 10.0.0.240 "GET / HTTP/1.1" status: 200 len: 246 time: 0.0022750
2026-07-15 06:00:51.092 10 INFO neutron.wsgi [-] 10.0.0.240 "GET / HTTP/1.1" status: 200 len: 246 time: 0.0037522
2026-07-15 06:01:05.033 10 INFO neutron.wsgi [None req-52bb05aa-be13-4fd9-bba1-eee91ff847d1 b12c0261aabc4148a8d14edbab9a42f1 4faf39b8e0cd4b7f8a7fa5fe4a037441 - - default default] 199.204.45.153,10.0.0.240 "GET /v2.0/networks HTTP/1.1" status: 200 len: 2350 time: 0.1109819
2026-07-15 06:01:06.088 10 INFO neutron.wsgi [-] 10.0.0.240 "GET / HTTP/1.1" status: 200 len: 246 time: 0.0012417
2026-07-15 06:01:06.090 9 INFO neutron.wsgi [-] 10.0.0.240 "GET / HTTP/1.1" status: 200 len: 246 time: 0.0024717
2026-07-15 06:01:06.177 10 INFO neutron.wsgi [None req-3055f141-5a71-482b-b469-aad6414a5cf3 b12c0261aabc4148a8d14edbab9a42f1 4faf39b8e0cd4b7f8a7fa5fe4a037441 - - default default] 199.204.45.153,10.0.0.240 "GET /v2.0/subnets HTTP/1.1" status: 200 len: 1437 time: 0.0651007
2026-07-15 06:01:06.253 10 INFO neutron.wsgi [None req-355ca3b8-d1da-447a-be85-c1da81220873 b12c0261aabc4148a8d14edbab9a42f1 4faf39b8e0cd4b7f8a7fa5fe4a037441 - - default default] 199.204.45.153,10.0.0.240 "GET /v2.0/networks HTTP/1.1" status: 200 len: 2350 time: 0.0685782
2026-07-15 06:01:21.089 9 INFO neutron.wsgi [-] 10.0.0.240 "GET / HTTP/1.1" status: 200 len: 246 time: 0.0012991
2026-07-15 06:01:21.089 10 INFO neutron.wsgi [-] 10.0.0.240 "GET / HTTP/1.1" status: 200 len: 246 time: 0.0013728
2026-07-15 06:01:36.091 10 INFO neutron.wsgi [-] 10.0.0.240 "GET / HTTP/1.1" status: 200 len: 246 time: 0.0025849
2026-07-15 06:01:36.093 10 INFO neutron.wsgi [-] 10.0.0.240 "GET / HTTP/1.1" status: 200 len: 246 time: 0.0013344
2026-07-15 06:01:41.554 10 INFO neutron.wsgi [None req-557a0734-aeba-4cc9-a697-cbb231f28573 b12c0261aabc4148a8d14edbab9a42f1 4faf39b8e0cd4b7f8a7fa5fe4a037441 - - default default] 10.0.0.89 "GET /v2.0/agents HTTP/1.1" status: 200 len: 997 time: 0.0871885
2026-07-15 06:01:41.573 10 INFO neutron.wsgi [None req-e1823107-c333-4314-bccb-6b8dcc9a0bf0 b12c0261aabc4148a8d14edbab9a42f1 4faf39b8e0cd4b7f8a7fa5fe4a037441 - - default default] 10.0.0.89 "GET /v2.0/floatingips HTTP/1.1" status: 200 len: 193 time: 0.0175490
2026-07-15 06:01:41.594 10 INFO neutron.wsgi [None req-ffbdc29d-0b68-45e3-a719-d133ac2a9aad b12c0261aabc4148a8d14edbab9a42f1 4faf39b8e0cd4b7f8a7fa5fe4a037441 - - default default] 199.204.45.153,10.0.0.240 "GET /v2.0/networks HTTP/1.1" status: 200 len: 2350 time: 0.1163101
2026-07-15 06:01:41.624 10 INFO neutron.wsgi [None req-4ede112e-b791-434c-be69-75a08642c998 b12c0261aabc4148a8d14edbab9a42f1 4faf39b8e0cd4b7f8a7fa5fe4a037441 - - default default] 10.0.0.89 "GET /v2.0/security-groups HTTP/1.1" status: 200 len: 16803 time: 0.0490189
2026-07-15 06:01:41.672 10 INFO neutron.wsgi [None req-06b7ec90-bf42-451a-b907-8b10cacdb7d4 b12c0261aabc4148a8d14edbab9a42f1 4faf39b8e0cd4b7f8a7fa5fe4a037441 - - default default] 10.0.0.89 "GET /v2.0/ports HTTP/1.1" status: 200 len: 5351 time: 0.0420094
2026-07-15 06:01:41.712 10 INFO neutron.wsgi [None req-7712c2a2-8caa-4a41-87f2-ded8c4703f9c b12c0261aabc4148a8d14edbab9a42f1 4faf39b8e0cd4b7f8a7fa5fe4a037441 - - default default] 10.0.0.89 "GET /v2.0/subnets HTTP/1.1" status: 200 len: 1437 time: 0.0350575
2026-07-15 06:01:41.730 10 INFO neutron.wsgi [None req-48350c53-8dfc-4e5e-aed3-6bb952691a7d b12c0261aabc4148a8d14edbab9a42f1 4faf39b8e0cd4b7f8a7fa5fe4a037441 - - default default] 10.0.0.89 "GET /v2.0/network-ip-availabilities HTTP/1.1" status: 200 len: 1280 time: 0.0162747
2026-07-15 06:01:41.754 10 INFO neutron.wsgi [None req-eb299306-5c27-42fb-a1bd-865dce66818e b12c0261aabc4148a8d14edbab9a42f1 4faf39b8e0cd4b7f8a7fa5fe4a037441 - - default default] 10.0.0.89 "GET /v2.0/routers HTTP/1.1" status: 200 len: 189 time: 0.0232379
2026-07-15 06:01:41.765 10 INFO neutron.wsgi [None req-5cb2e146-a65f-47d2-a95b-8b42bc234e55 b12c0261aabc4148a8d14edbab9a42f1 4faf39b8e0cd4b7f8a7fa5fe4a037441 - - default default] 10.0.0.89 "GET /v2.0/agents?binary=ovn-controller HTTP/1.1" status: 200 len: 591 time: 0.0109873
2026-07-15 06:01:41.831 10 INFO neutron.wsgi [None req-611e7e8e-8908-4bea-b93b-76781235c76a b12c0261aabc4148a8d14edbab9a42f1 4faf39b8e0cd4b7f8a7fa5fe4a037441 - - default default] 10.0.0.89 "GET /v2.0/networks HTTP/1.1" status: 200 len: 2350 time: 0.0652518
2026-07-15 06:01:41.860 10 INFO neutron.wsgi [None req-43b3c0c4-cb60-432a-a7c9-bc8eaa29250b b12c0261aabc4148a8d14edbab9a42f1 4faf39b8e0cd4b7f8a7fa5fe4a037441 - - default default] 10.0.0.89 "GET /v2.0/subnets HTTP/1.1" status: 200 len: 1437 time: 0.0266709
2026-07-15 06:01:41.868 10 INFO neutron.wsgi [None req-4da5c89e-2ba4-4dfa-ab0e-2a893eb3d481 b12c0261aabc4148a8d14edbab9a42f1 4faf39b8e0cd4b7f8a7fa5fe4a037441 - - default default] 10.0.0.89 "GET /v2.0/subnetpools HTTP/1.1" status: 200 len: 193 time: 0.0071893
2026-07-15 06:01:42.493 10 INFO neutron.wsgi [None req-8fa51935-06f9-4833-8f7c-f0d708095887 b12c0261aabc4148a8d14edbab9a42f1 4faf39b8e0cd4b7f8a7fa5fe4a037441 - - default default] 199.204.45.153,10.0.0.240 "GET /v2.0/subnets HTTP/1.1" status: 200 len: 1437 time: 0.0750833
2026-07-15 06:01:42.558 10 INFO neutron.wsgi [None req-c7ede042-9875-4dfe-9d51-97e7090c2e5c b12c0261aabc4148a8d14edbab9a42f1 4faf39b8e0cd4b7f8a7fa5fe4a037441 - - default default] 199.204.45.153,10.0.0.240 "GET /v2.0/networks HTTP/1.1" status: 200 len: 2350 time: 0.0583565
2026-07-15 06:01:43.643 10 INFO neutron.wsgi [None req-71a607c6-9d22-43c3-b689-7a2b8639c498 b12c0261aabc4148a8d14edbab9a42f1 4faf39b8e0cd4b7f8a7fa5fe4a037441 - - default default] 199.204.45.153,10.0.0.240 "GET /v2.0/security-groups?tenant_id=4faf39b8e0cd4b7f8a7fa5fe4a037441 HTTP/1.1" status: 200 len: 10161 time: 0.0781195
2026-07-15 06:01:44.767 10 INFO neutron.wsgi [None req-c5448fa1-9b50-40de-8256-bd48631a9fdc b12c0261aabc4148a8d14edbab9a42f1 4faf39b8e0cd4b7f8a7fa5fe4a037441 - - default default] 199.204.45.153,10.0.0.240 "GET /v2.0/security-groups?tenant_id=4faf39b8e0cd4b7f8a7fa5fe4a037441 HTTP/1.1" status: 200 len: 10161 time: 0.0890646
2026-07-15 06:01:45.585 10 INFO neutron.wsgi [None req-08304e0b-a775-4ec9-b63e-c0ff7717cc7e b12c0261aabc4148a8d14edbab9a42f1 4faf39b8e0cd4b7f8a7fa5fe4a037441 - - default default] 199.204.45.153,10.0.0.240 "GET /v2.0/security-groups?tenant_id=4faf39b8e0cd4b7f8a7fa5fe4a037441 HTTP/1.1" status: 200 len: 10161 time: 0.0755539
2026-07-15 06:01:46.392 10 INFO neutron.wsgi [None req-0f2f8553-7e01-4e24-820e-21a612309ed0 b12c0261aabc4148a8d14edbab9a42f1 4faf39b8e0cd4b7f8a7fa5fe4a037441 - - default default] 199.204.45.153,10.0.0.240 "GET /v2.0/security-groups?tenant_id=4faf39b8e0cd4b7f8a7fa5fe4a037441 HTTP/1.1" status: 200 len: 10161 time: 0.0774946
2026-07-15 06:01:47.176 10 INFO neutron.wsgi [None req-066ffffc-8b83-4525-ad63-8bf670b48572 b12c0261aabc4148a8d14edbab9a42f1 4faf39b8e0cd4b7f8a7fa5fe4a037441 - - default default] 199.204.45.153,10.0.0.240 "GET /v2.0/security-groups?tenant_id=4faf39b8e0cd4b7f8a7fa5fe4a037441 HTTP/1.1" status: 200 len: 10161 time: 0.0769186
2026-07-15 06:01:48.009 10 INFO neutron.wsgi [None req-3dd418da-de29-4d68-ad57-d510985302c2 b12c0261aabc4148a8d14edbab9a42f1 4faf39b8e0cd4b7f8a7fa5fe4a037441 - - default default] 199.204.45.153,10.0.0.240 "GET /v2.0/security-groups?tenant_id=4faf39b8e0cd4b7f8a7fa5fe4a037441 HTTP/1.1" status: 200 len: 10161 time: 0.0747349
2026-07-15 06:01:49.244 10 INFO neutron.wsgi [None req-2da1a80e-e5f1-4221-87da-00a82ff07cab b12c0261aabc4148a8d14edbab9a42f1 4faf39b8e0cd4b7f8a7fa5fe4a037441 - - default default] 199.204.45.153,10.0.0.240 "GET /v2.0/security-groups HTTP/1.1" status: 200 len: 16803 time: 0.0898066
2026-07-15 06:01:49.288 10 INFO neutron.wsgi [None req-a89ad764-cde7-4cf5-8850-fae6055712db b12c0261aabc4148a8d14edbab9a42f1 4faf39b8e0cd4b7f8a7fa5fe4a037441 - - default default] 199.204.45.153,10.0.0.240 "GET /v2.0/ports HTTP/1.1" status: 200 len: 5351 time: 0.0355289
2026-07-15 06:01:51.090 9 INFO neutron.wsgi [-] 10.0.0.240 "GET / HTTP/1.1" status: 200 len: 246 time: 0.0015721
2026-07-15 06:01:51.092 10 INFO neutron.wsgi [-] 10.0.0.240 "GET / HTTP/1.1" status: 200 len: 246 time: 0.0032508
2026-07-15 06:01:55.503 10 INFO neutron.pecan_wsgi.hooks.translation [None req-785c0cf5-c49b-45fc-9082-8a9e2dc3d434 b12c0261aabc4148a8d14edbab9a42f1 4faf39b8e0cd4b7f8a7fa5fe4a037441 - - default default] GET failed (client error): The resource could not be found.
2026-07-15 06:01:55.505 10 INFO neutron.wsgi [None req-785c0cf5-c49b-45fc-9082-8a9e2dc3d434 b12c0261aabc4148a8d14edbab9a42f1 4faf39b8e0cd4b7f8a7fa5fe4a037441 - - default default] 199.204.45.153,10.0.0.240 "GET /v2.0/ports/octavia-health-manager-port-instance HTTP/1.1" status: 404 len: 314 time: 0.0622051
2026-07-15 06:01:55.535 10 INFO neutron.wsgi [None req-ec9b2de8-efae-4a58-b2e9-4a8253485cd7 b12c0261aabc4148a8d14edbab9a42f1 4faf39b8e0cd4b7f8a7fa5fe4a037441 - - default default] 199.204.45.153,10.0.0.240 "GET /v2.0/ports?name=octavia-health-manager-port-instance HTTP/1.1" status: 200 len: 1399 time: 0.0259247
2026-07-15 06:01:56.924 10 INFO neutron.wsgi [None req-a812f16a-9308-408a-aa2d-ad82e92183f3 b12c0261aabc4148a8d14edbab9a42f1 4faf39b8e0cd4b7f8a7fa5fe4a037441 - - default default] 199.204.45.153,10.0.0.240 "GET /v2.0/ports HTTP/1.1" status: 200 len: 5351 time: 0.0758467
2026-07-15 06:01:57.960 10 INFO neutron.wsgi [None req-7c0c3352-6d93-41c3-b563-e0b8d378f08d b12c0261aabc4148a8d14edbab9a42f1 4faf39b8e0cd4b7f8a7fa5fe4a037441 - - default default] 199.204.45.153,10.0.0.240 "GET /v2.0/security-groups?tenant_id=4faf39b8e0cd4b7f8a7fa5fe4a037441 HTTP/1.1" status: 200 len: 10161 time: 0.0842874
2026-07-15 06:01:58.901 10 INFO neutron.wsgi [None req-853dfdeb-f1c0-44a9-9c0e-2a53126e335d b12c0261aabc4148a8d14edbab9a42f1 4faf39b8e0cd4b7f8a7fa5fe4a037441 - - default default] 199.204.45.153,10.0.0.240 "GET /v2.0/security-groups?tenant_id=4faf39b8e0cd4b7f8a7fa5fe4a037441 HTTP/1.1" status: 200 len: 10161 time: 0.0758073
2026-07-15 06:01:59.708 10 INFO neutron.wsgi [None req-131e227f-8ea0-473d-b95d-c75b7e9381a0 b12c0261aabc4148a8d14edbab9a42f1 4faf39b8e0cd4b7f8a7fa5fe4a037441 - - default default] 199.204.45.153,10.0.0.240 "GET /v2.0/security-groups?tenant_id=4faf39b8e0cd4b7f8a7fa5fe4a037441 HTTP/1.1" status: 200 len: 10161 time: 0.0830026
2026-07-15 06:02:06.091 10 INFO neutron.wsgi [-] 10.0.0.240 "GET / HTTP/1.1" status: 200 len: 246 time: 0.0027723
2026-07-15 06:02:06.091 9 INFO neutron.wsgi [-] 10.0.0.240 "GET / HTTP/1.1" status: 200 len: 246 time: 0.0026200
2026-07-15 06:02:10.157 10 INFO neutron.wsgi [None req-2aaf194e-6e9a-432d-acec-582c139c492f b12c0261aabc4148a8d14edbab9a42f1 4faf39b8e0cd4b7f8a7fa5fe4a037441 - - default default] 199.204.45.153,10.0.0.240 "GET /v2.0/quotas/4faf39b8e0cd4b7f8a7fa5fe4a037441 HTTP/1.1" status: 200 len: 361 time: 0.0114107
2026-07-15 06:02:21.090 10 INFO neutron.wsgi [-] 10.0.0.240 "GET / HTTP/1.1" status: 200 len: 246 time: 0.0023348
2026-07-15 06:02:21.092 9 INFO neutron.wsgi [-] 10.0.0.240 "GET / HTTP/1.1" status: 200 len: 246 time: 0.0041916
2026-07-15 06:02:36.089 9 INFO neutron.wsgi [-] 10.0.0.240 "GET / HTTP/1.1" status: 200 len: 246 time: 0.0012286
2026-07-15 06:02:36.090 10 INFO neutron.wsgi [-] 10.0.0.240 "GET / HTTP/1.1" status: 200 len: 246 time: 0.0023084
2026-07-15 06:02:41.528 10 INFO neutron.wsgi [None req-d34b667e-fc1e-493f-a1bf-43bce526c6bd b12c0261aabc4148a8d14edbab9a42f1 4faf39b8e0cd4b7f8a7fa5fe4a037441 - - default default] 10.0.0.89 "GET /v2.0/subnets HTTP/1.1" status: 200 len: 1437 time: 0.0869215
2026-07-15 06:02:41.544 10 INFO neutron.wsgi [None req-9430ca26-4f5d-4d2f-bf3f-c1d5a8193c43 b12c0261aabc4148a8d14edbab9a42f1 4faf39b8e0cd4b7f8a7fa5fe4a037441 - - default default] 10.0.0.89 "GET /v2.0/subnetpools HTTP/1.1" status: 200 len: 193 time: 0.0143583
2026-07-15 06:02:41.582 10 INFO neutron.wsgi [None req-4f385697-229f-42a2-b79d-ab328861d3ca b12c0261aabc4148a8d14edbab9a42f1 4faf39b8e0cd4b7f8a7fa5fe4a037441 - - default default] 10.0.0.89 "GET /v2.0/agents HTTP/1.1" status: 200 len: 997 time: 0.0362704
2026-07-15 06:02:41.596 10 INFO neutron.wsgi [None req-2efebbc9-fcb1-4743-b8d3-390f2032e73f b12c0261aabc4148a8d14edbab9a42f1 4faf39b8e0cd4b7f8a7fa5fe4a037441 - - default default] 10.0.0.89 "GET /v2.0/network-ip-availabilities HTTP/1.1" status: 200 len: 1280 time: 0.0128717
2026-07-15 06:02:41.620 10 INFO neutron.wsgi [None req-a359b0f6-d633-4ccd-abea-3ba9719ec77d b12c0261aabc4148a8d14edbab9a42f1 4faf39b8e0cd4b7f8a7fa5fe4a037441 - - default default] 10.0.0.89 "GET /v2.0/floatingips HTTP/1.1" status: 200 len: 193 time: 0.0199828
2026-07-15 06:02:41.684 10 INFO neutron.wsgi [None req-86aef3d0-9fda-4ef1-889a-b8ec70296d1f b12c0261aabc4148a8d14edbab9a42f1 4faf39b8e0cd4b7f8a7fa5fe4a037441 - - default default] 10.0.0.89 "GET /v2.0/security-groups HTTP/1.1" status: 200 len: 16803 time: 0.0629556
2026-07-15 06:02:41.729 10 INFO neutron.wsgi [None req-7583c9d2-1f38-46a4-b1a1-56a57a28adf7 b12c0261aabc4148a8d14edbab9a42f1 4faf39b8e0cd4b7f8a7fa5fe4a037441 - - default default] 10.0.0.89 "GET /v2.0/subnets HTTP/1.1" status: 200 len: 1437 time: 0.0364504
2026-07-15 06:02:41.762 10 INFO neutron.wsgi [None req-8792100a-75e3-42cb-8e3e-7dcaef67b95c b12c0261aabc4148a8d14edbab9a42f1 4faf39b8e0cd4b7f8a7fa5fe4a037441 - - default default] 10.0.0.89 "GET /v2.0/ports HTTP/1.1" status: 200 len: 5351 time: 0.0320191
2026-07-15 06:02:41.816 10 INFO neutron.wsgi [None req-108e348e-3531-4c12-924e-659d05f2e4de b12c0261aabc4148a8d14edbab9a42f1 4faf39b8e0cd4b7f8a7fa5fe4a037441 - - default default] 10.0.0.89 "GET /v2.0/networks HTTP/1.1" status: 200 len: 2350 time: 0.0495968
2026-07-15 06:02:41.837 10 INFO neutron.wsgi [None req-b8d0db1a-2eb7-4757-bbde-5d3f16130a51 b12c0261aabc4148a8d14edbab9a42f1 4faf39b8e0cd4b7f8a7fa5fe4a037441 - - default default] 10.0.0.89 "GET /v2.0/routers HTTP/1.1" status: 200 len: 189 time: 0.0196254
2026-07-15 06:02:41.846 10 INFO neutron.wsgi [None req-d341a5ff-4f43-41af-ae8d-cdd1df010447 b12c0261aabc4148a8d14edbab9a42f1 4faf39b8e0cd4b7f8a7fa5fe4a037441 - - default default] 10.0.0.89 "GET /v2.0/agents?binary=ovn-controller HTTP/1.1" status: 200 len: 591 time: 0.0081618
2026-07-15 06:02:51.090 10 INFO neutron.wsgi [-] 10.0.0.240 "GET / HTTP/1.1" status: 200 len: 246 time: 0.0024898
2026-07-15 06:02:51.090 9 INFO neutron.wsgi [-] 10.0.0.240 "GET / HTTP/1.1" status: 200 len: 246 time: 0.0023403
2026-07-15 06:02:59.531 10 INFO neutron.wsgi [None req-fa4197b1-68e4-4fd7-89fe-671aa1434b0d b12c0261aabc4148a8d14edbab9a42f1 4faf39b8e0cd4b7f8a7fa5fe4a037441 - - default default] 199.204.45.153,10.0.0.240 "GET /v2.0/security-groups?tenant_id=642a17d38a284a24b594effabaf0fd35 HTTP/1.1" status: 200 len: 6838 time: 0.0779130
2026-07-15 06:03:00.467 10 INFO neutron.wsgi [None req-ae6ad65f-c2bb-4968-9204-3e5643c3a16c b12c0261aabc4148a8d14edbab9a42f1 4faf39b8e0cd4b7f8a7fa5fe4a037441 - - default default] 199.204.45.153,10.0.0.240 "GET /v2.0/security-groups?tenant_id=642a17d38a284a24b594effabaf0fd35 HTTP/1.1" status: 200 len: 6838 time: 0.0775986
2026-07-15 06:03:01.366 10 INFO neutron.wsgi [None req-08c538af-b333-4d0d-80cf-6b49d7113347 b12c0261aabc4148a8d14edbab9a42f1 4faf39b8e0cd4b7f8a7fa5fe4a037441 - - default default] 199.204.45.153,10.0.0.240 "GET /v2.0/security-groups?tenant_id=642a17d38a284a24b594effabaf0fd35 HTTP/1.1" status: 200 len: 6838 time: 0.0928535
2026-07-15 06:03:02.224 10 INFO neutron.wsgi [None req-4477c37f-7203-4dfc-8339-13784fdc3a47 b12c0261aabc4148a8d14edbab9a42f1 4faf39b8e0cd4b7f8a7fa5fe4a037441 - - default default] 199.204.45.153,10.0.0.240 "GET /v2.0/security-groups?tenant_id=642a17d38a284a24b594effabaf0fd35 HTTP/1.1" status: 200 len: 6838 time: 0.0717199
2026-07-15 06:03:03.247 10 INFO neutron.wsgi [None req-1b6f7c8d-85be-4fa7-bc98-fcf2e49653b0 b12c0261aabc4148a8d14edbab9a42f1 4faf39b8e0cd4b7f8a7fa5fe4a037441 - - default default] 199.204.45.153,10.0.0.240 "GET /v2.0/security-groups?tenant_id=642a17d38a284a24b594effabaf0fd35 HTTP/1.1" status: 200 len: 6838 time: 0.1125166
2026-07-15 06:03:06.098 9 INFO neutron.wsgi [-] 10.0.0.240 "GET / HTTP/1.1" status: 200 len: 246 time: 0.0035856
2026-07-15 06:03:06.099 9 INFO neutron.wsgi [-] 10.0.0.240 "GET / HTTP/1.1" status: 200 len: 246 time: 0.0008793
2026-07-15 06:03:10.624 10 INFO neutron.wsgi [None req-22cb6d3f-51b7-44d4-86dc-f74ce3a2fd6f b12c0261aabc4148a8d14edbab9a42f1 4faf39b8e0cd4b7f8a7fa5fe4a037441 - - default default] 199.204.45.153,10.0.0.240 "GET /v2.0/quotas/642a17d38a284a24b594effabaf0fd35 HTTP/1.1" status: 200 len: 361 time: 0.0131009
2026-07-15 06:03:21.090 9 INFO neutron.wsgi [-] 10.0.0.240 "GET / HTTP/1.1" status: 200 len: 246 time: 0.0020330
2026-07-15 06:03:21.091 10 INFO neutron.wsgi [-] 10.0.0.240 "GET / HTTP/1.1" status: 200 len: 246 time: 0.0025938
2026-07-15 06:03:36.091 9 INFO neutron.wsgi [-] 10.0.0.240 "GET / HTTP/1.1" status: 200 len: 246 time: 0.0024221
2026-07-15 06:03:36.095 9 INFO neutron.wsgi [-] 10.0.0.240 "GET / HTTP/1.1" status: 200 len: 246 time: 0.0026383
2026-07-15 06:03:41.530 10 INFO neutron.wsgi [None req-6614d0bb-ac53-4a46-a6cc-8187822b3b19 b12c0261aabc4148a8d14edbab9a42f1 4faf39b8e0cd4b7f8a7fa5fe4a037441 - - default default] 10.0.0.89 "GET /v2.0/networks HTTP/1.1" status: 200 len: 2350 time: 0.0997131
2026-07-15 06:03:41.561 10 INFO neutron.wsgi [None req-78edc16a-d32b-4241-9519-eb320236e915 b12c0261aabc4148a8d14edbab9a42f1 4faf39b8e0cd4b7f8a7fa5fe4a037441 - - default default] 10.0.0.89 "GET /v2.0/agents HTTP/1.1" status: 200 len: 997 time: 0.0296414
2026-07-15 06:03:41.591 10 INFO neutron.wsgi [None req-8339aa2f-21b4-45f8-8d3f-de5efa1ad58b b12c0261aabc4148a8d14edbab9a42f1 4faf39b8e0cd4b7f8a7fa5fe4a037441 - - default default] 10.0.0.89 "GET /v2.0/subnets HTTP/1.1" status: 200 len: 1437 time: 0.0287809
2026-07-15 06:03:41.601 10 INFO neutron.wsgi [None req-1bd84f60-38ff-4385-812f-5b115eeac8af b12c0261aabc4148a8d14edbab9a42f1 4faf39b8e0cd4b7f8a7fa5fe4a037441 - - default default] 10.0.0.89 "GET /v2.0/subnetpools HTTP/1.1" status: 200 len: 193 time: 0.0091174
2026-07-15 06:03:41.703 10 INFO neutron.wsgi [None req-16357076-cdf2-4b3a-b528-843b2924005f b12c0261aabc4148a8d14edbab9a42f1 4faf39b8e0cd4b7f8a7fa5fe4a037441 - - default default] 10.0.0.89 "GET /v2.0/floatingips HTTP/1.1" status: 200 len: 193 time: 0.1013956
2026-07-15 06:03:41.735 10 INFO neutron.wsgi [None req-3c5c8cc8-94a8-4b5e-a13d-9848ec4c3881 b12c0261aabc4148a8d14edbab9a42f1 4faf39b8e0cd4b7f8a7fa5fe4a037441 - - default default] 10.0.0.89 "GET /v2.0/ports HTTP/1.1" status: 200 len: 5351 time: 0.0312331
2026-07-15 06:03:41.754 10 INFO neutron.wsgi [None req-da9b631e-c723-4b57-a86e-0efd8b4feb7d b12c0261aabc4148a8d14edbab9a42f1 4faf39b8e0cd4b7f8a7fa5fe4a037441 - - default default] 10.0.0.89 "GET /v2.0/network-ip-availabilities HTTP/1.1" status: 200 len: 1280 time: 0.0145094
2026-07-15 06:03:41.798 10 INFO neutron.wsgi [None req-7cc3f5f6-8b09-4d54-b647-3bac8b0e6d48 b12c0261aabc4148a8d14edbab9a42f1 4faf39b8e0cd4b7f8a7fa5fe4a037441 - - default default] 10.0.0.89 "GET /v2.0/security-groups HTTP/1.1" status: 200 len: 16803 time: 0.0433376
2026-07-15 06:03:41.839 10 INFO neutron.wsgi [None req-9a3b5fd3-145d-4d79-9a27-05572eacd272 b12c0261aabc4148a8d14edbab9a42f1 4faf39b8e0cd4b7f8a7fa5fe4a037441 - - default default] 10.0.0.89 "GET /v2.0/subnets HTTP/1.1" status: 200 len: 1437 time: 0.0357840
2026-07-15 06:03:41.860 10 INFO neutron.wsgi [None req-a59db3c7-d284-4519-a52f-0b5545a62e31 b12c0261aabc4148a8d14edbab9a42f1 4faf39b8e0cd4b7f8a7fa5fe4a037441 - - default default] 10.0.0.89 "GET /v2.0/routers HTTP/1.1" status: 200 len: 189 time: 0.0204077
2026-07-15 06:03:41.869 10 INFO neutron.wsgi [None req-ae2ff0be-619a-4c63-9174-fe64a6595388 b12c0261aabc4148a8d14edbab9a42f1 4faf39b8e0cd4b7f8a7fa5fe4a037441 - - default default] 10.0.0.89 "GET /v2.0/agents?binary=ovn-controller HTTP/1.1" status: 200 len: 591 time: 0.0087910
2026-07-15 06:03:51.090 10 INFO neutron.wsgi [-] 10.0.0.240 "GET / HTTP/1.1" status: 200 len: 246 time: 0.0024471
2026-07-15 06:03:51.093 10 INFO neutron.wsgi [-] 10.0.0.240 "GET / HTTP/1.1" status: 200 len: 246 time: 0.0012314
2026-07-15 06:04:00.987 10 INFO neutron.wsgi [None req-ee29d4a3-6ad5-48e5-acda-ce6682002d99 b12c0261aabc4148a8d14edbab9a42f1 4faf39b8e0cd4b7f8a7fa5fe4a037441 - - default default] 199.204.45.153,10.0.0.240 "GET /v2.0/networks HTTP/1.1" status: 200 len: 2350 time: 0.1071627
2026-07-15 06:04:06.089 9 INFO neutron.wsgi [-] 10.0.0.240 "GET / HTTP/1.1" status: 200 len: 246 time: 0.0016568
2026-07-15 06:04:06.089 10 INFO neutron.wsgi [-] 10.0.0.240 "GET / HTTP/1.1" status: 200 len: 246 time: 0.0017788
2026-07-15 06:04:21.089 10 INFO neutron.wsgi [-] 10.0.0.240 "GET / HTTP/1.1" status: 200 len: 246 time: 0.0022366
2026-07-15 06:04:21.090 9 INFO neutron.wsgi [-] 10.0.0.240 "GET / HTTP/1.1" status: 200 len: 246 time: 0.0025036
2026-07-15 06:04:36.090 9 INFO neutron.wsgi [-] 10.0.0.240 "GET / HTTP/1.1" status: 200 len: 246 time: 0.0019295
2026-07-15 06:04:36.092 9 INFO neutron.wsgi [-] 10.0.0.240 "GET / HTTP/1.1" status: 200 len: 246 time: 0.0012286
2026-07-15 06:04:40.728 10 INFO neutron.wsgi [None req-8af8a14d-b3ec-4e30-8ed5-da68fed77f47 b12c0261aabc4148a8d14edbab9a42f1 4faf39b8e0cd4b7f8a7fa5fe4a037441 - - default default] 10.0.0.193 "GET /v2.0/networks HTTP/1.1" status: 200 len: 2369 time: 0.2122021
2026-07-15 06:04:41.525 10 INFO neutron.wsgi [None req-3a8741d0-141e-4eb3-9bde-b77fe11a77c6 b12c0261aabc4148a8d14edbab9a42f1 4faf39b8e0cd4b7f8a7fa5fe4a037441 - - default default] 10.0.0.89 "GET /v2.0/security-groups HTTP/1.1" status: 200 len: 16803 time: 0.0924649
2026-07-15 06:04:41.571 10 INFO neutron.wsgi [None req-261c3206-26bd-4505-87de-b55f2facafc6 b12c0261aabc4148a8d14edbab9a42f1 4faf39b8e0cd4b7f8a7fa5fe4a037441 - - default default] 10.0.0.89 "GET /v2.0/routers HTTP/1.1" status: 200 len: 189 time: 0.0404348
2026-07-15 06:04:41.611 10 INFO neutron.wsgi [None req-9b775750-c005-41bd-b7a7-c9cf58eabbe2 b12c0261aabc4148a8d14edbab9a42f1 4faf39b8e0cd4b7f8a7fa5fe4a037441 - - default default] 10.0.0.89 "GET /v2.0/agents?binary=ovn-controller HTTP/1.1" status: 200 len: 591 time: 0.0393786
2026-07-15 06:04:41.632 10 INFO neutron.wsgi [None req-404d4820-3d2c-430b-b172-1e7f1a73b888 b12c0261aabc4148a8d14edbab9a42f1 4faf39b8e0cd4b7f8a7fa5fe4a037441 - - default default] 10.0.0.89 "GET /v2.0/agents HTTP/1.1" status: 200 len: 997 time: 0.0196278
2026-07-15 06:04:41.662 10 INFO neutron.wsgi [None req-0c1cb889-b6f8-4236-8ed3-eb40f1295833 b12c0261aabc4148a8d14edbab9a42f1 4faf39b8e0cd4b7f8a7fa5fe4a037441 - - default default] 10.0.0.89 "GET /v2.0/ports HTTP/1.1" status: 200 len: 5351 time: 0.0281940
2026-07-15 06:04:41.691 10 INFO neutron.wsgi [None req-fd6de751-2c0a-44fa-a1f4-ec92d03cc16a b12c0261aabc4148a8d14edbab9a42f1 4faf39b8e0cd4b7f8a7fa5fe4a037441 - - default default] 10.0.0.89 "GET /v2.0/subnets HTTP/1.1" status: 200 len: 1437 time: 0.0270653
2026-07-15 06:04:41.699 10 INFO neutron.wsgi [None req-28b43e55-2ae0-4bdd-8f75-f26c64709618 b12c0261aabc4148a8d14edbab9a42f1 4faf39b8e0cd4b7f8a7fa5fe4a037441 - - default default] 10.0.0.89 "GET /v2.0/subnetpools HTTP/1.1" status: 200 len: 193 time: 0.0068583
2026-07-15 06:04:41.743 10 INFO neutron.wsgi [None req-9dfe747a-4b80-41da-9d4f-c4bef42744c4 b12c0261aabc4148a8d14edbab9a42f1 4faf39b8e0cd4b7f8a7fa5fe4a037441 - - default default] 10.0.0.89 "GET /v2.0/networks HTTP/1.1" status: 200 len: 2350 time: 0.0437226
2026-07-15 06:04:41.756 10 INFO neutron.wsgi [None req-055b3dfd-4697-4d80-8cda-c1bf579f2b70 b12c0261aabc4148a8d14edbab9a42f1 4faf39b8e0cd4b7f8a7fa5fe4a037441 - - default default] 10.0.0.89 "GET /v2.0/network-ip-availabilities HTTP/1.1" status: 200 len: 1280 time: 0.0102780
2026-07-15 06:04:41.775 10 INFO neutron.wsgi [None req-6a64e804-89da-45c5-a8bc-edae529d8087 b12c0261aabc4148a8d14edbab9a42f1 4faf39b8e0cd4b7f8a7fa5fe4a037441 - - default default] 10.0.0.89 "GET /v2.0/floatingips HTTP/1.1" status: 200 len: 193 time: 0.0187743
2026-07-15 06:04:41.803 10 INFO neutron.wsgi [None req-03934f3a-2307-40d1-b30d-2d1e226b6f33 b12c0261aabc4148a8d14edbab9a42f1 4faf39b8e0cd4b7f8a7fa5fe4a037441 - - default default] 10.0.0.89 "GET /v2.0/subnets HTTP/1.1" status: 200 len: 1437 time: 0.0264909
2026-07-15 06:04:41.915 9 INFO neutron.wsgi [None req-342e3eb8-a392-4e8b-859b-c45a905eb15d b12c0261aabc4148a8d14edbab9a42f1 4faf39b8e0cd4b7f8a7fa5fe4a037441 - - default default] 10.0.0.193 "GET /v2.0/floatingips HTTP/1.1" status: 200 len: 212 time: 0.0354815
2026-07-15 06:04:41.949 9 INFO neutron.wsgi [None req-2ee618ff-7ce3-4130-9074-3b3a2207fb2b b12c0261aabc4148a8d14edbab9a42f1 4faf39b8e0cd4b7f8a7fa5fe4a037441 - - default default] 10.0.0.193 "GET /v2.0/routers HTTP/1.1" status: 200 len: 208 time: 0.0297575
2026-07-15 06:04:41.992 9 INFO neutron.wsgi [None req-88534ef4-efc5-4be8-b9d5-e735a32251da b12c0261aabc4148a8d14edbab9a42f1 4faf39b8e0cd4b7f8a7fa5fe4a037441 - - default default] 10.0.0.193 "GET /v2.0/ports HTTP/1.1" status: 200 len: 5370 time: 0.0371282
2026-07-15 06:04:42.040 9 INFO neutron.wsgi [None req-8536f9da-94ca-4f13-b758-80bf4595acce b12c0261aabc4148a8d14edbab9a42f1 4faf39b8e0cd4b7f8a7fa5fe4a037441 - - default default] 10.0.0.193 "GET /v2.0/subnets HTTP/1.1" status: 200 len: 1456 time: 0.0414073
2026-07-15 06:04:42.138 9 INFO neutron.wsgi [None req-bdcd1824-7845-4589-a998-b998261da50e b12c0261aabc4148a8d14edbab9a42f1 4faf39b8e0cd4b7f8a7fa5fe4a037441 - - default default] 10.0.0.193 "GET /v2.0/networks HTTP/1.1" status: 200 len: 2369 time: 0.0956168
2026-07-15 06:04:42.196 9 INFO neutron.wsgi [None req-944b4f9a-46c1-4255-9a84-98b753f27ecc b12c0261aabc4148a8d14edbab9a42f1 4faf39b8e0cd4b7f8a7fa5fe4a037441 - - default default] 10.0.0.193 "GET /v2.0/security-groups HTTP/1.1" status: 200 len: 16822 time: 0.0532186
2026-07-15 06:04:42.216 9 INFO neutron.wsgi [None req-9ec09309-e74b-4cfb-ae7c-9465442eee78 b12c0261aabc4148a8d14edbab9a42f1 4faf39b8e0cd4b7f8a7fa5fe4a037441 - - default default] 10.0.0.193 "GET /v2.0/subnetpools HTTP/1.1" status: 200 len: 212 time: 0.0155733
2026-07-15 06:04:51.091 9 INFO neutron.wsgi [-] 10.0.0.240 "GET / HTTP/1.1" status: 200 len: 246 time: 0.0023503
2026-07-15 06:04:51.094 9 INFO neutron.wsgi [-] 10.0.0.240 "GET / HTTP/1.1" status: 200 len: 246 time: 0.0020809
2026-07-15 06:04:52.869 9 INFO neutron.plugins.ml2.drivers.ovn.mech_driver.ovsdb.extensions.qos [None req-ddaa14d3-beef-45b0-9aa8-0fc3fb9a1457 b12c0261aabc4148a8d14edbab9a42f1 4faf39b8e0cd4b7f8a7fa5fe4a037441 - - default default] Starting OVNClientQosExtension
2026-07-15 06:04:52.869 9 INFO neutron.plugins.ml2.drivers.ovn.mech_driver.ovsdb.extensions.placement [None req-ddaa14d3-beef-45b0-9aa8-0fc3fb9a1457 b12c0261aabc4148a8d14edbab9a42f1 4faf39b8e0cd4b7f8a7fa5fe4a037441 - - default default] Starting OVNClientPlacementExtension
2026-07-15 06:04:52.912 9 INFO neutron.db.ovn_revision_numbers_db [None req-ddaa14d3-beef-45b0-9aa8-0fc3fb9a1457 b12c0261aabc4148a8d14edbab9a42f1 4faf39b8e0cd4b7f8a7fa5fe4a037441 - - default default] Successfully bumped revision number for resource cec3b4c2-bea6-4ebe-a24a-e0c72e033621 (type: security_groups) to 1
2026-07-15 06:04:52.930 9 INFO neutron.db.ovn_revision_numbers_db [None req-41bbae04-ca8c-4614-988f-ee04a8cfebcf b12c0261aabc4148a8d14edbab9a42f1 4faf39b8e0cd4b7f8a7fa5fe4a037441 - - default default] Successfully bumped revision number for resource 12a0ea1b-cb11-43a9-850d-33f8c1005d8d (type: security_groups) to 1
2026-07-15 06:04:52.932 9 INFO neutron.db.ovn_revision_numbers_db [None req-ddaa14d3-beef-45b0-9aa8-0fc3fb9a1457 b12c0261aabc4148a8d14edbab9a42f1 4faf39b8e0cd4b7f8a7fa5fe4a037441 - - default default] Successfully bumped revision number for resource 5e2c93ca-9a7a-467d-91f7-64b6ae4b7868 (type: security_group_rules) to 0
2026-07-15 06:04:52.947 9 INFO neutron.db.ovn_revision_numbers_db [None req-ddaa14d3-beef-45b0-9aa8-0fc3fb9a1457 b12c0261aabc4148a8d14edbab9a42f1 4faf39b8e0cd4b7f8a7fa5fe4a037441 - - default default] Successfully bumped revision number for resource 76919126-cd44-4250-ad24-c18a7cef53e0 (type: security_group_rules) to 0
2026-07-15 06:04:52.948 9 INFO neutron.db.ovn_revision_numbers_db [None req-41bbae04-ca8c-4614-988f-ee04a8cfebcf b12c0261aabc4148a8d14edbab9a42f1 4faf39b8e0cd4b7f8a7fa5fe4a037441 - - default default] Successfully bumped revision number for resource 0d71c90c-4b55-409c-8d39-fe8d7228ab21 (type: security_group_rules) to 0
2026-07-15 06:04:52.962 9 INFO neutron.db.ovn_revision_numbers_db [None req-ddaa14d3-beef-45b0-9aa8-0fc3fb9a1457 b12c0261aabc4148a8d14edbab9a42f1 4faf39b8e0cd4b7f8a7fa5fe4a037441 - - default default] Successfully bumped revision number for resource b7430e96-7416-4135-b1bc-779754fb6c66 (type: security_group_rules) to 0
2026-07-15 06:04:52.967 9 INFO neutron.db.ovn_revision_numbers_db [None req-41bbae04-ca8c-4614-988f-ee04a8cfebcf b12c0261aabc4148a8d14edbab9a42f1 4faf39b8e0cd4b7f8a7fa5fe4a037441 - - default default] Successfully bumped revision number for resource 166899c2-f7b6-4231-a029-16a020e100b2 (type: security_group_rules) to 0
2026-07-15 06:04:52.977 9 INFO neutron.db.ovn_revision_numbers_db [None req-ddaa14d3-beef-45b0-9aa8-0fc3fb9a1457 b12c0261aabc4148a8d14edbab9a42f1 4faf39b8e0cd4b7f8a7fa5fe4a037441 - - default default] Successfully bumped revision number for resource e8ebbfd4-bc83-430f-b2b5-ecb8f2fc477f (type: security_group_rules) to 0
2026-07-15 06:04:52.983 9 INFO neutron.db.ovn_revision_numbers_db [None req-41bbae04-ca8c-4614-988f-ee04a8cfebcf b12c0261aabc4148a8d14edbab9a42f1 4faf39b8e0cd4b7f8a7fa5fe4a037441 - - default default] Successfully bumped revision number for resource b0f01ffc-1ddd-4c80-9c93-44da77095e17 (type: security_group_rules) to 0
2026-07-15 06:04:53.002 9 INFO neutron.db.ovn_revision_numbers_db [None req-41bbae04-ca8c-4614-988f-ee04a8cfebcf b12c0261aabc4148a8d14edbab9a42f1 4faf39b8e0cd4b7f8a7fa5fe4a037441 - - default default] Successfully bumped revision number for resource e140c20a-d883-4401-aacd-be5a475211b7 (type: security_group_rules) to 0
2026-07-15 06:04:53.040 9 INFO neutron.db.segments_db [None req-ddaa14d3-beef-45b0-9aa8-0fc3fb9a1457 b12c0261aabc4148a8d14edbab9a42f1 4faf39b8e0cd4b7f8a7fa5fe4a037441 - - default default] Added segment f8840114-872e-4edd-be3f-7121c805cfcf of type geneve for network 68afcfbe-4f27-4499-9759-e27f8ec6c526
2026-07-15 06:04:53.061 9 INFO neutron.db.segments_db [None req-41bbae04-ca8c-4614-988f-ee04a8cfebcf b12c0261aabc4148a8d14edbab9a42f1 4faf39b8e0cd4b7f8a7fa5fe4a037441 - - default default] Added segment e6713c9d-c302-4b46-9c31-3c5dfc092512 of type geneve for network dcd278e9-286e-4f1b-b0e5-f021718709b3
2026-07-15 06:04:53.066 10 INFO neutron.db.ovn_revision_numbers_db [None req-192a565d-6274-49e2-8789-60f9d021a59b b12c0261aabc4148a8d14edbab9a42f1 4faf39b8e0cd4b7f8a7fa5fe4a037441 - - default default] Successfully bumped revision number for resource bc503bc3-f517-41fc-8e9c-d0fdd422238f (type: security_groups) to 1
2026-07-15 06:04:53.075 10 INFO neutron.db.ovn_revision_numbers_db [None req-192a565d-6274-49e2-8789-60f9d021a59b b12c0261aabc4148a8d14edbab9a42f1 4faf39b8e0cd4b7f8a7fa5fe4a037441 - - default default] Successfully bumped revision number for resource 2081635a-cb03-41d8-9c66-1d012f0f1c32 (type: security_group_rules) to 0
2026-07-15 06:04:53.089 10 INFO neutron.db.ovn_revision_numbers_db [None req-192a565d-6274-49e2-8789-60f9d021a59b b12c0261aabc4148a8d14edbab9a42f1 4faf39b8e0cd4b7f8a7fa5fe4a037441 - - default default] Successfully bumped revision number for resource 2ec7118c-a687-4bfb-b356-4c45ab7c3a7f (type: security_group_rules) to 0
2026-07-15 06:04:53.100 10 INFO neutron.db.ovn_revision_numbers_db [None req-192a565d-6274-49e2-8789-60f9d021a59b b12c0261aabc4148a8d14edbab9a42f1 4faf39b8e0cd4b7f8a7fa5fe4a037441 - - default default] Successfully bumped revision number for resource 3838a874-7677-40ed-9a93-a7d1308bbad1 (type: security_group_rules) to 0
2026-07-15 06:04:53.112 10 INFO neutron.db.ovn_revision_numbers_db [None req-192a565d-6274-49e2-8789-60f9d021a59b b12c0261aabc4148a8d14edbab9a42f1 4faf39b8e0cd4b7f8a7fa5fe4a037441 - - default default] Successfully bumped revision number for resource 477fffed-1237-4534-b6c4-8e0d264b3601 (type: security_group_rules) to 0
2026-07-15 06:04:53.166 10 INFO neutron.db.segments_db [None req-192a565d-6274-49e2-8789-60f9d021a59b b12c0261aabc4148a8d14edbab9a42f1 4faf39b8e0cd4b7f8a7fa5fe4a037441 - - default default] Added segment e0cef254-4997-4600-8dcc-12cf822eb713 of type geneve for network c3506c0f-ddd5-4c2e-b5f3-68a3af1523a6
2026-07-15 06:04:53.285 9 INFO neutron.db.ovn_revision_numbers_db [None req-ddaa14d3-beef-45b0-9aa8-0fc3fb9a1457 b12c0261aabc4148a8d14edbab9a42f1 4faf39b8e0cd4b7f8a7fa5fe4a037441 - - default default] Successfully bumped revision number for resource 68afcfbe-4f27-4499-9759-e27f8ec6c526 (type: networks) to 1
2026-07-15 06:04:53.294 9 INFO neutron.db.ovn_revision_numbers_db [None req-41bbae04-ca8c-4614-988f-ee04a8cfebcf b12c0261aabc4148a8d14edbab9a42f1 4faf39b8e0cd4b7f8a7fa5fe4a037441 - - default default] Successfully bumped revision number for resource dcd278e9-286e-4f1b-b0e5-f021718709b3 (type: networks) to 1
2026-07-15 06:04:53.324 10 INFO neutron.db.ovn_revision_numbers_db [None req-192a565d-6274-49e2-8789-60f9d021a59b b12c0261aabc4148a8d14edbab9a42f1 4faf39b8e0cd4b7f8a7fa5fe4a037441 - - default default] Successfully bumped revision number for resource c3506c0f-ddd5-4c2e-b5f3-68a3af1523a6 (type: networks) to 1
2026-07-15 06:04:53.460 10 WARNING neutron.scheduler.dhcp_agent_scheduler [None req-192a565d-6274-49e2-8789-60f9d021a59b b12c0261aabc4148a8d14edbab9a42f1 4faf39b8e0cd4b7f8a7fa5fe4a037441 - - default default] No more DHCP agents
2026-07-15 06:04:53.463 10 WARNING neutron.api.rpc.agentnotifiers.dhcp_rpc_agent_api [None req-192a565d-6274-49e2-8789-60f9d021a59b b12c0261aabc4148a8d14edbab9a42f1 4faf39b8e0cd4b7f8a7fa5fe4a037441 - - default default] Unable to schedule network c3506c0f-ddd5-4c2e-b5f3-68a3af1523a6: no agents available; will retry on subsequent port and subnet creation events.
2026-07-15 06:04:53.526 9 WARNING neutron.scheduler.dhcp_agent_scheduler [None req-ddaa14d3-beef-45b0-9aa8-0fc3fb9a1457 b12c0261aabc4148a8d14edbab9a42f1 4faf39b8e0cd4b7f8a7fa5fe4a037441 - - default default] No more DHCP agents
2026-07-15 06:04:53.529 9 WARNING neutron.api.rpc.agentnotifiers.dhcp_rpc_agent_api [None req-ddaa14d3-beef-45b0-9aa8-0fc3fb9a1457 b12c0261aabc4148a8d14edbab9a42f1 4faf39b8e0cd4b7f8a7fa5fe4a037441 - - default default] Unable to schedule network 68afcfbe-4f27-4499-9759-e27f8ec6c526: no agents available; will retry on subsequent port and subnet creation events.
2026-07-15 06:04:53.531 9 WARNING neutron.scheduler.dhcp_agent_scheduler [None req-41bbae04-ca8c-4614-988f-ee04a8cfebcf b12c0261aabc4148a8d14edbab9a42f1 4faf39b8e0cd4b7f8a7fa5fe4a037441 - - default default] No more DHCP agents
2026-07-15 06:04:53.539 10 INFO neutron.db.ovn_revision_numbers_db [None req-192a565d-6274-49e2-8789-60f9d021a59b b12c0261aabc4148a8d14edbab9a42f1 4faf39b8e0cd4b7f8a7fa5fe4a037441 - - default default] Successfully bumped revision number for resource e890960e-17a9-486f-a7f6-bd1f914cc7df (type: ports) to 1
2026-07-15 06:04:53.539 9 WARNING neutron.api.rpc.agentnotifiers.dhcp_rpc_agent_api [None req-41bbae04-ca8c-4614-988f-ee04a8cfebcf b12c0261aabc4148a8d14edbab9a42f1 4faf39b8e0cd4b7f8a7fa5fe4a037441 - - default default] Unable to schedule network dcd278e9-286e-4f1b-b0e5-f021718709b3: no agents available; will retry on subsequent port and subnet creation events.
2026-07-15 06:04:53.563 10 INFO neutron.wsgi [None req-192a565d-6274-49e2-8789-60f9d021a59b b12c0261aabc4148a8d14edbab9a42f1 4faf39b8e0cd4b7f8a7fa5fe4a037441 - - default default] 10.0.0.193 "POST /v2.0/networks HTTP/1.1" status: 201 len: 946 time: 0.6514585
2026-07-15 06:04:53.668 9 INFO neutron.db.ovn_revision_numbers_db [None req-41bbae04-ca8c-4614-988f-ee04a8cfebcf b12c0261aabc4148a8d14edbab9a42f1 4faf39b8e0cd4b7f8a7fa5fe4a037441 - - default default] Successfully bumped revision number for resource 5e484774-e892-4c27-b444-8b0f596beb51 (type: ports) to 1
2026-07-15 06:04:53.672 9 INFO neutron.db.ovn_revision_numbers_db [None req-ddaa14d3-beef-45b0-9aa8-0fc3fb9a1457 b12c0261aabc4148a8d14edbab9a42f1 4faf39b8e0cd4b7f8a7fa5fe4a037441 - - default default] Successfully bumped revision number for resource 5b3c2125-5ff6-4b80-b019-c107cb0d9076 (type: ports) to 1
2026-07-15 06:04:53.689 9 INFO neutron.wsgi [None req-41bbae04-ca8c-4614-988f-ee04a8cfebcf b12c0261aabc4148a8d14edbab9a42f1 4faf39b8e0cd4b7f8a7fa5fe4a037441 - - default default] 10.0.0.193 "POST /v2.0/networks HTTP/1.1" status: 201 len: 944 time: 0.9425991
2026-07-15 06:04:53.695 9 INFO neutron.wsgi [None req-ddaa14d3-beef-45b0-9aa8-0fc3fb9a1457 b12c0261aabc4148a8d14edbab9a42f1 4faf39b8e0cd4b7f8a7fa5fe4a037441 - - default default] 10.0.0.193 "POST /v2.0/networks HTTP/1.1" status: 201 len: 950 time: 1.0190279
2026-07-15 06:04:53.719 10 WARNING neutron.scheduler.dhcp_agent_scheduler [None req-7fdbb2a6-fc95-4ecb-b367-b50c92cb24f2 b12c0261aabc4148a8d14edbab9a42f1 4faf39b8e0cd4b7f8a7fa5fe4a037441 - - default default] No more DHCP agents
2026-07-15 06:04:53.723 10 WARNING neutron.api.rpc.agentnotifiers.dhcp_rpc_agent_api [None req-7fdbb2a6-fc95-4ecb-b367-b50c92cb24f2 b12c0261aabc4148a8d14edbab9a42f1 4faf39b8e0cd4b7f8a7fa5fe4a037441 - - default default] Unable to schedule network c3506c0f-ddd5-4c2e-b5f3-68a3af1523a6: no agents available; will retry on subsequent port and subnet creation events.
2026-07-15 06:04:53.900 10 WARNING neutron.scheduler.dhcp_agent_scheduler [None req-62c7525d-09c0-4e3f-a53d-878bf56e4aed b12c0261aabc4148a8d14edbab9a42f1 4faf39b8e0cd4b7f8a7fa5fe4a037441 - - default default] No more DHCP agents
2026-07-15 06:04:53.904 10 WARNING neutron.api.rpc.agentnotifiers.dhcp_rpc_agent_api [None req-62c7525d-09c0-4e3f-a53d-878bf56e4aed b12c0261aabc4148a8d14edbab9a42f1 4faf39b8e0cd4b7f8a7fa5fe4a037441 - - default default] Unable to schedule network dcd278e9-286e-4f1b-b0e5-f021718709b3: no agents available; will retry on subsequent port and subnet creation events.
2026-07-15 06:04:53.912 9 WARNING neutron.scheduler.dhcp_agent_scheduler [None req-967bd201-6ee3-4704-baf5-60162e231aad b12c0261aabc4148a8d14edbab9a42f1 4faf39b8e0cd4b7f8a7fa5fe4a037441 - - default default] No more DHCP agents
2026-07-15 06:04:53.920 9 WARNING neutron.api.rpc.agentnotifiers.dhcp_rpc_agent_api [None req-967bd201-6ee3-4704-baf5-60162e231aad b12c0261aabc4148a8d14edbab9a42f1 4faf39b8e0cd4b7f8a7fa5fe4a037441 - - default default] Unable to schedule network 68afcfbe-4f27-4499-9759-e27f8ec6c526: no agents available; will retry on subsequent port and subnet creation events.
2026-07-15 06:04:54.085 10 INFO neutron.db.ovn_revision_numbers_db [None req-b72ffb46-4be0-4046-9369-67c0b0f913ac b12c0261aabc4148a8d14edbab9a42f1 4faf39b8e0cd4b7f8a7fa5fe4a037441 - - default default] Successfully bumped revision number for resource f36e66c9-febd-4472-b3d3-b1efa94b88d2 (type: security_groups) to 1
2026-07-15 06:04:54.111 10 INFO neutron.db.ovn_revision_numbers_db [None req-b72ffb46-4be0-4046-9369-67c0b0f913ac b12c0261aabc4148a8d14edbab9a42f1 4faf39b8e0cd4b7f8a7fa5fe4a037441 - - default default] Successfully bumped revision number for resource 22e1d65c-b1e9-4dd2-b765-50a1f3026e7d (type: security_group_rules) to 0
2026-07-15 06:04:54.149 10 INFO neutron.db.ovn_revision_numbers_db [None req-b72ffb46-4be0-4046-9369-67c0b0f913ac b12c0261aabc4148a8d14edbab9a42f1 4faf39b8e0cd4b7f8a7fa5fe4a037441 - - default default] Successfully bumped revision number for resource c82ccf74-b2cc-438d-b4c4-3ef5ef799131 (type: security_group_rules) to 0
2026-07-15 06:04:54.186 10 INFO neutron.db.ovn_revision_numbers_db [None req-b72ffb46-4be0-4046-9369-67c0b0f913ac b12c0261aabc4148a8d14edbab9a42f1 4faf39b8e0cd4b7f8a7fa5fe4a037441 - - default default] Successfully bumped revision number for resource cfbbb80a-fe29-4843-8e6d-822dbeada803 (type: security_group_rules) to 0
2026-07-15 06:04:54.216 10 INFO neutron.db.ovn_revision_numbers_db [None req-b72ffb46-4be0-4046-9369-67c0b0f913ac b12c0261aabc4148a8d14edbab9a42f1 4faf39b8e0cd4b7f8a7fa5fe4a037441 - - default default] Successfully bumped revision number for resource ef9a6fcb-9ef4-444a-8018-b25f6d34a154 (type: security_group_rules) to 0
2026-07-15 06:04:54.340 10 INFO neutron.wsgi [None req-b72ffb46-4be0-4046-9369-67c0b0f913ac b12c0261aabc4148a8d14edbab9a42f1 4faf39b8e0cd4b7f8a7fa5fe4a037441 - - default default] 10.0.0.193 "GET /v2.0/security-groups?tenant_id=bdc837dd5f7048bead80f7c9f8ba816d&name=default HTTP/1.1" status: 200 len: 2992 time: 0.5763705
2026-07-15 06:04:54.511 9 INFO neutron.db.ovn_revision_numbers_db [None req-967bd201-6ee3-4704-baf5-60162e231aad b12c0261aabc4148a8d14edbab9a42f1 4faf39b8e0cd4b7f8a7fa5fe4a037441 - - default default] Successfully bumped revision number for resource 5b3c2125-5ff6-4b80-b019-c107cb0d9076 (type: ports) to 2
2026-07-15 06:04:54.536 10 INFO neutron.db.ovn_revision_numbers_db [None req-7fdbb2a6-fc95-4ecb-b367-b50c92cb24f2 b12c0261aabc4148a8d14edbab9a42f1 4faf39b8e0cd4b7f8a7fa5fe4a037441 - - default default] Successfully bumped revision number for resource e890960e-17a9-486f-a7f6-bd1f914cc7df (type: ports) to 2
2026-07-15 06:04:54.552 9 INFO neutron.db.ovn_revision_numbers_db [None req-967bd201-6ee3-4704-baf5-60162e231aad b12c0261aabc4148a8d14edbab9a42f1 4faf39b8e0cd4b7f8a7fa5fe4a037441 - - default default] Successfully bumped revision number for resource f3f40d16-b84e-4d32-b30a-4742ad852324 (type: subnets) to 0
2026-07-15 06:04:54.562 9 INFO neutron.wsgi [None req-967bd201-6ee3-4704-baf5-60162e231aad b12c0261aabc4148a8d14edbab9a42f1 4faf39b8e0cd4b7f8a7fa5fe4a037441 - - default default] 10.0.0.193 "POST /v2.0/subnets HTTP/1.1" status: 201 len: 871 time: 0.8607848
2026-07-15 06:04:54.577 10 INFO neutron.db.ovn_revision_numbers_db [None req-7fdbb2a6-fc95-4ecb-b367-b50c92cb24f2 b12c0261aabc4148a8d14edbab9a42f1 4faf39b8e0cd4b7f8a7fa5fe4a037441 - - default default] Successfully bumped revision number for resource 9e99e8d5-6d7e-4f3d-9c06-4f6c3e3a4a1a (type: subnets) to 0
2026-07-15 06:04:54.592 10 INFO neutron.wsgi [None req-7fdbb2a6-fc95-4ecb-b367-b50c92cb24f2 b12c0261aabc4148a8d14edbab9a42f1 4faf39b8e0cd4b7f8a7fa5fe4a037441 - - default default] 10.0.0.193 "POST /v2.0/subnets HTTP/1.1" status: 201 len: 866 time: 1.0242159
2026-07-15 06:04:54.645 10 INFO neutron.db.ovn_revision_numbers_db [None req-62c7525d-09c0-4e3f-a53d-878bf56e4aed b12c0261aabc4148a8d14edbab9a42f1 4faf39b8e0cd4b7f8a7fa5fe4a037441 - - default default] Successfully bumped revision number for resource 5e484774-e892-4c27-b444-8b0f596beb51 (type: ports) to 2
2026-07-15 06:04:54.652 9 INFO neutron.wsgi [None req-35b431b3-bd8d-4bfe-b7ed-5c1ebf663ff7 b12c0261aabc4148a8d14edbab9a42f1 4faf39b8e0cd4b7f8a7fa5fe4a037441 - - default default] 10.0.0.193 "DELETE /v2.0/security-groups/f36e66c9-febd-4472-b3d3-b1efa94b88d2 HTTP/1.1" status: 204 len: 168 time: 0.3050396
2026-07-15 06:04:54.680 10 INFO neutron.db.ovn_revision_numbers_db [None req-62c7525d-09c0-4e3f-a53d-878bf56e4aed b12c0261aabc4148a8d14edbab9a42f1 4faf39b8e0cd4b7f8a7fa5fe4a037441 - - default default] Successfully bumped revision number for resource 84168f17-84f7-4849-86b5-9359da1fc752 (type: subnets) to 0
2026-07-15 06:04:54.695 10 INFO neutron.wsgi [None req-62c7525d-09c0-4e3f-a53d-878bf56e4aed b12c0261aabc4148a8d14edbab9a42f1 4faf39b8e0cd4b7f8a7fa5fe4a037441 - - default default] 10.0.0.193 "POST /v2.0/subnets HTTP/1.1" status: 201 len: 865 time: 0.9999013
2026-07-15 06:04:55.186 9 WARNING neutron.scheduler.dhcp_agent_scheduler [None req-2a7cb203-db3b-4884-9040-7a90dce09f83 b12c0261aabc4148a8d14edbab9a42f1 4faf39b8e0cd4b7f8a7fa5fe4a037441 - - default default] No more DHCP agents
2026-07-15 06:04:55.189 9 WARNING neutron.api.rpc.agentnotifiers.dhcp_rpc_agent_api [None req-2a7cb203-db3b-4884-9040-7a90dce09f83 b12c0261aabc4148a8d14edbab9a42f1 4faf39b8e0cd4b7f8a7fa5fe4a037441 - - default default] Unable to schedule network bb37d091-3fbb-434e-9180-8c3496af7ade: no agents available; will retry on subsequent port and subnet creation events.
2026-07-15 06:04:55.219 10 WARNING neutron.scheduler.dhcp_agent_scheduler [None req-ac4e01f0-e133-4008-bdf9-637c640fedd5 b12c0261aabc4148a8d14edbab9a42f1 4faf39b8e0cd4b7f8a7fa5fe4a037441 - - default default] No more DHCP agents
2026-07-15 06:04:55.222 10 WARNING neutron.api.rpc.agentnotifiers.dhcp_rpc_agent_api [None req-ac4e01f0-e133-4008-bdf9-637c640fedd5 b12c0261aabc4148a8d14edbab9a42f1 4faf39b8e0cd4b7f8a7fa5fe4a037441 - - default default] Unable to schedule network bb37d091-3fbb-434e-9180-8c3496af7ade: no agents available; will retry on subsequent port and subnet creation events.
2026-07-15 06:04:55.384 9 INFO neutron.db.ovn_revision_numbers_db [None req-2a7cb203-db3b-4884-9040-7a90dce09f83 b12c0261aabc4148a8d14edbab9a42f1 4faf39b8e0cd4b7f8a7fa5fe4a037441 - - default default] Successfully bumped revision number for resource 524d7355-6714-475e-86de-ac2e596ef908 (type: ports) to 1
2026-07-15 06:04:55.410 10 INFO neutron.db.ovn_revision_numbers_db [None req-ac4e01f0-e133-4008-bdf9-637c640fedd5 b12c0261aabc4148a8d14edbab9a42f1 4faf39b8e0cd4b7f8a7fa5fe4a037441 - - default default] Successfully bumped revision number for resource 2d9c8ff7-1dae-4748-9f7e-f9ddc2d57b9a (type: ports) to 1
2026-07-15 06:04:55.699 9 INFO neutron.plugins.ml2.drivers.ovn.mech_driver.ovsdb.extensions.qos [None req-2a7cb203-db3b-4884-9040-7a90dce09f83 b12c0261aabc4148a8d14edbab9a42f1 4faf39b8e0cd4b7f8a7fa5fe4a037441 - - default default] Starting OVNClientQosExtension
2026-07-15 06:04:55.719 10 INFO neutron.plugins.ml2.drivers.ovn.mech_driver.ovsdb.extensions.qos [None req-ac4e01f0-e133-4008-bdf9-637c640fedd5 b12c0261aabc4148a8d14edbab9a42f1 4faf39b8e0cd4b7f8a7fa5fe4a037441 - - default default] Starting OVNClientQosExtension
2026-07-15 06:04:55.918 9 WARNING neutron.scheduler.dhcp_agent_scheduler [None req-a1098084-0222-4a2c-a926-d0efc838849d b12c0261aabc4148a8d14edbab9a42f1 4faf39b8e0cd4b7f8a7fa5fe4a037441 - - default default] No more DHCP agents
2026-07-15 06:04:55.920 9 WARNING neutron.api.rpc.agentnotifiers.dhcp_rpc_agent_api [None req-a1098084-0222-4a2c-a926-d0efc838849d b12c0261aabc4148a8d14edbab9a42f1 4faf39b8e0cd4b7f8a7fa5fe4a037441 - - default default] Unable to schedule network bb37d091-3fbb-434e-9180-8c3496af7ade: no agents available; will retry on subsequent port and subnet creation events.
2026-07-15 06:04:56.039 9 INFO neutron.plugins.ml2.drivers.ovn.mech_driver.mech_driver [-] OVN reports status up for port: 2d9c8ff7-1dae-4748-9f7e-f9ddc2d57b9a
2026-07-15 06:04:56.040 9 INFO neutron.plugins.ml2.drivers.ovn.mech_driver.ovsdb.ovsdb_monitor [-] Router 9bb04a6a-21de-4d58-8015-fabc86e5fba4 is bound to host instance
2026-07-15 06:04:56.059 10 INFO neutron.db.ovn_revision_numbers_db [None req-ac4e01f0-e133-4008-bdf9-637c640fedd5 b12c0261aabc4148a8d14edbab9a42f1 4faf39b8e0cd4b7f8a7fa5fe4a037441 - - default default] Successfully bumped revision number for resource 2d9c8ff7-1dae-4748-9f7e-f9ddc2d57b9a (type: router_ports) to 1
2026-07-15 06:04:56.142 10 INFO neutron.db.ovn_revision_numbers_db [None req-ac4e01f0-e133-4008-bdf9-637c640fedd5 b12c0261aabc4148a8d14edbab9a42f1 4faf39b8e0cd4b7f8a7fa5fe4a037441 - - default default] Successfully bumped revision number for resource 9bb04a6a-21de-4d58-8015-fabc86e5fba4 (type: routers) to 2
2026-07-15 06:04:56.156 10 INFO neutron.wsgi [None req-ac4e01f0-e133-4008-bdf9-637c640fedd5 b12c0261aabc4148a8d14edbab9a42f1 4faf39b8e0cd4b7f8a7fa5fe4a037441 - - default default] 10.0.0.193 "POST /v2.0/routers HTTP/1.1" status: 201 len: 876 time: 1.4559281
2026-07-15 06:04:56.161 9 INFO neutron.plugins.ml2.plugin [None req-2052610e-e2e3-4021-9f7b-abd298d398dc - - - - - -] Attempt 1 to provision port 2d9c8ff7-1dae-4748-9f7e-f9ddc2d57b9a
2026-07-15 06:04:56.217 10 INFO neutron.plugins.ml2.drivers.ovn.mech_driver.mech_driver [None req-075daebd-3661-410b-84e4-7c0e99986985 - - - - - -] OVN reports status up for port: 524d7355-6714-475e-86de-ac2e596ef908
2026-07-15 06:04:56.225 10 INFO neutron.plugins.ml2.drivers.ovn.mech_driver.ovsdb.ovsdb_monitor [-] Router 0ac33cb0-54c6-4542-8018-cc201c935be8 is bound to host instance
2026-07-15 06:04:56.274 10 INFO neutron.plugins.ml2.plugin [None req-075daebd-3661-410b-84e4-7c0e99986985 - - - - - -] Attempt 1 to provision port 524d7355-6714-475e-86de-ac2e596ef908
2026-07-15 06:04:56.288 9 INFO neutron.db.ovn_revision_numbers_db [None req-2a7cb203-db3b-4884-9040-7a90dce09f83 b12c0261aabc4148a8d14edbab9a42f1 4faf39b8e0cd4b7f8a7fa5fe4a037441 - - default default] Successfully bumped revision number for resource 524d7355-6714-475e-86de-ac2e596ef908 (type: router_ports) to 1
2026-07-15 06:04:56.346 9 INFO neutron.db.ovn_revision_numbers_db [None req-a1098084-0222-4a2c-a926-d0efc838849d b12c0261aabc4148a8d14edbab9a42f1 4faf39b8e0cd4b7f8a7fa5fe4a037441 - - default default] Successfully bumped revision number for resource 7fcfffc6-62b8-4edc-80d9-a3d510caadb4 (type: ports) to 1
2026-07-15 06:04:56.439 9 INFO neutron.db.ovn_revision_numbers_db [None req-2a7cb203-db3b-4884-9040-7a90dce09f83 b12c0261aabc4148a8d14edbab9a42f1 4faf39b8e0cd4b7f8a7fa5fe4a037441 - - default default] Successfully bumped revision number for resource 0ac33cb0-54c6-4542-8018-cc201c935be8 (type: routers) to 2
