2026-07-15 06:06:50.793 9 INFO neutron.db.ovn_revision_numbers_db [None req-697d24c4-6574-4a50-99fe-1c01fcb2629a b0fcadfbaf3f4d5f9e079b5d1bfa70d5 d985ff648c9449bb8f2c7247f0d42111 - - default default] Successfully bumped revision number for resource 77521fb1-11b5-4034-b9ea-d47b4672d4d7 (type: security_group_rules) to 0
2026-07-15 06:06:50.795 9 INFO neutron.db.ovn_revision_numbers_db [None req-59c28b5e-b920-4b1b-b1b1-543dd7405d83 b12c0261aabc4148a8d14edbab9a42f1 4faf39b8e0cd4b7f8a7fa5fe4a037441 - - default default] Successfully bumped revision number for resource 56e38fdb-ed47-46a2-bb8e-cc757b4ab129 (type: security_group_rules) to 0
2026-07-15 06:06:50.812 9 INFO neutron.db.ovn_revision_numbers_db [None req-697d24c4-6574-4a50-99fe-1c01fcb2629a b0fcadfbaf3f4d5f9e079b5d1bfa70d5 d985ff648c9449bb8f2c7247f0d42111 - - default default] Successfully bumped revision number for resource b6d24ff1-5152-424e-91e0-b6a07fb9d11b (type: security_group_rules) to 0
2026-07-15 06:06:50.817 9 INFO neutron.db.ovn_revision_numbers_db [None req-59c28b5e-b920-4b1b-b1b1-543dd7405d83 b12c0261aabc4148a8d14edbab9a42f1 4faf39b8e0cd4b7f8a7fa5fe4a037441 - - default default] Successfully bumped revision number for resource 6b4b1e97-5435-4370-a6df-c774da328348 (type: security_group_rules) to 0
2026-07-15 06:06:50.840 9 INFO neutron.db.ovn_revision_numbers_db [None req-59c28b5e-b920-4b1b-b1b1-543dd7405d83 b12c0261aabc4148a8d14edbab9a42f1 4faf39b8e0cd4b7f8a7fa5fe4a037441 - - default default] Successfully bumped revision number for resource b27b4496-b55f-4814-bb19-adb0a3a1bc5b (type: security_group_rules) to 0
2026-07-15 06:06:50.865 9 INFO neutron.db.ovn_revision_numbers_db [None req-59c28b5e-b920-4b1b-b1b1-543dd7405d83 b12c0261aabc4148a8d14edbab9a42f1 4faf39b8e0cd4b7f8a7fa5fe4a037441 - - default default] Successfully bumped revision number for resource ff19acb4-6824-492c-bea1-2bdc8f5550b3 (type: security_group_rules) to 0
2026-07-15 06:06:50.878 9 INFO neutron.db.segments_db [None req-697d24c4-6574-4a50-99fe-1c01fcb2629a b0fcadfbaf3f4d5f9e079b5d1bfa70d5 d985ff648c9449bb8f2c7247f0d42111 - - default default] Added segment 1efc0d82-75e6-490c-be0c-7c31f7142fa8 of type geneve for network 366525da-09dc-42a8-9852-08d07ca04efc
2026-07-15 06:06:50.892 9 INFO neutron.wsgi [None req-59c28b5e-b920-4b1b-b1b1-543dd7405d83 b12c0261aabc4148a8d14edbab9a42f1 4faf39b8e0cd4b7f8a7fa5fe4a037441 - - default default] 10.0.0.193 "GET /v2.0/security-groups?tenant_id=c134fc0444874c80a85c493bccc74b0d&name=default HTTP/1.1" status: 200 len: 2996 time: 0.4998951
2026-07-15 06:06:50.929 9 INFO neutron.db.ovn_revision_numbers_db [None req-b594c843-ffd6-43cd-a65b-8b10713386a3 b12c0261aabc4148a8d14edbab9a42f1 4faf39b8e0cd4b7f8a7fa5fe4a037441 - - default default] Successfully bumped revision number for resource 64582cdb-54f9-4325-8753-3d098ceb9f4e (type: security_groups) to 1
2026-07-15 06:06:50.953 9 INFO neutron.db.ovn_revision_numbers_db [None req-b594c843-ffd6-43cd-a65b-8b10713386a3 b12c0261aabc4148a8d14edbab9a42f1 4faf39b8e0cd4b7f8a7fa5fe4a037441 - - default default] Successfully bumped revision number for resource 002a76f5-d930-4e7f-8d0c-a050b04fedb6 (type: security_group_rules) to 0
2026-07-15 06:06:50.973 9 INFO neutron.db.ovn_revision_numbers_db [None req-b594c843-ffd6-43cd-a65b-8b10713386a3 b12c0261aabc4148a8d14edbab9a42f1 4faf39b8e0cd4b7f8a7fa5fe4a037441 - - default default] Successfully bumped revision number for resource 5069a44e-0a45-4494-ae6c-fe780198f5eb (type: security_group_rules) to 0
2026-07-15 06:06:51.008 9 INFO neutron.db.ovn_revision_numbers_db [None req-b594c843-ffd6-43cd-a65b-8b10713386a3 b12c0261aabc4148a8d14edbab9a42f1 4faf39b8e0cd4b7f8a7fa5fe4a037441 - - default default] Successfully bumped revision number for resource b6882c3c-3139-465b-b0a7-a6ba6d4f332f (type: security_group_rules) to 0
2026-07-15 06:06:51.035 9 INFO neutron.db.ovn_revision_numbers_db [None req-b594c843-ffd6-43cd-a65b-8b10713386a3 b12c0261aabc4148a8d14edbab9a42f1 4faf39b8e0cd4b7f8a7fa5fe4a037441 - - default default] Successfully bumped revision number for resource c1d1a79c-b1e7-46bd-a1a7-d506549d14f8 (type: security_group_rules) to 0
2026-07-15 06:06:51.045 9 INFO neutron.db.ovn_revision_numbers_db [None req-697d24c4-6574-4a50-99fe-1c01fcb2629a b0fcadfbaf3f4d5f9e079b5d1bfa70d5 d985ff648c9449bb8f2c7247f0d42111 - - default default] Successfully bumped revision number for resource 366525da-09dc-42a8-9852-08d07ca04efc (type: networks) to 1
2026-07-15 06:06:51.063 9 INFO neutron.wsgi [None req-b594c843-ffd6-43cd-a65b-8b10713386a3 b12c0261aabc4148a8d14edbab9a42f1 4faf39b8e0cd4b7f8a7fa5fe4a037441 - - default default] 10.0.0.193 "GET /v2.0/security-groups?tenant_id=d09ea3285008414abb92f22269c0f219&name=default HTTP/1.1" status: 200 len: 2996 time: 0.3182516
2026-07-15 06:06:51.089 9 INFO neutron.wsgi [-] 10.0.0.240 "GET / HTTP/1.1" status: 200 len: 246 time: 0.0016093
2026-07-15 06:06:51.096 9 INFO neutron.wsgi [-] 10.0.0.240 "GET / HTTP/1.1" status: 200 len: 246 time: 0.0010030
2026-07-15 06:06:51.105 10 INFO neutron.wsgi [None req-45bb0554-5a4f-4035-b149-6d7fee67e5d5 b12c0261aabc4148a8d14edbab9a42f1 4faf39b8e0cd4b7f8a7fa5fe4a037441 - - default default] 10.0.0.193 "DELETE /v2.0/security-groups/94e8c6ea-94e9-4ff5-9f29-6c56ec0394f1 HTTP/1.1" status: 204 len: 168 time: 0.2031281
2026-07-15 06:06:51.195 9 WARNING neutron.scheduler.dhcp_agent_scheduler [None req-697d24c4-6574-4a50-99fe-1c01fcb2629a b0fcadfbaf3f4d5f9e079b5d1bfa70d5 d985ff648c9449bb8f2c7247f0d42111 - - default default] No more DHCP agents
2026-07-15 06:06:51.198 9 WARNING neutron.api.rpc.agentnotifiers.dhcp_rpc_agent_api [None req-697d24c4-6574-4a50-99fe-1c01fcb2629a b0fcadfbaf3f4d5f9e079b5d1bfa70d5 d985ff648c9449bb8f2c7247f0d42111 - - default default] Unable to schedule network 366525da-09dc-42a8-9852-08d07ca04efc: no agents available; will retry on subsequent port and subnet creation events.
2026-07-15 06:06:51.261 10 INFO neutron.wsgi [None req-33ce3c9e-a9f1-4ec3-a59f-d4461a171284 b12c0261aabc4148a8d14edbab9a42f1 4faf39b8e0cd4b7f8a7fa5fe4a037441 - - default default] 10.0.0.193 "DELETE /v2.0/security-groups/64582cdb-54f9-4325-8753-3d098ceb9f4e HTTP/1.1" status: 204 len: 168 time: 0.1932430
2026-07-15 06:06:51.276 9 INFO neutron.db.ovn_revision_numbers_db [None req-697d24c4-6574-4a50-99fe-1c01fcb2629a b0fcadfbaf3f4d5f9e079b5d1bfa70d5 d985ff648c9449bb8f2c7247f0d42111 - - default default] Successfully bumped revision number for resource b002f13b-3110-4adf-8386-d6779deca728 (type: ports) to 1
2026-07-15 06:06:51.297 9 INFO neutron.wsgi [None req-697d24c4-6574-4a50-99fe-1c01fcb2629a b0fcadfbaf3f4d5f9e079b5d1bfa70d5 d985ff648c9449bb8f2c7247f0d42111 - - default default] 10.0.0.193 "POST /v2.0/networks HTTP/1.1" status: 201 len: 843 time: 0.7615192
2026-07-15 06:06:51.346 10 INFO neutron.db.ovn_revision_numbers_db [None req-620e8aa2-df5a-43cf-9b0e-8a493178d5b1 b12c0261aabc4148a8d14edbab9a42f1 4faf39b8e0cd4b7f8a7fa5fe4a037441 - - default default] Successfully bumped revision number for resource 29e7781c-c604-4f56-a3db-0dc0a77bb8e3 (type: security_groups) to 1
2026-07-15 06:06:51.359 10 INFO neutron.db.ovn_revision_numbers_db [None req-620e8aa2-df5a-43cf-9b0e-8a493178d5b1 b12c0261aabc4148a8d14edbab9a42f1 4faf39b8e0cd4b7f8a7fa5fe4a037441 - - default default] Successfully bumped revision number for resource 3acab48e-8526-45a1-9423-ac59701c216e (type: security_group_rules) to 0
2026-07-15 06:06:51.376 10 INFO neutron.db.ovn_revision_numbers_db [None req-620e8aa2-df5a-43cf-9b0e-8a493178d5b1 b12c0261aabc4148a8d14edbab9a42f1 4faf39b8e0cd4b7f8a7fa5fe4a037441 - - default default] Successfully bumped revision number for resource 45cf5e9f-99d8-4c1f-a6b7-ae6b5f08542e (type: security_group_rules) to 0
2026-07-15 06:06:51.391 10 INFO neutron.db.ovn_revision_numbers_db [None req-620e8aa2-df5a-43cf-9b0e-8a493178d5b1 b12c0261aabc4148a8d14edbab9a42f1 4faf39b8e0cd4b7f8a7fa5fe4a037441 - - default default] Successfully bumped revision number for resource b80499f8-d620-4c5f-a3a1-74445dd51cc1 (type: security_group_rules) to 0
2026-07-15 06:06:51.405 10 INFO neutron.db.ovn_revision_numbers_db [None req-620e8aa2-df5a-43cf-9b0e-8a493178d5b1 b12c0261aabc4148a8d14edbab9a42f1 4faf39b8e0cd4b7f8a7fa5fe4a037441 - - default default] Successfully bumped revision number for resource fcc952f2-f196-4ede-ab8a-0293f898cc20 (type: security_group_rules) to 0
2026-07-15 06:06:51.427 10 INFO neutron.wsgi [None req-620e8aa2-df5a-43cf-9b0e-8a493178d5b1 b12c0261aabc4148a8d14edbab9a42f1 4faf39b8e0cd4b7f8a7fa5fe4a037441 - - default default] 10.0.0.193 "GET /v2.0/security-groups?tenant_id=e014a593133741f0b0470ac916a00a2a&name=default HTTP/1.1" status: 200 len: 2996 time: 0.2313871
2026-07-15 06:06:51.527 9 WARNING neutron.scheduler.dhcp_agent_scheduler [None req-4899d609-5a02-46ca-840a-04df7a704472 b0fcadfbaf3f4d5f9e079b5d1bfa70d5 d985ff648c9449bb8f2c7247f0d42111 - - default default] No more DHCP agents
2026-07-15 06:06:51.530 9 WARNING neutron.api.rpc.agentnotifiers.dhcp_rpc_agent_api [None req-4899d609-5a02-46ca-840a-04df7a704472 b0fcadfbaf3f4d5f9e079b5d1bfa70d5 d985ff648c9449bb8f2c7247f0d42111 - - default default] Unable to schedule network 366525da-09dc-42a8-9852-08d07ca04efc: no agents available; will retry on subsequent port and subnet creation events.
2026-07-15 06:06:51.615 10 INFO neutron.wsgi [None req-9138957d-41cf-4c1b-a0ee-dc7d0e0ec648 b12c0261aabc4148a8d14edbab9a42f1 4faf39b8e0cd4b7f8a7fa5fe4a037441 - - default default] 10.0.0.193 "DELETE /v2.0/security-groups/29e7781c-c604-4f56-a3db-0dc0a77bb8e3 HTTP/1.1" status: 204 len: 168 time: 0.1828249
2026-07-15 06:06:51.622 9 INFO neutron.db.ovn_revision_numbers_db [None req-4899d609-5a02-46ca-840a-04df7a704472 b0fcadfbaf3f4d5f9e079b5d1bfa70d5 d985ff648c9449bb8f2c7247f0d42111 - - default default] Successfully bumped revision number for resource bbfb2e51-d4ed-4478-a921-ae18fa16c485 (type: ports) to 1
2026-07-15 06:06:51.641 9 INFO neutron.wsgi [None req-4899d609-5a02-46ca-840a-04df7a704472 b0fcadfbaf3f4d5f9e079b5d1bfa70d5 d985ff648c9449bb8f2c7247f0d42111 - - default default] 10.0.0.193 "POST /v2.0/ports HTTP/1.1" status: 201 len: 973 time: 0.3345833 /var/lib/openstack/lib/python3.10/site-packages/pycadf/identifier.py:71: UserWarning: Invalid uuid: neutron. To ensure interoperability, identifiers should be a valid uuid. warnings.warn(('Invalid uuid: %s. To ensure interoperability, '
2026-07-15 06:06:51.723 9 INFO neutron.db.segments_db [None req-38d2c61b-ed4a-4e2b-b024-093c52dfc20e b0fcadfbaf3f4d5f9e079b5d1bfa70d5 d985ff648c9449bb8f2c7247f0d42111 - - default default] Added segment 9eeccca5-06bd-4e95-b769-8bec13b5495b of type geneve for network b73c8952-291a-4d92-8181-9ecaac24a66b
2026-07-15 06:06:51.870 9 INFO neutron.db.ovn_revision_numbers_db [None req-38d2c61b-ed4a-4e2b-b024-093c52dfc20e b0fcadfbaf3f4d5f9e079b5d1bfa70d5 d985ff648c9449bb8f2c7247f0d42111 - - default default] Successfully bumped revision number for resource b73c8952-291a-4d92-8181-9ecaac24a66b (type: networks) to 1
2026-07-15 06:06:52.038 9 WARNING neutron.scheduler.dhcp_agent_scheduler [None req-38d2c61b-ed4a-4e2b-b024-093c52dfc20e b0fcadfbaf3f4d5f9e079b5d1bfa70d5 d985ff648c9449bb8f2c7247f0d42111 - - default default] No more DHCP agents
2026-07-15 06:06:52.040 9 WARNING neutron.api.rpc.agentnotifiers.dhcp_rpc_agent_api [None req-38d2c61b-ed4a-4e2b-b024-093c52dfc20e b0fcadfbaf3f4d5f9e079b5d1bfa70d5 d985ff648c9449bb8f2c7247f0d42111 - - default default] Unable to schedule network b73c8952-291a-4d92-8181-9ecaac24a66b: no agents available; will retry on subsequent port and subnet creation events.
2026-07-15 06:06:52.122 9 INFO neutron.db.ovn_revision_numbers_db [None req-38d2c61b-ed4a-4e2b-b024-093c52dfc20e b0fcadfbaf3f4d5f9e079b5d1bfa70d5 d985ff648c9449bb8f2c7247f0d42111 - - default default] Successfully bumped revision number for resource bf59b150-6cf9-45a5-8566-170961999699 (type: ports) to 1
2026-07-15 06:06:52.148 9 INFO neutron.wsgi [None req-38d2c61b-ed4a-4e2b-b024-093c52dfc20e b0fcadfbaf3f4d5f9e079b5d1bfa70d5 d985ff648c9449bb8f2c7247f0d42111 - - default default] 10.0.0.193 "POST /v2.0/networks HTTP/1.1" status: 201 len: 831 time: 0.5006993
2026-07-15 06:06:52.380 10 WARNING neutron.scheduler.dhcp_agent_scheduler [None req-ffd3de08-48d5-49bd-81f5-ec3923c0db3c b0fcadfbaf3f4d5f9e079b5d1bfa70d5 d985ff648c9449bb8f2c7247f0d42111 - - default default] No more DHCP agents
2026-07-15 06:06:52.384 10 WARNING neutron.api.rpc.agentnotifiers.dhcp_rpc_agent_api [None req-ffd3de08-48d5-49bd-81f5-ec3923c0db3c b0fcadfbaf3f4d5f9e079b5d1bfa70d5 d985ff648c9449bb8f2c7247f0d42111 - - default default] Unable to schedule network b73c8952-291a-4d92-8181-9ecaac24a66b: no agents available; will retry on subsequent port and subnet creation events.
2026-07-15 06:06:53.168 10 INFO neutron.db.ovn_revision_numbers_db [None req-ffd3de08-48d5-49bd-81f5-ec3923c0db3c b0fcadfbaf3f4d5f9e079b5d1bfa70d5 d985ff648c9449bb8f2c7247f0d42111 - - default default] Successfully bumped revision number for resource bf59b150-6cf9-45a5-8566-170961999699 (type: ports) to 2
2026-07-15 06:06:53.202 10 INFO neutron.db.ovn_revision_numbers_db [None req-ffd3de08-48d5-49bd-81f5-ec3923c0db3c b0fcadfbaf3f4d5f9e079b5d1bfa70d5 d985ff648c9449bb8f2c7247f0d42111 - - default default] Successfully bumped revision number for resource 7602916b-b07e-4472-b279-488c18307af6 (type: subnets) to 0
2026-07-15 06:06:53.223 10 INFO neutron.wsgi [None req-ffd3de08-48d5-49bd-81f5-ec3923c0db3c b0fcadfbaf3f4d5f9e079b5d1bfa70d5 d985ff648c9449bb8f2c7247f0d42111 - - default default] 10.0.0.193 "POST /v2.0/subnets HTTP/1.1" status: 201 len: 801 time: 1.0701113
2026-07-15 06:06:53.568 10 WARNING neutron.scheduler.dhcp_agent_scheduler [None req-5775ef51-274b-4341-93bf-c2b6ed32442d b0fcadfbaf3f4d5f9e079b5d1bfa70d5 d985ff648c9449bb8f2c7247f0d42111 - - default default] No more DHCP agents
2026-07-15 06:06:53.570 10 WARNING neutron.api.rpc.agentnotifiers.dhcp_rpc_agent_api [None req-5775ef51-274b-4341-93bf-c2b6ed32442d b0fcadfbaf3f4d5f9e079b5d1bfa70d5 d985ff648c9449bb8f2c7247f0d42111 - - default default] Unable to schedule network b73c8952-291a-4d92-8181-9ecaac24a66b: no agents available; will retry on subsequent port and subnet creation events.
2026-07-15 06:06:53.742 10 INFO neutron.db.ovn_revision_numbers_db [None req-5775ef51-274b-4341-93bf-c2b6ed32442d b0fcadfbaf3f4d5f9e079b5d1bfa70d5 d985ff648c9449bb8f2c7247f0d42111 - - default default] Successfully bumped revision number for resource a5d6893a-67d9-4adf-b12e-6d518307915d (type: ports) to 1
2026-07-15 06:06:53.763 10 INFO neutron.wsgi [None req-5775ef51-274b-4341-93bf-c2b6ed32442d b0fcadfbaf3f4d5f9e079b5d1bfa70d5 d985ff648c9449bb8f2c7247f0d42111 - - default default] 10.0.0.193 "POST /v2.0/ports HTTP/1.1" status: 201 len: 1153 time: 0.5312893 /var/lib/openstack/lib/python3.10/site-packages/pycadf/identifier.py:71: UserWarning: Invalid uuid: neutron. To ensure interoperability, identifiers should be a valid uuid. warnings.warn(('Invalid uuid: %s. To ensure interoperability, '
2026-07-15 06:06:53.865 9 INFO neutron.db.ovn_revision_numbers_db [None req-6dee1d9e-f14b-406c-ac43-4f68fcd2a87d b12c0261aabc4148a8d14edbab9a42f1 4faf39b8e0cd4b7f8a7fa5fe4a037441 - - default default] Successfully bumped revision number for resource a6f12c94-53ad-4bef-87d2-9538501748df (type: security_groups) to 1
2026-07-15 06:06:53.881 9 INFO neutron.db.ovn_revision_numbers_db [None req-6dee1d9e-f14b-406c-ac43-4f68fcd2a87d b12c0261aabc4148a8d14edbab9a42f1 4faf39b8e0cd4b7f8a7fa5fe4a037441 - - default default] Successfully bumped revision number for resource 1650f8b5-f047-47bf-8c27-157dbb62a85d (type: security_group_rules) to 0
2026-07-15 06:06:53.895 9 INFO neutron.db.ovn_revision_numbers_db [None req-6dee1d9e-f14b-406c-ac43-4f68fcd2a87d b12c0261aabc4148a8d14edbab9a42f1 4faf39b8e0cd4b7f8a7fa5fe4a037441 - - default default] Successfully bumped revision number for resource 2c050460-1501-4c09-b90e-c1bfd3bd03d0 (type: security_group_rules) to 0
2026-07-15 06:06:53.915 9 INFO neutron.db.ovn_revision_numbers_db [None req-6dee1d9e-f14b-406c-ac43-4f68fcd2a87d b12c0261aabc4148a8d14edbab9a42f1 4faf39b8e0cd4b7f8a7fa5fe4a037441 - - default default] Successfully bumped revision number for resource 600810a9-e792-4f63-8761-2b4b259b71c7 (type: security_group_rules) to 0
2026-07-15 06:06:53.930 9 INFO neutron.db.ovn_revision_numbers_db [None req-6dee1d9e-f14b-406c-ac43-4f68fcd2a87d b12c0261aabc4148a8d14edbab9a42f1 4faf39b8e0cd4b7f8a7fa5fe4a037441 - - default default] Successfully bumped revision number for resource c4600de8-ef2d-4521-b59d-3bf67fe1004c (type: security_group_rules) to 0
2026-07-15 06:06:53.957 9 INFO neutron.wsgi [None req-6dee1d9e-f14b-406c-ac43-4f68fcd2a87d b12c0261aabc4148a8d14edbab9a42f1 4faf39b8e0cd4b7f8a7fa5fe4a037441 - - default default] 10.0.0.193 "GET /v2.0/security-groups?tenant_id=8bb1e9dc5abd4851b8c09d3f372ec30c&name=default HTTP/1.1" status: 200 len: 2996 time: 0.3049827
2026-07-15 06:06:54.136 10 INFO neutron.wsgi [None req-73d46c9d-d0b6-4b1c-82b4-020b950bf723 b0fcadfbaf3f4d5f9e079b5d1bfa70d5 d985ff648c9449bb8f2c7247f0d42111 - - default default] 10.0.0.193 "DELETE /v2.0/ports/a5d6893a-67d9-4adf-b12e-6d518307915d HTTP/1.1" status: 204 len: 168 time: 0.3684788
2026-07-15 06:06:54.158 10 INFO neutron.pecan_wsgi.hooks.translation [None req-995126ae-e29c-4630-9041-b4e1baea75e1 b0fcadfbaf3f4d5f9e079b5d1bfa70d5 d985ff648c9449bb8f2c7247f0d42111 - - default default] DELETE failed (client error): The resource could not be found.
2026-07-15 06:06:54.160 10 INFO neutron.wsgi [None req-995126ae-e29c-4630-9041-b4e1baea75e1 b0fcadfbaf3f4d5f9e079b5d1bfa70d5 d985ff648c9449bb8f2c7247f0d42111 - - default default] 10.0.0.193 "DELETE /v2.0/ports/a5d6893a-67d9-4adf-b12e-6d518307915d HTTP/1.1" status: 404 len: 333 time: 0.0195878
2026-07-15 06:06:54.176 9 INFO neutron.wsgi [None req-a4df56e3-bec4-40b4-a2e3-f5488d5a0cc7 b12c0261aabc4148a8d14edbab9a42f1 4faf39b8e0cd4b7f8a7fa5fe4a037441 - - default default] 10.0.0.193 "DELETE /v2.0/security-groups/a6f12c94-53ad-4bef-87d2-9538501748df HTTP/1.1" status: 204 len: 168 time: 0.2136760
2026-07-15 06:06:54.183 10 INFO neutron.pecan_wsgi.hooks.translation [None req-66c37048-5d81-456d-86ed-86c30da9d476 b0fcadfbaf3f4d5f9e079b5d1bfa70d5 d985ff648c9449bb8f2c7247f0d42111 - - default default] GET failed (client error): The resource could not be found.
2026-07-15 06:06:54.185 10 INFO neutron.wsgi [None req-66c37048-5d81-456d-86ed-86c30da9d476 b0fcadfbaf3f4d5f9e079b5d1bfa70d5 d985ff648c9449bb8f2c7247f0d42111 - - default default] 10.0.0.193 "GET /v2.0/ports/a5d6893a-67d9-4adf-b12e-6d518307915d HTTP/1.1" status: 404 len: 333 time: 0.0189481
2026-07-15 06:06:54.461 10 INFO neutron.wsgi [None req-8194827c-f0c3-4e37-8029-ec7a7c0982e4 b0fcadfbaf3f4d5f9e079b5d1bfa70d5 d985ff648c9449bb8f2c7247f0d42111 - - default default] 10.0.0.193 "DELETE /v2.0/subnets/7602916b-b07e-4472-b279-488c18307af6 HTTP/1.1" status: 204 len: 168 time: 0.2694337
2026-07-15 06:06:54.791 10 INFO neutron.services.segments.plugin [-] Segment 9eeccca5-06bd-4e95-b769-8bec13b5495b resource provider aggregate not found
2026-07-15 06:06:54.805 10 INFO neutron.services.segments.plugin [-] Segment 9eeccca5-06bd-4e95-b769-8bec13b5495b resource provider not found; error: Placement Client Error (4xx): {"errors": [{"status": 404, "title": "Not Found", "detail": "The resource could not be found.\n\n No resource provider with uuid 9eeccca5-06bd-4e95-b769-8bec13b5495b found for delete ", "request_id": "req-4a4823e3-d10f-4546-b269-ea41622dcce9"}]}
2026-07-15 06:06:54.805 10 INFO neutron.services.segments.plugin [-] Segment 9eeccca5-06bd-4e95-b769-8bec13b5495b resource provider aggregate not found
2026-07-15 06:06:54.819 10 INFO neutron.services.segments.plugin [-] Segment 9eeccca5-06bd-4e95-b769-8bec13b5495b resource provider not found; error: Placement Client Error (4xx): {"errors": [{"status": 404, "title": "Not Found", "detail": "The resource could not be found.\n\n No resource provider with uuid 9eeccca5-06bd-4e95-b769-8bec13b5495b found for delete ", "request_id": "req-08edecc4-d072-4b15-912e-56ac138c6db5"}]}
2026-07-15 06:06:54.841 10 INFO neutron.wsgi [None req-613827d8-687c-4c70-bd15-f94ac073d7c1 b0fcadfbaf3f4d5f9e079b5d1bfa70d5 d985ff648c9449bb8f2c7247f0d42111 - - default default] 10.0.0.193 "DELETE /v2.0/networks/b73c8952-291a-4d92-8181-9ecaac24a66b HTTP/1.1" status: 204 len: 168 time: 0.3747034
2026-07-15 06:06:54.934 9 INFO neutron.db.segments_db [None req-ba591b55-5977-4379-b683-dca9fc23c2ca b0fcadfbaf3f4d5f9e079b5d1bfa70d5 d985ff648c9449bb8f2c7247f0d42111 - - default default] Added segment 7e6557c5-1beb-40c6-87db-20020fd6a5dc of type geneve for network 940be0ab-1edd-4d31-ade0-7fa2299b29e2
2026-07-15 06:06:55.100 9 INFO neutron.db.ovn_revision_numbers_db [None req-ba591b55-5977-4379-b683-dca9fc23c2ca b0fcadfbaf3f4d5f9e079b5d1bfa70d5 d985ff648c9449bb8f2c7247f0d42111 - - default default] Successfully bumped revision number for resource 940be0ab-1edd-4d31-ade0-7fa2299b29e2 (type: networks) to 1
2026-07-15 06:06:55.228 9 INFO neutron.db.ovn_revision_numbers_db [None req-3dc4dd4b-0871-46b9-b4bf-3bb4cb611b76 b12c0261aabc4148a8d14edbab9a42f1 4faf39b8e0cd4b7f8a7fa5fe4a037441 - - default default] Successfully bumped revision number for resource 5a790890-a0ee-4aa2-ab46-7d51ba9056bd (type: security_groups) to 1
2026-07-15 06:06:55.276 9 INFO neutron.db.ovn_revision_numbers_db [None req-3dc4dd4b-0871-46b9-b4bf-3bb4cb611b76 b12c0261aabc4148a8d14edbab9a42f1 4faf39b8e0cd4b7f8a7fa5fe4a037441 - - default default] Successfully bumped revision number for resource 4eb96b1c-9753-4134-bba0-663f42466f29 (type: security_group_rules) to 0
2026-07-15 06:06:55.299 9 INFO neutron.db.ovn_revision_numbers_db [None req-3dc4dd4b-0871-46b9-b4bf-3bb4cb611b76 b12c0261aabc4148a8d14edbab9a42f1 4faf39b8e0cd4b7f8a7fa5fe4a037441 - - default default] Successfully bumped revision number for resource 57d21e2e-71c4-4aeb-86f8-29d86c070177 (type: security_group_rules) to 0
2026-07-15 06:06:55.316 9 INFO neutron.db.ovn_revision_numbers_db [None req-3dc4dd4b-0871-46b9-b4bf-3bb4cb611b76 b12c0261aabc4148a8d14edbab9a42f1 4faf39b8e0cd4b7f8a7fa5fe4a037441 - - default default] Successfully bumped revision number for resource ce1ba724-cc65-4915-b3e4-5b3a4ec114dd (type: security_group_rules) to 0
2026-07-15 06:06:55.340 9 INFO neutron.db.ovn_revision_numbers_db [None req-3dc4dd4b-0871-46b9-b4bf-3bb4cb611b76 b12c0261aabc4148a8d14edbab9a42f1 4faf39b8e0cd4b7f8a7fa5fe4a037441 - - default default] Successfully bumped revision number for resource ffc9dac6-7743-48ad-8b6f-ada0f0633bb0 (type: security_group_rules) to 0
2026-07-15 06:06:55.348 9 WARNING neutron.scheduler.dhcp_agent_scheduler [None req-ba591b55-5977-4379-b683-dca9fc23c2ca b0fcadfbaf3f4d5f9e079b5d1bfa70d5 d985ff648c9449bb8f2c7247f0d42111 - - default default] No more DHCP agents
2026-07-15 06:06:55.364 9 WARNING neutron.api.rpc.agentnotifiers.dhcp_rpc_agent_api [None req-ba591b55-5977-4379-b683-dca9fc23c2ca b0fcadfbaf3f4d5f9e079b5d1bfa70d5 d985ff648c9449bb8f2c7247f0d42111 - - default default] Unable to schedule network 940be0ab-1edd-4d31-ade0-7fa2299b29e2: no agents available; will retry on subsequent port and subnet creation events.
2026-07-15 06:06:55.382 9 INFO neutron.wsgi [None req-3dc4dd4b-0871-46b9-b4bf-3bb4cb611b76 b12c0261aabc4148a8d14edbab9a42f1 4faf39b8e0cd4b7f8a7fa5fe4a037441 - - default default] 10.0.0.193 "GET /v2.0/security-groups?tenant_id=ce52c8e1507743f79674a6bb16ad2318&name=default HTTP/1.1" status: 200 len: 2996 time: 0.4699130
2026-07-15 06:06:55.463 9 INFO neutron.db.ovn_revision_numbers_db [None req-ba591b55-5977-4379-b683-dca9fc23c2ca b0fcadfbaf3f4d5f9e079b5d1bfa70d5 d985ff648c9449bb8f2c7247f0d42111 - - default default] Successfully bumped revision number for resource 5c22fc14-80f6-41ea-8b14-63f76bf335d1 (type: ports) to 1
2026-07-15 06:06:55.489 9 INFO neutron.wsgi [None req-ba591b55-5977-4379-b683-dca9fc23c2ca b0fcadfbaf3f4d5f9e079b5d1bfa70d5 d985ff648c9449bb8f2c7247f0d42111 - - default default] 10.0.0.193 "POST /v2.0/networks HTTP/1.1" status: 201 len: 831 time: 0.6409309
2026-07-15 06:06:55.591 10 INFO neutron.wsgi [None req-d997645b-73d6-44ca-991f-69f8e064718f b12c0261aabc4148a8d14edbab9a42f1 4faf39b8e0cd4b7f8a7fa5fe4a037441 - - default default] 10.0.0.193 "DELETE /v2.0/security-groups/5a790890-a0ee-4aa2-ab46-7d51ba9056bd HTTP/1.1" status: 204 len: 168 time: 0.2031188
2026-07-15 06:06:55.748 9 WARNING neutron.scheduler.dhcp_agent_scheduler [None req-6405f150-563a-4a87-8ab6-74a9fd5452bd b0fcadfbaf3f4d5f9e079b5d1bfa70d5 d985ff648c9449bb8f2c7247f0d42111 - - default default] No more DHCP agents
2026-07-15 06:06:55.751 9 WARNING neutron.api.rpc.agentnotifiers.dhcp_rpc_agent_api [None req-6405f150-563a-4a87-8ab6-74a9fd5452bd b0fcadfbaf3f4d5f9e079b5d1bfa70d5 d985ff648c9449bb8f2c7247f0d42111 - - default default] Unable to schedule network 940be0ab-1edd-4d31-ade0-7fa2299b29e2: no agents available; will retry on subsequent port and subnet creation events.
2026-07-15 06:06:56.226 9 INFO neutron.db.ovn_revision_numbers_db [None req-6405f150-563a-4a87-8ab6-74a9fd5452bd b0fcadfbaf3f4d5f9e079b5d1bfa70d5 d985ff648c9449bb8f2c7247f0d42111 - - default default] Successfully bumped revision number for resource 5c22fc14-80f6-41ea-8b14-63f76bf335d1 (type: ports) to 2
2026-07-15 06:06:56.262 9 INFO neutron.db.ovn_revision_numbers_db [None req-6405f150-563a-4a87-8ab6-74a9fd5452bd b0fcadfbaf3f4d5f9e079b5d1bfa70d5 d985ff648c9449bb8f2c7247f0d42111 - - default default] Successfully bumped revision number for resource 08437bbb-8ee9-4769-a7fb-a2f34d052b0c (type: subnets) to 0
2026-07-15 06:06:56.288 9 INFO neutron.wsgi [None req-6405f150-563a-4a87-8ab6-74a9fd5452bd b0fcadfbaf3f4d5f9e079b5d1bfa70d5 d985ff648c9449bb8f2c7247f0d42111 - - default default] 10.0.0.193 "POST /v2.0/subnets HTTP/1.1" status: 201 len: 801 time: 0.7923086
2026-07-15 06:06:56.306 10 INFO neutron.db.ovn_revision_numbers_db [None req-c051acad-3b8d-4971-878c-541384e87ac7 e8d98166bce44a98a3f578017fdfe17b e0045947fe144a01a98f19fec835be5e - - default default] Successfully bumped revision number for resource 4692239a-3bb7-471c-acea-91427d7007ba (type: security_groups) to 1
2026-07-15 06:06:56.322 10 INFO neutron.db.ovn_revision_numbers_db [None req-c051acad-3b8d-4971-878c-541384e87ac7 e8d98166bce44a98a3f578017fdfe17b e0045947fe144a01a98f19fec835be5e - - default default] Successfully bumped revision number for resource 1c44c339-f2bf-4ad2-88cf-c5d3f98f6f8b (type: security_group_rules) to 0
2026-07-15 06:06:56.347 10 INFO neutron.db.ovn_revision_numbers_db [None req-c051acad-3b8d-4971-878c-541384e87ac7 e8d98166bce44a98a3f578017fdfe17b e0045947fe144a01a98f19fec835be5e - - default default] Successfully bumped revision number for resource 7d5bd8b8-54a4-4317-9425-f91ef2430193 (type: security_group_rules) to 0
2026-07-15 06:06:56.363 10 INFO neutron.db.ovn_revision_numbers_db [None req-c051acad-3b8d-4971-878c-541384e87ac7 e8d98166bce44a98a3f578017fdfe17b e0045947fe144a01a98f19fec835be5e - - default default] Successfully bumped revision number for resource 8830c83a-22a0-496d-8866-cec9e9271272 (type: security_group_rules) to 0
2026-07-15 06:06:56.375 10 INFO neutron.db.ovn_revision_numbers_db [None req-c051acad-3b8d-4971-878c-541384e87ac7 e8d98166bce44a98a3f578017fdfe17b e0045947fe144a01a98f19fec835be5e - - default default] Successfully bumped revision number for resource 9a4c2bc8-1dd7-461f-9e28-f0f07d919316 (type: security_group_rules) to 0
2026-07-15 06:06:56.429 10 INFO neutron.db.segments_db [None req-c051acad-3b8d-4971-878c-541384e87ac7 e8d98166bce44a98a3f578017fdfe17b e0045947fe144a01a98f19fec835be5e - - default default] Added segment e53b2524-ccf2-47b8-af44-9535edaa8634 of type geneve for network cf422df8-464d-47b6-9192-02f3ce1bb7fe
2026-07-15 06:06:56.566 10 INFO neutron.db.ovn_revision_numbers_db [None req-c051acad-3b8d-4971-878c-541384e87ac7 e8d98166bce44a98a3f578017fdfe17b e0045947fe144a01a98f19fec835be5e - - default default] Successfully bumped revision number for resource cf422df8-464d-47b6-9192-02f3ce1bb7fe (type: networks) to 1
2026-07-15 06:06:56.619 9 WARNING neutron.scheduler.dhcp_agent_scheduler [None req-7a1a3d45-ebb7-4e82-ae5a-92f1948b8e1c b0fcadfbaf3f4d5f9e079b5d1bfa70d5 d985ff648c9449bb8f2c7247f0d42111 - - default default] No more DHCP agents
2026-07-15 06:06:56.622 9 WARNING neutron.api.rpc.agentnotifiers.dhcp_rpc_agent_api [None req-7a1a3d45-ebb7-4e82-ae5a-92f1948b8e1c b0fcadfbaf3f4d5f9e079b5d1bfa70d5 d985ff648c9449bb8f2c7247f0d42111 - - default default] Unable to schedule network 940be0ab-1edd-4d31-ade0-7fa2299b29e2: no agents available; will retry on subsequent port and subnet creation events.
2026-07-15 06:06:56.744 10 WARNING neutron.scheduler.dhcp_agent_scheduler [None req-c051acad-3b8d-4971-878c-541384e87ac7 e8d98166bce44a98a3f578017fdfe17b e0045947fe144a01a98f19fec835be5e - - default default] No more DHCP agents
2026-07-15 06:06:56.750 10 WARNING neutron.api.rpc.agentnotifiers.dhcp_rpc_agent_api [None req-c051acad-3b8d-4971-878c-541384e87ac7 e8d98166bce44a98a3f578017fdfe17b e0045947fe144a01a98f19fec835be5e - - default default] Unable to schedule network cf422df8-464d-47b6-9192-02f3ce1bb7fe: no agents available; will retry on subsequent port and subnet creation events.
2026-07-15 06:06:56.784 9 INFO neutron.db.ovn_revision_numbers_db [None req-7a1a3d45-ebb7-4e82-ae5a-92f1948b8e1c b0fcadfbaf3f4d5f9e079b5d1bfa70d5 d985ff648c9449bb8f2c7247f0d42111 - - default default] Successfully bumped revision number for resource 6d465510-03e2-494d-9317-0d1f9663dd9b (type: ports) to 1
2026-07-15 06:06:56.813 9 INFO neutron.wsgi [None req-7a1a3d45-ebb7-4e82-ae5a-92f1948b8e1c b0fcadfbaf3f4d5f9e079b5d1bfa70d5 d985ff648c9449bb8f2c7247f0d42111 - - default default] 10.0.0.193 "POST /v2.0/ports HTTP/1.1" status: 201 len: 1111 time: 0.5155976
2026-07-15 06:06:56.849 10 INFO neutron.db.ovn_revision_numbers_db [None req-c051acad-3b8d-4971-878c-541384e87ac7 e8d98166bce44a98a3f578017fdfe17b e0045947fe144a01a98f19fec835be5e - - default default] Successfully bumped revision number for resource 47cb6bd7-1398-4c47-98c5-0c7025f7a388 (type: ports) to 1
2026-07-15 06:06:56.876 10 INFO neutron.wsgi [None req-c051acad-3b8d-4971-878c-541384e87ac7 e8d98166bce44a98a3f578017fdfe17b e0045947fe144a01a98f19fec835be5e - - default default] 10.0.0.193 "POST /v2.0/networks HTTP/1.1" status: 201 len: 829 time: 0.8975303
2026-07-15 06:06:56.999 10 INFO neutron.db.segments_db [None req-17b56f5a-2207-4c2f-b24b-2e6b5ceb17c2 e8d98166bce44a98a3f578017fdfe17b e0045947fe144a01a98f19fec835be5e - - default default] Added segment aeacab76-cc09-4c51-a70c-0b0fa32043d4 of type geneve for network 5ba8053a-fa68-429a-9305-15c060e8500f
2026-07-15 06:06:57.165 10 INFO neutron.db.ovn_revision_numbers_db [None req-17b56f5a-2207-4c2f-b24b-2e6b5ceb17c2 e8d98166bce44a98a3f578017fdfe17b e0045947fe144a01a98f19fec835be5e - - default default] Successfully bumped revision number for resource 5ba8053a-fa68-429a-9305-15c060e8500f (type: networks) to 1
2026-07-15 06:06:57.241 10 INFO neutron.wsgi [None req-2d92743c-3614-4650-92a1-4096f04bb42f b0fcadfbaf3f4d5f9e079b5d1bfa70d5 d985ff648c9449bb8f2c7247f0d42111 - - default default] 10.0.0.193 "DELETE /v2.0/ports/6d465510-03e2-494d-9317-0d1f9663dd9b HTTP/1.1" status: 204 len: 168 time: 0.4244397
2026-07-15 06:06:57.269 10 INFO neutron.pecan_wsgi.hooks.translation [None req-dbc981d1-1be2-4f91-a893-bb14bffa34eb b0fcadfbaf3f4d5f9e079b5d1bfa70d5 d985ff648c9449bb8f2c7247f0d42111 - - default default] GET failed (client error): The resource could not be found.
2026-07-15 06:06:57.270 10 INFO neutron.wsgi [None req-dbc981d1-1be2-4f91-a893-bb14bffa34eb b0fcadfbaf3f4d5f9e079b5d1bfa70d5 d985ff648c9449bb8f2c7247f0d42111 - - default default] 10.0.0.193 "GET /v2.0/ports/6d465510-03e2-494d-9317-0d1f9663dd9b HTTP/1.1" status: 404 len: 333 time: 0.0220203
2026-07-15 06:06:57.372 10 WARNING neutron.scheduler.dhcp_agent_scheduler [None req-17b56f5a-2207-4c2f-b24b-2e6b5ceb17c2 e8d98166bce44a98a3f578017fdfe17b e0045947fe144a01a98f19fec835be5e - - default default] No more DHCP agents
2026-07-15 06:06:57.374 10 WARNING neutron.api.rpc.agentnotifiers.dhcp_rpc_agent_api [None req-17b56f5a-2207-4c2f-b24b-2e6b5ceb17c2 e8d98166bce44a98a3f578017fdfe17b e0045947fe144a01a98f19fec835be5e - - default default] Unable to schedule network 5ba8053a-fa68-429a-9305-15c060e8500f: no agents available; will retry on subsequent port and subnet creation events.
2026-07-15 06:06:57.462 10 INFO neutron.db.ovn_revision_numbers_db [None req-17b56f5a-2207-4c2f-b24b-2e6b5ceb17c2 e8d98166bce44a98a3f578017fdfe17b e0045947fe144a01a98f19fec835be5e - - default default] Successfully bumped revision number for resource 0250175c-59c1-408c-bbc7-7f2887117aef (type: ports) to 1
2026-07-15 06:06:57.481 10 INFO neutron.wsgi [None req-17b56f5a-2207-4c2f-b24b-2e6b5ceb17c2 e8d98166bce44a98a3f578017fdfe17b e0045947fe144a01a98f19fec835be5e - - default default] 10.0.0.193 "POST /v2.0/networks HTTP/1.1" status: 201 len: 828 time: 0.5992486
2026-07-15 06:06:57.498 9 INFO neutron.wsgi [None req-c616c475-97fe-4fe1-b364-a514cd1ee4b2 b0fcadfbaf3f4d5f9e079b5d1bfa70d5 d985ff648c9449bb8f2c7247f0d42111 - - default default] 10.0.0.193 "DELETE /v2.0/subnets/08437bbb-8ee9-4769-a7fb-a2f34d052b0c HTTP/1.1" status: 204 len: 168 time: 0.2162285
2026-07-15 06:06:57.783 10 WARNING neutron.scheduler.dhcp_agent_scheduler [None req-34892bcc-0076-4e04-a9eb-83e00153817d e8d98166bce44a98a3f578017fdfe17b e0045947fe144a01a98f19fec835be5e - - default default] No more DHCP agents
2026-07-15 06:06:57.786 10 WARNING neutron.api.rpc.agentnotifiers.dhcp_rpc_agent_api [None req-34892bcc-0076-4e04-a9eb-83e00153817d e8d98166bce44a98a3f578017fdfe17b e0045947fe144a01a98f19fec835be5e - - default default] Unable to schedule network cf422df8-464d-47b6-9192-02f3ce1bb7fe: no agents available; will retry on subsequent port and subnet creation events.
2026-07-15 06:06:57.960 10 INFO neutron.services.segments.plugin [-] Segment 7e6557c5-1beb-40c6-87db-20020fd6a5dc resource provider aggregate not found
2026-07-15 06:06:57.964 10 INFO neutron.services.segments.plugin [-] Segment 7e6557c5-1beb-40c6-87db-20020fd6a5dc resource provider aggregate not found
2026-07-15 06:06:57.981 10 INFO neutron.services.segments.plugin [-] Segment 7e6557c5-1beb-40c6-87db-20020fd6a5dc resource provider not found; error: Placement Client Error (4xx): {"errors": [{"status": 404, "title": "Not Found", "detail": "The resource could not be found.\n\n No resource provider with uuid 7e6557c5-1beb-40c6-87db-20020fd6a5dc found for delete ", "request_id": "req-39cfb137-0965-4f47-87ee-95383c0b7951"}]}
2026-07-15 06:06:57.984 10 INFO neutron.services.segments.plugin [-] Segment 7e6557c5-1beb-40c6-87db-20020fd6a5dc resource provider not found; error: Placement Client Error (4xx): {"errors": [{"status": 404, "title": "Not Found", "detail": "The resource could not be found.\n\n No resource provider with uuid 7e6557c5-1beb-40c6-87db-20020fd6a5dc found for delete ", "request_id": "req-2afdcdd7-6e20-4710-b025-148a13c141b4"}]}
2026-07-15 06:06:58.010 10 INFO neutron.wsgi [None req-0d5d3354-673a-44b2-94a4-b59dd7e2555b b0fcadfbaf3f4d5f9e079b5d1bfa70d5 d985ff648c9449bb8f2c7247f0d42111 - - default default] 10.0.0.193 "DELETE /v2.0/networks/940be0ab-1edd-4d31-ade0-7fa2299b29e2 HTTP/1.1" status: 204 len: 168 time: 0.4927566
2026-07-15 06:06:58.188 9 INFO neutron.db.ovn_revision_numbers_db [None req-2c29fb5c-6642-474f-a2bd-7ae48265afdb b12c0261aabc4148a8d14edbab9a42f1 4faf39b8e0cd4b7f8a7fa5fe4a037441 - - default default] Successfully bumped revision number for resource 417601cb-fd59-46f5-982e-5b2dcf9131e4 (type: security_groups) to 1
2026-07-15 06:06:58.219 9 INFO neutron.db.ovn_revision_numbers_db [None req-2c29fb5c-6642-474f-a2bd-7ae48265afdb b12c0261aabc4148a8d14edbab9a42f1 4faf39b8e0cd4b7f8a7fa5fe4a037441 - - default default] Successfully bumped revision number for resource 2c352c51-6152-4f8f-9589-3d9262ec6389 (type: security_group_rules) to 0
2026-07-15 06:06:58.243 9 INFO neutron.db.ovn_revision_numbers_db [None req-2c29fb5c-6642-474f-a2bd-7ae48265afdb b12c0261aabc4148a8d14edbab9a42f1 4faf39b8e0cd4b7f8a7fa5fe4a037441 - - default default] Successfully bumped revision number for resource 8501b429-d285-45c5-a56d-37b88e463987 (type: security_group_rules) to 0
2026-07-15 06:06:58.275 9 INFO neutron.db.ovn_revision_numbers_db [None req-2c29fb5c-6642-474f-a2bd-7ae48265afdb b12c0261aabc4148a8d14edbab9a42f1 4faf39b8e0cd4b7f8a7fa5fe4a037441 - - default default] Successfully bumped revision number for resource b1bcb49e-fc0c-4067-9b3f-b8dfc2bc1f18 (type: security_group_rules) to 0
2026-07-15 06:06:58.306 9 INFO neutron.db.ovn_revision_numbers_db [None req-2c29fb5c-6642-474f-a2bd-7ae48265afdb b12c0261aabc4148a8d14edbab9a42f1 4faf39b8e0cd4b7f8a7fa5fe4a037441 - - default default] Successfully bumped revision number for resource d9dad539-bb0e-4c31-b433-5f86169b4965 (type: security_group_rules) to 0
2026-07-15 06:06:58.322 9 WARNING neutron.scheduler.dhcp_agent_scheduler [None req-3dce3593-2b22-4a02-aa68-5c327c49fafa b0fcadfbaf3f4d5f9e079b5d1bfa70d5 d985ff648c9449bb8f2c7247f0d42111 - - default default] No more DHCP agents
2026-07-15 06:06:58.328 9 WARNING neutron.api.rpc.agentnotifiers.dhcp_rpc_agent_api [None req-3dce3593-2b22-4a02-aa68-5c327c49fafa b0fcadfbaf3f4d5f9e079b5d1bfa70d5 d985ff648c9449bb8f2c7247f0d42111 - - default default] Unable to schedule network 366525da-09dc-42a8-9852-08d07ca04efc: no agents available; will retry on subsequent port and subnet creation events.
2026-07-15 06:06:58.345 9 INFO neutron.wsgi [None req-2c29fb5c-6642-474f-a2bd-7ae48265afdb b12c0261aabc4148a8d14edbab9a42f1 4faf39b8e0cd4b7f8a7fa5fe4a037441 - - default default] 10.0.0.193 "GET /v2.0/security-groups?tenant_id=a29344f1edb94e87b30686173c0db636&name=default HTTP/1.1" status: 200 len: 2996 time: 0.5150213 /var/lib/openstack/lib/python3.10/site-packages/pycadf/identifier.py:71: UserWarning: Invalid uuid: neutron. To ensure interoperability, identifiers should be a valid uuid. warnings.warn(('Invalid uuid: %s. To ensure interoperability, '
2026-07-15 06:06:58.503 10 INFO neutron.db.ovn_revision_numbers_db [None req-34892bcc-0076-4e04-a9eb-83e00153817d e8d98166bce44a98a3f578017fdfe17b e0045947fe144a01a98f19fec835be5e - - default default] Successfully bumped revision number for resource 47cb6bd7-1398-4c47-98c5-0c7025f7a388 (type: ports) to 2
2026-07-15 06:06:58.538 10 INFO neutron.db.ovn_revision_numbers_db [None req-34892bcc-0076-4e04-a9eb-83e00153817d e8d98166bce44a98a3f578017fdfe17b e0045947fe144a01a98f19fec835be5e - - default default] Successfully bumped revision number for resource abb09e60-aa5d-46e2-a2db-1fd4b8ab084f (type: subnets) to 0
2026-07-15 06:06:58.570 10 INFO neutron.wsgi [None req-34892bcc-0076-4e04-a9eb-83e00153817d e8d98166bce44a98a3f578017fdfe17b e0045947fe144a01a98f19fec835be5e - - default default] 10.0.0.193 "POST /v2.0/subnets HTTP/1.1" status: 201 len: 801 time: 1.0836995
2026-07-15 06:06:58.640 9 INFO neutron.db.ovn_revision_numbers_db [None req-3dce3593-2b22-4a02-aa68-5c327c49fafa b0fcadfbaf3f4d5f9e079b5d1bfa70d5 d985ff648c9449bb8f2c7247f0d42111 - - default default] Successfully bumped revision number for resource e56027e5-3a3f-45b5-a5ba-048988acf66e (type: ports) to 1
2026-07-15 06:06:58.671 9 INFO neutron.wsgi [None req-3dce3593-2b22-4a02-aa68-5c327c49fafa b0fcadfbaf3f4d5f9e079b5d1bfa70d5 d985ff648c9449bb8f2c7247f0d42111 - - default default] 10.0.0.193 "POST /v2.0/ports HTTP/1.1" status: 201 len: 974 time: 0.6543124
2026-07-15 06:06:58.821 10 WARNING neutron.scheduler.dhcp_agent_scheduler [None req-8ab5482d-6bfc-454b-ba62-0cfedb561192 e8d98166bce44a98a3f578017fdfe17b e0045947fe144a01a98f19fec835be5e - - default default] No more DHCP agents
2026-07-15 06:06:58.822 10 WARNING neutron.api.rpc.agentnotifiers.dhcp_rpc_agent_api [None req-8ab5482d-6bfc-454b-ba62-0cfedb561192 e8d98166bce44a98a3f578017fdfe17b e0045947fe144a01a98f19fec835be5e - - default default] Unable to schedule network 5ba8053a-fa68-429a-9305-15c060e8500f: no agents available; will retry on subsequent port and subnet creation events.
2026-07-15 06:06:58.824 9 INFO neutron.wsgi [None req-5bef0227-7b4c-4c49-ab67-711d655f34f1 b12c0261aabc4148a8d14edbab9a42f1 4faf39b8e0cd4b7f8a7fa5fe4a037441 - - default default] 10.0.0.193 "DELETE /v2.0/security-groups/417601cb-fd59-46f5-982e-5b2dcf9131e4 HTTP/1.1" status: 204 len: 168 time: 0.4713745
2026-07-15 06:06:58.924 10 INFO neutron.plugins.ml2.drivers.ovn.mech_driver.mech_driver [None req-075daebd-3661-410b-84e4-7c0e99986985 - - - - - -] OVN reports status down for port: e56027e5-3a3f-45b5-a5ba-048988acf66e
2026-07-15 06:06:58.953 9 INFO neutron.db.ovn_revision_numbers_db [None req-2c4c5872-72d4-4872-aca5-dd7d72672b57 b0fcadfbaf3f4d5f9e079b5d1bfa70d5 d985ff648c9449bb8f2c7247f0d42111 - - default default] Successfully bumped revision number for resource e56027e5-3a3f-45b5-a5ba-048988acf66e (type: ports) to 2
2026-07-15 06:06:58.969 9 INFO neutron.wsgi [None req-2c4c5872-72d4-4872-aca5-dd7d72672b57 b0fcadfbaf3f4d5f9e079b5d1bfa70d5 d985ff648c9449bb8f2c7247f0d42111 - - default default] 10.0.0.193 "PUT /v2.0/ports/e56027e5-3a3f-45b5-a5ba-048988acf66e HTTP/1.1" status: 200 len: 946 time: 0.2937059 /var/lib/openstack/lib/python3.10/site-packages/pycadf/identifier.py:71: UserWarning: Invalid uuid: neutron. To ensure interoperability, identifiers should be a valid uuid. warnings.warn(('Invalid uuid: %s. To ensure interoperability, '
2026-07-15 06:06:59.233 9 INFO neutron.wsgi [None req-f9e25c22-7e51-4440-886b-c88417d1426f b0fcadfbaf3f4d5f9e079b5d1bfa70d5 d985ff648c9449bb8f2c7247f0d42111 - - default default] 10.0.0.193 "DELETE /v2.0/ports/e56027e5-3a3f-45b5-a5ba-048988acf66e HTTP/1.1" status: 204 len: 168 time: 0.2588611
2026-07-15 06:06:59.318 9 INFO neutron.wsgi [None req-0576ce89-be05-4577-89c1-39fc0f4ef03b b0fcadfbaf3f4d5f9e079b5d1bfa70d5 d985ff648c9449bb8f2c7247f0d42111 - - default default] 10.0.0.193 "GET /v2.0/ports HTTP/1.1" status: 200 len: 1728 time: 0.0805542
2026-07-15 06:06:59.343 9 INFO neutron.pecan_wsgi.hooks.translation [None req-dc70b172-b17f-41ec-86be-0c692dbefea6 b0fcadfbaf3f4d5f9e079b5d1bfa70d5 d985ff648c9449bb8f2c7247f0d42111 - - default default] GET failed (client error): The resource could not be found.
2026-07-15 06:06:59.344 9 INFO neutron.wsgi [None req-dc70b172-b17f-41ec-86be-0c692dbefea6 b0fcadfbaf3f4d5f9e079b5d1bfa70d5 d985ff648c9449bb8f2c7247f0d42111 - - default default] 10.0.0.193 "GET /v2.0/ports/e56027e5-3a3f-45b5-a5ba-048988acf66e HTTP/1.1" status: 404 len: 333 time: 0.0184305
2026-07-15 06:06:59.378 10 INFO neutron.db.ovn_revision_numbers_db [None req-8ab5482d-6bfc-454b-ba62-0cfedb561192 e8d98166bce44a98a3f578017fdfe17b e0045947fe144a01a98f19fec835be5e - - default default] Successfully bumped revision number for resource 0250175c-59c1-408c-bbc7-7f2887117aef (type: ports) to 2
2026-07-15 06:06:59.387 9 INFO neutron.wsgi [None req-a022f6f8-aa71-452a-891b-a15b9293b1d6 b0fcadfbaf3f4d5f9e079b5d1bfa70d5 d985ff648c9449bb8f2c7247f0d42111 - - default default] 10.0.0.193 "GET /v2.0/ports HTTP/1.1" status: 200 len: 1728 time: 0.0371866
2026-07-15 06:06:59.405 10 INFO neutron.db.ovn_revision_numbers_db [None req-8ab5482d-6bfc-454b-ba62-0cfedb561192 e8d98166bce44a98a3f578017fdfe17b e0045947fe144a01a98f19fec835be5e - - default default] Successfully bumped revision number for resource 445eedda-34c6-4fc8-8715-9226cd0fd211 (type: subnets) to 0
2026-07-15 06:06:59.418 10 INFO neutron.wsgi [None req-8ab5482d-6bfc-454b-ba62-0cfedb561192 e8d98166bce44a98a3f578017fdfe17b e0045947fe144a01a98f19fec835be5e - - default default] 10.0.0.193 "POST /v2.0/subnets HTTP/1.1" status: 201 len: 801 time: 0.8423064
2026-07-15 06:06:59.424 9 INFO neutron.wsgi [None req-a40c4f49-611d-4ee8-93d3-20770ef2cd87 b0fcadfbaf3f4d5f9e079b5d1bfa70d5 d985ff648c9449bb8f2c7247f0d42111 - - default default] 10.0.0.193 "GET /v2.0/ports/bbfb2e51-d4ed-4478-a921-ae18fa16c485 HTTP/1.1" status: 200 len: 968 time: 0.0292687
2026-07-15 06:06:59.444 9 INFO neutron.pecan_wsgi.hooks.translation [None req-2d9a96f5-7fe0-4394-994b-c1f26a187911 b0fcadfbaf3f4d5f9e079b5d1bfa70d5 d985ff648c9449bb8f2c7247f0d42111 - - default default] DELETE failed (client error): The resource could not be found.
2026-07-15 06:06:59.445 9 INFO neutron.wsgi [None req-2d9a96f5-7fe0-4394-994b-c1f26a187911 b0fcadfbaf3f4d5f9e079b5d1bfa70d5 d985ff648c9449bb8f2c7247f0d42111 - - default default] 10.0.0.193 "DELETE /v2.0/ports/6d465510-03e2-494d-9317-0d1f9663dd9b HTTP/1.1" status: 404 len: 333 time: 0.0151489
2026-07-15 06:06:59.468 9 INFO neutron.pecan_wsgi.hooks.translation [None req-660f487f-8bc2-4a95-94c0-7458bcafe61a b0fcadfbaf3f4d5f9e079b5d1bfa70d5 d985ff648c9449bb8f2c7247f0d42111 - - default default] DELETE failed (client error): The resource could not be found.
2026-07-15 06:06:59.470 9 INFO neutron.wsgi [None req-660f487f-8bc2-4a95-94c0-7458bcafe61a b0fcadfbaf3f4d5f9e079b5d1bfa70d5 d985ff648c9449bb8f2c7247f0d42111 - - default default] 10.0.0.193 "DELETE /v2.0/subnets/08437bbb-8ee9-4769-a7fb-a2f34d052b0c HTTP/1.1" status: 404 len: 337 time: 0.0189469
2026-07-15 06:06:59.485 9 INFO neutron.pecan_wsgi.hooks.translation [None req-eba8e2b1-d262-41ae-887a-9cd252b8f744 b0fcadfbaf3f4d5f9e079b5d1bfa70d5 d985ff648c9449bb8f2c7247f0d42111 - - default default] DELETE failed (client error): The resource could not be found.
2026-07-15 06:06:59.487 9 INFO neutron.wsgi [None req-eba8e2b1-d262-41ae-887a-9cd252b8f744 b0fcadfbaf3f4d5f9e079b5d1bfa70d5 d985ff648c9449bb8f2c7247f0d42111 - - default default] 10.0.0.193 "DELETE /v2.0/subnets/7602916b-b07e-4472-b279-488c18307af6 HTTP/1.1" status: 404 len: 337 time: 0.0137053
2026-07-15 06:06:59.584 10 INFO neutron.db.ovn_revision_numbers_db [None req-0b87aeea-48f2-4058-918a-09231d777e3f e8d98166bce44a98a3f578017fdfe17b e0045947fe144a01a98f19fec835be5e - - default default] Successfully bumped revision number for resource 6dda0ff1-b8c7-47ea-bae8-3bbd4d641b03 (type: routers) to 1
2026-07-15 06:06:59.597 10 INFO neutron.wsgi [None req-0b87aeea-48f2-4058-918a-09231d777e3f e8d98166bce44a98a3f578017fdfe17b e0045947fe144a01a98f19fec835be5e - - default default] 10.0.0.193 "POST /v2.0/routers HTTP/1.1" status: 201 len: 686 time: 0.1745591
2026-07-15 06:06:59.697 9 INFO neutron.wsgi [None req-eb3e203c-c943-4784-a847-d7169ff2ea4b b0fcadfbaf3f4d5f9e079b5d1bfa70d5 d985ff648c9449bb8f2c7247f0d42111 - - default default] 10.0.0.193 "DELETE /v2.0/ports/bbfb2e51-d4ed-4478-a921-ae18fa16c485 HTTP/1.1" status: 204 len: 168 time: 0.2059348
2026-07-15 06:07:00.030 9 INFO neutron.services.segments.plugin [-] Segment 1efc0d82-75e6-490c-be0c-7c31f7142fa8 resource provider aggregate not found
2026-07-15 06:07:00.040 10 WARNING neutron.scheduler.dhcp_agent_scheduler [None req-c9c2acea-0c0c-4016-8077-e214b209bf9d e8d98166bce44a98a3f578017fdfe17b e0045947fe144a01a98f19fec835be5e - - default default] No more DHCP agents
2026-07-15 06:07:00.041 10 WARNING neutron.api.rpc.agentnotifiers.dhcp_rpc_agent_api [None req-c9c2acea-0c0c-4016-8077-e214b209bf9d e8d98166bce44a98a3f578017fdfe17b e0045947fe144a01a98f19fec835be5e - - default default] Unable to schedule network cf422df8-464d-47b6-9192-02f3ce1bb7fe: no agents available; will retry on subsequent port and subnet creation events.
2026-07-15 06:07:00.042 9 INFO neutron.services.segments.plugin [-] Segment 1efc0d82-75e6-490c-be0c-7c31f7142fa8 resource provider aggregate not found
2026-07-15 06:07:00.057 9 INFO neutron.services.segments.plugin [-] Segment 1efc0d82-75e6-490c-be0c-7c31f7142fa8 resource provider not found; error: Placement Client Error (4xx): {"errors": [{"status": 404, "title": "Not Found", "detail": "The resource could not be found.\n\n No resource provider with uuid 1efc0d82-75e6-490c-be0c-7c31f7142fa8 found for delete ", "request_id": "req-7cf2b158-4220-4c35-b81d-522defb57c72"}]}
2026-07-15 06:07:00.058 9 INFO neutron.services.segments.plugin [-] Segment 1efc0d82-75e6-490c-be0c-7c31f7142fa8 resource provider not found; error: Placement Client Error (4xx): {"errors": [{"status": 404, "title": "Not Found", "detail": "The resource could not be found.\n\n No resource provider with uuid 1efc0d82-75e6-490c-be0c-7c31f7142fa8 found for delete ", "request_id": "req-fde13447-250e-44b4-ba91-d90b047bb823"}]}
2026-07-15 06:07:00.086 9 INFO neutron.wsgi [None req-8590cee2-2329-4709-9aa8-de2398b45465 b0fcadfbaf3f4d5f9e079b5d1bfa70d5 d985ff648c9449bb8f2c7247f0d42111 - - default default] 10.0.0.193 "DELETE /v2.0/networks/366525da-09dc-42a8-9852-08d07ca04efc HTTP/1.1" status: 204 len: 168 time: 0.3845477
2026-07-15 06:07:00.199 10 INFO neutron.db.ovn_revision_numbers_db [None req-c9c2acea-0c0c-4016-8077-e214b209bf9d e8d98166bce44a98a3f578017fdfe17b e0045947fe144a01a98f19fec835be5e - - default default] Successfully bumped revision number for resource 25735ca4-a59b-4b97-867f-7e386d7706db (type: ports) to 1
2026-07-15 06:07:00.609 9 INFO neutron.plugins.ml2.drivers.ovn.mech_driver.mech_driver [None req-2052610e-e2e3-4021-9f7b-abd298d398dc - - - - - -] OVN reports status up for port: 25735ca4-a59b-4b97-867f-7e386d7706db
2026-07-15 06:07:00.617 9 INFO neutron.plugins.ml2.plugin [None req-2052610e-e2e3-4021-9f7b-abd298d398dc - - - - - -] Attempt 1 to provision port 25735ca4-a59b-4b97-867f-7e386d7706db
2026-07-15 06:07:00.639 10 INFO neutron.db.ovn_revision_numbers_db [None req-c9c2acea-0c0c-4016-8077-e214b209bf9d e8d98166bce44a98a3f578017fdfe17b e0045947fe144a01a98f19fec835be5e - - default default] Successfully bumped revision number for resource 25735ca4-a59b-4b97-867f-7e386d7706db (type: router_ports) to 1
2026-07-15 06:07:00.772 9 INFO neutron.wsgi [None req-98738638-f9aa-4329-ae69-ae5d5e8687e6 b12c0261aabc4148a8d14edbab9a42f1 4faf39b8e0cd4b7f8a7fa5fe4a037441 - - default default] 10.0.0.193 "GET /v2.0/security-groups?tenant_id=d985ff648c9449bb8f2c7247f0d42111&name=default HTTP/1.1" status: 200 len: 2996 time: 0.1817198
