2026-07-15 06:08:23.486 9 INFO neutron.wsgi [None req-a29d2065-aad8-4432-877b-abfa2a656d72 b12c0261aabc4148a8d14edbab9a42f1 4faf39b8e0cd4b7f8a7fa5fe4a037441 - - default default] 10.0.0.193 "DELETE /v2.0/security-groups/9bf2ace0-a75e-4c19-be55-d8b0698bd455 HTTP/1.1" status: 204 len: 168 time: 0.1806123
2026-07-15 06:08:23.645 9 INFO neutron.wsgi [None req-e33597a6-a139-45f5-936f-440c6aeb1601 b12c0261aabc4148a8d14edbab9a42f1 4faf39b8e0cd4b7f8a7fa5fe4a037441 - - default default] 10.0.0.193 "GET /v2.0/security-groups?tenant_id=cca1ba5c55d74768b3f4315d60fa5952&name=default HTTP/1.1" status: 200 len: 2996 time: 0.0369568
2026-07-15 06:08:23.667 10 INFO neutron.db.ovn_revision_numbers_db [None req-b516abd5-3e92-4e74-aad1-67d3071db4f1 6240c01442444d629b48ca15083bb53d ffe373b3998245d78768dd5f9eb688a6 - - default default] Successfully bumped revision number for resource 729dd0a0-dfed-496f-abd5-1ebc1ef71add (type: networks) to 1
2026-07-15 06:08:23.822 10 WARNING neutron.scheduler.dhcp_agent_scheduler [None req-b516abd5-3e92-4e74-aad1-67d3071db4f1 6240c01442444d629b48ca15083bb53d ffe373b3998245d78768dd5f9eb688a6 - - default default] No more DHCP agents
2026-07-15 06:08:23.825 10 WARNING neutron.api.rpc.agentnotifiers.dhcp_rpc_agent_api [None req-b516abd5-3e92-4e74-aad1-67d3071db4f1 6240c01442444d629b48ca15083bb53d ffe373b3998245d78768dd5f9eb688a6 - - default default] Unable to schedule network 729dd0a0-dfed-496f-abd5-1ebc1ef71add: no agents available; will retry on subsequent port and subnet creation events.
2026-07-15 06:08:23.831 9 INFO neutron.wsgi [None req-d35aafe4-c6f6-4673-8e1c-92d342be4c39 b12c0261aabc4148a8d14edbab9a42f1 4faf39b8e0cd4b7f8a7fa5fe4a037441 - - default default] 10.0.0.193 "DELETE /v2.0/security-groups/d9b47562-8dee-4a19-88ae-9d06e36590ed HTTP/1.1" status: 204 len: 168 time: 0.1803250
2026-07-15 06:08:23.896 10 INFO neutron.db.ovn_revision_numbers_db [None req-b516abd5-3e92-4e74-aad1-67d3071db4f1 6240c01442444d629b48ca15083bb53d ffe373b3998245d78768dd5f9eb688a6 - - default default] Successfully bumped revision number for resource 62d6e8a3-532d-41d0-902b-bfb6bbe6d28d (type: ports) to 1
2026-07-15 06:08:23.913 10 INFO neutron.wsgi [None req-b516abd5-3e92-4e74-aad1-67d3071db4f1 6240c01442444d629b48ca15083bb53d ffe373b3998245d78768dd5f9eb688a6 - - default default] 10.0.0.193 "POST /v2.0/networks HTTP/1.1" status: 201 len: 831 time: 0.7690206
2026-07-15 06:08:24.150 10 WARNING neutron.scheduler.dhcp_agent_scheduler [None req-ded93d26-6bc3-4c89-8eca-04ed3b228296 6240c01442444d629b48ca15083bb53d ffe373b3998245d78768dd5f9eb688a6 - - default default] No more DHCP agents
2026-07-15 06:08:24.154 10 WARNING neutron.api.rpc.agentnotifiers.dhcp_rpc_agent_api [None req-ded93d26-6bc3-4c89-8eca-04ed3b228296 6240c01442444d629b48ca15083bb53d ffe373b3998245d78768dd5f9eb688a6 - - default default] Unable to schedule network 729dd0a0-dfed-496f-abd5-1ebc1ef71add: no agents available; will retry on subsequent port and subnet creation events.
2026-07-15 06:08:24.243 10 INFO neutron.db.ovn_revision_numbers_db [None req-ded93d26-6bc3-4c89-8eca-04ed3b228296 6240c01442444d629b48ca15083bb53d ffe373b3998245d78768dd5f9eb688a6 - - default default] Successfully bumped revision number for resource ff0737c6-74e5-4e0f-b69e-2ff4b723f7dd (type: ports) to 1
2026-07-15 06:08:24.269 10 INFO neutron.wsgi [None req-ded93d26-6bc3-4c89-8eca-04ed3b228296 6240c01442444d629b48ca15083bb53d ffe373b3998245d78768dd5f9eb688a6 - - default default] 10.0.0.193 "POST /v2.0/ports HTTP/1.1" status: 201 len: 942 time: 0.3489344 /var/lib/openstack/lib/python3.10/site-packages/pycadf/identifier.py:71: UserWarning: Invalid uuid: neutron. To ensure interoperability, identifiers should be a valid uuid. warnings.warn(('Invalid uuid: %s. To ensure interoperability, '
2026-07-15 06:08:24.342 9 INFO neutron.db.ovn_revision_numbers_db [None req-68fec3e1-d1c8-426f-a5be-4b73bc21b56b 503e33d639784b30b5b167a1229587d9 75cfc79b55c44f6eb10f009589d53394 - - default default] Successfully bumped revision number for resource e537b329-1975-47b1-bbd4-dabd17fe37d5 (type: security_groups) to 1
2026-07-15 06:08:24.356 9 INFO neutron.db.ovn_revision_numbers_db [None req-68fec3e1-d1c8-426f-a5be-4b73bc21b56b 503e33d639784b30b5b167a1229587d9 75cfc79b55c44f6eb10f009589d53394 - - default default] Successfully bumped revision number for resource a07e49b4-bd09-4466-a972-85fe814dab64 (type: security_group_rules) to 0
2026-07-15 06:08:24.370 9 INFO neutron.db.ovn_revision_numbers_db [None req-68fec3e1-d1c8-426f-a5be-4b73bc21b56b 503e33d639784b30b5b167a1229587d9 75cfc79b55c44f6eb10f009589d53394 - - default default] Successfully bumped revision number for resource a3f8447b-d206-40bc-b026-1e256630fc84 (type: security_group_rules) to 0
2026-07-15 06:08:24.380 10 INFO neutron.db.segments_db [None req-48a3d8d0-15dd-4eae-93ab-f5289a2f78e1 6240c01442444d629b48ca15083bb53d ffe373b3998245d78768dd5f9eb688a6 - - default default] Added segment 9fbeb25e-53db-4160-97b9-e71b6667e4c5 of type geneve for network 10c09950-fffb-457c-92fa-85baec3ffd65
2026-07-15 06:08:24.385 9 INFO neutron.db.ovn_revision_numbers_db [None req-68fec3e1-d1c8-426f-a5be-4b73bc21b56b 503e33d639784b30b5b167a1229587d9 75cfc79b55c44f6eb10f009589d53394 - - default default] Successfully bumped revision number for resource be7704c7-a9a9-46f7-8116-7d82906b565d (type: security_group_rules) to 0
2026-07-15 06:08:24.400 9 INFO neutron.db.ovn_revision_numbers_db [None req-68fec3e1-d1c8-426f-a5be-4b73bc21b56b 503e33d639784b30b5b167a1229587d9 75cfc79b55c44f6eb10f009589d53394 - - default default] Successfully bumped revision number for resource c975e812-fa56-4b23-870f-6ca241f14136 (type: security_group_rules) to 0
2026-07-15 06:08:24.453 9 INFO neutron.db.segments_db [None req-68fec3e1-d1c8-426f-a5be-4b73bc21b56b 503e33d639784b30b5b167a1229587d9 75cfc79b55c44f6eb10f009589d53394 - - default default] Added segment 17268ad3-f000-4876-97dc-93495d4b3131 of type geneve for network f31ad733-cb11-4f5c-9bcc-1c0c1e550e94
2026-07-15 06:08:24.529 10 INFO neutron.db.ovn_revision_numbers_db [None req-48a3d8d0-15dd-4eae-93ab-f5289a2f78e1 6240c01442444d629b48ca15083bb53d ffe373b3998245d78768dd5f9eb688a6 - - default default] Successfully bumped revision number for resource 10c09950-fffb-457c-92fa-85baec3ffd65 (type: networks) to 1
2026-07-15 06:08:24.602 9 INFO neutron.db.ovn_revision_numbers_db [None req-68fec3e1-d1c8-426f-a5be-4b73bc21b56b 503e33d639784b30b5b167a1229587d9 75cfc79b55c44f6eb10f009589d53394 - - default default] Successfully bumped revision number for resource f31ad733-cb11-4f5c-9bcc-1c0c1e550e94 (type: networks) to 1
2026-07-15 06:08:24.699 10 WARNING neutron.scheduler.dhcp_agent_scheduler [None req-48a3d8d0-15dd-4eae-93ab-f5289a2f78e1 6240c01442444d629b48ca15083bb53d ffe373b3998245d78768dd5f9eb688a6 - - default default] No more DHCP agents
2026-07-15 06:08:24.700 10 WARNING neutron.api.rpc.agentnotifiers.dhcp_rpc_agent_api [None req-48a3d8d0-15dd-4eae-93ab-f5289a2f78e1 6240c01442444d629b48ca15083bb53d ffe373b3998245d78768dd5f9eb688a6 - - default default] Unable to schedule network 10c09950-fffb-457c-92fa-85baec3ffd65: no agents available; will retry on subsequent port and subnet creation events.
2026-07-15 06:08:24.770 9 WARNING neutron.scheduler.dhcp_agent_scheduler [None req-68fec3e1-d1c8-426f-a5be-4b73bc21b56b 503e33d639784b30b5b167a1229587d9 75cfc79b55c44f6eb10f009589d53394 - - default default] No more DHCP agents
2026-07-15 06:08:24.773 9 WARNING neutron.api.rpc.agentnotifiers.dhcp_rpc_agent_api [None req-68fec3e1-d1c8-426f-a5be-4b73bc21b56b 503e33d639784b30b5b167a1229587d9 75cfc79b55c44f6eb10f009589d53394 - - default default] Unable to schedule network f31ad733-cb11-4f5c-9bcc-1c0c1e550e94: no agents available; will retry on subsequent port and subnet creation events.
2026-07-15 06:08:24.783 10 INFO neutron.db.ovn_revision_numbers_db [None req-48a3d8d0-15dd-4eae-93ab-f5289a2f78e1 6240c01442444d629b48ca15083bb53d ffe373b3998245d78768dd5f9eb688a6 - - default default] Successfully bumped revision number for resource 2942d8e9-1e0b-4645-a1a4-c015787a598f (type: ports) to 1
2026-07-15 06:08:24.803 10 INFO neutron.wsgi [None req-48a3d8d0-15dd-4eae-93ab-f5289a2f78e1 6240c01442444d629b48ca15083bb53d ffe373b3998245d78768dd5f9eb688a6 - - default default] 10.0.0.193 "POST /v2.0/networks HTTP/1.1" status: 201 len: 830 time: 0.5264995
2026-07-15 06:08:24.845 9 INFO neutron.db.ovn_revision_numbers_db [None req-68fec3e1-d1c8-426f-a5be-4b73bc21b56b 503e33d639784b30b5b167a1229587d9 75cfc79b55c44f6eb10f009589d53394 - - default default] Successfully bumped revision number for resource 56da00af-a95a-4656-90f7-ecf940457caf (type: ports) to 1
2026-07-15 06:08:24.866 9 INFO neutron.wsgi [None req-68fec3e1-d1c8-426f-a5be-4b73bc21b56b 503e33d639784b30b5b167a1229587d9 75cfc79b55c44f6eb10f009589d53394 - - default default] 10.0.0.193 "POST /v2.0/networks HTTP/1.1" status: 201 len: 830 time: 0.7673190
2026-07-15 06:08:25.065 10 WARNING neutron.scheduler.dhcp_agent_scheduler [None req-982a6659-6c42-409e-9cc4-444349694759 6240c01442444d629b48ca15083bb53d ffe373b3998245d78768dd5f9eb688a6 - - default default] No more DHCP agents
2026-07-15 06:08:25.069 10 WARNING neutron.api.rpc.agentnotifiers.dhcp_rpc_agent_api [None req-982a6659-6c42-409e-9cc4-444349694759 6240c01442444d629b48ca15083bb53d ffe373b3998245d78768dd5f9eb688a6 - - default default] Unable to schedule network 10c09950-fffb-457c-92fa-85baec3ffd65: no agents available; will retry on subsequent port and subnet creation events.
2026-07-15 06:08:25.084 9 WARNING neutron.scheduler.dhcp_agent_scheduler [None req-b58f3a47-0fc9-42ae-a55c-f0cacc84bf5f 503e33d639784b30b5b167a1229587d9 75cfc79b55c44f6eb10f009589d53394 - - default default] No more DHCP agents
2026-07-15 06:08:25.085 9 WARNING neutron.api.rpc.agentnotifiers.dhcp_rpc_agent_api [None req-b58f3a47-0fc9-42ae-a55c-f0cacc84bf5f 503e33d639784b30b5b167a1229587d9 75cfc79b55c44f6eb10f009589d53394 - - default default] Unable to schedule network f31ad733-cb11-4f5c-9bcc-1c0c1e550e94: no agents available; will retry on subsequent port and subnet creation events.
2026-07-15 06:08:25.172 10 INFO neutron.db.ovn_revision_numbers_db [None req-982a6659-6c42-409e-9cc4-444349694759 6240c01442444d629b48ca15083bb53d ffe373b3998245d78768dd5f9eb688a6 - - default default] Successfully bumped revision number for resource 765334f8-985e-465b-b88e-dec713f05360 (type: ports) to 1
2026-07-15 06:08:25.177 9 INFO neutron.db.ovn_revision_numbers_db [None req-b58f3a47-0fc9-42ae-a55c-f0cacc84bf5f 503e33d639784b30b5b167a1229587d9 75cfc79b55c44f6eb10f009589d53394 - - default default] Successfully bumped revision number for resource 524a7616-6b28-4888-8db0-abcdb3cc8821 (type: ports) to 1
2026-07-15 06:08:25.196 10 INFO neutron.wsgi [None req-982a6659-6c42-409e-9cc4-444349694759 6240c01442444d629b48ca15083bb53d ffe373b3998245d78768dd5f9eb688a6 - - default default] 10.0.0.193 "POST /v2.0/ports HTTP/1.1" status: 201 len: 942 time: 0.3876281
2026-07-15 06:08:25.204 9 INFO neutron.wsgi [None req-b58f3a47-0fc9-42ae-a55c-f0cacc84bf5f 503e33d639784b30b5b167a1229587d9 75cfc79b55c44f6eb10f009589d53394 - - default default] 10.0.0.193 "POST /v2.0/ports HTTP/1.1" status: 201 len: 942 time: 0.3320901 /var/lib/openstack/lib/python3.10/site-packages/pycadf/identifier.py:71: UserWarning: Invalid uuid: neutron. To ensure interoperability, identifiers should be a valid uuid. warnings.warn(('Invalid uuid: %s. To ensure interoperability, '
2026-07-15 06:08:25.321 10 INFO neutron.db.segments_db [None req-38fac58a-f493-4747-a184-43aacba91e2a 6240c01442444d629b48ca15083bb53d ffe373b3998245d78768dd5f9eb688a6 - - default default] Added segment 14aec896-f634-4211-b2ba-b6e3626b5e37 of type geneve for network e62f648b-4305-43dc-b83d-5d4c573e8c6f
2026-07-15 06:08:25.528 10 INFO neutron.db.ovn_revision_numbers_db [None req-38fac58a-f493-4747-a184-43aacba91e2a 6240c01442444d629b48ca15083bb53d ffe373b3998245d78768dd5f9eb688a6 - - default default] Successfully bumped revision number for resource e62f648b-4305-43dc-b83d-5d4c573e8c6f (type: networks) to 1
2026-07-15 06:08:25.555 10 INFO neutron.wsgi [None req-0d415f12-10cd-4d2b-823c-1952d2100a25 503e33d639784b30b5b167a1229587d9 75cfc79b55c44f6eb10f009589d53394 - - default default] 10.0.0.193 "POST /v2.0/trunks HTTP/1.1" status: 201 len: 608 time: 0.3299310
2026-07-15 06:08:25.671 10 INFO neutron.db.segments_db [None req-58c07ea0-06aa-4cfe-937f-cadc780e5a6a 503e33d639784b30b5b167a1229587d9 75cfc79b55c44f6eb10f009589d53394 - - default default] Added segment 9e80cb69-77e7-4d12-8fef-a751d305984b of type geneve for network 6f72367e-1ae9-4989-bad7-c20e8f573a0e
2026-07-15 06:08:25.716 10 WARNING neutron.scheduler.dhcp_agent_scheduler [None req-38fac58a-f493-4747-a184-43aacba91e2a 6240c01442444d629b48ca15083bb53d ffe373b3998245d78768dd5f9eb688a6 - - default default] No more DHCP agents
2026-07-15 06:08:25.726 10 WARNING neutron.api.rpc.agentnotifiers.dhcp_rpc_agent_api [None req-38fac58a-f493-4747-a184-43aacba91e2a 6240c01442444d629b48ca15083bb53d ffe373b3998245d78768dd5f9eb688a6 - - default default] Unable to schedule network e62f648b-4305-43dc-b83d-5d4c573e8c6f: no agents available; will retry on subsequent port and subnet creation events.
2026-07-15 06:08:25.861 10 INFO neutron.db.ovn_revision_numbers_db [None req-38fac58a-f493-4747-a184-43aacba91e2a 6240c01442444d629b48ca15083bb53d ffe373b3998245d78768dd5f9eb688a6 - - default default] Successfully bumped revision number for resource 2a3046d1-7a3e-4737-b209-04996a990b1a (type: ports) to 1
2026-07-15 06:08:25.862 10 INFO neutron.db.ovn_revision_numbers_db [None req-58c07ea0-06aa-4cfe-937f-cadc780e5a6a 503e33d639784b30b5b167a1229587d9 75cfc79b55c44f6eb10f009589d53394 - - default default] Successfully bumped revision number for resource 6f72367e-1ae9-4989-bad7-c20e8f573a0e (type: networks) to 1
2026-07-15 06:08:25.883 10 INFO neutron.wsgi [None req-38fac58a-f493-4747-a184-43aacba91e2a 6240c01442444d629b48ca15083bb53d ffe373b3998245d78768dd5f9eb688a6 - - default default] 10.0.0.193 "POST /v2.0/networks HTTP/1.1" status: 201 len: 831 time: 0.6817153 /var/lib/openstack/lib/python3.10/site-packages/pycadf/identifier.py:71: UserWarning: Invalid uuid: neutron. To ensure interoperability, identifiers should be a valid uuid. warnings.warn(('Invalid uuid: %s. To ensure interoperability, '
2026-07-15 06:08:26.014 10 WARNING neutron.scheduler.dhcp_agent_scheduler [None req-58c07ea0-06aa-4cfe-937f-cadc780e5a6a 503e33d639784b30b5b167a1229587d9 75cfc79b55c44f6eb10f009589d53394 - - default default] No more DHCP agents
2026-07-15 06:08:26.015 10 WARNING neutron.api.rpc.agentnotifiers.dhcp_rpc_agent_api [None req-58c07ea0-06aa-4cfe-937f-cadc780e5a6a 503e33d639784b30b5b167a1229587d9 75cfc79b55c44f6eb10f009589d53394 - - default default] Unable to schedule network 6f72367e-1ae9-4989-bad7-c20e8f573a0e: no agents available; will retry on subsequent port and subnet creation events.
2026-07-15 06:08:26.099 10 INFO neutron.db.ovn_revision_numbers_db [None req-58c07ea0-06aa-4cfe-937f-cadc780e5a6a 503e33d639784b30b5b167a1229587d9 75cfc79b55c44f6eb10f009589d53394 - - default default] Successfully bumped revision number for resource 9db54fce-c34f-49f6-9b0f-07863c130cb1 (type: ports) to 1
2026-07-15 06:08:26.123 10 INFO neutron.wsgi [None req-58c07ea0-06aa-4cfe-937f-cadc780e5a6a 503e33d639784b30b5b167a1229587d9 75cfc79b55c44f6eb10f009589d53394 - - default default] 10.0.0.193 "POST /v2.0/networks HTTP/1.1" status: 201 len: 830 time: 0.5626965 /var/lib/openstack/lib/python3.10/site-packages/pycadf/identifier.py:71: UserWarning: Invalid uuid: neutron. To ensure interoperability, identifiers should be a valid uuid. warnings.warn(('Invalid uuid: %s. To ensure interoperability, '
2026-07-15 06:08:26.159 9 WARNING neutron.scheduler.dhcp_agent_scheduler [None req-ee513204-f061-4a40-9986-7f0c2f0d59d6 6240c01442444d629b48ca15083bb53d ffe373b3998245d78768dd5f9eb688a6 - - default default] No more DHCP agents
2026-07-15 06:08:26.160 9 WARNING neutron.api.rpc.agentnotifiers.dhcp_rpc_agent_api [None req-ee513204-f061-4a40-9986-7f0c2f0d59d6 6240c01442444d629b48ca15083bb53d ffe373b3998245d78768dd5f9eb688a6 - - default default] Unable to schedule network e62f648b-4305-43dc-b83d-5d4c573e8c6f: no agents available; will retry on subsequent port and subnet creation events.
2026-07-15 06:08:26.289 9 INFO neutron.db.ovn_revision_numbers_db [None req-ee513204-f061-4a40-9986-7f0c2f0d59d6 6240c01442444d629b48ca15083bb53d ffe373b3998245d78768dd5f9eb688a6 - - default default] Successfully bumped revision number for resource 99758145-f448-49d3-b6be-659e30a9535b (type: ports) to 1
2026-07-15 06:08:26.332 9 INFO neutron.wsgi [None req-ee513204-f061-4a40-9986-7f0c2f0d59d6 6240c01442444d629b48ca15083bb53d ffe373b3998245d78768dd5f9eb688a6 - - default default] 10.0.0.193 "POST /v2.0/ports HTTP/1.1" status: 201 len: 942 time: 0.4453201
2026-07-15 06:08:26.419 10 INFO neutron.db.segments_db [None req-f89a2ea8-33bd-4037-b0df-d8219397b1fe 6240c01442444d629b48ca15083bb53d ffe373b3998245d78768dd5f9eb688a6 - - default default] Added segment 9ecfe817-ab4a-4500-b49d-dd3ab5d50c58 of type geneve for network db1f89b2-6a49-43e3-91c4-77f8b6eb7bfe
2026-07-15 06:08:26.439 9 WARNING neutron.scheduler.dhcp_agent_scheduler [None req-e9fd4e64-611b-4c05-be09-dcf7c4a05542 503e33d639784b30b5b167a1229587d9 75cfc79b55c44f6eb10f009589d53394 - - default default] No more DHCP agents
2026-07-15 06:08:26.440 9 WARNING neutron.api.rpc.agentnotifiers.dhcp_rpc_agent_api [None req-e9fd4e64-611b-4c05-be09-dcf7c4a05542 503e33d639784b30b5b167a1229587d9 75cfc79b55c44f6eb10f009589d53394 - - default default] Unable to schedule network 6f72367e-1ae9-4989-bad7-c20e8f573a0e: no agents available; will retry on subsequent port and subnet creation events.
2026-07-15 06:08:26.547 9 INFO neutron.db.ovn_revision_numbers_db [None req-e9fd4e64-611b-4c05-be09-dcf7c4a05542 503e33d639784b30b5b167a1229587d9 75cfc79b55c44f6eb10f009589d53394 - - default default] Successfully bumped revision number for resource a1009f32-3b52-42e6-99a8-3f4f84c92f45 (type: ports) to 1
2026-07-15 06:08:26.565 10 INFO neutron.db.ovn_revision_numbers_db [None req-f89a2ea8-33bd-4037-b0df-d8219397b1fe 6240c01442444d629b48ca15083bb53d ffe373b3998245d78768dd5f9eb688a6 - - default default] Successfully bumped revision number for resource db1f89b2-6a49-43e3-91c4-77f8b6eb7bfe (type: networks) to 1
2026-07-15 06:08:26.573 9 INFO neutron.wsgi [None req-e9fd4e64-611b-4c05-be09-dcf7c4a05542 503e33d639784b30b5b167a1229587d9 75cfc79b55c44f6eb10f009589d53394 - - default default] 10.0.0.193 "POST /v2.0/ports HTTP/1.1" status: 201 len: 942 time: 0.4444082 /var/lib/openstack/lib/python3.10/site-packages/pycadf/identifier.py:71: UserWarning: Invalid uuid: neutron. To ensure interoperability, identifiers should be a valid uuid. warnings.warn(('Invalid uuid: %s. To ensure interoperability, '
2026-07-15 06:08:26.738 10 WARNING neutron.scheduler.dhcp_agent_scheduler [None req-f89a2ea8-33bd-4037-b0df-d8219397b1fe 6240c01442444d629b48ca15083bb53d ffe373b3998245d78768dd5f9eb688a6 - - default default] No more DHCP agents
2026-07-15 06:08:26.740 10 WARNING neutron.api.rpc.agentnotifiers.dhcp_rpc_agent_api [None req-f89a2ea8-33bd-4037-b0df-d8219397b1fe 6240c01442444d629b48ca15083bb53d ffe373b3998245d78768dd5f9eb688a6 - - default default] Unable to schedule network db1f89b2-6a49-43e3-91c4-77f8b6eb7bfe: no agents available; will retry on subsequent port and subnet creation events.
2026-07-15 06:08:26.798 9 INFO neutron.wsgi [None req-f9fbbfe0-a323-46d8-8371-bbde2accbb8f 503e33d639784b30b5b167a1229587d9 75cfc79b55c44f6eb10f009589d53394 - - default default] 10.0.0.193 "POST /v2.0/trunks HTTP/1.1" status: 201 len: 608 time: 0.2200694
2026-07-15 06:08:26.814 10 INFO neutron.db.ovn_revision_numbers_db [None req-f89a2ea8-33bd-4037-b0df-d8219397b1fe 6240c01442444d629b48ca15083bb53d ffe373b3998245d78768dd5f9eb688a6 - - default default] Successfully bumped revision number for resource e460415e-c9a5-45d9-bd1d-8df982eeb3c7 (type: ports) to 1
2026-07-15 06:08:26.845 10 INFO neutron.wsgi [None req-f89a2ea8-33bd-4037-b0df-d8219397b1fe 6240c01442444d629b48ca15083bb53d ffe373b3998245d78768dd5f9eb688a6 - - default default] 10.0.0.193 "POST /v2.0/networks HTTP/1.1" status: 201 len: 830 time: 0.5059524
2026-07-15 06:08:26.882 9 INFO neutron.db.segments_db [None req-91b35fc6-106f-4361-82b9-86c9eb3d0666 503e33d639784b30b5b167a1229587d9 75cfc79b55c44f6eb10f009589d53394 - - default default] Added segment e8a31fc8-fcf5-4fda-8953-45bb565c4b78 of type geneve for network b0a08d2e-a399-4377-9898-dee4960b7886
2026-07-15 06:08:27.003 9 INFO neutron.db.ovn_revision_numbers_db [None req-91b35fc6-106f-4361-82b9-86c9eb3d0666 503e33d639784b30b5b167a1229587d9 75cfc79b55c44f6eb10f009589d53394 - - default default] Successfully bumped revision number for resource b0a08d2e-a399-4377-9898-dee4960b7886 (type: networks) to 1
2026-07-15 06:08:27.105 10 WARNING neutron.scheduler.dhcp_agent_scheduler [None req-6de52665-06b9-47af-8d8d-be3ef615fbb3 6240c01442444d629b48ca15083bb53d ffe373b3998245d78768dd5f9eb688a6 - - default default] No more DHCP agents
2026-07-15 06:08:27.109 10 WARNING neutron.api.rpc.agentnotifiers.dhcp_rpc_agent_api [None req-6de52665-06b9-47af-8d8d-be3ef615fbb3 6240c01442444d629b48ca15083bb53d ffe373b3998245d78768dd5f9eb688a6 - - default default] Unable to schedule network db1f89b2-6a49-43e3-91c4-77f8b6eb7bfe: no agents available; will retry on subsequent port and subnet creation events.
2026-07-15 06:08:27.153 9 WARNING neutron.scheduler.dhcp_agent_scheduler [None req-91b35fc6-106f-4361-82b9-86c9eb3d0666 503e33d639784b30b5b167a1229587d9 75cfc79b55c44f6eb10f009589d53394 - - default default] No more DHCP agents
2026-07-15 06:08:27.155 9 WARNING neutron.api.rpc.agentnotifiers.dhcp_rpc_agent_api [None req-91b35fc6-106f-4361-82b9-86c9eb3d0666 503e33d639784b30b5b167a1229587d9 75cfc79b55c44f6eb10f009589d53394 - - default default] Unable to schedule network b0a08d2e-a399-4377-9898-dee4960b7886: no agents available; will retry on subsequent port and subnet creation events.
2026-07-15 06:08:27.192 10 INFO neutron.db.ovn_revision_numbers_db [None req-6de52665-06b9-47af-8d8d-be3ef615fbb3 6240c01442444d629b48ca15083bb53d ffe373b3998245d78768dd5f9eb688a6 - - default default] Successfully bumped revision number for resource cd455c68-5a8e-4427-a724-fea041d2e8e9 (type: ports) to 1
2026-07-15 06:08:27.223 10 INFO neutron.wsgi [None req-6de52665-06b9-47af-8d8d-be3ef615fbb3 6240c01442444d629b48ca15083bb53d ffe373b3998245d78768dd5f9eb688a6 - - default default] 10.0.0.193 "POST /v2.0/ports HTTP/1.1" status: 201 len: 942 time: 0.3738053 /var/lib/openstack/lib/python3.10/site-packages/pycadf/identifier.py:71: UserWarning: Invalid uuid: neutron. To ensure interoperability, identifiers should be a valid uuid. warnings.warn(('Invalid uuid: %s. To ensure interoperability, '
2026-07-15 06:08:27.246 9 INFO neutron.db.ovn_revision_numbers_db [None req-91b35fc6-106f-4361-82b9-86c9eb3d0666 503e33d639784b30b5b167a1229587d9 75cfc79b55c44f6eb10f009589d53394 - - default default] Successfully bumped revision number for resource c938df6b-48d0-4879-afd6-5b5b2be8d9cf (type: ports) to 1
2026-07-15 06:08:27.268 10 INFO neutron.wsgi [None req-a62c1a3a-cc43-410f-8cf8-b1cd81860d78 6240c01442444d629b48ca15083bb53d ffe373b3998245d78768dd5f9eb688a6 - - default default] 10.0.0.193 "PUT /v2.0/ports/71c0a5c8-b14c-4f4a-b184-3439e0fd7a74/tags HTTP/1.1" status: 200 len: 210 time: 0.0390346
2026-07-15 06:08:27.274 9 INFO neutron.wsgi [None req-91b35fc6-106f-4361-82b9-86c9eb3d0666 503e33d639784b30b5b167a1229587d9 75cfc79b55c44f6eb10f009589d53394 - - default default] 10.0.0.193 "POST /v2.0/networks HTTP/1.1" status: 201 len: 831 time: 0.4695699
2026-07-15 06:08:27.334 10 INFO neutron.wsgi [None req-82a4d237-1f2b-4758-8dec-16092ad8da35 6240c01442444d629b48ca15083bb53d ffe373b3998245d78768dd5f9eb688a6 - - default default] 10.0.0.193 "PUT /v2.0/ports/ff0737c6-74e5-4e0f-b69e-2ff4b723f7dd/tags HTTP/1.1" status: 200 len: 218 time: 0.0620034
2026-07-15 06:08:27.406 9 INFO neutron.wsgi [None req-09d11f9e-95d2-4c64-9baa-1591c0a8f725 6240c01442444d629b48ca15083bb53d ffe373b3998245d78768dd5f9eb688a6 - - default default] 10.0.0.193 "PUT /v2.0/ports/765334f8-985e-465b-b88e-dec713f05360/tags HTTP/1.1" status: 200 len: 227 time: 0.0658948
2026-07-15 06:08:27.449 10 INFO neutron.wsgi [None req-7cbf3534-76a2-4a6f-be86-9861ffd00842 6240c01442444d629b48ca15083bb53d ffe373b3998245d78768dd5f9eb688a6 - - default default] 10.0.0.193 "PUT /v2.0/ports/99758145-f448-49d3-b6be-659e30a9535b/tags HTTP/1.1" status: 200 len: 212 time: 0.0380442
2026-07-15 06:08:27.594 9 WARNING neutron.scheduler.dhcp_agent_scheduler [None req-acbac658-3980-4528-9bcb-87699b9a11d1 503e33d639784b30b5b167a1229587d9 75cfc79b55c44f6eb10f009589d53394 - - default default] No more DHCP agents
2026-07-15 06:08:27.606 9 WARNING neutron.api.rpc.agentnotifiers.dhcp_rpc_agent_api [None req-acbac658-3980-4528-9bcb-87699b9a11d1 503e33d639784b30b5b167a1229587d9 75cfc79b55c44f6eb10f009589d53394 - - default default] Unable to schedule network b0a08d2e-a399-4377-9898-dee4960b7886: no agents available; will retry on subsequent port and subnet creation events.
2026-07-15 06:08:27.684 9 INFO neutron.wsgi [None req-5d75f227-4bd9-46b1-a56d-ea42a7a5c433 6240c01442444d629b48ca15083bb53d ffe373b3998245d78768dd5f9eb688a6 - - default default] 10.0.0.193 "GET /v2.0/ports?tags=red HTTP/1.1" status: 200 len: 2448 time: 0.2282176 /var/lib/openstack/lib/python3.10/site-packages/pycadf/identifier.py:71: UserWarning: Invalid uuid: neutron. To ensure interoperability, identifiers should be a valid uuid. warnings.warn(('Invalid uuid: %s. To ensure interoperability, '
2026-07-15 06:08:27.755 9 INFO neutron.wsgi [None req-216289ef-cc29-4a93-a96e-5b58b4e24d36 6240c01442444d629b48ca15083bb53d ffe373b3998245d78768dd5f9eb688a6 - - default default] 10.0.0.193 "GET /v2.0/ports?tags=red%2Cblue HTTP/1.1" status: 200 len: 1708 time: 0.0607920
2026-07-15 06:08:27.756 9 INFO neutron.db.ovn_revision_numbers_db [None req-acbac658-3980-4528-9bcb-87699b9a11d1 503e33d639784b30b5b167a1229587d9 75cfc79b55c44f6eb10f009589d53394 - - default default] Successfully bumped revision number for resource cdc971fd-d335-481c-9af7-bf718f7f5531 (type: ports) to 1
2026-07-15 06:08:27.782 9 INFO neutron.wsgi [None req-acbac658-3980-4528-9bcb-87699b9a11d1 503e33d639784b30b5b167a1229587d9 75cfc79b55c44f6eb10f009589d53394 - - default default] 10.0.0.193 "POST /v2.0/ports HTTP/1.1" status: 201 len: 942 time: 0.5051432
2026-07-15 06:08:27.889 10 INFO neutron.wsgi [None req-ece24e66-f444-4c25-b7cb-4a1dcd157051 6240c01442444d629b48ca15083bb53d ffe373b3998245d78768dd5f9eb688a6 - - default default] 10.0.0.193 "GET /v2.0/ports?tags-any=blue HTTP/1.1" status: 200 len: 1708 time: 0.1286919
2026-07-15 06:08:27.975 9 INFO neutron.wsgi [None req-0c5e24a2-8357-49f7-a2e8-a2406c4dfa4d 503e33d639784b30b5b167a1229587d9 75cfc79b55c44f6eb10f009589d53394 - - default default] 10.0.0.193 "POST /v2.0/trunks HTTP/1.1" status: 201 len: 608 time: 0.1871343
2026-07-15 06:08:27.982 10 INFO neutron.wsgi [None req-e4aefe49-eeec-45cb-bd43-7a6c3344a0fa 6240c01442444d629b48ca15083bb53d ffe373b3998245d78768dd5f9eb688a6 - - default default] 10.0.0.193 "GET /v2.0/ports?tags-any=red%2Cblue HTTP/1.1" status: 200 len: 2448 time: 0.0878999
2026-07-15 06:08:28.067 9 INFO neutron.db.segments_db [None req-901a43ad-45dc-493a-a92c-a86e7b0a8e82 503e33d639784b30b5b167a1229587d9 75cfc79b55c44f6eb10f009589d53394 - - default default] Added segment 4905b248-99b3-404b-acc8-03d30c353c77 of type geneve for network f853dcee-5add-4c33-8780-19feeadd91e4
2026-07-15 06:08:28.135 10 INFO neutron.wsgi [None req-431ea0bd-f879-4475-8491-7a4da40f9459 6240c01442444d629b48ca15083bb53d ffe373b3998245d78768dd5f9eb688a6 - - default default] 10.0.0.193 "GET /v2.0/ports?not-tags=red HTTP/1.1" status: 200 len: 5463 time: 0.1486399
2026-07-15 06:08:28.217 10 INFO neutron.wsgi [None req-54be8723-e941-4b5a-96b9-89027758acac 6240c01442444d629b48ca15083bb53d ffe373b3998245d78768dd5f9eb688a6 - - default default] 10.0.0.193 "GET /v2.0/ports?not-tags=red%2Cblue HTTP/1.1" status: 200 len: 6203 time: 0.0759890
2026-07-15 06:08:28.227 9 INFO neutron.db.ovn_revision_numbers_db [None req-901a43ad-45dc-493a-a92c-a86e7b0a8e82 503e33d639784b30b5b167a1229587d9 75cfc79b55c44f6eb10f009589d53394 - - default default] Successfully bumped revision number for resource f853dcee-5add-4c33-8780-19feeadd91e4 (type: networks) to 1
2026-07-15 06:08:28.300 10 INFO neutron.wsgi [None req-3971fbab-2a90-45a4-9b6e-cb4f7bb7f9bc 6240c01442444d629b48ca15083bb53d ffe373b3998245d78768dd5f9eb688a6 - - default default] 10.0.0.193 "GET /v2.0/ports?not-tags-any=blue HTTP/1.1" status: 200 len: 6203 time: 0.0741687
2026-07-15 06:08:28.320 9 INFO neutron.db.ovn_revision_numbers_db [None req-aea6c090-a5d8-49f4-b233-79e2a42b1f6b 72e1e1c93c2b4309b218cec8dfe26e4c 25817168934a4ca9a556d1d482601e5b - - default default] Successfully bumped revision number for resource e27d7dcb-243f-4be8-abe8-6f3215ee4fcb (type: security_groups) to 1
2026-07-15 06:08:28.345 9 INFO neutron.db.ovn_revision_numbers_db [None req-aea6c090-a5d8-49f4-b233-79e2a42b1f6b 72e1e1c93c2b4309b218cec8dfe26e4c 25817168934a4ca9a556d1d482601e5b - - default default] Successfully bumped revision number for resource 029b2614-2eb1-4ddb-9035-ed237393c8d2 (type: security_group_rules) to 0
2026-07-15 06:08:28.363 10 INFO neutron.wsgi [None req-0a433f12-20e5-469c-88e7-8d8426e386b6 6240c01442444d629b48ca15083bb53d ffe373b3998245d78768dd5f9eb688a6 - - default default] 10.0.0.193 "GET /v2.0/ports?not-tags-any=red%2Cblue HTTP/1.1" status: 200 len: 5463 time: 0.0576904
2026-07-15 06:08:28.373 9 INFO neutron.db.ovn_revision_numbers_db [None req-aea6c090-a5d8-49f4-b233-79e2a42b1f6b 72e1e1c93c2b4309b218cec8dfe26e4c 25817168934a4ca9a556d1d482601e5b - - default default] Successfully bumped revision number for resource 8fac8e9c-09c7-43c1-8b4c-a3f6fcb1b48e (type: security_group_rules) to 0
2026-07-15 06:08:28.389 9 INFO neutron.db.ovn_revision_numbers_db [None req-aea6c090-a5d8-49f4-b233-79e2a42b1f6b 72e1e1c93c2b4309b218cec8dfe26e4c 25817168934a4ca9a556d1d482601e5b - - default default] Successfully bumped revision number for resource 9b536dde-85ee-4faf-8a42-389852180c9a (type: security_group_rules) to 0
2026-07-15 06:08:28.412 9 INFO neutron.db.ovn_revision_numbers_db [None req-aea6c090-a5d8-49f4-b233-79e2a42b1f6b 72e1e1c93c2b4309b218cec8dfe26e4c 25817168934a4ca9a556d1d482601e5b - - default default] Successfully bumped revision number for resource ceddd717-7e4b-498e-a33a-51f2c3abc207 (type: security_group_rules) to 0
2026-07-15 06:08:28.418 9 WARNING neutron.scheduler.dhcp_agent_scheduler [None req-901a43ad-45dc-493a-a92c-a86e7b0a8e82 503e33d639784b30b5b167a1229587d9 75cfc79b55c44f6eb10f009589d53394 - - default default] No more DHCP agents
2026-07-15 06:08:28.424 9 WARNING neutron.api.rpc.agentnotifiers.dhcp_rpc_agent_api [None req-901a43ad-45dc-493a-a92c-a86e7b0a8e82 503e33d639784b30b5b167a1229587d9 75cfc79b55c44f6eb10f009589d53394 - - default default] Unable to schedule network f853dcee-5add-4c33-8780-19feeadd91e4: no agents available; will retry on subsequent port and subnet creation events.
2026-07-15 06:08:28.468 9 INFO neutron.db.segments_db [None req-aea6c090-a5d8-49f4-b233-79e2a42b1f6b 72e1e1c93c2b4309b218cec8dfe26e4c 25817168934a4ca9a556d1d482601e5b - - default default] Added segment 8ef341c5-7f5a-4a90-af1b-3409ab9acae4 of type geneve for network 3a93a360-5769-4f00-b6ce-8e619956cd6a
2026-07-15 06:08:28.612 10 INFO neutron.wsgi [None req-696f4394-ae18-415a-9a9f-3400510bdf51 6240c01442444d629b48ca15083bb53d ffe373b3998245d78768dd5f9eb688a6 - - default default] 10.0.0.193 "DELETE /v2.0/ports/71c0a5c8-b14c-4f4a-b184-3439e0fd7a74 HTTP/1.1" status: 204 len: 168 time: 0.2417774
2026-07-15 06:08:28.740 9 INFO neutron.db.ovn_revision_numbers_db [None req-901a43ad-45dc-493a-a92c-a86e7b0a8e82 503e33d639784b30b5b167a1229587d9 75cfc79b55c44f6eb10f009589d53394 - - default default] Successfully bumped revision number for resource 02d2a9a7-a9d0-4395-b07c-5878699ce5b1 (type: ports) to 1
2026-07-15 06:08:28.771 9 INFO neutron.wsgi [None req-901a43ad-45dc-493a-a92c-a86e7b0a8e82 503e33d639784b30b5b167a1229587d9 75cfc79b55c44f6eb10f009589d53394 - - default default] 10.0.0.193 "POST /v2.0/networks HTTP/1.1" status: 201 len: 830 time: 0.7914813
2026-07-15 06:08:28.840 9 INFO neutron.db.ovn_revision_numbers_db [None req-aea6c090-a5d8-49f4-b233-79e2a42b1f6b 72e1e1c93c2b4309b218cec8dfe26e4c 25817168934a4ca9a556d1d482601e5b - - default default] Successfully bumped revision number for resource 3a93a360-5769-4f00-b6ce-8e619956cd6a (type: networks) to 1
2026-07-15 06:08:29.049 10 INFO neutron.wsgi [None req-356e7f62-53d4-4373-9c9f-f37e95913c47 6240c01442444d629b48ca15083bb53d ffe373b3998245d78768dd5f9eb688a6 - - default default] 10.0.0.193 "DELETE /v2.0/ports/ff0737c6-74e5-4e0f-b69e-2ff4b723f7dd HTTP/1.1" status: 204 len: 168 time: 0.4320970
2026-07-15 06:08:29.059 9 WARNING neutron.scheduler.dhcp_agent_scheduler [None req-aea6c090-a5d8-49f4-b233-79e2a42b1f6b 72e1e1c93c2b4309b218cec8dfe26e4c 25817168934a4ca9a556d1d482601e5b - - default default] No more DHCP agents
2026-07-15 06:08:29.063 9 WARNING neutron.api.rpc.agentnotifiers.dhcp_rpc_agent_api [None req-aea6c090-a5d8-49f4-b233-79e2a42b1f6b 72e1e1c93c2b4309b218cec8dfe26e4c 25817168934a4ca9a556d1d482601e5b - - default default] Unable to schedule network 3a93a360-5769-4f00-b6ce-8e619956cd6a: no agents available; will retry on subsequent port and subnet creation events.
2026-07-15 06:08:29.095 9 WARNING neutron.scheduler.dhcp_agent_scheduler [None req-550226b9-631f-4525-a9a4-3147abc651f6 503e33d639784b30b5b167a1229587d9 75cfc79b55c44f6eb10f009589d53394 - - default default] No more DHCP agents
2026-07-15 06:08:29.106 9 WARNING neutron.api.rpc.agentnotifiers.dhcp_rpc_agent_api [None req-550226b9-631f-4525-a9a4-3147abc651f6 503e33d639784b30b5b167a1229587d9 75cfc79b55c44f6eb10f009589d53394 - - default default] Unable to schedule network f853dcee-5add-4c33-8780-19feeadd91e4: no agents available; will retry on subsequent port and subnet creation events.
2026-07-15 06:08:29.178 9 INFO neutron.db.ovn_revision_numbers_db [None req-aea6c090-a5d8-49f4-b233-79e2a42b1f6b 72e1e1c93c2b4309b218cec8dfe26e4c 25817168934a4ca9a556d1d482601e5b - - default default] Successfully bumped revision number for resource 28417889-c207-4dbf-a1c2-497db1a8c899 (type: ports) to 1
2026-07-15 06:08:29.208 9 INFO neutron.wsgi [None req-aea6c090-a5d8-49f4-b233-79e2a42b1f6b 72e1e1c93c2b4309b218cec8dfe26e4c 25817168934a4ca9a556d1d482601e5b - - default default] 10.0.0.193 "POST /v2.0/networks HTTP/1.1" status: 201 len: 929 time: 1.2419415
2026-07-15 06:08:29.213 9 INFO neutron.db.ovn_revision_numbers_db [None req-550226b9-631f-4525-a9a4-3147abc651f6 503e33d639784b30b5b167a1229587d9 75cfc79b55c44f6eb10f009589d53394 - - default default] Successfully bumped revision number for resource ac6d5d82-f593-4746-97cd-3cc8cb4a944a (type: ports) to 1
2026-07-15 06:08:29.238 9 INFO neutron.wsgi [None req-550226b9-631f-4525-a9a4-3147abc651f6 503e33d639784b30b5b167a1229587d9 75cfc79b55c44f6eb10f009589d53394 - - default default] 10.0.0.193 "POST /v2.0/ports HTTP/1.1" status: 201 len: 942 time: 0.4532609 /var/lib/openstack/lib/python3.10/site-packages/pycadf/identifier.py:71: UserWarning: Invalid uuid: neutron. To ensure interoperability, identifiers should be a valid uuid. warnings.warn(('Invalid uuid: %s. To ensure interoperability, '
2026-07-15 06:08:29.393 10 INFO neutron.wsgi [None req-0619ade0-e3f7-4201-96c4-1870d8888068 6240c01442444d629b48ca15083bb53d ffe373b3998245d78768dd5f9eb688a6 - - default default] 10.0.0.193 "DELETE /v2.0/ports/765334f8-985e-465b-b88e-dec713f05360 HTTP/1.1" status: 204 len: 168 time: 0.3383873
2026-07-15 06:08:29.423 10 WARNING neutron.scheduler.dhcp_agent_scheduler [None req-fd813176-010d-426d-bf40-927fef39f06a 72e1e1c93c2b4309b218cec8dfe26e4c 25817168934a4ca9a556d1d482601e5b - - default default] No more DHCP agents
2026-07-15 06:08:29.425 10 WARNING neutron.api.rpc.agentnotifiers.dhcp_rpc_agent_api [None req-fd813176-010d-426d-bf40-927fef39f06a 72e1e1c93c2b4309b218cec8dfe26e4c 25817168934a4ca9a556d1d482601e5b - - default default] Unable to schedule network 3a93a360-5769-4f00-b6ce-8e619956cd6a: no agents available; will retry on subsequent port and subnet creation events.
2026-07-15 06:08:29.425 9 INFO neutron.wsgi [None req-e23f14a5-a39f-432a-84ab-ac054aea25d4 503e33d639784b30b5b167a1229587d9 75cfc79b55c44f6eb10f009589d53394 - - default default] 10.0.0.193 "POST /v2.0/trunks HTTP/1.1" status: 201 len: 608 time: 0.1811733
2026-07-15 06:08:29.526 9 INFO neutron.db.segments_db [None req-508376a9-4c50-44c5-b794-0ae316b04b39 503e33d639784b30b5b167a1229587d9 75cfc79b55c44f6eb10f009589d53394 - - default default] Added segment 375dffe7-16a7-491a-befb-fc3d6fcaa2ec of type geneve for network 96b90a8d-46c0-4bb3-8d0e-420f98040702
2026-07-15 06:08:29.687 9 INFO neutron.wsgi [None req-bbc28910-e1a3-415e-b785-56286820cf6b 6240c01442444d629b48ca15083bb53d ffe373b3998245d78768dd5f9eb688a6 - - default default] 10.0.0.193 "DELETE /v2.0/ports/99758145-f448-49d3-b6be-659e30a9535b HTTP/1.1" status: 204 len: 168 time: 0.2883914
2026-07-15 06:08:29.708 9 INFO neutron.db.ovn_revision_numbers_db [None req-508376a9-4c50-44c5-b794-0ae316b04b39 503e33d639784b30b5b167a1229587d9 75cfc79b55c44f6eb10f009589d53394 - - default default] Successfully bumped revision number for resource 96b90a8d-46c0-4bb3-8d0e-420f98040702 (type: networks) to 1
2026-07-15 06:08:29.854 10 INFO neutron.db.ovn_revision_numbers_db [None req-fd813176-010d-426d-bf40-927fef39f06a 72e1e1c93c2b4309b218cec8dfe26e4c 25817168934a4ca9a556d1d482601e5b - - default default] Successfully bumped revision number for resource 28417889-c207-4dbf-a1c2-497db1a8c899 (type: ports) to 2
2026-07-15 06:08:29.896 10 INFO neutron.db.ovn_revision_numbers_db [None req-fd813176-010d-426d-bf40-927fef39f06a 72e1e1c93c2b4309b218cec8dfe26e4c 25817168934a4ca9a556d1d482601e5b - - default default] Successfully bumped revision number for resource cd112472-75e1-4192-8a8b-944313e2ddfc (type: subnets) to 0
2026-07-15 06:08:29.911 10 INFO neutron.wsgi [None req-fd813176-010d-426d-bf40-927fef39f06a 72e1e1c93c2b4309b218cec8dfe26e4c 25817168934a4ca9a556d1d482601e5b - - default default] 10.0.0.193 "POST /v2.0/subnets HTTP/1.1" status: 201 len: 819 time: 0.6955006
2026-07-15 06:08:29.920 10 WARNING neutron.api.v2.base [None req-0bda8f31-311c-4715-aecf-3537bfd3fed3 72e1e1c93c2b4309b218cec8dfe26e4c 25817168934a4ca9a556d1d482601e5b - - default default] An exception happened while processing the request body. The exception message is [Invalid input for target_tenant. Reason: 'None' is not a valid string.].: webob.exc.HTTPBadRequest: Invalid input for target_tenant. Reason: 'None' is not a valid string.
2026-07-15 06:08:29.921 10 INFO neutron.api.v2.resource [None req-0bda8f31-311c-4715-aecf-3537bfd3fed3 72e1e1c93c2b4309b218cec8dfe26e4c 25817168934a4ca9a556d1d482601e5b - - default default] create failed (client error): Invalid input for target_tenant. Reason: 'None' is not a valid string.
2026-07-15 06:08:29.922 10 INFO neutron.wsgi [None req-0bda8f31-311c-4715-aecf-3537bfd3fed3 72e1e1c93c2b4309b218cec8dfe26e4c 25817168934a4ca9a556d1d482601e5b - - default default] 10.0.0.193 "POST /v2.0/rbac-policies HTTP/1.1" status: 400 len: 346 time: 0.0059476
2026-07-15 06:08:29.937 9 WARNING neutron.scheduler.dhcp_agent_scheduler [None req-508376a9-4c50-44c5-b794-0ae316b04b39 503e33d639784b30b5b167a1229587d9 75cfc79b55c44f6eb10f009589d53394 - - default default] No more DHCP agents
2026-07-15 06:08:29.942 9 WARNING neutron.api.rpc.agentnotifiers.dhcp_rpc_agent_api [None req-508376a9-4c50-44c5-b794-0ae316b04b39 503e33d639784b30b5b167a1229587d9 75cfc79b55c44f6eb10f009589d53394 - - default default] Unable to schedule network 96b90a8d-46c0-4bb3-8d0e-420f98040702: no agents available; will retry on subsequent port and subnet creation events.
2026-07-15 06:08:30.022 9 INFO neutron.wsgi [None req-c5d16489-bd59-4ec7-8328-16e4a8ac192a 6240c01442444d629b48ca15083bb53d ffe373b3998245d78768dd5f9eb688a6 - - default default] 10.0.0.193 "DELETE /v2.0/ports/cd455c68-5a8e-4427-a724-fea041d2e8e9 HTTP/1.1" status: 204 len: 168 time: 0.3301847
2026-07-15 06:08:30.036 9 INFO neutron.db.ovn_revision_numbers_db [None req-508376a9-4c50-44c5-b794-0ae316b04b39 503e33d639784b30b5b167a1229587d9 75cfc79b55c44f6eb10f009589d53394 - - default default] Successfully bumped revision number for resource 43211637-c026-4fba-a1bc-ebbf5c44cdae (type: ports) to 1
2026-07-15 06:08:30.057 9 INFO neutron.wsgi [None req-508376a9-4c50-44c5-b794-0ae316b04b39 503e33d639784b30b5b167a1229587d9 75cfc79b55c44f6eb10f009589d53394 - - default default] 10.0.0.193 "POST /v2.0/networks HTTP/1.1" status: 201 len: 830 time: 0.6231127
2026-07-15 06:08:30.311 9 WARNING neutron.scheduler.dhcp_agent_scheduler [None req-2e61a2c0-4939-47ae-bc74-744f6354d295 503e33d639784b30b5b167a1229587d9 75cfc79b55c44f6eb10f009589d53394 - - default default] No more DHCP agents
2026-07-15 06:08:30.313 9 WARNING neutron.api.rpc.agentnotifiers.dhcp_rpc_agent_api [None req-2e61a2c0-4939-47ae-bc74-744f6354d295 503e33d639784b30b5b167a1229587d9 75cfc79b55c44f6eb10f009589d53394 - - default default] Unable to schedule network 96b90a8d-46c0-4bb3-8d0e-420f98040702: no agents available; will retry on subsequent port and subnet creation events.
2026-07-15 06:08:30.399 9 INFO neutron.db.ovn_revision_numbers_db [None req-2e61a2c0-4939-47ae-bc74-744f6354d295 503e33d639784b30b5b167a1229587d9 75cfc79b55c44f6eb10f009589d53394 - - default default] Successfully bumped revision number for resource e73428b9-6d7c-4b63-874a-a01137cf13fd (type: ports) to 1
2026-07-15 06:08:30.425 9 INFO neutron.wsgi [None req-2e61a2c0-4939-47ae-bc74-744f6354d295 503e33d639784b30b5b167a1229587d9 75cfc79b55c44f6eb10f009589d53394 - - default default] 10.0.0.193 "POST /v2.0/ports HTTP/1.1" status: 201 len: 942 time: 0.3634908 /var/lib/openstack/lib/python3.10/site-packages/pycadf/identifier.py:71: UserWarning: Invalid uuid: neutron. To ensure interoperability, identifiers should be a valid uuid. warnings.warn(('Invalid uuid: %s. To ensure interoperability, '
2026-07-15 06:08:30.510 10 INFO neutron.services.segments.plugin [-] Segment af99b23f-9556-45f9-869b-e493e6d6584e resource provider aggregate not found
2026-07-15 06:08:30.516 10 INFO neutron.services.segments.plugin [-] Segment af99b23f-9556-45f9-869b-e493e6d6584e resource provider aggregate not found
2026-07-15 06:08:30.529 10 INFO neutron.services.segments.plugin [-] Segment af99b23f-9556-45f9-869b-e493e6d6584e resource provider not found; error: Placement Client Error (4xx): {"errors": [{"status": 404, "title": "Not Found", "detail": "The resource could not be found.\n\n No resource provider with uuid af99b23f-9556-45f9-869b-e493e6d6584e found for delete ", "request_id": "req-faf1f249-80c2-45ca-addc-bbb3fbca94c1"}]}
2026-07-15 06:08:30.534 10 INFO neutron.services.segments.plugin [-] Segment af99b23f-9556-45f9-869b-e493e6d6584e resource provider not found; error: Placement Client Error (4xx): {"errors": [{"status": 404, "title": "Not Found", "detail": "The resource could not be found.\n\n No resource provider with uuid af99b23f-9556-45f9-869b-e493e6d6584e found for delete ", "request_id": "req-22171dc3-e782-4457-9351-a1f35ec03948"}]}
2026-07-15 06:08:30.568 10 INFO neutron.wsgi [None req-b448533d-67ab-4e0f-af5d-ed679a88e3ed 6240c01442444d629b48ca15083bb53d ffe373b3998245d78768dd5f9eb688a6 - - default default] 10.0.0.193 "DELETE /v2.0/networks/70f9f07d-c450-477e-87a5-c96120c6de09 HTTP/1.1" status: 204 len: 168 time: 0.5407975
2026-07-15 06:08:30.599 9 INFO neutron.wsgi [None req-d8e73c1c-bbfc-472e-97b8-c4aadb0f5dd8 503e33d639784b30b5b167a1229587d9 75cfc79b55c44f6eb10f009589d53394 - - default default] 10.0.0.193 "POST /v2.0/trunks HTTP/1.1" status: 201 len: 608 time: 0.1684115
2026-07-15 06:08:30.627 9 INFO neutron.wsgi [None req-52d6e2d3-f2c3-416c-9ac8-40e95b0a8888 503e33d639784b30b5b167a1229587d9 75cfc79b55c44f6eb10f009589d53394 - - default default] 10.0.0.193 "PUT /v2.0/trunks/9259d103-32f1-4064-a3d3-1ff3dc5ab3bd/tags HTTP/1.1" status: 200 len: 210 time: 0.0214362
2026-07-15 06:08:30.675 9 INFO neutron.wsgi [None req-c7c90997-ffa9-4293-a988-0701a2694b1f 503e33d639784b30b5b167a1229587d9 75cfc79b55c44f6eb10f009589d53394 - - default default] 10.0.0.193 "PUT /v2.0/trunks/e92347f3-a188-40ad-bd50-8f0ddec0a0ff/tags HTTP/1.1" status: 200 len: 218 time: 0.0419087
2026-07-15 06:08:30.690 10 INFO neutron.wsgi [None req-e1bbe718-0645-4f28-ba88-af600fa360c0 72e1e1c93c2b4309b218cec8dfe26e4c 25817168934a4ca9a556d1d482601e5b - - default default] 10.0.0.193 "DELETE /v2.0/networks/3a93a360-5769-4f00-b6ce-8e619956cd6a HTTP/1.1" status: 204 len: 168 time: 0.7638221
2026-07-15 06:08:30.706 9 INFO neutron.wsgi [None req-e65c91cc-d64f-4541-8533-473b37464054 503e33d639784b30b5b167a1229587d9 75cfc79b55c44f6eb10f009589d53394 - - default default] 10.0.0.193 "PUT /v2.0/trunks/78598613-f4d9-451a-8435-cd864bef69e7/tags HTTP/1.1" status: 200 len: 227 time: 0.0260398
2026-07-15 06:08:30.749 9 INFO neutron.wsgi [None req-39140922-7944-415d-ab44-250ba68386eb 503e33d639784b30b5b167a1229587d9 75cfc79b55c44f6eb10f009589d53394 - - default default] 10.0.0.193 "PUT /v2.0/trunks/f09e0f8d-27d7-4e73-b85e-198c81443bb9/tags HTTP/1.1" status: 200 len: 212 time: 0.0398171
2026-07-15 06:08:30.787 9 INFO neutron.wsgi [None req-137c1e2a-8b50-4c77-a5b3-6ad6ad9e8669 503e33d639784b30b5b167a1229587d9 75cfc79b55c44f6eb10f009589d53394 - - default default] 10.0.0.193 "GET /v2.0/trunks?tags=red HTTP/1.1" status: 200 len: 1447 time: 0.0300999
2026-07-15 06:08:30.822 10 INFO neutron.wsgi [None req-e06d87ad-c8ec-49c9-ab33-024a398cdd12 503e33d639784b30b5b167a1229587d9 75cfc79b55c44f6eb10f009589d53394 - - default default] 10.0.0.193 "GET /v2.0/trunks?tags=red%2Cblue HTTP/1.1" status: 200 len: 1041 time: 0.0242147
2026-07-15 06:08:30.826 9 INFO neutron.db.segments_db [None req-b77b3021-d7a6-4fce-9467-fddb85ca9ecf 72e1e1c93c2b4309b218cec8dfe26e4c 25817168934a4ca9a556d1d482601e5b - - default default] Added segment 80ee5b5d-92b0-471c-a799-98152d8908f3 of type geneve for network 6c827a4a-dad1-4a4e-8246-980059d01428
2026-07-15 06:08:30.859 10 INFO neutron.wsgi [None req-9005ed57-245b-45eb-b6a3-fbdae6dc4141 503e33d639784b30b5b167a1229587d9 75cfc79b55c44f6eb10f009589d53394 - - default default] 10.0.0.193 "GET /v2.0/trunks?tags-any=blue HTTP/1.1" status: 200 len: 1041 time: 0.0324576
2026-07-15 06:08:30.906 10 INFO neutron.wsgi [None req-6faed1be-1253-4fd4-89c5-31b4b9ac2476 503e33d639784b30b5b167a1229587d9 75cfc79b55c44f6eb10f009589d53394 - - default default] 10.0.0.193 "GET /v2.0/trunks?tags-any=red%2Cblue HTTP/1.1" status: 200 len: 1447 time: 0.0414360
2026-07-15 06:08:30.950 9 INFO neutron.wsgi [None req-4965e953-fe86-405b-ac32-a989d39f452b 503e33d639784b30b5b167a1229587d9 75cfc79b55c44f6eb10f009589d53394 - - default default] 10.0.0.193 "GET /v2.0/trunks?not-tags=red HTTP/1.1" status: 200 len: 1013 time: 0.0378778
2026-07-15 06:08:30.984 9 INFO neutron.db.ovn_revision_numbers_db [None req-b77b3021-d7a6-4fce-9467-fddb85ca9ecf 72e1e1c93c2b4309b218cec8dfe26e4c 25817168934a4ca9a556d1d482601e5b - - default default] Successfully bumped revision number for resource 6c827a4a-dad1-4a4e-8246-980059d01428 (type: networks) to 1
2026-07-15 06:08:31.002 10 INFO neutron.wsgi [None req-3ad4735e-f69e-48ea-bb95-998d323f5541 503e33d639784b30b5b167a1229587d9 75cfc79b55c44f6eb10f009589d53394 - - default default] 10.0.0.193 "GET /v2.0/trunks?not-tags=red%2Cblue HTTP/1.1" status: 200 len: 1419 time: 0.0455134
2026-07-15 06:08:31.028 10 INFO neutron.wsgi [None req-1eed56d1-dd51-4fdb-b819-bbb8dba50958 503e33d639784b30b5b167a1229587d9 75cfc79b55c44f6eb10f009589d53394 - - default default] 10.0.0.193 "GET /v2.0/trunks?not-tags-any=blue HTTP/1.1" status: 200 len: 1419 time: 0.0200999
2026-07-15 06:08:31.034 10 INFO neutron.wsgi [None req-86f2abee-4e06-4dda-942d-8e93dd35a248 6240c01442444d629b48ca15083bb53d ffe373b3998245d78768dd5f9eb688a6 - - default default] 10.0.0.193 "DELETE /v2.0/networks/729dd0a0-dfed-496f-abd5-1ebc1ef71add HTTP/1.1" status: 204 len: 168 time: 0.4591236
2026-07-15 06:08:31.060 9 INFO neutron.wsgi [None req-fcf191bc-35c5-414c-9cb1-4990734d6ac1 503e33d639784b30b5b167a1229587d9 75cfc79b55c44f6eb10f009589d53394 - - default default] 10.0.0.193 "GET /v2.0/trunks?not-tags-any=red%2Cblue HTTP/1.1" status: 200 len: 1013 time: 0.0249569
2026-07-15 06:08:31.088 10 INFO neutron.wsgi [None req-d662a8a7-56dd-4508-93c5-b92d629adc80 503e33d639784b30b5b167a1229587d9 75cfc79b55c44f6eb10f009589d53394 - - default default] 10.0.0.193 "GET /v2.0/trunks/9259d103-32f1-4064-a3d3-1ff3dc5ab3bd HTTP/1.1" status: 200 len: 608 time: 0.0166914
2026-07-15 06:08:31.136 9 WARNING neutron.scheduler.dhcp_agent_scheduler [None req-b77b3021-d7a6-4fce-9467-fddb85ca9ecf 72e1e1c93c2b4309b218cec8dfe26e4c 25817168934a4ca9a556d1d482601e5b - - default default] No more DHCP agents
2026-07-15 06:08:31.138 9 WARNING neutron.api.rpc.agentnotifiers.dhcp_rpc_agent_api [None req-b77b3021-d7a6-4fce-9467-fddb85ca9ecf 72e1e1c93c2b4309b218cec8dfe26e4c 25817168934a4ca9a556d1d482601e5b - - default default] Unable to schedule network 6c827a4a-dad1-4a4e-8246-980059d01428: no agents available; will retry on subsequent port and subnet creation events.
2026-07-15 06:08:31.230 9 INFO neutron.db.ovn_revision_numbers_db [None req-b77b3021-d7a6-4fce-9467-fddb85ca9ecf 72e1e1c93c2b4309b218cec8dfe26e4c 25817168934a4ca9a556d1d482601e5b - - default default] Successfully bumped revision number for resource f1a1269f-bcf7-485b-9cbf-efc4536b9c86 (type: ports) to 1
2026-07-15 06:08:31.241 10 INFO neutron.wsgi [None req-78407199-20ac-4552-b86e-c3ce57e16c31 503e33d639784b30b5b167a1229587d9 75cfc79b55c44f6eb10f009589d53394 - - default default] 10.0.0.193 "GET /v2.0/ports/524a7616-6b28-4888-8db0-abcdb3cc8821 HTTP/1.1" status: 200 len: 1020 time: 0.1464128
