2026-07-15 06:06:16.533 10 INFO neutron.services.segments.plugin [-] Segment 9f323d14-bc93-4777-8672-9419fbbb240e resource provider not found; error: Placement Client Error (4xx): {"errors": [{"status": 404, "title": "Not Found", "detail": "The resource could not be found.\n\n No resource provider with uuid 9f323d14-bc93-4777-8672-9419fbbb240e found for delete ", "request_id": "req-622c9477-f159-41b1-a520-6f031c326f07"}]}
2026-07-15 06:06:16.538 9 INFO neutron.wsgi [None req-9e61d7bc-ca94-4033-9f64-d32dfbf62ab0 3e3a9eb92178438a8edbe46f1fbe5860 44c227ab03b541e7887d7736432c0334 - - default default] 10.0.0.193 "POST /v2.0/floatingips HTTP/1.1" status: 201 len: 1040 time: 1.3921628
2026-07-15 06:06:16.552 9 INFO neutron.wsgi [req-15343bf1-b200-4edb-bb38-d299899a4f18 req-708fa312-acdf-4c8f-9adf-74dcbdbb439b 433fc69e25394f2098f4ad681f099f43 7a12ee3054c946599065086e3da85397 - - default default] 10.0.0.185 "GET /v2.0/ports?device_id=412a9bd1-8899-4c9a-a298-c39934f792e0 HTTP/1.1" status: 200 len: 210 time: 0.0253136
2026-07-15 06:06:16.605 10 INFO neutron.wsgi [None req-828737b3-7d42-4d8e-9f98-777a28cf96b6 37e50b704bec403d97c72e9ef2c272e7 d4041af312ff4483981edf904e66de94 - - default default] 10.0.0.193 "DELETE /v2.0/networks/ada0559d-d6d7-4c06-a267-a0a6fac67668 HTTP/1.1" status: 204 len: 168 time: 0.6706438
2026-07-15 06:06:16.715 10 INFO neutron.db.l3_db [None req-7f7b8090-5891-418c-b211-537f96362086 3e3a9eb92178438a8edbe46f1fbe5860 44c227ab03b541e7887d7736432c0334 - - default default] Floating IP 271bb8f5-1ad4-414e-bfd5-52344d605a38 disassociated. External IP: 10.96.250.209, port: ccc08a27-81d3-4a08-bc7d-63973a63c48f.
2026-07-15 06:06:16.813 10 INFO neutron.db.ovn_revision_numbers_db [None req-7f7b8090-5891-418c-b211-537f96362086 3e3a9eb92178438a8edbe46f1fbe5860 44c227ab03b541e7887d7736432c0334 - - default default] Successfully bumped revision number for resource 271bb8f5-1ad4-414e-bfd5-52344d605a38 (type: floatingips) to 2
2026-07-15 06:06:16.910 10 INFO neutron.wsgi [None req-7f7b8090-5891-418c-b211-537f96362086 3e3a9eb92178438a8edbe46f1fbe5860 44c227ab03b541e7887d7736432c0334 - - default default] 10.0.0.193 "PUT /v2.0/floatingips/271bb8f5-1ad4-414e-bfd5-52344d605a38 HTTP/1.1" status: 200 len: 748 time: 0.3614364 /var/lib/openstack/lib/python3.10/site-packages/pycadf/identifier.py:71: UserWarning: Invalid uuid: neutron. To ensure interoperability, identifiers should be a valid uuid. warnings.warn(('Invalid uuid: %s. To ensure interoperability, '
2026-07-15 06:06:17.014 9 INFO neutron.wsgi [None req-353ac012-58b8-44a5-b73f-3c4c72301f11 37e50b704bec403d97c72e9ef2c272e7 d4041af312ff4483981edf904e66de94 - - default default] 10.0.0.193 "DELETE /v2.0/networks/eda6210f-69ba-41c8-b8b2-da2d51bfb2fd HTTP/1.1" status: 204 len: 168 time: 0.4025924
2026-07-15 06:06:17.027 10 WARNING neutron.scheduler.dhcp_agent_scheduler [req-4d0cdc06-5313-441b-9b4b-1ddb1b03afa2 req-e606d85e-d8ff-454f-8224-e006a1e3b467 433fc69e25394f2098f4ad681f099f43 7a12ee3054c946599065086e3da85397 - - default default] No more DHCP agents
2026-07-15 06:06:17.030 10 WARNING neutron.api.rpc.agentnotifiers.dhcp_rpc_agent_api [req-4d0cdc06-5313-441b-9b4b-1ddb1b03afa2 req-e606d85e-d8ff-454f-8224-e006a1e3b467 433fc69e25394f2098f4ad681f099f43 7a12ee3054c946599065086e3da85397 - - default default] Unable to schedule network 65ff35c0-f598-46f7-8e7b-1943b343b70d: no agents available; will retry on subsequent port and subnet creation events.
2026-07-15 06:06:17.258 10 INFO neutron.db.ovn_revision_numbers_db [req-4d0cdc06-5313-441b-9b4b-1ddb1b03afa2 req-e606d85e-d8ff-454f-8224-e006a1e3b467 433fc69e25394f2098f4ad681f099f43 7a12ee3054c946599065086e3da85397 - - default default] Successfully bumped revision number for resource 3ddb72f7-6ec5-4222-b327-b33a0cb32b0d (type: ports) to 1
2026-07-15 06:06:17.268 9 INFO neutron.services.segments.plugin [-] Segment e10a1f27-12fd-438d-a0f7-18f2d92644ba resource provider aggregate not found
2026-07-15 06:06:17.287 9 INFO neutron.services.segments.plugin [-] Segment e10a1f27-12fd-438d-a0f7-18f2d92644ba resource provider aggregate not found
2026-07-15 06:06:17.297 10 INFO neutron.wsgi [req-4d0cdc06-5313-441b-9b4b-1ddb1b03afa2 req-e606d85e-d8ff-454f-8224-e006a1e3b467 433fc69e25394f2098f4ad681f099f43 7a12ee3054c946599065086e3da85397 - - default default] 199.204.45.153 "POST /v2.0/ports HTTP/1.1" status: 201 len: 1158 time: 0.8479340
2026-07-15 06:06:17.299 9 INFO neutron.services.segments.plugin [-] Segment e10a1f27-12fd-438d-a0f7-18f2d92644ba resource provider not found; error: Placement Client Error (4xx): {"errors": [{"status": 404, "title": "Not Found", "detail": "The resource could not be found.\n\n No resource provider with uuid e10a1f27-12fd-438d-a0f7-18f2d92644ba found for delete ", "request_id": "req-7abdff0f-1d08-46bb-95d2-03a89b40d7d9"}]}
2026-07-15 06:06:17.311 9 INFO neutron.services.segments.plugin [-] Segment e10a1f27-12fd-438d-a0f7-18f2d92644ba resource provider not found; error: Placement Client Error (4xx): {"errors": [{"status": 404, "title": "Not Found", "detail": "The resource could not be found.\n\n No resource provider with uuid e10a1f27-12fd-438d-a0f7-18f2d92644ba found for delete ", "request_id": "req-df3c2ebe-eb8f-46f4-bdc0-569260489d94"}]} /var/lib/openstack/lib/python3.10/site-packages/pycadf/identifier.py:71: UserWarning: Invalid uuid: neutron. To ensure interoperability, identifiers should be a valid uuid. warnings.warn(('Invalid uuid: %s. To ensure interoperability, '
2026-07-15 06:06:17.391 10 INFO neutron.wsgi [None req-01777cf7-17af-4278-afae-901681e22c69 3e3a9eb92178438a8edbe46f1fbe5860 44c227ab03b541e7887d7736432c0334 - - default default] 10.0.0.193 "DELETE /v2.0/floatingips/271bb8f5-1ad4-414e-bfd5-52344d605a38 HTTP/1.1" status: 204 len: 168 time: 0.4750752
2026-07-15 06:06:17.434 9 WARNING neutron.plugins.ml2.drivers.ovn.mech_driver.ovsdb.ovn_client [None req-2052610e-e2e3-4021-9f7b-abd298d398dc - - - - - -] No hosting information found for port dc4da0b5-f347-4c5d-b62a-460fcd222a1e: RuntimeError: No hosting information found for port dc4da0b5-f347-4c5d-b62a-460fcd222a1e
2026-07-15 06:06:17.435 9 INFO neutron.plugins.ml2.drivers.ovn.mech_driver.mech_driver [None req-2052610e-e2e3-4021-9f7b-abd298d398dc - - - - - -] OVN reports status up for port: 216902db-ae09-44c6-8e33-0f99c65b39a8
2026-07-15 06:06:17.449 9 INFO neutron.plugins.ml2.plugin [None req-2052610e-e2e3-4021-9f7b-abd298d398dc - - - - - -] Attempt 1 to provision port 216902db-ae09-44c6-8e33-0f99c65b39a8
2026-07-15 06:06:17.468 9 INFO neutron.wsgi [None req-c8fb5f6f-4bfd-4745-85c2-2e0e5847d22d 37e50b704bec403d97c72e9ef2c272e7 d4041af312ff4483981edf904e66de94 - - default default] 10.0.0.193 "DELETE /v2.0/networks/803629a1-dc00-4420-8379-4301b862cc30 HTTP/1.1" status: 204 len: 168 time: 0.4485800
2026-07-15 06:06:17.676 9 INFO neutron.wsgi [req-4a45332a-8dfc-405a-9b9a-ab947b80e23f req-74f4ea76-d30f-4723-9d01-fefc94e38aac 433fc69e25394f2098f4ad681f099f43 7a12ee3054c946599065086e3da85397 - - default default] 10.0.0.185 "GET /v2.0/ports?device_id=412a9bd1-8899-4c9a-a298-c39934f792e0 HTTP/1.1" status: 200 len: 1156 time: 0.0391850
2026-07-15 06:06:17.744 9 INFO neutron.wsgi [req-4a45332a-8dfc-405a-9b9a-ab947b80e23f req-68415195-3438-4970-b416-aca50cb6d818 433fc69e25394f2098f4ad681f099f43 7a12ee3054c946599065086e3da85397 - - default default] 10.0.0.185 "GET /v2.0/security-groups?id=86ffec33-7036-42ff-83af-de5c2101dc91&fields=id&fields=name HTTP/1.1" status: 200 len: 312 time: 0.0593426
2026-07-15 06:06:17.794 9 INFO neutron.db.ovn_revision_numbers_db [None req-2052610e-e2e3-4021-9f7b-abd298d398dc - - - - - -] Successfully bumped revision number for resource 216902db-ae09-44c6-8e33-0f99c65b39a8 (type: ports) to 2
2026-07-15 06:06:17.906 9 INFO neutron.db.ovn_revision_numbers_db [None req-2052610e-e2e3-4021-9f7b-abd298d398dc - - - - - -] Successfully bumped revision number for resource 216902db-ae09-44c6-8e33-0f99c65b39a8 (type: router_ports) to 2
2026-07-15 06:06:18.038 10 INFO neutron.db.ovn_revision_numbers_db [None req-42edaeac-86a0-40f0-a3ac-cbc1589670a3 310ddb59c619482c84a3a98daa464733 a466c1261cd246e4b0f362a4f749508e - - default default] Successfully bumped revision number for resource 582bd957-1937-42ce-9f86-db24106f3919 (type: security_groups) to 1
2026-07-15 06:06:18.085 10 INFO neutron.db.ovn_revision_numbers_db [None req-42edaeac-86a0-40f0-a3ac-cbc1589670a3 310ddb59c619482c84a3a98daa464733 a466c1261cd246e4b0f362a4f749508e - - default default] Successfully bumped revision number for resource 2e47553d-1cb9-4e9d-a1d8-5e5979045877 (type: security_group_rules) to 0
2026-07-15 06:06:18.111 10 WARNING neutron.scheduler.dhcp_agent_scheduler [None req-e37a4e4a-c972-4ff4-be4d-6c3eadbcef86 3e3a9eb92178438a8edbe46f1fbe5860 44c227ab03b541e7887d7736432c0334 - - default default] No more DHCP agents
2026-07-15 06:06:18.121 10 WARNING neutron.api.rpc.agentnotifiers.dhcp_rpc_agent_api [None req-e37a4e4a-c972-4ff4-be4d-6c3eadbcef86 3e3a9eb92178438a8edbe46f1fbe5860 44c227ab03b541e7887d7736432c0334 - - default default] Unable to schedule network bb37d091-3fbb-434e-9180-8c3496af7ade: no agents available; will retry on subsequent port and subnet creation events.
2026-07-15 06:06:18.123 10 INFO neutron.db.ovn_revision_numbers_db [None req-42edaeac-86a0-40f0-a3ac-cbc1589670a3 310ddb59c619482c84a3a98daa464733 a466c1261cd246e4b0f362a4f749508e - - default default] Successfully bumped revision number for resource 55dcf9d4-a40f-441b-8fa4-6bcc2eb87303 (type: security_group_rules) to 0
2026-07-15 06:06:18.165 10 INFO neutron.db.ovn_revision_numbers_db [None req-42edaeac-86a0-40f0-a3ac-cbc1589670a3 310ddb59c619482c84a3a98daa464733 a466c1261cd246e4b0f362a4f749508e - - default default] Successfully bumped revision number for resource 881f5028-100b-42af-ad54-753c053d0b2d (type: security_group_rules) to 0
2026-07-15 06:06:18.201 10 INFO neutron.db.ovn_revision_numbers_db [None req-42edaeac-86a0-40f0-a3ac-cbc1589670a3 310ddb59c619482c84a3a98daa464733 a466c1261cd246e4b0f362a4f749508e - - default default] Successfully bumped revision number for resource 93b0eaef-c668-4efa-abef-f72247baae24 (type: security_group_rules) to 0
2026-07-15 06:06:18.257 10 INFO neutron.db.ovn_revision_numbers_db [req-4d0cdc06-5313-441b-9b4b-1ddb1b03afa2 req-48eba777-38f3-4d40-8359-0412d5f38b63 5ddb7c26a91f4aee83815da130d7fc8c 642a17d38a284a24b594effabaf0fd35 - - 2d0863a0ba5346be999fbb03d6fa654f 2d0863a0ba5346be999fbb03d6fa654f] Successfully bumped revision number for resource 3ddb72f7-6ec5-4222-b327-b33a0cb32b0d (type: ports) to 2
2026-07-15 06:06:18.291 10 INFO neutron.db.segments_db [None req-42edaeac-86a0-40f0-a3ac-cbc1589670a3 310ddb59c619482c84a3a98daa464733 a466c1261cd246e4b0f362a4f749508e - - default default] Added segment 2700cc5c-4182-4ffc-9b0a-e3623fd22f38 of type geneve for network 766dba2c-8a3b-4fd2-afec-da91530cd322
2026-07-15 06:06:18.561 10 INFO neutron.services.segments.plugin [-] Segment 630e565f-9d5a-4e2e-acc2-226f5ead268f resource provider aggregate not found
2026-07-15 06:06:18.569 10 INFO neutron.wsgi [None req-8d12f215-416b-4e15-96b5-f843e2267aad 37e50b704bec403d97c72e9ef2c272e7 d4041af312ff4483981edf904e66de94 - - default default] 10.0.0.193 "DELETE /v2.0/networks/241efcfc-bbc1-44d7-a746-902170291310 HTTP/1.1" status: 204 len: 168 time: 1.0941637
2026-07-15 06:06:18.580 10 INFO neutron.services.segments.plugin [-] Segment 630e565f-9d5a-4e2e-acc2-226f5ead268f resource provider aggregate not found
2026-07-15 06:06:18.602 10 INFO neutron.services.segments.plugin [-] Segment 630e565f-9d5a-4e2e-acc2-226f5ead268f resource provider not found; error: Placement Client Error (4xx): {"errors": [{"status": 404, "title": "Not Found", "detail": "The resource could not be found.\n\n No resource provider with uuid 630e565f-9d5a-4e2e-acc2-226f5ead268f found for delete ", "request_id": "req-c7bc52ae-b9e2-44c0-81c0-7a6e9d4b9200"}]}
2026-07-15 06:06:18.619 10 INFO neutron.services.segments.plugin [-] Segment 630e565f-9d5a-4e2e-acc2-226f5ead268f resource provider not found; error: Placement Client Error (4xx): {"errors": [{"status": 404, "title": "Not Found", "detail": "The resource could not be found.\n\n No resource provider with uuid 630e565f-9d5a-4e2e-acc2-226f5ead268f found for delete ", "request_id": "req-0893ec2d-2402-48b1-a364-10f33655e6b5"}]}
2026-07-15 06:06:18.623 10 INFO neutron.db.ovn_revision_numbers_db [None req-42edaeac-86a0-40f0-a3ac-cbc1589670a3 310ddb59c619482c84a3a98daa464733 a466c1261cd246e4b0f362a4f749508e - - default default] Successfully bumped revision number for resource 766dba2c-8a3b-4fd2-afec-da91530cd322 (type: networks) to 1
2026-07-15 06:06:18.770 10 INFO neutron.db.ovn_revision_numbers_db [req-4d0cdc06-5313-441b-9b4b-1ddb1b03afa2 req-48eba777-38f3-4d40-8359-0412d5f38b63 5ddb7c26a91f4aee83815da130d7fc8c 642a17d38a284a24b594effabaf0fd35 - - 2d0863a0ba5346be999fbb03d6fa654f 2d0863a0ba5346be999fbb03d6fa654f] Successfully bumped revision number for resource 3ddb72f7-6ec5-4222-b327-b33a0cb32b0d (type: ports) to 2
2026-07-15 06:06:18.799 10 INFO neutron.wsgi [req-4d0cdc06-5313-441b-9b4b-1ddb1b03afa2 req-48eba777-38f3-4d40-8359-0412d5f38b63 5ddb7c26a91f4aee83815da130d7fc8c 642a17d38a284a24b594effabaf0fd35 - - 2d0863a0ba5346be999fbb03d6fa654f 2d0863a0ba5346be999fbb03d6fa654f] 199.204.45.153 "PUT /v2.0/ports/3ddb72f7-6ec5-4222-b327-b33a0cb32b0d HTTP/1.1" status: 200 len: 1376 time: 1.4955616
2026-07-15 06:06:18.846 10 INFO neutron.notifiers.nova [-] Nova event matching ['req-e6c4ac23-0294-440b-82e7-0c8a345974ff'] response: {'name': 'network-changed', 'server_uuid': '412a9bd1-8899-4c9a-a298-c39934f792e0', 'tag': '3ddb72f7-6ec5-4222-b327-b33a0cb32b0d', 'status': 'completed', 'code': 200}
2026-07-15 06:06:18.848 9 INFO neutron.wsgi [req-a93ce486-9054-4be1-8788-6e2f9ac53cec req-9cac23d8-8641-4c19-89a5-aa5f957bc8fb 433fc69e25394f2098f4ad681f099f43 7a12ee3054c946599065086e3da85397 - - default default] 10.0.0.185 "GET /v2.0/ports?device_id=412a9bd1-8899-4c9a-a298-c39934f792e0 HTTP/1.1" status: 200 len: 1168 time: 0.0460229 /var/lib/openstack/lib/python3.10/site-packages/pycadf/identifier.py:71: UserWarning: Invalid uuid: neutron. To ensure interoperability, identifiers should be a valid uuid. warnings.warn(('Invalid uuid: %s. To ensure interoperability, '
2026-07-15 06:06:18.896 10 INFO neutron.wsgi [req-4d0cdc06-5313-441b-9b4b-1ddb1b03afa2 req-0b625ce5-dfa6-47a3-aef3-e20d2f9308a4 5ddb7c26a91f4aee83815da130d7fc8c 642a17d38a284a24b594effabaf0fd35 - - 2d0863a0ba5346be999fbb03d6fa654f 2d0863a0ba5346be999fbb03d6fa654f] 199.204.45.153 "GET /v2.0/ports?tenant_id=7a12ee3054c946599065086e3da85397&device_id=412a9bd1-8899-4c9a-a298-c39934f792e0 HTTP/1.1" status: 200 len: 1407 time: 0.0472155
2026-07-15 06:06:18.900 9 INFO neutron.wsgi [req-a93ce486-9054-4be1-8788-6e2f9ac53cec req-a1824512-453e-4578-b628-8bda82d556df 433fc69e25394f2098f4ad681f099f43 7a12ee3054c946599065086e3da85397 - - default default] 10.0.0.185 "GET /v2.0/security-groups?id=86ffec33-7036-42ff-83af-de5c2101dc91&fields=id&fields=name HTTP/1.1" status: 200 len: 312 time: 0.0453596
2026-07-15 06:06:18.926 10 WARNING neutron.scheduler.dhcp_agent_scheduler [None req-42edaeac-86a0-40f0-a3ac-cbc1589670a3 310ddb59c619482c84a3a98daa464733 a466c1261cd246e4b0f362a4f749508e - - default default] No more DHCP agents
2026-07-15 06:06:18.938 10 WARNING neutron.api.rpc.agentnotifiers.dhcp_rpc_agent_api [None req-42edaeac-86a0-40f0-a3ac-cbc1589670a3 310ddb59c619482c84a3a98daa464733 a466c1261cd246e4b0f362a4f749508e - - default default] Unable to schedule network 766dba2c-8a3b-4fd2-afec-da91530cd322: no agents available; will retry on subsequent port and subnet creation events.
2026-07-15 06:06:18.943 10 INFO neutron.wsgi [req-4d0cdc06-5313-441b-9b4b-1ddb1b03afa2 req-dc813103-1a85-46af-b44e-1c872eab0f8c 5ddb7c26a91f4aee83815da130d7fc8c 642a17d38a284a24b594effabaf0fd35 - - 2d0863a0ba5346be999fbb03d6fa654f 2d0863a0ba5346be999fbb03d6fa654f] 199.204.45.153 "GET /v2.0/floatingips?fixed_ip_address=10.100.0.6&port_id=3ddb72f7-6ec5-4222-b327-b33a0cb32b0d HTTP/1.1" status: 200 len: 217 time: 0.0387905
2026-07-15 06:06:18.979 10 INFO neutron.db.l3_db [None req-e37a4e4a-c972-4ff4-be4d-6c3eadbcef86 3e3a9eb92178438a8edbe46f1fbe5860 44c227ab03b541e7887d7736432c0334 - - default default] Floating IP e11d200d-3971-491f-9e70-c3e6e5c0e191 associated. External IP: 10.96.250.206, port: c29ef16f-5f22-4af7-95ac-c85df0c204de.
2026-07-15 06:06:19.014 10 INFO neutron.wsgi [req-4d0cdc06-5313-441b-9b4b-1ddb1b03afa2 req-0dcf422b-65ef-4a90-8c90-446789dfc218 5ddb7c26a91f4aee83815da130d7fc8c 642a17d38a284a24b594effabaf0fd35 - - 2d0863a0ba5346be999fbb03d6fa654f 2d0863a0ba5346be999fbb03d6fa654f] 199.204.45.153 "GET /v2.0/subnets?id=43f392e3-f681-4689-9d18-e7789db58eda HTTP/1.1" status: 200 len: 873 time: 0.0646074
2026-07-15 06:06:19.049 10 INFO neutron.wsgi [req-4d0cdc06-5313-441b-9b4b-1ddb1b03afa2 req-e1af6191-5920-481e-bf2e-6ea732e57569 5ddb7c26a91f4aee83815da130d7fc8c 642a17d38a284a24b594effabaf0fd35 - - 2d0863a0ba5346be999fbb03d6fa654f 2d0863a0ba5346be999fbb03d6fa654f] 199.204.45.153 "GET /v2.0/ports?network_id=65ff35c0-f598-46f7-8e7b-1943b343b70d&device_owner=network%3Adhcp HTTP/1.1" status: 200 len: 210 time: 0.0270309
2026-07-15 06:06:19.074 10 INFO neutron.db.ovn_revision_numbers_db [None req-42edaeac-86a0-40f0-a3ac-cbc1589670a3 310ddb59c619482c84a3a98daa464733 a466c1261cd246e4b0f362a4f749508e - - default default] Successfully bumped revision number for resource b53d7989-ad04-463d-897b-75e3e354411f (type: ports) to 1
2026-07-15 06:06:19.124 10 INFO neutron.wsgi [None req-42edaeac-86a0-40f0-a3ac-cbc1589670a3 310ddb59c619482c84a3a98daa464733 a466c1261cd246e4b0f362a4f749508e - - default default] 10.0.0.193 "POST /v2.0/networks HTTP/1.1" status: 201 len: 832 time: 1.7603219
2026-07-15 06:06:19.149 10 INFO neutron.wsgi [req-4d0cdc06-5313-441b-9b4b-1ddb1b03afa2 req-8c65619f-42cf-409b-95fd-fc38df4f80ef 5ddb7c26a91f4aee83815da130d7fc8c 642a17d38a284a24b594effabaf0fd35 - - 2d0863a0ba5346be999fbb03d6fa654f 2d0863a0ba5346be999fbb03d6fa654f] 199.204.45.153 "GET /v2.0/networks/65ff35c0-f598-46f7-8e7b-1943b343b70d?fields=segments HTTP/1.1" status: 200 len: 212 time: 0.0882874
2026-07-15 06:06:19.248 10 INFO neutron.wsgi [req-4d0cdc06-5313-441b-9b4b-1ddb1b03afa2 req-4fd156c5-4d3b-4d79-b9c5-e3d6b51ecb31 5ddb7c26a91f4aee83815da130d7fc8c 642a17d38a284a24b594effabaf0fd35 - - 2d0863a0ba5346be999fbb03d6fa654f 2d0863a0ba5346be999fbb03d6fa654f] 199.204.45.153 "GET /v2.0/networks/65ff35c0-f598-46f7-8e7b-1943b343b70d?fields=provider%3Aphysical_network&fields=provider%3Anetwork_type HTTP/1.1" status: 200 len: 277 time: 0.0839057
2026-07-15 06:06:19.264 9 INFO neutron.db.segments_db [None req-917e93ee-81c7-44f3-9a24-a19e4e7ecdd1 310ddb59c619482c84a3a98daa464733 a466c1261cd246e4b0f362a4f749508e - - default default] Added segment 92338b06-dbe5-487b-ae1f-081d10942d44 of type geneve for network b728b61b-0eda-4ca5-846c-c489615e9397
2026-07-15 06:06:19.267 10 INFO neutron.db.ovn_revision_numbers_db [None req-e37a4e4a-c972-4ff4-be4d-6c3eadbcef86 3e3a9eb92178438a8edbe46f1fbe5860 44c227ab03b541e7887d7736432c0334 - - default default] Successfully bumped revision number for resource e11d200d-3971-491f-9e70-c3e6e5c0e191 (type: floatingips) to 0
2026-07-15 06:06:19.320 9 INFO neutron.services.segments.plugin [-] Segment ec1896bc-7d5a-4c05-b131-89240b666291 resource provider aggregate not found
2026-07-15 06:06:19.336 9 INFO neutron.services.segments.plugin [-] Segment ec1896bc-7d5a-4c05-b131-89240b666291 resource provider not found; error: Placement Client Error (4xx): {"errors": [{"status": 404, "title": "Not Found", "detail": "The resource could not be found.\n\n No resource provider with uuid ec1896bc-7d5a-4c05-b131-89240b666291 found for delete ", "request_id": "req-18cbe722-b475-4305-8b47-e8bb4993568f"}]}
2026-07-15 06:06:19.337 9 INFO neutron.services.segments.plugin [-] Segment ec1896bc-7d5a-4c05-b131-89240b666291 resource provider aggregate not found
2026-07-15 06:06:19.346 10 INFO neutron.wsgi [req-7b187778-0767-4d6d-8dea-0907fd6f368b req-2ba67d4c-fa91-4a36-9dfa-ecd6a5088768 5ddb7c26a91f4aee83815da130d7fc8c 642a17d38a284a24b594effabaf0fd35 - - 2d0863a0ba5346be999fbb03d6fa654f 2d0863a0ba5346be999fbb03d6fa654f] 199.204.45.153 "GET /v2.0/ports?tenant_id=7a12ee3054c946599065086e3da85397&device_id=412a9bd1-8899-4c9a-a298-c39934f792e0 HTTP/1.1" status: 200 len: 1407 time: 0.0488775
2026-07-15 06:06:19.366 9 INFO neutron.services.segments.plugin [-] Segment ec1896bc-7d5a-4c05-b131-89240b666291 resource provider not found; error: Placement Client Error (4xx): {"errors": [{"status": 404, "title": "Not Found", "detail": "The resource could not be found.\n\n No resource provider with uuid ec1896bc-7d5a-4c05-b131-89240b666291 found for delete ", "request_id": "req-b5a2e402-9931-4a09-b440-f08fec24ff91"}]}
2026-07-15 06:06:19.373 10 INFO neutron.wsgi [None req-db8776a2-f0d2-4704-8d8e-9117c9fd26b0 b12c0261aabc4148a8d14edbab9a42f1 4faf39b8e0cd4b7f8a7fa5fe4a037441 - - default default] 10.0.0.193 "GET /v2.0/security-groups?tenant_id=d4041af312ff4483981edf904e66de94&name=default HTTP/1.1" status: 200 len: 2996 time: 0.2166774
2026-07-15 06:06:19.423 10 INFO neutron.db.ovn_revision_numbers_db [None req-e37a4e4a-c972-4ff4-be4d-6c3eadbcef86 3e3a9eb92178438a8edbe46f1fbe5860 44c227ab03b541e7887d7736432c0334 - - default default] Successfully bumped revision number for resource e11d200d-3971-491f-9e70-c3e6e5c0e191 (type: floatingips) to 1
2026-07-15 06:06:19.442 9 INFO neutron.db.ovn_revision_numbers_db [None req-917e93ee-81c7-44f3-9a24-a19e4e7ecdd1 310ddb59c619482c84a3a98daa464733 a466c1261cd246e4b0f362a4f749508e - - default default] Successfully bumped revision number for resource b728b61b-0eda-4ca5-846c-c489615e9397 (type: networks) to 1
2026-07-15 06:06:19.443 10 INFO neutron.wsgi [req-7b187778-0767-4d6d-8dea-0907fd6f368b req-12656543-dc86-4299-8566-1a5972132b79 5ddb7c26a91f4aee83815da130d7fc8c 642a17d38a284a24b594effabaf0fd35 - - 2d0863a0ba5346be999fbb03d6fa654f 2d0863a0ba5346be999fbb03d6fa654f] 199.204.45.153 "GET /v2.0/networks?id=65ff35c0-f598-46f7-8e7b-1943b343b70d HTTP/1.1" status: 200 len: 978 time: 0.0821772
2026-07-15 06:06:19.480 10 INFO neutron.wsgi [req-7b187778-0767-4d6d-8dea-0907fd6f368b req-6d7ba39d-75eb-4b1d-8f5a-a510509eb306 5ddb7c26a91f4aee83815da130d7fc8c 642a17d38a284a24b594effabaf0fd35 - - 2d0863a0ba5346be999fbb03d6fa654f 2d0863a0ba5346be999fbb03d6fa654f] 199.204.45.153 "GET /v2.0/floatingips?fixed_ip_address=10.100.0.6&port_id=3ddb72f7-6ec5-4222-b327-b33a0cb32b0d HTTP/1.1" status: 200 len: 217 time: 0.0245047
2026-07-15 06:06:19.483 10 INFO neutron.wsgi [None req-e37a4e4a-c972-4ff4-be4d-6c3eadbcef86 3e3a9eb92178438a8edbe46f1fbe5860 44c227ab03b541e7887d7736432c0334 - - default default] 10.0.0.193 "POST /v2.0/floatingips HTTP/1.1" status: 201 len: 1041 time: 2.0852492
2026-07-15 06:06:19.524 10 INFO neutron.wsgi [req-7b187778-0767-4d6d-8dea-0907fd6f368b req-70af9c2d-d007-4a94-89c6-fcaeb645b186 5ddb7c26a91f4aee83815da130d7fc8c 642a17d38a284a24b594effabaf0fd35 - - 2d0863a0ba5346be999fbb03d6fa654f 2d0863a0ba5346be999fbb03d6fa654f] 199.204.45.153 "GET /v2.0/subnets?id=43f392e3-f681-4689-9d18-e7789db58eda HTTP/1.1" status: 200 len: 873 time: 0.0390348
2026-07-15 06:06:19.543 10 INFO neutron.plugins.ml2.drivers.ovn.mech_driver.mech_driver [None req-075daebd-3661-410b-84e4-7c0e99986985 - - - - - -] OVN reports status up for port: 3ddb72f7-6ec5-4222-b327-b33a0cb32b0d
2026-07-15 06:06:19.568 10 INFO neutron.plugins.ml2.plugin [None req-075daebd-3661-410b-84e4-7c0e99986985 - - - - - -] Attempt 1 to provision port 3ddb72f7-6ec5-4222-b327-b33a0cb32b0d
2026-07-15 06:06:19.580 10 INFO neutron.wsgi [req-7b187778-0767-4d6d-8dea-0907fd6f368b req-8bb51829-43ec-4f4a-8411-523ac591dc60 5ddb7c26a91f4aee83815da130d7fc8c 642a17d38a284a24b594effabaf0fd35 - - 2d0863a0ba5346be999fbb03d6fa654f 2d0863a0ba5346be999fbb03d6fa654f] 199.204.45.153 "GET /v2.0/ports?network_id=65ff35c0-f598-46f7-8e7b-1943b343b70d&device_owner=network%3Adhcp HTTP/1.1" status: 200 len: 210 time: 0.0383005
2026-07-15 06:06:19.668 10 INFO neutron.wsgi [req-7b187778-0767-4d6d-8dea-0907fd6f368b req-dac44a6b-8998-419d-b96a-d922a0d92e30 5ddb7c26a91f4aee83815da130d7fc8c 642a17d38a284a24b594effabaf0fd35 - - 2d0863a0ba5346be999fbb03d6fa654f 2d0863a0ba5346be999fbb03d6fa654f] 199.204.45.153 "GET /v2.0/networks/65ff35c0-f598-46f7-8e7b-1943b343b70d?fields=segments HTTP/1.1" status: 200 len: 212 time: 0.0802519
2026-07-15 06:06:19.770 10 INFO neutron.wsgi [None req-7ede215f-8e8b-446a-bff8-1843a68ff54a b12c0261aabc4148a8d14edbab9a42f1 4faf39b8e0cd4b7f8a7fa5fe4a037441 - - default default] 10.0.0.193 "DELETE /v2.0/security-groups/86321c9a-f30f-457a-abdf-b8ef6cb80cac HTTP/1.1" status: 204 len: 168 time: 0.3892844
2026-07-15 06:06:19.775 10 INFO neutron.wsgi [req-7b187778-0767-4d6d-8dea-0907fd6f368b req-f818448a-2d2d-4270-8948-72794b3bb9c9 5ddb7c26a91f4aee83815da130d7fc8c 642a17d38a284a24b594effabaf0fd35 - - 2d0863a0ba5346be999fbb03d6fa654f 2d0863a0ba5346be999fbb03d6fa654f] 199.204.45.153 "GET /v2.0/networks/65ff35c0-f598-46f7-8e7b-1943b343b70d?fields=provider%3Aphysical_network&fields=provider%3Anetwork_type HTTP/1.1" status: 200 len: 277 time: 0.0975668
2026-07-15 06:06:19.780 9 INFO neutron.wsgi [None req-94efa085-1596-4e2c-bdff-7eabc5c8eaab 3e3a9eb92178438a8edbe46f1fbe5860 44c227ab03b541e7887d7736432c0334 - - default default] 10.0.0.193 "GET /v2.0/floatingips/e11d200d-3971-491f-9e70-c3e6e5c0e191 HTTP/1.1" status: 200 len: 1038 time: 0.2845066
2026-07-15 06:06:19.880 9 INFO neutron.wsgi [None req-f9559964-83fb-4491-b901-fb65a370dc27 3e3a9eb92178438a8edbe46f1fbe5860 44c227ab03b541e7887d7736432c0334 - - default default] 10.0.0.193 "GET /v2.0/floatingips HTTP/1.1" status: 200 len: 1041 time: 0.0953090
2026-07-15 06:06:19.998 9 WARNING neutron.scheduler.dhcp_agent_scheduler [None req-917e93ee-81c7-44f3-9a24-a19e4e7ecdd1 310ddb59c619482c84a3a98daa464733 a466c1261cd246e4b0f362a4f749508e - - default default] No more DHCP agents
2026-07-15 06:06:20.004 9 WARNING neutron.api.rpc.agentnotifiers.dhcp_rpc_agent_api [None req-917e93ee-81c7-44f3-9a24-a19e4e7ecdd1 310ddb59c619482c84a3a98daa464733 a466c1261cd246e4b0f362a4f749508e - - default default] Unable to schedule network b728b61b-0eda-4ca5-846c-c489615e9397: no agents available; will retry on subsequent port and subnet creation events.
2026-07-15 06:06:20.121 10 INFO neutron.db.ovn_revision_numbers_db [None req-075daebd-3661-410b-84e4-7c0e99986985 - - - - - -] Successfully bumped revision number for resource 3ddb72f7-6ec5-4222-b327-b33a0cb32b0d (type: ports) to 4
2026-07-15 06:06:20.172 9 INFO neutron.wsgi [req-17028ae6-8069-4bf7-8968-b0016f005860 req-044f670e-123b-4dd0-899e-2d8e6ada70d3 433fc69e25394f2098f4ad681f099f43 7a12ee3054c946599065086e3da85397 - - default default] 10.0.0.185 "GET /v2.0/ports?device_id=412a9bd1-8899-4c9a-a298-c39934f792e0 HTTP/1.1" status: 200 len: 1170 time: 0.1721630
2026-07-15 06:06:20.245 9 INFO neutron.db.ovn_revision_numbers_db [None req-917e93ee-81c7-44f3-9a24-a19e4e7ecdd1 310ddb59c619482c84a3a98daa464733 a466c1261cd246e4b0f362a4f749508e - - default default] Successfully bumped revision number for resource 7b303efc-4628-4656-af6e-aa64a9d63db0 (type: ports) to 1
2026-07-15 06:06:20.277 9 INFO neutron.wsgi [req-17028ae6-8069-4bf7-8968-b0016f005860 req-63e4f87d-67a3-4a12-b4ed-c2a3e94f133e 433fc69e25394f2098f4ad681f099f43 7a12ee3054c946599065086e3da85397 - - default default] 10.0.0.185 "GET /v2.0/security-groups?id=86ffec33-7036-42ff-83af-de5c2101dc91&fields=id&fields=name HTTP/1.1" status: 200 len: 312 time: 0.0981717
2026-07-15 06:06:20.290 9 INFO neutron.wsgi [None req-917e93ee-81c7-44f3-9a24-a19e4e7ecdd1 310ddb59c619482c84a3a98daa464733 a466c1261cd246e4b0f362a4f749508e - - default default] 10.0.0.193 "POST /v2.0/networks HTTP/1.1" status: 201 len: 832 time: 1.1576905 /var/lib/openstack/lib/python3.10/site-packages/pycadf/identifier.py:71: UserWarning: Invalid uuid: neutron. To ensure interoperability, identifiers should be a valid uuid. warnings.warn(('Invalid uuid: %s. To ensure interoperability, '
2026-07-15 06:06:20.367 9 INFO neutron.db.l3_db [None req-764accd3-efe2-45a4-8351-069959080f55 3e3a9eb92178438a8edbe46f1fbe5860 44c227ab03b541e7887d7736432c0334 - - default default] Floating IP e11d200d-3971-491f-9e70-c3e6e5c0e191 associated. External IP: 10.96.250.206, port: c29ef16f-5f22-4af7-95ac-c85df0c204de.
2026-07-15 06:06:20.551 10 WARNING neutron.scheduler.dhcp_agent_scheduler [None req-04e001bf-f72a-4b9b-9846-62b258302584 310ddb59c619482c84a3a98daa464733 a466c1261cd246e4b0f362a4f749508e - - default default] No more DHCP agents
2026-07-15 06:06:20.554 10 WARNING neutron.api.rpc.agentnotifiers.dhcp_rpc_agent_api [None req-04e001bf-f72a-4b9b-9846-62b258302584 310ddb59c619482c84a3a98daa464733 a466c1261cd246e4b0f362a4f749508e - - default default] Unable to schedule network 766dba2c-8a3b-4fd2-afec-da91530cd322: no agents available; will retry on subsequent port and subnet creation events.
2026-07-15 06:06:20.571 9 INFO neutron.db.ovn_revision_numbers_db [None req-764accd3-efe2-45a4-8351-069959080f55 3e3a9eb92178438a8edbe46f1fbe5860 44c227ab03b541e7887d7736432c0334 - - default default] Successfully bumped revision number for resource e11d200d-3971-491f-9e70-c3e6e5c0e191 (type: floatingips) to 2
2026-07-15 06:06:20.581 10 INFO neutron.db.ovn_revision_numbers_db [None req-04e001bf-f72a-4b9b-9846-62b258302584 310ddb59c619482c84a3a98daa464733 a466c1261cd246e4b0f362a4f749508e - - default default] Successfully bumped revision number for resource 0243ffa6-0632-4d3c-8784-c9be1697c63a (type: subnets) to 0
2026-07-15 06:06:20.597 10 INFO neutron.wsgi [None req-04e001bf-f72a-4b9b-9846-62b258302584 310ddb59c619482c84a3a98daa464733 a466c1261cd246e4b0f362a4f749508e - - default default] 10.0.0.193 "POST /v2.0/subnets HTTP/1.1" status: 201 len: 821 time: 0.2939146
2026-07-15 06:06:20.672 9 INFO neutron.db.ovn_revision_numbers_db [None req-764accd3-efe2-45a4-8351-069959080f55 3e3a9eb92178438a8edbe46f1fbe5860 44c227ab03b541e7887d7736432c0334 - - default default] Successfully bumped revision number for resource e11d200d-3971-491f-9e70-c3e6e5c0e191 (type: floatingips) to 2
2026-07-15 06:06:20.737 9 INFO neutron.wsgi [None req-764accd3-efe2-45a4-8351-069959080f55 3e3a9eb92178438a8edbe46f1fbe5860 44c227ab03b541e7887d7736432c0334 - - default default] 10.0.0.193 "PUT /v2.0/floatingips/e11d200d-3971-491f-9e70-c3e6e5c0e191 HTTP/1.1" status: 200 len: 1037 time: 0.8419709
2026-07-15 06:06:20.885 10 INFO neutron.notifiers.nova [-] Nova event matching ['req-0b37d6a7-fcd1-4410-afd9-c7536807dfe1'] response: {'server_uuid': '412a9bd1-8899-4c9a-a298-c39934f792e0', 'name': 'network-vif-plugged', 'status': 'completed', 'tag': '3ddb72f7-6ec5-4222-b327-b33a0cb32b0d', 'code': 200}
2026-07-15 06:06:20.886 10 INFO neutron.notifiers.nova [-] Nova event matching ['req-0b37d6a7-fcd1-4410-afd9-c7536807dfe1'] response: {'server_uuid': '412a9bd1-8899-4c9a-a298-c39934f792e0', 'name': 'network-vif-plugged', 'status': 'completed', 'tag': '3ddb72f7-6ec5-4222-b327-b33a0cb32b0d', 'code': 200}
2026-07-15 06:06:20.887 10 INFO neutron.db.l3_db [None req-9a823bf6-1a83-4bad-83e4-f522d9753abe 3e3a9eb92178438a8edbe46f1fbe5860 44c227ab03b541e7887d7736432c0334 - - default default] Floating IP e11d200d-3971-491f-9e70-c3e6e5c0e191 disassociated. External IP: 10.96.250.206, port: ccc08a27-81d3-4a08-bc7d-63973a63c48f.
2026-07-15 06:06:20.893 10 WARNING neutron.scheduler.dhcp_agent_scheduler [None req-7870b7a3-153a-4820-a2cc-5b134eeac372 310ddb59c619482c84a3a98daa464733 a466c1261cd246e4b0f362a4f749508e - - default default] No more DHCP agents
2026-07-15 06:06:20.896 10 WARNING neutron.api.rpc.agentnotifiers.dhcp_rpc_agent_api [None req-7870b7a3-153a-4820-a2cc-5b134eeac372 310ddb59c619482c84a3a98daa464733 a466c1261cd246e4b0f362a4f749508e - - default default] Unable to schedule network b728b61b-0eda-4ca5-846c-c489615e9397: no agents available; will retry on subsequent port and subnet creation events.
2026-07-15 06:06:20.953 10 INFO neutron.db.ovn_revision_numbers_db [None req-9a823bf6-1a83-4bad-83e4-f522d9753abe 3e3a9eb92178438a8edbe46f1fbe5860 44c227ab03b541e7887d7736432c0334 - - default default] Successfully bumped revision number for resource e11d200d-3971-491f-9e70-c3e6e5c0e191 (type: floatingips) to 3
2026-07-15 06:06:20.956 10 INFO neutron.db.ovn_revision_numbers_db [None req-7870b7a3-153a-4820-a2cc-5b134eeac372 310ddb59c619482c84a3a98daa464733 a466c1261cd246e4b0f362a4f749508e - - default default] Successfully bumped revision number for resource c7b07cbe-13f4-4ed3-af99-a9a776ff0cdd (type: subnets) to 0
2026-07-15 06:06:20.992 10 INFO neutron.wsgi [None req-7870b7a3-153a-4820-a2cc-5b134eeac372 310ddb59c619482c84a3a98daa464733 a466c1261cd246e4b0f362a4f749508e - - default default] 10.0.0.193 "POST /v2.0/subnets HTTP/1.1" status: 201 len: 830 time: 0.3900824
2026-07-15 06:06:21.053 10 INFO neutron.wsgi [None req-9a823bf6-1a83-4bad-83e4-f522d9753abe 3e3a9eb92178438a8edbe46f1fbe5860 44c227ab03b541e7887d7736432c0334 - - default default] 10.0.0.193 "PUT /v2.0/floatingips/e11d200d-3971-491f-9e70-c3e6e5c0e191 HTTP/1.1" status: 200 len: 748 time: 0.3111279
2026-07-15 06:06:21.089 10 INFO neutron.wsgi [-] 10.0.0.240 "GET / HTTP/1.1" status: 200 len: 246 time: 0.0011187
2026-07-15 06:06:21.089 9 INFO neutron.wsgi [-] 10.0.0.240 "GET / HTTP/1.1" status: 200 len: 246 time: 0.0014422
2026-07-15 06:06:21.173 9 INFO neutron.db.ovn_revision_numbers_db [None req-6fa3ec93-571b-452e-a731-55521f0482ff 310ddb59c619482c84a3a98daa464733 a466c1261cd246e4b0f362a4f749508e - - default default] Successfully bumped revision number for resource a556151a-17a9-43bd-bc41-428734e8f1bf (type: routers) to 1
2026-07-15 06:06:21.185 9 INFO neutron.wsgi [None req-6fa3ec93-571b-452e-a731-55521f0482ff 310ddb59c619482c84a3a98daa464733 a466c1261cd246e4b0f362a4f749508e - - default default] 10.0.0.193 "POST /v2.0/routers HTTP/1.1" status: 201 len: 690 time: 0.1875029
2026-07-15 06:06:21.412 9 INFO neutron.wsgi [req-3c1b9ab9-5f68-495b-af49-13b20df69e7b req-1ce5058a-48ab-4295-9bb6-f11cfe699291 433fc69e25394f2098f4ad681f099f43 7a12ee3054c946599065086e3da85397 - - default default] 10.0.0.185 "GET /v2.0/ports?device_id=412a9bd1-8899-4c9a-a298-c39934f792e0 HTTP/1.1" status: 200 len: 1170 time: 0.0461545
2026-07-15 06:06:21.427 10 INFO neutron.wsgi [None req-675f662b-00ad-4de7-be3f-a123220e2f4a 3e3a9eb92178438a8edbe46f1fbe5860 44c227ab03b541e7887d7736432c0334 - - default default] 10.0.0.193 "DELETE /v2.0/floatingips/e11d200d-3971-491f-9e70-c3e6e5c0e191 HTTP/1.1" status: 204 len: 168 time: 0.3683574
2026-07-15 06:06:21.456 10 INFO neutron.api.v2.resource [None req-8762ffc2-a906-42d5-807d-4786503dae23 3e3a9eb92178438a8edbe46f1fbe5860 44c227ab03b541e7887d7736432c0334 - - default default] delete failed (client error): The resource could not be found.
2026-07-15 06:06:21.457 10 INFO neutron.wsgi [None req-8762ffc2-a906-42d5-807d-4786503dae23 3e3a9eb92178438a8edbe46f1fbe5860 44c227ab03b541e7887d7736432c0334 - - default default] 10.0.0.193 "DELETE /v2.0/floatingips/e11d200d-3971-491f-9e70-c3e6e5c0e191 HTTP/1.1" status: 404 len: 345 time: 0.0249257
2026-07-15 06:06:21.481 9 INFO neutron.wsgi [req-3c1b9ab9-5f68-495b-af49-13b20df69e7b req-aeb1f455-37b7-4a91-9350-f79bd8fc6475 433fc69e25394f2098f4ad681f099f43 7a12ee3054c946599065086e3da85397 - - default default] 10.0.0.185 "GET /v2.0/security-groups?id=86ffec33-7036-42ff-83af-de5c2101dc91&fields=id&fields=name HTTP/1.1" status: 200 len: 312 time: 0.0569675
2026-07-15 06:06:21.604 9 INFO neutron.wsgi [req-3338c6d2-b6bc-48c1-8c92-0449b7c592be req-a486aeef-c68d-4ad5-9baa-f9ef4654af7f 433fc69e25394f2098f4ad681f099f43 7a12ee3054c946599065086e3da85397 - - default default] 10.0.0.185 "GET /v2.0/ports?device_id=412a9bd1-8899-4c9a-a298-c39934f792e0 HTTP/1.1" status: 200 len: 1170 time: 0.0331545
2026-07-15 06:06:21.636 9 WARNING neutron.scheduler.dhcp_agent_scheduler [None req-728a36a5-02aa-42bf-967c-6cbc6b59b385 310ddb59c619482c84a3a98daa464733 a466c1261cd246e4b0f362a4f749508e - - default default] No more DHCP agents
2026-07-15 06:06:21.641 9 WARNING neutron.api.rpc.agentnotifiers.dhcp_rpc_agent_api [None req-728a36a5-02aa-42bf-967c-6cbc6b59b385 310ddb59c619482c84a3a98daa464733 a466c1261cd246e4b0f362a4f749508e - - default default] Unable to schedule network 766dba2c-8a3b-4fd2-afec-da91530cd322: no agents available; will retry on subsequent port and subnet creation events.
2026-07-15 06:06:21.798 9 INFO neutron.db.ovn_revision_numbers_db [None req-728a36a5-02aa-42bf-967c-6cbc6b59b385 310ddb59c619482c84a3a98daa464733 a466c1261cd246e4b0f362a4f749508e - - default default] Successfully bumped revision number for resource 4de990b6-228c-4169-afae-ad570c30e055 (type: ports) to 1
2026-07-15 06:06:21.800 10 INFO neutron.wsgi [None req-7d46278b-b338-4de5-bd9d-fcbe8d0d3c64 3e3a9eb92178438a8edbe46f1fbe5860 44c227ab03b541e7887d7736432c0334 - - default default] 10.0.0.193 "DELETE /v2.0/ports/ccc08a27-81d3-4a08-bc7d-63973a63c48f HTTP/1.1" status: 204 len: 168 time: 0.3345201
2026-07-15 06:06:21.901 9 INFO neutron.db.l3_db [None req-606a5380-c638-4608-9d3f-08133ca627c0 433fc69e25394f2098f4ad681f099f43 7a12ee3054c946599065086e3da85397 - - default default] Floating IP 987d7ba1-7262-4b76-8b71-03328cc78d29 associated. External IP: 10.96.250.202, port: 3ddb72f7-6ec5-4222-b327-b33a0cb32b0d.
2026-07-15 06:06:22.075 9 INFO neutron.db.ovn_revision_numbers_db [None req-aaa5ac04-c30a-44ed-8317-5c746458e027 ec01fbb1ff604c51b40cdac707587ddb 0ffea061b8e54a3ab49f942312b09fb0 - - default default] Successfully bumped revision number for resource c7ae8e3b-57db-4dca-9c5c-3b24adc289c5 (type: security_groups) to 1
2026-07-15 06:06:22.101 9 INFO neutron.db.ovn_revision_numbers_db [None req-aaa5ac04-c30a-44ed-8317-5c746458e027 ec01fbb1ff604c51b40cdac707587ddb 0ffea061b8e54a3ab49f942312b09fb0 - - default default] Successfully bumped revision number for resource 34e4b081-8a60-4f53-9bc1-09766cf55d32 (type: security_group_rules) to 0
2026-07-15 06:06:22.133 10 INFO neutron.wsgi [None req-92523536-4b0c-46eb-9a75-dddf4e399e08 3e3a9eb92178438a8edbe46f1fbe5860 44c227ab03b541e7887d7736432c0334 - - default default] 10.0.0.193 "DELETE /v2.0/ports/c29ef16f-5f22-4af7-95ac-c85df0c204de HTTP/1.1" status: 204 len: 168 time: 0.3285024
2026-07-15 06:06:22.209 10 INFO neutron.wsgi [None req-4c20986d-1131-4538-b721-52a1236801f5 3e3a9eb92178438a8edbe46f1fbe5860 44c227ab03b541e7887d7736432c0334 - - default default] 10.0.0.193 "GET /v2.0/ports?device_id=de1c9b6f-5ea8-4382-8c5a-bcc0acd3b22f HTTP/1.1" status: 200 len: 1140 time: 0.0706105
2026-07-15 06:06:22.340 9 INFO neutron.db.ovn_revision_numbers_db [None req-aaa5ac04-c30a-44ed-8317-5c746458e027 ec01fbb1ff604c51b40cdac707587ddb 0ffea061b8e54a3ab49f942312b09fb0 - - default default] Successfully bumped revision number for resource 75ef4ea7-f6ea-410b-bb74-2395ba05d65e (type: security_group_rules) to 0
2026-07-15 06:06:22.378 9 INFO neutron.db.ovn_revision_numbers_db [None req-aaa5ac04-c30a-44ed-8317-5c746458e027 ec01fbb1ff604c51b40cdac707587ddb 0ffea061b8e54a3ab49f942312b09fb0 - - default default] Successfully bumped revision number for resource 90c789e4-d666-40a5-ba02-f7658ff16881 (type: security_group_rules) to 0
2026-07-15 06:06:22.396 9 INFO neutron.db.ovn_revision_numbers_db [None req-aaa5ac04-c30a-44ed-8317-5c746458e027 ec01fbb1ff604c51b40cdac707587ddb 0ffea061b8e54a3ab49f942312b09fb0 - - default default] Successfully bumped revision number for resource 99553933-8b63-447a-9975-8a1fb0754d2e (type: security_group_rules) to 0
2026-07-15 06:06:22.412 9 INFO neutron.db.ovn_revision_numbers_db [None req-606a5380-c638-4608-9d3f-08133ca627c0 433fc69e25394f2098f4ad681f099f43 7a12ee3054c946599065086e3da85397 - - default default] Successfully bumped revision number for resource 987d7ba1-7262-4b76-8b71-03328cc78d29 (type: floatingips) to 1
2026-07-15 06:06:22.507 9 INFO neutron.db.segments_db [None req-aaa5ac04-c30a-44ed-8317-5c746458e027 ec01fbb1ff604c51b40cdac707587ddb 0ffea061b8e54a3ab49f942312b09fb0 - - default default] Added segment 09d1c1b4-d2d3-4206-bc7e-da826c126483 of type geneve for network fc37a8c3-783e-4787-aacc-f92f88ea6a7e
2026-07-15 06:06:22.561 10 INFO neutron.plugins.ml2.drivers.ovn.mech_driver.mech_driver [None req-075daebd-3661-410b-84e4-7c0e99986985 - - - - - -] OVN reports status up for port: 4de990b6-228c-4169-afae-ad570c30e055
2026-07-15 06:06:22.571 10 INFO neutron.plugins.ml2.plugin [None req-075daebd-3661-410b-84e4-7c0e99986985 - - - - - -] Attempt 1 to provision port 4de990b6-228c-4169-afae-ad570c30e055
2026-07-15 06:06:22.599 9 INFO neutron.db.ovn_revision_numbers_db [None req-606a5380-c638-4608-9d3f-08133ca627c0 433fc69e25394f2098f4ad681f099f43 7a12ee3054c946599065086e3da85397 - - default default] Successfully bumped revision number for resource 987d7ba1-7262-4b76-8b71-03328cc78d29 (type: floatingips) to 2
2026-07-15 06:06:22.602 9 INFO neutron.db.ovn_revision_numbers_db [None req-728a36a5-02aa-42bf-967c-6cbc6b59b385 310ddb59c619482c84a3a98daa464733 a466c1261cd246e4b0f362a4f749508e - - default default] Successfully bumped revision number for resource 4de990b6-228c-4169-afae-ad570c30e055 (type: router_ports) to 1
2026-07-15 06:06:22.633 9 INFO neutron.wsgi [None req-606a5380-c638-4608-9d3f-08133ca627c0 433fc69e25394f2098f4ad681f099f43 7a12ee3054c946599065086e3da85397 - - default default] 10.0.0.193 "PUT /v2.0/floatingips/987d7ba1-7262-4b76-8b71-03328cc78d29 HTTP/1.1" status: 200 len: 1049 time: 1.0167384
2026-07-15 06:06:22.668 9 INFO neutron.db.segments_db [None req-aaa5ac04-c30a-44ed-8317-5c746458e027 ec01fbb1ff604c51b40cdac707587ddb 0ffea061b8e54a3ab49f942312b09fb0 - - default default] Added segment 2834f3d1-337c-4cd3-88ac-21ac27b5c8ae of type geneve for network b4b467ce-f887-4fce-9d15-fd19fe5b9242
2026-07-15 06:06:22.702 9 INFO neutron.notifiers.nova [-] Nova event matching ['req-91cc4f12-4686-443a-bf61-cbd2d8b98c21'] response: {'name': 'network-changed', 'server_uuid': '412a9bd1-8899-4c9a-a298-c39934f792e0', 'tag': '3ddb72f7-6ec5-4222-b327-b33a0cb32b0d', 'status': 'completed', 'code': 200} /var/lib/openstack/lib/python3.10/site-packages/pycadf/identifier.py:71: UserWarning: Invalid uuid: neutron. To ensure interoperability, identifiers should be a valid uuid. warnings.warn(('Invalid uuid: %s. To ensure interoperability, '
2026-07-15 06:06:22.744 9 INFO neutron.wsgi [req-20e0c5f2-1442-464d-98cb-6d4829c64dd8 req-fda6a5e3-73ed-4be5-b3a5-f80208b63aec 433fc69e25394f2098f4ad681f099f43 7a12ee3054c946599065086e3da85397 - - default default] 10.0.0.185 "GET /v2.0/ports?device_id=412a9bd1-8899-4c9a-a298-c39934f792e0 HTTP/1.1" status: 200 len: 1170 time: 0.0564516
2026-07-15 06:06:22.769 9 INFO neutron.db.ovn_revision_numbers_db [None req-728a36a5-02aa-42bf-967c-6cbc6b59b385 310ddb59c619482c84a3a98daa464733 a466c1261cd246e4b0f362a4f749508e - - default default] Successfully bumped revision number for resource 4de990b6-228c-4169-afae-ad570c30e055 (type: ports) to 1
2026-07-15 06:06:22.781 10 INFO neutron.wsgi [req-aa55c4e7-bef4-4949-ae66-f430d9d5debf req-54b33175-fb58-4b95-81d9-ff9d168db4b9 5ddb7c26a91f4aee83815da130d7fc8c 642a17d38a284a24b594effabaf0fd35 - - 2d0863a0ba5346be999fbb03d6fa654f 2d0863a0ba5346be999fbb03d6fa654f] 199.204.45.153 "GET /v2.0/ports?tenant_id=7a12ee3054c946599065086e3da85397&device_id=412a9bd1-8899-4c9a-a298-c39934f792e0 HTTP/1.1" status: 200 len: 1409 time: 0.0628092
2026-07-15 06:06:22.823 9 INFO neutron.wsgi [req-20e0c5f2-1442-464d-98cb-6d4829c64dd8 req-8043ba38-da64-4f28-8916-84685ea56706 433fc69e25394f2098f4ad681f099f43 7a12ee3054c946599065086e3da85397 - - default default] 10.0.0.185 "GET /v2.0/security-groups?id=86ffec33-7036-42ff-83af-de5c2101dc91&fields=id&fields=name HTTP/1.1" status: 200 len: 312 time: 0.0695207
2026-07-15 06:06:22.879 9 INFO neutron.db.ovn_revision_numbers_db [None req-aaa5ac04-c30a-44ed-8317-5c746458e027 ec01fbb1ff604c51b40cdac707587ddb 0ffea061b8e54a3ab49f942312b09fb0 - - default default] Successfully bumped revision number for resource fc37a8c3-783e-4787-aacc-f92f88ea6a7e (type: networks) to 1
2026-07-15 06:06:22.880 9 WARNING neutron.scheduler.dhcp_agent_scheduler [None req-728a36a5-02aa-42bf-967c-6cbc6b59b385 310ddb59c619482c84a3a98daa464733 a466c1261cd246e4b0f362a4f749508e - - default default] No more DHCP agents
2026-07-15 06:06:22.882 9 WARNING neutron.api.rpc.agentnotifiers.dhcp_rpc_agent_api [None req-728a36a5-02aa-42bf-967c-6cbc6b59b385 310ddb59c619482c84a3a98daa464733 a466c1261cd246e4b0f362a4f749508e - - default default] Unable to schedule network 766dba2c-8a3b-4fd2-afec-da91530cd322: no agents available; will retry on subsequent port and subnet creation events.
2026-07-15 06:06:22.899 10 INFO neutron.wsgi [req-aa55c4e7-bef4-4949-ae66-f430d9d5debf req-be887b85-84e9-4a4e-a7d5-8e6c0f3f8131 5ddb7c26a91f4aee83815da130d7fc8c 642a17d38a284a24b594effabaf0fd35 - - 2d0863a0ba5346be999fbb03d6fa654f 2d0863a0ba5346be999fbb03d6fa654f] 199.204.45.153 "GET /v2.0/networks?id=65ff35c0-f598-46f7-8e7b-1943b343b70d HTTP/1.1" status: 200 len: 978 time: 0.1110132
2026-07-15 06:06:22.973 10 INFO neutron.wsgi [req-aa55c4e7-bef4-4949-ae66-f430d9d5debf req-ec4a48ee-7c1b-4aa1-b2d3-181704d142c6 5ddb7c26a91f4aee83815da130d7fc8c 642a17d38a284a24b594effabaf0fd35 - - 2d0863a0ba5346be999fbb03d6fa654f 2d0863a0ba5346be999fbb03d6fa654f] 199.204.45.153 "GET /v2.0/floatingips?fixed_ip_address=10.100.0.6&port_id=3ddb72f7-6ec5-4222-b327-b33a0cb32b0d HTTP/1.1" status: 200 len: 1059 time: 0.0669816
2026-07-15 06:06:23.059 10 INFO neutron.wsgi [req-aa55c4e7-bef4-4949-ae66-f430d9d5debf req-941b623c-3f4a-4c18-b689-fb4fd3ccf3fb 5ddb7c26a91f4aee83815da130d7fc8c 642a17d38a284a24b594effabaf0fd35 - - 2d0863a0ba5346be999fbb03d6fa654f 2d0863a0ba5346be999fbb03d6fa654f] 199.204.45.153 "GET /v2.0/subnets?id=43f392e3-f681-4689-9d18-e7789db58eda HTTP/1.1" status: 200 len: 873 time: 0.0766790
2026-07-15 06:06:23.071 10 INFO neutron.db.ovn_revision_numbers_db [None req-075daebd-3661-410b-84e4-7c0e99986985 - - - - - -] Successfully bumped revision number for resource 4de990b6-228c-4169-afae-ad570c30e055 (type: ports) to 2
2026-07-15 06:06:23.111 9 WARNING neutron.scheduler.dhcp_agent_scheduler [None req-aaa5ac04-c30a-44ed-8317-5c746458e027 ec01fbb1ff604c51b40cdac707587ddb 0ffea061b8e54a3ab49f942312b09fb0 - - default default] No more DHCP agents
2026-07-15 06:06:23.113 10 INFO neutron.wsgi [req-aa55c4e7-bef4-4949-ae66-f430d9d5debf req-776e3d83-f7dc-4a2f-8b45-f99c4c8f0013 5ddb7c26a91f4aee83815da130d7fc8c 642a17d38a284a24b594effabaf0fd35 - - 2d0863a0ba5346be999fbb03d6fa654f 2d0863a0ba5346be999fbb03d6fa654f] 199.204.45.153 "GET /v2.0/ports?network_id=65ff35c0-f598-46f7-8e7b-1943b343b70d&device_owner=network%3Adhcp HTTP/1.1" status: 200 len: 210 time: 0.0444350
2026-07-15 06:06:23.115 9 WARNING neutron.api.rpc.agentnotifiers.dhcp_rpc_agent_api [None req-aaa5ac04-c30a-44ed-8317-5c746458e027 ec01fbb1ff604c51b40cdac707587ddb 0ffea061b8e54a3ab49f942312b09fb0 - - default default] Unable to schedule network fc37a8c3-783e-4787-aacc-f92f88ea6a7e: no agents available; will retry on subsequent port and subnet creation events.
2026-07-15 06:06:23.134 9 INFO neutron.db.ovn_revision_numbers_db [None req-728a36a5-02aa-42bf-967c-6cbc6b59b385 310ddb59c619482c84a3a98daa464733 a466c1261cd246e4b0f362a4f749508e - - default default] Successfully bumped revision number for resource 4de990b6-228c-4169-afae-ad570c30e055 (type: router_ports) to 2
2026-07-15 06:06:23.136 9 INFO neutron.wsgi [None req-728a36a5-02aa-42bf-967c-6cbc6b59b385 310ddb59c619482c84a3a98daa464733 a466c1261cd246e4b0f362a4f749508e - - default default] 10.0.0.193 "PUT /v2.0/routers/a556151a-17a9-43bd-bc41-428734e8f1bf/add_router_interface HTTP/1.1" status: 200 len: 503 time: 1.9435854
2026-07-15 06:06:23.200 9 INFO neutron.wsgi [req-2784b461-354e-4707-ad22-5fbbff48acf4 req-2ad9240c-678d-4d96-9da1-cedc29ef60f9 433fc69e25394f2098f4ad681f099f43 7a12ee3054c946599065086e3da85397 - - default default] 10.0.0.185 "GET /v2.0/ports?device_id=412a9bd1-8899-4c9a-a298-c39934f792e0 HTTP/1.1" status: 200 len: 1170 time: 0.0639448
2026-07-15 06:06:23.279 9 INFO neutron.wsgi [None req-eba7db36-4a6a-4caa-a1c7-674f699d2ed8 310ddb59c619482c84a3a98daa464733 a466c1261cd246e4b0f362a4f749508e - - default default] 10.0.0.193 "GET /v2.0/ports/4de990b6-228c-4169-afae-ad570c30e055 HTTP/1.1" status: 200 len: 1141 time: 0.1319466
2026-07-15 06:06:23.279 10 INFO neutron.wsgi [req-aa55c4e7-bef4-4949-ae66-f430d9d5debf req-393f0495-9644-46f4-b356-ee797bf2d8ce 5ddb7c26a91f4aee83815da130d7fc8c 642a17d38a284a24b594effabaf0fd35 - - 2d0863a0ba5346be999fbb03d6fa654f 2d0863a0ba5346be999fbb03d6fa654f] 199.204.45.153 "GET /v2.0/networks/65ff35c0-f598-46f7-8e7b-1943b343b70d?fields=segments HTTP/1.1" status: 200 len: 212 time: 0.1539526
2026-07-15 06:06:23.280 9 INFO neutron.db.ovn_revision_numbers_db [None req-aaa5ac04-c30a-44ed-8317-5c746458e027 ec01fbb1ff604c51b40cdac707587ddb 0ffea061b8e54a3ab49f942312b09fb0 - - default default] Successfully bumped revision number for resource cdf0f611-347e-45c6-8915-692686376626 (type: ports) to 1
2026-07-15 06:06:23.283 9 INFO neutron.wsgi [req-2784b461-354e-4707-ad22-5fbbff48acf4 req-a6e7219b-a79a-47ab-8105-a510416436a2 433fc69e25394f2098f4ad681f099f43 7a12ee3054c946599065086e3da85397 - - default default] 10.0.0.185 "GET /v2.0/security-groups?id=86ffec33-7036-42ff-83af-de5c2101dc91&fields=id&fields=name HTTP/1.1" status: 200 len: 312 time: 0.0684996
2026-07-15 06:06:23.338 9 WARNING neutron.plugins.ml2.drivers.ovn.mech_driver.ovsdb.ovn_client [None req-2052610e-e2e3-4021-9f7b-abd298d398dc - - - - - -] No port found with ID 216902db-ae09-44c6-8e33-0f99c65b39a8: RuntimeError: No port found with ID 216902db-ae09-44c6-8e33-0f99c65b39a8 /var/lib/openstack/lib/python3.10/site-packages/pycadf/identifier.py:71: UserWarning: Invalid uuid: neutron. To ensure interoperability, identifiers should be a valid uuid. warnings.warn(('Invalid uuid: %s. To ensure interoperability, '
