2026-07-15 06:06:03.214 9 INFO neutron.wsgi [None req-61bf99a6-32b2-404c-b688-b1acf91b229c 6c6c1f7dd0064a24ac16e36aec4b0e94 417b099676d145218bef3d740bd3fd96 - - default default] 10.0.0.193 "GET /v2.0/extensions/default-subnetpools HTTP/1.1" status: 200 len: 405 time: 0.0053966
2026-07-15 06:06:03.232 9 INFO neutron.wsgi [None req-efad080c-8404-430d-8fc0-951c74498c5f 6c6c1f7dd0064a24ac16e36aec4b0e94 417b099676d145218bef3d740bd3fd96 - - default default] 10.0.0.193 "GET /v2.0/extensions/dhcp_agent_scheduler HTTP/1.1" status: 200 len: 381 time: 0.0135822
2026-07-15 06:06:03.241 9 INFO neutron.pecan_wsgi.hooks.translation [None req-7685fe58-e416-4198-927d-92b5662abe32 0759e81edf4147739e34492da7b33ab0 d4aec8a0402f42f297507e18b0137212 - - default default] DELETE failed (client error): The resource could not be found.
2026-07-15 06:06:03.241 10 INFO neutron.wsgi [None req-7f7049dc-0457-4f93-9d00-21e9abb4c502 6c6c1f7dd0064a24ac16e36aec4b0e94 417b099676d145218bef3d740bd3fd96 - - default default] 10.0.0.193 "GET /v2.0/extensions/dns-integration HTTP/1.1" status: 200 len: 366 time: 0.0051818
2026-07-15 06:06:03.243 9 INFO neutron.wsgi [None req-7685fe58-e416-4198-927d-92b5662abe32 0759e81edf4147739e34492da7b33ab0 d4aec8a0402f42f297507e18b0137212 - - default default] 10.0.0.193 "DELETE /v2.0/networks/4b96342a-3c5c-4c6a-8d2f-b08796495240 HTTP/1.1" status: 404 len: 339 time: 0.0256813
2026-07-15 06:06:03.254 9 INFO neutron.wsgi [None req-6fb75c4e-4e1c-44d1-a058-13f4217e8b88 6c6c1f7dd0064a24ac16e36aec4b0e94 417b099676d145218bef3d740bd3fd96 - - default default] 10.0.0.193 "GET /v2.0/extensions/dns-domain-ports HTTP/1.1" status: 200 len: 399 time: 0.0084455
2026-07-15 06:06:03.261 9 INFO neutron.wsgi [None req-e47896e2-37e1-4cc4-8416-230c44232927 6c6c1f7dd0064a24ac16e36aec4b0e94 417b099676d145218bef3d740bd3fd96 - - default default] 10.0.0.193 "GET /v2.0/extensions/dns-integration-domain-keywords HTTP/1.1" status: 200 len: 477 time: 0.0033650
2026-07-15 06:06:03.270 9 INFO neutron.wsgi [None req-35c56482-773a-4eac-9d14-b81f11f32d9e 6c6c1f7dd0064a24ac16e36aec4b0e94 417b099676d145218bef3d740bd3fd96 - - default default] 10.0.0.193 "GET /v2.0/extensions/external-net HTTP/1.1" status: 200 len: 394 time: 0.0038669
2026-07-15 06:06:03.284 9 INFO neutron.wsgi [None req-462b9b7d-f0ea-4b7a-80d9-9af7b7808413 6c6c1f7dd0064a24ac16e36aec4b0e94 417b099676d145218bef3d740bd3fd96 - - default default] 10.0.0.193 "GET /v2.0/extensions/extra_dhcp_opt HTTP/1.1" status: 200 len: 498 time: 0.0100861
2026-07-15 06:06:03.290 9 INFO neutron.wsgi [None req-488eaffe-2c33-4296-adbe-8ca5a5f3f6d0 6c6c1f7dd0064a24ac16e36aec4b0e94 417b099676d145218bef3d740bd3fd96 - - default default] 10.0.0.193 "GET /v2.0/extensions/extraroute HTTP/1.1" status: 200 len: 375 time: 0.0028708
2026-07-15 06:06:03.298 9 INFO neutron.wsgi [None req-d10adfd8-bc8c-4399-b91d-97c8ef6e5335 6c6c1f7dd0064a24ac16e36aec4b0e94 417b099676d145218bef3d740bd3fd96 - - default default] 10.0.0.193 "GET /v2.0/extensions/filter-validation HTTP/1.1" status: 200 len: 392 time: 0.0043356
2026-07-15 06:06:03.306 9 INFO neutron.wsgi [None req-1906b104-b0ac-4883-a980-91c65df9d5cc 6c6c1f7dd0064a24ac16e36aec4b0e94 417b099676d145218bef3d740bd3fd96 - - default default] 10.0.0.193 "GET /v2.0/extensions/floating-ip-port-forwarding-detail HTTP/1.1" status: 200 len: 465 time: 0.0041263
2026-07-15 06:06:03.320 10 INFO neutron.wsgi [None req-74c04f2b-c39d-4d4f-a420-462eeff49659 6c6c1f7dd0064a24ac16e36aec4b0e94 417b099676d145218bef3d740bd3fd96 - - default default] 10.0.0.193 "GET /v2.0/extensions/fip-port-details HTTP/1.1" status: 200 len: 406 time: 0.0091953
2026-07-15 06:06:03.332 9 INFO neutron.wsgi [None req-a7d03816-b133-482b-aa1f-b7abddc27a54 6c6c1f7dd0064a24ac16e36aec4b0e94 417b099676d145218bef3d740bd3fd96 - - default default] 10.0.0.193 "GET /v2.0/extensions/flavors HTTP/1.1" status: 200 len: 387 time: 0.0044746
2026-07-15 06:06:03.341 10 INFO neutron.wsgi [None req-21c1ffdf-027d-4e77-9f69-8b3dd55a8b25 6c6c1f7dd0064a24ac16e36aec4b0e94 417b099676d145218bef3d740bd3fd96 - - default default] 10.0.0.193 "GET /v2.0/extensions/floatingip-pools HTTP/1.1" status: 200 len: 382 time: 0.0057478
2026-07-15 06:06:03.351 9 INFO neutron.wsgi [None req-131ab861-ff14-4079-9d12-45a58a856e9d 6c6c1f7dd0064a24ac16e36aec4b0e94 417b099676d145218bef3d740bd3fd96 - - default default] 10.0.0.193 "GET /v2.0/extensions/ip_allocation HTTP/1.1" status: 200 len: 356 time: 0.0060394
2026-07-15 06:06:03.363 10 INFO neutron.wsgi [None req-5102fef2-71dc-422a-960b-12eeb273a363 6c6c1f7dd0064a24ac16e36aec4b0e94 417b099676d145218bef3d740bd3fd96 - - default default] 10.0.0.193 "GET /v2.0/extensions/l2_adjacency HTTP/1.1" status: 200 len: 372 time: 0.0063910
2026-07-15 06:06:03.371 10 INFO neutron.wsgi [None req-4495e1f5-1aa7-49fc-ba9b-9718db1bff56 0759e81edf4147739e34492da7b33ab0 d4aec8a0402f42f297507e18b0137212 - - default default] 10.0.0.193 "GET /v2.0/networks?router%3Aexternal=True HTTP/1.1" status: 200 len: 845 time: 0.1194198
2026-07-15 06:06:03.376 9 INFO neutron.wsgi [None req-a0f7a0db-32d9-4d71-b1c1-ef332f958cb7 6c6c1f7dd0064a24ac16e36aec4b0e94 417b099676d145218bef3d740bd3fd96 - - default default] 10.0.0.193 "GET /v2.0/extensions/router HTTP/1.1" status: 200 len: 450 time: 0.0063407
2026-07-15 06:06:03.387 10 INFO neutron.wsgi [None req-62648f25-3f6e-4bc0-a121-bddaf5760b5f 6c6c1f7dd0064a24ac16e36aec4b0e94 417b099676d145218bef3d740bd3fd96 - - default default] 10.0.0.193 "GET /v2.0/extensions/ext-gw-mode HTTP/1.1" status: 200 len: 462 time: 0.0047946
2026-07-15 06:06:03.395 9 INFO neutron.wsgi [None req-36ef2329-c298-470d-bd96-26c5ff8ff082 6c6c1f7dd0064a24ac16e36aec4b0e94 417b099676d145218bef3d740bd3fd96 - - default default] 10.0.0.193 "GET /v2.0/extensions/logging HTTP/1.1" status: 200 len: 407 time: 0.0052798
2026-07-15 06:06:03.402 9 INFO neutron.wsgi [None req-b8698985-5054-4aae-a874-59e43e48276d 6c6c1f7dd0064a24ac16e36aec4b0e94 417b099676d145218bef3d740bd3fd96 - - default default] 10.0.0.193 "GET /v2.0/extensions/multi-provider HTTP/1.1" status: 200 len: 406 time: 0.0035484
2026-07-15 06:06:03.408 10 INFO neutron.wsgi [None req-ec462854-33eb-4a5c-b084-d304586a7d59 0759e81edf4147739e34492da7b33ab0 d4aec8a0402f42f297507e18b0137212 - - default default] 10.0.0.193 "GET /v2.0/subnets?network_id=bb37d091-3fbb-434e-9180-8c3496af7ade HTTP/1.1" status: 200 len: 820 time: 0.0334744
2026-07-15 06:06:03.409 9 INFO neutron.wsgi [None req-ce6632ae-8520-458b-a8fe-41a9d60b4bae 6c6c1f7dd0064a24ac16e36aec4b0e94 417b099676d145218bef3d740bd3fd96 - - default default] 10.0.0.193 "GET /v2.0/extensions/net-mtu HTTP/1.1" status: 200 len: 370 time: 0.0039876
2026-07-15 06:06:03.416 10 INFO neutron.wsgi [None req-aae58d62-8d1a-476b-be02-0dd276eb5d71 0759e81edf4147739e34492da7b33ab0 d4aec8a0402f42f297507e18b0137212 - - default default] 10.0.0.193 "GET /v2.0/extensions HTTP/1.1" status: 200 len: 16520 time: 0.0038533
2026-07-15 06:06:03.417 9 INFO neutron.wsgi [None req-320c0610-aad6-48f3-804f-4817fb32c1f7 6c6c1f7dd0064a24ac16e36aec4b0e94 417b099676d145218bef3d740bd3fd96 - - default default] 10.0.0.193 "GET /v2.0/extensions/net-mtu-writable HTTP/1.1" status: 200 len: 401 time: 0.0047634
2026-07-15 06:06:03.427 9 INFO neutron.wsgi [None req-d7fa45f2-398c-4996-a2de-7c21b449d503 6c6c1f7dd0064a24ac16e36aec4b0e94 417b099676d145218bef3d740bd3fd96 - - default default] 10.0.0.193 "GET /v2.0/extensions/network_availability_zone HTTP/1.1" status: 200 len: 394 time: 0.0047162
2026-07-15 06:06:03.434 9 INFO neutron.wsgi [None req-321c0115-7e0a-438d-bb81-a87a7dff8355 6c6c1f7dd0064a24ac16e36aec4b0e94 417b099676d145218bef3d740bd3fd96 - - default default] 10.0.0.193 "GET /v2.0/extensions/network-ip-availability HTTP/1.1" status: 200 len: 410 time: 0.0038443
2026-07-15 06:06:03.441 9 INFO neutron.wsgi [None req-66ca5618-464b-4910-bb7e-8286395ae0a7 6c6c1f7dd0064a24ac16e36aec4b0e94 417b099676d145218bef3d740bd3fd96 - - default default] 10.0.0.193 "GET /v2.0/extensions/pagination HTTP/1.1" status: 200 len: 386 time: 0.0029788
2026-07-15 06:06:03.450 10 INFO neutron.wsgi [None req-e0f05b38-0f15-40a1-9931-09a1067cbd9b 6c6c1f7dd0064a24ac16e36aec4b0e94 417b099676d145218bef3d740bd3fd96 - - default default] 10.0.0.193 "GET /v2.0/extensions/port-device-profile HTTP/1.1" status: 200 len: 383 time: 0.0049384
2026-07-15 06:06:03.459 9 INFO neutron.wsgi [None req-4bd2f324-1ea3-42a6-9c0a-0d9d6e9e1c9e 6c6c1f7dd0064a24ac16e36aec4b0e94 417b099676d145218bef3d740bd3fd96 - - default default] 10.0.0.193 "GET /v2.0/extensions/port-mac-address-regenerate HTTP/1.1" status: 200 len: 403 time: 0.0044031
2026-07-15 06:06:03.467 9 INFO neutron.wsgi [None req-d142b14d-7f02-479a-97ef-d350a75d0456 6c6c1f7dd0064a24ac16e36aec4b0e94 417b099676d145218bef3d740bd3fd96 - - default default] 10.0.0.193 "GET /v2.0/extensions/port-numa-affinity-policy HTTP/1.1" status: 200 len: 392 time: 0.0037973
2026-07-15 06:06:03.476 10 INFO neutron.wsgi [None req-dace28b5-e420-42ad-9a5f-dba096f63be9 6c6c1f7dd0064a24ac16e36aec4b0e94 417b099676d145218bef3d740bd3fd96 - - default default] 10.0.0.193 "GET /v2.0/extensions/port-resource-request HTTP/1.1" status: 200 len: 379 time: 0.0032070
2026-07-15 06:06:03.486 9 INFO neutron.wsgi [None req-5bcbb7c9-0245-4cb5-ac44-0156381f62aa 6c6c1f7dd0064a24ac16e36aec4b0e94 417b099676d145218bef3d740bd3fd96 - - default default] 10.0.0.193 "GET /v2.0/extensions/port-resource-request-groups HTTP/1.1" status: 200 len: 465 time: 0.0047770
2026-07-15 06:06:03.492 9 WARNING neutron.scheduler.dhcp_agent_scheduler [None req-76081865-abf0-4bb1-bd9e-dd6884cf94b4 b12c0261aabc4148a8d14edbab9a42f1 4faf39b8e0cd4b7f8a7fa5fe4a037441 - - default default] No more DHCP agents
2026-07-15 06:06:03.494 9 WARNING neutron.api.rpc.agentnotifiers.dhcp_rpc_agent_api [None req-76081865-abf0-4bb1-bd9e-dd6884cf94b4 b12c0261aabc4148a8d14edbab9a42f1 4faf39b8e0cd4b7f8a7fa5fe4a037441 - - default default] Unable to schedule network bb37d091-3fbb-434e-9180-8c3496af7ade: no agents available; will retry on subsequent port and subnet creation events.
2026-07-15 06:06:03.499 10 INFO neutron.wsgi [None req-39aa0af1-354a-4a56-9c73-6a99786a4694 6c6c1f7dd0064a24ac16e36aec4b0e94 417b099676d145218bef3d740bd3fd96 - - default default] 10.0.0.193 "GET /v2.0/extensions/binding HTTP/1.1" status: 200 len: 387 time: 0.0083892
2026-07-15 06:06:03.507 9 INFO neutron.wsgi [None req-ad8a8198-56c0-4813-ac62-3bbd1a0a5da2 6c6c1f7dd0064a24ac16e36aec4b0e94 417b099676d145218bef3d740bd3fd96 - - default default] 10.0.0.193 "GET /v2.0/extensions/binding-extended HTTP/1.1" status: 200 len: 406 time: 0.0039122
2026-07-15 06:06:03.517 9 INFO neutron.wsgi [None req-a356d84f-5bc7-45f2-aeb8-47062a93cfd5 6c6c1f7dd0064a24ac16e36aec4b0e94 417b099676d145218bef3d740bd3fd96 - - default default] 10.0.0.193 "GET /v2.0/extensions/port-security HTTP/1.1" status: 200 len: 354 time: 0.0066650
2026-07-15 06:06:03.518 10 INFO neutron.wsgi [None req-e1efccea-c4b7-4b00-8b7f-31b35edf66f8 0759e81edf4147739e34492da7b33ab0 d4aec8a0402f42f297507e18b0137212 - - default default] 10.0.0.193 "GET /v2.0/networks HTTP/1.1" status: 200 len: 1507 time: 0.0974138
2026-07-15 06:06:03.524 10 INFO neutron.wsgi [None req-7f52db37-c51c-4b60-9d66-60bf6b653efe 6c6c1f7dd0064a24ac16e36aec4b0e94 417b099676d145218bef3d740bd3fd96 - - default default] 10.0.0.193 "GET /v2.0/extensions/project-id HTTP/1.1" status: 200 len: 398 time: 0.0031490
2026-07-15 06:06:03.531 10 INFO neutron.wsgi [None req-d77c8b31-9c24-47ae-ae4c-fdf234147355 6c6c1f7dd0064a24ac16e36aec4b0e94 417b099676d145218bef3d740bd3fd96 - - default default] 10.0.0.193 "GET /v2.0/extensions/provider HTTP/1.1" status: 200 len: 385 time: 0.0035584
2026-07-15 06:06:03.539 10 INFO neutron.wsgi [None req-0acf469f-9861-4589-80d2-c1c108a4a44d 6c6c1f7dd0064a24ac16e36aec4b0e94 417b099676d145218bef3d740bd3fd96 - - default default] 10.0.0.193 "GET /v2.0/extensions/qos HTTP/1.1" status: 200 len: 360 time: 0.0038226
2026-07-15 06:06:03.546 10 INFO neutron.wsgi [None req-ca2650a6-c033-40a2-9d00-8041aecacdb2 6c6c1f7dd0064a24ac16e36aec4b0e94 417b099676d145218bef3d740bd3fd96 - - default default] 10.0.0.193 "GET /v2.0/extensions/qos-bw-limit-direction HTTP/1.1" status: 200 len: 452 time: 0.0043924
2026-07-15 06:06:03.554 10 INFO neutron.wsgi [None req-61b19aea-2bf6-4548-a3a7-e56d338dd55b 6c6c1f7dd0064a24ac16e36aec4b0e94 417b099676d145218bef3d740bd3fd96 - - default default] 10.0.0.193 "GET /v2.0/extensions/qos-bw-minimum-ingress HTTP/1.1" status: 200 len: 445 time: 0.0037568
2026-07-15 06:06:03.561 10 INFO neutron.wsgi [None req-fd5b452e-9299-4d3c-a777-c0b5d1e717fd 6c6c1f7dd0064a24ac16e36aec4b0e94 417b099676d145218bef3d740bd3fd96 - - default default] 10.0.0.193 "GET /v2.0/extensions/qos-default HTTP/1.1" status: 200 len: 377 time: 0.0036802
2026-07-15 06:06:03.568 10 INFO neutron.wsgi [None req-b9f5afe2-515d-4428-96be-73ce2d19548b 6c6c1f7dd0064a24ac16e36aec4b0e94 417b099676d145218bef3d740bd3fd96 - - default default] 10.0.0.193 "GET /v2.0/extensions/qos-fip HTTP/1.1" status: 200 len: 372 time: 0.0039504
2026-07-15 06:06:03.574 10 INFO neutron.wsgi [None req-bed4e375-7ffa-480a-8816-d2091e601036 6c6c1f7dd0064a24ac16e36aec4b0e94 417b099676d145218bef3d740bd3fd96 - - default default] 10.0.0.193 "GET /v2.0/extensions/qos-gateway-ip HTTP/1.1" status: 200 len: 391 time: 0.0039234
2026-07-15 06:06:03.581 9 INFO neutron.wsgi [None req-fdaf7a3c-af03-467c-9658-ab82b5c194ae 0759e81edf4147739e34492da7b33ab0 d4aec8a0402f42f297507e18b0137212 - - default default] 10.0.0.193 "GET /v2.0/subnets HTTP/1.1" status: 200 len: 1460 time: 0.0567586
2026-07-15 06:06:03.581 10 INFO neutron.wsgi [None req-c30246f0-27d7-4fcb-bd56-bc8321f24593 6c6c1f7dd0064a24ac16e36aec4b0e94 417b099676d145218bef3d740bd3fd96 - - default default] 10.0.0.193 "GET /v2.0/extensions/qos-port-network-policy HTTP/1.1" status: 200 len: 403 time: 0.0036724
2026-07-15 06:06:03.588 10 INFO neutron.wsgi [None req-be61fccb-45f8-4cd5-bc0e-479bc73a03ad 6c6c1f7dd0064a24ac16e36aec4b0e94 417b099676d145218bef3d740bd3fd96 - - default default] 10.0.0.193 "GET /v2.0/extensions/qos-pps-minimum HTTP/1.1" status: 200 len: 397 time: 0.0037892
2026-07-15 06:06:03.596 10 INFO neutron.wsgi [None req-b76c6335-e7aa-4834-a299-c860ed8be83e 6c6c1f7dd0064a24ac16e36aec4b0e94 417b099676d145218bef3d740bd3fd96 - - default default] 10.0.0.193 "GET /v2.0/extensions/qos-pps-minimum-rule-alias HTTP/1.1" status: 200 len: 471 time: 0.0041749
2026-07-15 06:06:03.603 10 INFO neutron.wsgi [None req-7f9f5f53-ef96-47c0-a9e0-07fdcaae19c6 6c6c1f7dd0064a24ac16e36aec4b0e94 417b099676d145218bef3d740bd3fd96 - - default default] 10.0.0.193 "GET /v2.0/extensions/qos-pps HTTP/1.1" status: 200 len: 389 time: 0.0043535
2026-07-15 06:06:03.610 10 INFO neutron.wsgi [None req-02e78773-5b46-40c3-bf61-a33a2a906ba3 6c6c1f7dd0064a24ac16e36aec4b0e94 417b099676d145218bef3d740bd3fd96 - - default default] 10.0.0.193 "GET /v2.0/extensions/qos-rule-type-details HTTP/1.1" status: 200 len: 423 time: 0.0042174
2026-07-15 06:06:03.616 10 INFO neutron.wsgi [None req-b402a684-9b66-4074-9118-3e729dcb192d 6c6c1f7dd0064a24ac16e36aec4b0e94 417b099676d145218bef3d740bd3fd96 - - default default] 10.0.0.193 "GET /v2.0/extensions/qos-rule-type-filter HTTP/1.1" status: 200 len: 567 time: 0.0036278
2026-07-15 06:06:03.623 10 INFO neutron.wsgi [None req-05f085dc-f591-4b15-9e7c-08076f944149 6c6c1f7dd0064a24ac16e36aec4b0e94 417b099676d145218bef3d740bd3fd96 - - default default] 10.0.0.193 "GET /v2.0/extensions/qos-rules-alias HTTP/1.1" status: 200 len: 448 time: 0.0036523
2026-07-15 06:06:03.631 10 INFO neutron.wsgi [None req-1f5df7d7-cf13-4750-b574-01073205916c 6c6c1f7dd0064a24ac16e36aec4b0e94 417b099676d145218bef3d740bd3fd96 - - default default] 10.0.0.193 "GET /v2.0/extensions/quota-check-limit HTTP/1.1" status: 200 len: 420 time: 0.0039289
2026-07-15 06:06:03.639 10 INFO neutron.wsgi [None req-b8477c2d-de3a-4e64-9276-fcb1294eb915 6c6c1f7dd0064a24ac16e36aec4b0e94 417b099676d145218bef3d740bd3fd96 - - default default] 10.0.0.193 "GET /v2.0/extensions/quotas HTTP/1.1" status: 200 len: 386 time: 0.0036471
2026-07-15 06:06:03.646 10 INFO neutron.wsgi [None req-783c1db7-eb83-44e3-bd8a-30ab364a7286 6c6c1f7dd0064a24ac16e36aec4b0e94 417b099676d145218bef3d740bd3fd96 - - default default] 10.0.0.193 "GET /v2.0/extensions/quota_details HTTP/1.1" status: 200 len: 407 time: 0.0037668
2026-07-15 06:06:03.653 10 INFO neutron.wsgi [None req-36196899-5ef1-47c5-b72f-77e1108fd807 6c6c1f7dd0064a24ac16e36aec4b0e94 417b099676d145218bef3d740bd3fd96 - - default default] 10.0.0.193 "GET /v2.0/extensions/rbac-policies HTTP/1.1" status: 200 len: 417 time: 0.0036664
2026-07-15 06:06:03.660 10 INFO neutron.wsgi [None req-7aac3d66-cdd7-4df9-b6b0-6803f54ba0ba 6c6c1f7dd0064a24ac16e36aec4b0e94 417b099676d145218bef3d740bd3fd96 - - default default] 10.0.0.193 "GET /v2.0/extensions/rbac-address-scope HTTP/1.1" status: 200 len: 384 time: 0.0039308
2026-07-15 06:06:03.663 9 INFO neutron.wsgi [None req-b3ffc31b-d2b4-4b9d-ac10-dca81d8352c7 0759e81edf4147739e34492da7b33ab0 d4aec8a0402f42f297507e18b0137212 - - default default] 10.0.0.193 "GET /v2.0/networks/cee9e7ec-a1f6-4465-83ad-509058ad9a04 HTTP/1.1" status: 200 len: 866 time: 0.0764852
2026-07-15 06:06:03.667 10 INFO neutron.wsgi [None req-42694e3f-ee18-4d11-bd04-d27ef04c62b3 6c6c1f7dd0064a24ac16e36aec4b0e94 417b099676d145218bef3d740bd3fd96 - - default default] 10.0.0.193 "GET /v2.0/extensions/rbac-security-groups HTTP/1.1" status: 200 len: 404 time: 0.0036774
2026-07-15 06:06:03.679 9 INFO neutron.wsgi [None req-944ece34-a233-4093-8485-146b47349dfd 6c6c1f7dd0064a24ac16e36aec4b0e94 417b099676d145218bef3d740bd3fd96 - - default default] 10.0.0.193 "GET /v2.0/extensions/revision-if-match HTTP/1.1" status: 200 len: 441 time: 0.0087614
2026-07-15 06:06:03.688 9 INFO neutron.wsgi [None req-acbdfc91-6b48-47cc-b3be-8c135874b7eb 6c6c1f7dd0064a24ac16e36aec4b0e94 417b099676d145218bef3d740bd3fd96 - - default default] 10.0.0.193 "GET /v2.0/extensions/standard-attr-revisions HTTP/1.1" status: 200 len: 423 time: 0.0043128
2026-07-15 06:06:03.703 10 INFO neutron.wsgi [None req-e1d87b22-fe5e-4553-8cfe-49651a64a582 0759e81edf4147739e34492da7b33ab0 d4aec8a0402f42f297507e18b0137212 - - default default] 10.0.0.193 "GET /v2.0/subnets/206c564b-aecd-4ea7-bc6b-7ebb07a8ab67 HTTP/1.1" status: 200 len: 843 time: 0.0343812
2026-07-15 06:06:03.705 9 INFO neutron.wsgi [None req-cf995988-ae2b-4878-8cd9-c27984553921 6c6c1f7dd0064a24ac16e36aec4b0e94 417b099676d145218bef3d740bd3fd96 - - default default] 10.0.0.193 "GET /v2.0/extensions/router_availability_zone HTTP/1.1" status: 200 len: 391 time: 0.0094469
2026-07-15 06:06:03.713 9 INFO neutron.wsgi [None req-b1a4ab0f-1c42-406b-8853-bf9259461424 6c6c1f7dd0064a24ac16e36aec4b0e94 417b099676d145218bef3d740bd3fd96 - - default default] 10.0.0.193 "GET /v2.0/extensions/security-groups-normalized-cidr HTTP/1.1" status: 200 len: 445 time: 0.0037816
2026-07-15 06:06:03.721 10 INFO neutron.pecan_wsgi.hooks.translation [None req-c7fe6d85-40c4-4775-b4cb-38cfc4ed23ae 0759e81edf4147739e34492da7b33ab0 d4aec8a0402f42f297507e18b0137212 - - default default] DELETE failed (client error): The resource could not be found.
2026-07-15 06:06:03.722 9 INFO neutron.wsgi [None req-9522df95-fbee-4cfa-ad31-6b96ac5322dc 6c6c1f7dd0064a24ac16e36aec4b0e94 417b099676d145218bef3d740bd3fd96 - - default default] 10.0.0.193 "GET /v2.0/extensions/security-groups-remote-address-group HTTP/1.1" status: 200 len: 448 time: 0.0035949
2026-07-15 06:06:03.723 10 INFO neutron.wsgi [None req-c7fe6d85-40c4-4775-b4cb-38cfc4ed23ae 0759e81edf4147739e34492da7b33ab0 d4aec8a0402f42f297507e18b0137212 - - default default] 10.0.0.193 "DELETE /v2.0/subnets/e821517d-08fe-443e-9b79-cf75e05d97e0 HTTP/1.1" status: 404 len: 337 time: 0.0146587
2026-07-15 06:06:03.729 10 INFO neutron.wsgi [None req-4885e334-b9e6-422c-8550-e066a1958a77 6c6c1f7dd0064a24ac16e36aec4b0e94 417b099676d145218bef3d740bd3fd96 - - default default] 10.0.0.193 "GET /v2.0/extensions/security-groups-shared-filtering HTTP/1.1" status: 200 len: 435 time: 0.0032394
2026-07-15 06:06:03.734 9 INFO neutron.db.ovn_revision_numbers_db [None req-76081865-abf0-4bb1-bd9e-dd6884cf94b4 b12c0261aabc4148a8d14edbab9a42f1 4faf39b8e0cd4b7f8a7fa5fe4a037441 - - default default] Successfully bumped revision number for resource 91be1c8b-c59b-4cbe-ad83-09c026507678 (type: ports) to 1
2026-07-15 06:06:03.736 10 INFO neutron.wsgi [None req-411aee0a-eb73-488a-b89e-b9da1c213fce 6c6c1f7dd0064a24ac16e36aec4b0e94 417b099676d145218bef3d740bd3fd96 - - default default] 10.0.0.193 "GET /v2.0/extensions/security-group HTTP/1.1" status: 200 len: 364 time: 0.0026851
2026-07-15 06:06:03.739 9 INFO neutron.pecan_wsgi.hooks.translation [None req-722a9782-169f-440f-b487-1658bf6af0a7 0759e81edf4147739e34492da7b33ab0 d4aec8a0402f42f297507e18b0137212 - - default default] DELETE failed (client error): The resource could not be found.
2026-07-15 06:06:03.741 9 INFO neutron.wsgi [None req-722a9782-169f-440f-b487-1658bf6af0a7 0759e81edf4147739e34492da7b33ab0 d4aec8a0402f42f297507e18b0137212 - - default default] 10.0.0.193 "DELETE /v2.0/networks/4b96342a-3c5c-4c6a-8d2f-b08796495240 HTTP/1.1" status: 404 len: 339 time: 0.0149882
2026-07-15 06:06:03.742 10 INFO neutron.wsgi [None req-6cdc4d5e-c093-4fa6-9531-2d4eaeeaa012 6c6c1f7dd0064a24ac16e36aec4b0e94 417b099676d145218bef3d740bd3fd96 - - default default] 10.0.0.193 "GET /v2.0/extensions/segment HTTP/1.1" status: 200 len: 339 time: 0.0026963
2026-07-15 06:06:03.752 10 INFO neutron.wsgi [None req-926a6f85-e393-49a2-8565-914e0cb4699d 6c6c1f7dd0064a24ac16e36aec4b0e94 417b099676d145218bef3d740bd3fd96 - - default default] 10.0.0.193 "GET /v2.0/extensions/segments-peer-subnet-host-routes HTTP/1.1" status: 200 len: 427 time: 0.0032890
2026-07-15 06:06:03.762 9 INFO neutron.wsgi [None req-74c2c09d-16e4-4f5d-8144-a664c9f21b64 6c6c1f7dd0064a24ac16e36aec4b0e94 417b099676d145218bef3d740bd3fd96 - - default default] 10.0.0.193 "GET /v2.0/extensions/service-type HTTP/1.1" status: 200 len: 415 time: 0.0055034
2026-07-15 06:06:03.772 10 INFO neutron.wsgi [None req-a23a80a6-9803-4ee5-bc22-946979bb8a9e 6c6c1f7dd0064a24ac16e36aec4b0e94 417b099676d145218bef3d740bd3fd96 - - default default] 10.0.0.193 "GET /v2.0/extensions/sorting HTTP/1.1" status: 200 len: 377 time: 0.0041716
2026-07-15 06:06:03.781 9 INFO neutron.wsgi [None req-1fe83a06-a613-4d50-b2c5-4b7f8768b06e 6c6c1f7dd0064a24ac16e36aec4b0e94 417b099676d145218bef3d740bd3fd96 - - default default] 10.0.0.193 "GET /v2.0/extensions/standard-attr-segment HTTP/1.1" status: 200 len: 406 time: 0.0047946
2026-07-15 06:06:03.790 10 INFO neutron.wsgi [None req-d0c2c5f1-9657-4e59-ab77-129419cf3a2f 6c6c1f7dd0064a24ac16e36aec4b0e94 417b099676d145218bef3d740bd3fd96 - - default default] 10.0.0.193 "GET /v2.0/extensions/standard-attr-description HTTP/1.1" status: 200 len: 408 time: 0.0030966
2026-07-15 06:06:03.797 10 INFO neutron.wsgi [None req-5fccd2b4-6a58-402f-a077-9a03fb924f49 6c6c1f7dd0064a24ac16e36aec4b0e94 417b099676d145218bef3d740bd3fd96 - - default default] 10.0.0.193 "GET /v2.0/extensions/stateful-security-group HTTP/1.1" status: 200 len: 402 time: 0.0038266
2026-07-15 06:06:03.804 10 INFO neutron.wsgi [None req-05d52bd5-64c6-4631-b8f1-6f49de950ca0 6c6c1f7dd0064a24ac16e36aec4b0e94 417b099676d145218bef3d740bd3fd96 - - default default] 10.0.0.193 "GET /v2.0/extensions/subnet-dns-publish-fixed-ip HTTP/1.1" status: 200 len: 421 time: 0.0035138
2026-07-15 06:06:03.816 10 INFO neutron.wsgi [None req-419505a2-5eee-4185-a1e1-5472b446ed58 6c6c1f7dd0064a24ac16e36aec4b0e94 417b099676d145218bef3d740bd3fd96 - - default default] 10.0.0.193 "GET /v2.0/extensions/subnet-segmentid-writable HTTP/1.1" status: 200 len: 421 time: 0.0080705
2026-07-15 06:06:03.825 10 INFO neutron.wsgi [None req-094fc07d-0887-465d-8e98-f2d35b74b7f5 6c6c1f7dd0064a24ac16e36aec4b0e94 417b099676d145218bef3d740bd3fd96 - - default default] 10.0.0.193 "GET /v2.0/extensions/subnet-service-types HTTP/1.1" status: 200 len: 400 time: 0.0039444
2026-07-15 06:06:03.832 10 INFO neutron.wsgi [None req-a15cc6d4-e372-4124-9382-9efa18c4e39a 6c6c1f7dd0064a24ac16e36aec4b0e94 417b099676d145218bef3d740bd3fd96 - - default default] 10.0.0.193 "GET /v2.0/extensions/subnet_allocation HTTP/1.1" status: 200 len: 388 time: 0.0039780
2026-07-15 06:06:03.840 10 INFO neutron.wsgi [None req-d635268f-34a2-4805-a575-0d758b9947b5 6c6c1f7dd0064a24ac16e36aec4b0e94 417b099676d145218bef3d740bd3fd96 - - default default] 10.0.0.193 "GET /v2.0/extensions/subnetpool-prefix-ops HTTP/1.1" status: 200 len: 418 time: 0.0029001
2026-07-15 06:06:03.848 9 INFO neutron.wsgi [None req-470267f8-ac28-4555-bdc5-163b39bb1afa 6c6c1f7dd0064a24ac16e36aec4b0e94 417b099676d145218bef3d740bd3fd96 - - default default] 10.0.0.193 "GET /v2.0/extensions/standard-attr-tag HTTP/1.1" status: 200 len: 537 time: 0.0040805
2026-07-15 06:06:03.855 10 INFO neutron.wsgi [None req-4869be50-40d1-40e8-904c-8562696e24cf 6c6c1f7dd0064a24ac16e36aec4b0e94 417b099676d145218bef3d740bd3fd96 - - default default] 10.0.0.193 "GET /v2.0/extensions/standard-attr-timestamp HTTP/1.1" status: 200 len: 449 time: 0.0037045
2026-07-15 06:06:03.865 9 INFO neutron.wsgi [None req-3fb9f10a-727a-4cae-83f5-08aa9e7b0bf2 6c6c1f7dd0064a24ac16e36aec4b0e94 417b099676d145218bef3d740bd3fd96 - - default default] 10.0.0.193 "GET /v2.0/extensions/trunk HTTP/1.1" status: 200 len: 358 time: 0.0054157
2026-07-15 06:06:03.874 9 INFO neutron.wsgi [None req-4b184e1d-6f71-4fab-ba60-af72b59ee1e1 6c6c1f7dd0064a24ac16e36aec4b0e94 417b099676d145218bef3d740bd3fd96 - - default default] 10.0.0.193 "GET /v2.0/extensions/trunk-details HTTP/1.1" status: 200 len: 362 time: 0.0047822
2026-07-15 06:06:03.912 10 INFO neutron.wsgi [None req-a05eba19-8091-464d-b10c-04144f16bf07 0759e81edf4147739e34492da7b33ab0 d4aec8a0402f42f297507e18b0137212 - - default default] 10.0.0.193 "DELETE /v2.0/subnets/206c564b-aecd-4ea7-bc6b-7ebb07a8ab67 HTTP/1.1" status: 204 len: 168 time: 0.1671031
2026-07-15 06:06:04.259 10 INFO neutron.wsgi [None req-cfa6952e-7f66-45f6-bdf3-470d8d0e7ea7 0759e81edf4147739e34492da7b33ab0 d4aec8a0402f42f297507e18b0137212 - - default default] 10.0.0.193 "DELETE /v2.0/networks/cee9e7ec-a1f6-4465-83ad-509058ad9a04 HTTP/1.1" status: 204 len: 168 time: 0.3421853
2026-07-15 06:06:04.292 9 INFO neutron.plugins.ml2.drivers.ovn.mech_driver.mech_driver [None req-2052610e-e2e3-4021-9f7b-abd298d398dc - - - - - -] OVN reports status up for port: 91be1c8b-c59b-4cbe-ad83-09c026507678
2026-07-15 06:06:04.318 9 INFO neutron.plugins.ml2.drivers.ovn.mech_driver.ovsdb.ovsdb_monitor [None req-9e97385f-a753-465e-85c8-ebe429d1c891 - - - - - -] Router 7f88cb8f-7981-4c0d-85af-bc2d3f9a439d is bound to host instance
2026-07-15 06:06:04.322 9 INFO neutron.plugins.ml2.plugin [None req-2052610e-e2e3-4021-9f7b-abd298d398dc - - - - - -] Attempt 1 to provision port 91be1c8b-c59b-4cbe-ad83-09c026507678
2026-07-15 06:06:04.356 9 INFO neutron.db.ovn_revision_numbers_db [None req-76081865-abf0-4bb1-bd9e-dd6884cf94b4 b12c0261aabc4148a8d14edbab9a42f1 4faf39b8e0cd4b7f8a7fa5fe4a037441 - - default default] Successfully bumped revision number for resource 91be1c8b-c59b-4cbe-ad83-09c026507678 (type: router_ports) to 1
2026-07-15 06:06:04.454 9 INFO neutron.db.ovn_revision_numbers_db [None req-76081865-abf0-4bb1-bd9e-dd6884cf94b4 b12c0261aabc4148a8d14edbab9a42f1 4faf39b8e0cd4b7f8a7fa5fe4a037441 - - default default] Successfully bumped revision number for resource 7f88cb8f-7981-4c0d-85af-bc2d3f9a439d (type: routers) to 2
2026-07-15 06:06:04.482 9 INFO neutron.wsgi [None req-76081865-abf0-4bb1-bd9e-dd6884cf94b4 b12c0261aabc4148a8d14edbab9a42f1 4faf39b8e0cd4b7f8a7fa5fe4a037441 - - default default] 10.0.0.193 "POST /v2.0/routers HTTP/1.1" status: 201 len: 881 time: 1.8112459
2026-07-15 06:06:04.719 10 INFO neutron.db.ovn_revision_numbers_db [None req-ea456d9b-63b2-412a-b8c5-e1160a0b5996 b12c0261aabc4148a8d14edbab9a42f1 4faf39b8e0cd4b7f8a7fa5fe4a037441 - - default default] Successfully bumped revision number for resource 0598a42a-32a9-4d43-831c-0ba6a8076410 (type: security_groups) to 1
2026-07-15 06:06:04.737 10 INFO neutron.db.ovn_revision_numbers_db [None req-ea456d9b-63b2-412a-b8c5-e1160a0b5996 b12c0261aabc4148a8d14edbab9a42f1 4faf39b8e0cd4b7f8a7fa5fe4a037441 - - default default] Successfully bumped revision number for resource 5c8adb4b-fda3-4867-b2ba-3f5cb88caa81 (type: security_group_rules) to 0
2026-07-15 06:06:04.739 10 INFO neutron.db.ovn_revision_numbers_db [None req-f9268719-8279-460d-bcfd-566d7072aff8 b12c0261aabc4148a8d14edbab9a42f1 4faf39b8e0cd4b7f8a7fa5fe4a037441 - - default default] Successfully bumped revision number for resource 443f9227-7f9c-4f11-80d5-469625a18abd (type: security_groups) to 1
2026-07-15 06:06:04.754 10 INFO neutron.db.ovn_revision_numbers_db [None req-f9268719-8279-460d-bcfd-566d7072aff8 b12c0261aabc4148a8d14edbab9a42f1 4faf39b8e0cd4b7f8a7fa5fe4a037441 - - default default] Successfully bumped revision number for resource 066eb507-0bb7-406c-a092-48e54b756321 (type: security_group_rules) to 0
2026-07-15 06:06:04.757 10 INFO neutron.db.ovn_revision_numbers_db [None req-ea456d9b-63b2-412a-b8c5-e1160a0b5996 b12c0261aabc4148a8d14edbab9a42f1 4faf39b8e0cd4b7f8a7fa5fe4a037441 - - default default] Successfully bumped revision number for resource 6c1ec899-3a90-416c-93c0-e399ab06e703 (type: security_group_rules) to 0
2026-07-15 06:06:04.771 10 INFO neutron.db.ovn_revision_numbers_db [None req-f9268719-8279-460d-bcfd-566d7072aff8 b12c0261aabc4148a8d14edbab9a42f1 4faf39b8e0cd4b7f8a7fa5fe4a037441 - - default default] Successfully bumped revision number for resource 3db99044-d996-4b54-b544-df3ac98682e5 (type: security_group_rules) to 0
2026-07-15 06:06:04.772 10 INFO neutron.db.ovn_revision_numbers_db [None req-ea456d9b-63b2-412a-b8c5-e1160a0b5996 b12c0261aabc4148a8d14edbab9a42f1 4faf39b8e0cd4b7f8a7fa5fe4a037441 - - default default] Successfully bumped revision number for resource ce7bd772-32ce-4b4d-8c40-d8bdcde57673 (type: security_group_rules) to 0
2026-07-15 06:06:04.786 10 INFO neutron.db.ovn_revision_numbers_db [None req-f9268719-8279-460d-bcfd-566d7072aff8 b12c0261aabc4148a8d14edbab9a42f1 4faf39b8e0cd4b7f8a7fa5fe4a037441 - - default default] Successfully bumped revision number for resource 7ee77fdb-0edc-4c3e-b264-99f5134e4596 (type: security_group_rules) to 0
2026-07-15 06:06:04.790 10 INFO neutron.db.ovn_revision_numbers_db [None req-ea456d9b-63b2-412a-b8c5-e1160a0b5996 b12c0261aabc4148a8d14edbab9a42f1 4faf39b8e0cd4b7f8a7fa5fe4a037441 - - default default] Successfully bumped revision number for resource ef91b109-c6c1-4a7f-9588-e4fe8ebf808f (type: security_group_rules) to 0
2026-07-15 06:06:04.809 10 INFO neutron.db.ovn_revision_numbers_db [None req-f9268719-8279-460d-bcfd-566d7072aff8 b12c0261aabc4148a8d14edbab9a42f1 4faf39b8e0cd4b7f8a7fa5fe4a037441 - - default default] Successfully bumped revision number for resource b14d41f5-f3bb-489a-b6f3-8000b1f0bcb6 (type: security_group_rules) to 0
2026-07-15 06:06:04.814 10 INFO neutron.wsgi [None req-ea456d9b-63b2-412a-b8c5-e1160a0b5996 b12c0261aabc4148a8d14edbab9a42f1 4faf39b8e0cd4b7f8a7fa5fe4a037441 - - default default] 10.0.0.193 "GET /v2.0/security-groups?tenant_id=417b099676d145218bef3d740bd3fd96&name=default HTTP/1.1" status: 200 len: 2996 time: 0.4184785
2026-07-15 06:06:04.832 10 INFO neutron.wsgi [None req-f9268719-8279-460d-bcfd-566d7072aff8 b12c0261aabc4148a8d14edbab9a42f1 4faf39b8e0cd4b7f8a7fa5fe4a037441 - - default default] 10.0.0.193 "GET /v2.0/security-groups?tenant_id=8afac76b03a646bc9d9e4729f02e1456&name=default HTTP/1.1" status: 200 len: 2996 time: 0.4187121
2026-07-15 06:06:04.881 9 INFO neutron.wsgi [None req-a435447a-7c3a-46d6-a8e6-77974abffcef b12c0261aabc4148a8d14edbab9a42f1 4faf39b8e0cd4b7f8a7fa5fe4a037441 - - default default] 10.0.0.193 "GET /v2.0/security-groups?tenant_id=d4aec8a0402f42f297507e18b0137212&name=default HTTP/1.1" status: 200 len: 2996 time: 0.1002560
2026-07-15 06:06:04.989 9 INFO neutron.db.ovn_revision_numbers_db [None req-9e97385f-a753-465e-85c8-ebe429d1c891 - - - - - -] Successfully bumped revision number for resource 91be1c8b-c59b-4cbe-ad83-09c026507678 (type: ports) to 1
2026-07-15 06:06:04.999 9 WARNING neutron.scheduler.dhcp_agent_scheduler [None req-4a0c7e0c-65a0-43b3-82d5-b2003412173d b12c0261aabc4148a8d14edbab9a42f1 4faf39b8e0cd4b7f8a7fa5fe4a037441 - - default default] No more DHCP agents
2026-07-15 06:06:05.002 9 WARNING neutron.api.rpc.agentnotifiers.dhcp_rpc_agent_api [None req-4a0c7e0c-65a0-43b3-82d5-b2003412173d b12c0261aabc4148a8d14edbab9a42f1 4faf39b8e0cd4b7f8a7fa5fe4a037441 - - default default] Unable to schedule network 65ff35c0-f598-46f7-8e7b-1943b343b70d: no agents available; will retry on subsequent port and subnet creation events.
2026-07-15 06:06:05.093 10 INFO neutron.wsgi [None req-8fab3bd7-7923-4e0d-ab20-53b76d68037a b12c0261aabc4148a8d14edbab9a42f1 4faf39b8e0cd4b7f8a7fa5fe4a037441 - - default default] 10.0.0.193 "DELETE /v2.0/security-groups/443f9227-7f9c-4f11-80d5-469625a18abd HTTP/1.1" status: 204 len: 168 time: 0.2552445
2026-07-15 06:06:05.102 10 INFO neutron.wsgi [None req-1d976c0b-568c-4a56-8053-ffff63678069 b12c0261aabc4148a8d14edbab9a42f1 4faf39b8e0cd4b7f8a7fa5fe4a037441 - - default default] 10.0.0.193 "DELETE /v2.0/security-groups/0598a42a-32a9-4d43-831c-0ba6a8076410 HTTP/1.1" status: 204 len: 168 time: 0.2818267
2026-07-15 06:06:05.155 10 INFO neutron.wsgi [None req-6b5138f2-9262-42bc-8431-42815d069313 b12c0261aabc4148a8d14edbab9a42f1 4faf39b8e0cd4b7f8a7fa5fe4a037441 - - default default] 10.0.0.193 "DELETE /v2.0/security-groups/ad9601d2-bed2-419d-a120-4e5182df2d9e HTTP/1.1" status: 204 len: 168 time: 0.2677469
2026-07-15 06:06:05.193 10 INFO neutron.services.segments.plugin [-] Segment 8e879122-0889-451b-a3e9-59a809510921 resource provider aggregate not found
2026-07-15 06:06:05.200 10 INFO neutron.services.segments.plugin [-] Segment 8e879122-0889-451b-a3e9-59a809510921 resource provider aggregate not found
2026-07-15 06:06:05.217 10 INFO neutron.services.segments.plugin [-] Segment 8e879122-0889-451b-a3e9-59a809510921 resource provider not found; error: Placement Client Error (4xx): {"errors": [{"status": 404, "title": "Not Found", "detail": "The resource could not be found.\n\n No resource provider with uuid 8e879122-0889-451b-a3e9-59a809510921 found for delete ", "request_id": "req-67dd27a4-ee1d-41e1-83b3-1fa55f675c66"}]}
2026-07-15 06:06:05.231 10 INFO neutron.services.segments.plugin [-] Segment 8e879122-0889-451b-a3e9-59a809510921 resource provider not found; error: Placement Client Error (4xx): {"errors": [{"status": 404, "title": "Not Found", "detail": "The resource could not be found.\n\n No resource provider with uuid 8e879122-0889-451b-a3e9-59a809510921 found for delete ", "request_id": "req-8528c949-9ec3-4095-8c3b-72d804380544"}]}
2026-07-15 06:06:05.404 9 INFO neutron.db.ovn_revision_numbers_db [None req-4a0c7e0c-65a0-43b3-82d5-b2003412173d b12c0261aabc4148a8d14edbab9a42f1 4faf39b8e0cd4b7f8a7fa5fe4a037441 - - default default] Successfully bumped revision number for resource b8a7b8be-c546-484e-9d0f-e0bf37536af6 (type: ports) to 1
2026-07-15 06:06:05.476 9 INFO neutron.db.ovn_revision_numbers_db [None req-9e97385f-a753-465e-85c8-ebe429d1c891 - - - - - -] Successfully bumped revision number for resource 91be1c8b-c59b-4cbe-ad83-09c026507678 (type: router_ports) to 3
2026-07-15 06:06:05.669 9 INFO neutron.db.ovn_revision_numbers_db [None req-9e97385f-a753-465e-85c8-ebe429d1c891 - - - - - -] Successfully bumped revision number for resource 91be1c8b-c59b-4cbe-ad83-09c026507678 (type: ports) to 2
2026-07-15 06:06:05.883 9 INFO neutron.db.ovn_revision_numbers_db [None req-4a0c7e0c-65a0-43b3-82d5-b2003412173d b12c0261aabc4148a8d14edbab9a42f1 4faf39b8e0cd4b7f8a7fa5fe4a037441 - - default default] Successfully bumped revision number for resource b8a7b8be-c546-484e-9d0f-e0bf37536af6 (type: router_ports) to 1
2026-07-15 06:06:06.018 9 INFO neutron.db.ovn_revision_numbers_db [None req-9e97385f-a753-465e-85c8-ebe429d1c891 - - - - - -] Successfully bumped revision number for resource 91be1c8b-c59b-4cbe-ad83-09c026507678 (type: ports) to 4
2026-07-15 06:06:06.090 10 INFO neutron.wsgi [-] 10.0.0.240 "GET / HTTP/1.1" status: 200 len: 246 time: 0.0018260
2026-07-15 06:06:06.092 10 INFO neutron.wsgi [-] 10.0.0.240 "GET / HTTP/1.1" status: 200 len: 246 time: 0.0011971
2026-07-15 06:06:06.104 9 INFO neutron.db.ovn_revision_numbers_db [None req-4a0c7e0c-65a0-43b3-82d5-b2003412173d b12c0261aabc4148a8d14edbab9a42f1 4faf39b8e0cd4b7f8a7fa5fe4a037441 - - default default] Successfully bumped revision number for resource b8a7b8be-c546-484e-9d0f-e0bf37536af6 (type: ports) to 1
2026-07-15 06:06:06.214 9 WARNING neutron.scheduler.dhcp_agent_scheduler [None req-4a0c7e0c-65a0-43b3-82d5-b2003412173d b12c0261aabc4148a8d14edbab9a42f1 4faf39b8e0cd4b7f8a7fa5fe4a037441 - - default default] No more DHCP agents
2026-07-15 06:06:06.216 9 WARNING neutron.api.rpc.agentnotifiers.dhcp_rpc_agent_api [None req-4a0c7e0c-65a0-43b3-82d5-b2003412173d b12c0261aabc4148a8d14edbab9a42f1 4faf39b8e0cd4b7f8a7fa5fe4a037441 - - default default] Unable to schedule network 65ff35c0-f598-46f7-8e7b-1943b343b70d: no agents available; will retry on subsequent port and subnet creation events.
2026-07-15 06:06:06.368 9 INFO neutron.db.ovn_revision_numbers_db [None req-9e97385f-a753-465e-85c8-ebe429d1c891 - - - - - -] Successfully bumped revision number for resource 91be1c8b-c59b-4cbe-ad83-09c026507678 (type: router_ports) to 4
2026-07-15 06:06:06.707 9 INFO neutron.db.ovn_revision_numbers_db [None req-4a0c7e0c-65a0-43b3-82d5-b2003412173d b12c0261aabc4148a8d14edbab9a42f1 4faf39b8e0cd4b7f8a7fa5fe4a037441 - - default default] Successfully bumped revision number for resource b8a7b8be-c546-484e-9d0f-e0bf37536af6 (type: router_ports) to 1
2026-07-15 06:06:06.713 9 INFO neutron.wsgi [None req-4a0c7e0c-65a0-43b3-82d5-b2003412173d b12c0261aabc4148a8d14edbab9a42f1 4faf39b8e0cd4b7f8a7fa5fe4a037441 - - default default] 10.0.0.193 "PUT /v2.0/routers/7f88cb8f-7981-4c0d-85af-bc2d3f9a439d/add_router_interface HTTP/1.1" status: 200 len: 503 time: 2.2277157
2026-07-15 06:06:06.766 9 INFO neutron.plugins.ml2.drivers.ovn.mech_driver.mech_driver [None req-2052610e-e2e3-4021-9f7b-abd298d398dc - - - - - -] OVN reports status up for port: b8a7b8be-c546-484e-9d0f-e0bf37536af6
2026-07-15 06:06:06.779 9 INFO neutron.plugins.ml2.plugin [None req-2052610e-e2e3-4021-9f7b-abd298d398dc - - - - - -] Attempt 1 to provision port b8a7b8be-c546-484e-9d0f-e0bf37536af6
2026-07-15 06:06:07.066 9 INFO neutron.db.ovn_revision_numbers_db [None req-2052610e-e2e3-4021-9f7b-abd298d398dc - - - - - -] Successfully bumped revision number for resource b8a7b8be-c546-484e-9d0f-e0bf37536af6 (type: ports) to 2
2026-07-15 06:06:07.242 9 INFO neutron.db.ovn_revision_numbers_db [None req-2052610e-e2e3-4021-9f7b-abd298d398dc - - - - - -] Successfully bumped revision number for resource b8a7b8be-c546-484e-9d0f-e0bf37536af6 (type: router_ports) to 2
2026-07-15 06:06:07.253 10 INFO neutron.db.ovn_revision_numbers_db [None req-aae72b38-f361-42bc-8607-e2a98bc168ed 37e50b704bec403d97c72e9ef2c272e7 d4041af312ff4483981edf904e66de94 - - default default] Successfully bumped revision number for resource 86321c9a-f30f-457a-abdf-b8ef6cb80cac (type: security_groups) to 1
2026-07-15 06:06:07.277 10 INFO neutron.db.ovn_revision_numbers_db [None req-aae72b38-f361-42bc-8607-e2a98bc168ed 37e50b704bec403d97c72e9ef2c272e7 d4041af312ff4483981edf904e66de94 - - default default] Successfully bumped revision number for resource 22334cda-e739-44a5-a544-b09e527729de (type: security_group_rules) to 0
2026-07-15 06:06:07.320 10 INFO neutron.db.ovn_revision_numbers_db [None req-a84cd896-7f2e-47c1-beb6-d8a92deb5e31 3e3a9eb92178438a8edbe46f1fbe5860 44c227ab03b541e7887d7736432c0334 - - default default] Successfully bumped revision number for resource 362a7632-9d1c-413d-bdd7-e8ebec758d9a (type: security_groups) to 1
2026-07-15 06:06:07.333 10 INFO neutron.db.ovn_revision_numbers_db [None req-aae72b38-f361-42bc-8607-e2a98bc168ed 37e50b704bec403d97c72e9ef2c272e7 d4041af312ff4483981edf904e66de94 - - default default] Successfully bumped revision number for resource 28b7aea3-0e4d-4c88-8734-9e89423412be (type: security_group_rules) to 0
2026-07-15 06:06:07.348 10 INFO neutron.db.ovn_revision_numbers_db [None req-a84cd896-7f2e-47c1-beb6-d8a92deb5e31 3e3a9eb92178438a8edbe46f1fbe5860 44c227ab03b541e7887d7736432c0334 - - default default] Successfully bumped revision number for resource 3e5a6264-47a0-4f0e-a2d7-8057e58dcecf (type: security_group_rules) to 0
2026-07-15 06:06:07.353 10 INFO neutron.db.ovn_revision_numbers_db [None req-aae72b38-f361-42bc-8607-e2a98bc168ed 37e50b704bec403d97c72e9ef2c272e7 d4041af312ff4483981edf904e66de94 - - default default] Successfully bumped revision number for resource 956b6807-886c-4d3e-acbc-bc2cb7f63423 (type: security_group_rules) to 0
2026-07-15 06:06:07.361 10 INFO neutron.db.ovn_revision_numbers_db [None req-a84cd896-7f2e-47c1-beb6-d8a92deb5e31 3e3a9eb92178438a8edbe46f1fbe5860 44c227ab03b541e7887d7736432c0334 - - default default] Successfully bumped revision number for resource 704639b0-ea0d-4a6f-b007-4caa7cc3d5e0 (type: security_group_rules) to 0
2026-07-15 06:06:07.371 10 INFO neutron.db.ovn_revision_numbers_db [None req-aae72b38-f361-42bc-8607-e2a98bc168ed 37e50b704bec403d97c72e9ef2c272e7 d4041af312ff4483981edf904e66de94 - - default default] Successfully bumped revision number for resource c193a32f-2492-4db9-8301-d229c0331e8a (type: security_group_rules) to 0
2026-07-15 06:06:07.452 9 INFO neutron.db.ovn_revision_numbers_db [None req-052af8ac-a2e7-445f-8df2-6daa1646b80c 2aafafb4dec44c708170fedd7a7cb8c2 b1558565f64340b59c92442b875a6ed5 - - default default] Successfully bumped revision number for resource fed36e86-7ee5-4d18-ac04-ad0c7e68ad95 (type: security_groups) to 1
2026-07-15 06:06:07.467 9 INFO neutron.db.ovn_revision_numbers_db [None req-052af8ac-a2e7-445f-8df2-6daa1646b80c 2aafafb4dec44c708170fedd7a7cb8c2 b1558565f64340b59c92442b875a6ed5 - - default default] Successfully bumped revision number for resource 79b5667e-391d-4c14-b9f2-d94e227c5058 (type: security_group_rules) to 0
2026-07-15 06:06:07.491 9 INFO neutron.db.ovn_revision_numbers_db [None req-052af8ac-a2e7-445f-8df2-6daa1646b80c 2aafafb4dec44c708170fedd7a7cb8c2 b1558565f64340b59c92442b875a6ed5 - - default default] Successfully bumped revision number for resource 81eade1f-dc96-4cfb-a43f-0212fd9310dc (type: security_group_rules) to 0
2026-07-15 06:06:07.511 9 INFO neutron.db.ovn_revision_numbers_db [None req-052af8ac-a2e7-445f-8df2-6daa1646b80c 2aafafb4dec44c708170fedd7a7cb8c2 b1558565f64340b59c92442b875a6ed5 - - default default] Successfully bumped revision number for resource 8901d3c5-a8ec-490f-b6b7-8abbcdc1ca6f (type: security_group_rules) to 0
2026-07-15 06:06:07.535 9 INFO neutron.db.ovn_revision_numbers_db [None req-052af8ac-a2e7-445f-8df2-6daa1646b80c 2aafafb4dec44c708170fedd7a7cb8c2 b1558565f64340b59c92442b875a6ed5 - - default default] Successfully bumped revision number for resource 98115f27-31f5-4ad2-bff1-cee01c2392b9 (type: security_group_rules) to 0
2026-07-15 06:06:07.548 9 INFO neutron.db.ovn_revision_numbers_db [None req-aeb1682a-9409-4795-9728-8981b312d7aa 433fc69e25394f2098f4ad681f099f43 7a12ee3054c946599065086e3da85397 - - default default] Successfully bumped revision number for resource 86ffec33-7036-42ff-83af-de5c2101dc91 (type: security_groups) to 1
2026-07-15 06:06:07.565 9 INFO neutron.db.ovn_revision_numbers_db [None req-aeb1682a-9409-4795-9728-8981b312d7aa 433fc69e25394f2098f4ad681f099f43 7a12ee3054c946599065086e3da85397 - - default default] Successfully bumped revision number for resource 2afc63eb-9791-48cd-a6e0-dee5c2908324 (type: security_group_rules) to 0
2026-07-15 06:06:07.576 9 INFO neutron.db.ovn_revision_numbers_db [None req-aeb1682a-9409-4795-9728-8981b312d7aa 433fc69e25394f2098f4ad681f099f43 7a12ee3054c946599065086e3da85397 - - default default] Successfully bumped revision number for resource 6d93182c-969f-4653-a632-3988755bd9f1 (type: security_group_rules) to 0
2026-07-15 06:06:07.592 9 INFO neutron.db.segments_db [None req-052af8ac-a2e7-445f-8df2-6daa1646b80c 2aafafb4dec44c708170fedd7a7cb8c2 b1558565f64340b59c92442b875a6ed5 - - default default] Added segment 17800991-5d36-4625-8bf9-c13d31297cfd of type geneve for network facc3e29-5d91-40f5-87f2-4a7e15ef2ebe
2026-07-15 06:06:07.601 9 INFO neutron.wsgi [None req-aeb1682a-9409-4795-9728-8981b312d7aa 433fc69e25394f2098f4ad681f099f43 7a12ee3054c946599065086e3da85397 - - default default] 10.0.0.193 "POST /v2.0/security-groups HTTP/1.1" status: 201 len: 1796 time: 0.1918426
2026-07-15 06:06:07.625 10 INFO neutron.db.ovn_revision_numbers_db [None req-a84cd896-7f2e-47c1-beb6-d8a92deb5e31 3e3a9eb92178438a8edbe46f1fbe5860 44c227ab03b541e7887d7736432c0334 - - default default] Successfully bumped revision number for resource ae8a837b-3052-40df-a020-c343bb732b8f (type: security_group_rules) to 0
2026-07-15 06:06:07.658 10 INFO neutron.db.ovn_revision_numbers_db [None req-a84cd896-7f2e-47c1-beb6-d8a92deb5e31 3e3a9eb92178438a8edbe46f1fbe5860 44c227ab03b541e7887d7736432c0334 - - default default] Successfully bumped revision number for resource da73646d-e490-4e51-b8c2-b18cee66c464 (type: security_group_rules) to 0
2026-07-15 06:06:07.701 10 INFO neutron.db.segments_db [None req-aae72b38-f361-42bc-8607-e2a98bc168ed 37e50b704bec403d97c72e9ef2c272e7 d4041af312ff4483981edf904e66de94 - - default default] Added segment cf96aa69-a147-4deb-ab7c-55cd8ec9ad95 of type geneve for network 699a2622-a4c3-41e8-9c80-8bf21449823e
2026-07-15 06:06:07.717 10 INFO neutron.db.segments_db [None req-a84cd896-7f2e-47c1-beb6-d8a92deb5e31 3e3a9eb92178438a8edbe46f1fbe5860 44c227ab03b541e7887d7736432c0334 - - default default] Added segment abccb900-f46e-4190-9520-67c83b3ba518 of type geneve for network 199fc109-7c27-412a-bc84-ca4a614d33a5
2026-07-15 06:06:07.785 9 INFO neutron.db.ovn_revision_numbers_db [None req-052af8ac-a2e7-445f-8df2-6daa1646b80c 2aafafb4dec44c708170fedd7a7cb8c2 b1558565f64340b59c92442b875a6ed5 - - default default] Successfully bumped revision number for resource facc3e29-5d91-40f5-87f2-4a7e15ef2ebe (type: networks) to 1
2026-07-15 06:06:07.849 9 INFO neutron.db.ovn_revision_numbers_db [None req-3293b205-f8e7-45f1-9733-9c8660563dd8 433fc69e25394f2098f4ad681f099f43 7a12ee3054c946599065086e3da85397 - - default default] Successfully bumped revision number for resource 99072146-4377-45e6-a3b2-5447680fe550 (type: security_group_rules) to 0
2026-07-15 06:06:07.888 10 INFO neutron.db.segments_db [None req-aae72b38-f361-42bc-8607-e2a98bc168ed 37e50b704bec403d97c72e9ef2c272e7 d4041af312ff4483981edf904e66de94 - - default default] Added segment 6cd1af84-01f8-4b29-8d33-81cbbee230f1 of type geneve for network 1a659b0c-e23f-49b3-9e37-2808a5f004d0
2026-07-15 06:06:07.894 9 INFO neutron.wsgi [None req-3293b205-f8e7-45f1-9733-9c8660563dd8 433fc69e25394f2098f4ad681f099f43 7a12ee3054c946599065086e3da85397 - - default default] 10.0.0.193 "POST /v2.0/security-group-rules HTTP/1.1" status: 201 len: 764 time: 0.2834620
2026-07-15 06:06:07.907 10 INFO neutron.db.ovn_revision_numbers_db [None req-a84cd896-7f2e-47c1-beb6-d8a92deb5e31 3e3a9eb92178438a8edbe46f1fbe5860 44c227ab03b541e7887d7736432c0334 - - default default] Successfully bumped revision number for resource 199fc109-7c27-412a-bc84-ca4a614d33a5 (type: networks) to 1
2026-07-15 06:06:08.001 9 WARNING neutron.scheduler.dhcp_agent_scheduler [None req-052af8ac-a2e7-445f-8df2-6daa1646b80c 2aafafb4dec44c708170fedd7a7cb8c2 b1558565f64340b59c92442b875a6ed5 - - default default] No more DHCP agents
2026-07-15 06:06:08.003 9 WARNING neutron.api.rpc.agentnotifiers.dhcp_rpc_agent_api [None req-052af8ac-a2e7-445f-8df2-6daa1646b80c 2aafafb4dec44c708170fedd7a7cb8c2 b1558565f64340b59c92442b875a6ed5 - - default default] Unable to schedule network facc3e29-5d91-40f5-87f2-4a7e15ef2ebe: no agents available; will retry on subsequent port and subnet creation events.
2026-07-15 06:06:08.118 9 INFO neutron.db.ovn_revision_numbers_db [None req-052af8ac-a2e7-445f-8df2-6daa1646b80c 2aafafb4dec44c708170fedd7a7cb8c2 b1558565f64340b59c92442b875a6ed5 - - default default] Successfully bumped revision number for resource 748ab1c9-9d09-4971-84a8-43abd9010337 (type: ports) to 1
2026-07-15 06:06:08.141 9 INFO neutron.wsgi [None req-052af8ac-a2e7-445f-8df2-6daa1646b80c 2aafafb4dec44c708170fedd7a7cb8c2 b1558565f64340b59c92442b875a6ed5 - - default default] 10.0.0.193 "POST /v2.0/networks HTTP/1.1" status: 201 len: 843 time: 0.9807160
2026-07-15 06:06:08.144 10 INFO neutron.db.ovn_revision_numbers_db [None req-aae72b38-f361-42bc-8607-e2a98bc168ed 37e50b704bec403d97c72e9ef2c272e7 d4041af312ff4483981edf904e66de94 - - default default] Successfully bumped revision number for resource 699a2622-a4c3-41e8-9c80-8bf21449823e (type: networks) to 1
2026-07-15 06:06:08.208 10 INFO neutron.db.ovn_revision_numbers_db [None req-74caab1c-6134-4490-b7b2-9b15e09ed0c5 433fc69e25394f2098f4ad681f099f43 7a12ee3054c946599065086e3da85397 - - default default] Successfully bumped revision number for resource 6d5d402c-ee89-47ab-85ae-cdab69a553cc (type: security_group_rules) to 0
2026-07-15 06:06:08.238 10 WARNING neutron.scheduler.dhcp_agent_scheduler [None req-a84cd896-7f2e-47c1-beb6-d8a92deb5e31 3e3a9eb92178438a8edbe46f1fbe5860 44c227ab03b541e7887d7736432c0334 - - default default] No more DHCP agents
2026-07-15 06:06:08.240 10 WARNING neutron.api.rpc.agentnotifiers.dhcp_rpc_agent_api [None req-a84cd896-7f2e-47c1-beb6-d8a92deb5e31 3e3a9eb92178438a8edbe46f1fbe5860 44c227ab03b541e7887d7736432c0334 - - default default] Unable to schedule network 199fc109-7c27-412a-bc84-ca4a614d33a5: no agents available; will retry on subsequent port and subnet creation events.
2026-07-15 06:06:08.277 10 INFO neutron.wsgi [None req-74caab1c-6134-4490-b7b2-9b15e09ed0c5 433fc69e25394f2098f4ad681f099f43 7a12ee3054c946599065086e3da85397 - - default default] 10.0.0.193 "POST /v2.0/security-group-rules HTTP/1.1" status: 201 len: 769 time: 0.3716853
