2026-07-15 06:07:19.727 9 INFO neutron.wsgi [None req-30987320-ada8-48aa-ab55-e4e27f48e107 b12c0261aabc4148a8d14edbab9a42f1 4faf39b8e0cd4b7f8a7fa5fe4a037441 - - default default] 10.0.0.193 "DELETE /v2.0/security-groups/1b592ac1-4d36-4d90-ba3a-6199233cf2dc HTTP/1.1" status: 204 len: 168 time: 0.2558112
2026-07-15 06:07:19.755 10 INFO neutron.wsgi [None req-bd658059-d746-45a7-9825-b3145d8bf3ba e8d98166bce44a98a3f578017fdfe17b e0045947fe144a01a98f19fec835be5e - - default default] 10.0.0.193 "GET /v2.0/ports/7c5d0fca-54fb-4e03-8d4e-a903de56e722 HTTP/1.1" status: 200 len: 1137 time: 0.0348344
2026-07-15 06:07:20.015 10 WARNING neutron.scheduler.dhcp_agent_scheduler [None req-aed9c4c8-1cb0-4cec-9cf4-9086b0a7dddc b12c0261aabc4148a8d14edbab9a42f1 4faf39b8e0cd4b7f8a7fa5fe4a037441 - - default default] No more DHCP agents
2026-07-15 06:07:20.016 10 WARNING neutron.api.rpc.agentnotifiers.dhcp_rpc_agent_api [None req-aed9c4c8-1cb0-4cec-9cf4-9086b0a7dddc b12c0261aabc4148a8d14edbab9a42f1 4faf39b8e0cd4b7f8a7fa5fe4a037441 - - default default] Unable to schedule network bb37d091-3fbb-434e-9180-8c3496af7ade: no agents available; will retry on subsequent port and subnet creation events.
2026-07-15 06:07:20.021 9 INFO neutron.db.ovn_revision_numbers_db [None req-8ddf850a-4238-4b73-81b8-601ba5045e12 b12c0261aabc4148a8d14edbab9a42f1 4faf39b8e0cd4b7f8a7fa5fe4a037441 - - default default] Successfully bumped revision number for resource 9023f8dd-aef0-48bb-82ba-07831ac10307 (type: security_groups) to 1
2026-07-15 06:07:20.048 9 INFO neutron.db.ovn_revision_numbers_db [None req-8ddf850a-4238-4b73-81b8-601ba5045e12 b12c0261aabc4148a8d14edbab9a42f1 4faf39b8e0cd4b7f8a7fa5fe4a037441 - - default default] Successfully bumped revision number for resource 00f4ce1b-d18f-4f43-86e6-4fa10f71bf72 (type: security_group_rules) to 0
2026-07-15 06:07:20.067 9 INFO neutron.db.ovn_revision_numbers_db [None req-8ddf850a-4238-4b73-81b8-601ba5045e12 b12c0261aabc4148a8d14edbab9a42f1 4faf39b8e0cd4b7f8a7fa5fe4a037441 - - default default] Successfully bumped revision number for resource 1df837a5-0f02-47a3-b94d-13a6e0861bae (type: security_group_rules) to 0
2026-07-15 06:07:20.093 9 INFO neutron.db.ovn_revision_numbers_db [None req-8ddf850a-4238-4b73-81b8-601ba5045e12 b12c0261aabc4148a8d14edbab9a42f1 4faf39b8e0cd4b7f8a7fa5fe4a037441 - - default default] Successfully bumped revision number for resource 3cac98fc-3d2a-4638-b081-6c41dffcc2f7 (type: security_group_rules) to 0
2026-07-15 06:07:20.134 9 INFO neutron.db.ovn_revision_numbers_db [None req-8ddf850a-4238-4b73-81b8-601ba5045e12 b12c0261aabc4148a8d14edbab9a42f1 4faf39b8e0cd4b7f8a7fa5fe4a037441 - - default default] Successfully bumped revision number for resource 7f0b1b83-0ede-4dec-ae59-0fe5454427f8 (type: security_group_rules) to 0
2026-07-15 06:07:20.150 10 INFO neutron.db.ovn_revision_numbers_db [None req-aed9c4c8-1cb0-4cec-9cf4-9086b0a7dddc b12c0261aabc4148a8d14edbab9a42f1 4faf39b8e0cd4b7f8a7fa5fe4a037441 - - default default] Successfully bumped revision number for resource ed36380b-cd5a-451e-90e1-93d5f551df35 (type: ports) to 1
2026-07-15 06:07:20.163 9 INFO neutron.wsgi [None req-8ddf850a-4238-4b73-81b8-601ba5045e12 b12c0261aabc4148a8d14edbab9a42f1 4faf39b8e0cd4b7f8a7fa5fe4a037441 - - default default] 10.0.0.193 "GET /v2.0/security-groups?tenant_id=802d469f7f494b91aa3507f560ed4c2b&name=default HTTP/1.1" status: 200 len: 2996 time: 0.2850339
2026-07-15 06:07:20.473 10 INFO neutron.db.ovn_revision_numbers_db [None req-1032c729-8c53-43df-aae4-1ea3710c8320 b12c0261aabc4148a8d14edbab9a42f1 4faf39b8e0cd4b7f8a7fa5fe4a037441 - - default default] Successfully bumped revision number for resource 8896cec1-e6f6-41a3-adfb-9d1e3ae6f10a (type: security_groups) to 1
2026-07-15 06:07:20.490 10 INFO neutron.db.ovn_revision_numbers_db [None req-1032c729-8c53-43df-aae4-1ea3710c8320 b12c0261aabc4148a8d14edbab9a42f1 4faf39b8e0cd4b7f8a7fa5fe4a037441 - - default default] Successfully bumped revision number for resource 43d3ac81-e6ea-4d72-98cb-c147918ea983 (type: security_group_rules) to 0
2026-07-15 06:07:20.509 10 INFO neutron.db.ovn_revision_numbers_db [None req-1032c729-8c53-43df-aae4-1ea3710c8320 b12c0261aabc4148a8d14edbab9a42f1 4faf39b8e0cd4b7f8a7fa5fe4a037441 - - default default] Successfully bumped revision number for resource 7a885096-6506-4516-9cbd-bfe1fe402e27 (type: security_group_rules) to 0
2026-07-15 06:07:20.528 10 INFO neutron.db.ovn_revision_numbers_db [None req-1032c729-8c53-43df-aae4-1ea3710c8320 b12c0261aabc4148a8d14edbab9a42f1 4faf39b8e0cd4b7f8a7fa5fe4a037441 - - default default] Successfully bumped revision number for resource ea4c5e83-1ea0-4841-ae45-4a1db862e216 (type: security_group_rules) to 0
2026-07-15 06:07:20.528 9 INFO neutron.wsgi [None req-fa04b404-7582-44ee-b087-d00f5d1bff2d b12c0261aabc4148a8d14edbab9a42f1 4faf39b8e0cd4b7f8a7fa5fe4a037441 - - default default] 10.0.0.193 "DELETE /v2.0/security-groups/9023f8dd-aef0-48bb-82ba-07831ac10307 HTTP/1.1" status: 204 len: 168 time: 0.3572674
2026-07-15 06:07:20.539 9 INFO neutron.wsgi [None req-9c590646-d71a-46e9-bce7-32489a789187 e8d98166bce44a98a3f578017fdfe17b e0045947fe144a01a98f19fec835be5e - - default default] 10.0.0.193 "PUT /v2.0/routers/e82c7ec8-71b0-479e-bc2a-0845202d9a25/remove_router_interface HTTP/1.1" status: 200 len: 503 time: 0.7765565
2026-07-15 06:07:20.548 10 INFO neutron.db.ovn_revision_numbers_db [None req-1032c729-8c53-43df-aae4-1ea3710c8320 b12c0261aabc4148a8d14edbab9a42f1 4faf39b8e0cd4b7f8a7fa5fe4a037441 - - default default] Successfully bumped revision number for resource f312dcd1-9061-4ef1-9254-dcdaebf988d3 (type: security_group_rules) to 0 /var/lib/openstack/lib/python3.10/site-packages/pycadf/identifier.py:71: UserWarning: Invalid uuid: neutron. To ensure interoperability, identifiers should be a valid uuid. warnings.warn(('Invalid uuid: %s. To ensure interoperability, '
2026-07-15 06:07:20.581 10 INFO neutron.wsgi [None req-1032c729-8c53-43df-aae4-1ea3710c8320 b12c0261aabc4148a8d14edbab9a42f1 4faf39b8e0cd4b7f8a7fa5fe4a037441 - - default default] 10.0.0.193 "GET /v2.0/security-groups?tenant_id=81f8ff5fb3f64e08b7ce703f4a2e914c&name=default HTTP/1.1" status: 200 len: 2996 time: 0.3987029
2026-07-15 06:07:20.582 9 INFO neutron.wsgi [None req-97e8df11-c151-4556-814d-02f277cab70b e8d98166bce44a98a3f578017fdfe17b e0045947fe144a01a98f19fec835be5e - - default default] 10.0.0.193 "GET /v2.0/ports?device_id=e82c7ec8-71b0-479e-bc2a-0845202d9a25 HTTP/1.1" status: 200 len: 205 time: 0.0321834
2026-07-15 06:07:20.775 9 INFO neutron.wsgi [None req-241a5694-8d79-40a3-8f59-5da78dd8ce39 b12c0261aabc4148a8d14edbab9a42f1 4faf39b8e0cd4b7f8a7fa5fe4a037441 - - default default] 10.0.0.193 "DELETE /v2.0/security-groups/8896cec1-e6f6-41a3-adfb-9d1e3ae6f10a HTTP/1.1" status: 204 len: 168 time: 0.1884410
2026-07-15 06:07:20.832 10 INFO neutron.wsgi [None req-4fdc8538-715b-49c2-b9a3-769b75a7e9f9 e8d98166bce44a98a3f578017fdfe17b e0045947fe144a01a98f19fec835be5e - - default default] 10.0.0.193 "DELETE /v2.0/routers/e82c7ec8-71b0-479e-bc2a-0845202d9a25 HTTP/1.1" status: 204 len: 168 time: 0.2429488
2026-07-15 06:07:20.836 10 INFO neutron.plugins.ml2.drivers.ovn.mech_driver.ovsdb.ovsdb_monitor [None req-bd080fbb-af7d-4256-98ed-a2aa9d0725dc - - - - - -] Router 4523a7fd-8d1f-4bc7-acac-f0112f3ae953 is bound to host instance
2026-07-15 06:07:20.838 10 INFO neutron.db.ovn_revision_numbers_db [None req-aed9c4c8-1cb0-4cec-9cf4-9086b0a7dddc b12c0261aabc4148a8d14edbab9a42f1 4faf39b8e0cd4b7f8a7fa5fe4a037441 - - default default] Successfully bumped revision number for resource ed36380b-cd5a-451e-90e1-93d5f551df35 (type: router_ports) to 1
2026-07-15 06:07:21.090 9 INFO neutron.wsgi [-] 10.0.0.240 "GET / HTTP/1.1" status: 200 len: 246 time: 0.0025866
2026-07-15 06:07:21.093 9 INFO neutron.wsgi [-] 10.0.0.240 "GET / HTTP/1.1" status: 200 len: 246 time: 0.0017128
2026-07-15 06:07:21.157 10 INFO neutron.db.ovn_revision_numbers_db [None req-aed9c4c8-1cb0-4cec-9cf4-9086b0a7dddc b12c0261aabc4148a8d14edbab9a42f1 4faf39b8e0cd4b7f8a7fa5fe4a037441 - - default default] Successfully bumped revision number for resource 4523a7fd-8d1f-4bc7-acac-f0112f3ae953 (type: routers) to 2
2026-07-15 06:07:21.195 10 INFO neutron.wsgi [None req-aed9c4c8-1cb0-4cec-9cf4-9086b0a7dddc b12c0261aabc4148a8d14edbab9a42f1 4faf39b8e0cd4b7f8a7fa5fe4a037441 - - default default] 10.0.0.193 "POST /v2.0/routers HTTP/1.1" status: 201 len: 873 time: 1.6742976
2026-07-15 06:07:21.363 10 INFO neutron.wsgi [None req-48d0efca-95f4-40b5-8108-b9a3d8857b8a e8d98166bce44a98a3f578017fdfe17b e0045947fe144a01a98f19fec835be5e - - default default] 10.0.0.193 "DELETE /v2.0/subnets/b60773bb-4017-489b-b39c-c425eef3e647 HTTP/1.1" status: 204 len: 168 time: 0.5234690
2026-07-15 06:07:21.630 9 WARNING neutron.scheduler.dhcp_agent_scheduler [None req-1dd197e9-db8e-4d04-9150-0c362e0084e4 b12c0261aabc4148a8d14edbab9a42f1 4faf39b8e0cd4b7f8a7fa5fe4a037441 - - default default] No more DHCP agents
2026-07-15 06:07:21.632 9 WARNING neutron.api.rpc.agentnotifiers.dhcp_rpc_agent_api [None req-1dd197e9-db8e-4d04-9150-0c362e0084e4 b12c0261aabc4148a8d14edbab9a42f1 4faf39b8e0cd4b7f8a7fa5fe4a037441 - - default default] Unable to schedule network e6643443-7e1a-4339-8cb8-a38db584aeac: no agents available; will retry on subsequent port and subnet creation events.
2026-07-15 06:07:21.647 10 WARNING neutron.plugins.ml2.drivers.ovn.mech_driver.ovsdb.ovn_client [None req-075daebd-3661-410b-84e4-7c0e99986985 - - - - - -] No hosting information found for port 24fe13e3-0816-47af-975f-9b0de3dc96a7: RuntimeError: No hosting information found for port 24fe13e3-0816-47af-975f-9b0de3dc96a7
2026-07-15 06:07:21.648 10 INFO neutron.plugins.ml2.drivers.ovn.mech_driver.mech_driver [None req-075daebd-3661-410b-84e4-7c0e99986985 - - - - - -] OVN reports status up for port: ed36380b-cd5a-451e-90e1-93d5f551df35
2026-07-15 06:07:21.671 10 INFO neutron.plugins.ml2.plugin [None req-075daebd-3661-410b-84e4-7c0e99986985 - - - - - -] Attempt 1 to provision port ed36380b-cd5a-451e-90e1-93d5f551df35
2026-07-15 06:07:21.778 9 INFO neutron.db.ovn_revision_numbers_db [None req-1dd197e9-db8e-4d04-9150-0c362e0084e4 b12c0261aabc4148a8d14edbab9a42f1 4faf39b8e0cd4b7f8a7fa5fe4a037441 - - default default] Successfully bumped revision number for resource 3062d76f-ebfc-4bf9-816b-2f0cb44fdb44 (type: ports) to 1
2026-07-15 06:07:21.805 10 INFO neutron.db.ovn_revision_numbers_db [None req-bd080fbb-af7d-4256-98ed-a2aa9d0725dc - - - - - -] Successfully bumped revision number for resource ed36380b-cd5a-451e-90e1-93d5f551df35 (type: ports) to 1
2026-07-15 06:07:21.844 10 INFO neutron.services.segments.plugin [-] Segment 2a63d09f-ea2f-49a8-83ee-1c3c1fe5d908 resource provider aggregate not found
2026-07-15 06:07:21.850 10 INFO neutron.services.segments.plugin [-] Segment 2a63d09f-ea2f-49a8-83ee-1c3c1fe5d908 resource provider aggregate not found
2026-07-15 06:07:21.865 10 INFO neutron.services.segments.plugin [-] Segment 2a63d09f-ea2f-49a8-83ee-1c3c1fe5d908 resource provider not found; error: Placement Client Error (4xx): {"errors": [{"status": 404, "title": "Not Found", "detail": "The resource could not be found.\n\n No resource provider with uuid 2a63d09f-ea2f-49a8-83ee-1c3c1fe5d908 found for delete ", "request_id": "req-ba33d3cb-3b0b-4bf8-a42b-972024c0da06"}]}
2026-07-15 06:07:21.866 10 INFO neutron.services.segments.plugin [-] Segment 2a63d09f-ea2f-49a8-83ee-1c3c1fe5d908 resource provider not found; error: Placement Client Error (4xx): {"errors": [{"status": 404, "title": "Not Found", "detail": "The resource could not be found.\n\n No resource provider with uuid 2a63d09f-ea2f-49a8-83ee-1c3c1fe5d908 found for delete ", "request_id": "req-08f68bb3-a7f3-43a3-840d-a4ff7646fe88"}]}
2026-07-15 06:07:21.895 10 INFO neutron.wsgi [None req-1e1d9d0d-5aeb-41c2-aed3-d47c904257c3 e8d98166bce44a98a3f578017fdfe17b e0045947fe144a01a98f19fec835be5e - - default default] 10.0.0.193 "DELETE /v2.0/networks/c408535c-ec1e-4162-bba9-5e2f1ca9d099 HTTP/1.1" status: 204 len: 168 time: 0.5219493
2026-07-15 06:07:22.134 10 INFO neutron.db.ovn_revision_numbers_db [None req-bd080fbb-af7d-4256-98ed-a2aa9d0725dc - - - - - -] Successfully bumped revision number for resource ed36380b-cd5a-451e-90e1-93d5f551df35 (type: router_ports) to 3
2026-07-15 06:07:22.289 10 INFO neutron.plugins.ml2.drivers.ovn.mech_driver.mech_driver [None req-075daebd-3661-410b-84e4-7c0e99986985 - - - - - -] OVN reports status up for port: 3062d76f-ebfc-4bf9-816b-2f0cb44fdb44
2026-07-15 06:07:22.298 10 INFO neutron.plugins.ml2.plugin [None req-075daebd-3661-410b-84e4-7c0e99986985 - - - - - -] Attempt 1 to provision port 3062d76f-ebfc-4bf9-816b-2f0cb44fdb44
2026-07-15 06:07:22.315 9 INFO neutron.db.ovn_revision_numbers_db [None req-1dd197e9-db8e-4d04-9150-0c362e0084e4 b12c0261aabc4148a8d14edbab9a42f1 4faf39b8e0cd4b7f8a7fa5fe4a037441 - - default default] Successfully bumped revision number for resource 3062d76f-ebfc-4bf9-816b-2f0cb44fdb44 (type: router_ports) to 1
2026-07-15 06:07:22.319 10 INFO neutron.db.ovn_revision_numbers_db [None req-bd080fbb-af7d-4256-98ed-a2aa9d0725dc - - - - - -] Successfully bumped revision number for resource ed36380b-cd5a-451e-90e1-93d5f551df35 (type: ports) to 2
2026-07-15 06:07:22.459 9 WARNING neutron.scheduler.dhcp_agent_scheduler [None req-d77d6a1a-e9e7-4139-9bae-94fc02a6701b e8d98166bce44a98a3f578017fdfe17b e0045947fe144a01a98f19fec835be5e - - default default] No more DHCP agents
2026-07-15 06:07:22.462 9 WARNING neutron.api.rpc.agentnotifiers.dhcp_rpc_agent_api [None req-d77d6a1a-e9e7-4139-9bae-94fc02a6701b e8d98166bce44a98a3f578017fdfe17b e0045947fe144a01a98f19fec835be5e - - default default] Unable to schedule network bb37d091-3fbb-434e-9180-8c3496af7ade: no agents available; will retry on subsequent port and subnet creation events.
2026-07-15 06:07:22.491 9 INFO neutron.db.ovn_revision_numbers_db [None req-1dd197e9-db8e-4d04-9150-0c362e0084e4 b12c0261aabc4148a8d14edbab9a42f1 4faf39b8e0cd4b7f8a7fa5fe4a037441 - - default default] Successfully bumped revision number for resource 3062d76f-ebfc-4bf9-816b-2f0cb44fdb44 (type: ports) to 1
2026-07-15 06:07:22.578 9 WARNING neutron.scheduler.dhcp_agent_scheduler [None req-1dd197e9-db8e-4d04-9150-0c362e0084e4 b12c0261aabc4148a8d14edbab9a42f1 4faf39b8e0cd4b7f8a7fa5fe4a037441 - - default default] No more DHCP agents
2026-07-15 06:07:22.580 9 WARNING neutron.api.rpc.agentnotifiers.dhcp_rpc_agent_api [None req-1dd197e9-db8e-4d04-9150-0c362e0084e4 b12c0261aabc4148a8d14edbab9a42f1 4faf39b8e0cd4b7f8a7fa5fe4a037441 - - default default] Unable to schedule network e6643443-7e1a-4339-8cb8-a38db584aeac: no agents available; will retry on subsequent port and subnet creation events.
2026-07-15 06:07:22.580 10 INFO neutron.db.ovn_revision_numbers_db [None req-bd080fbb-af7d-4256-98ed-a2aa9d0725dc - - - - - -] Successfully bumped revision number for resource ed36380b-cd5a-451e-90e1-93d5f551df35 (type: ports) to 4
2026-07-15 06:07:22.633 10 INFO neutron.db.ovn_revision_numbers_db [None req-075daebd-3661-410b-84e4-7c0e99986985 - - - - - -] Successfully bumped revision number for resource 3062d76f-ebfc-4bf9-816b-2f0cb44fdb44 (type: ports) to 2
2026-07-15 06:07:22.801 10 INFO neutron.db.ovn_revision_numbers_db [None req-075daebd-3661-410b-84e4-7c0e99986985 - - - - - -] Successfully bumped revision number for resource 3062d76f-ebfc-4bf9-816b-2f0cb44fdb44 (type: router_ports) to 2
2026-07-15 06:07:22.883 9 INFO neutron.db.ovn_revision_numbers_db [None req-d77d6a1a-e9e7-4139-9bae-94fc02a6701b e8d98166bce44a98a3f578017fdfe17b e0045947fe144a01a98f19fec835be5e - - default default] Successfully bumped revision number for resource 18eb2f3d-3786-45fc-b1b8-9b2617afe1b3 (type: ports) to 1
2026-07-15 06:07:22.885 10 INFO neutron.db.ovn_revision_numbers_db [None req-bd080fbb-af7d-4256-98ed-a2aa9d0725dc - - - - - -] Successfully bumped revision number for resource ed36380b-cd5a-451e-90e1-93d5f551df35 (type: router_ports) to 4
2026-07-15 06:07:23.552 9 INFO neutron.db.ovn_revision_numbers_db [None req-1dd197e9-db8e-4d04-9150-0c362e0084e4 b12c0261aabc4148a8d14edbab9a42f1 4faf39b8e0cd4b7f8a7fa5fe4a037441 - - default default] Successfully bumped revision number for resource 3062d76f-ebfc-4bf9-816b-2f0cb44fdb44 (type: router_ports) to 2
2026-07-15 06:07:23.555 9 INFO neutron.wsgi [None req-1dd197e9-db8e-4d04-9150-0c362e0084e4 b12c0261aabc4148a8d14edbab9a42f1 4faf39b8e0cd4b7f8a7fa5fe4a037441 - - default default] 10.0.0.193 "PUT /v2.0/routers/4523a7fd-8d1f-4bc7-acac-f0112f3ae953/add_router_interface HTTP/1.1" status: 200 len: 503 time: 2.3547249
2026-07-15 06:07:23.589 9 INFO neutron.db.ovn_revision_numbers_db [None req-d77d6a1a-e9e7-4139-9bae-94fc02a6701b e8d98166bce44a98a3f578017fdfe17b e0045947fe144a01a98f19fec835be5e - - default default] Successfully bumped revision number for resource 18eb2f3d-3786-45fc-b1b8-9b2617afe1b3 (type: router_ports) to 1
2026-07-15 06:07:23.652 9 INFO neutron.db.ovn_revision_numbers_db [None req-d77d6a1a-e9e7-4139-9bae-94fc02a6701b e8d98166bce44a98a3f578017fdfe17b e0045947fe144a01a98f19fec835be5e - - default default] Successfully bumped revision number for resource 087834f4-cebb-4e6b-aec0-e07653272714 (type: routers) to 2
2026-07-15 06:07:23.665 9 INFO neutron.wsgi [None req-d77d6a1a-e9e7-4139-9bae-94fc02a6701b e8d98166bce44a98a3f578017fdfe17b e0045947fe144a01a98f19fec835be5e - - default default] 10.0.0.193 "POST /v2.0/routers HTTP/1.1" status: 201 len: 867 time: 1.7596085
2026-07-15 06:07:23.729 9 INFO neutron.wsgi [None req-cb8eaedd-f338-4210-91e2-ad58bf98f41d e8d98166bce44a98a3f578017fdfe17b e0045947fe144a01a98f19fec835be5e - - default default] 10.0.0.193 "GET /v2.0/routers/087834f4-cebb-4e6b-aec0-e07653272714 HTTP/1.1" status: 200 len: 868 time: 0.0591648
2026-07-15 06:07:24.043 10 INFO neutron.wsgi [None req-13125421-e08b-4b77-984e-ec87cafbcb2c e8d98166bce44a98a3f578017fdfe17b e0045947fe144a01a98f19fec835be5e - - default default] 10.0.0.193 "GET /v2.0/routers HTTP/1.1" status: 200 len: 871 time: 0.3093841
2026-07-15 06:07:24.095 10 INFO neutron.db.ovn_revision_numbers_db [None req-42ea8c45-0d8b-4f91-ba21-4bbcdc35c6f6 47d855ce42b64459bfcac0ab727b271c 23898a6fa7b44c6ea8a26005550453a5 - - default default] Successfully bumped revision number for resource 60c20e32-e3a5-4343-a9ac-c12668c9d415 (type: routers) to 1
2026-07-15 06:07:24.099 10 INFO neutron.db.ovn_revision_numbers_db [None req-a439755e-a285-4ffb-9cda-033ce5051297 6373aa55fe2e48d78ece068c1200a8aa cca1ba5c55d74768b3f4315d60fa5952 - - default default] Successfully bumped revision number for resource d9b47562-8dee-4a19-88ae-9d06e36590ed (type: security_groups) to 1
2026-07-15 06:07:24.115 10 INFO neutron.wsgi [None req-42ea8c45-0d8b-4f91-ba21-4bbcdc35c6f6 47d855ce42b64459bfcac0ab727b271c 23898a6fa7b44c6ea8a26005550453a5 - - default default] 10.0.0.193 "POST /v2.0/routers HTTP/1.1" status: 201 len: 654 time: 0.4727550
2026-07-15 06:07:24.121 10 INFO neutron.db.ovn_revision_numbers_db [None req-a439755e-a285-4ffb-9cda-033ce5051297 6373aa55fe2e48d78ece068c1200a8aa cca1ba5c55d74768b3f4315d60fa5952 - - default default] Successfully bumped revision number for resource 0a3efb66-71ae-4a89-a496-12bcab288564 (type: security_group_rules) to 0
2026-07-15 06:07:24.154 10 INFO neutron.db.ovn_revision_numbers_db [None req-a439755e-a285-4ffb-9cda-033ce5051297 6373aa55fe2e48d78ece068c1200a8aa cca1ba5c55d74768b3f4315d60fa5952 - - default default] Successfully bumped revision number for resource 131340f5-b243-475e-b222-e4755bea2477 (type: security_group_rules) to 0
2026-07-15 06:07:24.169 10 INFO neutron.db.ovn_revision_numbers_db [None req-a439755e-a285-4ffb-9cda-033ce5051297 6373aa55fe2e48d78ece068c1200a8aa cca1ba5c55d74768b3f4315d60fa5952 - - default default] Successfully bumped revision number for resource 73576872-cafb-42e7-864e-99e13197b016 (type: security_group_rules) to 0
2026-07-15 06:07:24.175 9 INFO neutron.wsgi [None req-81b63951-ae44-48f4-ac9c-c304c4e06464 47d855ce42b64459bfcac0ab727b271c 23898a6fa7b44c6ea8a26005550453a5 - - default default] 10.0.0.193 "PUT /v2.0/routers/60c20e32-e3a5-4343-a9ac-c12668c9d415/tags HTTP/1.1" status: 200 len: 218 time: 0.0544956
2026-07-15 06:07:24.195 10 INFO neutron.db.ovn_revision_numbers_db [None req-a439755e-a285-4ffb-9cda-033ce5051297 6373aa55fe2e48d78ece068c1200a8aa cca1ba5c55d74768b3f4315d60fa5952 - - default default] Successfully bumped revision number for resource cfe29c08-1715-48be-84e5-6a2119c08836 (type: security_group_rules) to 0
2026-07-15 06:07:24.267 9 INFO neutron.db.ovn_revision_numbers_db [None req-4865907d-e4ef-4d5f-9724-fedf900e4b8f 6e804047cfd843ecb310531e10430430 f86012f3d9444bdcb1848b7214d0850f - - default default] Successfully bumped revision number for resource 1834a443-f5f0-4208-ba14-ab04d075d9e9 (type: security_groups) to 1
2026-07-15 06:07:24.276 10 INFO neutron.wsgi [None req-b38872aa-518a-4b44-8443-ac0222ad69c4 47d855ce42b64459bfcac0ab727b271c 23898a6fa7b44c6ea8a26005550453a5 - - default default] 10.0.0.193 "GET /v2.0/routers/60c20e32-e3a5-4343-a9ac-c12668c9d415/tags HTTP/1.1" status: 200 len: 218 time: 0.0962076
2026-07-15 06:07:24.288 10 INFO neutron.db.segments_db [None req-a439755e-a285-4ffb-9cda-033ce5051297 6373aa55fe2e48d78ece068c1200a8aa cca1ba5c55d74768b3f4315d60fa5952 - - default default] Added segment d61bad1a-2ade-4d15-84aa-057cc90e2384 of type geneve for network 09711e01-864e-446b-a0e0-06dc7d11a52c
2026-07-15 06:07:24.292 9 INFO neutron.db.ovn_revision_numbers_db [None req-4865907d-e4ef-4d5f-9724-fedf900e4b8f 6e804047cfd843ecb310531e10430430 f86012f3d9444bdcb1848b7214d0850f - - default default] Successfully bumped revision number for resource 762c049e-caf0-4e89-bb3e-fd96554f5d06 (type: security_group_rules) to 0
2026-07-15 06:07:24.332 9 WARNING neutron.plugins.ml2.drivers.ovn.mech_driver.ovsdb.ovn_client [None req-2052610e-e2e3-4021-9f7b-abd298d398dc - - - - - -] No port found with ID 7c5d0fca-54fb-4e03-8d4e-a903de56e722: RuntimeError: No port found with ID 7c5d0fca-54fb-4e03-8d4e-a903de56e722
2026-07-15 06:07:24.333 9 INFO neutron.plugins.ml2.drivers.ovn.mech_driver.mech_driver [None req-2052610e-e2e3-4021-9f7b-abd298d398dc - - - - - -] OVN reports status up for port: 18eb2f3d-3786-45fc-b1b8-9b2617afe1b3
2026-07-15 06:07:24.347 9 INFO neutron.db.ovn_revision_numbers_db [None req-4865907d-e4ef-4d5f-9724-fedf900e4b8f 6e804047cfd843ecb310531e10430430 f86012f3d9444bdcb1848b7214d0850f - - default default] Successfully bumped revision number for resource da01ce49-d459-4d36-b312-5987e315d75d (type: security_group_rules) to 0
2026-07-15 06:07:24.360 9 INFO neutron.plugins.ml2.plugin [None req-2052610e-e2e3-4021-9f7b-abd298d398dc - - - - - -] Attempt 1 to provision port 18eb2f3d-3786-45fc-b1b8-9b2617afe1b3
2026-07-15 06:07:24.386 9 INFO neutron.wsgi [None req-4865907d-e4ef-4d5f-9724-fedf900e4b8f 6e804047cfd843ecb310531e10430430 f86012f3d9444bdcb1848b7214d0850f - - default default] 10.0.0.193 "POST /v2.0/security-groups HTTP/1.1" status: 201 len: 1809 time: 0.2435508
2026-07-15 06:07:24.394 9 INFO neutron.wsgi [None req-96968aad-0032-4070-bcbf-24cd0590addc 47d855ce42b64459bfcac0ab727b271c 23898a6fa7b44c6ea8a26005550453a5 - - default default] 10.0.0.193 "PUT /v2.0/routers/60c20e32-e3a5-4343-a9ac-c12668c9d415/tags/green HTTP/1.1" status: 201 len: 201 time: 0.1122351
2026-07-15 06:07:24.463 10 INFO neutron.wsgi [None req-734417ef-cffb-4eda-b1ca-a8b8a8fecb61 47d855ce42b64459bfcac0ab727b271c 23898a6fa7b44c6ea8a26005550453a5 - - default default] 10.0.0.193 "GET /v2.0/routers/60c20e32-e3a5-4343-a9ac-c12668c9d415/tags HTTP/1.1" status: 200 len: 227 time: 0.0637560
2026-07-15 06:07:24.518 9 INFO neutron.wsgi [None req-005ec241-43a6-4e23-8370-cf118530a2b6 47d855ce42b64459bfcac0ab727b271c 23898a6fa7b44c6ea8a26005550453a5 - - default default] 10.0.0.193 "PUT /v2.0/routers/60c20e32-e3a5-4343-a9ac-c12668c9d415/tags/red HTTP/1.1" status: 201 len: 201 time: 0.0506301
2026-07-15 06:07:24.565 9 INFO neutron.wsgi [None req-22be95fe-3190-441e-a7d1-df0b0f8c36e3 47d855ce42b64459bfcac0ab727b271c 23898a6fa7b44c6ea8a26005550453a5 - - default default] 10.0.0.193 "GET /v2.0/routers/60c20e32-e3a5-4343-a9ac-c12668c9d415/tags HTTP/1.1" status: 200 len: 227 time: 0.0409718
2026-07-15 06:07:24.573 10 INFO neutron.db.ovn_revision_numbers_db [None req-a439755e-a285-4ffb-9cda-033ce5051297 6373aa55fe2e48d78ece068c1200a8aa cca1ba5c55d74768b3f4315d60fa5952 - - default default] Successfully bumped revision number for resource 09711e01-864e-446b-a0e0-06dc7d11a52c (type: networks) to 1
2026-07-15 06:07:24.592 9 INFO neutron.db.ovn_revision_numbers_db [None req-1a15da86-c034-4985-96e8-b57a8a7d263d 6e804047cfd843ecb310531e10430430 f86012f3d9444bdcb1848b7214d0850f - - default default] Successfully bumped revision number for resource f293e2be-2711-4970-8f24-1d7536e42fbe (type: security_group_rules) to 0
2026-07-15 06:07:24.624 9 INFO neutron.wsgi [None req-1a15da86-c034-4985-96e8-b57a8a7d263d 6e804047cfd843ecb310531e10430430 f86012f3d9444bdcb1848b7214d0850f - - default default] 10.0.0.193 "POST /v2.0/security-group-rules HTTP/1.1" status: 201 len: 764 time: 0.2264700
2026-07-15 06:07:24.628 9 INFO neutron.wsgi [None req-06d71f71-bfa3-4266-b7aa-9696d35382b7 47d855ce42b64459bfcac0ab727b271c 23898a6fa7b44c6ea8a26005550453a5 - - default default] 10.0.0.193 "PUT /v2.0/routers/60c20e32-e3a5-4343-a9ac-c12668c9d415/tags/black.or.white HTTP/1.1" status: 201 len: 201 time: 0.0583413
2026-07-15 06:07:24.701 10 INFO neutron.wsgi [None req-9aa5355b-6bb9-467d-ae66-d3a36d46012b 47d855ce42b64459bfcac0ab727b271c 23898a6fa7b44c6ea8a26005550453a5 - - default default] 10.0.0.193 "GET /v2.0/routers/60c20e32-e3a5-4343-a9ac-c12668c9d415/tags HTTP/1.1" status: 200 len: 245 time: 0.0629377
2026-07-15 06:07:24.749 10 INFO neutron.db.ovn_revision_numbers_db [None req-09a175bd-533a-4c12-a1b6-9215dc735789 e8d98166bce44a98a3f578017fdfe17b e0045947fe144a01a98f19fec835be5e - - default default] Successfully bumped revision number for resource 087834f4-cebb-4e6b-aec0-e07653272714 (type: routers) to 3
2026-07-15 06:07:24.751 10 INFO neutron.wsgi [None req-09a175bd-533a-4c12-a1b6-9215dc735789 e8d98166bce44a98a3f578017fdfe17b e0045947fe144a01a98f19fec835be5e - - default default] 10.0.0.193 "PUT /v2.0/routers/087834f4-cebb-4e6b-aec0-e07653272714 HTTP/1.1" status: 200 len: 875 time: 0.7040098
2026-07-15 06:07:24.787 9 INFO neutron.wsgi [None req-9549001b-dfbc-4a63-9f8d-a9295d58d9cd 47d855ce42b64459bfcac0ab727b271c 23898a6fa7b44c6ea8a26005550453a5 - - default default] 10.0.0.193 "PUT /v2.0/routers/60c20e32-e3a5-4343-a9ac-c12668c9d415/tags HTTP/1.1" status: 200 len: 230 time: 0.0811136
2026-07-15 06:07:24.798 9 INFO neutron.db.ovn_revision_numbers_db [None req-2b41b681-1780-4f39-9e74-e764215cfbb3 6e804047cfd843ecb310531e10430430 f86012f3d9444bdcb1848b7214d0850f - - default default] Successfully bumped revision number for resource ce132d91-394d-4978-a3b6-572d676f3b08 (type: security_group_rules) to 0
2026-07-15 06:07:24.842 10 INFO neutron.wsgi [None req-322393e4-f272-4aa3-bb17-fa4bcbab6ab2 e8d98166bce44a98a3f578017fdfe17b e0045947fe144a01a98f19fec835be5e - - default default] 10.0.0.193 "GET /v2.0/routers/087834f4-cebb-4e6b-aec0-e07653272714 HTTP/1.1" status: 200 len: 875 time: 0.0842752
2026-07-15 06:07:24.847 9 INFO neutron.wsgi [None req-e24bd77e-607d-40e9-92a4-10b32e492ec6 47d855ce42b64459bfcac0ab727b271c 23898a6fa7b44c6ea8a26005550453a5 - - default default] 10.0.0.193 "GET /v2.0/routers/60c20e32-e3a5-4343-a9ac-c12668c9d415/tags HTTP/1.1" status: 200 len: 230 time: 0.0541921
2026-07-15 06:07:24.857 9 INFO neutron.wsgi [None req-2b41b681-1780-4f39-9e74-e764215cfbb3 6e804047cfd843ecb310531e10430430 f86012f3d9444bdcb1848b7214d0850f - - default default] 10.0.0.193 "POST /v2.0/security-group-rules HTTP/1.1" status: 201 len: 763 time: 0.2276506
2026-07-15 06:07:24.870 9 INFO neutron.wsgi [None req-46140e46-8288-449c-ad58-e72501d0e03b e8d98166bce44a98a3f578017fdfe17b e0045947fe144a01a98f19fec835be5e - - default default] 10.0.0.193 "GET /v2.0/ports?device_id=087834f4-cebb-4e6b-aec0-e07653272714 HTTP/1.1" status: 200 len: 205 time: 0.0248828
2026-07-15 06:07:24.873 10 WARNING neutron.scheduler.dhcp_agent_scheduler [None req-a439755e-a285-4ffb-9cda-033ce5051297 6373aa55fe2e48d78ece068c1200a8aa cca1ba5c55d74768b3f4315d60fa5952 - - default default] No more DHCP agents
2026-07-15 06:07:24.878 10 WARNING neutron.api.rpc.agentnotifiers.dhcp_rpc_agent_api [None req-a439755e-a285-4ffb-9cda-033ce5051297 6373aa55fe2e48d78ece068c1200a8aa cca1ba5c55d74768b3f4315d60fa5952 - - default default] Unable to schedule network 09711e01-864e-446b-a0e0-06dc7d11a52c: no agents available; will retry on subsequent port and subnet creation events.
2026-07-15 06:07:24.912 10 INFO neutron.wsgi [None req-4e29c059-f10b-4679-9a24-e67c62a73ea5 47d855ce42b64459bfcac0ab727b271c 23898a6fa7b44c6ea8a26005550453a5 - - default default] 10.0.0.193 "GET /v2.0/routers/60c20e32-e3a5-4343-a9ac-c12668c9d415/tags/red HTTP/1.1" status: 204 len: 168 time: 0.0616248
2026-07-15 06:07:24.983 9 INFO neutron.api.v2.resource [None req-3d27c4bf-b797-4f0c-aec3-5de9f7f5043a 47d855ce42b64459bfcac0ab727b271c 23898a6fa7b44c6ea8a26005550453a5 - - default default] show failed (client error): The resource could not be found.
2026-07-15 06:07:24.984 9 INFO neutron.wsgi [None req-3d27c4bf-b797-4f0c-aec3-5de9f7f5043a 47d855ce42b64459bfcac0ab727b271c 23898a6fa7b44c6ea8a26005550453a5 - - default default] 10.0.0.193 "GET /v2.0/routers/60c20e32-e3a5-4343-a9ac-c12668c9d415/tags/green HTTP/1.1" status: 404 len: 299 time: 0.0659728
2026-07-15 06:07:24.986 10 INFO neutron.db.ovn_revision_numbers_db [None req-a439755e-a285-4ffb-9cda-033ce5051297 6373aa55fe2e48d78ece068c1200a8aa cca1ba5c55d74768b3f4315d60fa5952 - - default default] Successfully bumped revision number for resource 4f24c327-2108-4f97-bd41-12df05f94d3f (type: ports) to 1
2026-07-15 06:07:25.032 10 INFO neutron.wsgi [None req-a439755e-a285-4ffb-9cda-033ce5051297 6373aa55fe2e48d78ece068c1200a8aa cca1ba5c55d74768b3f4315d60fa5952 - - default default] 10.0.0.193 "POST /v2.0/networks HTTP/1.1" status: 201 len: 832 time: 1.4961429
2026-07-15 06:07:25.051 10 INFO neutron.wsgi [None req-557ebdd8-87b4-4c7e-9d60-9ee0ac968c89 47d855ce42b64459bfcac0ab727b271c 23898a6fa7b44c6ea8a26005550453a5 - - default default] 10.0.0.193 "DELETE /v2.0/routers/60c20e32-e3a5-4343-a9ac-c12668c9d415/tags/red HTTP/1.1" status: 204 len: 168 time: 0.0620627
2026-07-15 06:07:25.112 9 INFO neutron.db.ovn_revision_numbers_db [None req-ff98eb04-0974-4243-a5b6-371ad2370c0c 6e804047cfd843ecb310531e10430430 f86012f3d9444bdcb1848b7214d0850f - - default default] Successfully bumped revision number for resource dc7778b9-043b-4321-82cf-7a3d41828d8b (type: security_group_rules) to 0
2026-07-15 06:07:25.128 10 INFO neutron.wsgi [None req-cdddb7a0-6b6d-415b-ad69-18d04360d70f 47d855ce42b64459bfcac0ab727b271c 23898a6fa7b44c6ea8a26005550453a5 - - default default] 10.0.0.193 "GET /v2.0/routers/60c20e32-e3a5-4343-a9ac-c12668c9d415/tags HTTP/1.1" status: 200 len: 223 time: 0.0719421
2026-07-15 06:07:25.157 9 INFO neutron.wsgi [None req-ff98eb04-0974-4243-a5b6-371ad2370c0c 6e804047cfd843ecb310531e10430430 f86012f3d9444bdcb1848b7214d0850f - - default default] 10.0.0.193 "POST /v2.0/security-group-rules HTTP/1.1" status: 201 len: 769 time: 0.2936192
2026-07-15 06:07:25.452 9 INFO neutron.api.v2.resource [None req-f38bc598-f81b-4f11-aaac-1270a171a1bd 47d855ce42b64459bfcac0ab727b271c 23898a6fa7b44c6ea8a26005550453a5 - - default default] delete failed (client error): The resource could not be found.
2026-07-15 06:07:25.453 9 INFO neutron.wsgi [None req-f38bc598-f81b-4f11-aaac-1270a171a1bd 47d855ce42b64459bfcac0ab727b271c 23898a6fa7b44c6ea8a26005550453a5 - - default default] 10.0.0.193 "DELETE /v2.0/routers/60c20e32-e3a5-4343-a9ac-c12668c9d415/tags/green HTTP/1.1" status: 404 len: 299 time: 0.3182189
2026-07-15 06:07:25.542 9 INFO neutron.wsgi [None req-760bf4d3-8af6-49fc-9fca-a46cc428bbb9 47d855ce42b64459bfcac0ab727b271c 23898a6fa7b44c6ea8a26005550453a5 - - default default] 10.0.0.193 "DELETE /v2.0/routers/60c20e32-e3a5-4343-a9ac-c12668c9d415/tags HTTP/1.1" status: 204 len: 168 time: 0.0813239
2026-07-15 06:07:25.615 9 INFO neutron.wsgi [None req-ca4062d3-ca87-479e-842e-4e3eb15c866c 47d855ce42b64459bfcac0ab727b271c 23898a6fa7b44c6ea8a26005550453a5 - - default default] 10.0.0.193 "GET /v2.0/routers/60c20e32-e3a5-4343-a9ac-c12668c9d415/tags HTTP/1.1" status: 200 len: 205 time: 0.0552800
2026-07-15 06:07:25.693 9 INFO neutron.wsgi [None req-0dee664b-5f87-47f8-a698-fc9a0bf94bf4 47d855ce42b64459bfcac0ab727b271c 23898a6fa7b44c6ea8a26005550453a5 - - default default] 10.0.0.193 "GET /v2.0/routers/60c20e32-e3a5-4343-a9ac-c12668c9d415 HTTP/1.1" status: 200 len: 655 time: 0.0679014
2026-07-15 06:07:25.728 10 WARNING neutron.scheduler.dhcp_agent_scheduler [None req-fe04e6f3-2c0f-4bb8-89a2-85a0dfa84127 6373aa55fe2e48d78ece068c1200a8aa cca1ba5c55d74768b3f4315d60fa5952 - - default default] No more DHCP agents
2026-07-15 06:07:25.731 10 WARNING neutron.api.rpc.agentnotifiers.dhcp_rpc_agent_api [None req-fe04e6f3-2c0f-4bb8-89a2-85a0dfa84127 6373aa55fe2e48d78ece068c1200a8aa cca1ba5c55d74768b3f4315d60fa5952 - - default default] Unable to schedule network bb37d091-3fbb-434e-9180-8c3496af7ade: no agents available; will retry on subsequent port and subnet creation events.
2026-07-15 06:07:25.754 9 INFO neutron.db.ovn_revision_numbers_db [None req-97dda702-9299-46ba-a56f-f8f00825c3bb 6e804047cfd843ecb310531e10430430 f86012f3d9444bdcb1848b7214d0850f - - default default] Successfully bumped revision number for resource 275941e7-7bf7-4e86-8516-a05325717c6b (type: security_group_rules) to 0
2026-07-15 06:07:25.806 9 INFO neutron.wsgi [None req-97dda702-9299-46ba-a56f-f8f00825c3bb 6e804047cfd843ecb310531e10430430 f86012f3d9444bdcb1848b7214d0850f - - default default] 10.0.0.193 "POST /v2.0/security-group-rules HTTP/1.1" status: 201 len: 768 time: 0.6434891
2026-07-15 06:07:25.843 10 INFO neutron.db.securitygroups_db [None req-0b05ac02-1f8a-4c2e-adcb-ee55548c0924 6e804047cfd843ecb310531e10430430 f86012f3d9444bdcb1848b7214d0850f - - default default] Project f86012f3d9444bdcb1848b7214d0850f added a security group rule with legacy IPv6 ICMP protocol name icmp, ipv6-icmp should be used instead. It was automatically converted.
2026-07-15 06:07:25.895 10 INFO neutron.db.ovn_revision_numbers_db [None req-fe04e6f3-2c0f-4bb8-89a2-85a0dfa84127 6373aa55fe2e48d78ece068c1200a8aa cca1ba5c55d74768b3f4315d60fa5952 - - default default] Successfully bumped revision number for resource 983ec93f-d8d3-4899-8501-9f1e384700f5 (type: ports) to 1
2026-07-15 06:07:25.996 10 INFO neutron.db.ovn_revision_numbers_db [None req-0b05ac02-1f8a-4c2e-adcb-ee55548c0924 6e804047cfd843ecb310531e10430430 f86012f3d9444bdcb1848b7214d0850f - - default default] Successfully bumped revision number for resource 8451d5fb-13f5-4e69-bca4-778f5e4d81ab (type: security_group_rules) to 0
2026-07-15 06:07:26.024 10 INFO neutron.wsgi [None req-0b05ac02-1f8a-4c2e-adcb-ee55548c0924 6e804047cfd843ecb310531e10430430 f86012f3d9444bdcb1848b7214d0850f - - default default] 10.0.0.193 "POST /v2.0/security-group-rules HTTP/1.1" status: 201 len: 774 time: 0.2132156
2026-07-15 06:07:26.098 9 INFO neutron.db.securitygroups_db [None req-2bdb4b5d-1d9f-4e77-ae82-8e1cd625db5c 6e804047cfd843ecb310531e10430430 f86012f3d9444bdcb1848b7214d0850f - - default default] Project f86012f3d9444bdcb1848b7214d0850f added a security group rule with legacy IPv6 ICMP protocol name icmp, ipv6-icmp should be used instead. It was automatically converted.
2026-07-15 06:07:26.156 9 INFO neutron.wsgi [None req-8d8be54e-e118-427a-80c1-2b23984fd531 e8d98166bce44a98a3f578017fdfe17b e0045947fe144a01a98f19fec835be5e - - default default] 10.0.0.193 "DELETE /v2.0/routers/087834f4-cebb-4e6b-aec0-e07653272714 HTTP/1.1" status: 204 len: 168 time: 1.2802224
2026-07-15 06:07:26.186 10 INFO neutron.wsgi [None req-9acdc4f9-1a44-4017-9226-acd42b4bed87 e8d98166bce44a98a3f578017fdfe17b e0045947fe144a01a98f19fec835be5e - - default default] 10.0.0.193 "GET /v2.0/ports?device_id=087834f4-cebb-4e6b-aec0-e07653272714 HTTP/1.1" status: 200 len: 205 time: 0.0158544
2026-07-15 06:07:26.211 9 INFO neutron.api.v2.resource [None req-d996492e-b324-4334-951a-f2618c6e29cd e8d98166bce44a98a3f578017fdfe17b e0045947fe144a01a98f19fec835be5e - - default default] delete failed (client error): The resource could not be found.
2026-07-15 06:07:26.212 9 INFO neutron.wsgi [None req-d996492e-b324-4334-951a-f2618c6e29cd e8d98166bce44a98a3f578017fdfe17b e0045947fe144a01a98f19fec835be5e - - default default] 10.0.0.193 "DELETE /v2.0/routers/087834f4-cebb-4e6b-aec0-e07653272714 HTTP/1.1" status: 404 len: 336 time: 0.0211482
2026-07-15 06:07:26.212 9 INFO neutron.db.ovn_revision_numbers_db [None req-794c87fc-471a-4fd1-b1a3-4a17e01f40d7 47d855ce42b64459bfcac0ab727b271c 23898a6fa7b44c6ea8a26005550453a5 - - default default] Successfully bumped revision number for resource 60c20e32-e3a5-4343-a9ac-c12668c9d415 (type: routers) to 7
2026-07-15 06:07:26.215 9 INFO neutron.wsgi [None req-794c87fc-471a-4fd1-b1a3-4a17e01f40d7 47d855ce42b64459bfcac0ab727b271c 23898a6fa7b44c6ea8a26005550453a5 - - default default] 10.0.0.193 "PUT /v2.0/routers/60c20e32-e3a5-4343-a9ac-c12668c9d415 HTTP/1.1" status: 200 len: 655 time: 0.5179906
2026-07-15 06:07:26.240 9 INFO neutron.wsgi [None req-07976b08-6206-4f21-ad72-8c4e5b15a429 e8d98166bce44a98a3f578017fdfe17b e0045947fe144a01a98f19fec835be5e - - default default] 10.0.0.193 "GET /v2.0/ports?device_id=e82c7ec8-71b0-479e-bc2a-0845202d9a25 HTTP/1.1" status: 200 len: 205 time: 0.0226521
2026-07-15 06:07:26.245 10 INFO neutron.wsgi [None req-7dca2bc9-8e62-4896-8c23-e6a98ed4ec7a 47d855ce42b64459bfcac0ab727b271c 23898a6fa7b44c6ea8a26005550453a5 - - default default] 10.0.0.193 "GET /v2.0/ports?device_id=60c20e32-e3a5-4343-a9ac-c12668c9d415 HTTP/1.1" status: 200 len: 205 time: 0.0233912
2026-07-15 06:07:26.278 9 INFO neutron.api.v2.resource [None req-51a458f3-08bc-40f6-a236-1aae40c1421c e8d98166bce44a98a3f578017fdfe17b e0045947fe144a01a98f19fec835be5e - - default default] delete failed (client error): The resource could not be found.
2026-07-15 06:07:26.280 9 INFO neutron.wsgi [None req-51a458f3-08bc-40f6-a236-1aae40c1421c e8d98166bce44a98a3f578017fdfe17b e0045947fe144a01a98f19fec835be5e - - default default] 10.0.0.193 "DELETE /v2.0/routers/e82c7ec8-71b0-479e-bc2a-0845202d9a25 HTTP/1.1" status: 404 len: 336 time: 0.0345364
2026-07-15 06:07:26.307 10 INFO neutron.pecan_wsgi.hooks.translation [None req-0cab739e-617f-4f44-8cfc-e8cf9bdacc6e e8d98166bce44a98a3f578017fdfe17b e0045947fe144a01a98f19fec835be5e - - default default] DELETE failed (client error): The resource could not be found.
2026-07-15 06:07:26.309 10 INFO neutron.wsgi [None req-0cab739e-617f-4f44-8cfc-e8cf9bdacc6e e8d98166bce44a98a3f578017fdfe17b e0045947fe144a01a98f19fec835be5e - - default default] 10.0.0.193 "DELETE /v2.0/subnets/b60773bb-4017-489b-b39c-c425eef3e647 HTTP/1.1" status: 404 len: 337 time: 0.0245996
2026-07-15 06:07:26.320 9 INFO neutron.db.ovn_revision_numbers_db [None req-2bdb4b5d-1d9f-4e77-ae82-8e1cd625db5c 6e804047cfd843ecb310531e10430430 f86012f3d9444bdcb1848b7214d0850f - - default default] Successfully bumped revision number for resource edab8147-43c8-4b1c-a570-6f44f68106b7 (type: security_group_rules) to 0
2026-07-15 06:07:26.340 10 INFO neutron.wsgi [None req-2d68b2ff-5658-4be5-bfc0-8e480d49dfe4 e8d98166bce44a98a3f578017fdfe17b e0045947fe144a01a98f19fec835be5e - - default default] 10.0.0.193 "GET /v2.0/ports?device_id=46f7021d-e763-4596-b235-65cc21481aec HTTP/1.1" status: 200 len: 205 time: 0.0247707
2026-07-15 06:07:26.365 9 INFO neutron.wsgi [None req-2bdb4b5d-1d9f-4e77-ae82-8e1cd625db5c 6e804047cfd843ecb310531e10430430 f86012f3d9444bdcb1848b7214d0850f - - default default] 10.0.0.193 "POST /v2.0/security-group-rules HTTP/1.1" status: 201 len: 773 time: 0.3263266
2026-07-15 06:07:26.366 10 INFO neutron.api.v2.resource [None req-ce1c510b-d309-438a-be0b-1ebb17755b3d e8d98166bce44a98a3f578017fdfe17b e0045947fe144a01a98f19fec835be5e - - default default] delete failed (client error): The resource could not be found.
2026-07-15 06:07:26.368 10 INFO neutron.wsgi [None req-ce1c510b-d309-438a-be0b-1ebb17755b3d e8d98166bce44a98a3f578017fdfe17b e0045947fe144a01a98f19fec835be5e - - default default] 10.0.0.193 "DELETE /v2.0/routers/46f7021d-e763-4596-b235-65cc21481aec HTTP/1.1" status: 404 len: 336 time: 0.0214906
2026-07-15 06:07:26.387 10 INFO neutron.pecan_wsgi.hooks.translation [None req-3386cabe-9147-4a0f-be85-30650ed58225 e8d98166bce44a98a3f578017fdfe17b e0045947fe144a01a98f19fec835be5e - - default default] DELETE failed (client error): The resource could not be found.
2026-07-15 06:07:26.389 10 INFO neutron.wsgi [None req-3386cabe-9147-4a0f-be85-30650ed58225 e8d98166bce44a98a3f578017fdfe17b e0045947fe144a01a98f19fec835be5e - - default default] 10.0.0.193 "DELETE /v2.0/subnets/6e03080a-24ff-43ba-b454-0a6b3853fee9 HTTP/1.1" status: 404 len: 337 time: 0.0178773
2026-07-15 06:07:26.422 9 INFO neutron.wsgi [None req-1f0716ae-fa22-4ad8-a7c8-26b8ca6d40ab e8d98166bce44a98a3f578017fdfe17b e0045947fe144a01a98f19fec835be5e - - default default] 10.0.0.193 "GET /v2.0/ports?device_id=6dda0ff1-b8c7-47ea-bae8-3bbd4d641b03 HTTP/1.1" status: 200 len: 205 time: 0.0259163
2026-07-15 06:07:26.452 9 INFO neutron.api.v2.resource [None req-f14cbb8a-bae5-49ee-82bf-6fe1f2e56430 e8d98166bce44a98a3f578017fdfe17b e0045947fe144a01a98f19fec835be5e - - default default] delete failed (client error): The resource could not be found.
2026-07-15 06:07:26.453 9 INFO neutron.wsgi [None req-f14cbb8a-bae5-49ee-82bf-6fe1f2e56430 e8d98166bce44a98a3f578017fdfe17b e0045947fe144a01a98f19fec835be5e - - default default] 10.0.0.193 "DELETE /v2.0/routers/6dda0ff1-b8c7-47ea-bae8-3bbd4d641b03 HTTP/1.1" status: 404 len: 336 time: 0.0266216
2026-07-15 06:07:26.473 9 INFO neutron.pecan_wsgi.hooks.translation [None req-f5b72d45-5a71-46f7-b405-6e552f0ca29a e8d98166bce44a98a3f578017fdfe17b e0045947fe144a01a98f19fec835be5e - - default default] DELETE failed (client error): The resource could not be found.
2026-07-15 06:07:26.475 9 INFO neutron.wsgi [None req-f5b72d45-5a71-46f7-b405-6e552f0ca29a e8d98166bce44a98a3f578017fdfe17b e0045947fe144a01a98f19fec835be5e - - default default] 10.0.0.193 "DELETE /v2.0/subnets/445eedda-34c6-4fc8-8715-9226cd0fd211 HTTP/1.1" status: 404 len: 337 time: 0.0181351
2026-07-15 06:07:26.477 9 INFO neutron.wsgi [None req-cccb038f-5551-41a0-88ed-317636daadfd 47d855ce42b64459bfcac0ab727b271c 23898a6fa7b44c6ea8a26005550453a5 - - default default] 10.0.0.193 "DELETE /v2.0/routers/60c20e32-e3a5-4343-a9ac-c12668c9d415 HTTP/1.1" status: 204 len: 168 time: 0.2250798
2026-07-15 06:07:26.491 9 INFO neutron.pecan_wsgi.hooks.translation [None req-897c6de3-2343-4273-a618-510ccdddf1ed e8d98166bce44a98a3f578017fdfe17b e0045947fe144a01a98f19fec835be5e - - default default] DELETE failed (client error): The resource could not be found.
2026-07-15 06:07:26.493 9 INFO neutron.wsgi [None req-897c6de3-2343-4273-a618-510ccdddf1ed e8d98166bce44a98a3f578017fdfe17b e0045947fe144a01a98f19fec835be5e - - default default] 10.0.0.193 "DELETE /v2.0/subnets/abb09e60-aa5d-46e2-a2db-1fd4b8ab084f HTTP/1.1" status: 404 len: 337 time: 0.0138125
2026-07-15 06:07:26.522 10 INFO neutron.plugins.ml2.drivers.ovn.mech_driver.ovsdb.ovsdb_monitor [None req-bd080fbb-af7d-4256-98ed-a2aa9d0725dc - - - - - -] Router 7bab0793-29fd-4640-9e3c-8bc8c3706fe9 is bound to host instance
2026-07-15 06:07:26.553 10 INFO neutron.db.ovn_revision_numbers_db [None req-fe04e6f3-2c0f-4bb8-89a2-85a0dfa84127 6373aa55fe2e48d78ece068c1200a8aa cca1ba5c55d74768b3f4315d60fa5952 - - default default] Successfully bumped revision number for resource 983ec93f-d8d3-4899-8501-9f1e384700f5 (type: router_ports) to 1
2026-07-15 06:07:26.631 10 INFO neutron.db.ovn_revision_numbers_db [None req-fe04e6f3-2c0f-4bb8-89a2-85a0dfa84127 6373aa55fe2e48d78ece068c1200a8aa cca1ba5c55d74768b3f4315d60fa5952 - - default default] Successfully bumped revision number for resource 7bab0793-29fd-4640-9e3c-8bc8c3706fe9 (type: routers) to 2
2026-07-15 06:07:26.648 10 INFO neutron.wsgi [None req-fe04e6f3-2c0f-4bb8-89a2-85a0dfa84127 6373aa55fe2e48d78ece068c1200a8aa cca1ba5c55d74768b3f4315d60fa5952 - - default default] 10.0.0.193 "POST /v2.0/routers HTTP/1.1" status: 201 len: 875 time: 1.6109338
2026-07-15 06:07:26.903 9 INFO neutron.wsgi [None req-0bbdcb83-7ce8-4d7e-b79d-2b4aeb447e73 e5e0fb10bdde483893f47ba5c54a845b 8c2bde455c544a4cb6567d72e6b7a011 - - default default] 10.0.0.193 "GET /v2.0/subnets?project_id=cca1ba5c55d74768b3f4315d60fa5952&cidr=10.100.0.0%2F28 HTTP/1.1" status: 200 len: 207 time: 0.2478831
2026-07-15 06:07:26.950 10 INFO neutron.db.ovn_revision_numbers_db [None req-6be41ece-c70e-46e6-a02f-31cc7c48b99a 6e804047cfd843ecb310531e10430430 f86012f3d9444bdcb1848b7214d0850f - - default default] Successfully bumped revision number for resource de16ec29-66a5-40ef-a095-7652ffb2449f (type: security_groups) to 1
2026-07-15 06:07:26.982 10 INFO neutron.db.ovn_revision_numbers_db [None req-6be41ece-c70e-46e6-a02f-31cc7c48b99a 6e804047cfd843ecb310531e10430430 f86012f3d9444bdcb1848b7214d0850f - - default default] Successfully bumped revision number for resource 25eb5783-6365-4e98-8a59-05343496f02f (type: security_group_rules) to 0
2026-07-15 06:07:26.988 9 INFO neutron.wsgi [None req-a4561516-d1c3-48e0-9cd9-71e7e1fc871e e5e0fb10bdde483893f47ba5c54a845b 8c2bde455c544a4cb6567d72e6b7a011 - - default default] 10.0.0.193 "GET /v2.0/networks?router%3Aexternal=True HTTP/1.1" status: 200 len: 947 time: 0.0806956
2026-07-15 06:07:27.000 10 INFO neutron.db.ovn_revision_numbers_db [None req-6be41ece-c70e-46e6-a02f-31cc7c48b99a 6e804047cfd843ecb310531e10430430 f86012f3d9444bdcb1848b7214d0850f - - default default] Successfully bumped revision number for resource 920adac9-9ea1-42e7-b991-a1099585375f (type: security_group_rules) to 0
2026-07-15 06:07:27.015 9 INFO neutron.wsgi [None req-8d442141-a4e1-4700-8084-93e7941f10fb e5e0fb10bdde483893f47ba5c54a845b 8c2bde455c544a4cb6567d72e6b7a011 - - default default] 10.0.0.193 "GET /v2.0/subnets?network_id=bb37d091-3fbb-434e-9180-8c3496af7ade&cidr=10.100.0.0%2F28 HTTP/1.1" status: 200 len: 207 time: 0.0221462
2026-07-15 06:07:27.041 10 INFO neutron.wsgi [None req-6be41ece-c70e-46e6-a02f-31cc7c48b99a 6e804047cfd843ecb310531e10430430 f86012f3d9444bdcb1848b7214d0850f - - default default] 10.0.0.193 "POST /v2.0/security-groups HTTP/1.1" status: 201 len: 1795 time: 0.2346740
2026-07-15 06:07:27.095 10 INFO neutron.db.ovn_revision_numbers_db [None req-bd080fbb-af7d-4256-98ed-a2aa9d0725dc - - - - - -] Successfully bumped revision number for resource 983ec93f-d8d3-4899-8501-9f1e384700f5 (type: ports) to 1
2026-07-15 06:07:27.165 9 INFO neutron.wsgi [None req-73170cbc-5f92-44f0-8fb6-8eba511f1894 b12c0261aabc4148a8d14edbab9a42f1 4faf39b8e0cd4b7f8a7fa5fe4a037441 - - default default] 10.0.0.193 "GET /v2.0/security-groups?tenant_id=e0045947fe144a01a98f19fec835be5e&name=default HTTP/1.1" status: 200 len: 2996 time: 0.1726453
2026-07-15 06:07:27.284 9 INFO neutron.db.ovn_revision_numbers_db [None req-8bae3dab-0a16-419d-823b-43ff1cdd2282 6e804047cfd843ecb310531e10430430 f86012f3d9444bdcb1848b7214d0850f - - default default] Successfully bumped revision number for resource c42cad2b-723d-42ab-aec5-70b3d6234c91 (type: security_group_rules) to 0
2026-07-15 06:07:27.334 9 INFO neutron.wsgi [None req-8bae3dab-0a16-419d-823b-43ff1cdd2282 6e804047cfd843ecb310531e10430430 f86012f3d9444bdcb1848b7214d0850f - - default default] 10.0.0.193 "POST /v2.0/security-group-rules HTTP/1.1" status: 201 len: 764 time: 0.2872295
2026-07-15 06:07:27.362 9 WARNING neutron.scheduler.dhcp_agent_scheduler [None req-83ebf279-1ad3-40ae-bde2-41266a58f647 6373aa55fe2e48d78ece068c1200a8aa cca1ba5c55d74768b3f4315d60fa5952 - - default default] No more DHCP agents
2026-07-15 06:07:27.373 9 WARNING neutron.api.rpc.agentnotifiers.dhcp_rpc_agent_api [None req-83ebf279-1ad3-40ae-bde2-41266a58f647 6373aa55fe2e48d78ece068c1200a8aa cca1ba5c55d74768b3f4315d60fa5952 - - default default] Unable to schedule network 09711e01-864e-446b-a0e0-06dc7d11a52c: no agents available; will retry on subsequent port and subnet creation events.
2026-07-15 06:07:27.430 9 INFO neutron.db.ovn_revision_numbers_db [None req-89bdbca1-fe6a-4733-abd9-b697b4375d1f b12c0261aabc4148a8d14edbab9a42f1 4faf39b8e0cd4b7f8a7fa5fe4a037441 - - default default] Successfully bumped revision number for resource bccc7bd3-89c8-42ca-bb00-2ad86379d9af (type: security_groups) to 1
2026-07-15 06:07:27.445 10 INFO neutron.db.ovn_revision_numbers_db [None req-bd080fbb-af7d-4256-98ed-a2aa9d0725dc - - - - - -] Successfully bumped revision number for resource 983ec93f-d8d3-4899-8501-9f1e384700f5 (type: router_ports) to 3
2026-07-15 06:07:27.541 10 INFO neutron.db.ovn_revision_numbers_db [None req-c44ab416-f6e9-4225-87a4-6df318afd009 6e804047cfd843ecb310531e10430430 f86012f3d9444bdcb1848b7214d0850f - - default default] Successfully bumped revision number for resource c6eee7e7-105f-402c-8289-dabbf1f204c2 (type: security_group_rules) to 0
2026-07-15 06:07:27.572 10 INFO neutron.wsgi [None req-9a60f0e7-a043-4e3f-b663-e8f7b77b1785 b12c0261aabc4148a8d14edbab9a42f1 4faf39b8e0cd4b7f8a7fa5fe4a037441 - - default default] 10.0.0.193 "DELETE /v2.0/security-groups/4692239a-3bb7-471c-acea-91427d7007ba HTTP/1.1" status: 204 len: 168 time: 0.3992693
2026-07-15 06:07:27.584 10 INFO neutron.wsgi [None req-c44ab416-f6e9-4225-87a4-6df318afd009 6e804047cfd843ecb310531e10430430 f86012f3d9444bdcb1848b7214d0850f - - default default] 10.0.0.193 "POST /v2.0/security-group-rules HTTP/1.1" status: 201 len: 769 time: 0.2395790
2026-07-15 06:07:27.665 10 INFO neutron.db.ovn_revision_numbers_db [None req-bd080fbb-af7d-4256-98ed-a2aa9d0725dc - - - - - -] Successfully bumped revision number for resource 983ec93f-d8d3-4899-8501-9f1e384700f5 (type: ports) to 2
