2026-07-15 06:05:11.509 9 INFO neutron.db.ovn_revision_numbers_db [None req-024f50f7-8c34-4939-8dfc-ae44a7171e6d b12c0261aabc4148a8d14edbab9a42f1 4faf39b8e0cd4b7f8a7fa5fe4a037441 - - default default] Successfully bumped revision number for resource 8d6dbf14-e1d7-4839-af2f-cd680116f5aa (type: security_group_rules) to 0
2026-07-15 06:05:11.554 9 INFO neutron.db.segments_db [None req-024f50f7-8c34-4939-8dfc-ae44a7171e6d b12c0261aabc4148a8d14edbab9a42f1 4faf39b8e0cd4b7f8a7fa5fe4a037441 - - default default] Added segment ce631b29-f8c3-41fc-821d-39bad7c92fbe of type geneve for network 9eacf98c-9a56-4fbb-aa2d-259e7b23505c
2026-07-15 06:05:11.691 10 INFO neutron.wsgi [None req-cb53622c-8f48-43df-a959-711565ee508e b12c0261aabc4148a8d14edbab9a42f1 4faf39b8e0cd4b7f8a7fa5fe4a037441 - - default default] 10.0.0.193 "DELETE /v2.0/security-groups/ea0af60f-2d17-4ed6-9c63-cbaea5cfcff3 HTTP/1.1" status: 204 len: 168 time: 0.2219265
2026-07-15 06:05:11.705 9 INFO neutron.wsgi [req-296e153d-7d73-4790-8b69-51e232c2236c req-82948c90-18cd-4868-b05b-ebd0a295dc5e ec4f35af11d047e0b87b460cecd70575 ec4107e8891b440582c31f6c430d0ecb - - default default] 10.0.0.185 "GET /v2.0/ports?device_id=320f1125-0cba-4da2-927c-9531e297d896 HTTP/1.1" status: 200 len: 1168 time: 0.0555644
2026-07-15 06:05:11.753 9 INFO neutron.db.ovn_revision_numbers_db [None req-024f50f7-8c34-4939-8dfc-ae44a7171e6d b12c0261aabc4148a8d14edbab9a42f1 4faf39b8e0cd4b7f8a7fa5fe4a037441 - - default default] Successfully bumped revision number for resource 9eacf98c-9a56-4fbb-aa2d-259e7b23505c (type: networks) to 1
2026-07-15 06:05:11.757 9 INFO neutron.wsgi [req-296e153d-7d73-4790-8b69-51e232c2236c req-c5a38c39-e885-42d1-b122-25a53b15d7e0 ec4f35af11d047e0b87b460cecd70575 ec4107e8891b440582c31f6c430d0ecb - - default default] 10.0.0.185 "GET /v2.0/security-groups?id=5f0518bd-9b09-4e85-86ef-74d37092ed6d&fields=id&fields=name HTTP/1.1" status: 200 len: 313 time: 0.0451281
2026-07-15 06:05:11.931 9 WARNING neutron.scheduler.dhcp_agent_scheduler [None req-024f50f7-8c34-4939-8dfc-ae44a7171e6d b12c0261aabc4148a8d14edbab9a42f1 4faf39b8e0cd4b7f8a7fa5fe4a037441 - - default default] No more DHCP agents
2026-07-15 06:05:11.934 9 WARNING neutron.api.rpc.agentnotifiers.dhcp_rpc_agent_api [None req-024f50f7-8c34-4939-8dfc-ae44a7171e6d b12c0261aabc4148a8d14edbab9a42f1 4faf39b8e0cd4b7f8a7fa5fe4a037441 - - default default] Unable to schedule network 9eacf98c-9a56-4fbb-aa2d-259e7b23505c: no agents available; will retry on subsequent port and subnet creation events.
2026-07-15 06:05:12.043 9 INFO neutron.db.ovn_revision_numbers_db [None req-024f50f7-8c34-4939-8dfc-ae44a7171e6d b12c0261aabc4148a8d14edbab9a42f1 4faf39b8e0cd4b7f8a7fa5fe4a037441 - - default default] Successfully bumped revision number for resource 820b09f5-1b69-45b1-b0fe-80a28424e741 (type: ports) to 1
2026-07-15 06:05:12.067 9 INFO neutron.wsgi [None req-024f50f7-8c34-4939-8dfc-ae44a7171e6d b12c0261aabc4148a8d14edbab9a42f1 4faf39b8e0cd4b7f8a7fa5fe4a037441 - - default default] 10.0.0.193 "POST /v2.0/networks HTTP/1.1" status: 201 len: 938 time: 1.0568638
2026-07-15 06:05:12.280 9 WARNING neutron.scheduler.dhcp_agent_scheduler [None req-407087c6-3a7a-4f37-b88d-7eb3ea9d1517 b12c0261aabc4148a8d14edbab9a42f1 4faf39b8e0cd4b7f8a7fa5fe4a037441 - - default default] No more DHCP agents
2026-07-15 06:05:12.282 9 WARNING neutron.api.rpc.agentnotifiers.dhcp_rpc_agent_api [None req-407087c6-3a7a-4f37-b88d-7eb3ea9d1517 b12c0261aabc4148a8d14edbab9a42f1 4faf39b8e0cd4b7f8a7fa5fe4a037441 - - default default] Unable to schedule network 9eacf98c-9a56-4fbb-aa2d-259e7b23505c: no agents available; will retry on subsequent port and subnet creation events.
2026-07-15 06:05:12.575 9 INFO neutron.wsgi [req-00f59e12-ef57-4e30-8a29-b5b7c7298e6d req-2f81d57d-9872-4006-a706-55188db7803b fb956fae44734cb7af9f880a293fc698 53e448edf30e4e32b754ded8bbc34655 - - default default] 10.0.0.185 "GET /v2.0/ports?device_id=5a3a4d01-1a58-4485-bf80-6dfcf2e670c9 HTTP/1.1" status: 200 len: 1168 time: 0.0421448
2026-07-15 06:05:12.626 9 INFO neutron.wsgi [req-00f59e12-ef57-4e30-8a29-b5b7c7298e6d req-495babe8-8b4c-4f2b-b531-bcee3675e0cc fb956fae44734cb7af9f880a293fc698 53e448edf30e4e32b754ded8bbc34655 - - default default] 10.0.0.185 "GET /v2.0/security-groups?id=34ac456c-5495-4c89-b2ba-f77c8ce91fc5&fields=id&fields=name HTTP/1.1" status: 200 len: 311 time: 0.0377815
2026-07-15 06:05:12.744 9 INFO neutron.db.ovn_revision_numbers_db [None req-407087c6-3a7a-4f37-b88d-7eb3ea9d1517 b12c0261aabc4148a8d14edbab9a42f1 4faf39b8e0cd4b7f8a7fa5fe4a037441 - - default default] Successfully bumped revision number for resource 820b09f5-1b69-45b1-b0fe-80a28424e741 (type: ports) to 2
2026-07-15 06:05:12.771 9 INFO neutron.db.ovn_revision_numbers_db [None req-407087c6-3a7a-4f37-b88d-7eb3ea9d1517 b12c0261aabc4148a8d14edbab9a42f1 4faf39b8e0cd4b7f8a7fa5fe4a037441 - - default default] Successfully bumped revision number for resource 4ec58217-1d69-4b8b-a755-d621782432a6 (type: subnets) to 0
2026-07-15 06:05:12.797 9 INFO neutron.wsgi [None req-407087c6-3a7a-4f37-b88d-7eb3ea9d1517 b12c0261aabc4148a8d14edbab9a42f1 4faf39b8e0cd4b7f8a7fa5fe4a037441 - - default default] 10.0.0.193 "POST /v2.0/subnets HTTP/1.1" status: 201 len: 859 time: 0.7240283
2026-07-15 06:05:12.864 9 INFO neutron.wsgi [req-797ed5a4-6db2-464a-9465-e5af28865ba4 req-4f087da7-1cf0-410e-813a-6782eb084595 ec4f35af11d047e0b87b460cecd70575 ec4107e8891b440582c31f6c430d0ecb - - default default] 10.0.0.185 "GET /v2.0/ports?device_id=320f1125-0cba-4da2-927c-9531e297d896 HTTP/1.1" status: 200 len: 1168 time: 0.0401270
2026-07-15 06:05:12.920 9 INFO neutron.wsgi [req-797ed5a4-6db2-464a-9465-e5af28865ba4 req-6bdf5df5-8ac7-44ec-afd5-f589ec093413 ec4f35af11d047e0b87b460cecd70575 ec4107e8891b440582c31f6c430d0ecb - - default default] 10.0.0.185 "GET /v2.0/security-groups?id=5f0518bd-9b09-4e85-86ef-74d37092ed6d&fields=id&fields=name HTTP/1.1" status: 200 len: 313 time: 0.0478003
2026-07-15 06:05:13.384 9 WARNING neutron.scheduler.dhcp_agent_scheduler [None req-c37a5f64-b874-45f8-99f0-cb8da291e84b b12c0261aabc4148a8d14edbab9a42f1 4faf39b8e0cd4b7f8a7fa5fe4a037441 - - default default] No more DHCP agents
2026-07-15 06:05:13.386 9 WARNING neutron.api.rpc.agentnotifiers.dhcp_rpc_agent_api [None req-c37a5f64-b874-45f8-99f0-cb8da291e84b b12c0261aabc4148a8d14edbab9a42f1 4faf39b8e0cd4b7f8a7fa5fe4a037441 - - default default] Unable to schedule network bb37d091-3fbb-434e-9180-8c3496af7ade: no agents available; will retry on subsequent port and subnet creation events.
2026-07-15 06:05:13.538 9 INFO neutron.db.ovn_revision_numbers_db [None req-c37a5f64-b874-45f8-99f0-cb8da291e84b b12c0261aabc4148a8d14edbab9a42f1 4faf39b8e0cd4b7f8a7fa5fe4a037441 - - default default] Successfully bumped revision number for resource 807cc6ae-4774-4844-9f95-e662faac1fe0 (type: ports) to 1
2026-07-15 06:05:13.730 9 INFO neutron.wsgi [req-e20d6958-7775-4a10-b935-9626b70bc61e req-850b3187-5974-4bdb-a32d-08ae0ee75a92 fb956fae44734cb7af9f880a293fc698 53e448edf30e4e32b754ded8bbc34655 - - default default] 10.0.0.185 "GET /v2.0/ports?device_id=5a3a4d01-1a58-4485-bf80-6dfcf2e670c9 HTTP/1.1" status: 200 len: 1168 time: 0.0407915
2026-07-15 06:05:13.803 9 INFO neutron.wsgi [req-e20d6958-7775-4a10-b935-9626b70bc61e req-810f68f4-29fd-4956-a17b-a3753db6e4a8 fb956fae44734cb7af9f880a293fc698 53e448edf30e4e32b754ded8bbc34655 - - default default] 10.0.0.185 "GET /v2.0/security-groups?id=34ac456c-5495-4c89-b2ba-f77c8ce91fc5&fields=id&fields=name HTTP/1.1" status: 200 len: 311 time: 0.0593250
2026-07-15 06:05:13.899 9 INFO neutron.db.ovn_revision_numbers_db [None req-81c9c1be-d73c-4d50-a14a-530c74b79140 b12c0261aabc4148a8d14edbab9a42f1 4faf39b8e0cd4b7f8a7fa5fe4a037441 - - default default] Successfully bumped revision number for resource 57a89a42-c503-4acc-b965-4dae2f365507 (type: security_groups) to 1
2026-07-15 06:05:13.922 9 INFO neutron.db.ovn_revision_numbers_db [None req-81c9c1be-d73c-4d50-a14a-530c74b79140 b12c0261aabc4148a8d14edbab9a42f1 4faf39b8e0cd4b7f8a7fa5fe4a037441 - - default default] Successfully bumped revision number for resource 438d1965-46e5-439e-8060-48662be2acde (type: security_group_rules) to 0
2026-07-15 06:05:13.937 9 INFO neutron.db.ovn_revision_numbers_db [None req-81c9c1be-d73c-4d50-a14a-530c74b79140 b12c0261aabc4148a8d14edbab9a42f1 4faf39b8e0cd4b7f8a7fa5fe4a037441 - - default default] Successfully bumped revision number for resource 6425de7b-0c13-4049-838a-6c507e47b140 (type: security_group_rules) to 0
2026-07-15 06:05:13.973 9 INFO neutron.db.ovn_revision_numbers_db [None req-81c9c1be-d73c-4d50-a14a-530c74b79140 b12c0261aabc4148a8d14edbab9a42f1 4faf39b8e0cd4b7f8a7fa5fe4a037441 - - default default] Successfully bumped revision number for resource c03bbbc6-396f-4496-aacf-d94309ee82ac (type: security_group_rules) to 0
2026-07-15 06:05:13.991 9 INFO neutron.db.ovn_revision_numbers_db [None req-81c9c1be-d73c-4d50-a14a-530c74b79140 b12c0261aabc4148a8d14edbab9a42f1 4faf39b8e0cd4b7f8a7fa5fe4a037441 - - default default] Successfully bumped revision number for resource e3b0645d-e47e-4658-8b5f-d2818183768d (type: security_group_rules) to 0
2026-07-15 06:05:14.065 9 INFO neutron.wsgi [req-c7d290d7-7744-4b2f-9124-9ae6d11c36ec req-675d6f2a-195b-4629-94e1-15bb3c476ddc ec4f35af11d047e0b87b460cecd70575 ec4107e8891b440582c31f6c430d0ecb - - default default] 10.0.0.185 "GET /v2.0/ports?device_id=320f1125-0cba-4da2-927c-9531e297d896 HTTP/1.1" status: 200 len: 1168 time: 0.0723653
2026-07-15 06:05:14.068 9 WARNING neutron.plugins.ml2.drivers.ovn.mech_driver.ovsdb.ovn_client [None req-2052610e-e2e3-4021-9f7b-abd298d398dc - - - - - -] No port found with ID d7cc45a8-f722-4058-9a20-c7546036698c: RuntimeError: No port found with ID d7cc45a8-f722-4058-9a20-c7546036698c
2026-07-15 06:05:14.068 9 INFO neutron.plugins.ml2.drivers.ovn.mech_driver.mech_driver [None req-2052610e-e2e3-4021-9f7b-abd298d398dc - - - - - -] OVN reports status up for port: 9fdf1a1b-c5d1-4e7c-ab84-1ff05588467a
2026-07-15 06:05:14.076 9 INFO neutron.db.segments_db [None req-81c9c1be-d73c-4d50-a14a-530c74b79140 b12c0261aabc4148a8d14edbab9a42f1 4faf39b8e0cd4b7f8a7fa5fe4a037441 - - default default] Added segment 4221b1eb-343a-43bc-b73c-64cdc9fabab2 of type geneve for network f700deb6-477b-4da4-8ad7-62f116a61843
2026-07-15 06:05:14.104 9 INFO neutron.plugins.ml2.plugin [None req-2052610e-e2e3-4021-9f7b-abd298d398dc - - - - - -] Attempt 1 to provision port 9fdf1a1b-c5d1-4e7c-ab84-1ff05588467a
2026-07-15 06:05:14.139 9 INFO neutron.wsgi [req-c7d290d7-7744-4b2f-9124-9ae6d11c36ec req-217846a1-641e-459a-ba83-1e02f1a3e5f0 ec4f35af11d047e0b87b460cecd70575 ec4107e8891b440582c31f6c430d0ecb - - default default] 10.0.0.185 "GET /v2.0/security-groups?id=5f0518bd-9b09-4e85-86ef-74d37092ed6d&fields=id&fields=name HTTP/1.1" status: 200 len: 313 time: 0.0664916
2026-07-15 06:05:14.237 10 INFO neutron.plugins.ml2.drivers.ovn.mech_driver.mech_driver [None req-075daebd-3661-410b-84e4-7c0e99986985 - - - - - -] OVN reports status up for port: 807cc6ae-4774-4844-9f95-e662faac1fe0
2026-07-15 06:05:14.251 10 INFO neutron.plugins.ml2.plugin [None req-075daebd-3661-410b-84e4-7c0e99986985 - - - - - -] Attempt 1 to provision port 807cc6ae-4774-4844-9f95-e662faac1fe0
2026-07-15 06:05:14.256 9 INFO neutron.plugins.ml2.drivers.ovn.mech_driver.ovsdb.ovsdb_monitor [None req-9e97385f-a753-465e-85c8-ebe429d1c891 - - - - - -] Router bb4df44c-1294-4e11-809a-f09fc04903ca is bound to host instance
2026-07-15 06:05:14.335 9 INFO neutron.notifiers.nova [-] Nova event matching ['req-4d1ec61a-7326-44e4-b2ee-1ae3e035bec2'] response: {'server_uuid': '320f1125-0cba-4da2-927c-9531e297d896', 'name': 'network-vif-plugged', 'status': 'completed', 'tag': '9fdf1a1b-c5d1-4e7c-ab84-1ff05588467a', 'code': 200}
2026-07-15 06:05:14.336 9 INFO neutron.db.ovn_revision_numbers_db [None req-c37a5f64-b874-45f8-99f0-cb8da291e84b b12c0261aabc4148a8d14edbab9a42f1 4faf39b8e0cd4b7f8a7fa5fe4a037441 - - default default] Successfully bumped revision number for resource 807cc6ae-4774-4844-9f95-e662faac1fe0 (type: router_ports) to 1
2026-07-15 06:05:14.339 9 INFO neutron.db.ovn_revision_numbers_db [None req-81c9c1be-d73c-4d50-a14a-530c74b79140 b12c0261aabc4148a8d14edbab9a42f1 4faf39b8e0cd4b7f8a7fa5fe4a037441 - - default default] Successfully bumped revision number for resource f700deb6-477b-4da4-8ad7-62f116a61843 (type: networks) to 1
2026-07-15 06:05:14.539 9 INFO neutron.db.ovn_revision_numbers_db [None req-c37a5f64-b874-45f8-99f0-cb8da291e84b b12c0261aabc4148a8d14edbab9a42f1 4faf39b8e0cd4b7f8a7fa5fe4a037441 - - default default] Successfully bumped revision number for resource bb4df44c-1294-4e11-809a-f09fc04903ca (type: routers) to 2
2026-07-15 06:05:14.576 9 INFO neutron.wsgi [None req-c37a5f64-b874-45f8-99f0-cb8da291e84b b12c0261aabc4148a8d14edbab9a42f1 4faf39b8e0cd4b7f8a7fa5fe4a037441 - - default default] 10.0.0.193 "POST /v2.0/routers HTTP/1.1" status: 201 len: 870 time: 1.7730432
2026-07-15 06:05:14.839 9 WARNING neutron.scheduler.dhcp_agent_scheduler [None req-81c9c1be-d73c-4d50-a14a-530c74b79140 b12c0261aabc4148a8d14edbab9a42f1 4faf39b8e0cd4b7f8a7fa5fe4a037441 - - default default] No more DHCP agents
2026-07-15 06:05:14.843 9 WARNING neutron.api.rpc.agentnotifiers.dhcp_rpc_agent_api [None req-81c9c1be-d73c-4d50-a14a-530c74b79140 b12c0261aabc4148a8d14edbab9a42f1 4faf39b8e0cd4b7f8a7fa5fe4a037441 - - default default] Unable to schedule network f700deb6-477b-4da4-8ad7-62f116a61843: no agents available; will retry on subsequent port and subnet creation events.
2026-07-15 06:05:14.881 9 INFO neutron.db.ovn_revision_numbers_db [None req-2052610e-e2e3-4021-9f7b-abd298d398dc - - - - - -] Successfully bumped revision number for resource 9fdf1a1b-c5d1-4e7c-ab84-1ff05588467a (type: ports) to 4
2026-07-15 06:05:14.967 9 INFO neutron.wsgi [req-dfcf8b34-9b1f-4d28-afae-ff5f2e37da7f req-b92de042-89e9-4787-98d4-f15d07f0da8a fb956fae44734cb7af9f880a293fc698 53e448edf30e4e32b754ded8bbc34655 - - default default] 10.0.0.185 "GET /v2.0/ports?device_id=5a3a4d01-1a58-4485-bf80-6dfcf2e670c9 HTTP/1.1" status: 200 len: 1168 time: 0.0683234
2026-07-15 06:05:15.009 9 INFO neutron.plugins.ml2.drivers.ovn.mech_driver.mech_driver [None req-2052610e-e2e3-4021-9f7b-abd298d398dc - - - - - -] OVN reports status up for port: 300dc841-5f8a-4e25-a77e-2f812b1c862c
2026-07-15 06:05:15.047 9 INFO neutron.plugins.ml2.plugin [None req-2052610e-e2e3-4021-9f7b-abd298d398dc - - - - - -] Attempt 1 to provision port 300dc841-5f8a-4e25-a77e-2f812b1c862c
2026-07-15 06:05:15.048 9 INFO neutron.db.ovn_revision_numbers_db [None req-81c9c1be-d73c-4d50-a14a-530c74b79140 b12c0261aabc4148a8d14edbab9a42f1 4faf39b8e0cd4b7f8a7fa5fe4a037441 - - default default] Successfully bumped revision number for resource e34ea34b-40e6-4a44-b022-c2e641106a2d (type: ports) to 1
2026-07-15 06:05:15.069 9 INFO neutron.wsgi [req-dfcf8b34-9b1f-4d28-afae-ff5f2e37da7f req-93465f6b-d7dd-4f23-9941-748b17442aa0 fb956fae44734cb7af9f880a293fc698 53e448edf30e4e32b754ded8bbc34655 - - default default] 10.0.0.185 "GET /v2.0/security-groups?id=34ac456c-5495-4c89-b2ba-f77c8ce91fc5&fields=id&fields=name HTTP/1.1" status: 200 len: 311 time: 0.0901253
2026-07-15 06:05:15.091 9 INFO neutron.wsgi [None req-81c9c1be-d73c-4d50-a14a-530c74b79140 b12c0261aabc4148a8d14edbab9a42f1 4faf39b8e0cd4b7f8a7fa5fe4a037441 - - default default] 10.0.0.193 "POST /v2.0/networks HTTP/1.1" status: 201 len: 954 time: 1.5822999 /var/lib/openstack/lib/python3.10/site-packages/pycadf/identifier.py:71: UserWarning: Invalid uuid: neutron. To ensure interoperability, identifiers should be a valid uuid. warnings.warn(('Invalid uuid: %s. To ensure interoperability, '
2026-07-15 06:05:15.140 10 WARNING neutron.scheduler.dhcp_agent_scheduler [None req-892f0d3b-72b4-4703-aec1-02d0ecedef98 b12c0261aabc4148a8d14edbab9a42f1 4faf39b8e0cd4b7f8a7fa5fe4a037441 - - default default] No more DHCP agents
2026-07-15 06:05:15.142 10 WARNING neutron.api.rpc.agentnotifiers.dhcp_rpc_agent_api [None req-892f0d3b-72b4-4703-aec1-02d0ecedef98 b12c0261aabc4148a8d14edbab9a42f1 4faf39b8e0cd4b7f8a7fa5fe4a037441 - - default default] Unable to schedule network 9eacf98c-9a56-4fbb-aa2d-259e7b23505c: no agents available; will retry on subsequent port and subnet creation events.
2026-07-15 06:05:15.287 10 INFO neutron.db.ovn_revision_numbers_db [None req-892f0d3b-72b4-4703-aec1-02d0ecedef98 b12c0261aabc4148a8d14edbab9a42f1 4faf39b8e0cd4b7f8a7fa5fe4a037441 - - default default] Successfully bumped revision number for resource 94d2125d-22e6-4c4b-85e2-bcb847421c1b (type: ports) to 1
2026-07-15 06:05:15.398 9 INFO neutron.wsgi [req-d98559f4-d426-4076-b389-af476983c74c req-8d6abc2f-a407-44a8-a76c-ed8dd845cb22 ec4f35af11d047e0b87b460cecd70575 ec4107e8891b440582c31f6c430d0ecb - - default default] 10.0.0.185 "GET /v2.0/ports?device_id=320f1125-0cba-4da2-927c-9531e297d896 HTTP/1.1" status: 200 len: 1170 time: 0.1724515
2026-07-15 06:05:15.436 9 WARNING neutron.scheduler.dhcp_agent_scheduler [None req-cdeaad41-5c74-4ae5-a421-4f6d79d24c20 b12c0261aabc4148a8d14edbab9a42f1 4faf39b8e0cd4b7f8a7fa5fe4a037441 - - default default] No more DHCP agents
2026-07-15 06:05:15.450 9 WARNING neutron.api.rpc.agentnotifiers.dhcp_rpc_agent_api [None req-cdeaad41-5c74-4ae5-a421-4f6d79d24c20 b12c0261aabc4148a8d14edbab9a42f1 4faf39b8e0cd4b7f8a7fa5fe4a037441 - - default default] Unable to schedule network f700deb6-477b-4da4-8ad7-62f116a61843: no agents available; will retry on subsequent port and subnet creation events.
2026-07-15 06:05:15.494 9 INFO neutron.db.ovn_revision_numbers_db [None req-9e97385f-a753-465e-85c8-ebe429d1c891 - - - - - -] Successfully bumped revision number for resource 807cc6ae-4774-4844-9f95-e662faac1fe0 (type: ports) to 1
2026-07-15 06:05:15.513 9 INFO neutron.wsgi [req-d98559f4-d426-4076-b389-af476983c74c req-f81764dc-0e2c-4e69-a700-d22c1b2403e0 ec4f35af11d047e0b87b460cecd70575 ec4107e8891b440582c31f6c430d0ecb - - default default] 10.0.0.185 "GET /v2.0/security-groups?id=5f0518bd-9b09-4e85-86ef-74d37092ed6d&fields=id&fields=name HTTP/1.1" status: 200 len: 313 time: 0.1024284
2026-07-15 06:05:15.559 9 INFO neutron.db.ovn_revision_numbers_db [None req-2052610e-e2e3-4021-9f7b-abd298d398dc - - - - - -] Successfully bumped revision number for resource 300dc841-5f8a-4e25-a77e-2f812b1c862c (type: ports) to 4
2026-07-15 06:05:15.670 9 INFO neutron.wsgi [req-f44d47a9-c83a-468b-b501-a0b1e9cf95a9 req-8857137a-c56a-4ad7-ba0b-9b0e9db3373b ec4f35af11d047e0b87b460cecd70575 ec4107e8891b440582c31f6c430d0ecb - - default default] 10.0.0.185 "GET /v2.0/ports?device_id=320f1125-0cba-4da2-927c-9531e297d896 HTTP/1.1" status: 200 len: 1170 time: 0.0659022
2026-07-15 06:05:15.878 10 INFO neutron.db.ovn_revision_numbers_db [None req-892f0d3b-72b4-4703-aec1-02d0ecedef98 b12c0261aabc4148a8d14edbab9a42f1 4faf39b8e0cd4b7f8a7fa5fe4a037441 - - default default] Successfully bumped revision number for resource 94d2125d-22e6-4c4b-85e2-bcb847421c1b (type: router_ports) to 1
2026-07-15 06:05:16.065 10 INFO neutron.db.l3_db [None req-8f742706-4e98-4dc3-a473-69865c5a21dd ec4f35af11d047e0b87b460cecd70575 ec4107e8891b440582c31f6c430d0ecb - - default default] Floating IP 9d81cde8-dd17-4291-acea-20b2dea9561a associated. External IP: 10.96.250.219, port: 9fdf1a1b-c5d1-4e7c-ab84-1ff05588467a.
2026-07-15 06:05:16.138 10 INFO neutron.db.ovn_revision_numbers_db [None req-892f0d3b-72b4-4703-aec1-02d0ecedef98 b12c0261aabc4148a8d14edbab9a42f1 4faf39b8e0cd4b7f8a7fa5fe4a037441 - - default default] Successfully bumped revision number for resource 94d2125d-22e6-4c4b-85e2-bcb847421c1b (type: ports) to 1
2026-07-15 06:05:16.146 9 INFO neutron.db.ovn_revision_numbers_db [None req-9e97385f-a753-465e-85c8-ebe429d1c891 - - - - - -] Successfully bumped revision number for resource 807cc6ae-4774-4844-9f95-e662faac1fe0 (type: router_ports) to 3 /var/lib/openstack/lib/python3.10/site-packages/pycadf/identifier.py:71: UserWarning: Invalid uuid: neutron. To ensure interoperability, identifiers should be a valid uuid. warnings.warn(('Invalid uuid: %s. To ensure interoperability, '
2026-07-15 06:05:16.301 9 INFO neutron.wsgi [req-9e6d51a4-ef65-47b8-a4df-e5a81049cb8f req-e1201a75-0f88-4d47-98bd-07a450d45d16 fb956fae44734cb7af9f880a293fc698 53e448edf30e4e32b754ded8bbc34655 - - default default] 10.0.0.185 "GET /v2.0/ports?device_id=5a3a4d01-1a58-4485-bf80-6dfcf2e670c9 HTTP/1.1" status: 200 len: 1170 time: 0.1441612
2026-07-15 06:05:16.365 10 WARNING neutron.scheduler.dhcp_agent_scheduler [None req-892f0d3b-72b4-4703-aec1-02d0ecedef98 b12c0261aabc4148a8d14edbab9a42f1 4faf39b8e0cd4b7f8a7fa5fe4a037441 - - default default] No more DHCP agents
2026-07-15 06:05:16.366 10 WARNING neutron.api.rpc.agentnotifiers.dhcp_rpc_agent_api [None req-892f0d3b-72b4-4703-aec1-02d0ecedef98 b12c0261aabc4148a8d14edbab9a42f1 4faf39b8e0cd4b7f8a7fa5fe4a037441 - - default default] Unable to schedule network 9eacf98c-9a56-4fbb-aa2d-259e7b23505c: no agents available; will retry on subsequent port and subnet creation events.
2026-07-15 06:05:16.417 9 INFO neutron.wsgi [req-9e6d51a4-ef65-47b8-a4df-e5a81049cb8f req-a88e974d-db36-4421-b637-4eea4f84846b fb956fae44734cb7af9f880a293fc698 53e448edf30e4e32b754ded8bbc34655 - - default default] 10.0.0.185 "GET /v2.0/security-groups?id=34ac456c-5495-4c89-b2ba-f77c8ce91fc5&fields=id&fields=name HTTP/1.1" status: 200 len: 311 time: 0.1060500
2026-07-15 06:05:16.419 9 INFO neutron.notifiers.nova [-] Nova event matching ['req-9b8cb66b-6056-440a-8019-e2b5152dcd64'] response: {'server_uuid': '320f1125-0cba-4da2-927c-9531e297d896', 'name': 'network-vif-plugged', 'status': 'completed', 'tag': '9fdf1a1b-c5d1-4e7c-ab84-1ff05588467a', 'code': 200}
2026-07-15 06:05:16.419 9 INFO neutron.notifiers.nova [-] Nova event matching ['req-9b8cb66b-6056-440a-8019-e2b5152dcd64'] response: {'server_uuid': '5a3a4d01-1a58-4485-bf80-6dfcf2e670c9', 'name': 'network-vif-plugged', 'status': 'completed', 'tag': '300dc841-5f8a-4e25-a77e-2f812b1c862c', 'code': 200}
2026-07-15 06:05:16.419 9 INFO neutron.notifiers.nova [-] Nova event matching ['req-9b8cb66b-6056-440a-8019-e2b5152dcd64'] response: {'server_uuid': '5a3a4d01-1a58-4485-bf80-6dfcf2e670c9', 'name': 'network-vif-plugged', 'status': 'completed', 'tag': '300dc841-5f8a-4e25-a77e-2f812b1c862c', 'code': 200}
2026-07-15 06:05:16.461 9 INFO neutron.db.ovn_revision_numbers_db [None req-cdeaad41-5c74-4ae5-a421-4f6d79d24c20 b12c0261aabc4148a8d14edbab9a42f1 4faf39b8e0cd4b7f8a7fa5fe4a037441 - - default default] Successfully bumped revision number for resource e34ea34b-40e6-4a44-b022-c2e641106a2d (type: ports) to 2
2026-07-15 06:05:16.464 9 INFO neutron.db.ovn_revision_numbers_db [None req-9e97385f-a753-465e-85c8-ebe429d1c891 - - - - - -] Successfully bumped revision number for resource 807cc6ae-4774-4844-9f95-e662faac1fe0 (type: ports) to 2
2026-07-15 06:05:16.472 10 INFO neutron.db.ovn_revision_numbers_db [None req-8f742706-4e98-4dc3-a473-69865c5a21dd ec4f35af11d047e0b87b460cecd70575 ec4107e8891b440582c31f6c430d0ecb - - default default] Successfully bumped revision number for resource 9d81cde8-dd17-4291-acea-20b2dea9561a (type: floatingips) to 1
2026-07-15 06:05:16.498 9 INFO neutron.db.ovn_revision_numbers_db [None req-cdeaad41-5c74-4ae5-a421-4f6d79d24c20 b12c0261aabc4148a8d14edbab9a42f1 4faf39b8e0cd4b7f8a7fa5fe4a037441 - - default default] Successfully bumped revision number for resource eba45576-22f0-4aba-818b-5d227fdd4caf (type: subnets) to 0
2026-07-15 06:05:16.516 9 INFO neutron.wsgi [None req-cdeaad41-5c74-4ae5-a421-4f6d79d24c20 b12c0261aabc4148a8d14edbab9a42f1 4faf39b8e0cd4b7f8a7fa5fe4a037441 - - default default] 10.0.0.193 "POST /v2.0/subnets HTTP/1.1" status: 201 len: 874 time: 1.4132171
2026-07-15 06:05:16.523 10 INFO neutron.plugins.ml2.drivers.ovn.mech_driver.mech_driver [None req-075daebd-3661-410b-84e4-7c0e99986985 - - - - - -] OVN reports status up for port: 94d2125d-22e6-4c4b-85e2-bcb847421c1b
2026-07-15 06:05:16.545 10 INFO neutron.plugins.ml2.plugin [None req-075daebd-3661-410b-84e4-7c0e99986985 - - - - - -] Attempt 1 to provision port 94d2125d-22e6-4c4b-85e2-bcb847421c1b
2026-07-15 06:05:16.642 10 INFO neutron.db.ovn_revision_numbers_db [None req-8f742706-4e98-4dc3-a473-69865c5a21dd ec4f35af11d047e0b87b460cecd70575 ec4107e8891b440582c31f6c430d0ecb - - default default] Successfully bumped revision number for resource 9d81cde8-dd17-4291-acea-20b2dea9561a (type: floatingips) to 2
2026-07-15 06:05:16.658 9 INFO neutron.wsgi [req-8599289f-f7ea-439b-b852-ae5b231d86e8 req-9b6a5207-896d-42ae-ab61-ad140a455670 5ddb7c26a91f4aee83815da130d7fc8c 642a17d38a284a24b594effabaf0fd35 - - 2d0863a0ba5346be999fbb03d6fa654f 2d0863a0ba5346be999fbb03d6fa654f] 199.204.45.153 "GET /v2.0/ports?device_id=320f1125-0cba-4da2-927c-9531e297d896&fields=binding%3Ahost_id&fields=binding%3Avif_type HTTP/1.1" status: 200 len: 265 time: 0.0812354
2026-07-15 06:05:16.680 10 INFO neutron.wsgi [None req-8f742706-4e98-4dc3-a473-69865c5a21dd ec4f35af11d047e0b87b460cecd70575 ec4107e8891b440582c31f6c430d0ecb - - default default] 10.0.0.193 "PUT /v2.0/floatingips/9d81cde8-dd17-4291-acea-20b2dea9561a HTTP/1.1" status: 200 len: 1049 time: 0.9994316
2026-07-15 06:05:16.724 10 INFO neutron.notifiers.nova [-] Nova event matching ['req-a56de95f-3c49-4d3b-b078-10d9dab2bbeb'] response: {'name': 'network-changed', 'server_uuid': '320f1125-0cba-4da2-927c-9531e297d896', 'tag': '9fdf1a1b-c5d1-4e7c-ab84-1ff05588467a', 'status': 'completed', 'code': 200}
2026-07-15 06:05:16.780 9 INFO neutron.wsgi [req-8599289f-f7ea-439b-b852-ae5b231d86e8 req-50f29917-c87d-41cb-a2c5-7fdc7bf03786 5ddb7c26a91f4aee83815da130d7fc8c 642a17d38a284a24b594effabaf0fd35 - - 2d0863a0ba5346be999fbb03d6fa654f 2d0863a0ba5346be999fbb03d6fa654f] 199.204.45.153 "GET /v2.0/ports?tenant_id=ec4107e8891b440582c31f6c430d0ecb&device_id=320f1125-0cba-4da2-927c-9531e297d896 HTTP/1.1" status: 200 len: 1409 time: 0.0694935
2026-07-15 06:05:16.825 9 INFO neutron.wsgi [req-1eb4f53d-3a25-4a9a-94d6-ffabc940ae35 req-866725ba-d828-4f79-86a4-5fab44897cdb ec4f35af11d047e0b87b460cecd70575 ec4107e8891b440582c31f6c430d0ecb - - default default] 10.0.0.185 "GET /v2.0/ports?device_id=320f1125-0cba-4da2-927c-9531e297d896 HTTP/1.1" status: 200 len: 1170 time: 0.0799408
2026-07-15 06:05:16.946 9 INFO neutron.wsgi [req-1eb4f53d-3a25-4a9a-94d6-ffabc940ae35 req-380be420-018f-4b99-9042-e54ee1438c17 ec4f35af11d047e0b87b460cecd70575 ec4107e8891b440582c31f6c430d0ecb - - default default] 10.0.0.185 "GET /v2.0/security-groups?id=5f0518bd-9b09-4e85-86ef-74d37092ed6d&fields=id&fields=name HTTP/1.1" status: 200 len: 313 time: 0.1101327
2026-07-15 06:05:16.961 9 INFO neutron.wsgi [req-8599289f-f7ea-439b-b852-ae5b231d86e8 req-f6dedc9d-1996-4d14-b108-94119c287be0 5ddb7c26a91f4aee83815da130d7fc8c 642a17d38a284a24b594effabaf0fd35 - - 2d0863a0ba5346be999fbb03d6fa654f 2d0863a0ba5346be999fbb03d6fa654f] 199.204.45.153 "GET /v2.0/networks?id=c3506c0f-ddd5-4c2e-b5f3-68a3af1523a6 HTTP/1.1" status: 200 len: 974 time: 0.1620669
2026-07-15 06:05:16.973 10 INFO neutron.db.ovn_revision_numbers_db [None req-075daebd-3661-410b-84e4-7c0e99986985 - - - - - -] Successfully bumped revision number for resource 94d2125d-22e6-4c4b-85e2-bcb847421c1b (type: ports) to 2
2026-07-15 06:05:17.039 9 INFO neutron.db.ovn_revision_numbers_db [None req-9e97385f-a753-465e-85c8-ebe429d1c891 - - - - - -] Successfully bumped revision number for resource 807cc6ae-4774-4844-9f95-e662faac1fe0 (type: ports) to 4
2026-07-15 06:05:17.054 9 INFO neutron.wsgi [req-8599289f-f7ea-439b-b852-ae5b231d86e8 req-79d81a5c-5233-4095-995c-37a8719d8fd5 5ddb7c26a91f4aee83815da130d7fc8c 642a17d38a284a24b594effabaf0fd35 - - 2d0863a0ba5346be999fbb03d6fa654f 2d0863a0ba5346be999fbb03d6fa654f] 199.204.45.153 "GET /v2.0/floatingips?fixed_ip_address=10.100.0.5&port_id=9fdf1a1b-c5d1-4e7c-ab84-1ff05588467a HTTP/1.1" status: 200 len: 1059 time: 0.0774758
2026-07-15 06:05:17.158 10 INFO neutron.db.ovn_revision_numbers_db [None req-075daebd-3661-410b-84e4-7c0e99986985 - - - - - -] Successfully bumped revision number for resource 94d2125d-22e6-4c4b-85e2-bcb847421c1b (type: router_ports) to 2
2026-07-15 06:05:17.324 10 INFO neutron.wsgi [None req-892f0d3b-72b4-4703-aec1-02d0ecedef98 b12c0261aabc4148a8d14edbab9a42f1 4faf39b8e0cd4b7f8a7fa5fe4a037441 - - default default] 10.0.0.193 "PUT /v2.0/routers/bb4df44c-1294-4e11-809a-f09fc04903ca/add_router_interface HTTP/1.1" status: 200 len: 503 time: 2.7438705
2026-07-15 06:05:17.326 9 INFO neutron.wsgi [req-8599289f-f7ea-439b-b852-ae5b231d86e8 req-85a3f58e-04f2-4b3b-9216-73922242f941 5ddb7c26a91f4aee83815da130d7fc8c 642a17d38a284a24b594effabaf0fd35 - - 2d0863a0ba5346be999fbb03d6fa654f 2d0863a0ba5346be999fbb03d6fa654f] 199.204.45.153 "GET /v2.0/subnets?id=9e99e8d5-6d7e-4f3d-9c06-4f6c3e3a4a1a HTTP/1.1" status: 200 len: 869 time: 0.2577646
2026-07-15 06:05:17.331 9 INFO neutron.plugins.ml2.drivers.ovn.mech_driver.mech_driver [None req-2052610e-e2e3-4021-9f7b-abd298d398dc - - - - - -] OVN reports status down for port: 9fdf1a1b-c5d1-4e7c-ab84-1ff05588467a
2026-07-15 06:05:17.398 9 INFO neutron.wsgi [req-4dbea0ba-5fad-42e9-8171-d11e33f3c2fe req-ae2c2ac3-3f3e-41c0-b78e-ab6e82d44648 ec4f35af11d047e0b87b460cecd70575 ec4107e8891b440582c31f6c430d0ecb - - default default] 10.0.0.185 "GET /v2.0/ports?device_id=320f1125-0cba-4da2-927c-9531e297d896 HTTP/1.1" status: 200 len: 1170 time: 0.0994976
2026-07-15 06:05:17.404 9 INFO neutron.wsgi [req-8599289f-f7ea-439b-b852-ae5b231d86e8 req-083886c5-3ac5-487f-ba5a-84e8a76f2bef 5ddb7c26a91f4aee83815da130d7fc8c 642a17d38a284a24b594effabaf0fd35 - - 2d0863a0ba5346be999fbb03d6fa654f 2d0863a0ba5346be999fbb03d6fa654f] 199.204.45.153 "GET /v2.0/ports?network_id=c3506c0f-ddd5-4c2e-b5f3-68a3af1523a6&device_owner=network%3Adhcp HTTP/1.1" status: 200 len: 210 time: 0.0634797
2026-07-15 06:05:17.571 9 INFO neutron.wsgi [req-4dbea0ba-5fad-42e9-8171-d11e33f3c2fe req-8920e9b2-5d0e-4ab7-9c02-b08e956214dd ec4f35af11d047e0b87b460cecd70575 ec4107e8891b440582c31f6c430d0ecb - - default default] 10.0.0.185 "GET /v2.0/security-groups?id=5f0518bd-9b09-4e85-86ef-74d37092ed6d&fields=id&fields=name HTTP/1.1" status: 200 len: 313 time: 0.1597059
2026-07-15 06:05:17.587 9 INFO neutron.wsgi [req-8599289f-f7ea-439b-b852-ae5b231d86e8 req-c9949b06-a289-47d0-88ef-3e49c07a5779 5ddb7c26a91f4aee83815da130d7fc8c 642a17d38a284a24b594effabaf0fd35 - - 2d0863a0ba5346be999fbb03d6fa654f 2d0863a0ba5346be999fbb03d6fa654f] 199.204.45.153 "GET /v2.0/networks/c3506c0f-ddd5-4c2e-b5f3-68a3af1523a6?fields=segments HTTP/1.1" status: 200 len: 212 time: 0.1775281
2026-07-15 06:05:17.671 9 INFO neutron.wsgi [req-525acf78-a034-4b74-9966-aeacebe856f1 req-67fe327d-ea61-4c15-99db-091b816f420d fb956fae44734cb7af9f880a293fc698 53e448edf30e4e32b754ded8bbc34655 - - default default] 10.0.0.185 "GET /v2.0/ports?device_id=5a3a4d01-1a58-4485-bf80-6dfcf2e670c9 HTTP/1.1" status: 200 len: 1170 time: 0.1405361
2026-07-15 06:05:17.741 10 INFO neutron.wsgi [req-3faa23e7-b856-4612-8878-1e7bf7c0edd4 req-50f02194-0042-4dd3-acaa-e338a02bcee3 ec4f35af11d047e0b87b460cecd70575 ec4107e8891b440582c31f6c430d0ecb - - default default] 199.204.45.153 "GET /v2.0/ports?device_id=320f1125-0cba-4da2-927c-9531e297d896 HTTP/1.1" status: 200 len: 1170 time: 0.1132040
2026-07-15 06:05:17.767 9 INFO neutron.wsgi [req-8599289f-f7ea-439b-b852-ae5b231d86e8 req-b15e02ed-e4f8-4050-91c1-8c58b77f94a3 5ddb7c26a91f4aee83815da130d7fc8c 642a17d38a284a24b594effabaf0fd35 - - 2d0863a0ba5346be999fbb03d6fa654f 2d0863a0ba5346be999fbb03d6fa654f] 199.204.45.153 "GET /v2.0/networks/c3506c0f-ddd5-4c2e-b5f3-68a3af1523a6?fields=provider%3Aphysical_network&fields=provider%3Anetwork_type HTTP/1.1" status: 200 len: 277 time: 0.1677876
2026-07-15 06:05:17.806 9 INFO neutron.wsgi [req-525acf78-a034-4b74-9966-aeacebe856f1 req-72eda232-681b-49f6-9682-fe49b8792b41 fb956fae44734cb7af9f880a293fc698 53e448edf30e4e32b754ded8bbc34655 - - default default] 10.0.0.185 "GET /v2.0/security-groups?id=34ac456c-5495-4c89-b2ba-f77c8ce91fc5&fields=id&fields=name HTTP/1.1" status: 200 len: 311 time: 0.1187167
2026-07-15 06:05:17.826 9 WARNING neutron.scheduler.dhcp_agent_scheduler [None req-d7acdbde-72a1-4504-8ee4-e48ec5416264 b12c0261aabc4148a8d14edbab9a42f1 4faf39b8e0cd4b7f8a7fa5fe4a037441 - - default default] No more DHCP agents
2026-07-15 06:05:17.837 9 WARNING neutron.api.rpc.agentnotifiers.dhcp_rpc_agent_api [None req-d7acdbde-72a1-4504-8ee4-e48ec5416264 b12c0261aabc4148a8d14edbab9a42f1 4faf39b8e0cd4b7f8a7fa5fe4a037441 - - default default] Unable to schedule network bb37d091-3fbb-434e-9180-8c3496af7ade: no agents available; will retry on subsequent port and subnet creation events.
2026-07-15 06:05:17.871 9 INFO neutron.wsgi [req-a0848429-88d5-4f46-a58e-ae5a1b5ba1eb req-5328f640-cbf8-4e01-a924-3007c80221bc 5ddb7c26a91f4aee83815da130d7fc8c 642a17d38a284a24b594effabaf0fd35 - - 2d0863a0ba5346be999fbb03d6fa654f 2d0863a0ba5346be999fbb03d6fa654f] 199.204.45.153 "GET /v2.0/ports?tenant_id=ec4107e8891b440582c31f6c430d0ecb&device_id=320f1125-0cba-4da2-927c-9531e297d896 HTTP/1.1" status: 200 len: 1407 time: 0.0557249
2026-07-15 06:05:17.905 9 INFO neutron.db.ovn_revision_numbers_db [None req-9e97385f-a753-465e-85c8-ebe429d1c891 - - - - - -] Successfully bumped revision number for resource 807cc6ae-4774-4844-9f95-e662faac1fe0 (type: router_ports) to 4
2026-07-15 06:05:17.984 9 INFO neutron.wsgi [req-7b372410-56ca-4d87-be3e-95fb34134468 req-8926d317-46eb-41ac-b4c3-974ad1ed4088 fb956fae44734cb7af9f880a293fc698 53e448edf30e4e32b754ded8bbc34655 - - default default] 10.0.0.185 "GET /v2.0/ports?device_id=5a3a4d01-1a58-4485-bf80-6dfcf2e670c9 HTTP/1.1" status: 200 len: 1170 time: 0.0767257
2026-07-15 06:05:18.038 9 INFO neutron.wsgi [req-a0848429-88d5-4f46-a58e-ae5a1b5ba1eb req-a5a883aa-b0d1-49db-8309-04acef5ea6c3 5ddb7c26a91f4aee83815da130d7fc8c 642a17d38a284a24b594effabaf0fd35 - - 2d0863a0ba5346be999fbb03d6fa654f 2d0863a0ba5346be999fbb03d6fa654f] 199.204.45.153 "GET /v2.0/networks?id=c3506c0f-ddd5-4c2e-b5f3-68a3af1523a6 HTTP/1.1" status: 200 len: 974 time: 0.1580915
2026-07-15 06:05:18.298 9 INFO neutron.wsgi [req-a0848429-88d5-4f46-a58e-ae5a1b5ba1eb req-d5d07dac-7ea8-4764-a34b-b3c63ccff1d7 5ddb7c26a91f4aee83815da130d7fc8c 642a17d38a284a24b594effabaf0fd35 - - 2d0863a0ba5346be999fbb03d6fa654f 2d0863a0ba5346be999fbb03d6fa654f] 199.204.45.153 "GET /v2.0/floatingips?fixed_ip_address=10.100.0.5&port_id=9fdf1a1b-c5d1-4e7c-ab84-1ff05588467a HTTP/1.1" status: 200 len: 1057 time: 0.2524705
2026-07-15 06:05:18.368 10 INFO neutron.db.ovn_revision_numbers_db [None req-4a336020-55da-4d6e-813e-9ab27672b77f 90522198f8bd48c584d501b4e79b448a e1dd8729cefd4cb9a227f3d01d16837f - - default default] Successfully bumped revision number for resource ea811dab-e36d-4769-8900-1cb34cc2ba65 (type: security_groups) to 1
2026-07-15 06:05:18.387 10 INFO neutron.db.l3_db [req-3faa23e7-b856-4612-8878-1e7bf7c0edd4 req-373ae8e3-a335-4a58-b41f-b71f7d324b98 ec4f35af11d047e0b87b460cecd70575 ec4107e8891b440582c31f6c430d0ecb - - default default] Floating IP 9d81cde8-dd17-4291-acea-20b2dea9561a disassociated. External IP: 10.96.250.219, port: 9fdf1a1b-c5d1-4e7c-ab84-1ff05588467a.
2026-07-15 06:05:18.394 10 INFO neutron.db.ovn_revision_numbers_db [None req-4a336020-55da-4d6e-813e-9ab27672b77f 90522198f8bd48c584d501b4e79b448a e1dd8729cefd4cb9a227f3d01d16837f - - default default] Successfully bumped revision number for resource 28623530-61bd-4df1-9b6c-5949c4f4a64a (type: security_group_rules) to 0
2026-07-15 06:05:18.416 9 INFO neutron.db.ovn_revision_numbers_db [None req-2052610e-e2e3-4021-9f7b-abd298d398dc - - - - - -] Successfully bumped revision number for resource 9fdf1a1b-c5d1-4e7c-ab84-1ff05588467a (type: ports) to 5
2026-07-15 06:05:18.426 10 INFO neutron.db.ovn_revision_numbers_db [None req-4a336020-55da-4d6e-813e-9ab27672b77f 90522198f8bd48c584d501b4e79b448a e1dd8729cefd4cb9a227f3d01d16837f - - default default] Successfully bumped revision number for resource ae05ec51-7d04-4698-a445-fcf5250fbd70 (type: security_group_rules) to 0
2026-07-15 06:05:18.431 9 INFO neutron.wsgi [req-a0848429-88d5-4f46-a58e-ae5a1b5ba1eb req-e3630030-d24a-4292-b0e9-87f7ee67f8a2 5ddb7c26a91f4aee83815da130d7fc8c 642a17d38a284a24b594effabaf0fd35 - - 2d0863a0ba5346be999fbb03d6fa654f 2d0863a0ba5346be999fbb03d6fa654f] 199.204.45.153 "GET /v2.0/subnets?id=9e99e8d5-6d7e-4f3d-9c06-4f6c3e3a4a1a HTTP/1.1" status: 200 len: 869 time: 0.1246636
2026-07-15 06:05:18.473 10 INFO neutron.wsgi [None req-4a336020-55da-4d6e-813e-9ab27672b77f 90522198f8bd48c584d501b4e79b448a e1dd8729cefd4cb9a227f3d01d16837f - - default default] 10.0.0.193 "POST /v2.0/security-groups HTTP/1.1" status: 201 len: 1797 time: 0.5228629
2026-07-15 06:05:18.479 9 INFO neutron.notifiers.nova [-] Nova event matching ['req-fbd4f668-6367-4b69-998e-b4a0f00bf495'] response: {'server_uuid': '320f1125-0cba-4da2-927c-9531e297d896', 'name': 'network-vif-unplugged', 'status': 'completed', 'tag': '9fdf1a1b-c5d1-4e7c-ab84-1ff05588467a', 'code': 200}
2026-07-15 06:05:18.511 9 INFO neutron.wsgi [req-a0848429-88d5-4f46-a58e-ae5a1b5ba1eb req-477b2cac-bc31-4906-9f05-bc29ac009a77 5ddb7c26a91f4aee83815da130d7fc8c 642a17d38a284a24b594effabaf0fd35 - - 2d0863a0ba5346be999fbb03d6fa654f 2d0863a0ba5346be999fbb03d6fa654f] 199.204.45.153 "GET /v2.0/ports?network_id=c3506c0f-ddd5-4c2e-b5f3-68a3af1523a6&device_owner=network%3Adhcp HTTP/1.1" status: 200 len: 210 time: 0.0689611
2026-07-15 06:05:18.527 9 INFO neutron.db.ovn_revision_numbers_db [None req-d7acdbde-72a1-4504-8ee4-e48ec5416264 b12c0261aabc4148a8d14edbab9a42f1 4faf39b8e0cd4b7f8a7fa5fe4a037441 - - default default] Successfully bumped revision number for resource e556e273-e675-44eb-8334-42ae0a81667d (type: ports) to 1
2026-07-15 06:05:18.625 10 INFO neutron.wsgi [req-3faa23e7-b856-4612-8878-1e7bf7c0edd4 req-373ae8e3-a335-4a58-b41f-b71f7d324b98 ec4f35af11d047e0b87b460cecd70575 ec4107e8891b440582c31f6c430d0ecb - - default default] 199.204.45.153 "DELETE /v2.0/ports/9fdf1a1b-c5d1-4e7c-ab84-1ff05588467a HTTP/1.1" status: 204 len: 173 time: 0.8780982 /var/lib/openstack/lib/python3.10/site-packages/pycadf/identifier.py:71: UserWarning: Invalid uuid: neutron. To ensure interoperability, identifiers should be a valid uuid. warnings.warn(('Invalid uuid: %s. To ensure interoperability, '
2026-07-15 06:05:18.677 10 INFO neutron.db.ovn_revision_numbers_db [None req-b8ddffd3-f205-44ba-a6cc-9eb5c2969444 90522198f8bd48c584d501b4e79b448a e1dd8729cefd4cb9a227f3d01d16837f - - default default] Successfully bumped revision number for resource 283fc16d-37d2-48cd-8124-de48b075e3da (type: security_group_rules) to 0
2026-07-15 06:05:18.703 10 INFO neutron.wsgi [None req-b8ddffd3-f205-44ba-a6cc-9eb5c2969444 90522198f8bd48c584d501b4e79b448a e1dd8729cefd4cb9a227f3d01d16837f - - default default] 10.0.0.193 "POST /v2.0/security-group-rules HTTP/1.1" status: 201 len: 764 time: 0.2197516
2026-07-15 06:05:18.707 9 INFO neutron.wsgi [req-ad022152-dc69-4228-bc60-995e2113fd11 req-32c55f48-13c7-4bf6-b626-dfa6c1c6b536 ec4f35af11d047e0b87b460cecd70575 ec4107e8891b440582c31f6c430d0ecb - - default default] 10.0.0.185 "GET /v2.0/ports?device_id=320f1125-0cba-4da2-927c-9531e297d896 HTTP/1.1" status: 200 len: 210 time: 0.0438247
2026-07-15 06:05:18.709 9 INFO neutron.db.l3_db [None req-e96f0d44-2ea9-409a-b3ac-567a7c621670 fb956fae44734cb7af9f880a293fc698 53e448edf30e4e32b754ded8bbc34655 - - default default] Floating IP b1ea6b17-f12d-4682-85be-ebe5b9bf1b01 associated. External IP: 10.96.250.214, port: 300dc841-5f8a-4e25-a77e-2f812b1c862c.
2026-07-15 06:05:18.713 9 INFO neutron.wsgi [req-a0848429-88d5-4f46-a58e-ae5a1b5ba1eb req-3cae8008-2458-4db9-8e87-23010452dc37 5ddb7c26a91f4aee83815da130d7fc8c 642a17d38a284a24b594effabaf0fd35 - - 2d0863a0ba5346be999fbb03d6fa654f 2d0863a0ba5346be999fbb03d6fa654f] 199.204.45.153 "GET /v2.0/networks/c3506c0f-ddd5-4c2e-b5f3-68a3af1523a6?fields=segments HTTP/1.1" status: 200 len: 212 time: 0.1944134
2026-07-15 06:05:18.769 10 INFO neutron.notifiers.nova [-] Nova event matching ['req-f0cd2320-ab0a-457b-893d-023421004d3f'] response: {'server_uuid': '320f1125-0cba-4da2-927c-9531e297d896', 'name': 'network-vif-deleted', 'tag': '9fdf1a1b-c5d1-4e7c-ab84-1ff05588467a', 'status': 'completed', 'code': 200}
2026-07-15 06:05:18.868 9 INFO neutron.wsgi [req-a0848429-88d5-4f46-a58e-ae5a1b5ba1eb req-e40eb8b8-23ac-4896-9c0b-3157314adca3 5ddb7c26a91f4aee83815da130d7fc8c 642a17d38a284a24b594effabaf0fd35 - - 2d0863a0ba5346be999fbb03d6fa654f 2d0863a0ba5346be999fbb03d6fa654f] 199.204.45.153 "GET /v2.0/networks/c3506c0f-ddd5-4c2e-b5f3-68a3af1523a6?fields=provider%3Aphysical_network&fields=provider%3Anetwork_type HTTP/1.1" status: 200 len: 277 time: 0.1441977
2026-07-15 06:05:18.887 10 INFO neutron.db.ovn_revision_numbers_db [None req-490cb192-7a8c-4bc0-a89d-02ecc1dc5706 90522198f8bd48c584d501b4e79b448a e1dd8729cefd4cb9a227f3d01d16837f - - default default] Successfully bumped revision number for resource 986fb486-abed-401e-8a06-60212da55f23 (type: security_group_rules) to 0
2026-07-15 06:05:18.921 10 INFO neutron.wsgi [None req-490cb192-7a8c-4bc0-a89d-02ecc1dc5706 90522198f8bd48c584d501b4e79b448a e1dd8729cefd4cb9a227f3d01d16837f - - default default] 10.0.0.193 "POST /v2.0/security-group-rules HTTP/1.1" status: 201 len: 769 time: 0.2138269
2026-07-15 06:05:19.196 10 WARNING neutron.scheduler.dhcp_agent_scheduler [None req-2f6ca6c8-38eb-41b5-9bd4-718d3b5132ef 90522198f8bd48c584d501b4e79b448a e1dd8729cefd4cb9a227f3d01d16837f - - default default] No more DHCP agents
2026-07-15 06:05:19.199 10 WARNING neutron.api.rpc.agentnotifiers.dhcp_rpc_agent_api [None req-2f6ca6c8-38eb-41b5-9bd4-718d3b5132ef 90522198f8bd48c584d501b4e79b448a e1dd8729cefd4cb9a227f3d01d16837f - - default default] Unable to schedule network bb37d091-3fbb-434e-9180-8c3496af7ade: no agents available; will retry on subsequent port and subnet creation events.
2026-07-15 06:05:19.244 9 INFO neutron.db.ovn_revision_numbers_db [None req-e96f0d44-2ea9-409a-b3ac-567a7c621670 fb956fae44734cb7af9f880a293fc698 53e448edf30e4e32b754ded8bbc34655 - - default default] Successfully bumped revision number for resource b1ea6b17-f12d-4682-85be-ebe5b9bf1b01 (type: floatingips) to 1
2026-07-15 06:05:19.445 9 INFO neutron.db.ovn_revision_numbers_db [None req-e96f0d44-2ea9-409a-b3ac-567a7c621670 fb956fae44734cb7af9f880a293fc698 53e448edf30e4e32b754ded8bbc34655 - - default default] Successfully bumped revision number for resource b1ea6b17-f12d-4682-85be-ebe5b9bf1b01 (type: floatingips) to 2
2026-07-15 06:05:19.477 9 INFO neutron.wsgi [None req-e96f0d44-2ea9-409a-b3ac-567a7c621670 fb956fae44734cb7af9f880a293fc698 53e448edf30e4e32b754ded8bbc34655 - - default default] 10.0.0.193 "PUT /v2.0/floatingips/b1ea6b17-f12d-4682-85be-ebe5b9bf1b01 HTTP/1.1" status: 200 len: 1049 time: 1.4742217
2026-07-15 06:05:19.594 10 INFO neutron.db.ovn_revision_numbers_db [None req-2f6ca6c8-38eb-41b5-9bd4-718d3b5132ef 90522198f8bd48c584d501b4e79b448a e1dd8729cefd4cb9a227f3d01d16837f - - default default] Successfully bumped revision number for resource 9b84b914-e81c-462d-9dd0-90d7dac4c71a (type: floatingips) to 0
2026-07-15 06:05:19.608 10 INFO neutron.wsgi [None req-2f6ca6c8-38eb-41b5-9bd4-718d3b5132ef 90522198f8bd48c584d501b4e79b448a e1dd8729cefd4cb9a227f3d01d16837f - - default default] 10.0.0.193 "POST /v2.0/floatingips HTTP/1.1" status: 201 len: 751 time: 0.6803622
2026-07-15 06:05:19.674 10 INFO neutron.plugins.ml2.drivers.ovn.mech_driver.ovsdb.ovsdb_monitor [None req-bd080fbb-af7d-4256-98ed-a2aa9d0725dc - - - - - -] Router 6899e90f-ad84-4915-beff-8160078ee56e is bound to host instance
2026-07-15 06:05:19.682 9 INFO neutron.db.ovn_revision_numbers_db [None req-d7acdbde-72a1-4504-8ee4-e48ec5416264 b12c0261aabc4148a8d14edbab9a42f1 4faf39b8e0cd4b7f8a7fa5fe4a037441 - - default default] Successfully bumped revision number for resource e556e273-e675-44eb-8334-42ae0a81667d (type: router_ports) to 1
2026-07-15 06:05:19.741 9 INFO neutron.db.ovn_revision_numbers_db [None req-d7acdbde-72a1-4504-8ee4-e48ec5416264 b12c0261aabc4148a8d14edbab9a42f1 4faf39b8e0cd4b7f8a7fa5fe4a037441 - - default default] Successfully bumped revision number for resource 6899e90f-ad84-4915-beff-8160078ee56e (type: routers) to 2
2026-07-15 06:05:19.755 9 INFO neutron.wsgi [None req-d7acdbde-72a1-4504-8ee4-e48ec5416264 b12c0261aabc4148a8d14edbab9a42f1 4faf39b8e0cd4b7f8a7fa5fe4a037441 - - default default] 10.0.0.193 "POST /v2.0/routers HTTP/1.1" status: 201 len: 885 time: 3.2324688 /var/lib/openstack/lib/python3.10/site-packages/pycadf/identifier.py:71: UserWarning: Invalid uuid: neutron. To ensure interoperability, identifiers should be a valid uuid. warnings.warn(('Invalid uuid: %s. To ensure interoperability, '
2026-07-15 06:05:19.930 9 INFO neutron.wsgi [None req-4b993c3f-c515-4ea5-bf0a-969f0317b9db ec4f35af11d047e0b87b460cecd70575 ec4107e8891b440582c31f6c430d0ecb - - default default] 10.0.0.193 "DELETE /v2.0/security-groups/5f0518bd-9b09-4e85-86ef-74d37092ed6d HTTP/1.1" status: 204 len: 168 time: 0.1458282
2026-07-15 06:05:19.947 9 INFO neutron.api.v2.resource [None req-ee84830e-f0b0-411f-9e52-33e3c56387d6 ec4f35af11d047e0b87b460cecd70575 ec4107e8891b440582c31f6c430d0ecb - - default default] show failed (client error): The resource could not be found.
2026-07-15 06:05:19.948 9 INFO neutron.wsgi [None req-ee84830e-f0b0-411f-9e52-33e3c56387d6 ec4f35af11d047e0b87b460cecd70575 ec4107e8891b440582c31f6c430d0ecb - - default default] 10.0.0.193 "GET /v2.0/security-groups/5f0518bd-9b09-4e85-86ef-74d37092ed6d HTTP/1.1" status: 404 len: 347 time: 0.0115318
2026-07-15 06:05:20.053 9 INFO neutron.wsgi [req-673ad113-318e-46a6-b4aa-431b6b6913c1 req-79182c52-ea73-433f-b6cf-64ffa6d28843 90522198f8bd48c584d501b4e79b448a e1dd8729cefd4cb9a227f3d01d16837f - - default default] 10.0.0.185 "GET /v2.0/security-groups?name=tempest-securitygroup--1976688030&fields=id&tenant_id=e1dd8729cefd4cb9a227f3d01d16837f HTTP/1.1" status: 200 len: 267 time: 0.0554967
2026-07-15 06:05:20.148 10 INFO neutron.db.ovn_revision_numbers_db [None req-bd080fbb-af7d-4256-98ed-a2aa9d0725dc - - - - - -] Successfully bumped revision number for resource e556e273-e675-44eb-8334-42ae0a81667d (type: ports) to 1
2026-07-15 06:05:20.164 9 INFO neutron.wsgi [req-673ad113-318e-46a6-b4aa-431b6b6913c1 req-f249fa95-f3a2-41a8-8a51-518f4f1342fc 90522198f8bd48c584d501b4e79b448a e1dd8729cefd4cb9a227f3d01d16837f - - default default] 10.0.0.185 "GET /v2.0/networks?id=9eacf98c-9a56-4fbb-aa2d-259e7b23505c HTTP/1.1" status: 200 len: 868 time: 0.0973904
2026-07-15 06:05:20.209 9 INFO neutron.wsgi [req-673ad113-318e-46a6-b4aa-431b6b6913c1 req-ee1b40a6-8c27-494b-97cb-780f3518e04b 90522198f8bd48c584d501b4e79b448a e1dd8729cefd4cb9a227f3d01d16837f - - default default] 10.0.0.185 "GET /v2.0/quotas/e1dd8729cefd4cb9a227f3d01d16837f HTTP/1.1" status: 200 len: 386 time: 0.0361092
2026-07-15 06:05:20.358 9 INFO neutron.wsgi [req-673ad113-318e-46a6-b4aa-431b6b6913c1 req-7bc8e657-2e70-49c1-a370-1b4d69f34496 90522198f8bd48c584d501b4e79b448a e1dd8729cefd4cb9a227f3d01d16837f - - default default] 10.0.0.185 "GET /v2.0/ports?tenant_id=e1dd8729cefd4cb9a227f3d01d16837f&fields=id HTTP/1.1" status: 200 len: 302 time: 0.1418555
2026-07-15 06:05:20.365 9 WARNING neutron.scheduler.dhcp_agent_scheduler [None req-a7172a87-533a-4534-a2f0-8417a488c5bc b12c0261aabc4148a8d14edbab9a42f1 4faf39b8e0cd4b7f8a7fa5fe4a037441 - - default default] No more DHCP agents
2026-07-15 06:05:20.368 9 WARNING neutron.api.rpc.agentnotifiers.dhcp_rpc_agent_api [None req-a7172a87-533a-4534-a2f0-8417a488c5bc b12c0261aabc4148a8d14edbab9a42f1 4faf39b8e0cd4b7f8a7fa5fe4a037441 - - default default] Unable to schedule network f700deb6-477b-4da4-8ad7-62f116a61843: no agents available; will retry on subsequent port and subnet creation events.
2026-07-15 06:05:20.396 10 INFO neutron.db.ovn_revision_numbers_db [None req-bd080fbb-af7d-4256-98ed-a2aa9d0725dc - - - - - -] Successfully bumped revision number for resource e556e273-e675-44eb-8334-42ae0a81667d (type: router_ports) to 3
2026-07-15 06:05:20.547 10 INFO neutron.db.ovn_revision_numbers_db [None req-bd080fbb-af7d-4256-98ed-a2aa9d0725dc - - - - - -] Successfully bumped revision number for resource e556e273-e675-44eb-8334-42ae0a81667d (type: ports) to 2
2026-07-15 06:05:20.645 9 INFO neutron.notifiers.nova [-] Nova event matching ['req-c5787c96-d0ce-45a4-81f1-684cd47aae7b'] response: {'server_uuid': '320f1125-0cba-4da2-927c-9531e297d896', 'name': 'network-vif-plugged', 'status': 'completed', 'tag': '9fdf1a1b-c5d1-4e7c-ab84-1ff05588467a', 'code': 200}
2026-07-15 06:05:20.645 9 INFO neutron.notifiers.nova [-] Nova event matching ['req-c5787c96-d0ce-45a4-81f1-684cd47aae7b'] response: {'name': 'network-changed', 'server_uuid': '5a3a4d01-1a58-4485-bf80-6dfcf2e670c9', 'tag': '300dc841-5f8a-4e25-a77e-2f812b1c862c', 'status': 'completed', 'code': 200}
2026-07-15 06:05:20.648 9 INFO neutron.wsgi [req-673ad113-318e-46a6-b4aa-431b6b6913c1 req-2645a873-3113-47fc-856e-7c8188b152d3 5ddb7c26a91f4aee83815da130d7fc8c 642a17d38a284a24b594effabaf0fd35 - - 2d0863a0ba5346be999fbb03d6fa654f 2d0863a0ba5346be999fbb03d6fa654f] 10.0.0.185 "GET /v2.0/networks/9eacf98c-9a56-4fbb-aa2d-259e7b23505c?fields=segments HTTP/1.1" status: 200 len: 212 time: 0.2720904
2026-07-15 06:05:20.726 9 INFO neutron.wsgi [req-3ea05dd6-c254-442d-9416-39d68b9fd7da req-b2d4743d-9e01-4263-8c1d-0df29d00dc84 5ddb7c26a91f4aee83815da130d7fc8c 642a17d38a284a24b594effabaf0fd35 - - 2d0863a0ba5346be999fbb03d6fa654f 2d0863a0ba5346be999fbb03d6fa654f] 199.204.45.153 "GET /v2.0/ports?tenant_id=53e448edf30e4e32b754ded8bbc34655&device_id=5a3a4d01-1a58-4485-bf80-6dfcf2e670c9 HTTP/1.1" status: 200 len: 1409 time: 0.0608721
2026-07-15 06:05:20.734 9 INFO neutron.wsgi [None req-6d938ea1-ff8f-45ba-a0ee-f2cfe28ca1e0 ec4f35af11d047e0b87b460cecd70575 ec4107e8891b440582c31f6c430d0ecb - - default default] 10.0.0.193 "DELETE /v2.0/floatingips/9d81cde8-dd17-4291-acea-20b2dea9561a HTTP/1.1" status: 204 len: 168 time: 0.7780282
