2026-07-15 06:05:41.750 10 INFO neutron.wsgi [None req-b223b313-a7be-489c-8b41-214b5e417f78 b12c0261aabc4148a8d14edbab9a42f1 4faf39b8e0cd4b7f8a7fa5fe4a037441 - - default default] 10.0.0.89 "GET /v2.0/security-groups HTTP/1.1" status: 200 len: 33399 time: 0.0665774
2026-07-15 06:05:41.804 10 INFO neutron.wsgi [None req-97af68f1-9f41-4079-a93e-e6e6adde21b8 b12c0261aabc4148a8d14edbab9a42f1 4faf39b8e0cd4b7f8a7fa5fe4a037441 - - default default] 10.0.0.89 "GET /v2.0/ports HTTP/1.1" status: 200 len: 19411 time: 0.0417106
2026-07-15 06:05:41.805 9 INFO neutron.wsgi [None req-84591025-40f5-40a2-92c2-c59fa42d7b31 b12c0261aabc4148a8d14edbab9a42f1 4faf39b8e0cd4b7f8a7fa5fe4a037441 - - default default] 10.0.0.193 "DELETE /v2.0/security-groups/979ff248-cc68-405a-a4ab-96d55f9114e1 HTTP/1.1" status: 204 len: 168 time: 0.2125957
2026-07-15 06:05:41.929 10 INFO neutron.wsgi [None req-11c75030-36b5-4efb-ae03-03e4675455c6 b12c0261aabc4148a8d14edbab9a42f1 4faf39b8e0cd4b7f8a7fa5fe4a037441 - - default default] 10.0.0.89 "GET /v2.0/routers HTTP/1.1" status: 200 len: 2220 time: 0.1133118
2026-07-15 06:05:41.938 10 INFO neutron.wsgi [None req-da3ec049-ccc5-4179-99d0-993c553fcf0a b12c0261aabc4148a8d14edbab9a42f1 4faf39b8e0cd4b7f8a7fa5fe4a037441 - - default default] 10.0.0.89 "GET /v2.0/agents?binary=ovn-controller HTTP/1.1" status: 200 len: 591 time: 0.0081518
2026-07-15 06:05:41.970 9 INFO neutron.wsgi [req-01227880-8ca0-441d-8522-8ee4c6187024 req-7f926d7f-c08c-467e-965e-bff3efc53b36 70e7b476befc452299af6657452a68ce 59d65b2cc0fa42da8b400f39cb65b2fc - - default default] 10.0.0.185 "GET /v2.0/networks?id=78703f10-058a-427b-bddf-bd39ee55cb1b HTTP/1.1" status: 200 len: 877 time: 0.0836973
2026-07-15 06:05:41.989 9 INFO neutron.wsgi [req-01227880-8ca0-441d-8522-8ee4c6187024 req-e9bc977d-dbc4-4efd-bdaa-2fcceeffbf53 70e7b476befc452299af6657452a68ce 59d65b2cc0fa42da8b400f39cb65b2fc - - default default] 10.0.0.185 "GET /v2.0/quotas/59d65b2cc0fa42da8b400f39cb65b2fc HTTP/1.1" status: 200 len: 386 time: 0.0115767
2026-07-15 06:05:41.996 10 INFO neutron.wsgi [None req-04726e9d-5ebf-468f-9959-c48e937c430c b12c0261aabc4148a8d14edbab9a42f1 4faf39b8e0cd4b7f8a7fa5fe4a037441 - - default default] 10.0.0.89 "GET /v2.0/floatingips HTTP/1.1" status: 200 len: 1879 time: 0.0570183
2026-07-15 06:05:42.029 10 INFO neutron.wsgi [None req-93e44474-22df-40b5-84c8-bd1f0efe5e94 b12c0261aabc4148a8d14edbab9a42f1 4faf39b8e0cd4b7f8a7fa5fe4a037441 - - default default] 10.0.0.89 "GET /v2.0/subnets HTTP/1.1" status: 200 len: 3417 time: 0.0312943
2026-07-15 06:05:42.041 10 INFO neutron.wsgi [None req-2905a384-5849-47fe-849f-b32ba714fd8e b12c0261aabc4148a8d14edbab9a42f1 4faf39b8e0cd4b7f8a7fa5fe4a037441 - - default default] 10.0.0.89 "GET /v2.0/subnetpools HTTP/1.1" status: 200 len: 193 time: 0.0081446
2026-07-15 06:05:42.068 10 INFO neutron.wsgi [None req-01750d75-34c8-47e8-9138-f45dd6f1c25a b12c0261aabc4148a8d14edbab9a42f1 4faf39b8e0cd4b7f8a7fa5fe4a037441 - - default default] 10.0.0.89 "GET /v2.0/subnets HTTP/1.1" status: 200 len: 3417 time: 0.0271232
2026-07-15 06:05:42.094 9 INFO neutron.wsgi [req-01227880-8ca0-441d-8522-8ee4c6187024 req-a461caa1-f27f-4714-9ef9-2c8731ad5407 70e7b476befc452299af6657452a68ce 59d65b2cc0fa42da8b400f39cb65b2fc - - default default] 10.0.0.185 "GET /v2.0/ports?tenant_id=59d65b2cc0fa42da8b400f39cb65b2fc&fields=id HTTP/1.1" status: 200 len: 302 time: 0.0978997
2026-07-15 06:05:42.164 9 INFO neutron.wsgi [req-01227880-8ca0-441d-8522-8ee4c6187024 req-714bf831-6dcb-4f4e-9f53-b1a67764ea5d 5ddb7c26a91f4aee83815da130d7fc8c 642a17d38a284a24b594effabaf0fd35 - - 2d0863a0ba5346be999fbb03d6fa654f 2d0863a0ba5346be999fbb03d6fa654f] 10.0.0.185 "GET /v2.0/networks/78703f10-058a-427b-bddf-bd39ee55cb1b?fields=segments HTTP/1.1" status: 200 len: 212 time: 0.0610442
2026-07-15 06:05:42.226 9 INFO neutron.wsgi [req-01227880-8ca0-441d-8522-8ee4c6187024 req-aa6a1aef-4567-44a2-9ae7-1cb363b48107 5ddb7c26a91f4aee83815da130d7fc8c 642a17d38a284a24b594effabaf0fd35 - - 2d0863a0ba5346be999fbb03d6fa654f 2d0863a0ba5346be999fbb03d6fa654f] 10.0.0.185 "GET /v2.0/networks/78703f10-058a-427b-bddf-bd39ee55cb1b?fields=provider%3Aphysical_network&fields=provider%3Anetwork_type HTTP/1.1" status: 200 len: 277 time: 0.0538142
2026-07-15 06:05:42.384 9 INFO neutron.wsgi [req-921ca74f-0f99-486c-84f5-42f5f244ebdb req-9d97d106-1e6d-4e60-a013-5569b1424e30 70e7b476befc452299af6657452a68ce 59d65b2cc0fa42da8b400f39cb65b2fc - - default default] 10.0.0.185 "GET /v2.0/ports?device_id=f8ce562f-3279-46ee-8112-56b161fd3ac7 HTTP/1.1" status: 200 len: 210 time: 0.0277264
2026-07-15 06:05:43.145 10 INFO neutron.wsgi [req-01227880-8ca0-441d-8522-8ee4c6187024 req-c1a7674e-0988-49ab-8bd5-ae0a8d800bef 70e7b476befc452299af6657452a68ce 59d65b2cc0fa42da8b400f39cb65b2fc - - default default] 199.204.45.153 "GET /v2.0/networks?id=78703f10-058a-427b-bddf-bd39ee55cb1b HTTP/1.1" status: 200 len: 877 time: 0.0796182
2026-07-15 06:05:43.468 9 INFO neutron.wsgi [req-b1f37ac0-7bd7-43db-9def-eef6d162d1ba req-6c98271a-e380-49be-9cde-f0a3867f864c 70e7b476befc452299af6657452a68ce 59d65b2cc0fa42da8b400f39cb65b2fc - - default default] 10.0.0.185 "GET /v2.0/ports?device_id=f8ce562f-3279-46ee-8112-56b161fd3ac7 HTTP/1.1" status: 200 len: 210 time: 0.0208635
2026-07-15 06:05:43.500 10 WARNING neutron.scheduler.dhcp_agent_scheduler [req-01227880-8ca0-441d-8522-8ee4c6187024 req-f77b0cd3-bc90-4d2a-8fc1-fe32e5345256 70e7b476befc452299af6657452a68ce 59d65b2cc0fa42da8b400f39cb65b2fc - - default default] No more DHCP agents
2026-07-15 06:05:43.502 10 WARNING neutron.api.rpc.agentnotifiers.dhcp_rpc_agent_api [req-01227880-8ca0-441d-8522-8ee4c6187024 req-f77b0cd3-bc90-4d2a-8fc1-fe32e5345256 70e7b476befc452299af6657452a68ce 59d65b2cc0fa42da8b400f39cb65b2fc - - default default] Unable to schedule network 78703f10-058a-427b-bddf-bd39ee55cb1b: no agents available; will retry on subsequent port and subnet creation events.
2026-07-15 06:05:43.667 10 INFO neutron.db.ovn_revision_numbers_db [req-01227880-8ca0-441d-8522-8ee4c6187024 req-f77b0cd3-bc90-4d2a-8fc1-fe32e5345256 70e7b476befc452299af6657452a68ce 59d65b2cc0fa42da8b400f39cb65b2fc - - default default] Successfully bumped revision number for resource ade188de-8ac2-4e45-9d4c-25c6712d110c (type: ports) to 1
2026-07-15 06:05:43.689 10 INFO neutron.wsgi [req-01227880-8ca0-441d-8522-8ee4c6187024 req-f77b0cd3-bc90-4d2a-8fc1-fe32e5345256 70e7b476befc452299af6657452a68ce 59d65b2cc0fa42da8b400f39cb65b2fc - - default default] 199.204.45.153 "POST /v2.0/ports HTTP/1.1" status: 201 len: 1162 time: 0.5388176 /var/lib/openstack/lib/python3.10/site-packages/pycadf/identifier.py:71: UserWarning: Invalid uuid: neutron. To ensure interoperability, identifiers should be a valid uuid. warnings.warn(('Invalid uuid: %s. To ensure interoperability, '
2026-07-15 06:05:43.937 10 INFO neutron.wsgi [req-4f44068a-d5b6-46a1-81c3-88929d09562f req-fbcc5f63-694f-49a7-86f1-4c0b0ba20c24 5ddb7c26a91f4aee83815da130d7fc8c 642a17d38a284a24b594effabaf0fd35 - - 2d0863a0ba5346be999fbb03d6fa654f 2d0863a0ba5346be999fbb03d6fa654f] 10.0.0.55 "GET /v2.0/ports?device_id=9c14f1bf-5b61-4316-a94b-03070fd75055 HTTP/1.1" status: 200 len: 1409 time: 0.1864035
2026-07-15 06:05:44.000 10 INFO neutron.wsgi [req-4f44068a-d5b6-46a1-81c3-88929d09562f req-96f6b74c-020c-4ea0-a746-13b8292a4002 5ddb7c26a91f4aee83815da130d7fc8c 642a17d38a284a24b594effabaf0fd35 - - 2d0863a0ba5346be999fbb03d6fa654f 2d0863a0ba5346be999fbb03d6fa654f] 10.0.0.55 "GET /v2.0/security-groups?id=205cf142-12b1-475f-9317-452d813d1806&fields=id&fields=name HTTP/1.1" status: 200 len: 312 time: 0.0530369
2026-07-15 06:05:44.129 10 INFO neutron.db.ovn_revision_numbers_db [req-01227880-8ca0-441d-8522-8ee4c6187024 req-d19d8969-2f96-4a5f-b814-8f252b9c6aa7 5ddb7c26a91f4aee83815da130d7fc8c 642a17d38a284a24b594effabaf0fd35 - - 2d0863a0ba5346be999fbb03d6fa654f 2d0863a0ba5346be999fbb03d6fa654f] Successfully bumped revision number for resource ade188de-8ac2-4e45-9d4c-25c6712d110c (type: ports) to 2 /var/lib/openstack/lib/python3.10/site-packages/pycadf/identifier.py:71: UserWarning: Invalid uuid: neutron. To ensure interoperability, identifiers should be a valid uuid. warnings.warn(('Invalid uuid: %s. To ensure interoperability, '
2026-07-15 06:05:44.376 10 INFO neutron.wsgi [req-8118b797-82e2-4856-8932-d930a9f3066d req-b70eda40-6f91-4dd4-af8d-fea283fcf95d 5ddb7c26a91f4aee83815da130d7fc8c 642a17d38a284a24b594effabaf0fd35 - - 2d0863a0ba5346be999fbb03d6fa654f 2d0863a0ba5346be999fbb03d6fa654f] 10.0.0.55 "GET /v2.0/ports?device_id=5a3a4d01-1a58-4485-bf80-6dfcf2e670c9 HTTP/1.1" status: 200 len: 1409 time: 0.0463378
2026-07-15 06:05:44.405 10 INFO neutron.db.ovn_revision_numbers_db [req-01227880-8ca0-441d-8522-8ee4c6187024 req-d19d8969-2f96-4a5f-b814-8f252b9c6aa7 5ddb7c26a91f4aee83815da130d7fc8c 642a17d38a284a24b594effabaf0fd35 - - 2d0863a0ba5346be999fbb03d6fa654f 2d0863a0ba5346be999fbb03d6fa654f] Successfully bumped revision number for resource ade188de-8ac2-4e45-9d4c-25c6712d110c (type: ports) to 2
2026-07-15 06:05:44.419 10 INFO neutron.wsgi [req-8118b797-82e2-4856-8932-d930a9f3066d req-8691c115-8b03-4850-b548-54476e2a0a26 5ddb7c26a91f4aee83815da130d7fc8c 642a17d38a284a24b594effabaf0fd35 - - 2d0863a0ba5346be999fbb03d6fa654f 2d0863a0ba5346be999fbb03d6fa654f] 10.0.0.55 "GET /v2.0/security-groups?id=34ac456c-5495-4c89-b2ba-f77c8ce91fc5&fields=id&fields=name HTTP/1.1" status: 200 len: 311 time: 0.0336003
2026-07-15 06:05:44.422 10 INFO neutron.wsgi [req-01227880-8ca0-441d-8522-8ee4c6187024 req-d19d8969-2f96-4a5f-b814-8f252b9c6aa7 5ddb7c26a91f4aee83815da130d7fc8c 642a17d38a284a24b594effabaf0fd35 - - 2d0863a0ba5346be999fbb03d6fa654f 2d0863a0ba5346be999fbb03d6fa654f] 199.204.45.153 "PUT /v2.0/ports/ade188de-8ac2-4e45-9d4c-25c6712d110c HTTP/1.1" status: 200 len: 1380 time: 0.7262311
2026-07-15 06:05:44.467 10 INFO neutron.notifiers.nova [-] Nova event matching ['req-313f4cdb-9439-4110-8ba3-e3280fcfd3a0'] response: {'name': 'network-changed', 'server_uuid': 'f8ce562f-3279-46ee-8112-56b161fd3ac7', 'tag': 'ade188de-8ac2-4e45-9d4c-25c6712d110c', 'status': 'completed', 'code': 200}
2026-07-15 06:05:44.490 10 INFO neutron.wsgi [req-01227880-8ca0-441d-8522-8ee4c6187024 req-75edba55-73e8-4e57-b01b-864fa6dbe367 5ddb7c26a91f4aee83815da130d7fc8c 642a17d38a284a24b594effabaf0fd35 - - 2d0863a0ba5346be999fbb03d6fa654f 2d0863a0ba5346be999fbb03d6fa654f] 199.204.45.153 "GET /v2.0/ports?tenant_id=59d65b2cc0fa42da8b400f39cb65b2fc&device_id=f8ce562f-3279-46ee-8112-56b161fd3ac7 HTTP/1.1" status: 200 len: 1411 time: 0.0331647
2026-07-15 06:05:44.515 10 INFO neutron.wsgi [req-01227880-8ca0-441d-8522-8ee4c6187024 req-ada672f6-dca4-4025-aced-8e6d45a3a66a 5ddb7c26a91f4aee83815da130d7fc8c 642a17d38a284a24b594effabaf0fd35 - - 2d0863a0ba5346be999fbb03d6fa654f 2d0863a0ba5346be999fbb03d6fa654f] 199.204.45.153 "GET /v2.0/floatingips?fixed_ip_address=10.100.0.10&port_id=ade188de-8ac2-4e45-9d4c-25c6712d110c HTTP/1.1" status: 200 len: 217 time: 0.0202193
2026-07-15 06:05:44.561 9 INFO neutron.wsgi [req-43324b33-f8fc-40ed-8a42-48ea249dd559 req-0be9927f-9a96-4ded-b1e4-c64a65af3eb7 70e7b476befc452299af6657452a68ce 59d65b2cc0fa42da8b400f39cb65b2fc - - default default] 10.0.0.185 "GET /v2.0/ports?device_id=f8ce562f-3279-46ee-8112-56b161fd3ac7 HTTP/1.1" status: 200 len: 1172 time: 0.0348635
2026-07-15 06:05:44.562 10 INFO neutron.wsgi [req-01227880-8ca0-441d-8522-8ee4c6187024 req-b944d4a7-3bd8-4475-b0b2-ab349e0c5aa6 5ddb7c26a91f4aee83815da130d7fc8c 642a17d38a284a24b594effabaf0fd35 - - 2d0863a0ba5346be999fbb03d6fa654f 2d0863a0ba5346be999fbb03d6fa654f] 199.204.45.153 "GET /v2.0/subnets?id=1dfa8f8e-5ec6-4fff-9cf0-bcbe68bcc010 HTTP/1.1" status: 200 len: 871 time: 0.0374923
2026-07-15 06:05:44.589 10 INFO neutron.wsgi [req-01227880-8ca0-441d-8522-8ee4c6187024 req-ce0845b7-a8ea-4069-8ba7-bfb0b604f4ef 5ddb7c26a91f4aee83815da130d7fc8c 642a17d38a284a24b594effabaf0fd35 - - 2d0863a0ba5346be999fbb03d6fa654f 2d0863a0ba5346be999fbb03d6fa654f] 199.204.45.153 "GET /v2.0/ports?network_id=78703f10-058a-427b-bddf-bd39ee55cb1b&device_owner=network%3Adhcp HTTP/1.1" status: 200 len: 210 time: 0.0173430
2026-07-15 06:05:44.600 9 INFO neutron.wsgi [req-43324b33-f8fc-40ed-8a42-48ea249dd559 req-b6bedcdc-de13-45f0-a63e-f66ce1a80da1 70e7b476befc452299af6657452a68ce 59d65b2cc0fa42da8b400f39cb65b2fc - - default default] 10.0.0.185 "GET /v2.0/security-groups?id=34a86e9c-c326-4529-b503-edb06b31ebcc&fields=id&fields=name HTTP/1.1" status: 200 len: 286 time: 0.0288005
2026-07-15 06:05:44.652 10 INFO neutron.wsgi [req-01227880-8ca0-441d-8522-8ee4c6187024 req-a43b903b-a156-447d-b660-c680a375521a 5ddb7c26a91f4aee83815da130d7fc8c 642a17d38a284a24b594effabaf0fd35 - - 2d0863a0ba5346be999fbb03d6fa654f 2d0863a0ba5346be999fbb03d6fa654f] 199.204.45.153 "GET /v2.0/networks/78703f10-058a-427b-bddf-bd39ee55cb1b?fields=segments HTTP/1.1" status: 200 len: 212 time: 0.0551066
2026-07-15 06:05:44.707 10 INFO neutron.wsgi [req-01227880-8ca0-441d-8522-8ee4c6187024 req-73fb41ba-e14e-479d-8b8c-fbeb44e54e4a 5ddb7c26a91f4aee83815da130d7fc8c 642a17d38a284a24b594effabaf0fd35 - - 2d0863a0ba5346be999fbb03d6fa654f 2d0863a0ba5346be999fbb03d6fa654f] 199.204.45.153 "GET /v2.0/networks/78703f10-058a-427b-bddf-bd39ee55cb1b?fields=provider%3Aphysical_network&fields=provider%3Anetwork_type HTTP/1.1" status: 200 len: 277 time: 0.0494509
2026-07-15 06:05:44.779 10 INFO neutron.wsgi [req-64fd255f-b306-468c-b305-08478519cfa1 req-dec18722-fe9a-49f2-a28d-c6d0debd4563 5ddb7c26a91f4aee83815da130d7fc8c 642a17d38a284a24b594effabaf0fd35 - - 2d0863a0ba5346be999fbb03d6fa654f 2d0863a0ba5346be999fbb03d6fa654f] 199.204.45.153 "GET /v2.0/ports?tenant_id=59d65b2cc0fa42da8b400f39cb65b2fc&device_id=f8ce562f-3279-46ee-8112-56b161fd3ac7 HTTP/1.1" status: 200 len: 1411 time: 0.0362659
2026-07-15 06:05:44.833 10 INFO neutron.wsgi [req-64fd255f-b306-468c-b305-08478519cfa1 req-3a8a6b08-8769-4dc8-b3bb-7b62345c67bc 5ddb7c26a91f4aee83815da130d7fc8c 642a17d38a284a24b594effabaf0fd35 - - 2d0863a0ba5346be999fbb03d6fa654f 2d0863a0ba5346be999fbb03d6fa654f] 199.204.45.153 "GET /v2.0/networks?id=78703f10-058a-427b-bddf-bd39ee55cb1b HTTP/1.1" status: 200 len: 975 time: 0.0489922
2026-07-15 06:05:44.859 10 INFO neutron.wsgi [req-64fd255f-b306-468c-b305-08478519cfa1 req-c173e6fb-442e-49d2-99cd-3ea102d72449 5ddb7c26a91f4aee83815da130d7fc8c 642a17d38a284a24b594effabaf0fd35 - - 2d0863a0ba5346be999fbb03d6fa654f 2d0863a0ba5346be999fbb03d6fa654f] 199.204.45.153 "GET /v2.0/floatingips?fixed_ip_address=10.100.0.10&port_id=ade188de-8ac2-4e45-9d4c-25c6712d110c HTTP/1.1" status: 200 len: 217 time: 0.0201995
2026-07-15 06:05:44.912 10 INFO neutron.wsgi [req-64fd255f-b306-468c-b305-08478519cfa1 req-9dc767d2-a230-4e82-9068-45a62947c7e6 5ddb7c26a91f4aee83815da130d7fc8c 642a17d38a284a24b594effabaf0fd35 - - 2d0863a0ba5346be999fbb03d6fa654f 2d0863a0ba5346be999fbb03d6fa654f] 199.204.45.153 "GET /v2.0/subnets?id=1dfa8f8e-5ec6-4fff-9cf0-bcbe68bcc010 HTTP/1.1" status: 200 len: 871 time: 0.0422871
2026-07-15 06:05:44.922 9 INFO neutron.plugins.ml2.drivers.ovn.mech_driver.mech_driver [None req-2052610e-e2e3-4021-9f7b-abd298d398dc - - - - - -] OVN reports status up for port: ade188de-8ac2-4e45-9d4c-25c6712d110c
2026-07-15 06:05:44.943 9 INFO neutron.plugins.ml2.plugin [None req-2052610e-e2e3-4021-9f7b-abd298d398dc - - - - - -] Attempt 1 to provision port ade188de-8ac2-4e45-9d4c-25c6712d110c
2026-07-15 06:05:44.946 10 WARNING neutron.plugins.ml2.drivers.ovn.mech_driver.ovsdb.ovn_client [None req-075daebd-3661-410b-84e4-7c0e99986985 - - - - - -] No hosting information found for port 3053e9f4-8095-4546-8157-19a6f6c8c51a: RuntimeError: No hosting information found for port 3053e9f4-8095-4546-8157-19a6f6c8c51a
2026-07-15 06:05:44.954 10 INFO neutron.wsgi [req-64fd255f-b306-468c-b305-08478519cfa1 req-bd3a7f6d-369e-4d5c-86ae-b41e00daadec 5ddb7c26a91f4aee83815da130d7fc8c 642a17d38a284a24b594effabaf0fd35 - - 2d0863a0ba5346be999fbb03d6fa654f 2d0863a0ba5346be999fbb03d6fa654f] 199.204.45.153 "GET /v2.0/ports?network_id=78703f10-058a-427b-bddf-bd39ee55cb1b&device_owner=network%3Adhcp HTTP/1.1" status: 200 len: 210 time: 0.0217068
2026-07-15 06:05:45.011 10 INFO neutron.wsgi [req-64fd255f-b306-468c-b305-08478519cfa1 req-3e798fe4-d30f-40f2-a814-46239c108913 5ddb7c26a91f4aee83815da130d7fc8c 642a17d38a284a24b594effabaf0fd35 - - 2d0863a0ba5346be999fbb03d6fa654f 2d0863a0ba5346be999fbb03d6fa654f] 199.204.45.153 "GET /v2.0/networks/78703f10-058a-427b-bddf-bd39ee55cb1b?fields=segments HTTP/1.1" status: 200 len: 212 time: 0.0515652
2026-07-15 06:05:45.062 9 INFO neutron.notifiers.nova [-] Nova event matching ['req-4a51be40-bce8-4529-893d-ca8b7eb32ed1'] response: {'server_uuid': 'f8ce562f-3279-46ee-8112-56b161fd3ac7', 'name': 'network-vif-plugged', 'status': 'completed', 'tag': 'ade188de-8ac2-4e45-9d4c-25c6712d110c', 'code': 200}
2026-07-15 06:05:45.072 10 INFO neutron.wsgi [req-64fd255f-b306-468c-b305-08478519cfa1 req-05e80ce6-22d4-4064-b8a0-e0c4a1227697 5ddb7c26a91f4aee83815da130d7fc8c 642a17d38a284a24b594effabaf0fd35 - - 2d0863a0ba5346be999fbb03d6fa654f 2d0863a0ba5346be999fbb03d6fa654f] 199.204.45.153 "GET /v2.0/networks/78703f10-058a-427b-bddf-bd39ee55cb1b?fields=provider%3Aphysical_network&fields=provider%3Anetwork_type HTTP/1.1" status: 200 len: 277 time: 0.0545485
2026-07-15 06:05:45.225 9 INFO neutron.db.ovn_revision_numbers_db [None req-2052610e-e2e3-4021-9f7b-abd298d398dc - - - - - -] Successfully bumped revision number for resource ade188de-8ac2-4e45-9d4c-25c6712d110c (type: ports) to 4 /var/lib/openstack/lib/python3.10/site-packages/pycadf/identifier.py:71: UserWarning: Invalid uuid: neutron. To ensure interoperability, identifiers should be a valid uuid. warnings.warn(('Invalid uuid: %s. To ensure interoperability, '
2026-07-15 06:05:45.708 9 INFO neutron.wsgi [req-60030392-d0f4-4247-b5c9-983f88a14d0e req-e7c7f6ad-3117-4e73-92c4-7fa1d9d1294b 70e7b476befc452299af6657452a68ce 59d65b2cc0fa42da8b400f39cb65b2fc - - default default] 10.0.0.185 "GET /v2.0/ports?device_id=f8ce562f-3279-46ee-8112-56b161fd3ac7 HTTP/1.1" status: 200 len: 1174 time: 0.0461042
2026-07-15 06:05:45.762 9 INFO neutron.wsgi [req-60030392-d0f4-4247-b5c9-983f88a14d0e req-361656c0-20d2-4b43-829b-f5a52c7af8f1 70e7b476befc452299af6657452a68ce 59d65b2cc0fa42da8b400f39cb65b2fc - - default default] 10.0.0.185 "GET /v2.0/security-groups?id=34a86e9c-c326-4529-b503-edb06b31ebcc&fields=id&fields=name HTTP/1.1" status: 200 len: 286 time: 0.0454092
2026-07-15 06:05:46.879 9 INFO neutron.wsgi [req-c887846e-27ae-49c7-ae2f-4196c9e42a0c req-a207ee8e-cfb6-4f13-8818-0f96355678ce 70e7b476befc452299af6657452a68ce 59d65b2cc0fa42da8b400f39cb65b2fc - - default default] 10.0.0.185 "GET /v2.0/ports?device_id=f8ce562f-3279-46ee-8112-56b161fd3ac7 HTTP/1.1" status: 200 len: 1174 time: 0.0384631
2026-07-15 06:05:46.930 9 INFO neutron.wsgi [req-c887846e-27ae-49c7-ae2f-4196c9e42a0c req-1be96d5a-7878-451c-90ec-d4595bd2b653 70e7b476befc452299af6657452a68ce 59d65b2cc0fa42da8b400f39cb65b2fc - - default default] 10.0.0.185 "GET /v2.0/security-groups?id=34a86e9c-c326-4529-b503-edb06b31ebcc&fields=id&fields=name HTTP/1.1" status: 200 len: 286 time: 0.0445342
2026-07-15 06:05:47.099 9 INFO neutron.notifiers.nova [-] Nova event matching ['req-89b39704-2f56-46c1-b319-168314b74f51'] response: {'server_uuid': 'f8ce562f-3279-46ee-8112-56b161fd3ac7', 'name': 'network-vif-plugged', 'status': 'completed', 'tag': 'ade188de-8ac2-4e45-9d4c-25c6712d110c', 'code': 200}
2026-07-15 06:05:47.306 9 INFO neutron.plugins.ml2.drivers.ovn.mech_driver.mech_driver [None req-2052610e-e2e3-4021-9f7b-abd298d398dc - - - - - -] OVN reports status down for port: ade188de-8ac2-4e45-9d4c-25c6712d110c
2026-07-15 06:05:47.436 9 INFO neutron.wsgi [req-291ee558-167f-4eb2-a3f3-b0b15f11df67 req-f90a3695-585a-48db-9ef7-33214944ceb3 70e7b476befc452299af6657452a68ce 59d65b2cc0fa42da8b400f39cb65b2fc - - default default] 10.0.0.185 "GET /v2.0/ports?device_id=f8ce562f-3279-46ee-8112-56b161fd3ac7 HTTP/1.1" status: 200 len: 1174 time: 0.1699896
2026-07-15 06:05:47.510 9 INFO neutron.wsgi [req-291ee558-167f-4eb2-a3f3-b0b15f11df67 req-74dbd33c-4f68-4fbe-99c7-c0d2dffb574e 70e7b476befc452299af6657452a68ce 59d65b2cc0fa42da8b400f39cb65b2fc - - default default] 10.0.0.185 "GET /v2.0/security-groups?id=34a86e9c-c326-4529-b503-edb06b31ebcc&fields=id&fields=name HTTP/1.1" status: 200 len: 286 time: 0.0640609
2026-07-15 06:05:47.653 9 INFO neutron.db.ovn_revision_numbers_db [None req-2052610e-e2e3-4021-9f7b-abd298d398dc - - - - - -] Successfully bumped revision number for resource ade188de-8ac2-4e45-9d4c-25c6712d110c (type: ports) to 5
2026-07-15 06:05:47.667 10 INFO neutron.wsgi [req-e611094c-399e-4c25-83fb-45dfd8bd1c1f req-5df7614c-f7a1-4602-a60d-b0d003800040 70e7b476befc452299af6657452a68ce 59d65b2cc0fa42da8b400f39cb65b2fc - - default default] 199.204.45.153 "GET /v2.0/ports?device_id=f8ce562f-3279-46ee-8112-56b161fd3ac7 HTTP/1.1" status: 200 len: 1172 time: 0.0859427 /var/lib/openstack/lib/python3.10/site-packages/pycadf/identifier.py:71: UserWarning: Invalid uuid: neutron. To ensure interoperability, identifiers should be a valid uuid. warnings.warn(('Invalid uuid: %s. To ensure interoperability, '
2026-07-15 06:05:47.949 10 INFO neutron.wsgi [req-e611094c-399e-4c25-83fb-45dfd8bd1c1f req-440ba628-d327-432a-bdc7-f43bc7942e74 70e7b476befc452299af6657452a68ce 59d65b2cc0fa42da8b400f39cb65b2fc - - default default] 199.204.45.153 "DELETE /v2.0/ports/ade188de-8ac2-4e45-9d4c-25c6712d110c HTTP/1.1" status: 204 len: 173 time: 0.2765009
2026-07-15 06:05:47.997 10 INFO neutron.notifiers.nova [-] Nova event matching ['req-d6bc505b-b5ea-4ceb-a973-65bf1f9ab9ea'] response: {'server_uuid': 'f8ce562f-3279-46ee-8112-56b161fd3ac7', 'name': 'network-vif-deleted', 'tag': 'ade188de-8ac2-4e45-9d4c-25c6712d110c', 'status': 'completed', 'code': 200}
2026-07-15 06:05:48.012 9 INFO neutron.db.ovn_revision_numbers_db [None req-5d78ff52-fbd0-469b-9321-75c0a4c0b98c b12c0261aabc4148a8d14edbab9a42f1 4faf39b8e0cd4b7f8a7fa5fe4a037441 - - default default] Successfully bumped revision number for resource 1674a414-5c4a-4f2b-887c-b20de8cd7d37 (type: security_groups) to 1
2026-07-15 06:05:48.025 9 INFO neutron.db.ovn_revision_numbers_db [None req-5d78ff52-fbd0-469b-9321-75c0a4c0b98c b12c0261aabc4148a8d14edbab9a42f1 4faf39b8e0cd4b7f8a7fa5fe4a037441 - - default default] Successfully bumped revision number for resource 0b8b0089-b26d-4fec-adc4-fb02b0ca6e56 (type: security_group_rules) to 0
2026-07-15 06:05:48.039 9 INFO neutron.db.ovn_revision_numbers_db [None req-5d78ff52-fbd0-469b-9321-75c0a4c0b98c b12c0261aabc4148a8d14edbab9a42f1 4faf39b8e0cd4b7f8a7fa5fe4a037441 - - default default] Successfully bumped revision number for resource 0e46c86f-7833-4fab-bd4e-52d498f19230 (type: security_group_rules) to 0
2026-07-15 06:05:48.057 9 INFO neutron.db.ovn_revision_numbers_db [None req-5d78ff52-fbd0-469b-9321-75c0a4c0b98c b12c0261aabc4148a8d14edbab9a42f1 4faf39b8e0cd4b7f8a7fa5fe4a037441 - - default default] Successfully bumped revision number for resource 455643a3-1304-4a2a-9ba8-09aae818b5d1 (type: security_group_rules) to 0
2026-07-15 06:05:48.075 9 INFO neutron.db.ovn_revision_numbers_db [None req-5d78ff52-fbd0-469b-9321-75c0a4c0b98c b12c0261aabc4148a8d14edbab9a42f1 4faf39b8e0cd4b7f8a7fa5fe4a037441 - - default default] Successfully bumped revision number for resource de57b639-0804-4bb2-a1b9-6794a1dc2411 (type: security_group_rules) to 0
2026-07-15 06:05:48.100 9 INFO neutron.wsgi [None req-5d78ff52-fbd0-469b-9321-75c0a4c0b98c b12c0261aabc4148a8d14edbab9a42f1 4faf39b8e0cd4b7f8a7fa5fe4a037441 - - default default] 10.0.0.193 "GET /v2.0/security-groups?tenant_id=c5df0aa91cde476f8529fb0f699cf060&name=default HTTP/1.1" status: 200 len: 2996 time: 0.3766820
2026-07-15 06:05:48.262 9 INFO neutron.wsgi [req-9446d264-6e45-45a8-8774-ea48a1ce3823 req-c575b8d5-d23d-453b-a482-8bbe74dfd5ff fb956fae44734cb7af9f880a293fc698 53e448edf30e4e32b754ded8bbc34655 - - default default] 10.0.0.185 "GET /v2.0/ports?device_id=5a3a4d01-1a58-4485-bf80-6dfcf2e670c9 HTTP/1.1" status: 200 len: 1170 time: 0.1145544
2026-07-15 06:05:48.324 9 INFO neutron.wsgi [req-9446d264-6e45-45a8-8774-ea48a1ce3823 req-77e67dde-2cba-4139-9875-8af7f7365872 fb956fae44734cb7af9f880a293fc698 53e448edf30e4e32b754ded8bbc34655 - - default default] 10.0.0.185 "GET /v2.0/security-groups?id=34ac456c-5495-4c89-b2ba-f77c8ce91fc5&fields=id&fields=name HTTP/1.1" status: 200 len: 311 time: 0.0553572
2026-07-15 06:05:48.410 9 INFO neutron.wsgi [None req-e1b14300-0246-4afd-9f17-2633c7f00d09 b12c0261aabc4148a8d14edbab9a42f1 4faf39b8e0cd4b7f8a7fa5fe4a037441 - - default default] 10.0.0.193 "DELETE /v2.0/security-groups/1674a414-5c4a-4f2b-887c-b20de8cd7d37 HTTP/1.1" status: 204 len: 168 time: 0.3025599
2026-07-15 06:05:48.462 9 INFO neutron.wsgi [req-0d67e7ca-92bc-4a9d-b8f1-a3295acad0bc req-b649095c-61ef-486a-b678-12f145ed1eb0 9a82ac1da5754bbdb697e9cca54f76ce 63c86a0857f2498a9e7d03bcfb5e414a - - default default] 10.0.0.185 "GET /v2.0/ports?device_id=9c14f1bf-5b61-4316-a94b-03070fd75055 HTTP/1.1" status: 200 len: 1170 time: 0.0947797
2026-07-15 06:05:48.539 9 INFO neutron.wsgi [req-0d796f92-c11c-4961-951e-9c186a6c0cf9 req-af35375b-47c4-4c0a-8d4e-46ead24dffb1 fb956fae44734cb7af9f880a293fc698 53e448edf30e4e32b754ded8bbc34655 - - default default] 10.0.0.185 "GET /v2.0/ports?device_id=5a3a4d01-1a58-4485-bf80-6dfcf2e670c9 HTTP/1.1" status: 200 len: 1170 time: 0.0556481
2026-07-15 06:05:48.555 9 INFO neutron.plugins.ml2.drivers.ovn.mech_driver.mech_driver [None req-2052610e-e2e3-4021-9f7b-abd298d398dc - - - - - -] OVN reports status down for port: 300dc841-5f8a-4e25-a77e-2f812b1c862c
2026-07-15 06:05:48.562 9 INFO neutron.wsgi [req-04672a53-947c-4c05-aded-acbd7d1bcb67 req-47007309-0cc5-4394-8482-a772dbd436ea 9a82ac1da5754bbdb697e9cca54f76ce 63c86a0857f2498a9e7d03bcfb5e414a - - default default] 10.0.0.185 "GET /v2.0/ports/e6767251-3488-49a3-bb9a-87402b63b0eb HTTP/1.1" status: 200 len: 1167 time: 0.0487888
2026-07-15 06:05:48.594 9 INFO neutron.wsgi [req-0d796f92-c11c-4961-951e-9c186a6c0cf9 req-2bb27602-6af6-49f2-a4ba-8024b8df3a2d fb956fae44734cb7af9f880a293fc698 53e448edf30e4e32b754ded8bbc34655 - - default default] 10.0.0.185 "GET /v2.0/security-groups?id=34ac456c-5495-4c89-b2ba-f77c8ce91fc5&fields=id&fields=name HTTP/1.1" status: 200 len: 311 time: 0.0499854
2026-07-15 06:05:48.839 9 INFO neutron.wsgi [req-44617d40-064d-4d01-9ef8-c155d5c17be7 req-a27a43b8-c156-45fa-bfb1-e3d4e5775dab fb956fae44734cb7af9f880a293fc698 53e448edf30e4e32b754ded8bbc34655 - - default default] 199.204.45.153 "GET /v2.0/ports?device_id=5a3a4d01-1a58-4485-bf80-6dfcf2e670c9 HTTP/1.1" status: 200 len: 1168 time: 0.0426078
2026-07-15 06:05:48.866 10 INFO neutron.db.ovn_revision_numbers_db [None req-80c4b673-cfad-4214-9065-9a3bc8a46304 b12c0261aabc4148a8d14edbab9a42f1 4faf39b8e0cd4b7f8a7fa5fe4a037441 - - default default] Successfully bumped revision number for resource 5c228bdb-dade-4556-bb0c-0685c075d2ea (type: security_groups) to 1
2026-07-15 06:05:48.891 10 INFO neutron.wsgi [req-4ba73dde-d522-423c-82fc-7f0ea038d1d0 req-ca93d2ae-b868-4660-afa1-eb46d87a3769 9a82ac1da5754bbdb697e9cca54f76ce 63c86a0857f2498a9e7d03bcfb5e414a - - default default] 199.204.45.153 "GET /v2.0/subnets?network_id=f700deb6-477b-4da4-8ad7-62f116a61843 HTTP/1.1" status: 200 len: 859 time: 0.0678711
2026-07-15 06:05:48.894 9 INFO neutron.db.ovn_revision_numbers_db [None req-2052610e-e2e3-4021-9f7b-abd298d398dc - - - - - -] Successfully bumped revision number for resource 300dc841-5f8a-4e25-a77e-2f812b1c862c (type: ports) to 7
2026-07-15 06:05:48.897 10 INFO neutron.db.ovn_revision_numbers_db [None req-80c4b673-cfad-4214-9065-9a3bc8a46304 b12c0261aabc4148a8d14edbab9a42f1 4faf39b8e0cd4b7f8a7fa5fe4a037441 - - default default] Successfully bumped revision number for resource 0d055a52-7868-422f-b342-77192cae258d (type: security_group_rules) to 0
2026-07-15 06:05:48.940 10 INFO neutron.db.ovn_revision_numbers_db [None req-80c4b673-cfad-4214-9065-9a3bc8a46304 b12c0261aabc4148a8d14edbab9a42f1 4faf39b8e0cd4b7f8a7fa5fe4a037441 - - default default] Successfully bumped revision number for resource 2a507680-3e21-4301-8cd4-e7e4b0f2c8bf (type: security_group_rules) to 0
2026-07-15 06:05:48.977 10 INFO neutron.db.ovn_revision_numbers_db [None req-80c4b673-cfad-4214-9065-9a3bc8a46304 b12c0261aabc4148a8d14edbab9a42f1 4faf39b8e0cd4b7f8a7fa5fe4a037441 - - default default] Successfully bumped revision number for resource 973aed2b-d0f6-4e1d-9df6-9ea7468add5c (type: security_group_rules) to 0
2026-07-15 06:05:49.002 10 INFO neutron.db.ovn_revision_numbers_db [None req-80c4b673-cfad-4214-9065-9a3bc8a46304 b12c0261aabc4148a8d14edbab9a42f1 4faf39b8e0cd4b7f8a7fa5fe4a037441 - - default default] Successfully bumped revision number for resource dc6914ae-8216-40f5-8354-e77eed4d13be (type: security_group_rules) to 0
2026-07-15 06:05:49.032 10 INFO neutron.wsgi [req-4ba73dde-d522-423c-82fc-7f0ea038d1d0 req-6c3a9713-1273-442d-af0c-818660398b63 9a82ac1da5754bbdb697e9cca54f76ce 63c86a0857f2498a9e7d03bcfb5e414a - - default default] 199.204.45.153 "GET /v2.0/ports?device_id=9c14f1bf-5b61-4316-a94b-03070fd75055&device_owner=compute%3Anova&network_id=f700deb6-477b-4da4-8ad7-62f116a61843 HTTP/1.1" status: 200 len: 1170 time: 0.1361647
2026-07-15 06:05:49.049 10 INFO neutron.wsgi [None req-80c4b673-cfad-4214-9065-9a3bc8a46304 b12c0261aabc4148a8d14edbab9a42f1 4faf39b8e0cd4b7f8a7fa5fe4a037441 - - default default] 10.0.0.193 "GET /v2.0/security-groups?tenant_id=7ea8ae01cb9b48d0b195e0870fc19c07&name=default HTTP/1.1" status: 200 len: 2996 time: 0.5499163 /var/lib/openstack/lib/python3.10/site-packages/pycadf/identifier.py:71: UserWarning: Invalid uuid: neutron. To ensure interoperability, identifiers should be a valid uuid. warnings.warn(('Invalid uuid: %s. To ensure interoperability, '
2026-07-15 06:05:49.145 9 INFO neutron.notifiers.nova [-] Nova event matching ['req-dc0af944-f54b-44b1-b238-3a09ee1bcf8e'] response: {'server_uuid': 'f8ce562f-3279-46ee-8112-56b161fd3ac7', 'name': 'network-vif-unplugged', 'status': 'completed', 'tag': 'ade188de-8ac2-4e45-9d4c-25c6712d110c', 'code': 200}
2026-07-15 06:05:49.145 9 INFO neutron.notifiers.nova [-] Nova event matching ['req-dc0af944-f54b-44b1-b238-3a09ee1bcf8e'] response: {'server_uuid': 'f8ce562f-3279-46ee-8112-56b161fd3ac7', 'name': 'network-vif-plugged', 'status': 'completed', 'tag': 'ade188de-8ac2-4e45-9d4c-25c6712d110c', 'code': 200}
2026-07-15 06:05:49.146 9 INFO neutron.notifiers.nova [-] Nova event matching ['req-dc0af944-f54b-44b1-b238-3a09ee1bcf8e'] response: {'server_uuid': '5a3a4d01-1a58-4485-bf80-6dfcf2e670c9', 'name': 'network-vif-unplugged', 'status': 'completed', 'tag': '300dc841-5f8a-4e25-a77e-2f812b1c862c', 'code': 200}
2026-07-15 06:05:49.146 9 INFO neutron.notifiers.nova [-] Nova event matching ['req-dc0af944-f54b-44b1-b238-3a09ee1bcf8e'] response: {'server_uuid': '5a3a4d01-1a58-4485-bf80-6dfcf2e670c9', 'name': 'network-vif-plugged', 'status': 'completed', 'tag': '300dc841-5f8a-4e25-a77e-2f812b1c862c', 'code': 200}
2026-07-15 06:05:49.174 9 INFO neutron.db.l3_db [req-44617d40-064d-4d01-9ef8-c155d5c17be7 req-d3e894c6-e79b-41f8-b1b1-346ad28cfec6 fb956fae44734cb7af9f880a293fc698 53e448edf30e4e32b754ded8bbc34655 - - default default] Floating IP b1ea6b17-f12d-4682-85be-ebe5b9bf1b01 disassociated. External IP: 10.96.250.214, port: 300dc841-5f8a-4e25-a77e-2f812b1c862c.
2026-07-15 06:05:49.421 9 INFO neutron.wsgi [None req-451a44a9-8dc6-4c61-aa13-d7d9f7a02297 b12c0261aabc4148a8d14edbab9a42f1 4faf39b8e0cd4b7f8a7fa5fe4a037441 - - default default] 10.0.0.193 "DELETE /v2.0/security-groups/5c228bdb-dade-4556-bb0c-0685c075d2ea HTTP/1.1" status: 204 len: 168 time: 0.3651340
2026-07-15 06:05:49.428 9 INFO neutron.wsgi [req-44617d40-064d-4d01-9ef8-c155d5c17be7 req-d3e894c6-e79b-41f8-b1b1-346ad28cfec6 fb956fae44734cb7af9f880a293fc698 53e448edf30e4e32b754ded8bbc34655 - - default default] 199.204.45.153 "DELETE /v2.0/ports/300dc841-5f8a-4e25-a77e-2f812b1c862c HTTP/1.1" status: 204 len: 173 time: 0.5844808
2026-07-15 06:05:49.586 10 INFO neutron.db.ovn_revision_numbers_db [req-4ba73dde-d522-423c-82fc-7f0ea038d1d0 req-0e79c9be-98f6-4647-bc29-366cadc05a2b 9a82ac1da5754bbdb697e9cca54f76ce 63c86a0857f2498a9e7d03bcfb5e414a - - default default] Successfully bumped revision number for resource e6767251-3488-49a3-bb9a-87402b63b0eb (type: ports) to 5
2026-07-15 06:05:49.637 10 INFO neutron.wsgi [req-4ba73dde-d522-423c-82fc-7f0ea038d1d0 req-0e79c9be-98f6-4647-bc29-366cadc05a2b 9a82ac1da5754bbdb697e9cca54f76ce 63c86a0857f2498a9e7d03bcfb5e414a - - default default] 199.204.45.153 "PUT /v2.0/ports/e6767251-3488-49a3-bb9a-87402b63b0eb HTTP/1.1" status: 200 len: 1345 time: 0.5988271 /var/lib/openstack/lib/python3.10/site-packages/pycadf/identifier.py:71: UserWarning: Invalid uuid: neutron. To ensure interoperability, identifiers should be a valid uuid. warnings.warn(('Invalid uuid: %s. To ensure interoperability, '
2026-07-15 06:05:49.697 10 INFO neutron.wsgi [req-4ba73dde-d522-423c-82fc-7f0ea038d1d0 req-e58aa796-5067-40fb-8994-949fb7bc065f 5ddb7c26a91f4aee83815da130d7fc8c 642a17d38a284a24b594effabaf0fd35 - - 2d0863a0ba5346be999fbb03d6fa654f 2d0863a0ba5346be999fbb03d6fa654f] 199.204.45.153 "GET /v2.0/ports?tenant_id=63c86a0857f2498a9e7d03bcfb5e414a&device_id=9c14f1bf-5b61-4316-a94b-03070fd75055 HTTP/1.1" status: 200 len: 1586 time: 0.0401938 /var/lib/openstack/lib/python3.10/site-packages/pycadf/identifier.py:71: UserWarning: Invalid uuid: neutron. To ensure interoperability, identifiers should be a valid uuid. warnings.warn(('Invalid uuid: %s. To ensure interoperability, '
2026-07-15 06:05:49.720 9 INFO neutron.wsgi [req-cc35d900-742c-4b1d-8e23-46995ca94938 req-1db0d4c2-0f3c-4f89-bd4e-de6b01e25755 fb956fae44734cb7af9f880a293fc698 53e448edf30e4e32b754ded8bbc34655 - - default default] 10.0.0.185 "GET /v2.0/ports?device_id=5a3a4d01-1a58-4485-bf80-6dfcf2e670c9 HTTP/1.1" status: 200 len: 210 time: 0.0414231
2026-07-15 06:05:49.786 10 INFO neutron.wsgi [req-4ba73dde-d522-423c-82fc-7f0ea038d1d0 req-f429b22b-b1e6-40ac-a63b-8134e7243272 5ddb7c26a91f4aee83815da130d7fc8c 642a17d38a284a24b594effabaf0fd35 - - 2d0863a0ba5346be999fbb03d6fa654f 2d0863a0ba5346be999fbb03d6fa654f] 199.204.45.153 "GET /v2.0/networks?id=f700deb6-477b-4da4-8ad7-62f116a61843 HTTP/1.1" status: 200 len: 982 time: 0.0829031
2026-07-15 06:05:49.838 10 INFO neutron.wsgi [req-4ba73dde-d522-423c-82fc-7f0ea038d1d0 req-8cc592f5-f5c2-47b8-9445-2110c4948880 5ddb7c26a91f4aee83815da130d7fc8c 642a17d38a284a24b594effabaf0fd35 - - 2d0863a0ba5346be999fbb03d6fa654f 2d0863a0ba5346be999fbb03d6fa654f] 199.204.45.153 "GET /v2.0/floatingips?fixed_ip_address=10.100.0.6&port_id=e6767251-3488-49a3-bb9a-87402b63b0eb HTTP/1.1" status: 200 len: 1059 time: 0.0372274
2026-07-15 06:05:49.875 10 INFO neutron.wsgi [req-4ba73dde-d522-423c-82fc-7f0ea038d1d0 req-3b18d193-0111-4ab8-b417-7cc1fa3a7827 5ddb7c26a91f4aee83815da130d7fc8c 642a17d38a284a24b594effabaf0fd35 - - 2d0863a0ba5346be999fbb03d6fa654f 2d0863a0ba5346be999fbb03d6fa654f] 199.204.45.153 "GET /v2.0/floatingips?fixed_ip_address=10.100.0.7&port_id=e6767251-3488-49a3-bb9a-87402b63b0eb HTTP/1.1" status: 200 len: 217 time: 0.0305133
2026-07-15 06:05:49.920 10 INFO neutron.wsgi [req-4ba73dde-d522-423c-82fc-7f0ea038d1d0 req-8ee147dd-472c-4a86-821d-d1f4a9dcb815 5ddb7c26a91f4aee83815da130d7fc8c 642a17d38a284a24b594effabaf0fd35 - - 2d0863a0ba5346be999fbb03d6fa654f 2d0863a0ba5346be999fbb03d6fa654f] 199.204.45.153 "GET /v2.0/subnets?id=eba45576-22f0-4aba-818b-5d227fdd4caf HTTP/1.1" status: 200 len: 877 time: 0.0346534
2026-07-15 06:05:49.952 10 INFO neutron.wsgi [req-4ba73dde-d522-423c-82fc-7f0ea038d1d0 req-00facc78-e754-404f-869a-5fb37be614be 5ddb7c26a91f4aee83815da130d7fc8c 642a17d38a284a24b594effabaf0fd35 - - 2d0863a0ba5346be999fbb03d6fa654f 2d0863a0ba5346be999fbb03d6fa654f] 199.204.45.153 "GET /v2.0/ports?network_id=f700deb6-477b-4da4-8ad7-62f116a61843&device_owner=network%3Adhcp HTTP/1.1" status: 200 len: 210 time: 0.0256209
2026-07-15 06:05:50.047 10 INFO neutron.notifiers.nova [-] Nova event matching ['req-294d6030-5cd4-46f9-87e8-ab6d3b0eaffd'] response: {'name': 'network-changed', 'server_uuid': '9c14f1bf-5b61-4316-a94b-03070fd75055', 'tag': 'e6767251-3488-49a3-bb9a-87402b63b0eb', 'status': 'completed', 'code': 200}
2026-07-15 06:05:50.068 10 INFO neutron.wsgi [req-4ba73dde-d522-423c-82fc-7f0ea038d1d0 req-b4777623-81d7-46d6-9439-59e7e5fba863 5ddb7c26a91f4aee83815da130d7fc8c 642a17d38a284a24b594effabaf0fd35 - - 2d0863a0ba5346be999fbb03d6fa654f 2d0863a0ba5346be999fbb03d6fa654f] 199.204.45.153 "GET /v2.0/networks/f700deb6-477b-4da4-8ad7-62f116a61843?fields=segments HTTP/1.1" status: 200 len: 212 time: 0.1047547
2026-07-15 06:05:50.136 10 INFO neutron.wsgi [req-4ba73dde-d522-423c-82fc-7f0ea038d1d0 req-b81b4b7d-28ef-4232-b528-e20f74bd06a4 5ddb7c26a91f4aee83815da130d7fc8c 642a17d38a284a24b594effabaf0fd35 - - 2d0863a0ba5346be999fbb03d6fa654f 2d0863a0ba5346be999fbb03d6fa654f] 199.204.45.153 "GET /v2.0/networks/f700deb6-477b-4da4-8ad7-62f116a61843?fields=provider%3Aphysical_network&fields=provider%3Anetwork_type HTTP/1.1" status: 200 len: 277 time: 0.0579283
2026-07-15 06:05:50.212 10 INFO neutron.wsgi [req-6e994c26-2d89-4a62-80da-b140672116d7 req-8379a41c-fa64-470b-ab02-ce6dbaacc102 5ddb7c26a91f4aee83815da130d7fc8c 642a17d38a284a24b594effabaf0fd35 - - 2d0863a0ba5346be999fbb03d6fa654f 2d0863a0ba5346be999fbb03d6fa654f] 199.204.45.153 "GET /v2.0/ports?tenant_id=63c86a0857f2498a9e7d03bcfb5e414a&device_id=9c14f1bf-5b61-4316-a94b-03070fd75055 HTTP/1.1" status: 200 len: 1586 time: 0.0404150
2026-07-15 06:05:50.273 10 INFO neutron.wsgi [None req-38367b7f-274f-4295-a47d-43890f2fe503 b12c0261aabc4148a8d14edbab9a42f1 4faf39b8e0cd4b7f8a7fa5fe4a037441 - - default default] 10.0.0.193 "PUT /v2.0/routers/c3ffb95a-276c-41c0-8cca-15934a4470f0/remove_router_interface HTTP/1.1" status: 200 len: 503 time: 1.6754794
2026-07-15 06:05:50.323 10 INFO neutron.wsgi [req-6e994c26-2d89-4a62-80da-b140672116d7 req-6517fec1-c169-4721-96d9-344f87fc094e 5ddb7c26a91f4aee83815da130d7fc8c 642a17d38a284a24b594effabaf0fd35 - - 2d0863a0ba5346be999fbb03d6fa654f 2d0863a0ba5346be999fbb03d6fa654f] 199.204.45.153 "GET /v2.0/networks?id=f700deb6-477b-4da4-8ad7-62f116a61843 HTTP/1.1" status: 200 len: 982 time: 0.1064727 /var/lib/openstack/lib/python3.10/site-packages/pycadf/identifier.py:71: UserWarning: Invalid uuid: neutron. To ensure interoperability, identifiers should be a valid uuid. warnings.warn(('Invalid uuid: %s. To ensure interoperability, '
2026-07-15 06:05:50.383 10 INFO neutron.wsgi [req-6e994c26-2d89-4a62-80da-b140672116d7 req-af899fe0-2cf0-4a97-92d2-f289b98c429c 5ddb7c26a91f4aee83815da130d7fc8c 642a17d38a284a24b594effabaf0fd35 - - 2d0863a0ba5346be999fbb03d6fa654f 2d0863a0ba5346be999fbb03d6fa654f] 199.204.45.153 "GET /v2.0/floatingips?fixed_ip_address=10.100.0.6&port_id=e6767251-3488-49a3-bb9a-87402b63b0eb HTTP/1.1" status: 200 len: 1059 time: 0.0547767
2026-07-15 06:05:50.411 10 INFO neutron.wsgi [req-6e994c26-2d89-4a62-80da-b140672116d7 req-9a7c003c-7828-4a19-9f5c-83ecb06278ba 5ddb7c26a91f4aee83815da130d7fc8c 642a17d38a284a24b594effabaf0fd35 - - 2d0863a0ba5346be999fbb03d6fa654f 2d0863a0ba5346be999fbb03d6fa654f] 199.204.45.153 "GET /v2.0/floatingips?fixed_ip_address=10.100.0.7&port_id=e6767251-3488-49a3-bb9a-87402b63b0eb HTTP/1.1" status: 200 len: 217 time: 0.0202081
2026-07-15 06:05:50.441 10 INFO neutron.wsgi [req-6e994c26-2d89-4a62-80da-b140672116d7 req-9d2d03ee-164e-4682-b519-071692eafdbe 5ddb7c26a91f4aee83815da130d7fc8c 642a17d38a284a24b594effabaf0fd35 - - 2d0863a0ba5346be999fbb03d6fa654f 2d0863a0ba5346be999fbb03d6fa654f] 199.204.45.153 "GET /v2.0/subnets?id=eba45576-22f0-4aba-818b-5d227fdd4caf HTTP/1.1" status: 200 len: 877 time: 0.0248837
2026-07-15 06:05:50.463 10 INFO neutron.wsgi [req-6e994c26-2d89-4a62-80da-b140672116d7 req-967033cf-3984-4d16-8bc8-5edd7940d345 5ddb7c26a91f4aee83815da130d7fc8c 642a17d38a284a24b594effabaf0fd35 - - 2d0863a0ba5346be999fbb03d6fa654f 2d0863a0ba5346be999fbb03d6fa654f] 199.204.45.153 "GET /v2.0/ports?network_id=f700deb6-477b-4da4-8ad7-62f116a61843&device_owner=network%3Adhcp HTTP/1.1" status: 200 len: 210 time: 0.0158057
2026-07-15 06:05:50.515 10 INFO neutron.wsgi [req-6e994c26-2d89-4a62-80da-b140672116d7 req-cd4051a4-aed2-4e7d-8eaa-e25d14c172ba 5ddb7c26a91f4aee83815da130d7fc8c 642a17d38a284a24b594effabaf0fd35 - - 2d0863a0ba5346be999fbb03d6fa654f 2d0863a0ba5346be999fbb03d6fa654f] 199.204.45.153 "GET /v2.0/networks/f700deb6-477b-4da4-8ad7-62f116a61843?fields=segments HTTP/1.1" status: 200 len: 212 time: 0.0461533
2026-07-15 06:05:50.568 10 INFO neutron.wsgi [req-6e994c26-2d89-4a62-80da-b140672116d7 req-1c9dcfdd-ea56-4c81-bafc-6b51b7d61d2a 5ddb7c26a91f4aee83815da130d7fc8c 642a17d38a284a24b594effabaf0fd35 - - 2d0863a0ba5346be999fbb03d6fa654f 2d0863a0ba5346be999fbb03d6fa654f] 199.204.45.153 "GET /v2.0/networks/f700deb6-477b-4da4-8ad7-62f116a61843?fields=provider%3Aphysical_network&fields=provider%3Anetwork_type HTTP/1.1" status: 200 len: 277 time: 0.0460889
2026-07-15 06:05:50.884 9 INFO neutron.wsgi [req-a00f9a57-500c-4a48-857a-3fcc46238278 req-c84db929-8615-408f-8ed1-2859cfb5e2df 9a82ac1da5754bbdb697e9cca54f76ce 63c86a0857f2498a9e7d03bcfb5e414a - - default default] 10.0.0.185 "GET /v2.0/ports?device_id=9c14f1bf-5b61-4316-a94b-03070fd75055 HTTP/1.1" status: 200 len: 1348 time: 0.0418203
2026-07-15 06:05:50.907 10 INFO neutron.wsgi [None req-addc418e-7b33-4b33-aa9a-75680c912fa3 fb956fae44734cb7af9f880a293fc698 53e448edf30e4e32b754ded8bbc34655 - - default default] 10.0.0.193 "DELETE /v2.0/security-groups/34ac456c-5495-4c89-b2ba-f77c8ce91fc5 HTTP/1.1" status: 204 len: 168 time: 0.1130631
2026-07-15 06:05:50.920 10 INFO neutron.api.v2.resource [None req-04c9adc1-6296-4aba-84f7-a48a4c53e109 fb956fae44734cb7af9f880a293fc698 53e448edf30e4e32b754ded8bbc34655 - - default default] show failed (client error): The resource could not be found.
2026-07-15 06:05:50.921 10 INFO neutron.wsgi [None req-04c9adc1-6296-4aba-84f7-a48a4c53e109 fb956fae44734cb7af9f880a293fc698 53e448edf30e4e32b754ded8bbc34655 - - default default] 10.0.0.193 "GET /v2.0/security-groups/34ac456c-5495-4c89-b2ba-f77c8ce91fc5 HTTP/1.1" status: 404 len: 347 time: 0.0093045
2026-07-15 06:05:50.935 9 INFO neutron.wsgi [req-a00f9a57-500c-4a48-857a-3fcc46238278 req-91693da8-fb67-4542-a047-c6cb5efe591b 9a82ac1da5754bbdb697e9cca54f76ce 63c86a0857f2498a9e7d03bcfb5e414a - - default default] 10.0.0.185 "GET /v2.0/security-groups?id=205cf142-12b1-475f-9317-452d813d1806&fields=id&fields=name HTTP/1.1" status: 200 len: 312 time: 0.0401537
2026-07-15 06:05:51.028 9 INFO neutron.wsgi [None req-32440255-a3ef-4998-9a8b-ad2696a3f51c b12c0261aabc4148a8d14edbab9a42f1 4faf39b8e0cd4b7f8a7fa5fe4a037441 - - default default] 10.0.0.193 "DELETE /v2.0/routers/c3ffb95a-276c-41c0-8cca-15934a4470f0 HTTP/1.1" status: 204 len: 168 time: 0.7489839
2026-07-15 06:05:51.089 9 INFO neutron.wsgi [-] 10.0.0.240 "GET / HTTP/1.1" status: 200 len: 246 time: 0.0014145
2026-07-15 06:05:51.091 9 INFO neutron.wsgi [-] 10.0.0.240 "GET / HTTP/1.1" status: 200 len: 246 time: 0.0009341
2026-07-15 06:05:51.121 10 INFO neutron.wsgi [req-be93bb15-954e-4903-bf2c-969d487c9b4c req-118fe87a-0e60-4697-9dbc-f7fa6dad16e5 9a82ac1da5754bbdb697e9cca54f76ce 63c86a0857f2498a9e7d03bcfb5e414a - - default default] 199.204.45.153 "GET /v2.0/ports?device_id=9c14f1bf-5b61-4316-a94b-03070fd75055&device_owner=compute%3Anova&fixed_ips=ip_address%3D10.100.0.7 HTTP/1.1" status: 200 len: 1348 time: 0.0768716
2026-07-15 06:05:51.182 9 INFO neutron.notifiers.nova [-] Nova event matching ['req-53ec3e4d-3a22-4d04-9207-24ff263ff76a'] response: {'server_uuid': '5a3a4d01-1a58-4485-bf80-6dfcf2e670c9', 'name': 'network-vif-deleted', 'tag': '300dc841-5f8a-4e25-a77e-2f812b1c862c', 'status': 'completed', 'code': 200}
2026-07-15 06:05:51.210 9 INFO neutron.wsgi [None req-4aeac97e-908e-42e9-a524-59840e3d820e b12c0261aabc4148a8d14edbab9a42f1 4faf39b8e0cd4b7f8a7fa5fe4a037441 - - default default] 10.0.0.193 "DELETE /v2.0/subnets/1dfa8f8e-5ec6-4fff-9cf0-bcbe68bcc010 HTTP/1.1" status: 204 len: 168 time: 0.1778004
2026-07-15 06:05:51.509 9 INFO neutron.services.segments.plugin [-] Segment 4de13bfc-7d76-4b14-980b-4ba7db205656 resource provider aggregate not found
2026-07-15 06:05:51.515 9 INFO neutron.services.segments.plugin [-] Segment 4de13bfc-7d76-4b14-980b-4ba7db205656 resource provider aggregate not found
2026-07-15 06:05:51.529 9 INFO neutron.services.segments.plugin [-] Segment 4de13bfc-7d76-4b14-980b-4ba7db205656 resource provider not found; error: Placement Client Error (4xx): {"errors": [{"status": 404, "title": "Not Found", "detail": "The resource could not be found.\n\n No resource provider with uuid 4de13bfc-7d76-4b14-980b-4ba7db205656 found for delete ", "request_id": "req-a4f28d2a-eca4-4d49-9fce-1edde1fec8fd"}]}
2026-07-15 06:05:51.530 9 INFO neutron.services.segments.plugin [-] Segment 4de13bfc-7d76-4b14-980b-4ba7db205656 resource provider not found; error: Placement Client Error (4xx): {"errors": [{"status": 404, "title": "Not Found", "detail": "The resource could not be found.\n\n No resource provider with uuid 4de13bfc-7d76-4b14-980b-4ba7db205656 found for delete ", "request_id": "req-70ac9413-37f9-462e-a7d1-4b5e456340f5"}]}
2026-07-15 06:05:51.553 9 INFO neutron.wsgi [None req-0299dd13-4ae6-49b7-9165-b5e4a9310a3f b12c0261aabc4148a8d14edbab9a42f1 4faf39b8e0cd4b7f8a7fa5fe4a037441 - - default default] 10.0.0.193 "DELETE /v2.0/networks/78703f10-058a-427b-bddf-bd39ee55cb1b HTTP/1.1" status: 204 len: 168 time: 0.3381178
2026-07-15 06:05:51.614 10 INFO neutron.wsgi [None req-fda26831-5a0d-4f2f-a2f1-b81bd7e279e9 fb956fae44734cb7af9f880a293fc698 53e448edf30e4e32b754ded8bbc34655 - - default default] 10.0.0.193 "DELETE /v2.0/floatingips/b1ea6b17-f12d-4682-85be-ebe5b9bf1b01 HTTP/1.1" status: 204 len: 168 time: 0.6876440
2026-07-15 06:05:51.684 9 INFO neutron.wsgi [None req-4ca0bdee-cec0-499c-b676-93326c0c439f b12c0261aabc4148a8d14edbab9a42f1 4faf39b8e0cd4b7f8a7fa5fe4a037441 - - default default] 10.0.0.193 "GET /v2.0/security-groups?tenant_id=59d65b2cc0fa42da8b400f39cb65b2fc&name=default HTTP/1.1" status: 200 len: 2996 time: 0.0399723
2026-07-15 06:05:51.856 10 INFO neutron.db.ovn_revision_numbers_db [req-be93bb15-954e-4903-bf2c-969d487c9b4c req-df459397-5158-4172-82bb-e769d8c95fb7 9a82ac1da5754bbdb697e9cca54f76ce 63c86a0857f2498a9e7d03bcfb5e414a - - default default] Successfully bumped revision number for resource e6767251-3488-49a3-bb9a-87402b63b0eb (type: ports) to 6
2026-07-15 06:05:51.869 10 INFO neutron.wsgi [req-be93bb15-954e-4903-bf2c-969d487c9b4c req-df459397-5158-4172-82bb-e769d8c95fb7 9a82ac1da5754bbdb697e9cca54f76ce 63c86a0857f2498a9e7d03bcfb5e414a - - default default] 199.204.45.153 "PUT /v2.0/ports/e6767251-3488-49a3-bb9a-87402b63b0eb HTTP/1.1" status: 200 len: 1167 time: 0.7399070 /var/lib/openstack/lib/python3.10/site-packages/pycadf/identifier.py:71: UserWarning: Invalid uuid: neutron. To ensure interoperability, identifiers should be a valid uuid. warnings.warn(('Invalid uuid: %s. To ensure interoperability, '
2026-07-15 06:05:51.923 10 INFO neutron.wsgi [req-be93bb15-954e-4903-bf2c-969d487c9b4c req-04e354fa-e780-4dbd-b045-95cfc251725d 5ddb7c26a91f4aee83815da130d7fc8c 642a17d38a284a24b594effabaf0fd35 - - 2d0863a0ba5346be999fbb03d6fa654f 2d0863a0ba5346be999fbb03d6fa654f] 199.204.45.153 "GET /v2.0/ports?tenant_id=63c86a0857f2498a9e7d03bcfb5e414a&device_id=9c14f1bf-5b61-4316-a94b-03070fd75055 HTTP/1.1" status: 200 len: 1409 time: 0.0312364
2026-07-15 06:05:51.958 9 INFO neutron.wsgi [None req-10ac3c49-9417-44ad-8697-4a79278022d4 b12c0261aabc4148a8d14edbab9a42f1 4faf39b8e0cd4b7f8a7fa5fe4a037441 - - default default] 10.0.0.193 "DELETE /v2.0/security-groups/34a86e9c-c326-4529-b503-edb06b31ebcc HTTP/1.1" status: 204 len: 168 time: 0.2696507
2026-07-15 06:05:51.980 10 INFO neutron.wsgi [req-be93bb15-954e-4903-bf2c-969d487c9b4c req-00ede432-d057-4088-b744-668c4332fd9d 5ddb7c26a91f4aee83815da130d7fc8c 642a17d38a284a24b594effabaf0fd35 - - 2d0863a0ba5346be999fbb03d6fa654f 2d0863a0ba5346be999fbb03d6fa654f] 199.204.45.153 "GET /v2.0/networks?id=f700deb6-477b-4da4-8ad7-62f116a61843 HTTP/1.1" status: 200 len: 982 time: 0.0501382
2026-07-15 06:05:52.026 10 INFO neutron.wsgi [req-be93bb15-954e-4903-bf2c-969d487c9b4c req-1dfc22b5-c343-42ed-8a2d-b65feb74d25c 5ddb7c26a91f4aee83815da130d7fc8c 642a17d38a284a24b594effabaf0fd35 - - 2d0863a0ba5346be999fbb03d6fa654f 2d0863a0ba5346be999fbb03d6fa654f] 199.204.45.153 "GET /v2.0/floatingips?fixed_ip_address=10.100.0.6&port_id=e6767251-3488-49a3-bb9a-87402b63b0eb HTTP/1.1" status: 200 len: 1059 time: 0.0375822
2026-07-15 06:05:52.085 10 INFO neutron.wsgi [req-be93bb15-954e-4903-bf2c-969d487c9b4c req-15178717-a55d-44d0-aa24-22f2e2c4f89f 5ddb7c26a91f4aee83815da130d7fc8c 642a17d38a284a24b594effabaf0fd35 - - 2d0863a0ba5346be999fbb03d6fa654f 2d0863a0ba5346be999fbb03d6fa654f] 199.204.45.153 "GET /v2.0/subnets?id=eba45576-22f0-4aba-818b-5d227fdd4caf HTTP/1.1" status: 200 len: 877 time: 0.0516241
2026-07-15 06:05:52.101 10 INFO neutron.notifiers.nova [-] Nova event matching ['req-cb7a3680-9a9a-459c-87a3-d6573f36dfa0'] response: {'name': 'network-changed', 'server_uuid': '9c14f1bf-5b61-4316-a94b-03070fd75055', 'tag': 'e6767251-3488-49a3-bb9a-87402b63b0eb', 'status': 'completed', 'code': 200}
2026-07-15 06:05:52.117 10 INFO neutron.wsgi [req-be93bb15-954e-4903-bf2c-969d487c9b4c req-3fb10ebd-e8c6-485b-a1fb-f5e8eac91089 5ddb7c26a91f4aee83815da130d7fc8c 642a17d38a284a24b594effabaf0fd35 - - 2d0863a0ba5346be999fbb03d6fa654f 2d0863a0ba5346be999fbb03d6fa654f] 199.204.45.153 "GET /v2.0/ports?network_id=f700deb6-477b-4da4-8ad7-62f116a61843&device_owner=network%3Adhcp HTTP/1.1" status: 200 len: 210 time: 0.0243106
