2026-07-15 06:05:20.766 9 INFO neutron.wsgi [req-673ad113-318e-46a6-b4aa-431b6b6913c1 req-33f4a03b-9e28-45fe-84d4-6c0e74dd4bf9 5ddb7c26a91f4aee83815da130d7fc8c 642a17d38a284a24b594effabaf0fd35 - - 2d0863a0ba5346be999fbb03d6fa654f 2d0863a0ba5346be999fbb03d6fa654f] 10.0.0.185 "GET /v2.0/networks/9eacf98c-9a56-4fbb-aa2d-259e7b23505c?fields=provider%3Aphysical_network&fields=provider%3Anetwork_type HTTP/1.1" status: 200 len: 277 time: 0.1111131
2026-07-15 06:05:20.829 9 INFO neutron.wsgi [req-3ea05dd6-c254-442d-9416-39d68b9fd7da req-f7e4214a-05d9-4cad-93f4-8890472900bb 5ddb7c26a91f4aee83815da130d7fc8c 642a17d38a284a24b594effabaf0fd35 - - 2d0863a0ba5346be999fbb03d6fa654f 2d0863a0ba5346be999fbb03d6fa654f] 199.204.45.153 "GET /v2.0/networks?id=dcd278e9-286e-4f1b-b0e5-f021718709b3 HTTP/1.1" status: 200 len: 972 time: 0.0932636
2026-07-15 06:05:20.830 9 INFO neutron.db.ovn_revision_numbers_db [None req-a7172a87-533a-4534-a2f0-8417a488c5bc b12c0261aabc4148a8d14edbab9a42f1 4faf39b8e0cd4b7f8a7fa5fe4a037441 - - default default] Successfully bumped revision number for resource c8d4656a-ed54-4c29-8453-34393dd0f627 (type: ports) to 1
2026-07-15 06:05:20.844 10 INFO neutron.db.ovn_revision_numbers_db [None req-bd080fbb-af7d-4256-98ed-a2aa9d0725dc - - - - - -] Successfully bumped revision number for resource e556e273-e675-44eb-8334-42ae0a81667d (type: ports) to 4
2026-07-15 06:05:20.892 9 INFO neutron.wsgi [req-3ea05dd6-c254-442d-9416-39d68b9fd7da req-0cd1ae3a-88db-42ed-9ccd-82a3e878d7a1 5ddb7c26a91f4aee83815da130d7fc8c 642a17d38a284a24b594effabaf0fd35 - - 2d0863a0ba5346be999fbb03d6fa654f 2d0863a0ba5346be999fbb03d6fa654f] 199.204.45.153 "GET /v2.0/floatingips?fixed_ip_address=10.100.0.4&port_id=300dc841-5f8a-4e25-a77e-2f812b1c862c HTTP/1.1" status: 200 len: 1059 time: 0.0561779
2026-07-15 06:05:20.911 9 INFO neutron.wsgi [req-4adfefb8-bc58-4984-9865-82653863ae2b req-0b026235-7331-4680-9883-47b9e3598436 90522198f8bd48c584d501b4e79b448a e1dd8729cefd4cb9a227f3d01d16837f - - default default] 10.0.0.185 "GET /v2.0/ports?device_id=eb3b806b-6c3a-43a4-8a80-a596d4aec969 HTTP/1.1" status: 200 len: 210 time: 0.0282540
2026-07-15 06:05:20.946 9 INFO neutron.wsgi [req-3ea05dd6-c254-442d-9416-39d68b9fd7da req-1e3f286b-b235-4fb6-9c6e-71ba0dac03b3 5ddb7c26a91f4aee83815da130d7fc8c 642a17d38a284a24b594effabaf0fd35 - - 2d0863a0ba5346be999fbb03d6fa654f 2d0863a0ba5346be999fbb03d6fa654f] 199.204.45.153 "GET /v2.0/subnets?id=84168f17-84f7-4849-86b5-9359da1fc752 HTTP/1.1" status: 200 len: 868 time: 0.0472524
2026-07-15 06:05:20.974 9 INFO neutron.wsgi [req-3ea05dd6-c254-442d-9416-39d68b9fd7da req-4f7e0806-0109-4977-a820-c690e7b28fdf 5ddb7c26a91f4aee83815da130d7fc8c 642a17d38a284a24b594effabaf0fd35 - - 2d0863a0ba5346be999fbb03d6fa654f 2d0863a0ba5346be999fbb03d6fa654f] 199.204.45.153 "GET /v2.0/ports?network_id=dcd278e9-286e-4f1b-b0e5-f021718709b3&device_owner=network%3Adhcp HTTP/1.1" status: 200 len: 210 time: 0.0214787
2026-07-15 06:05:21.043 9 INFO neutron.wsgi [req-3ea05dd6-c254-442d-9416-39d68b9fd7da req-c258122e-076b-4c58-8553-4318f39cfd3d 5ddb7c26a91f4aee83815da130d7fc8c 642a17d38a284a24b594effabaf0fd35 - - 2d0863a0ba5346be999fbb03d6fa654f 2d0863a0ba5346be999fbb03d6fa654f] 199.204.45.153 "GET /v2.0/networks/dcd278e9-286e-4f1b-b0e5-f021718709b3?fields=segments HTTP/1.1" status: 200 len: 212 time: 0.0623484
2026-07-15 06:05:21.090 9 INFO neutron.wsgi [-] 10.0.0.240 "GET / HTTP/1.1" status: 200 len: 246 time: 0.0013013
2026-07-15 06:05:21.091 9 INFO neutron.wsgi [-] 10.0.0.240 "GET / HTTP/1.1" status: 200 len: 246 time: 0.0008917
2026-07-15 06:05:21.122 9 INFO neutron.wsgi [req-3ea05dd6-c254-442d-9416-39d68b9fd7da req-5fb985c0-b21c-4b59-af4c-299587e234e1 5ddb7c26a91f4aee83815da130d7fc8c 642a17d38a284a24b594effabaf0fd35 - - 2d0863a0ba5346be999fbb03d6fa654f 2d0863a0ba5346be999fbb03d6fa654f] 199.204.45.153 "GET /v2.0/networks/dcd278e9-286e-4f1b-b0e5-f021718709b3?fields=provider%3Aphysical_network&fields=provider%3Anetwork_type HTTP/1.1" status: 200 len: 277 time: 0.0704391
2026-07-15 06:05:21.146 10 INFO neutron.db.ovn_revision_numbers_db [None req-bd080fbb-af7d-4256-98ed-a2aa9d0725dc - - - - - -] Successfully bumped revision number for resource e556e273-e675-44eb-8334-42ae0a81667d (type: router_ports) to 4
2026-07-15 06:05:21.287 9 INFO neutron.plugins.ml2.drivers.ovn.mech_driver.mech_driver [None req-2052610e-e2e3-4021-9f7b-abd298d398dc - - - - - -] OVN reports status up for port: c8d4656a-ed54-4c29-8453-34393dd0f627
2026-07-15 06:05:21.303 9 INFO neutron.plugins.ml2.plugin [None req-2052610e-e2e3-4021-9f7b-abd298d398dc - - - - - -] Attempt 1 to provision port c8d4656a-ed54-4c29-8453-34393dd0f627
2026-07-15 06:05:21.330 9 INFO neutron.db.ovn_revision_numbers_db [None req-a7172a87-533a-4534-a2f0-8417a488c5bc b12c0261aabc4148a8d14edbab9a42f1 4faf39b8e0cd4b7f8a7fa5fe4a037441 - - default default] Successfully bumped revision number for resource c8d4656a-ed54-4c29-8453-34393dd0f627 (type: router_ports) to 1
2026-07-15 06:05:21.572 9 INFO neutron.db.ovn_revision_numbers_db [None req-a7172a87-533a-4534-a2f0-8417a488c5bc b12c0261aabc4148a8d14edbab9a42f1 4faf39b8e0cd4b7f8a7fa5fe4a037441 - - default default] Successfully bumped revision number for resource c8d4656a-ed54-4c29-8453-34393dd0f627 (type: ports) to 1
2026-07-15 06:05:21.645 9 INFO neutron.wsgi [req-673ad113-318e-46a6-b4aa-431b6b6913c1 req-1aed5df3-d9de-4a4f-910b-43efc01ba949 90522198f8bd48c584d501b4e79b448a e1dd8729cefd4cb9a227f3d01d16837f - - default default] 199.204.45.153 "GET /v2.0/networks?id=9eacf98c-9a56-4fbb-aa2d-259e7b23505c HTTP/1.1" status: 200 len: 868 time: 0.1135457
2026-07-15 06:05:21.702 9 WARNING neutron.scheduler.dhcp_agent_scheduler [None req-a7172a87-533a-4534-a2f0-8417a488c5bc b12c0261aabc4148a8d14edbab9a42f1 4faf39b8e0cd4b7f8a7fa5fe4a037441 - - default default] No more DHCP agents
2026-07-15 06:05:21.707 9 WARNING neutron.api.rpc.agentnotifiers.dhcp_rpc_agent_api [None req-a7172a87-533a-4534-a2f0-8417a488c5bc b12c0261aabc4148a8d14edbab9a42f1 4faf39b8e0cd4b7f8a7fa5fe4a037441 - - default default] Unable to schedule network f700deb6-477b-4da4-8ad7-62f116a61843: no agents available; will retry on subsequent port and subnet creation events.
2026-07-15 06:05:21.714 9 INFO neutron.wsgi [req-673ad113-318e-46a6-b4aa-431b6b6913c1 req-e3239096-49a4-4a68-8aff-a154f7e892e7 90522198f8bd48c584d501b4e79b448a e1dd8729cefd4cb9a227f3d01d16837f - - default default] 199.204.45.153 "GET /v2.0/security-groups?fields=id&fields=name&tenant_id=e1dd8729cefd4cb9a227f3d01d16837f HTTP/1.1" status: 200 len: 380 time: 0.0631547
2026-07-15 06:05:21.722 9 INFO neutron.db.ovn_revision_numbers_db [None req-2052610e-e2e3-4021-9f7b-abd298d398dc - - - - - -] Successfully bumped revision number for resource c8d4656a-ed54-4c29-8453-34393dd0f627 (type: ports) to 2
2026-07-15 06:05:22.131 9 INFO neutron.db.ovn_revision_numbers_db [None req-2052610e-e2e3-4021-9f7b-abd298d398dc - - - - - -] Successfully bumped revision number for resource c8d4656a-ed54-4c29-8453-34393dd0f627 (type: router_ports) to 2
2026-07-15 06:05:22.150 9 INFO neutron.wsgi [req-54bb871b-b33d-4ff1-9e59-6b4eb6e4ca07 req-ccb8fc9b-f600-4913-a10b-8d9d79ca3a70 90522198f8bd48c584d501b4e79b448a e1dd8729cefd4cb9a227f3d01d16837f - - default default] 10.0.0.185 "GET /v2.0/ports?device_id=eb3b806b-6c3a-43a4-8a80-a596d4aec969 HTTP/1.1" status: 200 len: 210 time: 0.0299025
2026-07-15 06:05:22.164 10 INFO neutron.wsgi [None req-e566ab85-8a55-4a32-9211-5a55f0f50992 b12c0261aabc4148a8d14edbab9a42f1 4faf39b8e0cd4b7f8a7fa5fe4a037441 - - default default] 10.0.0.193 "PUT /v2.0/routers/5a95e5e4-bfc2-4cef-8376-0c6c8754e36c/remove_router_interface HTTP/1.1" status: 200 len: 503 time: 1.4138107 /var/lib/openstack/lib/python3.10/site-packages/pycadf/identifier.py:71: UserWarning: Invalid uuid: neutron. To ensure interoperability, identifiers should be a valid uuid. warnings.warn(('Invalid uuid: %s. To ensure interoperability, '
2026-07-15 06:05:22.188 10 WARNING neutron.plugins.ml2.drivers.ovn.mech_driver.ovsdb.ovn_client [None req-075daebd-3661-410b-84e4-7c0e99986985 - - - - - -] No hosting information found for port 94d2125d-22e6-4c4b-85e2-bcb847421c1b: RuntimeError: No hosting information found for port 94d2125d-22e6-4c4b-85e2-bcb847421c1b
2026-07-15 06:05:22.237 10 INFO neutron.plugins.ml2.drivers.ovn.mech_driver.mech_driver [None req-075daebd-3661-410b-84e4-7c0e99986985 - - - - - -] OVN reports status up for port: e556e273-e675-44eb-8334-42ae0a81667d
2026-07-15 06:05:22.265 10 INFO neutron.plugins.ml2.plugin [None req-075daebd-3661-410b-84e4-7c0e99986985 - - - - - -] Attempt 1 to provision port e556e273-e675-44eb-8334-42ae0a81667d
2026-07-15 06:05:22.395 9 WARNING neutron.scheduler.dhcp_agent_scheduler [req-673ad113-318e-46a6-b4aa-431b6b6913c1 req-099c7d06-e104-49f7-b18d-bc3a46297bdf 90522198f8bd48c584d501b4e79b448a e1dd8729cefd4cb9a227f3d01d16837f - - default default] No more DHCP agents
2026-07-15 06:05:22.399 9 WARNING neutron.api.rpc.agentnotifiers.dhcp_rpc_agent_api [req-673ad113-318e-46a6-b4aa-431b6b6913c1 req-099c7d06-e104-49f7-b18d-bc3a46297bdf 90522198f8bd48c584d501b4e79b448a e1dd8729cefd4cb9a227f3d01d16837f - - default default] Unable to schedule network 9eacf98c-9a56-4fbb-aa2d-259e7b23505c: no agents available; will retry on subsequent port and subnet creation events.
2026-07-15 06:05:22.629 9 INFO neutron.db.ovn_revision_numbers_db [req-673ad113-318e-46a6-b4aa-431b6b6913c1 req-099c7d06-e104-49f7-b18d-bc3a46297bdf 90522198f8bd48c584d501b4e79b448a e1dd8729cefd4cb9a227f3d01d16837f - - default default] Successfully bumped revision number for resource d71d13bc-134c-45e4-9cb5-e3f9788da96a (type: ports) to 1
2026-07-15 06:05:22.655 9 INFO neutron.wsgi [req-673ad113-318e-46a6-b4aa-431b6b6913c1 req-099c7d06-e104-49f7-b18d-bc3a46297bdf 90522198f8bd48c584d501b4e79b448a e1dd8729cefd4cb9a227f3d01d16837f - - default default] 199.204.45.153 "POST /v2.0/ports HTTP/1.1" status: 201 len: 1162 time: 0.9283805 /var/lib/openstack/lib/python3.10/site-packages/pycadf/identifier.py:71: UserWarning: Invalid uuid: neutron. To ensure interoperability, identifiers should be a valid uuid. warnings.warn(('Invalid uuid: %s. To ensure interoperability, '
2026-07-15 06:05:22.833 10 INFO neutron.wsgi [None req-fcf6680a-4163-4257-be65-9ec2239486f4 b12c0261aabc4148a8d14edbab9a42f1 4faf39b8e0cd4b7f8a7fa5fe4a037441 - - default default] 10.0.0.193 "DELETE /v2.0/routers/5a95e5e4-bfc2-4cef-8376-0c6c8754e36c HTTP/1.1" status: 204 len: 168 time: 0.6654286 /var/lib/openstack/lib/python3.10/site-packages/pycadf/identifier.py:71: UserWarning: Invalid uuid: neutron. To ensure interoperability, identifiers should be a valid uuid. warnings.warn(('Invalid uuid: %s. To ensure interoperability, '
2026-07-15 06:05:22.875 9 INFO neutron.db.ovn_revision_numbers_db [None req-a7172a87-533a-4534-a2f0-8417a488c5bc b12c0261aabc4148a8d14edbab9a42f1 4faf39b8e0cd4b7f8a7fa5fe4a037441 - - default default] Successfully bumped revision number for resource c8d4656a-ed54-4c29-8453-34393dd0f627 (type: router_ports) to 2
2026-07-15 06:05:22.877 9 INFO neutron.wsgi [None req-a7172a87-533a-4534-a2f0-8417a488c5bc b12c0261aabc4148a8d14edbab9a42f1 4faf39b8e0cd4b7f8a7fa5fe4a037441 - - default default] 10.0.0.193 "PUT /v2.0/routers/6899e90f-ad84-4915-beff-8160078ee56e/add_router_interface HTTP/1.1" status: 200 len: 503 time: 3.1175244
2026-07-15 06:05:23.023 10 INFO neutron.wsgi [None req-c9f51469-bad6-40da-8ea1-10602667f4c1 b12c0261aabc4148a8d14edbab9a42f1 4faf39b8e0cd4b7f8a7fa5fe4a037441 - - default default] 10.0.0.193 "DELETE /v2.0/subnets/9e99e8d5-6d7e-4f3d-9c06-4f6c3e3a4a1a HTTP/1.1" status: 204 len: 168 time: 0.1845753
2026-07-15 06:05:23.082 9 INFO neutron.db.ovn_revision_numbers_db [req-673ad113-318e-46a6-b4aa-431b6b6913c1 req-c1ada35e-0917-46fd-b2b0-bfb8c3b753ad 5ddb7c26a91f4aee83815da130d7fc8c 642a17d38a284a24b594effabaf0fd35 - - 2d0863a0ba5346be999fbb03d6fa654f 2d0863a0ba5346be999fbb03d6fa654f] Successfully bumped revision number for resource d71d13bc-134c-45e4-9cb5-e3f9788da96a (type: ports) to 2 /var/lib/openstack/lib/python3.10/site-packages/pycadf/identifier.py:71: UserWarning: Invalid uuid: neutron. To ensure interoperability, identifiers should be a valid uuid. warnings.warn(('Invalid uuid: %s. To ensure interoperability, '
2026-07-15 06:05:23.285 9 INFO neutron.wsgi [req-1ec26e45-1d85-4fcc-a9da-a9a3786dc9d7 req-bc35aae6-721c-4df7-a36f-6f1eadd447d6 90522198f8bd48c584d501b4e79b448a e1dd8729cefd4cb9a227f3d01d16837f - - default default] 10.0.0.185 "GET /v2.0/ports?device_id=eb3b806b-6c3a-43a4-8a80-a596d4aec969 HTTP/1.1" status: 200 len: 1172 time: 0.0616860 /var/lib/openstack/lib/python3.10/site-packages/pycadf/identifier.py:71: UserWarning: Invalid uuid: neutron. To ensure interoperability, identifiers should be a valid uuid. warnings.warn(('Invalid uuid: %s. To ensure interoperability, '
2026-07-15 06:05:23.347 9 INFO neutron.wsgi [req-1ec26e45-1d85-4fcc-a9da-a9a3786dc9d7 req-d27f373d-4f21-4bfe-968b-54a175f870a9 90522198f8bd48c584d501b4e79b448a e1dd8729cefd4cb9a227f3d01d16837f - - default default] 10.0.0.185 "GET /v2.0/security-groups?id=ea811dab-e36d-4769-8900-1cb34cc2ba65&fields=id&fields=name HTTP/1.1" status: 200 len: 313 time: 0.0527313
2026-07-15 06:05:23.359 9 INFO neutron.db.ovn_revision_numbers_db [req-673ad113-318e-46a6-b4aa-431b6b6913c1 req-c1ada35e-0917-46fd-b2b0-bfb8c3b753ad 5ddb7c26a91f4aee83815da130d7fc8c 642a17d38a284a24b594effabaf0fd35 - - 2d0863a0ba5346be999fbb03d6fa654f 2d0863a0ba5346be999fbb03d6fa654f] Successfully bumped revision number for resource d71d13bc-134c-45e4-9cb5-e3f9788da96a (type: ports) to 2
2026-07-15 06:05:23.371 9 INFO neutron.wsgi [req-673ad113-318e-46a6-b4aa-431b6b6913c1 req-c1ada35e-0917-46fd-b2b0-bfb8c3b753ad 5ddb7c26a91f4aee83815da130d7fc8c 642a17d38a284a24b594effabaf0fd35 - - 2d0863a0ba5346be999fbb03d6fa654f 2d0863a0ba5346be999fbb03d6fa654f] 199.204.45.153 "PUT /v2.0/ports/d71d13bc-134c-45e4-9cb5-e3f9788da96a HTTP/1.1" status: 200 len: 1380 time: 0.6958828
2026-07-15 06:05:23.409 9 INFO neutron.notifiers.nova [-] Nova event matching ['req-3cc065e5-fd81-4385-ad41-d34d19405f11'] response: {'name': 'network-changed', 'server_uuid': 'eb3b806b-6c3a-43a4-8a80-a596d4aec969', 'tag': 'd71d13bc-134c-45e4-9cb5-e3f9788da96a', 'status': 'completed', 'code': 200}
2026-07-15 06:05:23.445 9 INFO neutron.wsgi [req-673ad113-318e-46a6-b4aa-431b6b6913c1 req-a9526d3b-0079-472e-8fa6-ca73c74c1019 5ddb7c26a91f4aee83815da130d7fc8c 642a17d38a284a24b594effabaf0fd35 - - 2d0863a0ba5346be999fbb03d6fa654f 2d0863a0ba5346be999fbb03d6fa654f] 199.204.45.153 "GET /v2.0/ports?tenant_id=e1dd8729cefd4cb9a227f3d01d16837f&device_id=eb3b806b-6c3a-43a4-8a80-a596d4aec969 HTTP/1.1" status: 200 len: 1411 time: 0.0347254
2026-07-15 06:05:23.478 9 INFO neutron.wsgi [req-673ad113-318e-46a6-b4aa-431b6b6913c1 req-0b9d6f6e-cbe9-47dc-900c-5053001b34ed 5ddb7c26a91f4aee83815da130d7fc8c 642a17d38a284a24b594effabaf0fd35 - - 2d0863a0ba5346be999fbb03d6fa654f 2d0863a0ba5346be999fbb03d6fa654f] 199.204.45.153 "GET /v2.0/floatingips?fixed_ip_address=10.100.0.12&port_id=d71d13bc-134c-45e4-9cb5-e3f9788da96a HTTP/1.1" status: 200 len: 217 time: 0.0233662
2026-07-15 06:05:23.486 10 INFO neutron.wsgi [None req-bd652406-2583-444c-8ac5-11bafedb77af b12c0261aabc4148a8d14edbab9a42f1 4faf39b8e0cd4b7f8a7fa5fe4a037441 - - default default] 10.0.0.193 "DELETE /v2.0/networks/c3506c0f-ddd5-4c2e-b5f3-68a3af1523a6 HTTP/1.1" status: 204 len: 168 time: 0.4573276
2026-07-15 06:05:23.516 9 INFO neutron.wsgi [req-673ad113-318e-46a6-b4aa-431b6b6913c1 req-8d62886a-b64a-440d-bb60-6e7917fcd5b3 5ddb7c26a91f4aee83815da130d7fc8c 642a17d38a284a24b594effabaf0fd35 - - 2d0863a0ba5346be999fbb03d6fa654f 2d0863a0ba5346be999fbb03d6fa654f] 199.204.45.153 "GET /v2.0/subnets?id=4ec58217-1d69-4b8b-a755-d621782432a6 HTTP/1.1" status: 200 len: 862 time: 0.0305731
2026-07-15 06:05:23.541 9 INFO neutron.wsgi [req-673ad113-318e-46a6-b4aa-431b6b6913c1 req-c8950a7e-6732-4f69-b71a-30116f6bb69b 5ddb7c26a91f4aee83815da130d7fc8c 642a17d38a284a24b594effabaf0fd35 - - 2d0863a0ba5346be999fbb03d6fa654f 2d0863a0ba5346be999fbb03d6fa654f] 199.204.45.153 "GET /v2.0/ports?network_id=9eacf98c-9a56-4fbb-aa2d-259e7b23505c&device_owner=network%3Adhcp HTTP/1.1" status: 200 len: 210 time: 0.0190501
2026-07-15 06:05:23.611 9 INFO neutron.db.ovn_revision_numbers_db [None req-5c477766-4879-4baa-a2d6-8f8f2a6243dd 9a82ac1da5754bbdb697e9cca54f76ce 63c86a0857f2498a9e7d03bcfb5e414a - - default default] Successfully bumped revision number for resource 205cf142-12b1-475f-9317-452d813d1806 (type: security_groups) to 1
2026-07-15 06:05:23.617 9 INFO neutron.wsgi [req-673ad113-318e-46a6-b4aa-431b6b6913c1 req-f0a6fb70-f218-459e-8052-78dc5d5e284d 5ddb7c26a91f4aee83815da130d7fc8c 642a17d38a284a24b594effabaf0fd35 - - 2d0863a0ba5346be999fbb03d6fa654f 2d0863a0ba5346be999fbb03d6fa654f] 199.204.45.153 "GET /v2.0/networks/9eacf98c-9a56-4fbb-aa2d-259e7b23505c?fields=segments HTTP/1.1" status: 200 len: 212 time: 0.0694101
2026-07-15 06:05:23.631 9 INFO neutron.db.ovn_revision_numbers_db [None req-5c477766-4879-4baa-a2d6-8f8f2a6243dd 9a82ac1da5754bbdb697e9cca54f76ce 63c86a0857f2498a9e7d03bcfb5e414a - - default default] Successfully bumped revision number for resource 71a4228e-dfd3-42b0-ac6f-4ca6f8b0d4b4 (type: security_group_rules) to 0
2026-07-15 06:05:23.643 10 INFO neutron.wsgi [None req-7a3683c7-23df-4a90-bae2-dedc55362753 b12c0261aabc4148a8d14edbab9a42f1 4faf39b8e0cd4b7f8a7fa5fe4a037441 - - default default] 10.0.0.193 "GET /v2.0/security-groups?tenant_id=ec4107e8891b440582c31f6c430d0ecb&name=default HTTP/1.1" status: 200 len: 2992 time: 0.0360019
2026-07-15 06:05:23.654 9 INFO neutron.db.ovn_revision_numbers_db [None req-5c477766-4879-4baa-a2d6-8f8f2a6243dd 9a82ac1da5754bbdb697e9cca54f76ce 63c86a0857f2498a9e7d03bcfb5e414a - - default default] Successfully bumped revision number for resource a5368c7e-4a67-408d-82a5-fc9d25f4141c (type: security_group_rules) to 0
2026-07-15 06:05:23.678 9 INFO neutron.wsgi [None req-5c477766-4879-4baa-a2d6-8f8f2a6243dd 9a82ac1da5754bbdb697e9cca54f76ce 63c86a0857f2498a9e7d03bcfb5e414a - - default default] 10.0.0.193 "POST /v2.0/security-groups HTTP/1.1" status: 201 len: 1796 time: 0.2557669
2026-07-15 06:05:23.698 9 INFO neutron.wsgi [req-673ad113-318e-46a6-b4aa-431b6b6913c1 req-e23634f0-24f4-47ce-919f-7ea31d6836c2 5ddb7c26a91f4aee83815da130d7fc8c 642a17d38a284a24b594effabaf0fd35 - - 2d0863a0ba5346be999fbb03d6fa654f 2d0863a0ba5346be999fbb03d6fa654f] 199.204.45.153 "GET /v2.0/networks/9eacf98c-9a56-4fbb-aa2d-259e7b23505c?fields=provider%3Aphysical_network&fields=provider%3Anetwork_type HTTP/1.1" status: 200 len: 277 time: 0.0741105
2026-07-15 06:05:23.788 9 INFO neutron.wsgi [req-45067121-a845-423e-b291-ae200bca2d5a req-2d0ce6e1-e735-4d2f-93b2-f2433f2a111e 5ddb7c26a91f4aee83815da130d7fc8c 642a17d38a284a24b594effabaf0fd35 - - 2d0863a0ba5346be999fbb03d6fa654f 2d0863a0ba5346be999fbb03d6fa654f] 199.204.45.153 "GET /v2.0/ports?tenant_id=e1dd8729cefd4cb9a227f3d01d16837f&device_id=eb3b806b-6c3a-43a4-8a80-a596d4aec969 HTTP/1.1" status: 200 len: 1411 time: 0.0421085
2026-07-15 06:05:23.825 10 INFO neutron.wsgi [None req-37edba1c-8d28-4472-8f4e-adb376189611 b12c0261aabc4148a8d14edbab9a42f1 4faf39b8e0cd4b7f8a7fa5fe4a037441 - - default default] 10.0.0.193 "DELETE /v2.0/security-groups/bc503bc3-f517-41fc-8e9c-d0fdd422238f HTTP/1.1" status: 204 len: 168 time: 0.1753342
2026-07-15 06:05:23.852 9 INFO neutron.db.ovn_revision_numbers_db [None req-dfb5d284-99d4-4635-ae20-681d5760b18c 9a82ac1da5754bbdb697e9cca54f76ce 63c86a0857f2498a9e7d03bcfb5e414a - - default default] Successfully bumped revision number for resource e7816df1-4964-44ca-a03b-f85f6ea6c679 (type: security_group_rules) to 0
2026-07-15 06:05:23.865 9 INFO neutron.wsgi [req-45067121-a845-423e-b291-ae200bca2d5a req-1846138f-485c-4420-959b-671d92980689 5ddb7c26a91f4aee83815da130d7fc8c 642a17d38a284a24b594effabaf0fd35 - - 2d0863a0ba5346be999fbb03d6fa654f 2d0863a0ba5346be999fbb03d6fa654f] 199.204.45.153 "GET /v2.0/networks?id=9eacf98c-9a56-4fbb-aa2d-259e7b23505c HTTP/1.1" status: 200 len: 966 time: 0.0732815
2026-07-15 06:05:23.887 10 INFO neutron.plugins.ml2.drivers.ovn.mech_driver.mech_driver [None req-075daebd-3661-410b-84e4-7c0e99986985 - - - - - -] OVN reports status up for port: d71d13bc-134c-45e4-9cb5-e3f9788da96a
2026-07-15 06:05:23.902 9 INFO neutron.wsgi [None req-dfb5d284-99d4-4635-ae20-681d5760b18c 9a82ac1da5754bbdb697e9cca54f76ce 63c86a0857f2498a9e7d03bcfb5e414a - - default default] 10.0.0.193 "POST /v2.0/security-group-rules HTTP/1.1" status: 201 len: 764 time: 0.2171531
2026-07-15 06:05:23.904 9 INFO neutron.wsgi [req-45067121-a845-423e-b291-ae200bca2d5a req-3cc97a8d-85c4-4fd1-b90f-bcd4bfcc30d1 5ddb7c26a91f4aee83815da130d7fc8c 642a17d38a284a24b594effabaf0fd35 - - 2d0863a0ba5346be999fbb03d6fa654f 2d0863a0ba5346be999fbb03d6fa654f] 199.204.45.153 "GET /v2.0/floatingips?fixed_ip_address=10.100.0.12&port_id=d71d13bc-134c-45e4-9cb5-e3f9788da96a HTTP/1.1" status: 200 len: 217 time: 0.0267196
2026-07-15 06:05:23.926 10 INFO neutron.plugins.ml2.plugin [None req-075daebd-3661-410b-84e4-7c0e99986985 - - - - - -] Attempt 1 to provision port d71d13bc-134c-45e4-9cb5-e3f9788da96a
2026-07-15 06:05:23.965 9 INFO neutron.wsgi [req-45067121-a845-423e-b291-ae200bca2d5a req-d82ffde2-7c53-47e6-9c02-20cf9595c26b 5ddb7c26a91f4aee83815da130d7fc8c 642a17d38a284a24b594effabaf0fd35 - - 2d0863a0ba5346be999fbb03d6fa654f 2d0863a0ba5346be999fbb03d6fa654f] 199.204.45.153 "GET /v2.0/subnets?id=4ec58217-1d69-4b8b-a755-d621782432a6 HTTP/1.1" status: 200 len: 862 time: 0.0475581
2026-07-15 06:05:23.989 9 INFO neutron.wsgi [req-45067121-a845-423e-b291-ae200bca2d5a req-635424ad-c015-4d7f-9438-fae07f35cc2c 5ddb7c26a91f4aee83815da130d7fc8c 642a17d38a284a24b594effabaf0fd35 - - 2d0863a0ba5346be999fbb03d6fa654f 2d0863a0ba5346be999fbb03d6fa654f] 199.204.45.153 "GET /v2.0/ports?network_id=9eacf98c-9a56-4fbb-aa2d-259e7b23505c&device_owner=network%3Adhcp HTTP/1.1" status: 200 len: 210 time: 0.0205629
2026-07-15 06:05:23.995 10 INFO neutron.services.segments.plugin [-] Segment e0cef254-4997-4600-8dcc-12cf822eb713 resource provider aggregate not found
2026-07-15 06:05:24.014 10 INFO neutron.services.segments.plugin [-] Segment e0cef254-4997-4600-8dcc-12cf822eb713 resource provider aggregate not found
2026-07-15 06:05:24.018 10 INFO neutron.services.segments.plugin [-] Segment e0cef254-4997-4600-8dcc-12cf822eb713 resource provider not found; error: Placement Client Error (4xx): {"errors": [{"status": 404, "title": "Not Found", "detail": "The resource could not be found.\n\n No resource provider with uuid e0cef254-4997-4600-8dcc-12cf822eb713 found for delete ", "request_id": "req-c9746e5e-cb08-482c-8cf8-6525d92a36c1"}]}
2026-07-15 06:05:24.034 10 INFO neutron.services.segments.plugin [-] Segment e0cef254-4997-4600-8dcc-12cf822eb713 resource provider not found; error: Placement Client Error (4xx): {"errors": [{"status": 404, "title": "Not Found", "detail": "The resource could not be found.\n\n No resource provider with uuid e0cef254-4997-4600-8dcc-12cf822eb713 found for delete ", "request_id": "req-0f7fa2bc-115e-4d23-a68c-f210f05ce186"}]}
2026-07-15 06:05:24.069 10 INFO neutron.notifiers.nova [-] Nova event matching ['req-793ec916-51d6-4572-9649-f2ccafcdf40e'] response: {'server_uuid': 'eb3b806b-6c3a-43a4-8a80-a596d4aec969', 'name': 'network-vif-plugged', 'status': 'completed', 'tag': 'd71d13bc-134c-45e4-9cb5-e3f9788da96a', 'code': 200}
2026-07-15 06:05:24.076 9 INFO neutron.wsgi [req-45067121-a845-423e-b291-ae200bca2d5a req-30f4c4dc-94d0-45c8-8fcf-653e158710be 5ddb7c26a91f4aee83815da130d7fc8c 642a17d38a284a24b594effabaf0fd35 - - 2d0863a0ba5346be999fbb03d6fa654f 2d0863a0ba5346be999fbb03d6fa654f] 199.204.45.153 "GET /v2.0/networks/9eacf98c-9a56-4fbb-aa2d-259e7b23505c?fields=segments HTTP/1.1" status: 200 len: 212 time: 0.0794027
2026-07-15 06:05:24.234 10 INFO neutron.db.ovn_revision_numbers_db [None req-075daebd-3661-410b-84e4-7c0e99986985 - - - - - -] Successfully bumped revision number for resource d71d13bc-134c-45e4-9cb5-e3f9788da96a (type: ports) to 4
2026-07-15 06:05:24.296 9 INFO neutron.db.ovn_revision_numbers_db [None req-0df04421-95bb-4502-9f8e-fbfe6e644ffb 9a82ac1da5754bbdb697e9cca54f76ce 63c86a0857f2498a9e7d03bcfb5e414a - - default default] Successfully bumped revision number for resource 18dcf0ea-0352-410f-be44-9abf040942f7 (type: security_group_rules) to 0
2026-07-15 06:05:24.328 9 INFO neutron.wsgi [req-45067121-a845-423e-b291-ae200bca2d5a req-84e04e0b-0539-420e-83fa-d554fae4693f 5ddb7c26a91f4aee83815da130d7fc8c 642a17d38a284a24b594effabaf0fd35 - - 2d0863a0ba5346be999fbb03d6fa654f 2d0863a0ba5346be999fbb03d6fa654f] 199.204.45.153 "GET /v2.0/networks/9eacf98c-9a56-4fbb-aa2d-259e7b23505c?fields=provider%3Aphysical_network&fields=provider%3Anetwork_type HTTP/1.1" status: 200 len: 277 time: 0.2449257
2026-07-15 06:05:24.330 9 INFO neutron.wsgi [None req-0df04421-95bb-4502-9f8e-fbfe6e644ffb 9a82ac1da5754bbdb697e9cca54f76ce 63c86a0857f2498a9e7d03bcfb5e414a - - default default] 10.0.0.193 "POST /v2.0/security-group-rules HTTP/1.1" status: 201 len: 769 time: 0.4229088
2026-07-15 06:05:24.464 9 INFO neutron.wsgi [req-1fe6628e-11e5-4ef5-b3e4-537acd2b2d3e req-33a15860-6436-44c1-8e10-f02eeeebb16a 90522198f8bd48c584d501b4e79b448a e1dd8729cefd4cb9a227f3d01d16837f - - default default] 10.0.0.185 "GET /v2.0/ports?device_id=eb3b806b-6c3a-43a4-8a80-a596d4aec969 HTTP/1.1" status: 200 len: 1174 time: 0.0346427
2026-07-15 06:05:24.519 9 INFO neutron.wsgi [req-1fe6628e-11e5-4ef5-b3e4-537acd2b2d3e req-0a8af12a-604c-4d3c-9fe2-6c62d665b09e 90522198f8bd48c584d501b4e79b448a e1dd8729cefd4cb9a227f3d01d16837f - - default default] 10.0.0.185 "GET /v2.0/security-groups?id=ea811dab-e36d-4769-8900-1cb34cc2ba65&fields=id&fields=name HTTP/1.1" status: 200 len: 313 time: 0.0468361
2026-07-15 06:05:24.669 9 WARNING neutron.scheduler.dhcp_agent_scheduler [None req-99044cd8-2366-408c-9202-293aec0b55d2 9a82ac1da5754bbdb697e9cca54f76ce 63c86a0857f2498a9e7d03bcfb5e414a - - default default] No more DHCP agents
2026-07-15 06:05:24.671 9 WARNING neutron.api.rpc.agentnotifiers.dhcp_rpc_agent_api [None req-99044cd8-2366-408c-9202-293aec0b55d2 9a82ac1da5754bbdb697e9cca54f76ce 63c86a0857f2498a9e7d03bcfb5e414a - - default default] Unable to schedule network bb37d091-3fbb-434e-9180-8c3496af7ade: no agents available; will retry on subsequent port and subnet creation events.
2026-07-15 06:05:24.983 9 INFO neutron.db.ovn_revision_numbers_db [None req-99044cd8-2366-408c-9202-293aec0b55d2 9a82ac1da5754bbdb697e9cca54f76ce 63c86a0857f2498a9e7d03bcfb5e414a - - default default] Successfully bumped revision number for resource f7324680-8dd8-4232-9691-0ceb253e0cd7 (type: floatingips) to 0
2026-07-15 06:05:24.998 9 INFO neutron.wsgi [None req-99044cd8-2366-408c-9202-293aec0b55d2 9a82ac1da5754bbdb697e9cca54f76ce 63c86a0857f2498a9e7d03bcfb5e414a - - default default] 10.0.0.193 "POST /v2.0/floatingips HTTP/1.1" status: 201 len: 751 time: 0.6614299
2026-07-15 06:05:25.490 9 INFO neutron.wsgi [req-5c1e45d4-0faa-4d6a-a79c-d4db77be0eb0 req-52cbec51-0cf7-4ca4-ba37-ee27644274c1 9a82ac1da5754bbdb697e9cca54f76ce 63c86a0857f2498a9e7d03bcfb5e414a - - default default] 10.0.0.185 "GET /v2.0/security-groups?name=tempest-securitygroup--489296829&fields=id&tenant_id=63c86a0857f2498a9e7d03bcfb5e414a HTTP/1.1" status: 200 len: 267 time: 0.0476441
2026-07-15 06:05:25.555 9 INFO neutron.wsgi [req-5c1e45d4-0faa-4d6a-a79c-d4db77be0eb0 req-56ae05f3-7311-4778-bab7-71033966f1ee 9a82ac1da5754bbdb697e9cca54f76ce 63c86a0857f2498a9e7d03bcfb5e414a - - default default] 10.0.0.185 "GET /v2.0/networks?id=f700deb6-477b-4da4-8ad7-62f116a61843 HTTP/1.1" status: 200 len: 883 time: 0.0612853
2026-07-15 06:05:25.573 9 INFO neutron.wsgi [req-5c1e45d4-0faa-4d6a-a79c-d4db77be0eb0 req-dd72edf5-0a88-4f0b-a13b-9b6e8edc553c 9a82ac1da5754bbdb697e9cca54f76ce 63c86a0857f2498a9e7d03bcfb5e414a - - default default] 10.0.0.185 "GET /v2.0/quotas/63c86a0857f2498a9e7d03bcfb5e414a HTTP/1.1" status: 200 len: 386 time: 0.0090749
2026-07-15 06:05:25.702 9 INFO neutron.wsgi [req-5c1e45d4-0faa-4d6a-a79c-d4db77be0eb0 req-0d22ab14-81ff-40cf-8eeb-a291c52b2a12 9a82ac1da5754bbdb697e9cca54f76ce 63c86a0857f2498a9e7d03bcfb5e414a - - default default] 10.0.0.185 "GET /v2.0/ports?tenant_id=63c86a0857f2498a9e7d03bcfb5e414a&fields=id HTTP/1.1" status: 200 len: 302 time: 0.1211295
2026-07-15 06:05:25.749 9 INFO neutron.wsgi [req-ca74ec21-557c-405e-8b85-977ac2d8a6d9 req-b1a0304e-6a2a-4919-b170-4963d91a8994 90522198f8bd48c584d501b4e79b448a e1dd8729cefd4cb9a227f3d01d16837f - - default default] 10.0.0.185 "GET /v2.0/ports?device_id=eb3b806b-6c3a-43a4-8a80-a596d4aec969 HTTP/1.1" status: 200 len: 1174 time: 0.1649578
2026-07-15 06:05:25.795 9 INFO neutron.wsgi [req-5c1e45d4-0faa-4d6a-a79c-d4db77be0eb0 req-37cb7068-623d-4202-98a0-b8f2cb2aae1a 5ddb7c26a91f4aee83815da130d7fc8c 642a17d38a284a24b594effabaf0fd35 - - 2d0863a0ba5346be999fbb03d6fa654f 2d0863a0ba5346be999fbb03d6fa654f] 10.0.0.185 "GET /v2.0/networks/f700deb6-477b-4da4-8ad7-62f116a61843?fields=segments HTTP/1.1" status: 200 len: 212 time: 0.0779893
2026-07-15 06:05:25.798 9 INFO neutron.wsgi [req-ca74ec21-557c-405e-8b85-977ac2d8a6d9 req-7608345e-0e4b-44cd-80ce-a5ff67d472a4 90522198f8bd48c584d501b4e79b448a e1dd8729cefd4cb9a227f3d01d16837f - - default default] 10.0.0.185 "GET /v2.0/security-groups?id=ea811dab-e36d-4769-8900-1cb34cc2ba65&fields=id&fields=name HTTP/1.1" status: 200 len: 313 time: 0.0405703
2026-07-15 06:05:25.860 9 INFO neutron.wsgi [req-5c1e45d4-0faa-4d6a-a79c-d4db77be0eb0 req-5b33109d-3774-4ada-96f2-2a6fe4baedc9 5ddb7c26a91f4aee83815da130d7fc8c 642a17d38a284a24b594effabaf0fd35 - - 2d0863a0ba5346be999fbb03d6fa654f 2d0863a0ba5346be999fbb03d6fa654f] 10.0.0.185 "GET /v2.0/networks/f700deb6-477b-4da4-8ad7-62f116a61843?fields=provider%3Aphysical_network&fields=provider%3Anetwork_type HTTP/1.1" status: 200 len: 277 time: 0.0578520
2026-07-15 06:05:25.907 9 INFO neutron.wsgi [req-fb7ec646-6972-4d9f-a65c-3075c55a068d req-942f5f67-ce46-45d1-90f6-0f971c3348ef 90522198f8bd48c584d501b4e79b448a e1dd8729cefd4cb9a227f3d01d16837f - - default default] 10.0.0.185 "GET /v2.0/ports?device_id=eb3b806b-6c3a-43a4-8a80-a596d4aec969 HTTP/1.1" status: 200 len: 1174 time: 0.0385647
2026-07-15 06:05:26.023 9 INFO neutron.wsgi [req-dbceefb4-30a3-4828-9aff-4c653d097fd5 req-4ef7a92b-4e25-42a6-8b93-013a9f0d34e2 9a82ac1da5754bbdb697e9cca54f76ce 63c86a0857f2498a9e7d03bcfb5e414a - - default default] 10.0.0.185 "GET /v2.0/ports?device_id=9c14f1bf-5b61-4316-a94b-03070fd75055 HTTP/1.1" status: 200 len: 210 time: 0.0227141
2026-07-15 06:05:26.115 10 INFO neutron.notifiers.nova [-] Nova event matching ['req-91a6428b-2c7b-41e7-ba26-2ba3dcbc89db'] response: {'server_uuid': 'eb3b806b-6c3a-43a4-8a80-a596d4aec969', 'name': 'network-vif-plugged', 'status': 'completed', 'tag': 'd71d13bc-134c-45e4-9cb5-e3f9788da96a', 'code': 200}
2026-07-15 06:05:26.192 9 INFO neutron.db.l3_db [None req-d66b1f47-8c48-4bfb-bf31-5d8213e03c29 90522198f8bd48c584d501b4e79b448a e1dd8729cefd4cb9a227f3d01d16837f - - default default] Floating IP 9b84b914-e81c-462d-9dd0-90d7dac4c71a associated. External IP: 10.96.250.220, port: d71d13bc-134c-45e4-9cb5-e3f9788da96a.
2026-07-15 06:05:26.406 9 INFO neutron.db.ovn_revision_numbers_db [None req-d66b1f47-8c48-4bfb-bf31-5d8213e03c29 90522198f8bd48c584d501b4e79b448a e1dd8729cefd4cb9a227f3d01d16837f - - default default] Successfully bumped revision number for resource 9b84b914-e81c-462d-9dd0-90d7dac4c71a (type: floatingips) to 1
2026-07-15 06:05:26.554 9 INFO neutron.db.ovn_revision_numbers_db [None req-d66b1f47-8c48-4bfb-bf31-5d8213e03c29 90522198f8bd48c584d501b4e79b448a e1dd8729cefd4cb9a227f3d01d16837f - - default default] Successfully bumped revision number for resource 9b84b914-e81c-462d-9dd0-90d7dac4c71a (type: floatingips) to 2
2026-07-15 06:05:26.606 9 INFO neutron.wsgi [None req-d66b1f47-8c48-4bfb-bf31-5d8213e03c29 90522198f8bd48c584d501b4e79b448a e1dd8729cefd4cb9a227f3d01d16837f - - default default] 10.0.0.193 "PUT /v2.0/floatingips/9b84b914-e81c-462d-9dd0-90d7dac4c71a HTTP/1.1" status: 200 len: 1050 time: 0.6875110
2026-07-15 06:05:26.674 9 INFO neutron.notifiers.nova [-] Nova event matching ['req-94f0037e-f5ef-4655-8f92-21c44a695a7d'] response: {'name': 'network-changed', 'server_uuid': 'eb3b806b-6c3a-43a4-8a80-a596d4aec969', 'tag': 'd71d13bc-134c-45e4-9cb5-e3f9788da96a', 'status': 'completed', 'code': 200}
2026-07-15 06:05:26.726 9 INFO neutron.wsgi [req-a6a34866-743a-422c-8bc5-ecdfbf0b1e61 req-e53aa73e-f5f6-48eb-ae72-d3f93615eeb4 90522198f8bd48c584d501b4e79b448a e1dd8729cefd4cb9a227f3d01d16837f - - default default] 10.0.0.185 "GET /v2.0/ports?device_id=eb3b806b-6c3a-43a4-8a80-a596d4aec969 HTTP/1.1" status: 200 len: 1174 time: 0.0655112
2026-07-15 06:05:26.741 9 INFO neutron.wsgi [req-fad9ec73-a46b-4691-908a-bfc91d33d581 req-290450b3-1b78-460e-9d36-2b182c8b38d4 5ddb7c26a91f4aee83815da130d7fc8c 642a17d38a284a24b594effabaf0fd35 - - 2d0863a0ba5346be999fbb03d6fa654f 2d0863a0ba5346be999fbb03d6fa654f] 199.204.45.153 "GET /v2.0/ports?tenant_id=e1dd8729cefd4cb9a227f3d01d16837f&device_id=eb3b806b-6c3a-43a4-8a80-a596d4aec969 HTTP/1.1" status: 200 len: 1413 time: 0.0510356
2026-07-15 06:05:26.788 9 INFO neutron.wsgi [req-a6a34866-743a-422c-8bc5-ecdfbf0b1e61 req-904aad49-bfd1-4bd2-8562-4a17dd53fa61 90522198f8bd48c584d501b4e79b448a e1dd8729cefd4cb9a227f3d01d16837f - - default default] 10.0.0.185 "GET /v2.0/security-groups?id=ea811dab-e36d-4769-8900-1cb34cc2ba65&fields=id&fields=name HTTP/1.1" status: 200 len: 313 time: 0.0540431
2026-07-15 06:05:26.817 9 INFO neutron.wsgi [req-fad9ec73-a46b-4691-908a-bfc91d33d581 req-8d410885-2ab2-44ab-8ddc-b1dcbdbdb60d 5ddb7c26a91f4aee83815da130d7fc8c 642a17d38a284a24b594effabaf0fd35 - - 2d0863a0ba5346be999fbb03d6fa654f 2d0863a0ba5346be999fbb03d6fa654f] 199.204.45.153 "GET /v2.0/networks?id=9eacf98c-9a56-4fbb-aa2d-259e7b23505c HTTP/1.1" status: 200 len: 966 time: 0.0695863 /var/lib/openstack/lib/python3.10/site-packages/pycadf/identifier.py:71: UserWarning: Invalid uuid: neutron. To ensure interoperability, identifiers should be a valid uuid. warnings.warn(('Invalid uuid: %s. To ensure interoperability, '
2026-07-15 06:05:26.876 9 INFO neutron.wsgi [req-fad9ec73-a46b-4691-908a-bfc91d33d581 req-4d088e22-8f60-442e-a476-6ea0711fe44e 5ddb7c26a91f4aee83815da130d7fc8c 642a17d38a284a24b594effabaf0fd35 - - 2d0863a0ba5346be999fbb03d6fa654f 2d0863a0ba5346be999fbb03d6fa654f] 199.204.45.153 "GET /v2.0/floatingips?fixed_ip_address=10.100.0.12&port_id=d71d13bc-134c-45e4-9cb5-e3f9788da96a HTTP/1.1" status: 200 len: 1060 time: 0.0374339
2026-07-15 06:05:26.932 9 INFO neutron.wsgi [req-fad9ec73-a46b-4691-908a-bfc91d33d581 req-d8d08486-7ed7-435a-8795-60ee053d2c48 5ddb7c26a91f4aee83815da130d7fc8c 642a17d38a284a24b594effabaf0fd35 - - 2d0863a0ba5346be999fbb03d6fa654f 2d0863a0ba5346be999fbb03d6fa654f] 199.204.45.153 "GET /v2.0/subnets?id=4ec58217-1d69-4b8b-a755-d621782432a6 HTTP/1.1" status: 200 len: 862 time: 0.0431814
2026-07-15 06:05:26.935 10 INFO neutron.wsgi [req-5c1e45d4-0faa-4d6a-a79c-d4db77be0eb0 req-ac03fadf-6957-408c-ad61-43ef577ba107 9a82ac1da5754bbdb697e9cca54f76ce 63c86a0857f2498a9e7d03bcfb5e414a - - default default] 199.204.45.153 "GET /v2.0/networks?id=f700deb6-477b-4da4-8ad7-62f116a61843 HTTP/1.1" status: 200 len: 883 time: 0.0951283
2026-07-15 06:05:26.971 9 INFO neutron.wsgi [req-fad9ec73-a46b-4691-908a-bfc91d33d581 req-55da395e-9f5e-4f80-8ee9-d04b0ff72219 5ddb7c26a91f4aee83815da130d7fc8c 642a17d38a284a24b594effabaf0fd35 - - 2d0863a0ba5346be999fbb03d6fa654f 2d0863a0ba5346be999fbb03d6fa654f] 199.204.45.153 "GET /v2.0/ports?network_id=9eacf98c-9a56-4fbb-aa2d-259e7b23505c&device_owner=network%3Adhcp HTTP/1.1" status: 200 len: 210 time: 0.0235646
2026-07-15 06:05:27.006 10 INFO neutron.wsgi [req-5c1e45d4-0faa-4d6a-a79c-d4db77be0eb0 req-8c9c1efd-96b2-4e5b-879e-f1c2c066a5c6 9a82ac1da5754bbdb697e9cca54f76ce 63c86a0857f2498a9e7d03bcfb5e414a - - default default] 199.204.45.153 "GET /v2.0/security-groups?fields=id&fields=name&tenant_id=63c86a0857f2498a9e7d03bcfb5e414a HTTP/1.1" status: 200 len: 379 time: 0.0579591
2026-07-15 06:05:27.039 9 INFO neutron.wsgi [req-fad9ec73-a46b-4691-908a-bfc91d33d581 req-1b16f0dc-4c73-4520-bfca-201569047fe5 5ddb7c26a91f4aee83815da130d7fc8c 642a17d38a284a24b594effabaf0fd35 - - 2d0863a0ba5346be999fbb03d6fa654f 2d0863a0ba5346be999fbb03d6fa654f] 199.204.45.153 "GET /v2.0/networks/9eacf98c-9a56-4fbb-aa2d-259e7b23505c?fields=segments HTTP/1.1" status: 200 len: 212 time: 0.0527446
2026-07-15 06:05:27.134 9 INFO neutron.wsgi [req-9fc885e8-cda0-4900-8960-868e04271fcc req-49e37e48-e8e7-4674-b54f-7dac683f2b8f 9a82ac1da5754bbdb697e9cca54f76ce 63c86a0857f2498a9e7d03bcfb5e414a - - default default] 10.0.0.185 "GET /v2.0/ports?device_id=9c14f1bf-5b61-4316-a94b-03070fd75055 HTTP/1.1" status: 200 len: 210 time: 0.0358045
2026-07-15 06:05:27.155 10 INFO neutron.plugins.ml2.drivers.ovn.mech_driver.mech_driver [None req-075daebd-3661-410b-84e4-7c0e99986985 - - - - - -] OVN reports status down for port: d71d13bc-134c-45e4-9cb5-e3f9788da96a
2026-07-15 06:05:27.163 9 WARNING neutron.plugins.ml2.drivers.ovn.mech_driver.ovsdb.ovn_client [None req-2052610e-e2e3-4021-9f7b-abd298d398dc - - - - - -] No hosting information found for port c8d4656a-ed54-4c29-8453-34393dd0f627: RuntimeError: No hosting information found for port c8d4656a-ed54-4c29-8453-34393dd0f627
2026-07-15 06:05:27.173 9 INFO neutron.wsgi [req-9adc3cc4-1f13-4e97-bf9d-175c02c76fb2 req-25c88a1e-5a63-4c38-8097-fb27ea5a4eee 90522198f8bd48c584d501b4e79b448a e1dd8729cefd4cb9a227f3d01d16837f - - default default] 10.0.0.185 "GET /v2.0/ports?device_id=eb3b806b-6c3a-43a4-8a80-a596d4aec969 HTTP/1.1" status: 200 len: 1174 time: 0.0638449
2026-07-15 06:05:27.220 9 INFO neutron.wsgi [req-fad9ec73-a46b-4691-908a-bfc91d33d581 req-c43e704f-aad5-4df5-921d-b03ad40dffa9 5ddb7c26a91f4aee83815da130d7fc8c 642a17d38a284a24b594effabaf0fd35 - - 2d0863a0ba5346be999fbb03d6fa654f 2d0863a0ba5346be999fbb03d6fa654f] 199.204.45.153 "GET /v2.0/networks/9eacf98c-9a56-4fbb-aa2d-259e7b23505c?fields=provider%3Aphysical_network&fields=provider%3Anetwork_type HTTP/1.1" status: 200 len: 277 time: 0.1587710
2026-07-15 06:05:27.242 9 INFO neutron.wsgi [req-9adc3cc4-1f13-4e97-bf9d-175c02c76fb2 req-1307afb0-f9c5-4d45-9bfd-eea2a856b296 90522198f8bd48c584d501b4e79b448a e1dd8729cefd4cb9a227f3d01d16837f - - default default] 10.0.0.185 "GET /v2.0/security-groups?id=ea811dab-e36d-4769-8900-1cb34cc2ba65&fields=id&fields=name HTTP/1.1" status: 200 len: 313 time: 0.0583751
2026-07-15 06:05:27.487 9 INFO neutron.wsgi [req-8730fd46-1ec6-4845-a68f-04616985a963 req-0c974e9e-4492-47c0-8241-ca9ad64a1a70 90522198f8bd48c584d501b4e79b448a e1dd8729cefd4cb9a227f3d01d16837f - - default default] 199.204.45.153 "GET /v2.0/ports?device_id=eb3b806b-6c3a-43a4-8a80-a596d4aec969 HTTP/1.1" status: 200 len: 1172 time: 0.0365369
2026-07-15 06:05:27.492 10 WARNING neutron.scheduler.dhcp_agent_scheduler [req-5c1e45d4-0faa-4d6a-a79c-d4db77be0eb0 req-da7a5003-1f03-4d8b-b5b6-a057d79494d9 9a82ac1da5754bbdb697e9cca54f76ce 63c86a0857f2498a9e7d03bcfb5e414a - - default default] No more DHCP agents
2026-07-15 06:05:27.496 10 WARNING neutron.api.rpc.agentnotifiers.dhcp_rpc_agent_api [req-5c1e45d4-0faa-4d6a-a79c-d4db77be0eb0 req-da7a5003-1f03-4d8b-b5b6-a057d79494d9 9a82ac1da5754bbdb697e9cca54f76ce 63c86a0857f2498a9e7d03bcfb5e414a - - default default] Unable to schedule network f700deb6-477b-4da4-8ad7-62f116a61843: no agents available; will retry on subsequent port and subnet creation events.
2026-07-15 06:05:27.789 9 INFO neutron.wsgi [req-18b3eb45-c1af-48ec-a543-c51d40bb01a1 req-bbe976b2-2576-49d9-85aa-b1caa68d4f60 5ddb7c26a91f4aee83815da130d7fc8c 642a17d38a284a24b594effabaf0fd35 - - 2d0863a0ba5346be999fbb03d6fa654f 2d0863a0ba5346be999fbb03d6fa654f] 10.0.0.55 "GET /v2.0/ports?device_id=5a3a4d01-1a58-4485-bf80-6dfcf2e670c9 HTTP/1.1" status: 200 len: 1409 time: 0.2777326
2026-07-15 06:05:27.855 9 INFO neutron.wsgi [req-18b3eb45-c1af-48ec-a543-c51d40bb01a1 req-851d007c-900b-428a-9df9-49e68266d04e 5ddb7c26a91f4aee83815da130d7fc8c 642a17d38a284a24b594effabaf0fd35 - - 2d0863a0ba5346be999fbb03d6fa654f 2d0863a0ba5346be999fbb03d6fa654f] 10.0.0.55 "GET /v2.0/security-groups?id=34ac456c-5495-4c89-b2ba-f77c8ce91fc5&fields=id&fields=name HTTP/1.1" status: 200 len: 311 time: 0.0607507
2026-07-15 06:05:27.882 9 INFO neutron.db.l3_db [req-8730fd46-1ec6-4845-a68f-04616985a963 req-36eb43ab-247c-4f97-8c57-bafc64ed6cb0 90522198f8bd48c584d501b4e79b448a e1dd8729cefd4cb9a227f3d01d16837f - - default default] Floating IP 9b84b914-e81c-462d-9dd0-90d7dac4c71a disassociated. External IP: 10.96.250.220, port: d71d13bc-134c-45e4-9cb5-e3f9788da96a.
2026-07-15 06:05:27.958 10 INFO neutron.db.ovn_revision_numbers_db [None req-075daebd-3661-410b-84e4-7c0e99986985 - - - - - -] Successfully bumped revision number for resource d71d13bc-134c-45e4-9cb5-e3f9788da96a (type: ports) to 5
2026-07-15 06:05:28.127 10 INFO neutron.db.ovn_revision_numbers_db [req-5c1e45d4-0faa-4d6a-a79c-d4db77be0eb0 req-da7a5003-1f03-4d8b-b5b6-a057d79494d9 9a82ac1da5754bbdb697e9cca54f76ce 63c86a0857f2498a9e7d03bcfb5e414a - - default default] Successfully bumped revision number for resource e6767251-3488-49a3-bb9a-87402b63b0eb (type: ports) to 1
2026-07-15 06:05:28.153 10 INFO neutron.notifiers.nova [-] Nova event matching ['req-3aa4377d-497f-4560-9d48-c1cae1d4ae5d'] response: {'server_uuid': 'eb3b806b-6c3a-43a4-8a80-a596d4aec969', 'name': 'network-vif-unplugged', 'status': 'completed', 'tag': 'd71d13bc-134c-45e4-9cb5-e3f9788da96a', 'code': 200}
2026-07-15 06:05:28.153 10 INFO neutron.notifiers.nova [-] Nova event matching ['req-3aa4377d-497f-4560-9d48-c1cae1d4ae5d'] response: {'server_uuid': 'eb3b806b-6c3a-43a4-8a80-a596d4aec969', 'name': 'network-vif-plugged', 'status': 'completed', 'tag': 'd71d13bc-134c-45e4-9cb5-e3f9788da96a', 'code': 200}
2026-07-15 06:05:28.161 10 INFO neutron.wsgi [req-5c1e45d4-0faa-4d6a-a79c-d4db77be0eb0 req-da7a5003-1f03-4d8b-b5b6-a057d79494d9 9a82ac1da5754bbdb697e9cca54f76ce 63c86a0857f2498a9e7d03bcfb5e414a - - default default] 199.204.45.153 "POST /v2.0/ports HTTP/1.1" status: 201 len: 1158 time: 1.1498508 /var/lib/openstack/lib/python3.10/site-packages/pycadf/identifier.py:71: UserWarning: Invalid uuid: neutron. To ensure interoperability, identifiers should be a valid uuid. warnings.warn(('Invalid uuid: %s. To ensure interoperability, '
2026-07-15 06:05:28.236 9 INFO neutron.wsgi [req-8730fd46-1ec6-4845-a68f-04616985a963 req-36eb43ab-247c-4f97-8c57-bafc64ed6cb0 90522198f8bd48c584d501b4e79b448a e1dd8729cefd4cb9a227f3d01d16837f - - default default] 199.204.45.153 "DELETE /v2.0/ports/d71d13bc-134c-45e4-9cb5-e3f9788da96a HTTP/1.1" status: 204 len: 173 time: 0.7437711
2026-07-15 06:05:28.263 9 INFO neutron.wsgi [req-4dfbc340-cbcd-4090-8854-d3640dde1624 req-a86044bc-30ba-435f-a272-012c452e7c25 9a82ac1da5754bbdb697e9cca54f76ce 63c86a0857f2498a9e7d03bcfb5e414a - - default default] 10.0.0.185 "GET /v2.0/ports?device_id=9c14f1bf-5b61-4316-a94b-03070fd75055 HTTP/1.1" status: 200 len: 1156 time: 0.0470874
2026-07-15 06:05:28.329 9 INFO neutron.wsgi [req-4dfbc340-cbcd-4090-8854-d3640dde1624 req-50d92ca1-fa47-44e5-bc7a-278a557eefaf 9a82ac1da5754bbdb697e9cca54f76ce 63c86a0857f2498a9e7d03bcfb5e414a - - default default] 10.0.0.185 "GET /v2.0/security-groups?id=205cf142-12b1-475f-9317-452d813d1806&fields=id&fields=name HTTP/1.1" status: 200 len: 312 time: 0.0613527
2026-07-15 06:05:28.366 9 INFO neutron.wsgi [req-e651321a-0913-4e08-89ab-b87aae12691c req-0c0855d8-bd67-4b13-9af4-430747682454 90522198f8bd48c584d501b4e79b448a e1dd8729cefd4cb9a227f3d01d16837f - - default default] 10.0.0.185 "GET /v2.0/ports?device_id=eb3b806b-6c3a-43a4-8a80-a596d4aec969 HTTP/1.1" status: 200 len: 210 time: 0.0288208
2026-07-15 06:05:28.638 10 INFO neutron.db.ovn_revision_numbers_db [req-5c1e45d4-0faa-4d6a-a79c-d4db77be0eb0 req-35a2a655-8cb7-4350-8e16-d536921baa14 5ddb7c26a91f4aee83815da130d7fc8c 642a17d38a284a24b594effabaf0fd35 - - 2d0863a0ba5346be999fbb03d6fa654f 2d0863a0ba5346be999fbb03d6fa654f] Successfully bumped revision number for resource e6767251-3488-49a3-bb9a-87402b63b0eb (type: ports) to 2
2026-07-15 06:05:28.726 9 INFO neutron.notifiers.nova [-] Nova event matching ['req-65957c8e-dd76-4241-9485-3d097510cd07'] response: {'server_uuid': 'eb3b806b-6c3a-43a4-8a80-a596d4aec969', 'name': 'network-vif-deleted', 'tag': 'd71d13bc-134c-45e4-9cb5-e3f9788da96a', 'status': 'completed', 'code': 200}
2026-07-15 06:05:28.855 10 INFO neutron.db.ovn_revision_numbers_db [req-5c1e45d4-0faa-4d6a-a79c-d4db77be0eb0 req-35a2a655-8cb7-4350-8e16-d536921baa14 5ddb7c26a91f4aee83815da130d7fc8c 642a17d38a284a24b594effabaf0fd35 - - 2d0863a0ba5346be999fbb03d6fa654f 2d0863a0ba5346be999fbb03d6fa654f] Successfully bumped revision number for resource e6767251-3488-49a3-bb9a-87402b63b0eb (type: ports) to 2
2026-07-15 06:05:28.868 10 INFO neutron.wsgi [req-5c1e45d4-0faa-4d6a-a79c-d4db77be0eb0 req-35a2a655-8cb7-4350-8e16-d536921baa14 5ddb7c26a91f4aee83815da130d7fc8c 642a17d38a284a24b594effabaf0fd35 - - 2d0863a0ba5346be999fbb03d6fa654f 2d0863a0ba5346be999fbb03d6fa654f] 199.204.45.153 "PUT /v2.0/ports/e6767251-3488-49a3-bb9a-87402b63b0eb HTTP/1.1" status: 200 len: 1376 time: 0.7003419 /var/lib/openstack/lib/python3.10/site-packages/pycadf/identifier.py:71: UserWarning: Invalid uuid: neutron. To ensure interoperability, identifiers should be a valid uuid. warnings.warn(('Invalid uuid: %s. To ensure interoperability, '
2026-07-15 06:05:28.934 10 INFO neutron.wsgi [req-5c1e45d4-0faa-4d6a-a79c-d4db77be0eb0 req-d813b28d-7653-45af-84be-60b075dd4e43 5ddb7c26a91f4aee83815da130d7fc8c 642a17d38a284a24b594effabaf0fd35 - - 2d0863a0ba5346be999fbb03d6fa654f 2d0863a0ba5346be999fbb03d6fa654f] 199.204.45.153 "GET /v2.0/ports?tenant_id=63c86a0857f2498a9e7d03bcfb5e414a&device_id=9c14f1bf-5b61-4316-a94b-03070fd75055 HTTP/1.1" status: 200 len: 1407 time: 0.0335317
2026-07-15 06:05:28.964 10 INFO neutron.wsgi [req-5c1e45d4-0faa-4d6a-a79c-d4db77be0eb0 req-3a93fed7-0902-4c8d-880e-7afbb2916a84 5ddb7c26a91f4aee83815da130d7fc8c 642a17d38a284a24b594effabaf0fd35 - - 2d0863a0ba5346be999fbb03d6fa654f 2d0863a0ba5346be999fbb03d6fa654f] 199.204.45.153 "GET /v2.0/floatingips?fixed_ip_address=10.100.0.6&port_id=e6767251-3488-49a3-bb9a-87402b63b0eb HTTP/1.1" status: 200 len: 217 time: 0.0215468
2026-07-15 06:05:29.001 10 INFO neutron.wsgi [req-5c1e45d4-0faa-4d6a-a79c-d4db77be0eb0 req-123f2309-c284-458e-a675-06e87da1afea 5ddb7c26a91f4aee83815da130d7fc8c 642a17d38a284a24b594effabaf0fd35 - - 2d0863a0ba5346be999fbb03d6fa654f 2d0863a0ba5346be999fbb03d6fa654f] 199.204.45.153 "GET /v2.0/subnets?id=eba45576-22f0-4aba-818b-5d227fdd4caf HTTP/1.1" status: 200 len: 877 time: 0.0307677
2026-07-15 06:05:29.028 10 INFO neutron.wsgi [req-5c1e45d4-0faa-4d6a-a79c-d4db77be0eb0 req-ce46ba15-3ffc-4f8b-9ea6-76143ca88a4d 5ddb7c26a91f4aee83815da130d7fc8c 642a17d38a284a24b594effabaf0fd35 - - 2d0863a0ba5346be999fbb03d6fa654f 2d0863a0ba5346be999fbb03d6fa654f] 199.204.45.153 "GET /v2.0/ports?network_id=f700deb6-477b-4da4-8ad7-62f116a61843&device_owner=network%3Adhcp HTTP/1.1" status: 200 len: 210 time: 0.0196893
2026-07-15 06:05:29.085 10 INFO neutron.wsgi [req-5c1e45d4-0faa-4d6a-a79c-d4db77be0eb0 req-9d6ce9e9-bddb-4c8b-a7e6-9063cec05c21 5ddb7c26a91f4aee83815da130d7fc8c 642a17d38a284a24b594effabaf0fd35 - - 2d0863a0ba5346be999fbb03d6fa654f 2d0863a0ba5346be999fbb03d6fa654f] 199.204.45.153 "GET /v2.0/networks/f700deb6-477b-4da4-8ad7-62f116a61843?fields=segments HTTP/1.1" status: 200 len: 212 time: 0.0498786
2026-07-15 06:05:29.164 10 INFO neutron.wsgi [req-5c1e45d4-0faa-4d6a-a79c-d4db77be0eb0 req-2c5ab476-c3e1-4007-934f-1de3fae6850c 5ddb7c26a91f4aee83815da130d7fc8c 642a17d38a284a24b594effabaf0fd35 - - 2d0863a0ba5346be999fbb03d6fa654f 2d0863a0ba5346be999fbb03d6fa654f] 199.204.45.153 "GET /v2.0/networks/f700deb6-477b-4da4-8ad7-62f116a61843?fields=provider%3Aphysical_network&fields=provider%3Anetwork_type HTTP/1.1" status: 200 len: 277 time: 0.0739181
2026-07-15 06:05:29.181 9 INFO neutron.db.ovn_revision_numbers_db [None req-03d99387-b5c5-4779-b47d-9f1d75b84a59 b12c0261aabc4148a8d14edbab9a42f1 4faf39b8e0cd4b7f8a7fa5fe4a037441 - - default default] Successfully bumped revision number for resource 5259cc2f-9a78-43fd-bc28-2eea4cbfce42 (type: security_groups) to 1
2026-07-15 06:05:29.195 9 INFO neutron.db.ovn_revision_numbers_db [None req-03d99387-b5c5-4779-b47d-9f1d75b84a59 b12c0261aabc4148a8d14edbab9a42f1 4faf39b8e0cd4b7f8a7fa5fe4a037441 - - default default] Successfully bumped revision number for resource aa4c06a6-9d00-47c4-a040-ed44ead191c4 (type: security_group_rules) to 0
2026-07-15 06:05:29.209 9 INFO neutron.db.ovn_revision_numbers_db [None req-03d99387-b5c5-4779-b47d-9f1d75b84a59 b12c0261aabc4148a8d14edbab9a42f1 4faf39b8e0cd4b7f8a7fa5fe4a037441 - - default default] Successfully bumped revision number for resource ab2bca3c-e17c-417d-9e41-fd002e4d911c (type: security_group_rules) to 0
2026-07-15 06:05:29.229 9 INFO neutron.db.ovn_revision_numbers_db [None req-03d99387-b5c5-4779-b47d-9f1d75b84a59 b12c0261aabc4148a8d14edbab9a42f1 4faf39b8e0cd4b7f8a7fa5fe4a037441 - - default default] Successfully bumped revision number for resource af27404b-c554-4e9b-bc24-e77b42d48cfc (type: security_group_rules) to 0
2026-07-15 06:05:29.246 9 INFO neutron.db.ovn_revision_numbers_db [None req-03d99387-b5c5-4779-b47d-9f1d75b84a59 b12c0261aabc4148a8d14edbab9a42f1 4faf39b8e0cd4b7f8a7fa5fe4a037441 - - default default] Successfully bumped revision number for resource bec770fd-e83b-4b34-950a-0c08bdad76a5 (type: security_group_rules) to 0
2026-07-15 06:05:29.281 9 INFO neutron.wsgi [None req-03d99387-b5c5-4779-b47d-9f1d75b84a59 b12c0261aabc4148a8d14edbab9a42f1 4faf39b8e0cd4b7f8a7fa5fe4a037441 - - default default] 10.0.0.193 "GET /v2.0/security-groups?tenant_id=1dea4d7be68448c2b8e5e9f16cb208ba&name=default HTTP/1.1" status: 200 len: 2996 time: 0.3790271
