2026-07-15 06:08:48.701 9 INFO neutron.db.ovn_revision_numbers_db [None req-03d9fcda-9115-4045-ab8a-c8286832d590 b12c0261aabc4148a8d14edbab9a42f1 4faf39b8e0cd4b7f8a7fa5fe4a037441 - - default default] Successfully bumped revision number for resource 266ba7db-07ef-4fa0-8ab1-fa9227501a7b (type: security_group_rules) to 0
2026-07-15 06:08:48.718 9 INFO neutron.db.ovn_revision_numbers_db [None req-03d9fcda-9115-4045-ab8a-c8286832d590 b12c0261aabc4148a8d14edbab9a42f1 4faf39b8e0cd4b7f8a7fa5fe4a037441 - - default default] Successfully bumped revision number for resource 2929a5c2-985e-45e8-8090-e9fedd83131e (type: security_group_rules) to 0
2026-07-15 06:08:48.737 9 INFO neutron.db.ovn_revision_numbers_db [None req-03d9fcda-9115-4045-ab8a-c8286832d590 b12c0261aabc4148a8d14edbab9a42f1 4faf39b8e0cd4b7f8a7fa5fe4a037441 - - default default] Successfully bumped revision number for resource 8d7c0b77-7489-4ae9-a2e0-0620310df98c (type: security_group_rules) to 0
2026-07-15 06:08:48.758 9 INFO neutron.wsgi [None req-03d9fcda-9115-4045-ab8a-c8286832d590 b12c0261aabc4148a8d14edbab9a42f1 4faf39b8e0cd4b7f8a7fa5fe4a037441 - - default default] 10.0.0.193 "GET /v2.0/security-groups?tenant_id=3ea7a71d3e524ec5b06dfe976f891fb3&name=default HTTP/1.1" status: 200 len: 3000 time: 0.3735490
2026-07-15 06:08:48.944 9 INFO neutron.wsgi [None req-fb2417ea-998e-49db-b600-00a20178199b b12c0261aabc4148a8d14edbab9a42f1 4faf39b8e0cd4b7f8a7fa5fe4a037441 - - default default] 10.0.0.193 "DELETE /v2.0/security-groups/ec32cca1-19c5-49c3-81ba-b013f591b46b HTTP/1.1" status: 204 len: 168 time: 0.1807806
2026-07-15 06:08:49.201 9 INFO neutron.db.ovn_revision_numbers_db [None req-2c341ca9-e038-443f-af1d-0b19a30a2f64 b12c0261aabc4148a8d14edbab9a42f1 4faf39b8e0cd4b7f8a7fa5fe4a037441 - - default default] Successfully bumped revision number for resource f73ccc70-5588-4a91-b508-b4599ff0dff6 (type: security_groups) to 1
2026-07-15 06:08:49.222 9 INFO neutron.db.ovn_revision_numbers_db [None req-2c341ca9-e038-443f-af1d-0b19a30a2f64 b12c0261aabc4148a8d14edbab9a42f1 4faf39b8e0cd4b7f8a7fa5fe4a037441 - - default default] Successfully bumped revision number for resource 7dd03ef4-ef54-468f-8dd7-2dd78d997ede (type: security_group_rules) to 0
2026-07-15 06:08:49.244 9 INFO neutron.db.ovn_revision_numbers_db [None req-2c341ca9-e038-443f-af1d-0b19a30a2f64 b12c0261aabc4148a8d14edbab9a42f1 4faf39b8e0cd4b7f8a7fa5fe4a037441 - - default default] Successfully bumped revision number for resource e1d1df5e-19aa-49e5-a332-f9219f4fa5e8 (type: security_group_rules) to 0
2026-07-15 06:08:49.263 9 INFO neutron.db.ovn_revision_numbers_db [None req-2c341ca9-e038-443f-af1d-0b19a30a2f64 b12c0261aabc4148a8d14edbab9a42f1 4faf39b8e0cd4b7f8a7fa5fe4a037441 - - default default] Successfully bumped revision number for resource f29f3acd-943d-4673-8cd0-a8eae718a6e2 (type: security_group_rules) to 0
2026-07-15 06:08:49.280 9 INFO neutron.db.ovn_revision_numbers_db [None req-2c341ca9-e038-443f-af1d-0b19a30a2f64 b12c0261aabc4148a8d14edbab9a42f1 4faf39b8e0cd4b7f8a7fa5fe4a037441 - - default default] Successfully bumped revision number for resource faa71a56-6ee5-4414-b137-64e214854e5e (type: security_group_rules) to 0
2026-07-15 06:08:49.308 9 INFO neutron.wsgi [None req-2c341ca9-e038-443f-af1d-0b19a30a2f64 b12c0261aabc4148a8d14edbab9a42f1 4faf39b8e0cd4b7f8a7fa5fe4a037441 - - default default] 10.0.0.193 "GET /v2.0/security-groups?tenant_id=1ed546dacb474ef9b22b0c7640fa3393&name=default HTTP/1.1" status: 200 len: 3000 time: 0.2269702
2026-07-15 06:08:49.507 9 INFO neutron.db.ovn_revision_numbers_db [None req-15e1c438-a8c1-4c2d-996c-296054e64690 b12c0261aabc4148a8d14edbab9a42f1 4faf39b8e0cd4b7f8a7fa5fe4a037441 - - default default] Successfully bumped revision number for resource 0b4b7db4-178a-4f41-9247-df3f14d78f91 (type: security_groups) to 1
2026-07-15 06:08:49.524 9 INFO neutron.db.ovn_revision_numbers_db [None req-15e1c438-a8c1-4c2d-996c-296054e64690 b12c0261aabc4148a8d14edbab9a42f1 4faf39b8e0cd4b7f8a7fa5fe4a037441 - - default default] Successfully bumped revision number for resource 036f67e9-a1ff-4dc4-81cd-e2a4a7e54d16 (type: security_group_rules) to 0
2026-07-15 06:08:49.542 9 INFO neutron.wsgi [None req-40a46fb8-45fb-4c55-8290-922bc4b1e5fa b12c0261aabc4148a8d14edbab9a42f1 4faf39b8e0cd4b7f8a7fa5fe4a037441 - - default default] 10.0.0.193 "DELETE /v2.0/security-groups/f73ccc70-5588-4a91-b508-b4599ff0dff6 HTTP/1.1" status: 204 len: 168 time: 0.2293863
2026-07-15 06:08:49.543 9 INFO neutron.db.ovn_revision_numbers_db [None req-15e1c438-a8c1-4c2d-996c-296054e64690 b12c0261aabc4148a8d14edbab9a42f1 4faf39b8e0cd4b7f8a7fa5fe4a037441 - - default default] Successfully bumped revision number for resource 3e31c859-accf-4ab0-8fd0-69b919d79017 (type: security_group_rules) to 0
2026-07-15 06:08:49.555 9 INFO neutron.db.ovn_revision_numbers_db [None req-15e1c438-a8c1-4c2d-996c-296054e64690 b12c0261aabc4148a8d14edbab9a42f1 4faf39b8e0cd4b7f8a7fa5fe4a037441 - - default default] Successfully bumped revision number for resource a24f05bd-2b03-4216-bfb1-f815f40d9cc4 (type: security_group_rules) to 0
2026-07-15 06:08:49.568 9 INFO neutron.db.ovn_revision_numbers_db [None req-15e1c438-a8c1-4c2d-996c-296054e64690 b12c0261aabc4148a8d14edbab9a42f1 4faf39b8e0cd4b7f8a7fa5fe4a037441 - - default default] Successfully bumped revision number for resource aac71669-4ad5-45f0-b96e-cedf54a8839f (type: security_group_rules) to 0
2026-07-15 06:08:49.590 9 INFO neutron.wsgi [None req-15e1c438-a8c1-4c2d-996c-296054e64690 b12c0261aabc4148a8d14edbab9a42f1 4faf39b8e0cd4b7f8a7fa5fe4a037441 - - default default] 10.0.0.193 "GET /v2.0/security-groups?tenant_id=ce0dcb9a9ed141d9a234b33ebadcaa89&name=default HTTP/1.1" status: 200 len: 3000 time: 0.3302236
2026-07-15 06:08:49.782 9 INFO neutron.wsgi [None req-04feb466-90aa-4241-b674-a1fc64c56dc9 b12c0261aabc4148a8d14edbab9a42f1 4faf39b8e0cd4b7f8a7fa5fe4a037441 - - default default] 10.0.0.193 "DELETE /v2.0/security-groups/0b4b7db4-178a-4f41-9247-df3f14d78f91 HTTP/1.1" status: 204 len: 168 time: 0.1874104
2026-07-15 06:08:50.040 10 INFO neutron.db.ovn_revision_numbers_db [None req-2f3fcf44-b453-4f63-9615-eabffface25e b12c0261aabc4148a8d14edbab9a42f1 4faf39b8e0cd4b7f8a7fa5fe4a037441 - - default default] Successfully bumped revision number for resource e26ace14-d8d1-45b4-a1a5-f305f3731c0a (type: security_groups) to 1
2026-07-15 06:08:50.059 10 INFO neutron.db.ovn_revision_numbers_db [None req-2f3fcf44-b453-4f63-9615-eabffface25e b12c0261aabc4148a8d14edbab9a42f1 4faf39b8e0cd4b7f8a7fa5fe4a037441 - - default default] Successfully bumped revision number for resource 2e47d7dc-f229-44be-b5ec-5ece621eea04 (type: security_group_rules) to 0
2026-07-15 06:08:50.076 10 INFO neutron.db.ovn_revision_numbers_db [None req-2f3fcf44-b453-4f63-9615-eabffface25e b12c0261aabc4148a8d14edbab9a42f1 4faf39b8e0cd4b7f8a7fa5fe4a037441 - - default default] Successfully bumped revision number for resource 72dd8cd5-c2a1-4af6-9a59-898a37f00955 (type: security_group_rules) to 0
2026-07-15 06:08:50.090 10 INFO neutron.db.ovn_revision_numbers_db [None req-2f3fcf44-b453-4f63-9615-eabffface25e b12c0261aabc4148a8d14edbab9a42f1 4faf39b8e0cd4b7f8a7fa5fe4a037441 - - default default] Successfully bumped revision number for resource efb73cb4-807c-42b2-8a07-f8f1b28a3873 (type: security_group_rules) to 0
2026-07-15 06:08:50.103 10 INFO neutron.db.ovn_revision_numbers_db [None req-2f3fcf44-b453-4f63-9615-eabffface25e b12c0261aabc4148a8d14edbab9a42f1 4faf39b8e0cd4b7f8a7fa5fe4a037441 - - default default] Successfully bumped revision number for resource fffac71a-ccf9-4158-a199-13765c297142 (type: security_group_rules) to 0
2026-07-15 06:08:50.127 10 INFO neutron.wsgi [None req-2f3fcf44-b453-4f63-9615-eabffface25e b12c0261aabc4148a8d14edbab9a42f1 4faf39b8e0cd4b7f8a7fa5fe4a037441 - - default default] 10.0.0.193 "GET /v2.0/security-groups?tenant_id=1e40f9e5a368492abd5a8db5c980b08b&name=default HTTP/1.1" status: 200 len: 3000 time: 0.2146492
2026-07-15 06:08:50.314 10 INFO neutron.wsgi [None req-d9465e3b-ba6c-4e60-b5c2-ce71e7870bcf b12c0261aabc4148a8d14edbab9a42f1 4faf39b8e0cd4b7f8a7fa5fe4a037441 - - default default] 10.0.0.193 "DELETE /v2.0/security-groups/e26ace14-d8d1-45b4-a1a5-f305f3731c0a HTTP/1.1" status: 204 len: 168 time: 0.1813145
2026-07-15 06:08:51.091 9 INFO neutron.wsgi [-] 10.0.0.240 "GET / HTTP/1.1" status: 200 len: 246 time: 0.0025744
2026-07-15 06:08:51.094 9 INFO neutron.wsgi [-] 10.0.0.240 "GET / HTTP/1.1" status: 200 len: 246 time: 0.0020964
2026-07-15 06:08:52.533 10 INFO neutron.db.ovn_revision_numbers_db [None req-8536c37f-1f4a-4955-b9cc-66b430acdbae 034469f126c84f44bd0ec025ad2f047d 70971bd4bc7d4c7298836e8c8c648b10 - - default default] Successfully bumped revision number for resource 0282e717-a3a0-4b37-9403-8b5cbe80ebb3 (type: security_groups) to 1
2026-07-15 06:08:52.549 10 INFO neutron.db.ovn_revision_numbers_db [None req-8536c37f-1f4a-4955-b9cc-66b430acdbae 034469f126c84f44bd0ec025ad2f047d 70971bd4bc7d4c7298836e8c8c648b10 - - default default] Successfully bumped revision number for resource 25e04485-19c7-47ca-bb05-81f3c144a450 (type: security_group_rules) to 0
2026-07-15 06:08:52.567 10 INFO neutron.db.ovn_revision_numbers_db [None req-8536c37f-1f4a-4955-b9cc-66b430acdbae 034469f126c84f44bd0ec025ad2f047d 70971bd4bc7d4c7298836e8c8c648b10 - - default default] Successfully bumped revision number for resource 4101bb94-0ab8-4a89-a2a3-09b2cba2d477 (type: security_group_rules) to 0
2026-07-15 06:08:52.584 10 INFO neutron.db.ovn_revision_numbers_db [None req-8536c37f-1f4a-4955-b9cc-66b430acdbae 034469f126c84f44bd0ec025ad2f047d 70971bd4bc7d4c7298836e8c8c648b10 - - default default] Successfully bumped revision number for resource 6c6bcade-5dcf-4a4a-95d1-c53442619418 (type: security_group_rules) to 0
2026-07-15 06:08:52.598 10 INFO neutron.db.ovn_revision_numbers_db [None req-8536c37f-1f4a-4955-b9cc-66b430acdbae 034469f126c84f44bd0ec025ad2f047d 70971bd4bc7d4c7298836e8c8c648b10 - - default default] Successfully bumped revision number for resource 7fac643c-0aa6-43d8-bcf5-2f4df4323e77 (type: security_group_rules) to 0
2026-07-15 06:08:52.648 10 INFO neutron.db.segments_db [None req-8536c37f-1f4a-4955-b9cc-66b430acdbae 034469f126c84f44bd0ec025ad2f047d 70971bd4bc7d4c7298836e8c8c648b10 - - default default] Added segment f9202f21-a243-4795-b629-177d066084ff of type geneve for network f8894584-3be6-4c77-bed2-08dc85a26375
2026-07-15 06:08:52.789 10 INFO neutron.db.ovn_revision_numbers_db [None req-8536c37f-1f4a-4955-b9cc-66b430acdbae 034469f126c84f44bd0ec025ad2f047d 70971bd4bc7d4c7298836e8c8c648b10 - - default default] Successfully bumped revision number for resource f8894584-3be6-4c77-bed2-08dc85a26375 (type: networks) to 1
2026-07-15 06:08:52.948 10 WARNING neutron.scheduler.dhcp_agent_scheduler [None req-8536c37f-1f4a-4955-b9cc-66b430acdbae 034469f126c84f44bd0ec025ad2f047d 70971bd4bc7d4c7298836e8c8c648b10 - - default default] No more DHCP agents
2026-07-15 06:08:52.951 10 WARNING neutron.api.rpc.agentnotifiers.dhcp_rpc_agent_api [None req-8536c37f-1f4a-4955-b9cc-66b430acdbae 034469f126c84f44bd0ec025ad2f047d 70971bd4bc7d4c7298836e8c8c648b10 - - default default] Unable to schedule network f8894584-3be6-4c77-bed2-08dc85a26375: no agents available; will retry on subsequent port and subnet creation events.
2026-07-15 06:08:53.023 10 INFO neutron.db.ovn_revision_numbers_db [None req-8536c37f-1f4a-4955-b9cc-66b430acdbae 034469f126c84f44bd0ec025ad2f047d 70971bd4bc7d4c7298836e8c8c648b10 - - default default] Successfully bumped revision number for resource 76c08de5-6f54-4433-8853-d596dd7eeb39 (type: ports) to 1
2026-07-15 06:08:53.044 10 INFO neutron.wsgi [None req-8536c37f-1f4a-4955-b9cc-66b430acdbae 034469f126c84f44bd0ec025ad2f047d 70971bd4bc7d4c7298836e8c8c648b10 - - default default] 10.0.0.193 "POST /v2.0/networks HTTP/1.1" status: 201 len: 830 time: 0.8429251
2026-07-15 06:08:53.288 10 WARNING neutron.scheduler.dhcp_agent_scheduler [None req-baebadc4-5a45-43fd-b4c3-7b8a0a8aa27c 034469f126c84f44bd0ec025ad2f047d 70971bd4bc7d4c7298836e8c8c648b10 - - default default] No more DHCP agents
2026-07-15 06:08:53.291 10 WARNING neutron.api.rpc.agentnotifiers.dhcp_rpc_agent_api [None req-baebadc4-5a45-43fd-b4c3-7b8a0a8aa27c 034469f126c84f44bd0ec025ad2f047d 70971bd4bc7d4c7298836e8c8c648b10 - - default default] Unable to schedule network f8894584-3be6-4c77-bed2-08dc85a26375: no agents available; will retry on subsequent port and subnet creation events.
2026-07-15 06:08:53.662 9 INFO neutron.wsgi [None req-cdbce2c9-d927-4e0b-b186-d5dc2adebf1c 20b13e8cf2e24d08b990e33f3a818614 7ce0560fa7bb458d906c001747582a28 - - default default] 10.0.0.193 "POST /v2.0/subnetpools HTTP/1.1" status: 201 len: 715 time: 0.2073569
2026-07-15 06:08:53.702 9 INFO neutron.wsgi [None req-98047fde-33e9-4df1-a776-4730f2ec7ede 20b13e8cf2e24d08b990e33f3a818614 7ce0560fa7bb458d906c001747582a28 - - default default] 10.0.0.193 "PUT /v2.0/subnetpools/ac570484-d55f-417d-a52a-8b0de9235f4a/tags HTTP/1.1" status: 200 len: 218 time: 0.0350795
2026-07-15 06:08:53.732 9 INFO neutron.wsgi [None req-e030e85a-d601-4b54-98f5-77b30311446e 20b13e8cf2e24d08b990e33f3a818614 7ce0560fa7bb458d906c001747582a28 - - default default] 10.0.0.193 "GET /v2.0/subnetpools/ac570484-d55f-417d-a52a-8b0de9235f4a/tags HTTP/1.1" status: 200 len: 218 time: 0.0230699
2026-07-15 06:08:53.765 9 INFO neutron.wsgi [None req-81164041-3a73-4c99-93d2-8b5cd3112494 20b13e8cf2e24d08b990e33f3a818614 7ce0560fa7bb458d906c001747582a28 - - default default] 10.0.0.193 "PUT /v2.0/subnetpools/ac570484-d55f-417d-a52a-8b0de9235f4a/tags/green HTTP/1.1" status: 201 len: 201 time: 0.0279462
2026-07-15 06:08:53.781 10 INFO neutron.db.ovn_revision_numbers_db [None req-baebadc4-5a45-43fd-b4c3-7b8a0a8aa27c 034469f126c84f44bd0ec025ad2f047d 70971bd4bc7d4c7298836e8c8c648b10 - - default default] Successfully bumped revision number for resource 76c08de5-6f54-4433-8853-d596dd7eeb39 (type: ports) to 2
2026-07-15 06:08:53.785 9 INFO neutron.wsgi [None req-df646c35-3238-466d-9df4-307065e1683c 20b13e8cf2e24d08b990e33f3a818614 7ce0560fa7bb458d906c001747582a28 - - default default] 10.0.0.193 "GET /v2.0/subnetpools/ac570484-d55f-417d-a52a-8b0de9235f4a/tags HTTP/1.1" status: 200 len: 227 time: 0.0159705
2026-07-15 06:08:53.807 9 INFO neutron.wsgi [None req-5dd7d0d1-71f0-4f79-88e8-73732b9eabf0 20b13e8cf2e24d08b990e33f3a818614 7ce0560fa7bb458d906c001747582a28 - - default default] 10.0.0.193 "PUT /v2.0/subnetpools/ac570484-d55f-417d-a52a-8b0de9235f4a/tags/red HTTP/1.1" status: 201 len: 201 time: 0.0174735
2026-07-15 06:08:53.814 10 INFO neutron.db.ovn_revision_numbers_db [None req-baebadc4-5a45-43fd-b4c3-7b8a0a8aa27c 034469f126c84f44bd0ec025ad2f047d 70971bd4bc7d4c7298836e8c8c648b10 - - default default] Successfully bumped revision number for resource c53573c4-a61c-4862-a7b3-5773ad4aae26 (type: subnets) to 0
2026-07-15 06:08:53.830 9 INFO neutron.wsgi [None req-4ce1fd5e-f547-43cf-85a3-0edf2573413f 20b13e8cf2e24d08b990e33f3a818614 7ce0560fa7bb458d906c001747582a28 - - default default] 10.0.0.193 "GET /v2.0/subnetpools/ac570484-d55f-417d-a52a-8b0de9235f4a/tags HTTP/1.1" status: 200 len: 227 time: 0.0178769
2026-07-15 06:08:53.830 10 INFO neutron.wsgi [None req-baebadc4-5a45-43fd-b4c3-7b8a0a8aa27c 034469f126c84f44bd0ec025ad2f047d 70971bd4bc7d4c7298836e8c8c648b10 - - default default] 10.0.0.193 "POST /v2.0/subnets HTTP/1.1" status: 201 len: 801 time: 0.7807467
2026-07-15 06:08:53.870 10 INFO neutron.wsgi [None req-f0ff06e9-1a5c-40e7-a508-6c66f0027a1e 20b13e8cf2e24d08b990e33f3a818614 7ce0560fa7bb458d906c001747582a28 - - default default] 10.0.0.193 "PUT /v2.0/subnetpools/ac570484-d55f-417d-a52a-8b0de9235f4a/tags/black.or.white HTTP/1.1" status: 201 len: 201 time: 0.0352676
2026-07-15 06:08:53.891 10 INFO neutron.wsgi [None req-1145c801-566e-4877-8065-e749613a44c6 20b13e8cf2e24d08b990e33f3a818614 7ce0560fa7bb458d906c001747582a28 - - default default] 10.0.0.193 "GET /v2.0/subnetpools/ac570484-d55f-417d-a52a-8b0de9235f4a/tags HTTP/1.1" status: 200 len: 245 time: 0.0161378
2026-07-15 06:08:53.916 9 INFO neutron.db.segments_db [None req-8b836a4d-13e6-4100-8729-3b887c194fae 034469f126c84f44bd0ec025ad2f047d 70971bd4bc7d4c7298836e8c8c648b10 - - default default] Added segment 23766b4f-4645-4977-9680-fb9269ac8cfe of type geneve for network 10b13163-373f-4fd9-b387-931eedc94991
2026-07-15 06:08:53.926 10 INFO neutron.wsgi [None req-074a430e-3339-4a49-9501-45aa03640cd5 20b13e8cf2e24d08b990e33f3a818614 7ce0560fa7bb458d906c001747582a28 - - default default] 10.0.0.193 "PUT /v2.0/subnetpools/ac570484-d55f-417d-a52a-8b0de9235f4a/tags HTTP/1.1" status: 200 len: 230 time: 0.0302992
2026-07-15 06:08:53.950 10 INFO neutron.wsgi [None req-2dd9a271-c29d-48af-9cf5-cefcd827386f 20b13e8cf2e24d08b990e33f3a818614 7ce0560fa7bb458d906c001747582a28 - - default default] 10.0.0.193 "GET /v2.0/subnetpools/ac570484-d55f-417d-a52a-8b0de9235f4a/tags HTTP/1.1" status: 200 len: 230 time: 0.0189998
2026-07-15 06:08:53.976 10 INFO neutron.wsgi [None req-f734e296-128d-40b3-b0f8-a09a9da40a30 20b13e8cf2e24d08b990e33f3a818614 7ce0560fa7bb458d906c001747582a28 - - default default] 10.0.0.193 "GET /v2.0/subnetpools/ac570484-d55f-417d-a52a-8b0de9235f4a/tags/red HTTP/1.1" status: 204 len: 168 time: 0.0207796
2026-07-15 06:08:53.998 10 INFO neutron.api.v2.resource [None req-a4a3d41e-ccc0-40cc-bb9e-eecfbbbacd31 20b13e8cf2e24d08b990e33f3a818614 7ce0560fa7bb458d906c001747582a28 - - default default] show failed (client error): The resource could not be found.
2026-07-15 06:08:53.999 10 INFO neutron.wsgi [None req-a4a3d41e-ccc0-40cc-bb9e-eecfbbbacd31 20b13e8cf2e24d08b990e33f3a818614 7ce0560fa7bb458d906c001747582a28 - - default default] 10.0.0.193 "GET /v2.0/subnetpools/ac570484-d55f-417d-a52a-8b0de9235f4a/tags/green HTTP/1.1" status: 404 len: 299 time: 0.0181346
2026-07-15 06:08:54.035 10 INFO neutron.wsgi [None req-d2877607-1125-49b9-99f8-4133203aa843 20b13e8cf2e24d08b990e33f3a818614 7ce0560fa7bb458d906c001747582a28 - - default default] 10.0.0.193 "DELETE /v2.0/subnetpools/ac570484-d55f-417d-a52a-8b0de9235f4a/tags/red HTTP/1.1" status: 204 len: 168 time: 0.0300763
2026-07-15 06:08:54.053 9 INFO neutron.db.ovn_revision_numbers_db [None req-8b836a4d-13e6-4100-8729-3b887c194fae 034469f126c84f44bd0ec025ad2f047d 70971bd4bc7d4c7298836e8c8c648b10 - - default default] Successfully bumped revision number for resource 10b13163-373f-4fd9-b387-931eedc94991 (type: networks) to 1
2026-07-15 06:08:54.061 10 INFO neutron.wsgi [None req-6ce9c08a-ffac-4acf-8af0-d00867eae20a 20b13e8cf2e24d08b990e33f3a818614 7ce0560fa7bb458d906c001747582a28 - - default default] 10.0.0.193 "GET /v2.0/subnetpools/ac570484-d55f-417d-a52a-8b0de9235f4a/tags HTTP/1.1" status: 200 len: 223 time: 0.0186517
2026-07-15 06:08:54.084 10 INFO neutron.api.v2.resource [None req-842005b4-1883-41df-b530-14521d7b67b4 20b13e8cf2e24d08b990e33f3a818614 7ce0560fa7bb458d906c001747582a28 - - default default] delete failed (client error): The resource could not be found.
2026-07-15 06:08:54.085 10 INFO neutron.wsgi [None req-842005b4-1883-41df-b530-14521d7b67b4 20b13e8cf2e24d08b990e33f3a818614 7ce0560fa7bb458d906c001747582a28 - - default default] 10.0.0.193 "DELETE /v2.0/subnetpools/ac570484-d55f-417d-a52a-8b0de9235f4a/tags/green HTTP/1.1" status: 404 len: 299 time: 0.0187607
2026-07-15 06:08:54.123 10 INFO neutron.wsgi [None req-f56db90e-fcf8-426c-a8e8-0816dc77ea74 20b13e8cf2e24d08b990e33f3a818614 7ce0560fa7bb458d906c001747582a28 - - default default] 10.0.0.193 "DELETE /v2.0/subnetpools/ac570484-d55f-417d-a52a-8b0de9235f4a/tags HTTP/1.1" status: 204 len: 168 time: 0.0321829
2026-07-15 06:08:54.144 10 INFO neutron.wsgi [None req-0eb51ba5-563f-4862-ae14-71e9a40ea40b 20b13e8cf2e24d08b990e33f3a818614 7ce0560fa7bb458d906c001747582a28 - - default default] 10.0.0.193 "GET /v2.0/subnetpools/ac570484-d55f-417d-a52a-8b0de9235f4a/tags HTTP/1.1" status: 200 len: 205 time: 0.0158641
2026-07-15 06:08:54.218 10 INFO neutron.wsgi [None req-9c0f17dc-96ce-42c5-bc14-1872cc269ca2 20b13e8cf2e24d08b990e33f3a818614 7ce0560fa7bb458d906c001747582a28 - - default default] 10.0.0.193 "DELETE /v2.0/subnetpools/ac570484-d55f-417d-a52a-8b0de9235f4a HTTP/1.1" status: 204 len: 168 time: 0.0665331
2026-07-15 06:08:54.245 9 WARNING neutron.scheduler.dhcp_agent_scheduler [None req-8b836a4d-13e6-4100-8729-3b887c194fae 034469f126c84f44bd0ec025ad2f047d 70971bd4bc7d4c7298836e8c8c648b10 - - default default] No more DHCP agents
2026-07-15 06:08:54.249 9 WARNING neutron.api.rpc.agentnotifiers.dhcp_rpc_agent_api [None req-8b836a4d-13e6-4100-8729-3b887c194fae 034469f126c84f44bd0ec025ad2f047d 70971bd4bc7d4c7298836e8c8c648b10 - - default default] Unable to schedule network 10b13163-373f-4fd9-b387-931eedc94991: no agents available; will retry on subsequent port and subnet creation events.
2026-07-15 06:08:54.358 9 INFO neutron.db.ovn_revision_numbers_db [None req-8b836a4d-13e6-4100-8729-3b887c194fae 034469f126c84f44bd0ec025ad2f047d 70971bd4bc7d4c7298836e8c8c648b10 - - default default] Successfully bumped revision number for resource ecb4c311-c0c2-4fae-88de-e172b5fc9885 (type: ports) to 1
2026-07-15 06:08:54.380 9 INFO neutron.wsgi [None req-8b836a4d-13e6-4100-8729-3b887c194fae 034469f126c84f44bd0ec025ad2f047d 70971bd4bc7d4c7298836e8c8c648b10 - - default default] 10.0.0.193 "POST /v2.0/networks HTTP/1.1" status: 201 len: 830 time: 0.5438921
2026-07-15 06:08:54.616 9 WARNING neutron.scheduler.dhcp_agent_scheduler [None req-09dca8f8-8ca7-4ab6-94e0-ae1fc2e7e565 034469f126c84f44bd0ec025ad2f047d 70971bd4bc7d4c7298836e8c8c648b10 - - default default] No more DHCP agents
2026-07-15 06:08:54.617 9 WARNING neutron.api.rpc.agentnotifiers.dhcp_rpc_agent_api [None req-09dca8f8-8ca7-4ab6-94e0-ae1fc2e7e565 034469f126c84f44bd0ec025ad2f047d 70971bd4bc7d4c7298836e8c8c648b10 - - default default] Unable to schedule network 10b13163-373f-4fd9-b387-931eedc94991: no agents available; will retry on subsequent port and subnet creation events.
2026-07-15 06:08:55.083 9 INFO neutron.db.ovn_revision_numbers_db [None req-09dca8f8-8ca7-4ab6-94e0-ae1fc2e7e565 034469f126c84f44bd0ec025ad2f047d 70971bd4bc7d4c7298836e8c8c648b10 - - default default] Successfully bumped revision number for resource ecb4c311-c0c2-4fae-88de-e172b5fc9885 (type: ports) to 2
2026-07-15 06:08:55.131 9 INFO neutron.db.ovn_revision_numbers_db [None req-09dca8f8-8ca7-4ab6-94e0-ae1fc2e7e565 034469f126c84f44bd0ec025ad2f047d 70971bd4bc7d4c7298836e8c8c648b10 - - default default] Successfully bumped revision number for resource 09fb8409-7d24-437f-9b82-560498c6044d (type: subnets) to 0
2026-07-15 06:08:55.135 10 INFO neutron.db.ovn_revision_numbers_db [None req-1936855e-724c-48b6-83c8-fb642477d613 b12c0261aabc4148a8d14edbab9a42f1 4faf39b8e0cd4b7f8a7fa5fe4a037441 - - default default] Successfully bumped revision number for resource f90d4585-381a-46f7-9abd-57fe9bb2d751 (type: security_groups) to 1
2026-07-15 06:08:55.148 9 INFO neutron.wsgi [None req-09dca8f8-8ca7-4ab6-94e0-ae1fc2e7e565 034469f126c84f44bd0ec025ad2f047d 70971bd4bc7d4c7298836e8c8c648b10 - - default default] 10.0.0.193 "POST /v2.0/subnets HTTP/1.1" status: 201 len: 804 time: 0.7639372
2026-07-15 06:08:55.149 10 INFO neutron.db.ovn_revision_numbers_db [None req-1936855e-724c-48b6-83c8-fb642477d613 b12c0261aabc4148a8d14edbab9a42f1 4faf39b8e0cd4b7f8a7fa5fe4a037441 - - default default] Successfully bumped revision number for resource 334eaa44-7118-4eb7-9628-4d605c439069 (type: security_group_rules) to 0
2026-07-15 06:08:55.170 10 INFO neutron.db.ovn_revision_numbers_db [None req-1936855e-724c-48b6-83c8-fb642477d613 b12c0261aabc4148a8d14edbab9a42f1 4faf39b8e0cd4b7f8a7fa5fe4a037441 - - default default] Successfully bumped revision number for resource 7fcfa5b4-16df-4bc8-8ca5-b6150ceacd27 (type: security_group_rules) to 0
2026-07-15 06:08:55.188 10 INFO neutron.db.ovn_revision_numbers_db [None req-1936855e-724c-48b6-83c8-fb642477d613 b12c0261aabc4148a8d14edbab9a42f1 4faf39b8e0cd4b7f8a7fa5fe4a037441 - - default default] Successfully bumped revision number for resource ab8b2feb-6c02-4306-b94d-b49795b0a6a6 (type: security_group_rules) to 0
2026-07-15 06:08:55.199 10 INFO neutron.db.ovn_revision_numbers_db [None req-1936855e-724c-48b6-83c8-fb642477d613 b12c0261aabc4148a8d14edbab9a42f1 4faf39b8e0cd4b7f8a7fa5fe4a037441 - - default default] Successfully bumped revision number for resource b3ff4cae-4433-412c-8e07-f3722c9a0f21 (type: security_group_rules) to 0
2026-07-15 06:08:55.221 10 INFO neutron.wsgi [None req-1936855e-724c-48b6-83c8-fb642477d613 b12c0261aabc4148a8d14edbab9a42f1 4faf39b8e0cd4b7f8a7fa5fe4a037441 - - default default] 10.0.0.193 "GET /v2.0/security-groups?tenant_id=9c6ac87a792f4ee4a22a1a5eda6cbe94&name=default HTTP/1.1" status: 200 len: 3000 time: 0.3122854
2026-07-15 06:08:55.239 10 INFO neutron.db.segments_db [None req-e8424a6a-81c7-479c-b56d-29deff5c8f1f 034469f126c84f44bd0ec025ad2f047d 70971bd4bc7d4c7298836e8c8c648b10 - - default default] Added segment 0e4a695d-f2e1-4c09-8624-791f7c9bbd86 of type geneve for network ae99adf0-ce76-4477-90f3-4a8956b11f12
2026-07-15 06:08:55.397 10 INFO neutron.db.ovn_revision_numbers_db [None req-e8424a6a-81c7-479c-b56d-29deff5c8f1f 034469f126c84f44bd0ec025ad2f047d 70971bd4bc7d4c7298836e8c8c648b10 - - default default] Successfully bumped revision number for resource ae99adf0-ce76-4477-90f3-4a8956b11f12 (type: networks) to 1
2026-07-15 06:08:55.424 9 INFO neutron.wsgi [None req-e7e270cc-e146-4331-917e-9e27b986b721 b12c0261aabc4148a8d14edbab9a42f1 4faf39b8e0cd4b7f8a7fa5fe4a037441 - - default default] 10.0.0.193 "DELETE /v2.0/security-groups/f90d4585-381a-46f7-9abd-57fe9bb2d751 HTTP/1.1" status: 204 len: 168 time: 0.1976273
2026-07-15 06:08:55.570 10 WARNING neutron.scheduler.dhcp_agent_scheduler [None req-e8424a6a-81c7-479c-b56d-29deff5c8f1f 034469f126c84f44bd0ec025ad2f047d 70971bd4bc7d4c7298836e8c8c648b10 - - default default] No more DHCP agents
2026-07-15 06:08:55.572 10 WARNING neutron.api.rpc.agentnotifiers.dhcp_rpc_agent_api [None req-e8424a6a-81c7-479c-b56d-29deff5c8f1f 034469f126c84f44bd0ec025ad2f047d 70971bd4bc7d4c7298836e8c8c648b10 - - default default] Unable to schedule network ae99adf0-ce76-4477-90f3-4a8956b11f12: no agents available; will retry on subsequent port and subnet creation events.
2026-07-15 06:08:55.653 10 INFO neutron.db.ovn_revision_numbers_db [None req-e8424a6a-81c7-479c-b56d-29deff5c8f1f 034469f126c84f44bd0ec025ad2f047d 70971bd4bc7d4c7298836e8c8c648b10 - - default default] Successfully bumped revision number for resource c3b1b08b-c76f-480c-a54a-cec26d6ceec5 (type: ports) to 1
2026-07-15 06:08:55.661 9 INFO neutron.db.ovn_revision_numbers_db [None req-d13683a4-6401-47bc-8878-a502a33264e6 b12c0261aabc4148a8d14edbab9a42f1 4faf39b8e0cd4b7f8a7fa5fe4a037441 - - default default] Successfully bumped revision number for resource 19544ffa-0ef7-4eda-b5f8-af494758c0c8 (type: security_groups) to 1
2026-07-15 06:08:55.673 10 INFO neutron.wsgi [None req-e8424a6a-81c7-479c-b56d-29deff5c8f1f 034469f126c84f44bd0ec025ad2f047d 70971bd4bc7d4c7298836e8c8c648b10 - - default default] 10.0.0.193 "POST /v2.0/networks HTTP/1.1" status: 201 len: 831 time: 0.5201588
2026-07-15 06:08:55.675 9 INFO neutron.db.ovn_revision_numbers_db [None req-d13683a4-6401-47bc-8878-a502a33264e6 b12c0261aabc4148a8d14edbab9a42f1 4faf39b8e0cd4b7f8a7fa5fe4a037441 - - default default] Successfully bumped revision number for resource 0cead92b-cbb0-4653-b269-4070743a1f9d (type: security_group_rules) to 0
2026-07-15 06:08:55.690 9 INFO neutron.db.ovn_revision_numbers_db [None req-d13683a4-6401-47bc-8878-a502a33264e6 b12c0261aabc4148a8d14edbab9a42f1 4faf39b8e0cd4b7f8a7fa5fe4a037441 - - default default] Successfully bumped revision number for resource 1d839f69-23a4-4ad1-baea-d4efd3d69020 (type: security_group_rules) to 0
2026-07-15 06:08:55.707 9 INFO neutron.db.ovn_revision_numbers_db [None req-d13683a4-6401-47bc-8878-a502a33264e6 b12c0261aabc4148a8d14edbab9a42f1 4faf39b8e0cd4b7f8a7fa5fe4a037441 - - default default] Successfully bumped revision number for resource 2f2b561b-147f-4640-b4d8-5f7cc8de6848 (type: security_group_rules) to 0
2026-07-15 06:08:55.722 9 INFO neutron.db.ovn_revision_numbers_db [None req-d13683a4-6401-47bc-8878-a502a33264e6 b12c0261aabc4148a8d14edbab9a42f1 4faf39b8e0cd4b7f8a7fa5fe4a037441 - - default default] Successfully bumped revision number for resource a2a39afa-88ec-4060-920d-9c776ea04c84 (type: security_group_rules) to 0
2026-07-15 06:08:55.746 9 INFO neutron.wsgi [None req-d13683a4-6401-47bc-8878-a502a33264e6 b12c0261aabc4148a8d14edbab9a42f1 4faf39b8e0cd4b7f8a7fa5fe4a037441 - - default default] 10.0.0.193 "GET /v2.0/security-groups?tenant_id=7ce0560fa7bb458d906c001747582a28&name=default HTTP/1.1" status: 200 len: 3000 time: 0.1786880
2026-07-15 06:08:55.913 9 INFO neutron.wsgi [None req-beaf4bd3-c569-4c63-9647-83444e276c55 b12c0261aabc4148a8d14edbab9a42f1 4faf39b8e0cd4b7f8a7fa5fe4a037441 - - default default] 10.0.0.193 "DELETE /v2.0/security-groups/19544ffa-0ef7-4eda-b5f8-af494758c0c8 HTTP/1.1" status: 204 len: 168 time: 0.1621456
2026-07-15 06:08:55.931 10 WARNING neutron.scheduler.dhcp_agent_scheduler [None req-08e5e4e1-e3b3-4376-aea4-2ebcd1173d98 034469f126c84f44bd0ec025ad2f047d 70971bd4bc7d4c7298836e8c8c648b10 - - default default] No more DHCP agents
2026-07-15 06:08:55.933 10 WARNING neutron.api.rpc.agentnotifiers.dhcp_rpc_agent_api [None req-08e5e4e1-e3b3-4376-aea4-2ebcd1173d98 034469f126c84f44bd0ec025ad2f047d 70971bd4bc7d4c7298836e8c8c648b10 - - default default] Unable to schedule network ae99adf0-ce76-4477-90f3-4a8956b11f12: no agents available; will retry on subsequent port and subnet creation events.
2026-07-15 06:08:56.390 10 INFO neutron.db.ovn_revision_numbers_db [None req-08e5e4e1-e3b3-4376-aea4-2ebcd1173d98 034469f126c84f44bd0ec025ad2f047d 70971bd4bc7d4c7298836e8c8c648b10 - - default default] Successfully bumped revision number for resource c3b1b08b-c76f-480c-a54a-cec26d6ceec5 (type: ports) to 2
2026-07-15 06:08:56.417 10 INFO neutron.db.ovn_revision_numbers_db [None req-08e5e4e1-e3b3-4376-aea4-2ebcd1173d98 034469f126c84f44bd0ec025ad2f047d 70971bd4bc7d4c7298836e8c8c648b10 - - default default] Successfully bumped revision number for resource 51f48b28-2173-414b-b939-7a5309d7ffa6 (type: subnets) to 0
2026-07-15 06:08:56.429 10 INFO neutron.wsgi [None req-08e5e4e1-e3b3-4376-aea4-2ebcd1173d98 034469f126c84f44bd0ec025ad2f047d 70971bd4bc7d4c7298836e8c8c648b10 - - default default] 10.0.0.193 "POST /v2.0/subnets HTTP/1.1" status: 201 len: 804 time: 0.7501593
2026-07-15 06:08:56.514 10 INFO neutron.db.segments_db [None req-df6063ce-053b-4c26-b1fc-5d9dd3b993c3 034469f126c84f44bd0ec025ad2f047d 70971bd4bc7d4c7298836e8c8c648b10 - - default default] Added segment 3b592475-c90b-4ade-bec1-a1665a3beb7a of type geneve for network e97f44d9-7048-4b98-8c00-f4500fb2c5e1
2026-07-15 06:08:56.663 10 INFO neutron.db.ovn_revision_numbers_db [None req-df6063ce-053b-4c26-b1fc-5d9dd3b993c3 034469f126c84f44bd0ec025ad2f047d 70971bd4bc7d4c7298836e8c8c648b10 - - default default] Successfully bumped revision number for resource e97f44d9-7048-4b98-8c00-f4500fb2c5e1 (type: networks) to 1
2026-07-15 06:08:56.879 10 WARNING neutron.scheduler.dhcp_agent_scheduler [None req-df6063ce-053b-4c26-b1fc-5d9dd3b993c3 034469f126c84f44bd0ec025ad2f047d 70971bd4bc7d4c7298836e8c8c648b10 - - default default] No more DHCP agents
2026-07-15 06:08:56.881 10 WARNING neutron.api.rpc.agentnotifiers.dhcp_rpc_agent_api [None req-df6063ce-053b-4c26-b1fc-5d9dd3b993c3 034469f126c84f44bd0ec025ad2f047d 70971bd4bc7d4c7298836e8c8c648b10 - - default default] Unable to schedule network e97f44d9-7048-4b98-8c00-f4500fb2c5e1: no agents available; will retry on subsequent port and subnet creation events.
2026-07-15 06:08:56.958 10 INFO neutron.db.ovn_revision_numbers_db [None req-df6063ce-053b-4c26-b1fc-5d9dd3b993c3 034469f126c84f44bd0ec025ad2f047d 70971bd4bc7d4c7298836e8c8c648b10 - - default default] Successfully bumped revision number for resource 4f9c80e4-24f5-40bb-847d-78d7575e45b7 (type: ports) to 1
2026-07-15 06:08:56.981 10 INFO neutron.wsgi [None req-df6063ce-053b-4c26-b1fc-5d9dd3b993c3 034469f126c84f44bd0ec025ad2f047d 70971bd4bc7d4c7298836e8c8c648b10 - - default default] 10.0.0.193 "POST /v2.0/networks HTTP/1.1" status: 201 len: 831 time: 0.5472062
2026-07-15 06:08:57.254 10 WARNING neutron.scheduler.dhcp_agent_scheduler [None req-69a9c1d2-fe18-4754-8f47-9abc681e3a95 034469f126c84f44bd0ec025ad2f047d 70971bd4bc7d4c7298836e8c8c648b10 - - default default] No more DHCP agents
2026-07-15 06:08:57.258 10 WARNING neutron.api.rpc.agentnotifiers.dhcp_rpc_agent_api [None req-69a9c1d2-fe18-4754-8f47-9abc681e3a95 034469f126c84f44bd0ec025ad2f047d 70971bd4bc7d4c7298836e8c8c648b10 - - default default] Unable to schedule network e97f44d9-7048-4b98-8c00-f4500fb2c5e1: no agents available; will retry on subsequent port and subnet creation events.
2026-07-15 06:08:57.727 10 INFO neutron.db.ovn_revision_numbers_db [None req-69a9c1d2-fe18-4754-8f47-9abc681e3a95 034469f126c84f44bd0ec025ad2f047d 70971bd4bc7d4c7298836e8c8c648b10 - - default default] Successfully bumped revision number for resource 4f9c80e4-24f5-40bb-847d-78d7575e45b7 (type: ports) to 2
2026-07-15 06:08:57.756 10 INFO neutron.db.ovn_revision_numbers_db [None req-69a9c1d2-fe18-4754-8f47-9abc681e3a95 034469f126c84f44bd0ec025ad2f047d 70971bd4bc7d4c7298836e8c8c648b10 - - default default] Successfully bumped revision number for resource dd0b831d-a0d7-4987-9b29-608d19973c3c (type: subnets) to 0
2026-07-15 06:08:57.769 10 INFO neutron.wsgi [None req-69a9c1d2-fe18-4754-8f47-9abc681e3a95 034469f126c84f44bd0ec025ad2f047d 70971bd4bc7d4c7298836e8c8c648b10 - - default default] 10.0.0.193 "POST /v2.0/subnets HTTP/1.1" status: 201 len: 804 time: 0.7828405
2026-07-15 06:08:57.859 10 INFO neutron.db.segments_db [None req-5b1e2f57-07bc-4bed-ac81-2c7a3ad8b000 034469f126c84f44bd0ec025ad2f047d 70971bd4bc7d4c7298836e8c8c648b10 - - default default] Added segment 03bc7d92-ef01-4be2-923f-5cf8784b079d of type geneve for network b075361d-2491-4353-a27a-384a85932dc1
2026-07-15 06:08:58.015 10 INFO neutron.db.ovn_revision_numbers_db [None req-5b1e2f57-07bc-4bed-ac81-2c7a3ad8b000 034469f126c84f44bd0ec025ad2f047d 70971bd4bc7d4c7298836e8c8c648b10 - - default default] Successfully bumped revision number for resource b075361d-2491-4353-a27a-384a85932dc1 (type: networks) to 1
2026-07-15 06:08:58.200 10 WARNING neutron.scheduler.dhcp_agent_scheduler [None req-5b1e2f57-07bc-4bed-ac81-2c7a3ad8b000 034469f126c84f44bd0ec025ad2f047d 70971bd4bc7d4c7298836e8c8c648b10 - - default default] No more DHCP agents
2026-07-15 06:08:58.202 10 WARNING neutron.api.rpc.agentnotifiers.dhcp_rpc_agent_api [None req-5b1e2f57-07bc-4bed-ac81-2c7a3ad8b000 034469f126c84f44bd0ec025ad2f047d 70971bd4bc7d4c7298836e8c8c648b10 - - default default] Unable to schedule network b075361d-2491-4353-a27a-384a85932dc1: no agents available; will retry on subsequent port and subnet creation events.
2026-07-15 06:08:58.322 10 INFO neutron.db.ovn_revision_numbers_db [None req-5b1e2f57-07bc-4bed-ac81-2c7a3ad8b000 034469f126c84f44bd0ec025ad2f047d 70971bd4bc7d4c7298836e8c8c648b10 - - default default] Successfully bumped revision number for resource d011c92e-cf45-43dd-a9c1-424223de8148 (type: ports) to 1
2026-07-15 06:08:58.342 10 INFO neutron.wsgi [None req-5b1e2f57-07bc-4bed-ac81-2c7a3ad8b000 034469f126c84f44bd0ec025ad2f047d 70971bd4bc7d4c7298836e8c8c648b10 - - default default] 10.0.0.193 "POST /v2.0/networks HTTP/1.1" status: 201 len: 831 time: 0.5675128
2026-07-15 06:08:58.564 10 WARNING neutron.scheduler.dhcp_agent_scheduler [None req-f74a877f-ae8d-4291-ae82-eea3e8263c25 034469f126c84f44bd0ec025ad2f047d 70971bd4bc7d4c7298836e8c8c648b10 - - default default] No more DHCP agents
2026-07-15 06:08:58.566 10 WARNING neutron.api.rpc.agentnotifiers.dhcp_rpc_agent_api [None req-f74a877f-ae8d-4291-ae82-eea3e8263c25 034469f126c84f44bd0ec025ad2f047d 70971bd4bc7d4c7298836e8c8c648b10 - - default default] Unable to schedule network b075361d-2491-4353-a27a-384a85932dc1: no agents available; will retry on subsequent port and subnet creation events.
2026-07-15 06:08:58.995 10 INFO neutron.db.ovn_revision_numbers_db [None req-f74a877f-ae8d-4291-ae82-eea3e8263c25 034469f126c84f44bd0ec025ad2f047d 70971bd4bc7d4c7298836e8c8c648b10 - - default default] Successfully bumped revision number for resource d011c92e-cf45-43dd-a9c1-424223de8148 (type: ports) to 2
2026-07-15 06:08:59.025 10 INFO neutron.db.ovn_revision_numbers_db [None req-f74a877f-ae8d-4291-ae82-eea3e8263c25 034469f126c84f44bd0ec025ad2f047d 70971bd4bc7d4c7298836e8c8c648b10 - - default default] Successfully bumped revision number for resource 27844f30-0e59-4973-adbc-6aaba17fe716 (type: subnets) to 0
2026-07-15 06:08:59.040 10 INFO neutron.wsgi [None req-f74a877f-ae8d-4291-ae82-eea3e8263c25 034469f126c84f44bd0ec025ad2f047d 70971bd4bc7d4c7298836e8c8c648b10 - - default default] 10.0.0.193 "POST /v2.0/subnets HTTP/1.1" status: 201 len: 804 time: 0.6922240
2026-07-15 06:08:59.097 10 INFO neutron.wsgi [None req-cbb93930-2fe9-4954-bb4e-0c2d9be2672d 034469f126c84f44bd0ec025ad2f047d 70971bd4bc7d4c7298836e8c8c648b10 - - default default] 10.0.0.193 "PUT /v2.0/subnets/c53573c4-a61c-4862-a7b3-5773ad4aae26/tags HTTP/1.1" status: 200 len: 210 time: 0.0516367
2026-07-15 06:08:59.145 10 INFO neutron.wsgi [None req-12fbd278-f189-4328-809a-e35f2bb8d990 034469f126c84f44bd0ec025ad2f047d 70971bd4bc7d4c7298836e8c8c648b10 - - default default] 10.0.0.193 "PUT /v2.0/subnets/09fb8409-7d24-437f-9b82-560498c6044d/tags HTTP/1.1" status: 200 len: 218 time: 0.0421069
2026-07-15 06:08:59.192 10 INFO neutron.wsgi [None req-ab8497d7-3c76-44ee-8be3-7d1c605059b1 034469f126c84f44bd0ec025ad2f047d 70971bd4bc7d4c7298836e8c8c648b10 - - default default] 10.0.0.193 "PUT /v2.0/subnets/51f48b28-2173-414b-b939-7a5309d7ffa6/tags HTTP/1.1" status: 200 len: 227 time: 0.0423477
2026-07-15 06:08:59.245 10 INFO neutron.wsgi [None req-28bcf1b8-5c93-4088-8a33-1ba6603e77c2 034469f126c84f44bd0ec025ad2f047d 70971bd4bc7d4c7298836e8c8c648b10 - - default default] 10.0.0.193 "PUT /v2.0/subnets/dd0b831d-a0d7-4987-9b29-608d19973c3c/tags HTTP/1.1" status: 200 len: 212 time: 0.0479436
2026-07-15 06:08:59.327 9 INFO neutron.wsgi [None req-d72595c0-6187-4aea-b653-f2373d01034f 034469f126c84f44bd0ec025ad2f047d 70971bd4bc7d4c7298836e8c8c648b10 - - default default] 10.0.0.193 "GET /v2.0/subnets?tags=red HTTP/1.1" status: 200 len: 2027 time: 0.0764630
2026-07-15 06:08:59.387 9 INFO neutron.wsgi [None req-61beece5-126b-4750-9c63-cbf267a26cb7 034469f126c84f44bd0ec025ad2f047d 70971bd4bc7d4c7298836e8c8c648b10 - - default default] 10.0.0.193 "GET /v2.0/subnets?tags=red%2Cblue HTTP/1.1" status: 200 len: 1430 time: 0.0557182
2026-07-15 06:08:59.446 10 INFO neutron.wsgi [None req-e63c2684-0fd7-4a53-8b63-7646dbad4d76 034469f126c84f44bd0ec025ad2f047d 70971bd4bc7d4c7298836e8c8c648b10 - - default default] 10.0.0.193 "GET /v2.0/subnets?tags-any=blue HTTP/1.1" status: 200 len: 1430 time: 0.0523345
2026-07-15 06:08:59.506 10 INFO neutron.db.ovn_revision_numbers_db [None req-1ae7a5f2-35f4-4155-982d-9a3680184b5b b19b02cc8c794c1db7d4a83e27dabf7c f4a186912d6c468fb47ebe771af84697 - - default default] Successfully bumped revision number for resource 99ec8105-89e5-496f-b7a5-e9b008485c3d (type: security_groups) to 1
2026-07-15 06:08:59.516 10 INFO neutron.db.ovn_revision_numbers_db [None req-1ae7a5f2-35f4-4155-982d-9a3680184b5b b19b02cc8c794c1db7d4a83e27dabf7c f4a186912d6c468fb47ebe771af84697 - - default default] Successfully bumped revision number for resource 3d3d85b9-dc19-4f15-90d9-c1ddb8bdce5d (type: security_group_rules) to 0
2026-07-15 06:08:59.519 9 INFO neutron.wsgi [None req-e7f60404-4321-473f-b062-7c5926bae1cf 034469f126c84f44bd0ec025ad2f047d 70971bd4bc7d4c7298836e8c8c648b10 - - default default] 10.0.0.193 "GET /v2.0/subnets?tags-any=red%2Cblue HTTP/1.1" status: 200 len: 2027 time: 0.0671973
2026-07-15 06:08:59.542 10 INFO neutron.db.ovn_revision_numbers_db [None req-1ae7a5f2-35f4-4155-982d-9a3680184b5b b19b02cc8c794c1db7d4a83e27dabf7c f4a186912d6c468fb47ebe771af84697 - - default default] Successfully bumped revision number for resource a5566e8c-baac-4ac6-af96-406bebd391e8 (type: security_group_rules) to 0
2026-07-15 06:08:59.585 10 INFO neutron.db.ovn_revision_numbers_db [None req-1ae7a5f2-35f4-4155-982d-9a3680184b5b b19b02cc8c794c1db7d4a83e27dabf7c f4a186912d6c468fb47ebe771af84697 - - default default] Successfully bumped revision number for resource c69a761a-2ffc-4e93-b247-e0fdeb853c19 (type: security_group_rules) to 0
2026-07-15 06:08:59.603 10 INFO neutron.wsgi [None req-e4f6eff1-f553-4c92-a796-4849db171674 034469f126c84f44bd0ec025ad2f047d 70971bd4bc7d4c7298836e8c8c648b10 - - default default] 10.0.0.193 "GET /v2.0/subnets?not-tags=red HTTP/1.1" status: 200 len: 2018 time: 0.0791707
2026-07-15 06:08:59.617 10 INFO neutron.db.ovn_revision_numbers_db [None req-1ae7a5f2-35f4-4155-982d-9a3680184b5b b19b02cc8c794c1db7d4a83e27dabf7c f4a186912d6c468fb47ebe771af84697 - - default default] Successfully bumped revision number for resource ee3eb26e-c0c8-45ab-ab71-909f48d0f850 (type: security_group_rules) to 0
2026-07-15 06:08:59.661 10 INFO neutron.db.segments_db [None req-1ae7a5f2-35f4-4155-982d-9a3680184b5b b19b02cc8c794c1db7d4a83e27dabf7c f4a186912d6c468fb47ebe771af84697 - - default default] Added segment a726b595-b521-4007-ba4f-cd4c3f170f4e of type geneve for network 7af1b228-931b-4b70-a53b-57f187e7e74e
2026-07-15 06:08:59.675 9 INFO neutron.wsgi [None req-37ec2d2e-bb0d-43db-b870-2d1aabf6e416 034469f126c84f44bd0ec025ad2f047d 70971bd4bc7d4c7298836e8c8c648b10 - - default default] 10.0.0.193 "GET /v2.0/subnets?not-tags=red%2Cblue HTTP/1.1" status: 200 len: 2615 time: 0.0667052
2026-07-15 06:08:59.736 9 INFO neutron.wsgi [None req-131b850f-8b93-4cd8-9e37-68522548ab4b 034469f126c84f44bd0ec025ad2f047d 70971bd4bc7d4c7298836e8c8c648b10 - - default default] 10.0.0.193 "GET /v2.0/subnets?not-tags-any=blue HTTP/1.1" status: 200 len: 2615 time: 0.0556662
2026-07-15 06:08:59.781 9 INFO neutron.wsgi [None req-78a468e2-98d1-4602-9608-245bc2fa262e 034469f126c84f44bd0ec025ad2f047d 70971bd4bc7d4c7298836e8c8c648b10 - - default default] 10.0.0.193 "GET /v2.0/subnets?not-tags-any=red%2Cblue HTTP/1.1" status: 200 len: 2018 time: 0.0401750
2026-07-15 06:08:59.981 9 INFO neutron.wsgi [None req-cbeace29-484d-4faa-82de-9dc223fa0f1c 034469f126c84f44bd0ec025ad2f047d 70971bd4bc7d4c7298836e8c8c648b10 - - default default] 10.0.0.193 "DELETE /v2.0/subnets/c53573c4-a61c-4862-a7b3-5773ad4aae26 HTTP/1.1" status: 204 len: 168 time: 0.1956391
2026-07-15 06:09:00.113 10 INFO neutron.db.ovn_revision_numbers_db [None req-1ae7a5f2-35f4-4155-982d-9a3680184b5b b19b02cc8c794c1db7d4a83e27dabf7c f4a186912d6c468fb47ebe771af84697 - - default default] Successfully bumped revision number for resource 7af1b228-931b-4b70-a53b-57f187e7e74e (type: networks) to 1
2026-07-15 06:09:00.177 9 INFO neutron.wsgi [None req-e69b87ac-1245-4e71-a0e5-ec4d5727e3f4 034469f126c84f44bd0ec025ad2f047d 70971bd4bc7d4c7298836e8c8c648b10 - - default default] 10.0.0.193 "DELETE /v2.0/subnets/09fb8409-7d24-437f-9b82-560498c6044d HTTP/1.1" status: 204 len: 168 time: 0.1879442
2026-07-15 06:09:00.289 10 WARNING neutron.scheduler.dhcp_agent_scheduler [None req-1ae7a5f2-35f4-4155-982d-9a3680184b5b b19b02cc8c794c1db7d4a83e27dabf7c f4a186912d6c468fb47ebe771af84697 - - default default] No more DHCP agents
2026-07-15 06:09:00.293 10 WARNING neutron.api.rpc.agentnotifiers.dhcp_rpc_agent_api [None req-1ae7a5f2-35f4-4155-982d-9a3680184b5b b19b02cc8c794c1db7d4a83e27dabf7c f4a186912d6c468fb47ebe771af84697 - - default default] Unable to schedule network 7af1b228-931b-4b70-a53b-57f187e7e74e: no agents available; will retry on subsequent port and subnet creation events.
2026-07-15 06:09:00.373 10 INFO neutron.db.ovn_revision_numbers_db [None req-1ae7a5f2-35f4-4155-982d-9a3680184b5b b19b02cc8c794c1db7d4a83e27dabf7c f4a186912d6c468fb47ebe771af84697 - - default default] Successfully bumped revision number for resource ce56999e-2b13-4aee-b1dc-6b264b00867e (type: ports) to 1
2026-07-15 06:09:00.396 10 INFO neutron.wsgi [None req-1ae7a5f2-35f4-4155-982d-9a3680184b5b b19b02cc8c794c1db7d4a83e27dabf7c f4a186912d6c468fb47ebe771af84697 - - default default] 10.0.0.193 "POST /v2.0/networks HTTP/1.1" status: 201 len: 830 time: 1.2395797
2026-07-15 06:09:00.417 9 INFO neutron.wsgi [None req-ae4db6b1-2a2b-472e-95cf-06a2189c50cf 034469f126c84f44bd0ec025ad2f047d 70971bd4bc7d4c7298836e8c8c648b10 - - default default] 10.0.0.193 "DELETE /v2.0/subnets/51f48b28-2173-414b-b939-7a5309d7ffa6 HTTP/1.1" status: 204 len: 168 time: 0.2349524
2026-07-15 06:09:00.673 10 INFO neutron.wsgi [None req-df7ca7d6-0c5c-47ea-8f78-71342ff10ad2 034469f126c84f44bd0ec025ad2f047d 70971bd4bc7d4c7298836e8c8c648b10 - - default default] 10.0.0.193 "DELETE /v2.0/subnets/dd0b831d-a0d7-4987-9b29-608d19973c3c HTTP/1.1" status: 204 len: 168 time: 0.2525907
2026-07-15 06:09:00.679 10 WARNING neutron.scheduler.dhcp_agent_scheduler [None req-77198915-f8a4-49c6-a59f-958f1bdeac01 b19b02cc8c794c1db7d4a83e27dabf7c f4a186912d6c468fb47ebe771af84697 - - default default] No more DHCP agents
2026-07-15 06:09:00.681 10 WARNING neutron.api.rpc.agentnotifiers.dhcp_rpc_agent_api [None req-77198915-f8a4-49c6-a59f-958f1bdeac01 b19b02cc8c794c1db7d4a83e27dabf7c f4a186912d6c468fb47ebe771af84697 - - default default] Unable to schedule network 7af1b228-931b-4b70-a53b-57f187e7e74e: no agents available; will retry on subsequent port and subnet creation events.
2026-07-15 06:09:00.874 9 INFO neutron.wsgi [None req-103a3769-59cd-4078-9757-4a099c3f12ca 034469f126c84f44bd0ec025ad2f047d 70971bd4bc7d4c7298836e8c8c648b10 - - default default] 10.0.0.193 "DELETE /v2.0/subnets/27844f30-0e59-4973-adbc-6aaba17fe716 HTTP/1.1" status: 204 len: 168 time: 0.1949713
2026-07-15 06:09:01.060 10 INFO neutron.db.ovn_revision_numbers_db [None req-77198915-f8a4-49c6-a59f-958f1bdeac01 b19b02cc8c794c1db7d4a83e27dabf7c f4a186912d6c468fb47ebe771af84697 - - default default] Successfully bumped revision number for resource ce56999e-2b13-4aee-b1dc-6b264b00867e (type: ports) to 2
2026-07-15 06:09:01.097 10 INFO neutron.db.ovn_revision_numbers_db [None req-77198915-f8a4-49c6-a59f-958f1bdeac01 b19b02cc8c794c1db7d4a83e27dabf7c f4a186912d6c468fb47ebe771af84697 - - default default] Successfully bumped revision number for resource 7fd93fb1-0e10-4b2c-a8af-4fd9d98e58ae (type: subnets) to 0
2026-07-15 06:09:01.112 10 INFO neutron.wsgi [None req-77198915-f8a4-49c6-a59f-958f1bdeac01 b19b02cc8c794c1db7d4a83e27dabf7c f4a186912d6c468fb47ebe771af84697 - - default default] 10.0.0.193 "POST /v2.0/subnets HTTP/1.1" status: 201 len: 801 time: 0.7114913
2026-07-15 06:09:01.157 10 INFO neutron.wsgi [None req-dc9e63cc-e789-475d-bbe0-d88ebc18ca5f b19b02cc8c794c1db7d4a83e27dabf7c f4a186912d6c468fb47ebe771af84697 - - default default] 10.0.0.193 "PUT /v2.0/subnets/7fd93fb1-0e10-4b2c-a8af-4fd9d98e58ae/tags HTTP/1.1" status: 200 len: 218 time: 0.0391266
2026-07-15 06:09:01.192 10 INFO neutron.wsgi [None req-28fb4108-0c11-4872-beab-3addc250a6f5 b19b02cc8c794c1db7d4a83e27dabf7c f4a186912d6c468fb47ebe771af84697 - - default default] 10.0.0.193 "GET /v2.0/subnets/7fd93fb1-0e10-4b2c-a8af-4fd9d98e58ae/tags HTTP/1.1" status: 200 len: 218 time: 0.0293734
2026-07-15 06:09:01.216 9 INFO neutron.services.segments.plugin [-] Segment f9202f21-a243-4795-b629-177d066084ff resource provider aggregate not found
2026-07-15 06:09:01.225 9 INFO neutron.services.segments.plugin [-] Segment f9202f21-a243-4795-b629-177d066084ff resource provider aggregate not found
2026-07-15 06:09:01.237 10 INFO neutron.wsgi [None req-0373756a-38f7-4a62-8a5d-91ca9665c03c b19b02cc8c794c1db7d4a83e27dabf7c f4a186912d6c468fb47ebe771af84697 - - default default] 10.0.0.193 "PUT /v2.0/subnets/7fd93fb1-0e10-4b2c-a8af-4fd9d98e58ae/tags/green HTTP/1.1" status: 201 len: 201 time: 0.0405860
2026-07-15 06:09:01.249 9 INFO neutron.services.segments.plugin [-] Segment f9202f21-a243-4795-b629-177d066084ff resource provider not found; error: Placement Client Error (4xx): {"errors": [{"status": 404, "title": "Not Found", "detail": "The resource could not be found.\n\n No resource provider with uuid f9202f21-a243-4795-b629-177d066084ff found for delete ", "request_id": "req-69b4f711-71ff-406e-bf8c-f2b26eee5b6f"}]}
2026-07-15 06:09:01.264 9 INFO neutron.services.segments.plugin [-] Segment f9202f21-a243-4795-b629-177d066084ff resource provider not found; error: Placement Client Error (4xx): {"errors": [{"status": 404, "title": "Not Found", "detail": "The resource could not be found.\n\n No resource provider with uuid f9202f21-a243-4795-b629-177d066084ff found for delete ", "request_id": "req-b25e944f-0e9a-4935-9995-0d4a80ea36a7"}]}
2026-07-15 06:09:01.292 10 INFO neutron.wsgi [None req-5acd6029-3067-4e28-88ad-72ce0f198730 b19b02cc8c794c1db7d4a83e27dabf7c f4a186912d6c468fb47ebe771af84697 - - default default] 10.0.0.193 "GET /v2.0/subnets/7fd93fb1-0e10-4b2c-a8af-4fd9d98e58ae/tags HTTP/1.1" status: 200 len: 227 time: 0.0486627
2026-07-15 06:09:01.292 9 INFO neutron.wsgi [None req-867239e9-b700-4259-b841-9d1c7e883db7 034469f126c84f44bd0ec025ad2f047d 70971bd4bc7d4c7298836e8c8c648b10 - - default default] 10.0.0.193 "DELETE /v2.0/networks/f8894584-3be6-4c77-bed2-08dc85a26375 HTTP/1.1" status: 204 len: 168 time: 0.4127631
2026-07-15 06:09:01.367 10 INFO neutron.wsgi [None req-fb5027b6-207c-4293-96f1-636e8265ef0e b19b02cc8c794c1db7d4a83e27dabf7c f4a186912d6c468fb47ebe771af84697 - - default default] 10.0.0.193 "PUT /v2.0/subnets/7fd93fb1-0e10-4b2c-a8af-4fd9d98e58ae/tags/red HTTP/1.1" status: 201 len: 201 time: 0.0692759
2026-07-15 06:09:01.418 9 INFO neutron.wsgi [None req-a67f8677-ec68-4137-85f8-7b2f39f2a927 b19b02cc8c794c1db7d4a83e27dabf7c f4a186912d6c468fb47ebe771af84697 - - default default] 10.0.0.193 "GET /v2.0/subnets/7fd93fb1-0e10-4b2c-a8af-4fd9d98e58ae/tags HTTP/1.1" status: 200 len: 227 time: 0.0459645
