2026-07-15 06:06:08.374 10 INFO neutron.db.ovn_revision_numbers_db [None req-a84cd896-7f2e-47c1-beb6-d8a92deb5e31 3e3a9eb92178438a8edbe46f1fbe5860 44c227ab03b541e7887d7736432c0334 - - default default] Successfully bumped revision number for resource 69e6fe23-27d5-4947-962b-799181bd0147 (type: ports) to 1
2026-07-15 06:06:08.408 10 WARNING neutron.scheduler.dhcp_agent_scheduler [None req-aae72b38-f361-42bc-8607-e2a98bc168ed 37e50b704bec403d97c72e9ef2c272e7 d4041af312ff4483981edf904e66de94 - - default default] No more DHCP agents
2026-07-15 06:06:08.411 10 INFO neutron.wsgi [None req-a84cd896-7f2e-47c1-beb6-d8a92deb5e31 3e3a9eb92178438a8edbe46f1fbe5860 44c227ab03b541e7887d7736432c0334 - - default default] 10.0.0.193 "POST /v2.0/networks HTTP/1.1" status: 201 len: 849 time: 1.6030281
2026-07-15 06:06:08.413 10 WARNING neutron.api.rpc.agentnotifiers.dhcp_rpc_agent_api [None req-aae72b38-f361-42bc-8607-e2a98bc168ed 37e50b704bec403d97c72e9ef2c272e7 d4041af312ff4483981edf904e66de94 - - default default] Unable to schedule network 699a2622-a4c3-41e8-9c80-8bf21449823e: no agents available; will retry on subsequent port and subnet creation events.
2026-07-15 06:06:08.501 10 INFO neutron.db.ovn_revision_numbers_db [None req-aae72b38-f361-42bc-8607-e2a98bc168ed 37e50b704bec403d97c72e9ef2c272e7 d4041af312ff4483981edf904e66de94 - - default default] Successfully bumped revision number for resource cd3fc030-8e43-4ebf-8f02-bebc62a44a97 (type: ports) to 1
2026-07-15 06:06:08.569 10 INFO neutron.db.ovn_revision_numbers_db [None req-aae72b38-f361-42bc-8607-e2a98bc168ed 37e50b704bec403d97c72e9ef2c272e7 d4041af312ff4483981edf904e66de94 - - default default] Successfully bumped revision number for resource 1a659b0c-e23f-49b3-9e37-2808a5f004d0 (type: networks) to 1
2026-07-15 06:06:08.728 10 WARNING neutron.scheduler.dhcp_agent_scheduler [None req-aae72b38-f361-42bc-8607-e2a98bc168ed 37e50b704bec403d97c72e9ef2c272e7 d4041af312ff4483981edf904e66de94 - - default default] No more DHCP agents
2026-07-15 06:06:08.731 10 WARNING neutron.api.rpc.agentnotifiers.dhcp_rpc_agent_api [None req-aae72b38-f361-42bc-8607-e2a98bc168ed 37e50b704bec403d97c72e9ef2c272e7 d4041af312ff4483981edf904e66de94 - - default default] Unable to schedule network 1a659b0c-e23f-49b3-9e37-2808a5f004d0: no agents available; will retry on subsequent port and subnet creation events.
2026-07-15 06:06:08.819 10 INFO neutron.db.ovn_revision_numbers_db [None req-aae72b38-f361-42bc-8607-e2a98bc168ed 37e50b704bec403d97c72e9ef2c272e7 d4041af312ff4483981edf904e66de94 - - default default] Successfully bumped revision number for resource d53d96c6-aec6-440e-94b4-b4bf2aeeb8c6 (type: ports) to 1
2026-07-15 06:06:08.846 10 INFO neutron.wsgi [None req-aae72b38-f361-42bc-8607-e2a98bc168ed 37e50b704bec403d97c72e9ef2c272e7 d4041af312ff4483981edf904e66de94 - - default default] 10.0.0.193 "POST /v2.0/networks HTTP/1.1" status: 201 len: 1446 time: 1.8432209
2026-07-15 06:06:08.928 10 INFO neutron.wsgi [None req-8125aeb3-bb1a-452a-b20a-b2821c93bed4 37e50b704bec403d97c72e9ef2c272e7 d4041af312ff4483981edf904e66de94 - - default default] 10.0.0.193 "GET /v2.0/networks HTTP/1.1" status: 200 len: 2052 time: 0.0768476
2026-07-15 06:06:08.976 9 WARNING neutron.scheduler.dhcp_agent_scheduler [None req-bb86f245-40e3-4d7f-8959-d01af7ae9a15 2aafafb4dec44c708170fedd7a7cb8c2 b1558565f64340b59c92442b875a6ed5 - - default default] No more DHCP agents
2026-07-15 06:06:08.988 9 WARNING neutron.api.rpc.agentnotifiers.dhcp_rpc_agent_api [None req-bb86f245-40e3-4d7f-8959-d01af7ae9a15 2aafafb4dec44c708170fedd7a7cb8c2 b1558565f64340b59c92442b875a6ed5 - - default default] Unable to schedule network facc3e29-5d91-40f5-87f2-4a7e15ef2ebe: no agents available; will retry on subsequent port and subnet creation events.
2026-07-15 06:06:09.194 9 WARNING neutron.scheduler.dhcp_agent_scheduler [None req-a61fb052-4c93-4f4f-99a5-4df775efc821 433fc69e25394f2098f4ad681f099f43 7a12ee3054c946599065086e3da85397 - - default default] No more DHCP agents
2026-07-15 06:06:09.207 9 WARNING neutron.api.rpc.agentnotifiers.dhcp_rpc_agent_api [None req-a61fb052-4c93-4f4f-99a5-4df775efc821 433fc69e25394f2098f4ad681f099f43 7a12ee3054c946599065086e3da85397 - - default default] Unable to schedule network bb37d091-3fbb-434e-9180-8c3496af7ade: no agents available; will retry on subsequent port and subnet creation events.
2026-07-15 06:06:09.285 9 WARNING neutron.scheduler.dhcp_agent_scheduler [None req-baad72f9-9f40-45e2-adf9-757b420e6b4a 3e3a9eb92178438a8edbe46f1fbe5860 44c227ab03b541e7887d7736432c0334 - - default default] No more DHCP agents
2026-07-15 06:06:09.290 9 WARNING neutron.api.rpc.agentnotifiers.dhcp_rpc_agent_api [None req-baad72f9-9f40-45e2-adf9-757b420e6b4a 3e3a9eb92178438a8edbe46f1fbe5860 44c227ab03b541e7887d7736432c0334 - - default default] Unable to schedule network 199fc109-7c27-412a-bc84-ca4a614d33a5: no agents available; will retry on subsequent port and subnet creation events.
2026-07-15 06:06:09.310 10 INFO neutron.services.segments.plugin [-] Segment cf96aa69-a147-4deb-ab7c-55cd8ec9ad95 resource provider aggregate not found
2026-07-15 06:06:09.315 10 INFO neutron.services.segments.plugin [-] Segment cf96aa69-a147-4deb-ab7c-55cd8ec9ad95 resource provider aggregate not found
2026-07-15 06:06:09.332 10 INFO neutron.services.segments.plugin [-] Segment cf96aa69-a147-4deb-ab7c-55cd8ec9ad95 resource provider not found; error: Placement Client Error (4xx): {"errors": [{"status": 404, "title": "Not Found", "detail": "The resource could not be found.\n\n No resource provider with uuid cf96aa69-a147-4deb-ab7c-55cd8ec9ad95 found for delete ", "request_id": "req-ed86bf0a-c1aa-4cb8-a4ec-09b19b9301fb"}]}
2026-07-15 06:06:09.337 10 INFO neutron.services.segments.plugin [-] Segment cf96aa69-a147-4deb-ab7c-55cd8ec9ad95 resource provider not found; error: Placement Client Error (4xx): {"errors": [{"status": 404, "title": "Not Found", "detail": "The resource could not be found.\n\n No resource provider with uuid cf96aa69-a147-4deb-ab7c-55cd8ec9ad95 found for delete ", "request_id": "req-815996f9-0f7e-465a-a54d-957ff45f9527"}]}
2026-07-15 06:06:09.348 10 INFO neutron.wsgi [None req-8f78480a-06a0-4da4-a4b2-951193c92d7c 37e50b704bec403d97c72e9ef2c272e7 d4041af312ff4483981edf904e66de94 - - default default] 10.0.0.193 "DELETE /v2.0/networks/699a2622-a4c3-41e8-9c80-8bf21449823e HTTP/1.1" status: 204 len: 168 time: 0.4156229
2026-07-15 06:06:09.360 9 INFO neutron.db.ovn_revision_numbers_db [None req-baad72f9-9f40-45e2-adf9-757b420e6b4a 3e3a9eb92178438a8edbe46f1fbe5860 44c227ab03b541e7887d7736432c0334 - - default default] Successfully bumped revision number for resource 9a87ffdb-f58e-4ba8-b308-ac3f93b03771 (type: subnets) to 0
2026-07-15 06:06:09.381 9 INFO neutron.wsgi [None req-baad72f9-9f40-45e2-adf9-757b420e6b4a 3e3a9eb92178438a8edbe46f1fbe5860 44c227ab03b541e7887d7736432c0334 - - default default] 10.0.0.193 "POST /v2.0/subnets HTTP/1.1" status: 201 len: 802 time: 0.9594073
2026-07-15 06:06:09.765 10 INFO neutron.wsgi [None req-53f3eb37-bfa4-4e11-b81a-000789221855 37e50b704bec403d97c72e9ef2c272e7 d4041af312ff4483981edf904e66de94 - - default default] 10.0.0.193 "DELETE /v2.0/networks/1a659b0c-e23f-49b3-9e37-2808a5f004d0 HTTP/1.1" status: 204 len: 168 time: 0.4121974
2026-07-15 06:06:09.840 10 INFO neutron.wsgi [None req-129e2782-8b73-41ea-be90-481372065e3b 37e50b704bec403d97c72e9ef2c272e7 d4041af312ff4483981edf904e66de94 - - default default] 10.0.0.193 "GET /v2.0/networks HTTP/1.1" status: 200 len: 845 time: 0.0688694
2026-07-15 06:06:09.862 9 INFO neutron.db.ovn_revision_numbers_db [None req-a61fb052-4c93-4f4f-99a5-4df775efc821 433fc69e25394f2098f4ad681f099f43 7a12ee3054c946599065086e3da85397 - - default default] Successfully bumped revision number for resource 987d7ba1-7262-4b76-8b71-03328cc78d29 (type: floatingips) to 0
2026-07-15 06:06:09.879 9 INFO neutron.wsgi [None req-a61fb052-4c93-4f4f-99a5-4df775efc821 433fc69e25394f2098f4ad681f099f43 7a12ee3054c946599065086e3da85397 - - default default] 10.0.0.193 "POST /v2.0/floatingips HTTP/1.1" status: 201 len: 751 time: 1.5867143
2026-07-15 06:06:09.921 9 INFO neutron.db.ovn_revision_numbers_db [None req-bb86f245-40e3-4d7f-8959-d01af7ae9a15 2aafafb4dec44c708170fedd7a7cb8c2 b1558565f64340b59c92442b875a6ed5 - - default default] Successfully bumped revision number for resource 748ab1c9-9d09-4971-84a8-43abd9010337 (type: ports) to 2
2026-07-15 06:06:09.933 10 INFO neutron.db.segments_db [None req-a97571bb-dd13-4e94-9721-4be2e1aaa240 37e50b704bec403d97c72e9ef2c272e7 d4041af312ff4483981edf904e66de94 - - default default] Added segment 630e565f-9d5a-4e2e-acc2-226f5ead268f of type geneve for network 241efcfc-bbc1-44d7-a746-902170291310
2026-07-15 06:06:09.965 9 INFO neutron.db.ovn_revision_numbers_db [None req-bb86f245-40e3-4d7f-8959-d01af7ae9a15 2aafafb4dec44c708170fedd7a7cb8c2 b1558565f64340b59c92442b875a6ed5 - - default default] Successfully bumped revision number for resource 7c34cfe4-d5e7-4bc3-aaaa-51b4acbc5eff (type: subnets) to 0
2026-07-15 06:06:09.980 9 INFO neutron.wsgi [None req-bb86f245-40e3-4d7f-8959-d01af7ae9a15 2aafafb4dec44c708170fedd7a7cb8c2 b1558565f64340b59c92442b875a6ed5 - - default default] 10.0.0.193 "POST /v2.0/subnets HTTP/1.1" status: 201 len: 816 time: 1.8063869
2026-07-15 06:06:10.049 9 WARNING neutron.scheduler.dhcp_agent_scheduler [None req-c8473ff3-51ef-45b8-9eed-08f2e4c62410 3e3a9eb92178438a8edbe46f1fbe5860 44c227ab03b541e7887d7736432c0334 - - default default] No more DHCP agents
2026-07-15 06:06:10.051 9 WARNING neutron.api.rpc.agentnotifiers.dhcp_rpc_agent_api [None req-c8473ff3-51ef-45b8-9eed-08f2e4c62410 3e3a9eb92178438a8edbe46f1fbe5860 44c227ab03b541e7887d7736432c0334 - - default default] Unable to schedule network bb37d091-3fbb-434e-9180-8c3496af7ade: no agents available; will retry on subsequent port and subnet creation events.
2026-07-15 06:06:10.078 10 INFO neutron.db.ovn_revision_numbers_db [None req-a97571bb-dd13-4e94-9721-4be2e1aaa240 37e50b704bec403d97c72e9ef2c272e7 d4041af312ff4483981edf904e66de94 - - default default] Successfully bumped revision number for resource 241efcfc-bbc1-44d7-a746-902170291310 (type: networks) to 1
2026-07-15 06:06:10.094 9 INFO neutron.db.segments_db [None req-671df31e-0d99-4937-a66a-dee73d305ddd 2aafafb4dec44c708170fedd7a7cb8c2 b1558565f64340b59c92442b875a6ed5 - - default default] Added segment 7975a0a7-1c88-49da-a67b-a764afb533b3 of type geneve for network a1480b6b-1b3e-48bd-a388-481bfe820f96
2026-07-15 06:06:10.253 10 WARNING neutron.scheduler.dhcp_agent_scheduler [None req-a97571bb-dd13-4e94-9721-4be2e1aaa240 37e50b704bec403d97c72e9ef2c272e7 d4041af312ff4483981edf904e66de94 - - default default] No more DHCP agents
2026-07-15 06:06:10.256 10 WARNING neutron.api.rpc.agentnotifiers.dhcp_rpc_agent_api [None req-a97571bb-dd13-4e94-9721-4be2e1aaa240 37e50b704bec403d97c72e9ef2c272e7 d4041af312ff4483981edf904e66de94 - - default default] Unable to schedule network 241efcfc-bbc1-44d7-a746-902170291310: no agents available; will retry on subsequent port and subnet creation events.
2026-07-15 06:06:10.343 10 INFO neutron.db.ovn_revision_numbers_db [None req-a97571bb-dd13-4e94-9721-4be2e1aaa240 37e50b704bec403d97c72e9ef2c272e7 d4041af312ff4483981edf904e66de94 - - default default] Successfully bumped revision number for resource b37b9658-c1cd-4a09-be47-a86f1c5f9689 (type: ports) to 1
2026-07-15 06:06:10.364 10 INFO neutron.wsgi [None req-a97571bb-dd13-4e94-9721-4be2e1aaa240 37e50b704bec403d97c72e9ef2c272e7 d4041af312ff4483981edf904e66de94 - - default default] 10.0.0.193 "POST /v2.0/networks HTTP/1.1" status: 201 len: 853 time: 0.5142236
2026-07-15 06:06:10.459 10 INFO neutron.db.segments_db [None req-9799a897-107c-4741-9f92-d78a5a5429f1 37e50b704bec403d97c72e9ef2c272e7 d4041af312ff4483981edf904e66de94 - - default default] Added segment ec1896bc-7d5a-4c05-b131-89240b666291 of type geneve for network 803629a1-dc00-4420-8379-4301b862cc30
2026-07-15 06:06:10.460 9 INFO neutron.db.ovn_revision_numbers_db [None req-671df31e-0d99-4937-a66a-dee73d305ddd 2aafafb4dec44c708170fedd7a7cb8c2 b1558565f64340b59c92442b875a6ed5 - - default default] Successfully bumped revision number for resource a1480b6b-1b3e-48bd-a388-481bfe820f96 (type: networks) to 1
2026-07-15 06:06:10.468 9 INFO neutron.db.ovn_revision_numbers_db [None req-c8473ff3-51ef-45b8-9eed-08f2e4c62410 3e3a9eb92178438a8edbe46f1fbe5860 44c227ab03b541e7887d7736432c0334 - - default default] Successfully bumped revision number for resource dc4da0b5-f347-4c5d-b62a-460fcd222a1e (type: ports) to 1
2026-07-15 06:06:10.600 10 INFO neutron.db.ovn_revision_numbers_db [None req-9799a897-107c-4741-9f92-d78a5a5429f1 37e50b704bec403d97c72e9ef2c272e7 d4041af312ff4483981edf904e66de94 - - default default] Successfully bumped revision number for resource 803629a1-dc00-4420-8379-4301b862cc30 (type: networks) to 1
2026-07-15 06:06:10.704 9 WARNING neutron.scheduler.dhcp_agent_scheduler [None req-671df31e-0d99-4937-a66a-dee73d305ddd 2aafafb4dec44c708170fedd7a7cb8c2 b1558565f64340b59c92442b875a6ed5 - - default default] No more DHCP agents
2026-07-15 06:06:10.707 9 WARNING neutron.api.rpc.agentnotifiers.dhcp_rpc_agent_api [None req-671df31e-0d99-4937-a66a-dee73d305ddd 2aafafb4dec44c708170fedd7a7cb8c2 b1558565f64340b59c92442b875a6ed5 - - default default] Unable to schedule network a1480b6b-1b3e-48bd-a388-481bfe820f96: no agents available; will retry on subsequent port and subnet creation events.
2026-07-15 06:06:10.775 10 WARNING neutron.scheduler.dhcp_agent_scheduler [None req-9799a897-107c-4741-9f92-d78a5a5429f1 37e50b704bec403d97c72e9ef2c272e7 d4041af312ff4483981edf904e66de94 - - default default] No more DHCP agents
2026-07-15 06:06:10.779 10 WARNING neutron.api.rpc.agentnotifiers.dhcp_rpc_agent_api [None req-9799a897-107c-4741-9f92-d78a5a5429f1 37e50b704bec403d97c72e9ef2c272e7 d4041af312ff4483981edf904e66de94 - - default default] Unable to schedule network 803629a1-dc00-4420-8379-4301b862cc30: no agents available; will retry on subsequent port and subnet creation events.
2026-07-15 06:06:10.815 9 INFO neutron.db.ovn_revision_numbers_db [None req-671df31e-0d99-4937-a66a-dee73d305ddd 2aafafb4dec44c708170fedd7a7cb8c2 b1558565f64340b59c92442b875a6ed5 - - default default] Successfully bumped revision number for resource 78e22c2a-224a-4c1e-9394-9309c9a45333 (type: ports) to 1
2026-07-15 06:06:10.849 9 INFO neutron.wsgi [None req-671df31e-0d99-4937-a66a-dee73d305ddd 2aafafb4dec44c708170fedd7a7cb8c2 b1558565f64340b59c92442b875a6ed5 - - default default] 10.0.0.193 "POST /v2.0/networks HTTP/1.1" status: 201 len: 843 time: 0.8608952
2026-07-15 06:06:10.867 10 INFO neutron.db.ovn_revision_numbers_db [None req-9799a897-107c-4741-9f92-d78a5a5429f1 37e50b704bec403d97c72e9ef2c272e7 d4041af312ff4483981edf904e66de94 - - default default] Successfully bumped revision number for resource 3402b2bc-69f1-4860-9ab6-513e90e50cab (type: ports) to 1
2026-07-15 06:06:10.888 10 INFO neutron.wsgi [None req-9799a897-107c-4741-9f92-d78a5a5429f1 37e50b704bec403d97c72e9ef2c272e7 d4041af312ff4483981edf904e66de94 - - default default] 10.0.0.193 "POST /v2.0/networks HTTP/1.1" status: 201 len: 853 time: 0.5190074
2026-07-15 06:06:11.145 9 INFO neutron.db.ovn_revision_numbers_db [None req-7e5e80fb-a3e7-40fd-94f9-9c8f35bcdda3 2aafafb4dec44c708170fedd7a7cb8c2 b1558565f64340b59c92442b875a6ed5 - - default default] Successfully bumped revision number for resource a1480b6b-1b3e-48bd-a388-481bfe820f96 (type: networks) to 2
2026-07-15 06:06:11.149 9 INFO neutron.wsgi [None req-7e5e80fb-a3e7-40fd-94f9-9c8f35bcdda3 2aafafb4dec44c708170fedd7a7cb8c2 b1558565f64340b59c92442b875a6ed5 - - default default] 10.0.0.193 "PUT /v2.0/networks/a1480b6b-1b3e-48bd-a388-481bfe820f96 HTTP/1.1" status: 200 len: 792 time: 0.2959118
2026-07-15 06:06:11.351 10 INFO neutron.services.segments.plugin [-] Segment 6cd1af84-01f8-4b29-8d33-81cbbee230f1 resource provider aggregate not found
2026-07-15 06:06:11.357 9 INFO neutron.db.ovn_revision_numbers_db [None req-c8473ff3-51ef-45b8-9eed-08f2e4c62410 3e3a9eb92178438a8edbe46f1fbe5860 44c227ab03b541e7887d7736432c0334 - - default default] Successfully bumped revision number for resource dc4da0b5-f347-4c5d-b62a-460fcd222a1e (type: router_ports) to 1
2026-07-15 06:06:11.359 10 INFO neutron.services.segments.plugin [-] Segment 6cd1af84-01f8-4b29-8d33-81cbbee230f1 resource provider aggregate not found
2026-07-15 06:06:11.367 10 INFO neutron.services.segments.plugin [-] Segment 6cd1af84-01f8-4b29-8d33-81cbbee230f1 resource provider not found; error: Placement Client Error (4xx): {"errors": [{"status": 404, "title": "Not Found", "detail": "The resource could not be found.\n\n No resource provider with uuid 6cd1af84-01f8-4b29-8d33-81cbbee230f1 found for delete ", "request_id": "req-67b0ca7d-729a-4d48-8edc-7be55d0f7f03"}]}
2026-07-15 06:06:11.381 10 INFO neutron.services.segments.plugin [-] Segment 6cd1af84-01f8-4b29-8d33-81cbbee230f1 resource provider not found; error: Placement Client Error (4xx): {"errors": [{"status": 404, "title": "Not Found", "detail": "The resource could not be found.\n\n No resource provider with uuid 6cd1af84-01f8-4b29-8d33-81cbbee230f1 found for delete ", "request_id": "req-17ab434b-74c8-47ac-82c5-a99c8eeed372"}]}
2026-07-15 06:06:11.446 9 INFO neutron.db.ovn_revision_numbers_db [None req-c8473ff3-51ef-45b8-9eed-08f2e4c62410 3e3a9eb92178438a8edbe46f1fbe5860 44c227ab03b541e7887d7736432c0334 - - default default] Successfully bumped revision number for resource de1c9b6f-5ea8-4382-8c5a-bcc0acd3b22f (type: routers) to 2
2026-07-15 06:06:11.457 10 WARNING neutron.scheduler.dhcp_agent_scheduler [None req-1964aae2-b51e-4a12-a6aa-c270cbc23c9c 2aafafb4dec44c708170fedd7a7cb8c2 b1558565f64340b59c92442b875a6ed5 - - default default] No more DHCP agents
2026-07-15 06:06:11.458 10 WARNING neutron.api.rpc.agentnotifiers.dhcp_rpc_agent_api [None req-1964aae2-b51e-4a12-a6aa-c270cbc23c9c 2aafafb4dec44c708170fedd7a7cb8c2 b1558565f64340b59c92442b875a6ed5 - - default default] Unable to schedule network a1480b6b-1b3e-48bd-a388-481bfe820f96: no agents available; will retry on subsequent port and subnet creation events.
2026-07-15 06:06:11.461 9 INFO neutron.wsgi [None req-c8473ff3-51ef-45b8-9eed-08f2e4c62410 3e3a9eb92178438a8edbe46f1fbe5860 44c227ab03b541e7887d7736432c0334 - - default default] 10.0.0.193 "POST /v2.0/routers HTTP/1.1" status: 201 len: 874 time: 2.0742009 /var/lib/openstack/lib/python3.10/site-packages/pycadf/identifier.py:71: UserWarning: Invalid uuid: neutron. To ensure interoperability, identifiers should be a valid uuid. warnings.warn(('Invalid uuid: %s. To ensure interoperability, '
2026-07-15 06:06:11.620 9 WARNING neutron.scheduler.dhcp_agent_scheduler [None req-2d725466-33db-4338-8481-1806c3b1ab3e 37e50b704bec403d97c72e9ef2c272e7 d4041af312ff4483981edf904e66de94 - - default default] No more DHCP agents
2026-07-15 06:06:11.624 9 WARNING neutron.api.rpc.agentnotifiers.dhcp_rpc_agent_api [None req-2d725466-33db-4338-8481-1806c3b1ab3e 37e50b704bec403d97c72e9ef2c272e7 d4041af312ff4483981edf904e66de94 - - default default] Unable to schedule network 241efcfc-bbc1-44d7-a746-902170291310: no agents available; will retry on subsequent port and subnet creation events.
2026-07-15 06:06:11.927 9 INFO neutron.db.ovn_revision_numbers_db [None req-2d725466-33db-4338-8481-1806c3b1ab3e 37e50b704bec403d97c72e9ef2c272e7 d4041af312ff4483981edf904e66de94 - - default default] Successfully bumped revision number for resource 21646a3f-09bc-4967-a05b-8bcf547019a5 (type: ports) to 1
2026-07-15 06:06:11.972 9 WARNING neutron.scheduler.dhcp_agent_scheduler [None req-2d725466-33db-4338-8481-1806c3b1ab3e 37e50b704bec403d97c72e9ef2c272e7 d4041af312ff4483981edf904e66de94 - - default default] No more DHCP agents
2026-07-15 06:06:11.975 9 WARNING neutron.api.rpc.agentnotifiers.dhcp_rpc_agent_api [None req-2d725466-33db-4338-8481-1806c3b1ab3e 37e50b704bec403d97c72e9ef2c272e7 d4041af312ff4483981edf904e66de94 - - default default] Unable to schedule network 803629a1-dc00-4420-8379-4301b862cc30: no agents available; will retry on subsequent port and subnet creation events.
2026-07-15 06:06:11.982 10 INFO neutron.db.ovn_revision_numbers_db [None req-1964aae2-b51e-4a12-a6aa-c270cbc23c9c 2aafafb4dec44c708170fedd7a7cb8c2 b1558565f64340b59c92442b875a6ed5 - - default default] Successfully bumped revision number for resource 78e22c2a-224a-4c1e-9394-9309c9a45333 (type: ports) to 2
2026-07-15 06:06:12.012 10 INFO neutron.db.ovn_revision_numbers_db [None req-1964aae2-b51e-4a12-a6aa-c270cbc23c9c 2aafafb4dec44c708170fedd7a7cb8c2 b1558565f64340b59c92442b875a6ed5 - - default default] Successfully bumped revision number for resource b05273e8-4017-4396-ac49-9d66c903380c (type: subnets) to 0
2026-07-15 06:06:12.030 10 INFO neutron.wsgi [None req-1964aae2-b51e-4a12-a6aa-c270cbc23c9c 2aafafb4dec44c708170fedd7a7cb8c2 b1558565f64340b59c92442b875a6ed5 - - default default] 10.0.0.193 "POST /v2.0/subnets HTTP/1.1" status: 201 len: 801 time: 0.8712740
2026-07-15 06:06:12.121 9 INFO neutron.db.ovn_revision_numbers_db [None req-2d725466-33db-4338-8481-1806c3b1ab3e 37e50b704bec403d97c72e9ef2c272e7 d4041af312ff4483981edf904e66de94 - - default default] Successfully bumped revision number for resource 309d66d9-5d52-4682-a94f-c5baaaa1492c (type: ports) to 1
2026-07-15 06:06:12.156 9 INFO neutron.wsgi [None req-2d725466-33db-4338-8481-1806c3b1ab3e 37e50b704bec403d97c72e9ef2c272e7 d4041af312ff4483981edf904e66de94 - - default default] 10.0.0.193 "POST /v2.0/ports HTTP/1.1" status: 201 len: 1706 time: 1.2595553
2026-07-15 06:06:12.345 9 WARNING neutron.scheduler.dhcp_agent_scheduler [None req-6369075b-59bb-4efb-b02d-54b4c4256505 3e3a9eb92178438a8edbe46f1fbe5860 44c227ab03b541e7887d7736432c0334 - - default default] No more DHCP agents
2026-07-15 06:06:12.346 10 INFO neutron.wsgi [None req-572b293f-1d2f-410e-80d1-43d037fdc0a8 37e50b704bec403d97c72e9ef2c272e7 d4041af312ff4483981edf904e66de94 - - default default] 10.0.0.193 "GET /v2.0/ports HTTP/1.1" status: 200 len: 3213 time: 0.1785717
2026-07-15 06:06:12.347 9 WARNING neutron.api.rpc.agentnotifiers.dhcp_rpc_agent_api [None req-6369075b-59bb-4efb-b02d-54b4c4256505 3e3a9eb92178438a8edbe46f1fbe5860 44c227ab03b541e7887d7736432c0334 - - default default] Unable to schedule network 199fc109-7c27-412a-bc84-ca4a614d33a5: no agents available; will retry on subsequent port and subnet creation events.
2026-07-15 06:06:12.436 10 INFO neutron.db.ovn_revision_numbers_db [None req-18cdff59-8787-4b6c-85f8-46669c59d7d3 2aafafb4dec44c708170fedd7a7cb8c2 b1558565f64340b59c92442b875a6ed5 - - default default] Successfully bumped revision number for resource b05273e8-4017-4396-ac49-9d66c903380c (type: subnets) to 1
2026-07-15 06:06:12.438 10 INFO neutron.wsgi [None req-18cdff59-8787-4b6c-85f8-46669c59d7d3 2aafafb4dec44c708170fedd7a7cb8c2 b1558565f64340b59c92442b875a6ed5 - - default default] 10.0.0.193 "PUT /v2.0/subnets/b05273e8-4017-4396-ac49-9d66c903380c HTTP/1.1" status: 200 len: 806 time: 0.4039514 /var/lib/openstack/lib/python3.10/site-packages/pycadf/identifier.py:71: UserWarning: Invalid uuid: neutron. To ensure interoperability, identifiers should be a valid uuid. warnings.warn(('Invalid uuid: %s. To ensure interoperability, '
2026-07-15 06:06:12.556 9 INFO neutron.db.ovn_revision_numbers_db [None req-6369075b-59bb-4efb-b02d-54b4c4256505 3e3a9eb92178438a8edbe46f1fbe5860 44c227ab03b541e7887d7736432c0334 - - default default] Successfully bumped revision number for resource 216902db-ae09-44c6-8e33-0f99c65b39a8 (type: ports) to 1
2026-07-15 06:06:12.576 10 INFO neutron.wsgi [None req-91ac4c2f-9d29-4f96-b82c-7ec9843c4fb1 37e50b704bec403d97c72e9ef2c272e7 d4041af312ff4483981edf904e66de94 - - default default] 10.0.0.193 "DELETE /v2.0/ports/21646a3f-09bc-4967-a05b-8bcf547019a5 HTTP/1.1" status: 204 len: 168 time: 0.2232938
2026-07-15 06:06:12.978 10 INFO neutron.wsgi [None req-fe789a14-2197-499b-9edd-a2a38072ea5f 37e50b704bec403d97c72e9ef2c272e7 d4041af312ff4483981edf904e66de94 - - default default] 10.0.0.193 "DELETE /v2.0/ports/309d66d9-5d52-4682-a94f-c5baaaa1492c HTTP/1.1" status: 204 len: 168 time: 0.3960459
2026-07-15 06:06:12.995 9 WARNING neutron.plugins.ml2.drivers.ovn.mech_driver.ovsdb.ovn_client [None req-2052610e-e2e3-4021-9f7b-abd298d398dc - - - - - -] No hosting information found for port b8a7b8be-c546-484e-9d0f-e0bf37536af6: RuntimeError: No hosting information found for port b8a7b8be-c546-484e-9d0f-e0bf37536af6
2026-07-15 06:06:12.996 9 INFO neutron.plugins.ml2.drivers.ovn.mech_driver.mech_driver [None req-2052610e-e2e3-4021-9f7b-abd298d398dc - - - - - -] OVN reports status up for port: dc4da0b5-f347-4c5d-b62a-460fcd222a1e
2026-07-15 06:06:13.009 9 INFO neutron.plugins.ml2.plugin [None req-2052610e-e2e3-4021-9f7b-abd298d398dc - - - - - -] Attempt 1 to provision port dc4da0b5-f347-4c5d-b62a-460fcd222a1e
2026-07-15 06:06:13.028 10 INFO neutron.wsgi [None req-19120cef-a25c-4fb9-9a60-c8bca37ce5e1 37e50b704bec403d97c72e9ef2c272e7 d4041af312ff4483981edf904e66de94 - - default default] 10.0.0.193 "GET /v2.0/ports HTTP/1.1" status: 200 len: 1718 time: 0.0448527
2026-07-15 06:06:13.116 10 INFO neutron.db.segments_db [None req-468429f0-d88b-466c-b4e2-5c0e4579df7f 37e50b704bec403d97c72e9ef2c272e7 d4041af312ff4483981edf904e66de94 - - default default] Added segment e10a1f27-12fd-438d-a0f7-18f2d92644ba of type geneve for network eda6210f-69ba-41c8-b8b2-da2d51bfb2fd
2026-07-15 06:06:13.174 9 INFO neutron.services.segments.plugin [-] Segment 7975a0a7-1c88-49da-a67b-a764afb533b3 resource provider aggregate not found
2026-07-15 06:06:13.183 9 INFO neutron.services.segments.plugin [-] Segment 7975a0a7-1c88-49da-a67b-a764afb533b3 resource provider aggregate not found
2026-07-15 06:06:13.192 9 INFO neutron.services.segments.plugin [-] Segment 7975a0a7-1c88-49da-a67b-a764afb533b3 resource provider not found; error: Placement Client Error (4xx): {"errors": [{"status": 404, "title": "Not Found", "detail": "The resource could not be found.\n\n No resource provider with uuid 7975a0a7-1c88-49da-a67b-a764afb533b3 found for delete ", "request_id": "req-a8a3dce9-e1c5-49e1-8bab-edafd42ee040"}]}
2026-07-15 06:06:13.200 9 INFO neutron.services.segments.plugin [-] Segment 7975a0a7-1c88-49da-a67b-a764afb533b3 resource provider not found; error: Placement Client Error (4xx): {"errors": [{"status": 404, "title": "Not Found", "detail": "The resource could not be found.\n\n No resource provider with uuid 7975a0a7-1c88-49da-a67b-a764afb533b3 found for delete ", "request_id": "req-8dd7aa36-1baa-42ea-ae1d-4fd7ff43faf9"}]}
2026-07-15 06:06:13.214 9 INFO neutron.db.ovn_revision_numbers_db [None req-6369075b-59bb-4efb-b02d-54b4c4256505 3e3a9eb92178438a8edbe46f1fbe5860 44c227ab03b541e7887d7736432c0334 - - default default] Successfully bumped revision number for resource 216902db-ae09-44c6-8e33-0f99c65b39a8 (type: router_ports) to 1
2026-07-15 06:06:13.235 9 INFO neutron.wsgi [None req-2e0f490b-1e69-4af4-b27d-9fb876a8446a 2aafafb4dec44c708170fedd7a7cb8c2 b1558565f64340b59c92442b875a6ed5 - - default default] 10.0.0.193 "DELETE /v2.0/networks/a1480b6b-1b3e-48bd-a388-481bfe820f96 HTTP/1.1" status: 204 len: 168 time: 0.7912037
2026-07-15 06:06:13.262 10 INFO neutron.pecan_wsgi.hooks.translation [None req-2987d76f-0217-4ac6-82ad-6b2a4c13b39c 2aafafb4dec44c708170fedd7a7cb8c2 b1558565f64340b59c92442b875a6ed5 - - default default] DELETE failed (client error): The resource could not be found.
2026-07-15 06:06:13.264 10 INFO neutron.wsgi [None req-2987d76f-0217-4ac6-82ad-6b2a4c13b39c 2aafafb4dec44c708170fedd7a7cb8c2 b1558565f64340b59c92442b875a6ed5 - - default default] 10.0.0.193 "DELETE /v2.0/networks/a1480b6b-1b3e-48bd-a388-481bfe820f96 HTTP/1.1" status: 404 len: 339 time: 0.0231082
2026-07-15 06:06:13.273 10 INFO neutron.db.ovn_revision_numbers_db [None req-468429f0-d88b-466c-b4e2-5c0e4579df7f 37e50b704bec403d97c72e9ef2c272e7 d4041af312ff4483981edf904e66de94 - - default default] Successfully bumped revision number for resource eda6210f-69ba-41c8-b8b2-da2d51bfb2fd (type: networks) to 1
2026-07-15 06:06:13.384 9 INFO neutron.wsgi [None req-8965be34-e0e1-4296-8e58-bd006b29fc7e 2aafafb4dec44c708170fedd7a7cb8c2 b1558565f64340b59c92442b875a6ed5 - - default default] 10.0.0.193 "GET /v2.0/networks?router%3Aexternal=True HTTP/1.1" status: 200 len: 845 time: 0.1106462
2026-07-15 06:06:13.440 9 INFO neutron.wsgi [None req-23516728-17c2-49a1-ba3a-cc60d6758486 2aafafb4dec44c708170fedd7a7cb8c2 b1558565f64340b59c92442b875a6ed5 - - default default] 10.0.0.193 "GET /v2.0/subnets?network_id=bb37d091-3fbb-434e-9180-8c3496af7ade HTTP/1.1" status: 200 len: 820 time: 0.0473752
2026-07-15 06:06:13.449 9 INFO neutron.db.ovn_revision_numbers_db [None req-6369075b-59bb-4efb-b02d-54b4c4256505 3e3a9eb92178438a8edbe46f1fbe5860 44c227ab03b541e7887d7736432c0334 - - default default] Successfully bumped revision number for resource 216902db-ae09-44c6-8e33-0f99c65b39a8 (type: ports) to 1
2026-07-15 06:06:13.451 10 INFO neutron.wsgi [None req-6507ab7b-534a-4645-8308-9cf80c191f32 2aafafb4dec44c708170fedd7a7cb8c2 b1558565f64340b59c92442b875a6ed5 - - default default] 10.0.0.193 "GET /v2.0/extensions HTTP/1.1" status: 200 len: 16520 time: 0.0056198
2026-07-15 06:06:13.469 10 WARNING neutron.scheduler.dhcp_agent_scheduler [None req-468429f0-d88b-466c-b4e2-5c0e4579df7f 37e50b704bec403d97c72e9ef2c272e7 d4041af312ff4483981edf904e66de94 - - default default] No more DHCP agents
2026-07-15 06:06:13.471 10 WARNING neutron.api.rpc.agentnotifiers.dhcp_rpc_agent_api [None req-468429f0-d88b-466c-b4e2-5c0e4579df7f 37e50b704bec403d97c72e9ef2c272e7 d4041af312ff4483981edf904e66de94 - - default default] Unable to schedule network eda6210f-69ba-41c8-b8b2-da2d51bfb2fd: no agents available; will retry on subsequent port and subnet creation events.
2026-07-15 06:06:13.553 10 INFO neutron.db.ovn_revision_numbers_db [None req-468429f0-d88b-466c-b4e2-5c0e4579df7f 37e50b704bec403d97c72e9ef2c272e7 d4041af312ff4483981edf904e66de94 - - default default] Successfully bumped revision number for resource 63ce4ff2-dac8-4439-8499-25578412261b (type: ports) to 1
2026-07-15 06:06:13.565 9 INFO neutron.wsgi [None req-351278ab-2b3f-4f22-a5a4-715ae4d51c60 2aafafb4dec44c708170fedd7a7cb8c2 b1558565f64340b59c92442b875a6ed5 - - default default] 10.0.0.193 "GET /v2.0/networks HTTP/1.1" status: 200 len: 1504 time: 0.1104517
2026-07-15 06:06:13.566 9 WARNING neutron.scheduler.dhcp_agent_scheduler [None req-6369075b-59bb-4efb-b02d-54b4c4256505 3e3a9eb92178438a8edbe46f1fbe5860 44c227ab03b541e7887d7736432c0334 - - default default] No more DHCP agents
2026-07-15 06:06:13.568 9 WARNING neutron.api.rpc.agentnotifiers.dhcp_rpc_agent_api [None req-6369075b-59bb-4efb-b02d-54b4c4256505 3e3a9eb92178438a8edbe46f1fbe5860 44c227ab03b541e7887d7736432c0334 - - default default] Unable to schedule network 199fc109-7c27-412a-bc84-ca4a614d33a5: no agents available; will retry on subsequent port and subnet creation events.
2026-07-15 06:06:13.585 10 INFO neutron.wsgi [None req-468429f0-d88b-466c-b4e2-5c0e4579df7f 37e50b704bec403d97c72e9ef2c272e7 d4041af312ff4483981edf904e66de94 - - default default] 10.0.0.193 "POST /v2.0/networks HTTP/1.1" status: 201 len: 853 time: 0.5511620
2026-07-15 06:06:13.622 10 INFO neutron.wsgi [None req-4015c39a-5b48-4152-a219-5538c1462a0c 2aafafb4dec44c708170fedd7a7cb8c2 b1558565f64340b59c92442b875a6ed5 - - default default] 10.0.0.193 "GET /v2.0/subnets HTTP/1.1" status: 200 len: 1428 time: 0.0508478
2026-07-15 06:06:13.683 10 INFO neutron.db.segments_db [None req-c7f266ab-3c19-400b-80fd-fa54221c6ee6 37e50b704bec403d97c72e9ef2c272e7 d4041af312ff4483981edf904e66de94 - - default default] Added segment 9f323d14-bc93-4777-8672-9419fbbb240e of type geneve for network ada0559d-d6d7-4c06-a267-a0a6fac67668
2026-07-15 06:06:13.708 9 INFO neutron.wsgi [None req-df5fa5b2-95ad-48ca-aa12-d8547a35d727 2aafafb4dec44c708170fedd7a7cb8c2 b1558565f64340b59c92442b875a6ed5 - - default default] 10.0.0.193 "GET /v2.0/networks/facc3e29-5d91-40f5-87f2-4a7e15ef2ebe HTTP/1.1" status: 200 len: 863 time: 0.0800915
2026-07-15 06:06:13.749 9 INFO neutron.wsgi [None req-b660a16c-4337-48bf-8bec-d31e2a1b980e 2aafafb4dec44c708170fedd7a7cb8c2 b1558565f64340b59c92442b875a6ed5 - - default default] 10.0.0.193 "GET /v2.0/subnets/7c34cfe4-d5e7-4bc3-aaaa-51b4acbc5eff HTTP/1.1" status: 200 len: 811 time: 0.0328872
2026-07-15 06:06:13.768 9 INFO neutron.pecan_wsgi.hooks.translation [None req-d5879e1a-4cb5-43be-88b4-0c223f26e53b 2aafafb4dec44c708170fedd7a7cb8c2 b1558565f64340b59c92442b875a6ed5 - - default default] DELETE failed (client error): The resource could not be found.
2026-07-15 06:06:13.770 9 INFO neutron.wsgi [None req-d5879e1a-4cb5-43be-88b4-0c223f26e53b 2aafafb4dec44c708170fedd7a7cb8c2 b1558565f64340b59c92442b875a6ed5 - - default default] 10.0.0.193 "DELETE /v2.0/subnets/b05273e8-4017-4396-ac49-9d66c903380c HTTP/1.1" status: 404 len: 337 time: 0.0152783
2026-07-15 06:06:13.805 10 INFO neutron.pecan_wsgi.hooks.translation [None req-e149dfcf-3698-492c-af94-5ccd361095b1 2aafafb4dec44c708170fedd7a7cb8c2 b1558565f64340b59c92442b875a6ed5 - - default default] DELETE failed (client error): The resource could not be found.
2026-07-15 06:06:13.808 10 INFO neutron.wsgi [None req-e149dfcf-3698-492c-af94-5ccd361095b1 2aafafb4dec44c708170fedd7a7cb8c2 b1558565f64340b59c92442b875a6ed5 - - default default] 10.0.0.193 "DELETE /v2.0/networks/a1480b6b-1b3e-48bd-a388-481bfe820f96 HTTP/1.1" status: 404 len: 339 time: 0.0329947
2026-07-15 06:06:13.834 10 INFO neutron.db.ovn_revision_numbers_db [None req-c7f266ab-3c19-400b-80fd-fa54221c6ee6 37e50b704bec403d97c72e9ef2c272e7 d4041af312ff4483981edf904e66de94 - - default default] Successfully bumped revision number for resource ada0559d-d6d7-4c06-a267-a0a6fac67668 (type: networks) to 1
2026-07-15 06:06:14.020 10 WARNING neutron.scheduler.dhcp_agent_scheduler [None req-c7f266ab-3c19-400b-80fd-fa54221c6ee6 37e50b704bec403d97c72e9ef2c272e7 d4041af312ff4483981edf904e66de94 - - default default] No more DHCP agents
2026-07-15 06:06:14.021 10 WARNING neutron.api.rpc.agentnotifiers.dhcp_rpc_agent_api [None req-c7f266ab-3c19-400b-80fd-fa54221c6ee6 37e50b704bec403d97c72e9ef2c272e7 d4041af312ff4483981edf904e66de94 - - default default] Unable to schedule network ada0559d-d6d7-4c06-a267-a0a6fac67668: no agents available; will retry on subsequent port and subnet creation events.
2026-07-15 06:06:14.094 10 INFO neutron.db.ovn_revision_numbers_db [None req-c7f266ab-3c19-400b-80fd-fa54221c6ee6 37e50b704bec403d97c72e9ef2c272e7 d4041af312ff4483981edf904e66de94 - - default default] Successfully bumped revision number for resource 24890ab8-8e34-43ea-b2ce-a81dff6d0c8f (type: ports) to 1
2026-07-15 06:06:14.113 10 INFO neutron.wsgi [None req-c7f266ab-3c19-400b-80fd-fa54221c6ee6 37e50b704bec403d97c72e9ef2c272e7 d4041af312ff4483981edf904e66de94 - - default default] 10.0.0.193 "POST /v2.0/networks HTTP/1.1" status: 201 len: 852 time: 0.5204215
2026-07-15 06:06:14.117 9 INFO neutron.db.ovn_revision_numbers_db [None req-6369075b-59bb-4efb-b02d-54b4c4256505 3e3a9eb92178438a8edbe46f1fbe5860 44c227ab03b541e7887d7736432c0334 - - default default] Successfully bumped revision number for resource 216902db-ae09-44c6-8e33-0f99c65b39a8 (type: router_ports) to 1
2026-07-15 06:06:14.119 9 INFO neutron.wsgi [None req-6369075b-59bb-4efb-b02d-54b4c4256505 3e3a9eb92178438a8edbe46f1fbe5860 44c227ab03b541e7887d7736432c0334 - - default default] 10.0.0.193 "PUT /v2.0/routers/de1c9b6f-5ea8-4382-8c5a-bcc0acd3b22f/add_router_interface HTTP/1.1" status: 200 len: 503 time: 2.6530519
2026-07-15 06:06:14.199 9 INFO neutron.wsgi [None req-f1322519-3db7-4be1-83f5-38a348a78679 2aafafb4dec44c708170fedd7a7cb8c2 b1558565f64340b59c92442b875a6ed5 - - default default] 10.0.0.193 "DELETE /v2.0/subnets/7c34cfe4-d5e7-4bc3-aaaa-51b4acbc5eff HTTP/1.1" status: 204 len: 168 time: 0.3862419
2026-07-15 06:06:14.459 10 WARNING neutron.scheduler.dhcp_agent_scheduler [None req-6d2ba2a7-df89-4852-a0ad-6ac1dcd21771 3e3a9eb92178438a8edbe46f1fbe5860 44c227ab03b541e7887d7736432c0334 - - default default] No more DHCP agents
2026-07-15 06:06:14.463 10 WARNING neutron.api.rpc.agentnotifiers.dhcp_rpc_agent_api [None req-6d2ba2a7-df89-4852-a0ad-6ac1dcd21771 3e3a9eb92178438a8edbe46f1fbe5860 44c227ab03b541e7887d7736432c0334 - - default default] Unable to schedule network 199fc109-7c27-412a-bc84-ca4a614d33a5: no agents available; will retry on subsequent port and subnet creation events.
2026-07-15 06:06:14.543 9 INFO neutron.wsgi [None req-492268d6-e75a-499e-8901-7b49f6ac7f0f 2aafafb4dec44c708170fedd7a7cb8c2 b1558565f64340b59c92442b875a6ed5 - - default default] 10.0.0.193 "DELETE /v2.0/networks/facc3e29-5d91-40f5-87f2-4a7e15ef2ebe HTTP/1.1" status: 204 len: 168 time: 0.3403699
2026-07-15 06:06:14.642 10 INFO neutron.db.ovn_revision_numbers_db [None req-6d2ba2a7-df89-4852-a0ad-6ac1dcd21771 3e3a9eb92178438a8edbe46f1fbe5860 44c227ab03b541e7887d7736432c0334 - - default default] Successfully bumped revision number for resource c29ef16f-5f22-4af7-95ac-c85df0c204de (type: ports) to 1
2026-07-15 06:06:14.663 10 INFO neutron.wsgi [None req-6d2ba2a7-df89-4852-a0ad-6ac1dcd21771 3e3a9eb92178438a8edbe46f1fbe5860 44c227ab03b541e7887d7736432c0334 - - default default] 10.0.0.193 "POST /v2.0/ports HTTP/1.1" status: 201 len: 1154 time: 0.5382137 /var/lib/openstack/lib/python3.10/site-packages/pycadf/identifier.py:71: UserWarning: Invalid uuid: neutron. To ensure interoperability, identifiers should be a valid uuid. warnings.warn(('Invalid uuid: %s. To ensure interoperability, '
2026-07-15 06:06:14.704 9 INFO neutron.wsgi [req-4d0cdc06-5313-441b-9b4b-1ddb1b03afa2 req-185043d7-312d-43a8-9104-c29b1e8389a2 433fc69e25394f2098f4ad681f099f43 7a12ee3054c946599065086e3da85397 - - default default] 10.0.0.185 "GET /v2.0/security-groups?name=tempest-securitygroup--646480091&fields=id&tenant_id=7a12ee3054c946599065086e3da85397 HTTP/1.1" status: 200 len: 267 time: 0.0443907
2026-07-15 06:06:14.798 9 INFO neutron.wsgi [req-4d0cdc06-5313-441b-9b4b-1ddb1b03afa2 req-49257bad-10aa-470f-b843-6ce99c6dcf03 433fc69e25394f2098f4ad681f099f43 7a12ee3054c946599065086e3da85397 - - default default] 10.0.0.185 "GET /v2.0/networks?id=65ff35c0-f598-46f7-8e7b-1943b343b70d HTTP/1.1" status: 200 len: 879 time: 0.0798473
2026-07-15 06:06:14.831 9 INFO neutron.wsgi [req-4d0cdc06-5313-441b-9b4b-1ddb1b03afa2 req-e915993f-4d79-4709-bf69-f6ea5ef5b1b2 433fc69e25394f2098f4ad681f099f43 7a12ee3054c946599065086e3da85397 - - default default] 10.0.0.185 "GET /v2.0/quotas/7a12ee3054c946599065086e3da85397 HTTP/1.1" status: 200 len: 386 time: 0.0228505
2026-07-15 06:06:14.929 9 INFO neutron.wsgi [req-4d0cdc06-5313-441b-9b4b-1ddb1b03afa2 req-6aaaef98-88e4-4a53-ac33-d2edc31e61bb 433fc69e25394f2098f4ad681f099f43 7a12ee3054c946599065086e3da85397 - - default default] 10.0.0.185 "GET /v2.0/ports?tenant_id=7a12ee3054c946599065086e3da85397&fields=id HTTP/1.1" status: 200 len: 302 time: 0.0884159
2026-07-15 06:06:14.950 10 WARNING neutron.scheduler.dhcp_agent_scheduler [None req-184886e5-6d55-4871-a0b0-e5a17d3ff43f 3e3a9eb92178438a8edbe46f1fbe5860 44c227ab03b541e7887d7736432c0334 - - default default] No more DHCP agents
2026-07-15 06:06:14.952 10 WARNING neutron.api.rpc.agentnotifiers.dhcp_rpc_agent_api [None req-184886e5-6d55-4871-a0b0-e5a17d3ff43f 3e3a9eb92178438a8edbe46f1fbe5860 44c227ab03b541e7887d7736432c0334 - - default default] Unable to schedule network 199fc109-7c27-412a-bc84-ca4a614d33a5: no agents available; will retry on subsequent port and subnet creation events.
2026-07-15 06:06:15.024 9 INFO neutron.wsgi [req-4d0cdc06-5313-441b-9b4b-1ddb1b03afa2 req-5ebc083c-d0ca-469b-82a0-0bb4426e9f5b 5ddb7c26a91f4aee83815da130d7fc8c 642a17d38a284a24b594effabaf0fd35 - - 2d0863a0ba5346be999fbb03d6fa654f 2d0863a0ba5346be999fbb03d6fa654f] 10.0.0.185 "GET /v2.0/networks/65ff35c0-f598-46f7-8e7b-1943b343b70d?fields=segments HTTP/1.1" status: 200 len: 212 time: 0.0764403
2026-07-15 06:06:15.098 9 INFO neutron.wsgi [req-4d0cdc06-5313-441b-9b4b-1ddb1b03afa2 req-f1dd19ba-4d5b-449d-9b20-55f43338705c 5ddb7c26a91f4aee83815da130d7fc8c 642a17d38a284a24b594effabaf0fd35 - - 2d0863a0ba5346be999fbb03d6fa654f 2d0863a0ba5346be999fbb03d6fa654f] 10.0.0.185 "GET /v2.0/networks/65ff35c0-f598-46f7-8e7b-1943b343b70d?fields=provider%3Aphysical_network&fields=provider%3Anetwork_type HTTP/1.1" status: 200 len: 277 time: 0.0669467
2026-07-15 06:06:15.111 10 INFO neutron.db.ovn_revision_numbers_db [None req-184886e5-6d55-4871-a0b0-e5a17d3ff43f 3e3a9eb92178438a8edbe46f1fbe5860 44c227ab03b541e7887d7736432c0334 - - default default] Successfully bumped revision number for resource ccc08a27-81d3-4a08-bc7d-63973a63c48f (type: ports) to 1
2026-07-15 06:06:15.120 9 WARNING neutron.scheduler.dhcp_agent_scheduler [None req-5fac9103-7243-4196-b197-5ec7b17baef2 37e50b704bec403d97c72e9ef2c272e7 d4041af312ff4483981edf904e66de94 - - default default] No more DHCP agents
2026-07-15 06:06:15.122 9 WARNING neutron.api.rpc.agentnotifiers.dhcp_rpc_agent_api [None req-5fac9103-7243-4196-b197-5ec7b17baef2 37e50b704bec403d97c72e9ef2c272e7 d4041af312ff4483981edf904e66de94 - - default default] Unable to schedule network eda6210f-69ba-41c8-b8b2-da2d51bfb2fd: no agents available; will retry on subsequent port and subnet creation events.
2026-07-15 06:06:15.140 10 INFO neutron.wsgi [None req-184886e5-6d55-4871-a0b0-e5a17d3ff43f 3e3a9eb92178438a8edbe46f1fbe5860 44c227ab03b541e7887d7736432c0334 - - default default] 10.0.0.193 "POST /v2.0/ports HTTP/1.1" status: 201 len: 1153 time: 0.4718201
2026-07-15 06:06:15.164 9 INFO neutron.db.ovn_revision_numbers_db [None req-5fac9103-7243-4196-b197-5ec7b17baef2 37e50b704bec403d97c72e9ef2c272e7 d4041af312ff4483981edf904e66de94 - - default default] Successfully bumped revision number for resource 3d3d42e7-e108-46da-ab1d-8f37aee8078a (type: subnets) to 0 /var/lib/openstack/lib/python3.10/site-packages/pycadf/identifier.py:71: UserWarning: Invalid uuid: neutron. To ensure interoperability, identifiers should be a valid uuid. warnings.warn(('Invalid uuid: %s. To ensure interoperability, '
2026-07-15 06:06:15.198 9 WARNING neutron.scheduler.dhcp_agent_scheduler [None req-5fac9103-7243-4196-b197-5ec7b17baef2 37e50b704bec403d97c72e9ef2c272e7 d4041af312ff4483981edf904e66de94 - - default default] No more DHCP agents
2026-07-15 06:06:15.217 9 INFO neutron.services.segments.plugin [-] Segment 17800991-5d36-4625-8bf9-c13d31297cfd resource provider aggregate not found
2026-07-15 06:06:15.223 9 WARNING neutron.api.rpc.agentnotifiers.dhcp_rpc_agent_api [None req-5fac9103-7243-4196-b197-5ec7b17baef2 37e50b704bec403d97c72e9ef2c272e7 d4041af312ff4483981edf904e66de94 - - default default] Unable to schedule network ada0559d-d6d7-4c06-a267-a0a6fac67668: no agents available; will retry on subsequent port and subnet creation events.
2026-07-15 06:06:15.228 9 INFO neutron.services.segments.plugin [-] Segment 17800991-5d36-4625-8bf9-c13d31297cfd resource provider aggregate not found
2026-07-15 06:06:15.235 9 INFO neutron.services.segments.plugin [-] Segment 17800991-5d36-4625-8bf9-c13d31297cfd resource provider not found; error: Placement Client Error (4xx): {"errors": [{"status": 404, "title": "Not Found", "detail": "The resource could not be found.\n\n No resource provider with uuid 17800991-5d36-4625-8bf9-c13d31297cfd found for delete ", "request_id": "req-81fe74e9-6203-4a3b-bf73-6c0405630689"}]}
2026-07-15 06:06:15.241 10 INFO neutron.wsgi [None req-06c5e3a2-c1a2-4701-b107-a5fe9fc11682 b12c0261aabc4148a8d14edbab9a42f1 4faf39b8e0cd4b7f8a7fa5fe4a037441 - - default default] 10.0.0.193 "GET /v2.0/security-groups?tenant_id=b1558565f64340b59c92442b875a6ed5&name=default HTTP/1.1" status: 200 len: 2996 time: 0.1892433
2026-07-15 06:06:15.254 9 INFO neutron.services.segments.plugin [-] Segment 17800991-5d36-4625-8bf9-c13d31297cfd resource provider not found; error: Placement Client Error (4xx): {"errors": [{"status": 404, "title": "Not Found", "detail": "The resource could not be found.\n\n No resource provider with uuid 17800991-5d36-4625-8bf9-c13d31297cfd found for delete ", "request_id": "req-84e813c4-5c65-4b65-ac0c-27d8c2f65378"}]}
2026-07-15 06:06:15.279 9 INFO neutron.db.ovn_revision_numbers_db [None req-5fac9103-7243-4196-b197-5ec7b17baef2 37e50b704bec403d97c72e9ef2c272e7 d4041af312ff4483981edf904e66de94 - - default default] Successfully bumped revision number for resource 42fb6bcd-53f9-4aaa-9ee1-1961433e55c1 (type: subnets) to 0
2026-07-15 06:06:15.306 9 INFO neutron.wsgi [None req-5fac9103-7243-4196-b197-5ec7b17baef2 37e50b704bec403d97c72e9ef2c272e7 d4041af312ff4483981edf904e66de94 - - default default] 10.0.0.193 "POST /v2.0/subnets HTTP/1.1" status: 201 len: 1476 time: 0.7258544
2026-07-15 06:06:15.364 10 INFO neutron.wsgi [None req-9c85e8de-511a-4774-b7e2-ec622632fd71 37e50b704bec403d97c72e9ef2c272e7 d4041af312ff4483981edf904e66de94 - - default default] 10.0.0.193 "GET /v2.0/subnets HTTP/1.1" status: 200 len: 2084 time: 0.0522640
2026-07-15 06:06:15.438 9 INFO neutron.wsgi [req-55b8db73-4ba1-4feb-ad2b-c185ac12e116 req-fed4afaa-bad3-4315-83b3-f859ae98587b 433fc69e25394f2098f4ad681f099f43 7a12ee3054c946599065086e3da85397 - - default default] 10.0.0.185 "GET /v2.0/ports?device_id=412a9bd1-8899-4c9a-a298-c39934f792e0 HTTP/1.1" status: 200 len: 210 time: 0.0394797
2026-07-15 06:06:15.507 10 INFO neutron.wsgi [None req-5106996c-3364-4fae-aa38-6ce9f7250f39 b12c0261aabc4148a8d14edbab9a42f1 4faf39b8e0cd4b7f8a7fa5fe4a037441 - - default default] 10.0.0.193 "DELETE /v2.0/security-groups/fed36e86-7ee5-4d18-ac04-ad0c7e68ad95 HTTP/1.1" status: 204 len: 168 time: 0.2571943
2026-07-15 06:06:15.557 9 WARNING neutron.scheduler.dhcp_agent_scheduler [None req-9e61d7bc-ca94-4033-9f64-d32dfbf62ab0 3e3a9eb92178438a8edbe46f1fbe5860 44c227ab03b541e7887d7736432c0334 - - default default] No more DHCP agents
2026-07-15 06:06:15.560 9 WARNING neutron.api.rpc.agentnotifiers.dhcp_rpc_agent_api [None req-9e61d7bc-ca94-4033-9f64-d32dfbf62ab0 3e3a9eb92178438a8edbe46f1fbe5860 44c227ab03b541e7887d7736432c0334 - - default default] Unable to schedule network bb37d091-3fbb-434e-9180-8c3496af7ade: no agents available; will retry on subsequent port and subnet creation events.
2026-07-15 06:06:15.691 9 INFO neutron.wsgi [None req-9d147d11-83b9-44b2-8afb-84254705a13a 37e50b704bec403d97c72e9ef2c272e7 d4041af312ff4483981edf904e66de94 - - default default] 10.0.0.193 "DELETE /v2.0/subnets/3d3d42e7-e108-46da-ab1d-8f37aee8078a HTTP/1.1" status: 204 len: 168 time: 0.3123832
2026-07-15 06:06:15.886 10 INFO neutron.wsgi [None req-323a3de1-794a-4f84-b760-1ff913d9228f 37e50b704bec403d97c72e9ef2c272e7 d4041af312ff4483981edf904e66de94 - - default default] 10.0.0.193 "DELETE /v2.0/subnets/42fb6bcd-53f9-4aaa-9ee1-1961433e55c1 HTTP/1.1" status: 204 len: 168 time: 0.1865120
2026-07-15 06:06:15.928 9 INFO neutron.wsgi [None req-ba1359ad-0073-42ce-ab68-8ee0b094bcb9 37e50b704bec403d97c72e9ef2c272e7 d4041af312ff4483981edf904e66de94 - - default default] 10.0.0.193 "GET /v2.0/subnets HTTP/1.1" status: 200 len: 820 time: 0.0370667
2026-07-15 06:06:16.117 9 INFO neutron.db.l3_db [None req-9e61d7bc-ca94-4033-9f64-d32dfbf62ab0 3e3a9eb92178438a8edbe46f1fbe5860 44c227ab03b541e7887d7736432c0334 - - default default] Floating IP 271bb8f5-1ad4-414e-bfd5-52344d605a38 associated. External IP: 10.96.250.209, port: ccc08a27-81d3-4a08-bc7d-63973a63c48f.
2026-07-15 06:06:16.329 10 INFO neutron.wsgi [req-4d0cdc06-5313-441b-9b4b-1ddb1b03afa2 req-ac3d1af6-d825-422b-813b-ae106b3946e7 433fc69e25394f2098f4ad681f099f43 7a12ee3054c946599065086e3da85397 - - default default] 199.204.45.153 "GET /v2.0/networks?id=65ff35c0-f598-46f7-8e7b-1943b343b70d HTTP/1.1" status: 200 len: 879 time: 0.1769166
2026-07-15 06:06:16.356 9 INFO neutron.db.ovn_revision_numbers_db [None req-9e61d7bc-ca94-4033-9f64-d32dfbf62ab0 3e3a9eb92178438a8edbe46f1fbe5860 44c227ab03b541e7887d7736432c0334 - - default default] Successfully bumped revision number for resource 271bb8f5-1ad4-414e-bfd5-52344d605a38 (type: floatingips) to 0 /var/lib/openstack/lib/python3.10/site-packages/pycadf/identifier.py:71: UserWarning: Invalid uuid: neutron. To ensure interoperability, identifiers should be a valid uuid. warnings.warn(('Invalid uuid: %s. To ensure interoperability, '
2026-07-15 06:06:16.445 10 INFO neutron.wsgi [req-4d0cdc06-5313-441b-9b4b-1ddb1b03afa2 req-ed390292-0c09-4272-b697-b618a8fb0eff 433fc69e25394f2098f4ad681f099f43 7a12ee3054c946599065086e3da85397 - - default default] 199.204.45.153 "GET /v2.0/security-groups?fields=id&fields=name&tenant_id=7a12ee3054c946599065086e3da85397 HTTP/1.1" status: 200 len: 379 time: 0.0813282
2026-07-15 06:06:16.467 9 INFO neutron.db.ovn_revision_numbers_db [None req-9e61d7bc-ca94-4033-9f64-d32dfbf62ab0 3e3a9eb92178438a8edbe46f1fbe5860 44c227ab03b541e7887d7736432c0334 - - default default] Successfully bumped revision number for resource 271bb8f5-1ad4-414e-bfd5-52344d605a38 (type: floatingips) to 1
2026-07-15 06:06:16.502 10 INFO neutron.services.segments.plugin [-] Segment 9f323d14-bc93-4777-8672-9419fbbb240e resource provider aggregate not found
2026-07-15 06:06:16.510 10 INFO neutron.services.segments.plugin [-] Segment 9f323d14-bc93-4777-8672-9419fbbb240e resource provider aggregate not found
2026-07-15 06:06:16.533 10 INFO neutron.services.segments.plugin [-] Segment 9f323d14-bc93-4777-8672-9419fbbb240e resource provider not found; error: Placement Client Error (4xx): {"errors": [{"status": 404, "title": "Not Found", "detail": "The resource could not be found.\n\n No resource provider with uuid 9f323d14-bc93-4777-8672-9419fbbb240e found for delete ", "request_id": "req-14ae4f21-8867-4ae7-a6c9-d4e9030ef8ad"}]}
