2026-07-15 06:08:31.248 9 INFO neutron.wsgi [None req-b77b3021-d7a6-4fce-9467-fddb85ca9ecf 72e1e1c93c2b4309b218cec8dfe26e4c 25817168934a4ca9a556d1d482601e5b - - default default] 10.0.0.193 "POST /v2.0/networks HTTP/1.1" status: 201 len: 928 time: 0.5480595
2026-07-15 06:08:31.388 9 INFO neutron.wsgi [None req-ba9409c3-e2fa-416d-9bd5-415c5110a9a5 503e33d639784b30b5b167a1229587d9 75cfc79b55c44f6eb10f009589d53394 - - default default] 10.0.0.193 "DELETE /v2.0/trunks/9259d103-32f1-4064-a3d3-1ff3dc5ab3bd HTTP/1.1" status: 204 len: 168 time: 0.1431334
2026-07-15 06:08:31.414 9 INFO neutron.wsgi [None req-727f5f6e-6a2e-44fa-8817-03580a5bab80 503e33d639784b30b5b167a1229587d9 75cfc79b55c44f6eb10f009589d53394 - - default default] 10.0.0.193 "GET /v2.0/trunks/e92347f3-a188-40ad-bd50-8f0ddec0a0ff HTTP/1.1" status: 200 len: 616 time: 0.0212858
2026-07-15 06:08:31.456 10 INFO neutron.wsgi [None req-d20d588b-c85c-4b41-9f22-ca65050ee224 6240c01442444d629b48ca15083bb53d ffe373b3998245d78768dd5f9eb688a6 - - default default] 10.0.0.193 "DELETE /v2.0/networks/10c09950-fffb-457c-92fa-85baec3ffd65 HTTP/1.1" status: 204 len: 168 time: 0.4178348
2026-07-15 06:08:31.554 9 INFO neutron.wsgi [None req-7001ba0c-3169-4c8c-8ae9-a96fab6638a5 503e33d639784b30b5b167a1229587d9 75cfc79b55c44f6eb10f009589d53394 - - default default] 10.0.0.193 "GET /v2.0/ports/a1009f32-3b52-42e6-99a8-3f4f84c92f45 HTTP/1.1" status: 200 len: 1020 time: 0.1296949
2026-07-15 06:08:31.556 9 WARNING neutron.scheduler.dhcp_agent_scheduler [None req-7fcdc3ac-68c5-4fca-b5d4-09a730c0e194 72e1e1c93c2b4309b218cec8dfe26e4c 25817168934a4ca9a556d1d482601e5b - - default default] No more DHCP agents
2026-07-15 06:08:31.557 9 WARNING neutron.api.rpc.agentnotifiers.dhcp_rpc_agent_api [None req-7fcdc3ac-68c5-4fca-b5d4-09a730c0e194 72e1e1c93c2b4309b218cec8dfe26e4c 25817168934a4ca9a556d1d482601e5b - - default default] Unable to schedule network 6c827a4a-dad1-4a4e-8246-980059d01428: no agents available; will retry on subsequent port and subnet creation events.
2026-07-15 06:08:31.792 10 INFO neutron.wsgi [None req-a32f1075-bbd8-48c4-83d6-20719946e6a4 6240c01442444d629b48ca15083bb53d ffe373b3998245d78768dd5f9eb688a6 - - default default] 10.0.0.193 "DELETE /v2.0/networks/e62f648b-4305-43dc-b83d-5d4c573e8c6f HTTP/1.1" status: 204 len: 168 time: 0.3293049
2026-07-15 06:08:31.864 9 INFO neutron.wsgi [None req-d761921e-90b4-42a0-a5e3-04bdbb068e83 503e33d639784b30b5b167a1229587d9 75cfc79b55c44f6eb10f009589d53394 - - default default] 10.0.0.193 "DELETE /v2.0/trunks/e92347f3-a188-40ad-bd50-8f0ddec0a0ff HTTP/1.1" status: 204 len: 168 time: 0.3043153
2026-07-15 06:08:31.885 10 INFO neutron.wsgi [None req-a196ee79-c7e3-42c5-a5cb-c93084cb91e3 503e33d639784b30b5b167a1229587d9 75cfc79b55c44f6eb10f009589d53394 - - default default] 10.0.0.193 "GET /v2.0/trunks/78598613-f4d9-451a-8435-cd864bef69e7 HTTP/1.1" status: 200 len: 625 time: 0.0168159
2026-07-15 06:08:32.006 10 INFO neutron.wsgi [None req-09f0edf5-d7c2-4c7f-b886-38792dfa02ab 503e33d639784b30b5b167a1229587d9 75cfc79b55c44f6eb10f009589d53394 - - default default] 10.0.0.193 "GET /v2.0/ports/cdc971fd-d335-481c-9af7-bf718f7f5531 HTTP/1.1" status: 200 len: 1020 time: 0.1165085
2026-07-15 06:08:32.112 9 INFO neutron.wsgi [None req-4298411c-7b3a-4a2b-9976-7c76d1ac5972 503e33d639784b30b5b167a1229587d9 75cfc79b55c44f6eb10f009589d53394 - - default default] 10.0.0.193 "DELETE /v2.0/trunks/78598613-f4d9-451a-8435-cd864bef69e7 HTTP/1.1" status: 204 len: 168 time: 0.1002157
2026-07-15 06:08:32.149 9 INFO neutron.wsgi [None req-b10e95f9-30cf-457f-955c-33f6b3a6f2e6 503e33d639784b30b5b167a1229587d9 75cfc79b55c44f6eb10f009589d53394 - - default default] 10.0.0.193 "GET /v2.0/trunks/f09e0f8d-27d7-4e73-b85e-198c81443bb9 HTTP/1.1" status: 200 len: 610 time: 0.0270052
2026-07-15 06:08:32.197 10 INFO neutron.wsgi [None req-355a1b13-6cf0-493a-bb8b-facccad52008 6240c01442444d629b48ca15083bb53d ffe373b3998245d78768dd5f9eb688a6 - - default default] 10.0.0.193 "DELETE /v2.0/networks/db1f89b2-6a49-43e3-91c4-77f8b6eb7bfe HTTP/1.1" status: 204 len: 168 time: 0.3999183
2026-07-15 06:08:32.257 10 INFO neutron.wsgi [None req-d16e48a0-a551-4eda-bd81-a3637de13693 503e33d639784b30b5b167a1229587d9 75cfc79b55c44f6eb10f009589d53394 - - default default] 10.0.0.193 "GET /v2.0/ports/ac6d5d82-f593-4746-97cd-3cc8cb4a944a HTTP/1.1" status: 200 len: 1020 time: 0.1035047
2026-07-15 06:08:32.313 9 INFO neutron.db.ovn_revision_numbers_db [None req-7fcdc3ac-68c5-4fca-b5d4-09a730c0e194 72e1e1c93c2b4309b218cec8dfe26e4c 25817168934a4ca9a556d1d482601e5b - - default default] Successfully bumped revision number for resource f1a1269f-bcf7-485b-9cbf-efc4536b9c86 (type: ports) to 2
2026-07-15 06:08:32.351 10 INFO neutron.wsgi [None req-3656bfea-6767-432a-bcee-b9cdf573038f 503e33d639784b30b5b167a1229587d9 75cfc79b55c44f6eb10f009589d53394 - - default default] 10.0.0.193 "DELETE /v2.0/trunks/f09e0f8d-27d7-4e73-b85e-198c81443bb9 HTTP/1.1" status: 204 len: 168 time: 0.0900097
2026-07-15 06:08:32.366 9 INFO neutron.db.ovn_revision_numbers_db [None req-7fcdc3ac-68c5-4fca-b5d4-09a730c0e194 72e1e1c93c2b4309b218cec8dfe26e4c 25817168934a4ca9a556d1d482601e5b - - default default] Successfully bumped revision number for resource c75f6b7f-b92f-407b-a20b-e71c45573381 (type: subnets) to 0
2026-07-15 06:08:32.373 10 INFO neutron.wsgi [None req-537f3adc-6e5d-40a9-941f-c1d39b0a999f 503e33d639784b30b5b167a1229587d9 75cfc79b55c44f6eb10f009589d53394 - - default default] 10.0.0.193 "GET /v2.0/trunks/68cbbc6c-a441-4404-b6d5-5654d9082d3b HTTP/1.1" status: 200 len: 603 time: 0.0175068
2026-07-15 06:08:32.379 9 INFO neutron.wsgi [None req-7fcdc3ac-68c5-4fca-b5d4-09a730c0e194 72e1e1c93c2b4309b218cec8dfe26e4c 25817168934a4ca9a556d1d482601e5b - - default default] 10.0.0.193 "POST /v2.0/subnets HTTP/1.1" status: 201 len: 822 time: 1.1222084
2026-07-15 06:08:32.388 9 WARNING neutron.api.v2.base [None req-56249464-03bf-429d-9f30-9770dc3ac060 72e1e1c93c2b4309b218cec8dfe26e4c 25817168934a4ca9a556d1d482601e5b - - default default] An exception happened while processing the request body. The exception message is [Invalid input for target_tenant. Reason: '1234123412341234123412341234123412341234123412341234123412341234123412341234123412341234123412341234123412341234123412341234123412341234123412341234123412341234123412341234123412341234123412341234123412341234123412341234123412341234123412341234123412341234123412341234123412341234123412341234123412341234123412341234123412341234123412341234123412341234123412341234123412341234123412341234123412341234' exceeds maximum length of 255.].: webob.exc.HTTPBadRequest: Invalid input for target_tenant. Reason: '1234123412341234123412341234123412341234123412341234123412341234123412341234123412341234123412341234123412341234123412341234123412341234123412341234123412341234123412341234123412341234123412341234123412341234123412341234123412341234123412341234123412341234123412341234123412341234123412341234123412341234123412341234123412341234123412341234123412341234123412341234123412341234123412341234123412341234' exceeds maximum length of 255.
2026-07-15 06:08:32.389 9 INFO neutron.api.v2.resource [None req-56249464-03bf-429d-9f30-9770dc3ac060 72e1e1c93c2b4309b218cec8dfe26e4c 25817168934a4ca9a556d1d482601e5b - - default default] create failed (client error): Invalid input for target_tenant. Reason: '1234123412341234123412341234123412341234123412341234123412341234123412341234123412341234123412341234123412341234123412341234123412341234123412341234123412341234123412341234123412341234123412341234123412341234123412341234123412341234123412341234123412341234123412341234123412341234123412341234123412341234123412341234123412341234123412341234123412341234123412341234123412341234123412341234123412341234' exceeds maximum length of 255.
2026-07-15 06:08:32.390 9 INFO neutron.wsgi [None req-56249464-03bf-429d-9f30-9770dc3ac060 72e1e1c93c2b4309b218cec8dfe26e4c 25817168934a4ca9a556d1d482601e5b - - default default] 10.0.0.193 "POST /v2.0/rbac-policies HTTP/1.1" status: 400 len: 750 time: 0.0065343
2026-07-15 06:08:32.463 10 INFO neutron.wsgi [None req-5a152dbf-5d22-4d9b-aceb-0f3ef03a6973 503e33d639784b30b5b167a1229587d9 75cfc79b55c44f6eb10f009589d53394 - - default default] 10.0.0.193 "GET /v2.0/ports/e73428b9-6d7c-4b63-874a-a01137cf13fd HTTP/1.1" status: 200 len: 1020 time: 0.0852880
2026-07-15 06:08:32.538 10 INFO neutron.wsgi [None req-0bba1109-9914-437b-8f48-20c4aaa05bf2 503e33d639784b30b5b167a1229587d9 75cfc79b55c44f6eb10f009589d53394 - - default default] 10.0.0.193 "DELETE /v2.0/trunks/68cbbc6c-a441-4404-b6d5-5654d9082d3b HTTP/1.1" status: 204 len: 168 time: 0.0692806
2026-07-15 06:08:32.555 10 INFO neutron.services.segments.plugin [-] Segment 8ef341c5-7f5a-4a90-af1b-3409ab9acae4 resource provider aggregate not found
2026-07-15 06:08:32.566 10 INFO neutron.services.segments.plugin [-] Segment 8ef341c5-7f5a-4a90-af1b-3409ab9acae4 resource provider aggregate not found
2026-07-15 06:08:32.572 10 INFO neutron.services.segments.plugin [-] Segment 8ef341c5-7f5a-4a90-af1b-3409ab9acae4 resource provider not found; error: Placement Client Error (4xx): {"errors": [{"status": 404, "title": "Not Found", "detail": "The resource could not be found.\n\n No resource provider with uuid 8ef341c5-7f5a-4a90-af1b-3409ab9acae4 found for delete ", "request_id": "req-97d620f7-aa04-44ac-9a47-ba75d85fae4b"}]}
2026-07-15 06:08:32.583 10 INFO neutron.services.segments.plugin [-] Segment 8ef341c5-7f5a-4a90-af1b-3409ab9acae4 resource provider not found; error: Placement Client Error (4xx): {"errors": [{"status": 404, "title": "Not Found", "detail": "The resource could not be found.\n\n No resource provider with uuid 8ef341c5-7f5a-4a90-af1b-3409ab9acae4 found for delete ", "request_id": "req-cdef843c-a42a-4fd4-9728-8e895086714c"}]}
2026-07-15 06:08:32.590 10 INFO neutron.services.segments.plugin [-] Segment f6820d02-d0e2-47dc-b9f4-4e43097198de resource provider aggregate not found
2026-07-15 06:08:32.603 10 INFO neutron.services.segments.plugin [-] Segment f6820d02-d0e2-47dc-b9f4-4e43097198de resource provider aggregate not found
2026-07-15 06:08:32.613 10 INFO neutron.services.segments.plugin [-] Segment f6820d02-d0e2-47dc-b9f4-4e43097198de resource provider not found; error: Placement Client Error (4xx): {"errors": [{"status": 404, "title": "Not Found", "detail": "The resource could not be found.\n\n No resource provider with uuid f6820d02-d0e2-47dc-b9f4-4e43097198de found for delete ", "request_id": "req-c433caa9-4f83-4fa1-bdfa-7f6818209845"}]}
2026-07-15 06:08:32.879 10 INFO neutron.services.segments.plugin [-] Segment f6820d02-d0e2-47dc-b9f4-4e43097198de resource provider not found; error: Placement Client Error (4xx): {"errors": [{"status": 404, "title": "Not Found", "detail": "The resource could not be found.\n\n No resource provider with uuid f6820d02-d0e2-47dc-b9f4-4e43097198de found for delete ", "request_id": "req-8c530dcc-2c03-457b-8e62-5a4ab55f4cae"}]}
2026-07-15 06:08:32.883 10 INFO neutron.services.segments.plugin [-] Segment 9fbeb25e-53db-4160-97b9-e71b6667e4c5 resource provider aggregate not found
2026-07-15 06:08:32.894 9 INFO neutron.services.segments.plugin [-] Segment 80ee5b5d-92b0-471c-a799-98152d8908f3 resource provider aggregate not found
2026-07-15 06:08:32.899 10 INFO neutron.services.segments.plugin [-] Segment 9fbeb25e-53db-4160-97b9-e71b6667e4c5 resource provider not found; error: Placement Client Error (4xx): {"errors": [{"status": 404, "title": "Not Found", "detail": "The resource could not be found.\n\n No resource provider with uuid 9fbeb25e-53db-4160-97b9-e71b6667e4c5 found for delete ", "request_id": "req-cbec3632-b55f-4c28-b846-3861f8dc29f5"}]}
2026-07-15 06:08:32.899 9 INFO neutron.services.segments.plugin [-] Segment 80ee5b5d-92b0-471c-a799-98152d8908f3 resource provider aggregate not found
2026-07-15 06:08:32.904 10 INFO neutron.services.segments.plugin [-] Segment 9fbeb25e-53db-4160-97b9-e71b6667e4c5 resource provider aggregate not found
2026-07-15 06:08:32.915 9 INFO neutron.services.segments.plugin [-] Segment 80ee5b5d-92b0-471c-a799-98152d8908f3 resource provider not found; error: Placement Client Error (4xx): {"errors": [{"status": 404, "title": "Not Found", "detail": "The resource could not be found.\n\n No resource provider with uuid 80ee5b5d-92b0-471c-a799-98152d8908f3 found for delete ", "request_id": "req-074d8c55-c67b-48d9-98dc-f6aa663067d6"}]}
2026-07-15 06:08:32.919 9 INFO neutron.services.segments.plugin [-] Segment 80ee5b5d-92b0-471c-a799-98152d8908f3 resource provider not found; error: Placement Client Error (4xx): {"errors": [{"status": 404, "title": "Not Found", "detail": "The resource could not be found.\n\n No resource provider with uuid 80ee5b5d-92b0-471c-a799-98152d8908f3 found for delete ", "request_id": "req-fe6117ca-759f-4755-bf09-88d2820156ad"}]}
2026-07-15 06:08:32.927 10 INFO neutron.services.segments.plugin [-] Segment 14aec896-f634-4211-b2ba-b6e3626b5e37 resource provider aggregate not found
2026-07-15 06:08:32.939 9 INFO neutron.wsgi [None req-052f1a9b-ce31-4f8e-a424-67b7c47977e8 72e1e1c93c2b4309b218cec8dfe26e4c 25817168934a4ca9a556d1d482601e5b - - default default] 10.0.0.193 "DELETE /v2.0/networks/6c827a4a-dad1-4a4e-8246-980059d01428 HTTP/1.1" status: 204 len: 168 time: 0.5409763
2026-07-15 06:08:32.939 10 INFO neutron.services.segments.plugin [-] Segment 9fbeb25e-53db-4160-97b9-e71b6667e4c5 resource provider not found; error: Placement Client Error (4xx): {"errors": [{"status": 404, "title": "Not Found", "detail": "The resource could not be found.\n\n No resource provider with uuid 9fbeb25e-53db-4160-97b9-e71b6667e4c5 found for delete ", "request_id": "req-f0d19c46-8df3-4fde-929a-8259ae9aee6e"}]}
2026-07-15 06:08:32.957 10 INFO neutron.services.segments.plugin [-] Segment 14aec896-f634-4211-b2ba-b6e3626b5e37 resource provider not found; error: Placement Client Error (4xx): {"errors": [{"status": 404, "title": "Not Found", "detail": "The resource could not be found.\n\n No resource provider with uuid 14aec896-f634-4211-b2ba-b6e3626b5e37 found for delete ", "request_id": "req-997dd78f-343c-4faa-9990-e04296616774"}]}
2026-07-15 06:08:32.963 10 INFO neutron.services.segments.plugin [-] Segment 14aec896-f634-4211-b2ba-b6e3626b5e37 resource provider aggregate not found
2026-07-15 06:08:32.990 10 INFO neutron.services.segments.plugin [-] Segment 9ecfe817-ab4a-4500-b49d-dd3ab5d50c58 resource provider aggregate not found
2026-07-15 06:08:33.008 10 INFO neutron.services.segments.plugin [-] Segment 9ecfe817-ab4a-4500-b49d-dd3ab5d50c58 resource provider not found; error: Placement Client Error (4xx): {"errors": [{"status": 404, "title": "Not Found", "detail": "The resource could not be found.\n\n No resource provider with uuid 9ecfe817-ab4a-4500-b49d-dd3ab5d50c58 found for delete ", "request_id": "req-958164f9-cf71-4062-bb4c-9de2ea0f690c"}]}
2026-07-15 06:08:33.037 10 INFO neutron.services.segments.plugin [-] Segment 14aec896-f634-4211-b2ba-b6e3626b5e37 resource provider not found; error: Placement Client Error (4xx): {"errors": [{"status": 404, "title": "Not Found", "detail": "The resource could not be found.\n\n No resource provider with uuid 14aec896-f634-4211-b2ba-b6e3626b5e37 found for delete ", "request_id": "req-d40ed00d-d90e-47da-a574-a6b963379270"}]}
2026-07-15 06:08:33.059 10 INFO neutron.services.segments.plugin [-] Segment 9ecfe817-ab4a-4500-b49d-dd3ab5d50c58 resource provider aggregate not found
2026-07-15 06:08:33.074 10 INFO neutron.db.segments_db [None req-02d97da5-3d80-453d-8005-e0d6bac26f56 72e1e1c93c2b4309b218cec8dfe26e4c 25817168934a4ca9a556d1d482601e5b - - default default] Added segment a99383e4-114e-4f9e-8846-ae074b8e910e of type geneve for network 3073d799-6b85-4379-84ae-d4d7581614da
2026-07-15 06:08:33.081 10 INFO neutron.services.segments.plugin [-] Segment 9ecfe817-ab4a-4500-b49d-dd3ab5d50c58 resource provider not found; error: Placement Client Error (4xx): {"errors": [{"status": 404, "title": "Not Found", "detail": "The resource could not be found.\n\n No resource provider with uuid 9ecfe817-ab4a-4500-b49d-dd3ab5d50c58 found for delete ", "request_id": "req-d40591c6-f91a-4f57-b45c-d62bacbc732d"}]}
2026-07-15 06:08:33.115 10 INFO neutron.wsgi [None req-4343d7e6-b4d0-4c2d-8bfc-664193752eae 503e33d639784b30b5b167a1229587d9 75cfc79b55c44f6eb10f009589d53394 - - default default] 10.0.0.193 "DELETE /v2.0/ports/524a7616-6b28-4888-8db0-abcdb3cc8821 HTTP/1.1" status: 204 len: 168 time: 0.5703132
2026-07-15 06:08:33.236 10 INFO neutron.db.ovn_revision_numbers_db [None req-02d97da5-3d80-453d-8005-e0d6bac26f56 72e1e1c93c2b4309b218cec8dfe26e4c 25817168934a4ca9a556d1d482601e5b - - default default] Successfully bumped revision number for resource 3073d799-6b85-4379-84ae-d4d7581614da (type: networks) to 1
2026-07-15 06:08:33.398 9 INFO neutron.wsgi [None req-8338c2cf-529f-4ac5-bc68-4dd88f2ce7ee 503e33d639784b30b5b167a1229587d9 75cfc79b55c44f6eb10f009589d53394 - - default default] 10.0.0.193 "DELETE /v2.0/ports/a1009f32-3b52-42e6-99a8-3f4f84c92f45 HTTP/1.1" status: 204 len: 168 time: 0.2727244
2026-07-15 06:08:33.399 9 INFO neutron.db.ovn_revision_numbers_db [None req-437d0e6f-3a09-40d1-a11d-539640f1e267 b12c0261aabc4148a8d14edbab9a42f1 4faf39b8e0cd4b7f8a7fa5fe4a037441 - - default default] Successfully bumped revision number for resource 17ed8db3-cc9d-42c7-af90-d29577730386 (type: security_groups) to 1
2026-07-15 06:08:33.411 9 INFO neutron.db.ovn_revision_numbers_db [None req-437d0e6f-3a09-40d1-a11d-539640f1e267 b12c0261aabc4148a8d14edbab9a42f1 4faf39b8e0cd4b7f8a7fa5fe4a037441 - - default default] Successfully bumped revision number for resource 054ea770-3c0b-4b25-9f43-82972a709707 (type: security_group_rules) to 0
2026-07-15 06:08:33.425 9 INFO neutron.db.ovn_revision_numbers_db [None req-437d0e6f-3a09-40d1-a11d-539640f1e267 b12c0261aabc4148a8d14edbab9a42f1 4faf39b8e0cd4b7f8a7fa5fe4a037441 - - default default] Successfully bumped revision number for resource 202584c2-60df-43c2-ac77-809abefb149a (type: security_group_rules) to 0
2026-07-15 06:08:33.438 9 INFO neutron.db.ovn_revision_numbers_db [None req-437d0e6f-3a09-40d1-a11d-539640f1e267 b12c0261aabc4148a8d14edbab9a42f1 4faf39b8e0cd4b7f8a7fa5fe4a037441 - - default default] Successfully bumped revision number for resource be905446-d1e9-494d-b906-27e4fa050483 (type: security_group_rules) to 0
2026-07-15 06:08:33.441 10 WARNING neutron.scheduler.dhcp_agent_scheduler [None req-02d97da5-3d80-453d-8005-e0d6bac26f56 72e1e1c93c2b4309b218cec8dfe26e4c 25817168934a4ca9a556d1d482601e5b - - default default] No more DHCP agents
2026-07-15 06:08:33.448 10 WARNING neutron.api.rpc.agentnotifiers.dhcp_rpc_agent_api [None req-02d97da5-3d80-453d-8005-e0d6bac26f56 72e1e1c93c2b4309b218cec8dfe26e4c 25817168934a4ca9a556d1d482601e5b - - default default] Unable to schedule network 3073d799-6b85-4379-84ae-d4d7581614da: no agents available; will retry on subsequent port and subnet creation events.
2026-07-15 06:08:33.452 9 INFO neutron.db.ovn_revision_numbers_db [None req-437d0e6f-3a09-40d1-a11d-539640f1e267 b12c0261aabc4148a8d14edbab9a42f1 4faf39b8e0cd4b7f8a7fa5fe4a037441 - - default default] Successfully bumped revision number for resource dde534d3-56f3-40d0-b5dd-fd0105ab6781 (type: security_group_rules) to 0
2026-07-15 06:08:33.476 9 INFO neutron.wsgi [None req-437d0e6f-3a09-40d1-a11d-539640f1e267 b12c0261aabc4148a8d14edbab9a42f1 4faf39b8e0cd4b7f8a7fa5fe4a037441 - - default default] 10.0.0.193 "GET /v2.0/security-groups?tenant_id=782a40c48e464036a8afb5dcc026bed7&name=default HTTP/1.1" status: 200 len: 2996 time: 0.3855789
2026-07-15 06:08:33.558 10 INFO neutron.db.ovn_revision_numbers_db [None req-02d97da5-3d80-453d-8005-e0d6bac26f56 72e1e1c93c2b4309b218cec8dfe26e4c 25817168934a4ca9a556d1d482601e5b - - default default] Successfully bumped revision number for resource 0b13bef7-0fb3-46b3-97fe-b407e35d5925 (type: ports) to 1
2026-07-15 06:08:33.598 10 INFO neutron.wsgi [None req-02d97da5-3d80-453d-8005-e0d6bac26f56 72e1e1c93c2b4309b218cec8dfe26e4c 25817168934a4ca9a556d1d482601e5b - - default default] 10.0.0.193 "POST /v2.0/networks HTTP/1.1" status: 201 len: 928 time: 0.6524456
2026-07-15 06:08:33.651 10 INFO neutron.wsgi [None req-5e62aa61-5255-41da-a28b-f2ed9741ca61 503e33d639784b30b5b167a1229587d9 75cfc79b55c44f6eb10f009589d53394 - - default default] 10.0.0.193 "DELETE /v2.0/ports/cdc971fd-d335-481c-9af7-bf718f7f5531 HTTP/1.1" status: 204 len: 168 time: 0.2475448
2026-07-15 06:08:33.716 9 INFO neutron.wsgi [None req-eb60cc6f-2e4d-4fd3-b9d0-f5af13d7542a b12c0261aabc4148a8d14edbab9a42f1 4faf39b8e0cd4b7f8a7fa5fe4a037441 - - default default] 10.0.0.193 "DELETE /v2.0/security-groups/17ed8db3-cc9d-42c7-af90-d29577730386 HTTP/1.1" status: 204 len: 168 time: 0.2345757
2026-07-15 06:08:33.777 9 WARNING neutron.scheduler.dhcp_agent_scheduler [None req-51b27311-3167-4409-ac75-3054f8599945 72e1e1c93c2b4309b218cec8dfe26e4c 25817168934a4ca9a556d1d482601e5b - - default default] No more DHCP agents
2026-07-15 06:08:33.779 9 WARNING neutron.api.rpc.agentnotifiers.dhcp_rpc_agent_api [None req-51b27311-3167-4409-ac75-3054f8599945 72e1e1c93c2b4309b218cec8dfe26e4c 25817168934a4ca9a556d1d482601e5b - - default default] Unable to schedule network 3073d799-6b85-4379-84ae-d4d7581614da: no agents available; will retry on subsequent port and subnet creation events.
2026-07-15 06:08:33.841 10 INFO neutron.wsgi [None req-b956def7-58bf-4ade-a4d9-d66139ee7bc2 503e33d639784b30b5b167a1229587d9 75cfc79b55c44f6eb10f009589d53394 - - default default] 10.0.0.193 "DELETE /v2.0/ports/ac6d5d82-f593-4746-97cd-3cc8cb4a944a HTTP/1.1" status: 204 len: 168 time: 0.1842909
2026-07-15 06:08:33.872 10 INFO neutron.wsgi [None req-c9fda91a-4b31-4c10-905e-64f5125b59de b12c0261aabc4148a8d14edbab9a42f1 4faf39b8e0cd4b7f8a7fa5fe4a037441 - - default default] 10.0.0.193 "GET /v2.0/security-groups?tenant_id=ffe373b3998245d78768dd5f9eb688a6&name=default HTTP/1.1" status: 200 len: 2996 time: 0.0574739
2026-07-15 06:08:34.078 10 INFO neutron.wsgi [None req-73f3bcda-9aa4-4b69-a93f-48465d29763c 503e33d639784b30b5b167a1229587d9 75cfc79b55c44f6eb10f009589d53394 - - default default] 10.0.0.193 "DELETE /v2.0/ports/e73428b9-6d7c-4b63-874a-a01137cf13fd HTTP/1.1" status: 204 len: 168 time: 0.2320116
2026-07-15 06:08:34.127 10 INFO neutron.wsgi [None req-b81846a0-89bb-47df-bb40-45538bdcde7e b12c0261aabc4148a8d14edbab9a42f1 4faf39b8e0cd4b7f8a7fa5fe4a037441 - - default default] 10.0.0.193 "DELETE /v2.0/security-groups/ea9b71fa-f8db-4828-aa4d-e90cae3a25d5 HTTP/1.1" status: 204 len: 168 time: 0.2494235
2026-07-15 06:08:34.255 9 INFO neutron.db.ovn_revision_numbers_db [None req-51b27311-3167-4409-ac75-3054f8599945 72e1e1c93c2b4309b218cec8dfe26e4c 25817168934a4ca9a556d1d482601e5b - - default default] Successfully bumped revision number for resource 0b13bef7-0fb3-46b3-97fe-b407e35d5925 (type: ports) to 2
2026-07-15 06:08:34.290 9 INFO neutron.db.ovn_revision_numbers_db [None req-51b27311-3167-4409-ac75-3054f8599945 72e1e1c93c2b4309b218cec8dfe26e4c 25817168934a4ca9a556d1d482601e5b - - default default] Successfully bumped revision number for resource 25f95116-295d-47ee-b6d8-4262b932994f (type: subnets) to 0
2026-07-15 06:08:34.311 9 INFO neutron.wsgi [None req-51b27311-3167-4409-ac75-3054f8599945 72e1e1c93c2b4309b218cec8dfe26e4c 25817168934a4ca9a556d1d482601e5b - - default default] 10.0.0.193 "POST /v2.0/subnets HTTP/1.1" status: 201 len: 822 time: 0.7079654
2026-07-15 06:08:34.402 9 INFO neutron.db.ovn_revision_numbers_db [None req-22c8310a-890c-406c-a6a9-5914623286ed b12c0261aabc4148a8d14edbab9a42f1 4faf39b8e0cd4b7f8a7fa5fe4a037441 - - default default] Successfully bumped revision number for resource 8d74d6df-b685-406e-be3c-903d15b9c70e (type: security_groups) to 1
2026-07-15 06:08:34.416 9 INFO neutron.db.ovn_revision_numbers_db [None req-22c8310a-890c-406c-a6a9-5914623286ed b12c0261aabc4148a8d14edbab9a42f1 4faf39b8e0cd4b7f8a7fa5fe4a037441 - - default default] Successfully bumped revision number for resource 1e9e3741-1480-4ff1-9e6b-3c1545fcc131 (type: security_group_rules) to 0
2026-07-15 06:08:34.430 9 INFO neutron.db.ovn_revision_numbers_db [None req-22c8310a-890c-406c-a6a9-5914623286ed b12c0261aabc4148a8d14edbab9a42f1 4faf39b8e0cd4b7f8a7fa5fe4a037441 - - default default] Successfully bumped revision number for resource 6a636099-1dd0-47a4-851a-03cbf7b1897b (type: security_group_rules) to 0
2026-07-15 06:08:34.444 9 INFO neutron.db.ovn_revision_numbers_db [None req-22c8310a-890c-406c-a6a9-5914623286ed b12c0261aabc4148a8d14edbab9a42f1 4faf39b8e0cd4b7f8a7fa5fe4a037441 - - default default] Successfully bumped revision number for resource 94250d89-d602-406f-b88a-4bf7bbf62a89 (type: security_group_rules) to 0
2026-07-15 06:08:34.456 9 INFO neutron.db.ovn_revision_numbers_db [None req-22c8310a-890c-406c-a6a9-5914623286ed b12c0261aabc4148a8d14edbab9a42f1 4faf39b8e0cd4b7f8a7fa5fe4a037441 - - default default] Successfully bumped revision number for resource 98aa85e7-fc82-41c0-aeb5-08be4041e0e6 (type: security_group_rules) to 0
2026-07-15 06:08:34.479 9 INFO neutron.wsgi [None req-22c8310a-890c-406c-a6a9-5914623286ed b12c0261aabc4148a8d14edbab9a42f1 4faf39b8e0cd4b7f8a7fa5fe4a037441 - - default default] 10.0.0.193 "GET /v2.0/security-groups?tenant_id=60d1c952426e4fc58e519f5e12d29a98&name=default HTTP/1.1" status: 200 len: 2996 time: 0.1853492
2026-07-15 06:08:34.531 10 INFO neutron.wsgi [None req-631cbdaf-3c6c-47b4-9b97-0bd0d50c75ec 503e33d639784b30b5b167a1229587d9 75cfc79b55c44f6eb10f009589d53394 - - default default] 10.0.0.193 "DELETE /v2.0/networks/f31ad733-cb11-4f5c-9bcc-1c0c1e550e94 HTTP/1.1" status: 204 len: 168 time: 0.4488239
2026-07-15 06:08:34.657 10 INFO neutron.wsgi [None req-8c9ea027-d50f-4e73-8f89-5be3fe66b4f9 72e1e1c93c2b4309b218cec8dfe26e4c 25817168934a4ca9a556d1d482601e5b - - default default] 10.0.0.193 "POST /v2.0/rbac-policies HTTP/1.1" status: 201 len: 523 time: 0.3376071
2026-07-15 06:08:34.769 9 INFO neutron.wsgi [None req-c7c23201-dcee-4b9c-86f4-aa3c510fa7b4 b12c0261aabc4148a8d14edbab9a42f1 4faf39b8e0cd4b7f8a7fa5fe4a037441 - - default default] 10.0.0.193 "DELETE /v2.0/security-groups/8d74d6df-b685-406e-be3c-903d15b9c70e HTTP/1.1" status: 204 len: 168 time: 0.2852135
2026-07-15 06:08:34.937 9 INFO neutron.services.segments.plugin [-] Segment 9e80cb69-77e7-4d12-8fef-a751d305984b resource provider aggregate not found
2026-07-15 06:08:34.942 9 INFO neutron.services.segments.plugin [-] Segment 9e80cb69-77e7-4d12-8fef-a751d305984b resource provider aggregate not found
2026-07-15 06:08:34.956 9 INFO neutron.wsgi [None req-f6e67d0f-620b-40aa-be50-f42799599d8b 503e33d639784b30b5b167a1229587d9 75cfc79b55c44f6eb10f009589d53394 - - default default] 10.0.0.193 "DELETE /v2.0/networks/6f72367e-1ae9-4989-bad7-c20e8f573a0e HTTP/1.1" status: 204 len: 168 time: 0.4195099
2026-07-15 06:08:34.966 9 INFO neutron.services.segments.plugin [-] Segment 9e80cb69-77e7-4d12-8fef-a751d305984b resource provider not found; error: Placement Client Error (4xx): {"errors": [{"status": 404, "title": "Not Found", "detail": "The resource could not be found.\n\n No resource provider with uuid 9e80cb69-77e7-4d12-8fef-a751d305984b found for delete ", "request_id": "req-455d0da7-4038-4cde-b1f8-95f326ee1f2b"}]}
2026-07-15 06:08:34.967 9 INFO neutron.services.segments.plugin [-] Segment 9e80cb69-77e7-4d12-8fef-a751d305984b resource provider not found; error: Placement Client Error (4xx): {"errors": [{"status": 404, "title": "Not Found", "detail": "The resource could not be found.\n\n No resource provider with uuid 9e80cb69-77e7-4d12-8fef-a751d305984b found for delete ", "request_id": "req-e4d31bbc-5952-4dc0-8566-6db7fab399ac"}]}
2026-07-15 06:08:35.029 10 INFO neutron.services.segments.plugin [-] Segment 17268ad3-f000-4876-97dc-93495d4b3131 resource provider aggregate not found
2026-07-15 06:08:35.046 10 INFO neutron.services.segments.plugin [-] Segment 17268ad3-f000-4876-97dc-93495d4b3131 resource provider not found; error: Placement Client Error (4xx): {"errors": [{"status": 404, "title": "Not Found", "detail": "The resource could not be found.\n\n No resource provider with uuid 17268ad3-f000-4876-97dc-93495d4b3131 found for delete ", "request_id": "req-88ddae33-8011-4421-a62b-0482736a0291"}]}
2026-07-15 06:08:35.108 10 INFO neutron.services.segments.plugin [-] Segment 17268ad3-f000-4876-97dc-93495d4b3131 resource provider aggregate not found
2026-07-15 06:08:35.142 10 INFO neutron.services.segments.plugin [-] Segment 17268ad3-f000-4876-97dc-93495d4b3131 resource provider not found; error: Placement Client Error (4xx): {"errors": [{"status": 404, "title": "Not Found", "detail": "The resource could not be found.\n\n No resource provider with uuid 17268ad3-f000-4876-97dc-93495d4b3131 found for delete ", "request_id": "req-8e590077-29be-4466-8864-b5efdc5ccb5d"}]}
2026-07-15 06:08:35.270 10 INFO neutron.wsgi [None req-0c1bc68c-a82d-4032-b6d7-51cb2d036214 68d58a657fe641d3af03288c4d184fb6 5a21135bcce541869ffc688a935b1d9c - - default default] 10.0.0.193 "GET /v2.0/networks/3073d799-6b85-4379-84ae-d4d7581614da HTTP/1.1" status: 200 len: 848 time: 0.2491140
2026-07-15 06:08:35.449 10 INFO neutron.wsgi [None req-665ee814-325d-41f9-8c51-2d12ed18265a 503e33d639784b30b5b167a1229587d9 75cfc79b55c44f6eb10f009589d53394 - - default default] 10.0.0.193 "DELETE /v2.0/networks/b0a08d2e-a399-4377-9898-dee4960b7886 HTTP/1.1" status: 204 len: 168 time: 0.4878252
2026-07-15 06:08:35.691 9 INFO neutron.pecan_wsgi.hooks.translation [None req-d9e7d624-9be1-47f8-a436-f5ba76b7df5e b3ab9944ceb44c8ba293487c2fff0c28 d3a5766e372e4cb1940e5bdbce51b367 - - default default] GET failed (client error): The resource could not be found.
2026-07-15 06:08:35.693 9 INFO neutron.wsgi [None req-d9e7d624-9be1-47f8-a436-f5ba76b7df5e b3ab9944ceb44c8ba293487c2fff0c28 d3a5766e372e4cb1940e5bdbce51b367 - - default default] 10.0.0.193 "GET /v2.0/networks/3073d799-6b85-4379-84ae-d4d7581614da HTTP/1.1" status: 404 len: 339 time: 0.0696664
2026-07-15 06:08:35.951 9 INFO neutron.wsgi [None req-98ead3d3-85c8-4d57-bdcf-09cba18ca1ad 503e33d639784b30b5b167a1229587d9 75cfc79b55c44f6eb10f009589d53394 - - default default] 10.0.0.193 "DELETE /v2.0/networks/f853dcee-5add-4c33-8780-19feeadd91e4 HTTP/1.1" status: 204 len: 168 time: 0.4964328
2026-07-15 06:08:36.089 10 INFO neutron.wsgi [-] 10.0.0.240 "GET / HTTP/1.1" status: 200 len: 246 time: 0.0018919
2026-07-15 06:08:36.091 10 INFO neutron.wsgi [-] 10.0.0.240 "GET / HTTP/1.1" status: 200 len: 246 time: 0.0009561
2026-07-15 06:08:36.362 10 INFO neutron.wsgi [None req-16a7687f-97b6-43f2-873d-ddc1d3704172 503e33d639784b30b5b167a1229587d9 75cfc79b55c44f6eb10f009589d53394 - - default default] 10.0.0.193 "DELETE /v2.0/networks/96b90a8d-46c0-4bb3-8d0e-420f98040702 HTTP/1.1" status: 204 len: 168 time: 0.4053106
2026-07-15 06:08:36.429 9 INFO neutron.wsgi [None req-7687848b-9020-4596-9874-1a569cc0cf69 72e1e1c93c2b4309b218cec8dfe26e4c 25817168934a4ca9a556d1d482601e5b - - default default] 10.0.0.193 "DELETE /v2.0/networks/3073d799-6b85-4379-84ae-d4d7581614da HTTP/1.1" status: 204 len: 168 time: 0.7318358
2026-07-15 06:08:36.453 10 INFO neutron.pecan_wsgi.hooks.translation [None req-8c09af0c-8412-49c1-8e2a-62f3111694a4 72e1e1c93c2b4309b218cec8dfe26e4c 25817168934a4ca9a556d1d482601e5b - - default default] DELETE failed (client error): The resource could not be found.
2026-07-15 06:08:36.455 10 INFO neutron.wsgi [None req-8c09af0c-8412-49c1-8e2a-62f3111694a4 72e1e1c93c2b4309b218cec8dfe26e4c 25817168934a4ca9a556d1d482601e5b - - default default] 10.0.0.193 "DELETE /v2.0/subnets/cd112472-75e1-4192-8a8b-944313e2ddfc HTTP/1.1" status: 404 len: 337 time: 0.0199697
2026-07-15 06:08:36.475 10 INFO neutron.pecan_wsgi.hooks.translation [None req-21c5c03b-7d0d-4fba-811d-69c476397515 72e1e1c93c2b4309b218cec8dfe26e4c 25817168934a4ca9a556d1d482601e5b - - default default] DELETE failed (client error): The resource could not be found.
2026-07-15 06:08:36.479 10 INFO neutron.wsgi [None req-21c5c03b-7d0d-4fba-811d-69c476397515 72e1e1c93c2b4309b218cec8dfe26e4c 25817168934a4ca9a556d1d482601e5b - - default default] 10.0.0.193 "DELETE /v2.0/subnets/c75f6b7f-b92f-407b-a20b-e71c45573381 HTTP/1.1" status: 404 len: 337 time: 0.0197136
2026-07-15 06:08:36.499 10 INFO neutron.pecan_wsgi.hooks.translation [None req-7f7ce1a3-f97b-46e6-b87f-69b439da1d1a 72e1e1c93c2b4309b218cec8dfe26e4c 25817168934a4ca9a556d1d482601e5b - - default default] DELETE failed (client error): The resource could not be found.
2026-07-15 06:08:36.503 10 INFO neutron.wsgi [None req-7f7ce1a3-f97b-46e6-b87f-69b439da1d1a 72e1e1c93c2b4309b218cec8dfe26e4c 25817168934a4ca9a556d1d482601e5b - - default default] 10.0.0.193 "DELETE /v2.0/subnets/25f95116-295d-47ee-b6d8-4262b932994f HTTP/1.1" status: 404 len: 337 time: 0.0206163
2026-07-15 06:08:36.991 9 INFO neutron.services.segments.plugin [-] Segment 4905b248-99b3-404b-acc8-03d30c353c77 resource provider aggregate not found
2026-07-15 06:08:37.001 9 INFO neutron.services.segments.plugin [-] Segment 4905b248-99b3-404b-acc8-03d30c353c77 resource provider aggregate not found
2026-07-15 06:08:37.008 9 INFO neutron.services.segments.plugin [-] Segment 4905b248-99b3-404b-acc8-03d30c353c77 resource provider not found; error: Placement Client Error (4xx): {"errors": [{"status": 404, "title": "Not Found", "detail": "The resource could not be found.\n\n No resource provider with uuid 4905b248-99b3-404b-acc8-03d30c353c77 found for delete ", "request_id": "req-e8aa26e9-392f-4b46-a576-9dac83bd19b4"}]}
2026-07-15 06:08:37.018 9 INFO neutron.services.segments.plugin [-] Segment a99383e4-114e-4f9e-8846-ae074b8e910e resource provider aggregate not found
2026-07-15 06:08:37.022 9 INFO neutron.services.segments.plugin [-] Segment 4905b248-99b3-404b-acc8-03d30c353c77 resource provider not found; error: Placement Client Error (4xx): {"errors": [{"status": 404, "title": "Not Found", "detail": "The resource could not be found.\n\n No resource provider with uuid 4905b248-99b3-404b-acc8-03d30c353c77 found for delete ", "request_id": "req-07d4011d-73c8-471b-88be-d6b9eaa28360"}]}
2026-07-15 06:08:37.031 9 INFO neutron.services.segments.plugin [-] Segment a99383e4-114e-4f9e-8846-ae074b8e910e resource provider not found; error: Placement Client Error (4xx): {"errors": [{"status": 404, "title": "Not Found", "detail": "The resource could not be found.\n\n No resource provider with uuid a99383e4-114e-4f9e-8846-ae074b8e910e found for delete ", "request_id": "req-72cab206-553d-42f5-99af-c3947a236fae"}]}
2026-07-15 06:08:37.042 9 INFO neutron.services.segments.plugin [-] Segment a99383e4-114e-4f9e-8846-ae074b8e910e resource provider aggregate not found
2026-07-15 06:08:37.069 10 INFO neutron.services.segments.plugin [-] Segment e8a31fc8-fcf5-4fda-8953-45bb565c4b78 resource provider aggregate not found
2026-07-15 06:08:37.081 9 INFO neutron.services.segments.plugin [-] Segment a99383e4-114e-4f9e-8846-ae074b8e910e resource provider not found; error: Placement Client Error (4xx): {"errors": [{"status": 404, "title": "Not Found", "detail": "The resource could not be found.\n\n No resource provider with uuid a99383e4-114e-4f9e-8846-ae074b8e910e found for delete ", "request_id": "req-b8109488-f01a-4fe2-adfe-3fba0952e735"}]}
2026-07-15 06:08:37.087 10 INFO neutron.services.segments.plugin [-] Segment e8a31fc8-fcf5-4fda-8953-45bb565c4b78 resource provider not found; error: Placement Client Error (4xx): {"errors": [{"status": 404, "title": "Not Found", "detail": "The resource could not be found.\n\n No resource provider with uuid e8a31fc8-fcf5-4fda-8953-45bb565c4b78 found for delete ", "request_id": "req-88275820-25d3-4f2d-b840-91eb9af1edd1"}]}
2026-07-15 06:08:37.109 10 INFO neutron.services.segments.plugin [-] Segment 375dffe7-16a7-491a-befb-fc3d6fcaa2ec resource provider aggregate not found
2026-07-15 06:08:37.123 10 INFO neutron.services.segments.plugin [-] Segment 375dffe7-16a7-491a-befb-fc3d6fcaa2ec resource provider not found; error: Placement Client Error (4xx): {"errors": [{"status": 404, "title": "Not Found", "detail": "The resource could not be found.\n\n No resource provider with uuid 375dffe7-16a7-491a-befb-fc3d6fcaa2ec found for delete ", "request_id": "req-267d3717-223f-434a-b749-a825f897c5f7"}]}
2026-07-15 06:08:37.161 10 INFO neutron.services.segments.plugin [-] Segment e8a31fc8-fcf5-4fda-8953-45bb565c4b78 resource provider aggregate not found
2026-07-15 06:08:37.181 10 INFO neutron.services.segments.plugin [-] Segment e8a31fc8-fcf5-4fda-8953-45bb565c4b78 resource provider not found; error: Placement Client Error (4xx): {"errors": [{"status": 404, "title": "Not Found", "detail": "The resource could not be found.\n\n No resource provider with uuid e8a31fc8-fcf5-4fda-8953-45bb565c4b78 found for delete ", "request_id": "req-7ca9289e-7eb8-4883-85e5-9f5d441f122f"}]}
2026-07-15 06:08:37.198 10 INFO neutron.services.segments.plugin [-] Segment 375dffe7-16a7-491a-befb-fc3d6fcaa2ec resource provider aggregate not found
2026-07-15 06:08:37.221 10 INFO neutron.services.segments.plugin [-] Segment 375dffe7-16a7-491a-befb-fc3d6fcaa2ec resource provider not found; error: Placement Client Error (4xx): {"errors": [{"status": 404, "title": "Not Found", "detail": "The resource could not be found.\n\n No resource provider with uuid 375dffe7-16a7-491a-befb-fc3d6fcaa2ec found for delete ", "request_id": "req-7bc4bf2d-704a-486a-aa9f-e581f641a4f6"}]}
2026-07-15 06:08:37.566 9 INFO neutron.db.ovn_revision_numbers_db [None req-d6294dce-57a0-4988-aa6b-de42c073f9b5 b12c0261aabc4148a8d14edbab9a42f1 4faf39b8e0cd4b7f8a7fa5fe4a037441 - - default default] Successfully bumped revision number for resource 1980dcf4-6ccf-425c-ae93-1aad8566d745 (type: security_groups) to 1
2026-07-15 06:08:37.568 10 INFO neutron.db.ovn_revision_numbers_db [None req-09ffc41c-5ddc-4565-a079-9c2663c61c95 b12c0261aabc4148a8d14edbab9a42f1 4faf39b8e0cd4b7f8a7fa5fe4a037441 - - default default] Successfully bumped revision number for resource 11cc6611-0918-4972-9e4f-4872fdde40d4 (type: security_groups) to 1
2026-07-15 06:08:37.582 9 INFO neutron.db.ovn_revision_numbers_db [None req-d6294dce-57a0-4988-aa6b-de42c073f9b5 b12c0261aabc4148a8d14edbab9a42f1 4faf39b8e0cd4b7f8a7fa5fe4a037441 - - default default] Successfully bumped revision number for resource 079e6439-3e0a-404c-b935-4bc29f087d5b (type: security_group_rules) to 0
2026-07-15 06:08:37.584 10 INFO neutron.db.ovn_revision_numbers_db [None req-09ffc41c-5ddc-4565-a079-9c2663c61c95 b12c0261aabc4148a8d14edbab9a42f1 4faf39b8e0cd4b7f8a7fa5fe4a037441 - - default default] Successfully bumped revision number for resource 5be744b2-784f-4b40-9f44-a8b705056676 (type: security_group_rules) to 0
2026-07-15 06:08:37.595 9 INFO neutron.db.ovn_revision_numbers_db [None req-d6294dce-57a0-4988-aa6b-de42c073f9b5 b12c0261aabc4148a8d14edbab9a42f1 4faf39b8e0cd4b7f8a7fa5fe4a037441 - - default default] Successfully bumped revision number for resource 096e1af1-71ab-4657-8328-bdb0f7f1c7c5 (type: security_group_rules) to 0
2026-07-15 06:08:37.597 10 INFO neutron.db.ovn_revision_numbers_db [None req-09ffc41c-5ddc-4565-a079-9c2663c61c95 b12c0261aabc4148a8d14edbab9a42f1 4faf39b8e0cd4b7f8a7fa5fe4a037441 - - default default] Successfully bumped revision number for resource 8058ae5e-9a0a-4df2-8938-a7c3f9c964c4 (type: security_group_rules) to 0
2026-07-15 06:08:37.608 9 INFO neutron.db.ovn_revision_numbers_db [None req-d6294dce-57a0-4988-aa6b-de42c073f9b5 b12c0261aabc4148a8d14edbab9a42f1 4faf39b8e0cd4b7f8a7fa5fe4a037441 - - default default] Successfully bumped revision number for resource d2aa3d65-2447-403f-880f-10e8357cf3b6 (type: security_group_rules) to 0
2026-07-15 06:08:37.630 10 INFO neutron.db.ovn_revision_numbers_db [None req-09ffc41c-5ddc-4565-a079-9c2663c61c95 b12c0261aabc4148a8d14edbab9a42f1 4faf39b8e0cd4b7f8a7fa5fe4a037441 - - default default] Successfully bumped revision number for resource ad96ba6e-c27b-477b-80a2-04071a42d0f6 (type: security_group_rules) to 0
2026-07-15 06:08:37.636 9 INFO neutron.db.ovn_revision_numbers_db [None req-d6294dce-57a0-4988-aa6b-de42c073f9b5 b12c0261aabc4148a8d14edbab9a42f1 4faf39b8e0cd4b7f8a7fa5fe4a037441 - - default default] Successfully bumped revision number for resource d85ee486-077b-4009-a701-7a51570eb8b2 (type: security_group_rules) to 0
2026-07-15 06:08:37.646 10 INFO neutron.db.ovn_revision_numbers_db [None req-09ffc41c-5ddc-4565-a079-9c2663c61c95 b12c0261aabc4148a8d14edbab9a42f1 4faf39b8e0cd4b7f8a7fa5fe4a037441 - - default default] Successfully bumped revision number for resource d0a952b2-eba5-424d-b106-6dc289e18e28 (type: security_group_rules) to 0
2026-07-15 06:08:37.656 9 INFO neutron.wsgi [None req-d6294dce-57a0-4988-aa6b-de42c073f9b5 b12c0261aabc4148a8d14edbab9a42f1 4faf39b8e0cd4b7f8a7fa5fe4a037441 - - default default] 10.0.0.193 "GET /v2.0/security-groups?tenant_id=5a21135bcce541869ffc688a935b1d9c&name=default HTTP/1.1" status: 200 len: 2996 time: 0.2514491
2026-07-15 06:08:37.667 10 INFO neutron.wsgi [None req-09ffc41c-5ddc-4565-a079-9c2663c61c95 b12c0261aabc4148a8d14edbab9a42f1 4faf39b8e0cd4b7f8a7fa5fe4a037441 - - default default] 10.0.0.193 "GET /v2.0/security-groups?tenant_id=7382be6cd0a24421821e2181135ec853&name=default HTTP/1.1" status: 200 len: 2996 time: 0.4508092
2026-07-15 06:08:37.861 9 INFO neutron.wsgi [None req-bbe694e3-fcb3-46d1-8826-7e1622363f9f b12c0261aabc4148a8d14edbab9a42f1 4faf39b8e0cd4b7f8a7fa5fe4a037441 - - default default] 10.0.0.193 "DELETE /v2.0/security-groups/1980dcf4-6ccf-425c-ae93-1aad8566d745 HTTP/1.1" status: 204 len: 168 time: 0.1962819
2026-07-15 06:08:37.862 10 INFO neutron.wsgi [None req-c9386431-7bf3-4885-a872-56909c1630cf b12c0261aabc4148a8d14edbab9a42f1 4faf39b8e0cd4b7f8a7fa5fe4a037441 - - default default] 10.0.0.193 "DELETE /v2.0/security-groups/11cc6611-0918-4972-9e4f-4872fdde40d4 HTTP/1.1" status: 204 len: 168 time: 0.1867383
2026-07-15 06:08:37.979 10 INFO neutron.wsgi [None req-64f59183-e83f-4773-be01-c9f79df78548 b12c0261aabc4148a8d14edbab9a42f1 4faf39b8e0cd4b7f8a7fa5fe4a037441 - - default default] 10.0.0.193 "GET /v2.0/security-groups?tenant_id=25817168934a4ca9a556d1d482601e5b&name=default HTTP/1.1" status: 200 len: 2996 time: 0.0322623
2026-07-15 06:08:38.063 9 INFO neutron.db.ovn_revision_numbers_db [None req-8929e7c3-a313-4196-9c07-d750ce07b4ed b12c0261aabc4148a8d14edbab9a42f1 4faf39b8e0cd4b7f8a7fa5fe4a037441 - - default default] Successfully bumped revision number for resource 5ea5be52-a5c6-4106-87de-a108c67a1a9a (type: security_groups) to 1
2026-07-15 06:08:38.076 9 INFO neutron.db.ovn_revision_numbers_db [None req-8929e7c3-a313-4196-9c07-d750ce07b4ed b12c0261aabc4148a8d14edbab9a42f1 4faf39b8e0cd4b7f8a7fa5fe4a037441 - - default default] Successfully bumped revision number for resource 2b6e4329-f408-4131-bf7b-ef8b059426ba (type: security_group_rules) to 0
2026-07-15 06:08:38.091 9 INFO neutron.db.ovn_revision_numbers_db [None req-8929e7c3-a313-4196-9c07-d750ce07b4ed b12c0261aabc4148a8d14edbab9a42f1 4faf39b8e0cd4b7f8a7fa5fe4a037441 - - default default] Successfully bumped revision number for resource 5c81b2c0-1da7-453e-9d4a-991cf2bc9d64 (type: security_group_rules) to 0
2026-07-15 06:08:38.104 9 INFO neutron.db.ovn_revision_numbers_db [None req-8929e7c3-a313-4196-9c07-d750ce07b4ed b12c0261aabc4148a8d14edbab9a42f1 4faf39b8e0cd4b7f8a7fa5fe4a037441 - - default default] Successfully bumped revision number for resource 94cdc610-ec39-407f-8270-9c401ce3dd6b (type: security_group_rules) to 0
2026-07-15 06:08:38.116 9 INFO neutron.db.ovn_revision_numbers_db [None req-8929e7c3-a313-4196-9c07-d750ce07b4ed b12c0261aabc4148a8d14edbab9a42f1 4faf39b8e0cd4b7f8a7fa5fe4a037441 - - default default] Successfully bumped revision number for resource d017beee-534f-4623-a1bf-3c363ef7d170 (type: security_group_rules) to 0
2026-07-15 06:08:38.140 9 INFO neutron.wsgi [None req-8929e7c3-a313-4196-9c07-d750ce07b4ed b12c0261aabc4148a8d14edbab9a42f1 4faf39b8e0cd4b7f8a7fa5fe4a037441 - - default default] 10.0.0.193 "GET /v2.0/security-groups?tenant_id=ae2e22a6228c468a961dc5d0950a38f0&name=default HTTP/1.1" status: 200 len: 2996 time: 0.1837177
2026-07-15 06:08:38.176 10 INFO neutron.wsgi [None req-13fd26f7-c6ee-423a-a618-6308a3a92988 b12c0261aabc4148a8d14edbab9a42f1 4faf39b8e0cd4b7f8a7fa5fe4a037441 - - default default] 10.0.0.193 "DELETE /v2.0/security-groups/e27d7dcb-243f-4be8-abe8-6f3215ee4fcb HTTP/1.1" status: 204 len: 168 time: 0.1918402
2026-07-15 06:08:38.371 10 INFO neutron.wsgi [None req-298c4439-dbc5-4383-adbb-532c95dd4fdb b12c0261aabc4148a8d14edbab9a42f1 4faf39b8e0cd4b7f8a7fa5fe4a037441 - - default default] 10.0.0.193 "DELETE /v2.0/security-groups/5ea5be52-a5c6-4106-87de-a108c67a1a9a HTTP/1.1" status: 204 len: 168 time: 0.2203147
2026-07-15 06:08:38.484 10 INFO neutron.db.ovn_revision_numbers_db [None req-1484d320-8479-48a0-afc9-2ad7d4be30e9 b12c0261aabc4148a8d14edbab9a42f1 4faf39b8e0cd4b7f8a7fa5fe4a037441 - - default default] Successfully bumped revision number for resource 29d58058-71c7-4cdb-9f64-09dab65b22cd (type: security_groups) to 1
2026-07-15 06:08:38.498 10 INFO neutron.db.ovn_revision_numbers_db [None req-1484d320-8479-48a0-afc9-2ad7d4be30e9 b12c0261aabc4148a8d14edbab9a42f1 4faf39b8e0cd4b7f8a7fa5fe4a037441 - - default default] Successfully bumped revision number for resource 3829c7a8-1a22-4852-a7dd-29610df9ebb7 (type: security_group_rules) to 0
2026-07-15 06:08:38.516 10 INFO neutron.db.ovn_revision_numbers_db [None req-1484d320-8479-48a0-afc9-2ad7d4be30e9 b12c0261aabc4148a8d14edbab9a42f1 4faf39b8e0cd4b7f8a7fa5fe4a037441 - - default default] Successfully bumped revision number for resource 85d39134-3c4f-4bb5-b22f-9a0b667e2229 (type: security_group_rules) to 0
2026-07-15 06:08:38.528 10 INFO neutron.db.ovn_revision_numbers_db [None req-1484d320-8479-48a0-afc9-2ad7d4be30e9 b12c0261aabc4148a8d14edbab9a42f1 4faf39b8e0cd4b7f8a7fa5fe4a037441 - - default default] Successfully bumped revision number for resource e1736156-c59e-4a08-b4e6-43ce32ecd14a (type: security_group_rules) to 0
2026-07-15 06:08:38.551 10 INFO neutron.db.ovn_revision_numbers_db [None req-1484d320-8479-48a0-afc9-2ad7d4be30e9 b12c0261aabc4148a8d14edbab9a42f1 4faf39b8e0cd4b7f8a7fa5fe4a037441 - - default default] Successfully bumped revision number for resource f3623d0f-7987-4029-afc7-7008007a72bf (type: security_group_rules) to 0
2026-07-15 06:08:38.576 10 INFO neutron.wsgi [None req-9e2639e1-8e63-48f1-80f4-73d577e2bc3d b12c0261aabc4148a8d14edbab9a42f1 4faf39b8e0cd4b7f8a7fa5fe4a037441 - - default default] 10.0.0.193 "GET /v2.0/security-groups?tenant_id=75cfc79b55c44f6eb10f009589d53394&name=default HTTP/1.1" status: 200 len: 2996 time: 0.0430901
2026-07-15 06:08:38.578 10 INFO neutron.wsgi [None req-1484d320-8479-48a0-afc9-2ad7d4be30e9 b12c0261aabc4148a8d14edbab9a42f1 4faf39b8e0cd4b7f8a7fa5fe4a037441 - - default default] 10.0.0.193 "GET /v2.0/security-groups?tenant_id=d3a5766e372e4cb1940e5bdbce51b367&name=default HTTP/1.1" status: 200 len: 2996 time: 0.2219868
2026-07-15 06:08:38.777 9 INFO neutron.wsgi [None req-04319899-1de1-4202-8dbf-168bb46f1f13 b12c0261aabc4148a8d14edbab9a42f1 4faf39b8e0cd4b7f8a7fa5fe4a037441 - - default default] 10.0.0.193 "DELETE /v2.0/security-groups/29d58058-71c7-4cdb-9f64-09dab65b22cd HTTP/1.1" status: 204 len: 168 time: 0.1926966
2026-07-15 06:08:38.782 10 INFO neutron.wsgi [None req-9cfc6c9f-7c0a-4c89-bad5-14f2edfb3546 b12c0261aabc4148a8d14edbab9a42f1 4faf39b8e0cd4b7f8a7fa5fe4a037441 - - default default] 10.0.0.193 "DELETE /v2.0/security-groups/e537b329-1975-47b1-bbd4-dabd17fe37d5 HTTP/1.1" status: 204 len: 168 time: 0.2003503
2026-07-15 06:08:39.541 10 INFO neutron.db.ovn_revision_numbers_db [None req-b55cf227-a845-4fe6-9435-e10d96d78724 65804f4a195b44ec87a6faf29b673642 07ac32286ad345f8a77de9394f75d714 - - default default] Successfully bumped revision number for resource 5c771b28-59df-47db-b3e7-083046ddb491 (type: security_groups) to 1
2026-07-15 06:08:39.555 10 INFO neutron.db.ovn_revision_numbers_db [None req-b55cf227-a845-4fe6-9435-e10d96d78724 65804f4a195b44ec87a6faf29b673642 07ac32286ad345f8a77de9394f75d714 - - default default] Successfully bumped revision number for resource 30e14d84-0e38-4bce-b038-9e0180858432 (type: security_group_rules) to 0
2026-07-15 06:08:39.572 10 INFO neutron.db.ovn_revision_numbers_db [None req-b55cf227-a845-4fe6-9435-e10d96d78724 65804f4a195b44ec87a6faf29b673642 07ac32286ad345f8a77de9394f75d714 - - default default] Successfully bumped revision number for resource 5ec06cee-5c93-4273-b73e-305a2420b080 (type: security_group_rules) to 0
2026-07-15 06:08:39.599 10 INFO neutron.db.ovn_revision_numbers_db [None req-b55cf227-a845-4fe6-9435-e10d96d78724 65804f4a195b44ec87a6faf29b673642 07ac32286ad345f8a77de9394f75d714 - - default default] Successfully bumped revision number for resource ba69c7b3-6a08-4689-be00-fafb6c0fc54a (type: security_group_rules) to 0
2026-07-15 06:08:39.613 10 INFO neutron.db.ovn_revision_numbers_db [None req-b55cf227-a845-4fe6-9435-e10d96d78724 65804f4a195b44ec87a6faf29b673642 07ac32286ad345f8a77de9394f75d714 - - default default] Successfully bumped revision number for resource f58f07ca-aa3d-40ff-8493-dd3ffd48b25d (type: security_group_rules) to 0
2026-07-15 06:08:39.696 10 INFO neutron.db.ovn_revision_numbers_db [None req-b55cf227-a845-4fe6-9435-e10d96d78724 65804f4a195b44ec87a6faf29b673642 07ac32286ad345f8a77de9394f75d714 - - default default] Successfully bumped revision number for resource 0288fc3e-1cf8-4285-9a88-0c98ba781fe0 (type: security_groups) to 1
2026-07-15 06:08:39.711 10 INFO neutron.db.ovn_revision_numbers_db [None req-b55cf227-a845-4fe6-9435-e10d96d78724 65804f4a195b44ec87a6faf29b673642 07ac32286ad345f8a77de9394f75d714 - - default default] Successfully bumped revision number for resource 9b7ce69f-b1d1-4d14-ac5f-e38f5717a1ff (type: security_group_rules) to 0
