2026-07-15 06:07:00.792 10 INFO neutron.db.ovn_revision_numbers_db [None req-c9c2acea-0c0c-4016-8077-e214b209bf9d e8d98166bce44a98a3f578017fdfe17b e0045947fe144a01a98f19fec835be5e - - default default] Successfully bumped revision number for resource 25735ca4-a59b-4b97-867f-7e386d7706db (type: ports) to 1
2026-07-15 06:07:00.856 10 WARNING neutron.scheduler.dhcp_agent_scheduler [None req-c9c2acea-0c0c-4016-8077-e214b209bf9d e8d98166bce44a98a3f578017fdfe17b e0045947fe144a01a98f19fec835be5e - - default default] No more DHCP agents
2026-07-15 06:07:00.857 10 WARNING neutron.api.rpc.agentnotifiers.dhcp_rpc_agent_api [None req-c9c2acea-0c0c-4016-8077-e214b209bf9d e8d98166bce44a98a3f578017fdfe17b e0045947fe144a01a98f19fec835be5e - - default default] Unable to schedule network cf422df8-464d-47b6-9192-02f3ce1bb7fe: no agents available; will retry on subsequent port and subnet creation events.
2026-07-15 06:07:00.916 9 INFO neutron.db.ovn_revision_numbers_db [None req-2052610e-e2e3-4021-9f7b-abd298d398dc - - - - - -] Successfully bumped revision number for resource 25735ca4-a59b-4b97-867f-7e386d7706db (type: ports) to 2
2026-07-15 06:07:01.021 9 INFO neutron.wsgi [None req-cb7d0ed0-9278-4e43-b88f-f50765145c4f b12c0261aabc4148a8d14edbab9a42f1 4faf39b8e0cd4b7f8a7fa5fe4a037441 - - default default] 10.0.0.193 "DELETE /v2.0/security-groups/7a7bd62c-c982-452c-9d3d-7960f1b762a0 HTTP/1.1" status: 204 len: 168 time: 0.2436128
2026-07-15 06:07:01.023 10 INFO neutron.db.ovn_revision_numbers_db [None req-c9c2acea-0c0c-4016-8077-e214b209bf9d e8d98166bce44a98a3f578017fdfe17b e0045947fe144a01a98f19fec835be5e - - default default] Successfully bumped revision number for resource 25735ca4-a59b-4b97-867f-7e386d7706db (type: router_ports) to 2
2026-07-15 06:07:01.025 10 INFO neutron.wsgi [None req-c9c2acea-0c0c-4016-8077-e214b209bf9d e8d98166bce44a98a3f578017fdfe17b e0045947fe144a01a98f19fec835be5e - - default default] 10.0.0.193 "PUT /v2.0/routers/6dda0ff1-b8c7-47ea-bae8-3bbd4d641b03/add_router_interface HTTP/1.1" status: 200 len: 503 time: 1.4225101
2026-07-15 06:07:01.074 10 INFO neutron.wsgi [None req-f93e72b9-18c0-41b0-8dc9-e385db0918d3 e8d98166bce44a98a3f578017fdfe17b e0045947fe144a01a98f19fec835be5e - - default default] 10.0.0.193 "GET /v2.0/ports/25735ca4-a59b-4b97-867f-7e386d7706db HTTP/1.1" status: 200 len: 1137 time: 0.0437300
2026-07-15 06:07:01.510 10 WARNING neutron.scheduler.dhcp_agent_scheduler [None req-34fe0275-7791-4ee9-95ca-cc9bdf00eef7 e8d98166bce44a98a3f578017fdfe17b e0045947fe144a01a98f19fec835be5e - - default default] No more DHCP agents
2026-07-15 06:07:01.511 10 WARNING neutron.api.rpc.agentnotifiers.dhcp_rpc_agent_api [None req-34fe0275-7791-4ee9-95ca-cc9bdf00eef7 e8d98166bce44a98a3f578017fdfe17b e0045947fe144a01a98f19fec835be5e - - default default] Unable to schedule network 5ba8053a-fa68-429a-9305-15c060e8500f: no agents available; will retry on subsequent port and subnet creation events.
2026-07-15 06:07:01.681 10 INFO neutron.db.ovn_revision_numbers_db [None req-34fe0275-7791-4ee9-95ca-cc9bdf00eef7 e8d98166bce44a98a3f578017fdfe17b e0045947fe144a01a98f19fec835be5e - - default default] Successfully bumped revision number for resource 1abea7d7-c3d9-4847-81db-1fbb5489cabd (type: ports) to 1
2026-07-15 06:07:02.039 9 INFO neutron.wsgi [None req-df2a6780-2f29-4fcd-a239-a2547f72d673 13d7b237c8cf4e9e943a106edb289c1b 400cd98067fe4e7683279f092d252811 - - default default] 10.0.0.104 "GET /v2.0/extensions HTTP/1.1" status: 200 len: 16525 time: 0.2233024
2026-07-15 06:07:02.140 9 INFO neutron.wsgi [None req-5449047a-54c4-4224-8d94-23249b4726a4 13d7b237c8cf4e9e943a106edb289c1b 400cd98067fe4e7683279f092d252811 - - default default] 10.0.0.104 "GET /v2.0/quotas/400cd98067fe4e7683279f092d252811/details HTTP/1.1" status: 200 len: 756 time: 0.0832934
2026-07-15 06:07:02.407 10 INFO neutron.db.ovn_revision_numbers_db [None req-34fe0275-7791-4ee9-95ca-cc9bdf00eef7 e8d98166bce44a98a3f578017fdfe17b e0045947fe144a01a98f19fec835be5e - - default default] Successfully bumped revision number for resource 1abea7d7-c3d9-4847-81db-1fbb5489cabd (type: router_ports) to 1
2026-07-15 06:07:02.572 10 INFO neutron.db.ovn_revision_numbers_db [None req-34fe0275-7791-4ee9-95ca-cc9bdf00eef7 e8d98166bce44a98a3f578017fdfe17b e0045947fe144a01a98f19fec835be5e - - default default] Successfully bumped revision number for resource 1abea7d7-c3d9-4847-81db-1fbb5489cabd (type: ports) to 1
2026-07-15 06:07:02.637 10 WARNING neutron.scheduler.dhcp_agent_scheduler [None req-34fe0275-7791-4ee9-95ca-cc9bdf00eef7 e8d98166bce44a98a3f578017fdfe17b e0045947fe144a01a98f19fec835be5e - - default default] No more DHCP agents
2026-07-15 06:07:02.638 10 WARNING neutron.api.rpc.agentnotifiers.dhcp_rpc_agent_api [None req-34fe0275-7791-4ee9-95ca-cc9bdf00eef7 e8d98166bce44a98a3f578017fdfe17b e0045947fe144a01a98f19fec835be5e - - default default] Unable to schedule network 5ba8053a-fa68-429a-9305-15c060e8500f: no agents available; will retry on subsequent port and subnet creation events.
2026-07-15 06:07:02.806 10 INFO neutron.db.ovn_revision_numbers_db [None req-34fe0275-7791-4ee9-95ca-cc9bdf00eef7 e8d98166bce44a98a3f578017fdfe17b e0045947fe144a01a98f19fec835be5e - - default default] Successfully bumped revision number for resource 1abea7d7-c3d9-4847-81db-1fbb5489cabd (type: router_ports) to 1
2026-07-15 06:07:02.809 10 INFO neutron.wsgi [None req-34fe0275-7791-4ee9-95ca-cc9bdf00eef7 e8d98166bce44a98a3f578017fdfe17b e0045947fe144a01a98f19fec835be5e - - default default] 10.0.0.193 "PUT /v2.0/routers/6dda0ff1-b8c7-47ea-bae8-3bbd4d641b03/add_router_interface HTTP/1.1" status: 200 len: 503 time: 1.7295232
2026-07-15 06:07:02.844 10 INFO neutron.wsgi [None req-e549baeb-ff32-41c4-950f-0339894390f0 e8d98166bce44a98a3f578017fdfe17b e0045947fe144a01a98f19fec835be5e - - default default] 10.0.0.193 "GET /v2.0/ports/1abea7d7-c3d9-4847-81db-1fbb5489cabd HTTP/1.1" status: 200 len: 1135 time: 0.0290627
2026-07-15 06:07:02.878 10 INFO neutron.wsgi [None req-cb76b6f0-d7dd-4927-9ecc-16ad1668ffca e8d98166bce44a98a3f578017fdfe17b e0045947fe144a01a98f19fec835be5e - - default default] 10.0.0.193 "GET /v2.0/ports/1abea7d7-c3d9-4847-81db-1fbb5489cabd HTTP/1.1" status: 200 len: 1135 time: 0.0295811
2026-07-15 06:07:03.007 9 INFO neutron.db.ovn_revision_numbers_db [None req-5ed5c95d-dc8d-44f0-bc83-f3c6c9579026 b12c0261aabc4148a8d14edbab9a42f1 4faf39b8e0cd4b7f8a7fa5fe4a037441 - - default default] Successfully bumped revision number for resource 4b3ae2a6-4b18-4770-be51-101de7228261 (type: security_groups) to 1
2026-07-15 06:07:03.016 9 INFO neutron.db.ovn_revision_numbers_db [None req-27f9d434-f459-4667-a95e-4aab9b644a94 f7a9e9e9b1e54ec69e56abfeb190334d ed2e6f7767f14e95b971ea88a6d81a82 - - default default] Successfully bumped revision number for resource a07ce040-3f7b-4ad7-b371-c80764e8bb43 (type: security_groups) to 1
2026-07-15 06:07:03.020 9 INFO neutron.db.ovn_revision_numbers_db [None req-5ed5c95d-dc8d-44f0-bc83-f3c6c9579026 b12c0261aabc4148a8d14edbab9a42f1 4faf39b8e0cd4b7f8a7fa5fe4a037441 - - default default] Successfully bumped revision number for resource 12e7f8a0-cfbc-4eba-bb20-b791d5134671 (type: security_group_rules) to 0
2026-07-15 06:07:03.028 9 INFO neutron.db.ovn_revision_numbers_db [None req-27f9d434-f459-4667-a95e-4aab9b644a94 f7a9e9e9b1e54ec69e56abfeb190334d ed2e6f7767f14e95b971ea88a6d81a82 - - default default] Successfully bumped revision number for resource 0e728f7d-9646-4401-b056-ace295b09aa1 (type: security_group_rules) to 0
2026-07-15 06:07:03.035 9 INFO neutron.db.ovn_revision_numbers_db [None req-5ed5c95d-dc8d-44f0-bc83-f3c6c9579026 b12c0261aabc4148a8d14edbab9a42f1 4faf39b8e0cd4b7f8a7fa5fe4a037441 - - default default] Successfully bumped revision number for resource 939bd4cb-82da-4aa5-93a0-f5235c9c2a1e (type: security_group_rules) to 0
2026-07-15 06:07:03.041 9 INFO neutron.db.ovn_revision_numbers_db [None req-27f9d434-f459-4667-a95e-4aab9b644a94 f7a9e9e9b1e54ec69e56abfeb190334d ed2e6f7767f14e95b971ea88a6d81a82 - - default default] Successfully bumped revision number for resource 8882d948-0792-4cfb-9bb8-cac43cec0fca (type: security_group_rules) to 0
2026-07-15 06:07:03.048 9 INFO neutron.db.ovn_revision_numbers_db [None req-5ed5c95d-dc8d-44f0-bc83-f3c6c9579026 b12c0261aabc4148a8d14edbab9a42f1 4faf39b8e0cd4b7f8a7fa5fe4a037441 - - default default] Successfully bumped revision number for resource 9520f6dc-17ab-4829-ae23-44ddacf18ee2 (type: security_group_rules) to 0
2026-07-15 06:07:03.057 9 INFO neutron.db.ovn_revision_numbers_db [None req-27f9d434-f459-4667-a95e-4aab9b644a94 f7a9e9e9b1e54ec69e56abfeb190334d ed2e6f7767f14e95b971ea88a6d81a82 - - default default] Successfully bumped revision number for resource 944858ed-e99b-4263-a942-2ba845301ecf (type: security_group_rules) to 0
2026-07-15 06:07:03.063 9 INFO neutron.db.ovn_revision_numbers_db [None req-5ed5c95d-dc8d-44f0-bc83-f3c6c9579026 b12c0261aabc4148a8d14edbab9a42f1 4faf39b8e0cd4b7f8a7fa5fe4a037441 - - default default] Successfully bumped revision number for resource ef7c923b-078e-4ac3-8e97-564768242c85 (type: security_group_rules) to 0
2026-07-15 06:07:03.086 9 INFO neutron.db.ovn_revision_numbers_db [None req-27f9d434-f459-4667-a95e-4aab9b644a94 f7a9e9e9b1e54ec69e56abfeb190334d ed2e6f7767f14e95b971ea88a6d81a82 - - default default] Successfully bumped revision number for resource c25362d4-4450-433d-8fb5-9492140b0317 (type: security_group_rules) to 0
2026-07-15 06:07:03.090 9 INFO neutron.wsgi [None req-5ed5c95d-dc8d-44f0-bc83-f3c6c9579026 b12c0261aabc4148a8d14edbab9a42f1 4faf39b8e0cd4b7f8a7fa5fe4a037441 - - default default] 10.0.0.193 "GET /v2.0/security-groups?tenant_id=04225b82a7ba48c3a245c123c21555ed&name=default HTTP/1.1" status: 200 len: 2996 time: 0.3213449
2026-07-15 06:07:03.200 9 INFO neutron.db.ovn_revision_numbers_db [None req-27f9d434-f459-4667-a95e-4aab9b644a94 f7a9e9e9b1e54ec69e56abfeb190334d ed2e6f7767f14e95b971ea88a6d81a82 - - default default] Successfully bumped revision number for resource 82d52dae-4bd6-4e2f-9856-20ecc642fcc8 (type: security_groups) to 1
2026-07-15 06:07:03.219 9 INFO neutron.db.ovn_revision_numbers_db [None req-27f9d434-f459-4667-a95e-4aab9b644a94 f7a9e9e9b1e54ec69e56abfeb190334d ed2e6f7767f14e95b971ea88a6d81a82 - - default default] Successfully bumped revision number for resource e4335cbd-08a9-44f5-b60e-2c1efc682556 (type: security_group_rules) to 0
2026-07-15 06:07:03.234 9 INFO neutron.db.ovn_revision_numbers_db [None req-27f9d434-f459-4667-a95e-4aab9b644a94 f7a9e9e9b1e54ec69e56abfeb190334d ed2e6f7767f14e95b971ea88a6d81a82 - - default default] Successfully bumped revision number for resource fec78f90-d431-4354-aaa6-a4a00f48ef48 (type: security_group_rules) to 0
2026-07-15 06:07:03.269 9 INFO neutron.wsgi [None req-27f9d434-f459-4667-a95e-4aab9b644a94 f7a9e9e9b1e54ec69e56abfeb190334d ed2e6f7767f14e95b971ea88a6d81a82 - - default default] 10.0.0.193 "POST /v2.0/security-groups HTTP/1.1" status: 201 len: 1761 time: 0.5133610
2026-07-15 06:07:03.312 10 INFO neutron.wsgi [None req-30b53e0a-6e24-4bda-8120-42fb4a6af389 f7a9e9e9b1e54ec69e56abfeb190334d ed2e6f7767f14e95b971ea88a6d81a82 - - default default] 10.0.0.193 "GET /v2.0/security-groups HTTP/1.1" status: 200 len: 4539 time: 0.0389731
2026-07-15 06:07:03.361 10 INFO neutron.wsgi [None req-90619665-1259-4714-ad63-2c42f44dfe34 b12c0261aabc4148a8d14edbab9a42f1 4faf39b8e0cd4b7f8a7fa5fe4a037441 - - default default] 10.0.0.193 "DELETE /v2.0/security-groups/4b3ae2a6-4b18-4770-be51-101de7228261 HTTP/1.1" status: 204 len: 168 time: 0.2652392
2026-07-15 06:07:03.414 9 INFO neutron.db.ovn_revision_numbers_db [None req-2dace16d-ea50-4810-870e-5795b75bc0b6 f7a9e9e9b1e54ec69e56abfeb190334d ed2e6f7767f14e95b971ea88a6d81a82 - - default default] Successfully bumped revision number for resource 82d52dae-4bd6-4e2f-9856-20ecc642fcc8 (type: security_groups) to 2
2026-07-15 06:07:03.417 9 INFO neutron.wsgi [None req-2dace16d-ea50-4810-870e-5795b75bc0b6 f7a9e9e9b1e54ec69e56abfeb190334d ed2e6f7767f14e95b971ea88a6d81a82 - - default default] 10.0.0.193 "PUT /v2.0/security-groups/82d52dae-4bd6-4e2f-9856-20ecc642fcc8 HTTP/1.1" status: 200 len: 1795 time: 0.0998881
2026-07-15 06:07:03.453 10 INFO neutron.wsgi [None req-49fbe004-b0bc-4233-83aa-0a5830cfed2a f7a9e9e9b1e54ec69e56abfeb190334d ed2e6f7767f14e95b971ea88a6d81a82 - - default default] 10.0.0.193 "GET /v2.0/security-groups/82d52dae-4bd6-4e2f-9856-20ecc642fcc8 HTTP/1.1" status: 200 len: 1795 time: 0.0304081
2026-07-15 06:07:03.589 10 INFO neutron.wsgi [None req-8f7ea5a9-b1c0-4f8c-a7d2-2519e1687742 f7a9e9e9b1e54ec69e56abfeb190334d ed2e6f7767f14e95b971ea88a6d81a82 - - default default] 10.0.0.193 "DELETE /v2.0/security-groups/82d52dae-4bd6-4e2f-9856-20ecc642fcc8 HTTP/1.1" status: 204 len: 168 time: 0.1304214
2026-07-15 06:07:03.624 10 INFO neutron.wsgi [None req-82aef76c-5c96-436e-a037-1425c1daf531 f7a9e9e9b1e54ec69e56abfeb190334d ed2e6f7767f14e95b971ea88a6d81a82 - - default default] 10.0.0.193 "GET /v2.0/security-groups HTTP/1.1" status: 200 len: 2996 time: 0.0291386
2026-07-15 06:07:03.638 10 INFO neutron.api.v2.resource [None req-7cfe0377-1473-4f83-8098-5080a423ddda f7a9e9e9b1e54ec69e56abfeb190334d ed2e6f7767f14e95b971ea88a6d81a82 - - default default] delete failed (client error): The resource could not be found.
2026-07-15 06:07:03.639 10 INFO neutron.wsgi [None req-7cfe0377-1473-4f83-8098-5080a423ddda f7a9e9e9b1e54ec69e56abfeb190334d ed2e6f7767f14e95b971ea88a6d81a82 - - default default] 10.0.0.193 "DELETE /v2.0/security-groups/82d52dae-4bd6-4e2f-9856-20ecc642fcc8 HTTP/1.1" status: 404 len: 347 time: 0.0100827
2026-07-15 06:07:03.745 10 INFO neutron.db.ovn_revision_numbers_db [None req-d9ae1da7-a501-4213-a14f-8bf2c5f5208a f7a9e9e9b1e54ec69e56abfeb190334d ed2e6f7767f14e95b971ea88a6d81a82 - - default default] Successfully bumped revision number for resource 1caed82a-322f-4444-9218-754be0ea6b54 (type: security_groups) to 1
2026-07-15 06:07:03.758 10 INFO neutron.db.ovn_revision_numbers_db [None req-d9ae1da7-a501-4213-a14f-8bf2c5f5208a f7a9e9e9b1e54ec69e56abfeb190334d ed2e6f7767f14e95b971ea88a6d81a82 - - default default] Successfully bumped revision number for resource 6f08388b-d6c7-4efe-9183-ae71366cd794 (type: security_group_rules) to 0
2026-07-15 06:07:03.770 10 INFO neutron.db.ovn_revision_numbers_db [None req-d9ae1da7-a501-4213-a14f-8bf2c5f5208a f7a9e9e9b1e54ec69e56abfeb190334d ed2e6f7767f14e95b971ea88a6d81a82 - - default default] Successfully bumped revision number for resource 81ba5cba-4dda-4f2a-99e6-056f024130c1 (type: security_group_rules) to 0
2026-07-15 06:07:03.788 10 INFO neutron.wsgi [None req-d9ae1da7-a501-4213-a14f-8bf2c5f5208a f7a9e9e9b1e54ec69e56abfeb190334d ed2e6f7767f14e95b971ea88a6d81a82 - - default default] 10.0.0.193 "POST /v2.0/security-groups HTTP/1.1" status: 201 len: 1761 time: 0.1432879
2026-07-15 06:07:03.878 10 INFO neutron.db.ovn_revision_numbers_db [None req-51c6f586-fdc5-477a-8c78-314ca33469c1 f7a9e9e9b1e54ec69e56abfeb190334d ed2e6f7767f14e95b971ea88a6d81a82 - - default default] Successfully bumped revision number for resource ca88366b-5744-4e14-b23b-ea3db52d0337 (type: security_group_rules) to 0
2026-07-15 06:07:03.901 10 INFO neutron.wsgi [None req-51c6f586-fdc5-477a-8c78-314ca33469c1 f7a9e9e9b1e54ec69e56abfeb190334d ed2e6f7767f14e95b971ea88a6d81a82 - - default default] 10.0.0.193 "POST /v2.0/security-group-rules HTTP/1.1" status: 201 len: 768 time: 0.1079981
2026-07-15 06:07:03.920 10 INFO neutron.wsgi [None req-f726eaea-f5d6-4cbb-a648-4f953e34f7e0 f7a9e9e9b1e54ec69e56abfeb190334d ed2e6f7767f14e95b971ea88a6d81a82 - - default default] 10.0.0.193 "GET /v2.0/security-group-rules/ca88366b-5744-4e14-b23b-ea3db52d0337 HTTP/1.1" status: 200 len: 763 time: 0.0137670
2026-07-15 06:07:03.957 10 INFO neutron.wsgi [None req-c686392f-1339-420c-be5f-c9b7ce15c993 f7a9e9e9b1e54ec69e56abfeb190334d ed2e6f7767f14e95b971ea88a6d81a82 - - default default] 10.0.0.193 "GET /v2.0/security-group-rules HTTP/1.1" status: 200 len: 4113 time: 0.0323675
2026-07-15 06:07:03.996 9 INFO neutron.wsgi [None req-ae677b0e-7db5-4aa6-852f-5fdadb5447b7 e8d98166bce44a98a3f578017fdfe17b e0045947fe144a01a98f19fec835be5e - - default default] 10.0.0.193 "GET /v2.0/ports/1abea7d7-c3d9-4847-81db-1fbb5489cabd HTTP/1.1" status: 200 len: 1135 time: 0.1106205
2026-07-15 06:07:04.058 10 INFO neutron.wsgi [None req-b1677bf2-d71e-4129-8257-814b398a54b7 f7a9e9e9b1e54ec69e56abfeb190334d ed2e6f7767f14e95b971ea88a6d81a82 - - default default] 10.0.0.193 "DELETE /v2.0/security-group-rules/ca88366b-5744-4e14-b23b-ea3db52d0337 HTTP/1.1" status: 204 len: 168 time: 0.0973749
2026-07-15 06:07:04.099 10 INFO neutron.wsgi [None req-7fdf6912-e002-49c4-87c6-bffc614863e9 f7a9e9e9b1e54ec69e56abfeb190334d ed2e6f7767f14e95b971ea88a6d81a82 - - default default] 10.0.0.193 "GET /v2.0/security-group-rules HTTP/1.1" status: 200 len: 3567 time: 0.0357203
2026-07-15 06:07:04.225 10 INFO neutron.db.ovn_revision_numbers_db [None req-88bdb47a-02df-48e6-8b5f-222d9e252ceb f7a9e9e9b1e54ec69e56abfeb190334d ed2e6f7767f14e95b971ea88a6d81a82 - - default default] Successfully bumped revision number for resource 3ae33432-28c3-4031-be6c-dc80f16a7a7a (type: security_group_rules) to 0
2026-07-15 06:07:04.252 10 INFO neutron.wsgi [None req-88bdb47a-02df-48e6-8b5f-222d9e252ceb f7a9e9e9b1e54ec69e56abfeb190334d ed2e6f7767f14e95b971ea88a6d81a82 - - default default] 10.0.0.193 "POST /v2.0/security-group-rules HTTP/1.1" status: 201 len: 768 time: 0.1474297
2026-07-15 06:07:04.271 10 INFO neutron.wsgi [None req-32c21d3c-fa7a-4b6e-bbc6-81b90afc5741 f7a9e9e9b1e54ec69e56abfeb190334d ed2e6f7767f14e95b971ea88a6d81a82 - - default default] 10.0.0.193 "GET /v2.0/security-group-rules/3ae33432-28c3-4031-be6c-dc80f16a7a7a HTTP/1.1" status: 200 len: 763 time: 0.0152845
2026-07-15 06:07:04.340 10 INFO neutron.wsgi [None req-6ea3abbd-87db-4e06-a80f-89cc88bf4609 f7a9e9e9b1e54ec69e56abfeb190334d ed2e6f7767f14e95b971ea88a6d81a82 - - default default] 10.0.0.193 "GET /v2.0/security-group-rules HTTP/1.1" status: 200 len: 4113 time: 0.0593593
2026-07-15 06:07:04.460 10 INFO neutron.wsgi [None req-f75c7054-7319-4861-b250-688af7fcb23e f7a9e9e9b1e54ec69e56abfeb190334d ed2e6f7767f14e95b971ea88a6d81a82 - - default default] 10.0.0.193 "DELETE /v2.0/security-group-rules/3ae33432-28c3-4031-be6c-dc80f16a7a7a HTTP/1.1" status: 204 len: 168 time: 0.1158564
2026-07-15 06:07:04.524 10 INFO neutron.wsgi [None req-f12260a1-0074-489b-90cd-91ba9ecb0e97 f7a9e9e9b1e54ec69e56abfeb190334d ed2e6f7767f14e95b971ea88a6d81a82 - - default default] 10.0.0.193 "GET /v2.0/security-group-rules HTTP/1.1" status: 200 len: 3567 time: 0.0518348
2026-07-15 06:07:04.550 10 INFO neutron.db.securitygroups_db [None req-613a8701-1d02-4363-b858-7646df125224 f7a9e9e9b1e54ec69e56abfeb190334d ed2e6f7767f14e95b971ea88a6d81a82 - - default default] Project ed2e6f7767f14e95b971ea88a6d81a82 added a security group rule with legacy IPv6 ICMP protocol name icmp, ipv6-icmp should be used instead. It was automatically converted.
2026-07-15 06:07:04.605 9 INFO neutron.wsgi [None req-a8723beb-4b24-45f2-b2c6-246bf2692e15 13d7b237c8cf4e9e943a106edb289c1b 400cd98067fe4e7683279f092d252811 - - default default] 10.0.0.104 "GET /v2.0/extensions HTTP/1.1" status: 200 len: 16525 time: 0.0058088
2026-07-15 06:07:04.660 10 INFO neutron.db.ovn_revision_numbers_db [None req-613a8701-1d02-4363-b858-7646df125224 f7a9e9e9b1e54ec69e56abfeb190334d ed2e6f7767f14e95b971ea88a6d81a82 - - default default] Successfully bumped revision number for resource e1dd2e8c-89c3-4717-a3c3-42ea3a6a0116 (type: security_group_rules) to 0
2026-07-15 06:07:04.689 10 INFO neutron.wsgi [None req-613a8701-1d02-4363-b858-7646df125224 f7a9e9e9b1e54ec69e56abfeb190334d ed2e6f7767f14e95b971ea88a6d81a82 - - default default] 10.0.0.193 "POST /v2.0/security-group-rules HTTP/1.1" status: 201 len: 774 time: 0.1619952
2026-07-15 06:07:04.707 9 INFO neutron.wsgi [None req-fecf87eb-84ef-4955-9f67-d14df9df015d 13d7b237c8cf4e9e943a106edb289c1b 400cd98067fe4e7683279f092d252811 - - default default] 10.0.0.104 "GET /v2.0/quotas/400cd98067fe4e7683279f092d252811/details HTTP/1.1" status: 200 len: 756 time: 0.0849574
2026-07-15 06:07:04.709 10 INFO neutron.wsgi [None req-a796d747-ef20-4117-afe5-b8e1121edd08 f7a9e9e9b1e54ec69e56abfeb190334d ed2e6f7767f14e95b971ea88a6d81a82 - - default default] 10.0.0.193 "GET /v2.0/security-group-rules/e1dd2e8c-89c3-4717-a3c3-42ea3a6a0116 HTTP/1.1" status: 200 len: 769 time: 0.0141649
2026-07-15 06:07:04.749 10 INFO neutron.wsgi [None req-3bda7fe5-5424-4cc3-9cde-1c32c0ef3c43 f7a9e9e9b1e54ec69e56abfeb190334d ed2e6f7767f14e95b971ea88a6d81a82 - - default default] 10.0.0.193 "GET /v2.0/security-group-rules HTTP/1.1" status: 200 len: 4119 time: 0.0334728
2026-07-15 06:07:04.860 10 INFO neutron.wsgi [None req-826f0239-c84f-4302-9b0d-143d71757fc5 f7a9e9e9b1e54ec69e56abfeb190334d ed2e6f7767f14e95b971ea88a6d81a82 - - default default] 10.0.0.193 "DELETE /v2.0/security-group-rules/e1dd2e8c-89c3-4717-a3c3-42ea3a6a0116 HTTP/1.1" status: 204 len: 168 time: 0.1067355
2026-07-15 06:07:04.890 10 INFO neutron.wsgi [None req-cfc34e8f-04c4-4f5c-9355-65fda3a2df6a f7a9e9e9b1e54ec69e56abfeb190334d ed2e6f7767f14e95b971ea88a6d81a82 - - default default] 10.0.0.193 "GET /v2.0/security-group-rules HTTP/1.1" status: 200 len: 3567 time: 0.0266612
2026-07-15 06:07:04.979 10 INFO neutron.wsgi [None req-a7f53e47-56da-417d-ab91-468fec81a7c6 f7a9e9e9b1e54ec69e56abfeb190334d ed2e6f7767f14e95b971ea88a6d81a82 - - default default] 10.0.0.193 "DELETE /v2.0/security-groups/1caed82a-322f-4444-9218-754be0ea6b54 HTTP/1.1" status: 204 len: 168 time: 0.0846639
2026-07-15 06:07:05.019 9 INFO neutron.wsgi [None req-1a3af4bd-0a0b-45b8-8d56-43e21d60c15d f7a9e9e9b1e54ec69e56abfeb190334d ed2e6f7767f14e95b971ea88a6d81a82 - - default default] 10.0.0.193 "GET /v2.0/security-groups HTTP/1.1" status: 200 len: 2996 time: 0.0343757
2026-07-15 06:07:05.078 10 INFO neutron.wsgi [None req-942b1a75-d2a7-4154-bedb-7a5bdc8fb43e e8d98166bce44a98a3f578017fdfe17b e0045947fe144a01a98f19fec835be5e - - default default] 10.0.0.193 "GET /v2.0/ports/1abea7d7-c3d9-4847-81db-1fbb5489cabd HTTP/1.1" status: 200 len: 1135 time: 0.0766537
2026-07-15 06:07:05.084 9 INFO neutron.wsgi [None req-504f0db1-977e-46a5-9170-5f46803ac9f8 f7a9e9e9b1e54ec69e56abfeb190334d ed2e6f7767f14e95b971ea88a6d81a82 - - default default] 10.0.0.193 "GET /v2.0/security-groups HTTP/1.1" status: 200 len: 2996 time: 0.0576243
2026-07-15 06:07:05.535 9 WARNING neutron.plugins.ml2.drivers.ovn.mech_driver.ovsdb.ovn_client [None req-2052610e-e2e3-4021-9f7b-abd298d398dc - - - - - -] No hosting information found for port 25735ca4-a59b-4b97-867f-7e386d7706db: RuntimeError: No hosting information found for port 25735ca4-a59b-4b97-867f-7e386d7706db
2026-07-15 06:07:05.535 9 INFO neutron.plugins.ml2.drivers.ovn.mech_driver.mech_driver [None req-2052610e-e2e3-4021-9f7b-abd298d398dc - - - - - -] OVN reports status up for port: 1abea7d7-c3d9-4847-81db-1fbb5489cabd
2026-07-15 06:07:05.546 9 INFO neutron.plugins.ml2.plugin [None req-2052610e-e2e3-4021-9f7b-abd298d398dc - - - - - -] Attempt 1 to provision port 1abea7d7-c3d9-4847-81db-1fbb5489cabd
2026-07-15 06:07:05.753 10 INFO neutron.wsgi [None req-c949732b-7523-48d1-8074-7e8b8acaf9ef b12c0261aabc4148a8d14edbab9a42f1 4faf39b8e0cd4b7f8a7fa5fe4a037441 - - default default] 10.0.0.193 "GET /v2.0/security-groups?tenant_id=ed2e6f7767f14e95b971ea88a6d81a82&name=default HTTP/1.1" status: 200 len: 2996 time: 0.1589763
2026-07-15 06:07:05.928 9 INFO neutron.db.ovn_revision_numbers_db [None req-2052610e-e2e3-4021-9f7b-abd298d398dc - - - - - -] Successfully bumped revision number for resource 1abea7d7-c3d9-4847-81db-1fbb5489cabd (type: ports) to 2
2026-07-15 06:07:06.037 9 INFO neutron.wsgi [None req-d330b7ac-8571-4e15-8574-7ef18febd601 b12c0261aabc4148a8d14edbab9a42f1 4faf39b8e0cd4b7f8a7fa5fe4a037441 - - default default] 10.0.0.193 "DELETE /v2.0/security-groups/a07ce040-3f7b-4ad7-b371-c80764e8bb43 HTTP/1.1" status: 204 len: 168 time: 0.2729025
2026-07-15 06:07:06.090 10 INFO neutron.wsgi [-] 10.0.0.240 "GET / HTTP/1.1" status: 200 len: 246 time: 0.0026989
2026-07-15 06:07:06.094 9 INFO neutron.wsgi [-] 10.0.0.240 "GET / HTTP/1.1" status: 200 len: 246 time: 0.0013006
2026-07-15 06:07:06.106 9 INFO neutron.db.ovn_revision_numbers_db [None req-2052610e-e2e3-4021-9f7b-abd298d398dc - - - - - -] Successfully bumped revision number for resource 1abea7d7-c3d9-4847-81db-1fbb5489cabd (type: router_ports) to 2
2026-07-15 06:07:06.124 9 INFO neutron.wsgi [None req-a7e34e23-366e-4d76-9a8f-1f838d524b49 e8d98166bce44a98a3f578017fdfe17b e0045947fe144a01a98f19fec835be5e - - default default] 10.0.0.193 "GET /v2.0/ports/1abea7d7-c3d9-4847-81db-1fbb5489cabd HTTP/1.1" status: 200 len: 1137 time: 0.0397260
2026-07-15 06:07:06.856 10 INFO neutron.wsgi [None req-a746abd2-da45-493a-9816-31fae120613f e8d98166bce44a98a3f578017fdfe17b e0045947fe144a01a98f19fec835be5e - - default default] 10.0.0.193 "PUT /v2.0/routers/6dda0ff1-b8c7-47ea-bae8-3bbd4d641b03/remove_router_interface HTTP/1.1" status: 200 len: 503 time: 0.7240293
2026-07-15 06:07:06.955 9 INFO neutron.wsgi [None req-6375eaee-4e3c-4fc4-814c-b38e05e7fe49 e8d98166bce44a98a3f578017fdfe17b e0045947fe144a01a98f19fec835be5e - - default default] 10.0.0.193 "GET /v2.0/ports/25735ca4-a59b-4b97-867f-7e386d7706db HTTP/1.1" status: 200 len: 1137 time: 0.0931947 /var/lib/openstack/lib/python3.10/site-packages/pycadf/identifier.py:71: UserWarning: Invalid uuid: neutron. To ensure interoperability, identifiers should be a valid uuid. warnings.warn(('Invalid uuid: %s. To ensure interoperability, '
2026-07-15 06:07:07.467 10 INFO neutron.db.ovn_revision_numbers_db [None req-7cdc64da-1711-451b-a384-48838b406b21 b12c0261aabc4148a8d14edbab9a42f1 4faf39b8e0cd4b7f8a7fa5fe4a037441 - - default default] Successfully bumped revision number for resource 20e13ceb-f7d2-4f65-b203-72791da9056d (type: security_groups) to 1
2026-07-15 06:07:07.489 10 INFO neutron.db.ovn_revision_numbers_db [None req-7cdc64da-1711-451b-a384-48838b406b21 b12c0261aabc4148a8d14edbab9a42f1 4faf39b8e0cd4b7f8a7fa5fe4a037441 - - default default] Successfully bumped revision number for resource 57d7fb84-f6a9-4b95-9a36-08c9b0412cac (type: security_group_rules) to 0
2026-07-15 06:07:07.505 10 INFO neutron.db.ovn_revision_numbers_db [None req-7cdc64da-1711-451b-a384-48838b406b21 b12c0261aabc4148a8d14edbab9a42f1 4faf39b8e0cd4b7f8a7fa5fe4a037441 - - default default] Successfully bumped revision number for resource a5542968-452f-4943-81e1-bee4ed529e6d (type: security_group_rules) to 0
2026-07-15 06:07:07.523 10 INFO neutron.db.ovn_revision_numbers_db [None req-7cdc64da-1711-451b-a384-48838b406b21 b12c0261aabc4148a8d14edbab9a42f1 4faf39b8e0cd4b7f8a7fa5fe4a037441 - - default default] Successfully bumped revision number for resource aab74b95-ffc4-440a-930a-7473c8fd5d5a (type: security_group_rules) to 0
2026-07-15 06:07:07.546 10 INFO neutron.db.ovn_revision_numbers_db [None req-7cdc64da-1711-451b-a384-48838b406b21 b12c0261aabc4148a8d14edbab9a42f1 4faf39b8e0cd4b7f8a7fa5fe4a037441 - - default default] Successfully bumped revision number for resource eba63079-387c-49ad-9bee-24845eb45512 (type: security_group_rules) to 0
2026-07-15 06:07:07.569 10 INFO neutron.wsgi [None req-7cdc64da-1711-451b-a384-48838b406b21 b12c0261aabc4148a8d14edbab9a42f1 4faf39b8e0cd4b7f8a7fa5fe4a037441 - - default default] 10.0.0.193 "GET /v2.0/security-groups?tenant_id=400cd98067fe4e7683279f092d252811&name=default HTTP/1.1" status: 200 len: 2996 time: 0.4385798
2026-07-15 06:07:07.684 9 INFO neutron.wsgi [None req-aa8b744d-9d2c-4783-8d03-aa30525676f7 e8d98166bce44a98a3f578017fdfe17b e0045947fe144a01a98f19fec835be5e - - default default] 10.0.0.193 "PUT /v2.0/routers/6dda0ff1-b8c7-47ea-bae8-3bbd4d641b03/remove_router_interface HTTP/1.1" status: 200 len: 503 time: 0.7249181
2026-07-15 06:07:07.708 10 INFO neutron.wsgi [None req-b38654f4-3645-4424-947c-80ab31ceb981 e8d98166bce44a98a3f578017fdfe17b e0045947fe144a01a98f19fec835be5e - - default default] 10.0.0.193 "GET /v2.0/ports?device_id=6dda0ff1-b8c7-47ea-bae8-3bbd4d641b03 HTTP/1.1" status: 200 len: 205 time: 0.0185256
2026-07-15 06:07:07.839 10 INFO neutron.wsgi [None req-944d0a67-7e0c-4a80-bae2-740de82561b4 b12c0261aabc4148a8d14edbab9a42f1 4faf39b8e0cd4b7f8a7fa5fe4a037441 - - default default] 10.0.0.193 "DELETE /v2.0/security-groups/20e13ceb-f7d2-4f65-b203-72791da9056d HTTP/1.1" status: 204 len: 168 time: 0.2648036
2026-07-15 06:07:07.915 10 INFO neutron.wsgi [None req-daf3993d-573c-4c11-8e9b-764941f0ac2a e8d98166bce44a98a3f578017fdfe17b e0045947fe144a01a98f19fec835be5e - - default default] 10.0.0.193 "DELETE /v2.0/routers/6dda0ff1-b8c7-47ea-bae8-3bbd4d641b03 HTTP/1.1" status: 204 len: 168 time: 0.2029660 /var/lib/openstack/lib/python3.10/site-packages/pycadf/identifier.py:71: UserWarning: Invalid uuid: neutron. To ensure interoperability, identifiers should be a valid uuid. warnings.warn(('Invalid uuid: %s. To ensure interoperability, '
2026-07-15 06:07:07.997 9 INFO neutron.wsgi [None req-509caf0f-d101-4a54-956e-64df9d5a6ec3 022d4b733e524032a8a1245dec68a9d0 e5d111882f0b4520925311f96fd5237b - - default default] 10.0.0.193 "POST /v2.0/subnetpools HTTP/1.1" status: 201 len: 715 time: 0.1924808
2026-07-15 06:07:08.069 9 INFO neutron.wsgi [None req-ec0a03a8-8f35-47a6-aa2a-f7d42e19b416 022d4b733e524032a8a1245dec68a9d0 e5d111882f0b4520925311f96fd5237b - - default default] 10.0.0.193 "POST /v2.0/subnetpools HTTP/1.1" status: 201 len: 715 time: 0.0665557
2026-07-15 06:07:08.124 10 INFO neutron.wsgi [None req-0efaf348-5a86-4475-b318-94c0343fe027 e8d98166bce44a98a3f578017fdfe17b e0045947fe144a01a98f19fec835be5e - - default default] 10.0.0.193 "DELETE /v2.0/subnets/445eedda-34c6-4fc8-8715-9226cd0fd211 HTTP/1.1" status: 204 len: 168 time: 0.2032673
2026-07-15 06:07:08.143 10 INFO neutron.wsgi [None req-63211ffb-e3f5-44af-9cc9-607792f091c0 022d4b733e524032a8a1245dec68a9d0 e5d111882f0b4520925311f96fd5237b - - default default] 10.0.0.193 "POST /v2.0/subnetpools HTTP/1.1" status: 201 len: 715 time: 0.0673108
2026-07-15 06:07:08.235 10 INFO neutron.wsgi [None req-e0b58725-b0a1-4cfa-8011-82dddcfeed70 022d4b733e524032a8a1245dec68a9d0 e5d111882f0b4520925311f96fd5237b - - default default] 10.0.0.193 "POST /v2.0/subnetpools HTTP/1.1" status: 201 len: 715 time: 0.0835826
2026-07-15 06:07:08.243 10 INFO neutron.wsgi [None req-e0c74734-191e-47a8-8c74-33a93d816ed5 420b33ce720a4f68a651aa618fe364d9 efe5b1489eaa4355abb889dbc73d7680 - - default default] 10.0.0.193 "POST /v2.0/subnetpools HTTP/1.1" status: 201 len: 748 time: 0.2505834
2026-07-15 06:07:08.278 10 INFO neutron.wsgi [None req-991a6918-8916-46a6-8128-7c6a91fe7412 420b33ce720a4f68a651aa618fe364d9 efe5b1489eaa4355abb889dbc73d7680 - - default default] 10.0.0.193 "GET /v2.0/subnetpools/912d2042-0df6-474e-990e-a499cebce50f HTTP/1.1" status: 200 len: 743 time: 0.0301278
2026-07-15 06:07:08.330 9 INFO neutron.wsgi [None req-f9447309-2071-4154-b829-a2f68e394c84 022d4b733e524032a8a1245dec68a9d0 e5d111882f0b4520925311f96fd5237b - - default default] 10.0.0.193 "POST /v2.0/subnetpools HTTP/1.1" status: 201 len: 715 time: 0.0866365
2026-07-15 06:07:08.359 10 INFO neutron.wsgi [None req-4c616373-d832-4267-b9bd-7e4f3251eb30 420b33ce720a4f68a651aa618fe364d9 efe5b1489eaa4355abb889dbc73d7680 - - default default] 10.0.0.193 "PUT /v2.0/subnetpools/912d2042-0df6-474e-990e-a499cebce50f HTTP/1.1" status: 200 len: 695 time: 0.0721612
2026-07-15 06:07:08.373 9 INFO neutron.wsgi [None req-46c604bd-c4d4-461f-b3e7-574fa97b723a 022d4b733e524032a8a1245dec68a9d0 e5d111882f0b4520925311f96fd5237b - - default default] 10.0.0.193 "PUT /v2.0/subnetpools/5c8b0bbf-b4ca-465e-83f6-6f3fad9c084d/tags HTTP/1.1" status: 200 len: 210 time: 0.0355976
2026-07-15 06:07:08.387 9 INFO neutron.wsgi [None req-540507e7-fa01-4234-b8de-27dca50b2bae e8d98166bce44a98a3f578017fdfe17b e0045947fe144a01a98f19fec835be5e - - default default] 10.0.0.193 "DELETE /v2.0/subnets/abb09e60-aa5d-46e2-a2db-1fd4b8ab084f HTTP/1.1" status: 204 len: 168 time: 0.2579870
2026-07-15 06:07:08.443 10 INFO neutron.wsgi [None req-fe994efd-c0d4-423a-abe9-eca4057da960 022d4b733e524032a8a1245dec68a9d0 e5d111882f0b4520925311f96fd5237b - - default default] 10.0.0.193 "PUT /v2.0/subnetpools/6e9b902b-3276-423f-9624-7cf1220588f0/tags HTTP/1.1" status: 200 len: 218 time: 0.0620127
2026-07-15 06:07:08.455 9 INFO neutron.wsgi [None req-74b4d73e-40f6-41a3-87e9-a021abf0db35 420b33ce720a4f68a651aa618fe364d9 efe5b1489eaa4355abb889dbc73d7680 - - default default] 10.0.0.193 "DELETE /v2.0/subnetpools/912d2042-0df6-474e-990e-a499cebce50f HTTP/1.1" status: 204 len: 168 time: 0.0915704
2026-07-15 06:07:08.475 9 INFO neutron.api.v2.resource [None req-d1b338f2-572a-4fe7-bcae-3a89bc4ca1c3 420b33ce720a4f68a651aa618fe364d9 efe5b1489eaa4355abb889dbc73d7680 - - default default] show failed (client error): The resource could not be found.
2026-07-15 06:07:08.475 10 INFO neutron.wsgi [None req-c8022149-9a22-4598-b063-2cd1dced72de 022d4b733e524032a8a1245dec68a9d0 e5d111882f0b4520925311f96fd5237b - - default default] 10.0.0.193 "PUT /v2.0/subnetpools/345d8b0d-a611-4f75-b605-93d08556873a/tags HTTP/1.1" status: 200 len: 227 time: 0.0279770
2026-07-15 06:07:08.476 9 INFO neutron.wsgi [None req-d1b338f2-572a-4fe7-bcae-3a89bc4ca1c3 420b33ce720a4f68a651aa618fe364d9 efe5b1489eaa4355abb889dbc73d7680 - - default default] 10.0.0.193 "GET /v2.0/subnetpools/912d2042-0df6-474e-990e-a499cebce50f HTTP/1.1" status: 404 len: 346 time: 0.0114033
2026-07-15 06:07:08.493 10 INFO neutron.api.v2.resource [None req-26b877ba-3cdd-4aaa-b030-a0b78742fbcb 420b33ce720a4f68a651aa618fe364d9 efe5b1489eaa4355abb889dbc73d7680 - - default default] delete failed (client error): The resource could not be found.
2026-07-15 06:07:08.494 10 INFO neutron.wsgi [None req-26b877ba-3cdd-4aaa-b030-a0b78742fbcb 420b33ce720a4f68a651aa618fe364d9 efe5b1489eaa4355abb889dbc73d7680 - - default default] 10.0.0.193 "DELETE /v2.0/subnetpools/912d2042-0df6-474e-990e-a499cebce50f HTTP/1.1" status: 404 len: 346 time: 0.0119326
2026-07-15 06:07:08.502 9 INFO neutron.wsgi [None req-7924c28d-4a9b-4de9-8f25-955607a4f8e6 022d4b733e524032a8a1245dec68a9d0 e5d111882f0b4520925311f96fd5237b - - default default] 10.0.0.193 "PUT /v2.0/subnetpools/7b0d0438-69c3-4ed6-b449-04e71ed733ab/tags HTTP/1.1" status: 200 len: 212 time: 0.0224483
2026-07-15 06:07:08.534 10 INFO neutron.wsgi [None req-a522e2b8-cd82-49c4-a981-579f93784470 022d4b733e524032a8a1245dec68a9d0 e5d111882f0b4520925311f96fd5237b - - default default] 10.0.0.193 "GET /v2.0/subnetpools?tags=red HTTP/1.1" status: 200 len: 1758 time: 0.0278029
2026-07-15 06:07:08.561 10 INFO neutron.wsgi [None req-9939d6f0-2958-4869-afc4-103a99870eb5 022d4b733e524032a8a1245dec68a9d0 e5d111882f0b4520925311f96fd5237b - - default default] 10.0.0.193 "GET /v2.0/subnetpools?tags=red%2Cblue HTTP/1.1" status: 200 len: 1251 time: 0.0212624
2026-07-15 06:07:08.584 10 INFO neutron.wsgi [None req-57813e1e-5fa8-4b21-a42d-5abf801cef5d 022d4b733e524032a8a1245dec68a9d0 e5d111882f0b4520925311f96fd5237b - - default default] 10.0.0.193 "GET /v2.0/subnetpools?tags-any=blue HTTP/1.1" status: 200 len: 1251 time: 0.0193594
2026-07-15 06:07:08.610 10 INFO neutron.wsgi [None req-0ec1a4d4-96c1-440f-95af-32413ea42458 022d4b733e524032a8a1245dec68a9d0 e5d111882f0b4520925311f96fd5237b - - default default] 10.0.0.193 "GET /v2.0/subnetpools?tags-any=red%2Cblue HTTP/1.1" status: 200 len: 1758 time: 0.0212760
2026-07-15 06:07:08.637 10 INFO neutron.wsgi [None req-280dce46-be05-40f1-a99f-f9d72c5ee9ff 022d4b733e524032a8a1245dec68a9d0 e5d111882f0b4520925311f96fd5237b - - default default] 10.0.0.193 "GET /v2.0/subnetpools?not-tags=red HTTP/1.1" status: 200 len: 1223 time: 0.0219095
2026-07-15 06:07:08.671 10 INFO neutron.wsgi [None req-8fc2f079-a2ad-417b-93d1-59748c889e7f 022d4b733e524032a8a1245dec68a9d0 e5d111882f0b4520925311f96fd5237b - - default default] 10.0.0.193 "GET /v2.0/subnetpools?not-tags=red%2Cblue HTTP/1.1" status: 200 len: 1730 time: 0.0291040
2026-07-15 06:07:08.697 10 INFO neutron.wsgi [None req-56198e64-e927-471c-8e82-3db6d763a336 022d4b733e524032a8a1245dec68a9d0 e5d111882f0b4520925311f96fd5237b - - default default] 10.0.0.193 "GET /v2.0/subnetpools?not-tags-any=blue HTTP/1.1" status: 200 len: 1730 time: 0.0216327
2026-07-15 06:07:08.724 10 INFO neutron.wsgi [None req-54f215cb-f83c-4490-ba04-efc4997608fd 022d4b733e524032a8a1245dec68a9d0 e5d111882f0b4520925311f96fd5237b - - default default] 10.0.0.193 "GET /v2.0/subnetpools?not-tags-any=red%2Cblue HTTP/1.1" status: 200 len: 1223 time: 0.0225945
2026-07-15 06:07:08.784 9 INFO neutron.services.segments.plugin [-] Segment aeacab76-cc09-4c51-a70c-0b0fa32043d4 resource provider aggregate not found
2026-07-15 06:07:08.789 9 INFO neutron.services.segments.plugin [-] Segment aeacab76-cc09-4c51-a70c-0b0fa32043d4 resource provider aggregate not found
2026-07-15 06:07:08.793 10 INFO neutron.wsgi [None req-f879a7ad-3edb-4024-9586-3db7927562c5 022d4b733e524032a8a1245dec68a9d0 e5d111882f0b4520925311f96fd5237b - - default default] 10.0.0.193 "DELETE /v2.0/subnetpools/5c8b0bbf-b4ca-465e-83f6-6f3fad9c084d HTTP/1.1" status: 204 len: 168 time: 0.0640109
2026-07-15 06:07:08.808 9 INFO neutron.services.segments.plugin [-] Segment aeacab76-cc09-4c51-a70c-0b0fa32043d4 resource provider not found; error: Placement Client Error (4xx): {"errors": [{"status": 404, "title": "Not Found", "detail": "The resource could not be found.\n\n No resource provider with uuid aeacab76-cc09-4c51-a70c-0b0fa32043d4 found for delete ", "request_id": "req-fc8e9196-1cdf-416b-8e96-4b1ba826eaa4"}]}
2026-07-15 06:07:08.809 9 INFO neutron.services.segments.plugin [-] Segment aeacab76-cc09-4c51-a70c-0b0fa32043d4 resource provider not found; error: Placement Client Error (4xx): {"errors": [{"status": 404, "title": "Not Found", "detail": "The resource could not be found.\n\n No resource provider with uuid aeacab76-cc09-4c51-a70c-0b0fa32043d4 found for delete ", "request_id": "req-c06678cb-578e-4af2-815d-ecbc4baf1865"}]}
2026-07-15 06:07:08.844 9 INFO neutron.wsgi [None req-816d90a9-56fc-4871-8f14-dd78b37aa2b1 e8d98166bce44a98a3f578017fdfe17b e0045947fe144a01a98f19fec835be5e - - default default] 10.0.0.193 "DELETE /v2.0/networks/5ba8053a-fa68-429a-9305-15c060e8500f HTTP/1.1" status: 204 len: 168 time: 0.4521244
2026-07-15 06:07:08.863 9 INFO neutron.wsgi [None req-aeac1a79-e28b-43d4-a5bf-8974437f1ec7 022d4b733e524032a8a1245dec68a9d0 e5d111882f0b4520925311f96fd5237b - - default default] 10.0.0.193 "DELETE /v2.0/subnetpools/6e9b902b-3276-423f-9624-7cf1220588f0 HTTP/1.1" status: 204 len: 168 time: 0.0646100
2026-07-15 06:07:08.924 9 INFO neutron.wsgi [None req-9311c2b2-26d8-4626-a0ce-fa8999476141 022d4b733e524032a8a1245dec68a9d0 e5d111882f0b4520925311f96fd5237b - - default default] 10.0.0.193 "DELETE /v2.0/subnetpools/345d8b0d-a611-4f75-b605-93d08556873a HTTP/1.1" status: 204 len: 168 time: 0.0532429
2026-07-15 06:07:08.984 9 INFO neutron.wsgi [None req-1cdc10d7-cac0-4c0f-8874-0515a9a877b4 022d4b733e524032a8a1245dec68a9d0 e5d111882f0b4520925311f96fd5237b - - default default] 10.0.0.193 "DELETE /v2.0/subnetpools/7b0d0438-69c3-4ed6-b449-04e71ed733ab HTTP/1.1" status: 204 len: 168 time: 0.0553789
2026-07-15 06:07:09.045 9 INFO neutron.wsgi [None req-f6c36fec-d1d3-420f-91b7-a056b0140276 022d4b733e524032a8a1245dec68a9d0 e5d111882f0b4520925311f96fd5237b - - default default] 10.0.0.193 "DELETE /v2.0/subnetpools/8c21a355-2e52-47fa-940a-cde2ce73b4e3 HTTP/1.1" status: 204 len: 168 time: 0.0552740
2026-07-15 06:07:09.195 10 INFO neutron.services.segments.plugin [-] Segment e53b2524-ccf2-47b8-af44-9535edaa8634 resource provider aggregate not found
2026-07-15 06:07:09.200 10 INFO neutron.services.segments.plugin [-] Segment e53b2524-ccf2-47b8-af44-9535edaa8634 resource provider aggregate not found
2026-07-15 06:07:09.216 10 INFO neutron.services.segments.plugin [-] Segment e53b2524-ccf2-47b8-af44-9535edaa8634 resource provider not found; error: Placement Client Error (4xx): {"errors": [{"status": 404, "title": "Not Found", "detail": "The resource could not be found.\n\n No resource provider with uuid e53b2524-ccf2-47b8-af44-9535edaa8634 found for delete ", "request_id": "req-340887ae-a411-40db-9f4d-8f94b02e48a6"}]}
2026-07-15 06:07:09.218 10 INFO neutron.services.segments.plugin [-] Segment e53b2524-ccf2-47b8-af44-9535edaa8634 resource provider not found; error: Placement Client Error (4xx): {"errors": [{"status": 404, "title": "Not Found", "detail": "The resource could not be found.\n\n No resource provider with uuid e53b2524-ccf2-47b8-af44-9535edaa8634 found for delete ", "request_id": "req-dfd61ffd-ed62-43ae-a43a-63165278a15a"}]}
2026-07-15 06:07:09.262 10 INFO neutron.wsgi [None req-80c82f7e-80ce-451c-8f22-32a162bf005e e8d98166bce44a98a3f578017fdfe17b e0045947fe144a01a98f19fec835be5e - - default default] 10.0.0.193 "DELETE /v2.0/networks/cf422df8-464d-47b6-9192-02f3ce1bb7fe HTTP/1.1" status: 204 len: 168 time: 0.4136305
2026-07-15 06:07:09.358 10 INFO neutron.db.ovn_revision_numbers_db [None req-fcfb0e9c-3702-4e67-98e4-96446ab9d3a7 b12c0261aabc4148a8d14edbab9a42f1 4faf39b8e0cd4b7f8a7fa5fe4a037441 - - default default] Successfully bumped revision number for resource 6f9228cf-cbf8-4c6d-a8ca-5acc0e5572fb (type: security_groups) to 1
2026-07-15 06:07:09.372 10 INFO neutron.db.ovn_revision_numbers_db [None req-fcfb0e9c-3702-4e67-98e4-96446ab9d3a7 b12c0261aabc4148a8d14edbab9a42f1 4faf39b8e0cd4b7f8a7fa5fe4a037441 - - default default] Successfully bumped revision number for resource 09c94aea-f7a7-49f3-ab2f-06946ac89b45 (type: security_group_rules) to 0
2026-07-15 06:07:09.387 10 INFO neutron.db.ovn_revision_numbers_db [None req-fcfb0e9c-3702-4e67-98e4-96446ab9d3a7 b12c0261aabc4148a8d14edbab9a42f1 4faf39b8e0cd4b7f8a7fa5fe4a037441 - - default default] Successfully bumped revision number for resource 3cbc8d99-5d92-403f-aa44-e4174bf45e90 (type: security_group_rules) to 0
2026-07-15 06:07:09.403 10 INFO neutron.db.ovn_revision_numbers_db [None req-fcfb0e9c-3702-4e67-98e4-96446ab9d3a7 b12c0261aabc4148a8d14edbab9a42f1 4faf39b8e0cd4b7f8a7fa5fe4a037441 - - default default] Successfully bumped revision number for resource 5549887a-e469-4b5d-a548-c98873f3f8c0 (type: security_group_rules) to 0
2026-07-15 06:07:09.414 9 INFO neutron.db.segments_db [None req-ebd0e7ba-a9ab-4d11-9c8f-1fe9f4fdfc1c e8d98166bce44a98a3f578017fdfe17b e0045947fe144a01a98f19fec835be5e - - default default] Added segment 3ff9f71f-1902-444c-b9a8-8962daac1b8a of type geneve for network 7dea85cb-a755-45c7-85a9-9278a173ec85
2026-07-15 06:07:09.417 10 INFO neutron.db.ovn_revision_numbers_db [None req-fcfb0e9c-3702-4e67-98e4-96446ab9d3a7 b12c0261aabc4148a8d14edbab9a42f1 4faf39b8e0cd4b7f8a7fa5fe4a037441 - - default default] Successfully bumped revision number for resource 7906d5b2-c4fe-4578-b903-5b06d67b1f75 (type: security_group_rules) to 0
2026-07-15 06:07:09.453 10 INFO neutron.wsgi [None req-fcfb0e9c-3702-4e67-98e4-96446ab9d3a7 b12c0261aabc4148a8d14edbab9a42f1 4faf39b8e0cd4b7f8a7fa5fe4a037441 - - default default] 10.0.0.193 "GET /v2.0/security-groups?tenant_id=efe5b1489eaa4355abb889dbc73d7680&name=default HTTP/1.1" status: 200 len: 2996 time: 0.5039387
2026-07-15 06:07:09.858 9 INFO neutron.db.ovn_revision_numbers_db [None req-ebd0e7ba-a9ab-4d11-9c8f-1fe9f4fdfc1c e8d98166bce44a98a3f578017fdfe17b e0045947fe144a01a98f19fec835be5e - - default default] Successfully bumped revision number for resource 7dea85cb-a755-45c7-85a9-9278a173ec85 (type: networks) to 1
2026-07-15 06:07:10.000 9 INFO neutron.wsgi [None req-d1b7c4a9-69b0-4084-8643-7b1aef1b0a7f b12c0261aabc4148a8d14edbab9a42f1 4faf39b8e0cd4b7f8a7fa5fe4a037441 - - default default] 10.0.0.193 "DELETE /v2.0/security-groups/6f9228cf-cbf8-4c6d-a8ca-5acc0e5572fb HTTP/1.1" status: 204 len: 168 time: 0.5409462
2026-07-15 06:07:10.041 9 WARNING neutron.scheduler.dhcp_agent_scheduler [None req-ebd0e7ba-a9ab-4d11-9c8f-1fe9f4fdfc1c e8d98166bce44a98a3f578017fdfe17b e0045947fe144a01a98f19fec835be5e - - default default] No more DHCP agents
2026-07-15 06:07:10.049 9 WARNING neutron.api.rpc.agentnotifiers.dhcp_rpc_agent_api [None req-ebd0e7ba-a9ab-4d11-9c8f-1fe9f4fdfc1c e8d98166bce44a98a3f578017fdfe17b e0045947fe144a01a98f19fec835be5e - - default default] Unable to schedule network 7dea85cb-a755-45c7-85a9-9278a173ec85: no agents available; will retry on subsequent port and subnet creation events.
2026-07-15 06:07:10.174 9 INFO neutron.db.ovn_revision_numbers_db [None req-ebd0e7ba-a9ab-4d11-9c8f-1fe9f4fdfc1c e8d98166bce44a98a3f578017fdfe17b e0045947fe144a01a98f19fec835be5e - - default default] Successfully bumped revision number for resource 46ef2c82-ef67-4afa-a6e5-c2ad9723ec9f (type: ports) to 1
2026-07-15 06:07:10.202 9 INFO neutron.wsgi [None req-ebd0e7ba-a9ab-4d11-9c8f-1fe9f4fdfc1c e8d98166bce44a98a3f578017fdfe17b e0045947fe144a01a98f19fec835be5e - - default default] 10.0.0.193 "POST /v2.0/networks HTTP/1.1" status: 201 len: 829 time: 0.9331870
2026-07-15 06:07:10.206 9 INFO neutron.db.ovn_revision_numbers_db [None req-a8266b78-f199-44df-8711-89e3a0eff73a b12c0261aabc4148a8d14edbab9a42f1 4faf39b8e0cd4b7f8a7fa5fe4a037441 - - default default] Successfully bumped revision number for resource db976d9e-1ad7-4cf6-bc87-7865b01e026c (type: security_groups) to 1
2026-07-15 06:07:10.230 9 INFO neutron.db.ovn_revision_numbers_db [None req-a8266b78-f199-44df-8711-89e3a0eff73a b12c0261aabc4148a8d14edbab9a42f1 4faf39b8e0cd4b7f8a7fa5fe4a037441 - - default default] Successfully bumped revision number for resource 8e3b50cd-4bb8-48ab-bfc2-ffddb55e9c4e (type: security_group_rules) to 0
2026-07-15 06:07:10.253 9 INFO neutron.db.ovn_revision_numbers_db [None req-a8266b78-f199-44df-8711-89e3a0eff73a b12c0261aabc4148a8d14edbab9a42f1 4faf39b8e0cd4b7f8a7fa5fe4a037441 - - default default] Successfully bumped revision number for resource 93d6cb22-13a2-4197-a1de-c29db9f9e443 (type: security_group_rules) to 0
2026-07-15 06:07:10.281 9 INFO neutron.db.ovn_revision_numbers_db [None req-a8266b78-f199-44df-8711-89e3a0eff73a b12c0261aabc4148a8d14edbab9a42f1 4faf39b8e0cd4b7f8a7fa5fe4a037441 - - default default] Successfully bumped revision number for resource 9ca123c9-9e40-4277-9027-3005472ca3ea (type: security_group_rules) to 0
2026-07-15 06:07:10.307 9 INFO neutron.db.ovn_revision_numbers_db [None req-a8266b78-f199-44df-8711-89e3a0eff73a b12c0261aabc4148a8d14edbab9a42f1 4faf39b8e0cd4b7f8a7fa5fe4a037441 - - default default] Successfully bumped revision number for resource b1fe294b-c235-4f6d-a6ae-3ac17821809e (type: security_group_rules) to 0
2026-07-15 06:07:10.352 9 INFO neutron.wsgi [None req-a8266b78-f199-44df-8711-89e3a0eff73a b12c0261aabc4148a8d14edbab9a42f1 4faf39b8e0cd4b7f8a7fa5fe4a037441 - - default default] 10.0.0.193 "GET /v2.0/security-groups?tenant_id=484b4a2af0a8475994a82747484ef6a6&name=default HTTP/1.1" status: 200 len: 2996 time: 0.4282548
2026-07-15 06:07:10.472 10 INFO neutron.db.ovn_revision_numbers_db [None req-3ca7d6f1-7833-44b3-8f1f-5c9124b7087c b12c0261aabc4148a8d14edbab9a42f1 4faf39b8e0cd4b7f8a7fa5fe4a037441 - - default default] Successfully bumped revision number for resource a53eb534-0b4a-4d78-9748-7cc691e06235 (type: security_groups) to 1
2026-07-15 06:07:10.487 10 INFO neutron.db.ovn_revision_numbers_db [None req-3ca7d6f1-7833-44b3-8f1f-5c9124b7087c b12c0261aabc4148a8d14edbab9a42f1 4faf39b8e0cd4b7f8a7fa5fe4a037441 - - default default] Successfully bumped revision number for resource 02ca66f4-c7cd-459e-91cc-0e81a627c835 (type: security_group_rules) to 0
2026-07-15 06:07:10.504 10 INFO neutron.db.ovn_revision_numbers_db [None req-3ca7d6f1-7833-44b3-8f1f-5c9124b7087c b12c0261aabc4148a8d14edbab9a42f1 4faf39b8e0cd4b7f8a7fa5fe4a037441 - - default default] Successfully bumped revision number for resource 10cd1af3-f6de-4e17-8710-3c692adfb260 (type: security_group_rules) to 0
2026-07-15 06:07:10.520 10 INFO neutron.db.ovn_revision_numbers_db [None req-3ca7d6f1-7833-44b3-8f1f-5c9124b7087c b12c0261aabc4148a8d14edbab9a42f1 4faf39b8e0cd4b7f8a7fa5fe4a037441 - - default default] Successfully bumped revision number for resource ba4d87af-d106-4b1f-b403-e24abf5933a6 (type: security_group_rules) to 0
2026-07-15 06:07:10.537 10 INFO neutron.db.ovn_revision_numbers_db [None req-3ca7d6f1-7833-44b3-8f1f-5c9124b7087c b12c0261aabc4148a8d14edbab9a42f1 4faf39b8e0cd4b7f8a7fa5fe4a037441 - - default default] Successfully bumped revision number for resource bb8e66a7-dd02-405b-904d-963613e7a6fb (type: security_group_rules) to 0
2026-07-15 06:07:10.544 9 WARNING neutron.scheduler.dhcp_agent_scheduler [None req-01b10a98-591d-4639-abbf-5e952ae19864 e8d98166bce44a98a3f578017fdfe17b e0045947fe144a01a98f19fec835be5e - - default default] No more DHCP agents
2026-07-15 06:07:10.549 9 WARNING neutron.api.rpc.agentnotifiers.dhcp_rpc_agent_api [None req-01b10a98-591d-4639-abbf-5e952ae19864 e8d98166bce44a98a3f578017fdfe17b e0045947fe144a01a98f19fec835be5e - - default default] Unable to schedule network 7dea85cb-a755-45c7-85a9-9278a173ec85: no agents available; will retry on subsequent port and subnet creation events.
2026-07-15 06:07:10.590 10 INFO neutron.db.segments_db [None req-3ca7d6f1-7833-44b3-8f1f-5c9124b7087c b12c0261aabc4148a8d14edbab9a42f1 4faf39b8e0cd4b7f8a7fa5fe4a037441 - - default default] Added segment d189ab01-b471-4b42-bf65-0f17074c7fd0 of type geneve for network c164c26e-19da-4ec2-bc28-26ad129981e4
2026-07-15 06:07:10.669 9 INFO neutron.wsgi [None req-53bbb85b-1c06-4bc3-8e1a-2e5e6159a4e7 b12c0261aabc4148a8d14edbab9a42f1 4faf39b8e0cd4b7f8a7fa5fe4a037441 - - default default] 10.0.0.193 "DELETE /v2.0/security-groups/db976d9e-1ad7-4cf6-bc87-7865b01e026c HTTP/1.1" status: 204 len: 168 time: 0.3121297
2026-07-15 06:07:10.753 10 INFO neutron.db.ovn_revision_numbers_db [None req-3ca7d6f1-7833-44b3-8f1f-5c9124b7087c b12c0261aabc4148a8d14edbab9a42f1 4faf39b8e0cd4b7f8a7fa5fe4a037441 - - default default] Successfully bumped revision number for resource c164c26e-19da-4ec2-bc28-26ad129981e4 (type: networks) to 1
