2026-07-15 06:07:43.531 10 INFO neutron.wsgi [req-febcd319-e912-4da0-980d-6e05220b8c5c req-269adb80-5768-49a7-8f56-2dec3a39ce33 ad9edbd11ff845e1a4b64b3f098c85a9 818d8d19f5ab4ef9b564e1b65cead789 - - default default] 199.204.45.153 "GET /v2.0/networks?id=ad68545e-866d-4d88-bfc9-f772cbe53fc7 HTTP/1.1" status: 200 len: 871 time: 0.1147714
2026-07-15 06:07:43.726 9 INFO neutron.wsgi [req-1a05d052-e216-44b1-ae67-95b78ba0c181 req-e385aa03-6f28-4cd5-8c2b-301855250d7f ad9edbd11ff845e1a4b64b3f098c85a9 818d8d19f5ab4ef9b564e1b65cead789 - - default default] 10.0.0.185 "GET /v2.0/ports?device_id=6f0a2bea-3de9-40f7-b7f0-f2caf12c280f HTTP/1.1" status: 200 len: 210 time: 0.0281713
2026-07-15 06:07:43.851 10 WARNING neutron.scheduler.dhcp_agent_scheduler [req-febcd319-e912-4da0-980d-6e05220b8c5c req-753d762f-9646-44f5-b24f-ee33194f8017 ad9edbd11ff845e1a4b64b3f098c85a9 818d8d19f5ab4ef9b564e1b65cead789 - - default default] No more DHCP agents
2026-07-15 06:07:43.854 10 WARNING neutron.api.rpc.agentnotifiers.dhcp_rpc_agent_api [req-febcd319-e912-4da0-980d-6e05220b8c5c req-753d762f-9646-44f5-b24f-ee33194f8017 ad9edbd11ff845e1a4b64b3f098c85a9 818d8d19f5ab4ef9b564e1b65cead789 - - default default] Unable to schedule network ad68545e-866d-4d88-bfc9-f772cbe53fc7: no agents available; will retry on subsequent port and subnet creation events.
2026-07-15 06:07:44.002 10 INFO neutron.db.ovn_revision_numbers_db [req-febcd319-e912-4da0-980d-6e05220b8c5c req-753d762f-9646-44f5-b24f-ee33194f8017 ad9edbd11ff845e1a4b64b3f098c85a9 818d8d19f5ab4ef9b564e1b65cead789 - - default default] Successfully bumped revision number for resource 1d17d054-38a4-4b3a-96a8-63852f3088f5 (type: ports) to 1
2026-07-15 06:07:44.024 10 INFO neutron.wsgi [req-febcd319-e912-4da0-980d-6e05220b8c5c req-753d762f-9646-44f5-b24f-ee33194f8017 ad9edbd11ff845e1a4b64b3f098c85a9 818d8d19f5ab4ef9b564e1b65cead789 - - default default] 199.204.45.153 "POST /v2.0/ports HTTP/1.1" status: 201 len: 1162 time: 0.4843459 /var/lib/openstack/lib/python3.10/site-packages/pycadf/identifier.py:71: UserWarning: Invalid uuid: neutron. To ensure interoperability, identifiers should be a valid uuid. warnings.warn(('Invalid uuid: %s. To ensure interoperability, '
2026-07-15 06:07:44.455 10 INFO neutron.db.ovn_revision_numbers_db [req-febcd319-e912-4da0-980d-6e05220b8c5c req-2e2040a0-ef25-429d-a466-7fb0088229a2 5ddb7c26a91f4aee83815da130d7fc8c 642a17d38a284a24b594effabaf0fd35 - - 2d0863a0ba5346be999fbb03d6fa654f 2d0863a0ba5346be999fbb03d6fa654f] Successfully bumped revision number for resource 1d17d054-38a4-4b3a-96a8-63852f3088f5 (type: ports) to 2
2026-07-15 06:07:44.646 10 INFO neutron.db.ovn_revision_numbers_db [req-febcd319-e912-4da0-980d-6e05220b8c5c req-2e2040a0-ef25-429d-a466-7fb0088229a2 5ddb7c26a91f4aee83815da130d7fc8c 642a17d38a284a24b594effabaf0fd35 - - 2d0863a0ba5346be999fbb03d6fa654f 2d0863a0ba5346be999fbb03d6fa654f] Successfully bumped revision number for resource 1d17d054-38a4-4b3a-96a8-63852f3088f5 (type: ports) to 2
2026-07-15 06:07:44.673 10 INFO neutron.wsgi [req-febcd319-e912-4da0-980d-6e05220b8c5c req-2e2040a0-ef25-429d-a466-7fb0088229a2 5ddb7c26a91f4aee83815da130d7fc8c 642a17d38a284a24b594effabaf0fd35 - - 2d0863a0ba5346be999fbb03d6fa654f 2d0863a0ba5346be999fbb03d6fa654f] 199.204.45.153 "PUT /v2.0/ports/1d17d054-38a4-4b3a-96a8-63852f3088f5 HTTP/1.1" status: 200 len: 1380 time: 0.6407433
2026-07-15 06:07:44.707 10 INFO neutron.notifiers.nova [-] Nova event matching ['req-dfb8ec82-15d6-4e67-a5df-d61ebdf35186'] response: {'name': 'network-changed', 'server_uuid': '6f0a2bea-3de9-40f7-b7f0-f2caf12c280f', 'tag': '1d17d054-38a4-4b3a-96a8-63852f3088f5', 'status': 'completed', 'code': 200} /var/lib/openstack/lib/python3.10/site-packages/pycadf/identifier.py:71: UserWarning: Invalid uuid: neutron. To ensure interoperability, identifiers should be a valid uuid. warnings.warn(('Invalid uuid: %s. To ensure interoperability, '
2026-07-15 06:07:44.744 10 INFO neutron.wsgi [req-febcd319-e912-4da0-980d-6e05220b8c5c req-07df8b12-eae8-4b50-8c38-6d0f6b2607f4 5ddb7c26a91f4aee83815da130d7fc8c 642a17d38a284a24b594effabaf0fd35 - - 2d0863a0ba5346be999fbb03d6fa654f 2d0863a0ba5346be999fbb03d6fa654f] 199.204.45.153 "GET /v2.0/ports?tenant_id=818d8d19f5ab4ef9b564e1b65cead789&device_id=6f0a2bea-3de9-40f7-b7f0-f2caf12c280f HTTP/1.1" status: 200 len: 1411 time: 0.0360241
2026-07-15 06:07:44.777 10 INFO neutron.wsgi [req-febcd319-e912-4da0-980d-6e05220b8c5c req-d457e2e1-1ec1-4665-8b8a-868fab018bff 5ddb7c26a91f4aee83815da130d7fc8c 642a17d38a284a24b594effabaf0fd35 - - 2d0863a0ba5346be999fbb03d6fa654f 2d0863a0ba5346be999fbb03d6fa654f] 199.204.45.153 "GET /v2.0/floatingips?fixed_ip_address=10.100.0.13&port_id=1d17d054-38a4-4b3a-96a8-63852f3088f5 HTTP/1.1" status: 200 len: 217 time: 0.0285015
2026-07-15 06:07:44.811 10 INFO neutron.wsgi [req-febcd319-e912-4da0-980d-6e05220b8c5c req-3468c456-9916-43ef-a104-8488a3dd98a8 5ddb7c26a91f4aee83815da130d7fc8c 642a17d38a284a24b594effabaf0fd35 - - 2d0863a0ba5346be999fbb03d6fa654f 2d0863a0ba5346be999fbb03d6fa654f] 199.204.45.153 "GET /v2.0/subnets?id=c8cd106e-53cc-4a86-9003-bc462f40f291 HTTP/1.1" status: 200 len: 865 time: 0.0275023
2026-07-15 06:07:44.838 9 INFO neutron.wsgi [req-00f34172-2417-4ca5-8a04-d0b1270d0f2e req-1c23d8d8-d16e-4d61-9d3b-ed55766313f9 ad9edbd11ff845e1a4b64b3f098c85a9 818d8d19f5ab4ef9b564e1b65cead789 - - default default] 10.0.0.185 "GET /v2.0/ports?device_id=6f0a2bea-3de9-40f7-b7f0-f2caf12c280f HTTP/1.1" status: 200 len: 1172 time: 0.0309913
2026-07-15 06:07:44.841 10 INFO neutron.wsgi [req-febcd319-e912-4da0-980d-6e05220b8c5c req-6626bc5b-93bf-4f09-8061-05989fbecfc6 5ddb7c26a91f4aee83815da130d7fc8c 642a17d38a284a24b594effabaf0fd35 - - 2d0863a0ba5346be999fbb03d6fa654f 2d0863a0ba5346be999fbb03d6fa654f] 199.204.45.153 "GET /v2.0/ports?network_id=ad68545e-866d-4d88-bfc9-f772cbe53fc7&device_owner=network%3Adhcp HTTP/1.1" status: 200 len: 210 time: 0.0230224
2026-07-15 06:07:44.887 9 INFO neutron.wsgi [req-00f34172-2417-4ca5-8a04-d0b1270d0f2e req-840886f3-9b3b-4e25-91c8-f1729a755ac1 ad9edbd11ff845e1a4b64b3f098c85a9 818d8d19f5ab4ef9b564e1b65cead789 - - default default] 10.0.0.185 "GET /v2.0/security-groups?id=ea6019c1-06b3-46d2-b399-4e116a2be5dd&fields=id&fields=name HTTP/1.1" status: 200 len: 286 time: 0.0366335
2026-07-15 06:07:44.912 10 INFO neutron.wsgi [req-febcd319-e912-4da0-980d-6e05220b8c5c req-414962ad-ecee-4243-a3fe-e4e8ddead94f 5ddb7c26a91f4aee83815da130d7fc8c 642a17d38a284a24b594effabaf0fd35 - - 2d0863a0ba5346be999fbb03d6fa654f 2d0863a0ba5346be999fbb03d6fa654f] 199.204.45.153 "GET /v2.0/networks/ad68545e-866d-4d88-bfc9-f772cbe53fc7?fields=segments HTTP/1.1" status: 200 len: 212 time: 0.0612199
2026-07-15 06:07:44.946 9 WARNING neutron.plugins.ml2.drivers.ovn.mech_driver.ovsdb.ovn_client [None req-2052610e-e2e3-4021-9f7b-abd298d398dc - - - - - -] No hosting information found for port 8f7317a2-5fbb-43ec-bc9e-2617815e7693: RuntimeError: No hosting information found for port 8f7317a2-5fbb-43ec-bc9e-2617815e7693
2026-07-15 06:07:44.980 10 INFO neutron.wsgi [req-febcd319-e912-4da0-980d-6e05220b8c5c req-bf7ee36d-06e5-4aee-bc06-6f72a122e928 5ddb7c26a91f4aee83815da130d7fc8c 642a17d38a284a24b594effabaf0fd35 - - 2d0863a0ba5346be999fbb03d6fa654f 2d0863a0ba5346be999fbb03d6fa654f] 199.204.45.153 "GET /v2.0/networks/ad68545e-866d-4d88-bfc9-f772cbe53fc7?fields=provider%3Aphysical_network&fields=provider%3Anetwork_type HTTP/1.1" status: 200 len: 277 time: 0.0640461
2026-07-15 06:07:45.067 10 INFO neutron.wsgi [req-bc303628-c121-4929-9ef1-9171dfd70db2 req-bd5f8b34-f7b8-4c50-865f-72ea54faf64f 5ddb7c26a91f4aee83815da130d7fc8c 642a17d38a284a24b594effabaf0fd35 - - 2d0863a0ba5346be999fbb03d6fa654f 2d0863a0ba5346be999fbb03d6fa654f] 199.204.45.153 "GET /v2.0/ports?tenant_id=818d8d19f5ab4ef9b564e1b65cead789&device_id=6f0a2bea-3de9-40f7-b7f0-f2caf12c280f HTTP/1.1" status: 200 len: 1411 time: 0.0404615
2026-07-15 06:07:45.142 10 INFO neutron.wsgi [req-bc303628-c121-4929-9ef1-9171dfd70db2 req-e015a1d1-ce8d-4197-9686-5cf3513f68a8 5ddb7c26a91f4aee83815da130d7fc8c 642a17d38a284a24b594effabaf0fd35 - - 2d0863a0ba5346be999fbb03d6fa654f 2d0863a0ba5346be999fbb03d6fa654f] 199.204.45.153 "GET /v2.0/networks?id=ad68545e-866d-4d88-bfc9-f772cbe53fc7 HTTP/1.1" status: 200 len: 970 time: 0.0693398
2026-07-15 06:07:45.167 9 INFO neutron.plugins.ml2.drivers.ovn.mech_driver.mech_driver [None req-2052610e-e2e3-4021-9f7b-abd298d398dc - - - - - -] OVN reports status up for port: 1d17d054-38a4-4b3a-96a8-63852f3088f5
2026-07-15 06:07:45.185 9 INFO neutron.plugins.ml2.plugin [None req-2052610e-e2e3-4021-9f7b-abd298d398dc - - - - - -] Attempt 1 to provision port 1d17d054-38a4-4b3a-96a8-63852f3088f5
2026-07-15 06:07:45.194 10 INFO neutron.wsgi [req-bc303628-c121-4929-9ef1-9171dfd70db2 req-0d0dc2b8-f3aa-4ef7-97ec-78997e89d6fc 5ddb7c26a91f4aee83815da130d7fc8c 642a17d38a284a24b594effabaf0fd35 - - 2d0863a0ba5346be999fbb03d6fa654f 2d0863a0ba5346be999fbb03d6fa654f] 199.204.45.153 "GET /v2.0/floatingips?fixed_ip_address=10.100.0.13&port_id=1d17d054-38a4-4b3a-96a8-63852f3088f5 HTTP/1.1" status: 200 len: 217 time: 0.0464153
2026-07-15 06:07:45.250 10 INFO neutron.wsgi [req-bc303628-c121-4929-9ef1-9171dfd70db2 req-371af236-8342-429e-a67d-6f66ee6108a6 5ddb7c26a91f4aee83815da130d7fc8c 642a17d38a284a24b594effabaf0fd35 - - 2d0863a0ba5346be999fbb03d6fa654f 2d0863a0ba5346be999fbb03d6fa654f] 199.204.45.153 "GET /v2.0/subnets?id=c8cd106e-53cc-4a86-9003-bc462f40f291 HTTP/1.1" status: 200 len: 865 time: 0.0500965
2026-07-15 06:07:45.293 10 INFO neutron.wsgi [req-bc303628-c121-4929-9ef1-9171dfd70db2 req-e2684114-3968-4581-8fa9-ecde4b6ebd12 5ddb7c26a91f4aee83815da130d7fc8c 642a17d38a284a24b594effabaf0fd35 - - 2d0863a0ba5346be999fbb03d6fa654f 2d0863a0ba5346be999fbb03d6fa654f] 199.204.45.153 "GET /v2.0/ports?network_id=ad68545e-866d-4d88-bfc9-f772cbe53fc7&device_owner=network%3Adhcp HTTP/1.1" status: 200 len: 210 time: 0.0374875
2026-07-15 06:07:45.349 9 INFO neutron.notifiers.nova [-] Nova event matching ['req-ffde383e-e7d4-462c-864a-76459ef6a578'] response: {'server_uuid': '6f0a2bea-3de9-40f7-b7f0-f2caf12c280f', 'name': 'network-vif-plugged', 'status': 'completed', 'tag': '1d17d054-38a4-4b3a-96a8-63852f3088f5', 'code': 200}
2026-07-15 06:07:45.359 10 INFO neutron.wsgi [req-bc303628-c121-4929-9ef1-9171dfd70db2 req-4ba619d4-828c-4b79-8692-8f4406145d7e 5ddb7c26a91f4aee83815da130d7fc8c 642a17d38a284a24b594effabaf0fd35 - - 2d0863a0ba5346be999fbb03d6fa654f 2d0863a0ba5346be999fbb03d6fa654f] 199.204.45.153 "GET /v2.0/networks/ad68545e-866d-4d88-bfc9-f772cbe53fc7?fields=segments HTTP/1.1" status: 200 len: 212 time: 0.0616100
2026-07-15 06:07:45.438 10 INFO neutron.wsgi [req-bc303628-c121-4929-9ef1-9171dfd70db2 req-550d1034-6fd3-4433-aa0c-ac25abc5b2bb 5ddb7c26a91f4aee83815da130d7fc8c 642a17d38a284a24b594effabaf0fd35 - - 2d0863a0ba5346be999fbb03d6fa654f 2d0863a0ba5346be999fbb03d6fa654f] 199.204.45.153 "GET /v2.0/networks/ad68545e-866d-4d88-bfc9-f772cbe53fc7?fields=provider%3Aphysical_network&fields=provider%3Anetwork_type HTTP/1.1" status: 200 len: 277 time: 0.0733645
2026-07-15 06:07:45.552 9 INFO neutron.db.ovn_revision_numbers_db [None req-2052610e-e2e3-4021-9f7b-abd298d398dc - - - - - -] Successfully bumped revision number for resource 1d17d054-38a4-4b3a-96a8-63852f3088f5 (type: ports) to 4 /var/lib/openstack/lib/python3.10/site-packages/pycadf/identifier.py:71: UserWarning: Invalid uuid: neutron. To ensure interoperability, identifiers should be a valid uuid. warnings.warn(('Invalid uuid: %s. To ensure interoperability, '
2026-07-15 06:07:45.986 9 INFO neutron.wsgi [req-86e1f437-740c-4a7b-9966-ecfd9a503615 req-18fa1a31-ad50-4dd8-9784-dd1ec2cdfb6a ad9edbd11ff845e1a4b64b3f098c85a9 818d8d19f5ab4ef9b564e1b65cead789 - - default default] 10.0.0.185 "GET /v2.0/ports?device_id=6f0a2bea-3de9-40f7-b7f0-f2caf12c280f HTTP/1.1" status: 200 len: 1174 time: 0.0367198
2026-07-15 06:07:46.028 9 INFO neutron.wsgi [req-86e1f437-740c-4a7b-9966-ecfd9a503615 req-57c89c31-38fb-4e3e-91a5-1fb68b403cc2 ad9edbd11ff845e1a4b64b3f098c85a9 818d8d19f5ab4ef9b564e1b65cead789 - - default default] 10.0.0.185 "GET /v2.0/security-groups?id=ea6019c1-06b3-46d2-b399-4e116a2be5dd&fields=id&fields=name HTTP/1.1" status: 200 len: 286 time: 0.0358696
2026-07-15 06:07:47.136 9 INFO neutron.wsgi [req-72b4a599-8614-4cd7-b182-82e9b4c9c411 req-734db326-6bff-42aa-838e-177ac6604a3a ad9edbd11ff845e1a4b64b3f098c85a9 818d8d19f5ab4ef9b564e1b65cead789 - - default default] 10.0.0.185 "GET /v2.0/ports?device_id=6f0a2bea-3de9-40f7-b7f0-f2caf12c280f HTTP/1.1" status: 200 len: 1174 time: 0.0403881
2026-07-15 06:07:47.185 9 INFO neutron.wsgi [req-72b4a599-8614-4cd7-b182-82e9b4c9c411 req-7e72ecad-c84c-4c68-9d91-6ee048cdc086 ad9edbd11ff845e1a4b64b3f098c85a9 818d8d19f5ab4ef9b564e1b65cead789 - - default default] 10.0.0.185 "GET /v2.0/security-groups?id=ea6019c1-06b3-46d2-b399-4e116a2be5dd&fields=id&fields=name HTTP/1.1" status: 200 len: 286 time: 0.0382886
2026-07-15 06:07:47.388 9 INFO neutron.notifiers.nova [-] Nova event matching ['req-d959bf6b-662d-4b76-a657-079a08eaa8e6'] response: {'server_uuid': '6f0a2bea-3de9-40f7-b7f0-f2caf12c280f', 'name': 'network-vif-plugged', 'status': 'completed', 'tag': '1d17d054-38a4-4b3a-96a8-63852f3088f5', 'code': 200}
2026-07-15 06:07:47.712 9 INFO neutron.plugins.ml2.drivers.ovn.mech_driver.mech_driver [None req-2052610e-e2e3-4021-9f7b-abd298d398dc - - - - - -] OVN reports status down for port: 1d17d054-38a4-4b3a-96a8-63852f3088f5
2026-07-15 06:07:47.766 9 INFO neutron.wsgi [req-04d12a7e-729b-405e-a313-d83e886f23b8 req-d1bbeaf7-8bf4-40e7-9495-f8c850552f63 ad9edbd11ff845e1a4b64b3f098c85a9 818d8d19f5ab4ef9b564e1b65cead789 - - default default] 10.0.0.185 "GET /v2.0/ports?device_id=6f0a2bea-3de9-40f7-b7f0-f2caf12c280f HTTP/1.1" status: 200 len: 1174 time: 0.1138108
2026-07-15 06:07:47.815 9 INFO neutron.wsgi [req-04d12a7e-729b-405e-a313-d83e886f23b8 req-5ce16fda-26ef-413b-8690-a5a906181426 ad9edbd11ff845e1a4b64b3f098c85a9 818d8d19f5ab4ef9b564e1b65cead789 - - default default] 10.0.0.185 "GET /v2.0/security-groups?id=ea6019c1-06b3-46d2-b399-4e116a2be5dd&fields=id&fields=name HTTP/1.1" status: 200 len: 286 time: 0.0435722
2026-07-15 06:07:48.050 9 INFO neutron.db.ovn_revision_numbers_db [None req-2052610e-e2e3-4021-9f7b-abd298d398dc - - - - - -] Successfully bumped revision number for resource 1d17d054-38a4-4b3a-96a8-63852f3088f5 (type: ports) to 5
2026-07-15 06:07:48.091 10 INFO neutron.wsgi [req-8178fbd8-a257-4ddf-8e32-34f79d56ab1a req-7d6217d9-11f1-4cc1-ad09-ec4d57fb6148 ad9edbd11ff845e1a4b64b3f098c85a9 818d8d19f5ab4ef9b564e1b65cead789 - - default default] 199.204.45.153 "GET /v2.0/ports?device_id=6f0a2bea-3de9-40f7-b7f0-f2caf12c280f HTTP/1.1" status: 200 len: 1172 time: 0.1046779
2026-07-15 06:07:48.412 10 INFO neutron.wsgi [req-8178fbd8-a257-4ddf-8e32-34f79d56ab1a req-8a4acdf7-35b2-493e-8aec-795c533d1464 ad9edbd11ff845e1a4b64b3f098c85a9 818d8d19f5ab4ef9b564e1b65cead789 - - default default] 199.204.45.153 "DELETE /v2.0/ports/1d17d054-38a4-4b3a-96a8-63852f3088f5 HTTP/1.1" status: 204 len: 173 time: 0.3156650
2026-07-15 06:07:48.462 10 INFO neutron.notifiers.nova [-] Nova event matching ['req-769d9591-7947-4d1e-8954-932a146db5c1'] response: {'server_uuid': '6f0a2bea-3de9-40f7-b7f0-f2caf12c280f', 'name': 'network-vif-deleted', 'tag': '1d17d054-38a4-4b3a-96a8-63852f3088f5', 'status': 'completed', 'code': 200}
2026-07-15 06:07:49.425 9 INFO neutron.notifiers.nova [-] Nova event matching ['req-92300941-643e-4939-848c-cb37a495eea1'] response: {'server_uuid': '6f0a2bea-3de9-40f7-b7f0-f2caf12c280f', 'name': 'network-vif-unplugged', 'status': 'completed', 'tag': '1d17d054-38a4-4b3a-96a8-63852f3088f5', 'code': 200}
2026-07-15 06:07:49.425 9 INFO neutron.notifiers.nova [-] Nova event matching ['req-92300941-643e-4939-848c-cb37a495eea1'] response: {'server_uuid': '6f0a2bea-3de9-40f7-b7f0-f2caf12c280f', 'name': 'network-vif-plugged', 'status': 'completed', 'tag': '1d17d054-38a4-4b3a-96a8-63852f3088f5', 'code': 200}
2026-07-15 06:07:51.091 9 INFO neutron.wsgi [-] 10.0.0.240 "GET / HTTP/1.1" status: 200 len: 246 time: 0.0030603
2026-07-15 06:07:51.095 9 INFO neutron.wsgi [-] 10.0.0.240 "GET / HTTP/1.1" status: 200 len: 246 time: 0.0026262 /var/lib/openstack/lib/python3.10/site-packages/pycadf/identifier.py:71: UserWarning: Invalid uuid: neutron. To ensure interoperability, identifiers should be a valid uuid. warnings.warn(('Invalid uuid: %s. To ensure interoperability, '
2026-07-15 06:07:51.408 9 INFO neutron.wsgi [req-d497e78c-d48b-4c7c-8a27-9e088f133f8a req-9e128b3b-a450-49b9-9352-b5580813630f 6e804047cfd843ecb310531e10430430 f86012f3d9444bdcb1848b7214d0850f - - default default] 10.0.0.185 "GET /v2.0/ports?device_id=f364f005-1d11-428c-bde9-ff80cbe5581a HTTP/1.1" status: 200 len: 1214 time: 0.1118193
2026-07-15 06:07:51.461 9 INFO neutron.wsgi [req-d497e78c-d48b-4c7c-8a27-9e088f133f8a req-24700ecb-6ca2-48f5-9d31-ddc9efec354a 6e804047cfd843ecb310531e10430430 f86012f3d9444bdcb1848b7214d0850f - - default default] 10.0.0.185 "GET /v2.0/security-groups?id=de16ec29-66a5-40ef-a095-7652ffb2449f&id=1834a443-f5f0-4208-ba14-ab04d075d9e9&fields=id&fields=name HTTP/1.1" status: 200 len: 404 time: 0.0447681
2026-07-15 06:07:51.488 10 INFO neutron.wsgi [None req-2a382311-f2f6-4834-9770-fb6173d7fde1 b12c0261aabc4148a8d14edbab9a42f1 4faf39b8e0cd4b7f8a7fa5fe4a037441 - - default default] 10.0.0.193 "PUT /v2.0/routers/8ddad014-c782-4850-9bd1-917a41a68e2f/remove_router_interface HTTP/1.1" status: 200 len: 503 time: 1.4507446 /var/lib/openstack/lib/python3.10/site-packages/pycadf/identifier.py:71: UserWarning: Invalid uuid: neutron. To ensure interoperability, identifiers should be a valid uuid. warnings.warn(('Invalid uuid: %s. To ensure interoperability, '
2026-07-15 06:07:51.623 9 INFO neutron.wsgi [None req-7b4f89e6-8983-4fc9-85d3-3d704969aad8 1c1f76c4bc9041b49367321b4c2da676 2ae45c80f39d469f957c02e97ccc9b74 - - default default] 10.0.0.193 "GET /v2.0/ports?device_id=f364f005-1d11-428c-bde9-ff80cbe5581a HTTP/1.1" status: 200 len: 1447 time: 0.1330431
2026-07-15 06:07:51.691 9 INFO neutron.wsgi [None req-5b7194da-dc5c-495f-927c-737d679be2e9 6e804047cfd843ecb310531e10430430 f86012f3d9444bdcb1848b7214d0850f - - default default] 10.0.0.193 "GET /v2.0/floatingips?floating_network_id=bb37d091-3fbb-434e-9180-8c3496af7ade&port_id=be1831be-c737-4798-be59-a89730b2497c HTTP/1.1" status: 200 len: 1055 time: 0.0618918
2026-07-15 06:07:51.935 10 INFO neutron.wsgi [req-f27cef75-19ac-4f8b-9841-25bc6d98a46d req-ac8a5a84-42b8-48c8-be03-768eb71de476 5ddb7c26a91f4aee83815da130d7fc8c 642a17d38a284a24b594effabaf0fd35 - - 2d0863a0ba5346be999fbb03d6fa654f 2d0863a0ba5346be999fbb03d6fa654f] 10.0.0.55 "GET /v2.0/ports?device_id=f364f005-1d11-428c-bde9-ff80cbe5581a HTTP/1.1" status: 200 len: 1452 time: 0.0443544
2026-07-15 06:07:51.941 9 INFO neutron.wsgi [req-48f40db8-e0c9-4a1c-bc8c-6725086ffe27 req-7f14ec5e-1343-401f-a421-bcb2b2efc673 5ddb7c26a91f4aee83815da130d7fc8c 642a17d38a284a24b594effabaf0fd35 - - 2d0863a0ba5346be999fbb03d6fa654f 2d0863a0ba5346be999fbb03d6fa654f] 10.0.0.55 "GET /v2.0/ports?device_id=ead5e4bb-b5a4-4b16-84d6-289adedee71f HTTP/1.1" status: 200 len: 1409 time: 0.0329292
2026-07-15 06:07:51.984 9 INFO neutron.wsgi [req-48f40db8-e0c9-4a1c-bc8c-6725086ffe27 req-6a6b95db-a690-4235-9bd0-2732ed969a1d 5ddb7c26a91f4aee83815da130d7fc8c 642a17d38a284a24b594effabaf0fd35 - - 2d0863a0ba5346be999fbb03d6fa654f 2d0863a0ba5346be999fbb03d6fa654f] 10.0.0.55 "GET /v2.0/security-groups?id=471cb338-4b49-4373-a09c-17946bfdcd84&fields=id&fields=name HTTP/1.1" status: 200 len: 312 time: 0.0344880
2026-07-15 06:07:51.985 10 INFO neutron.wsgi [req-f27cef75-19ac-4f8b-9841-25bc6d98a46d req-d03fb14c-7d71-49f6-a867-30ab003e45e3 5ddb7c26a91f4aee83815da130d7fc8c 642a17d38a284a24b594effabaf0fd35 - - 2d0863a0ba5346be999fbb03d6fa654f 2d0863a0ba5346be999fbb03d6fa654f] 10.0.0.55 "GET /v2.0/security-groups?id=de16ec29-66a5-40ef-a095-7652ffb2449f&id=1834a443-f5f0-4208-ba14-ab04d075d9e9&fields=id&fields=name HTTP/1.1" status: 200 len: 404 time: 0.0428777
2026-07-15 06:07:52.100 10 INFO neutron.wsgi [None req-85fd5fcf-0fc0-42ac-af6b-857566d3040c b12c0261aabc4148a8d14edbab9a42f1 4faf39b8e0cd4b7f8a7fa5fe4a037441 - - default default] 10.0.0.193 "DELETE /v2.0/routers/8ddad014-c782-4850-9bd1-917a41a68e2f HTTP/1.1" status: 204 len: 168 time: 0.6084020
2026-07-15 06:07:52.321 9 INFO neutron.wsgi [None req-aade97ae-5eba-470d-9e01-425a6250d62c b12c0261aabc4148a8d14edbab9a42f1 4faf39b8e0cd4b7f8a7fa5fe4a037441 - - default default] 10.0.0.193 "DELETE /v2.0/subnets/c8cd106e-53cc-4a86-9003-bc462f40f291 HTTP/1.1" status: 204 len: 168 time: 0.2161717
2026-07-15 06:07:52.630 10 INFO neutron.services.segments.plugin [-] Segment f9adf5cb-b43e-4dfd-bd1b-24674d840fa0 resource provider aggregate not found
2026-07-15 06:07:52.648 10 INFO neutron.services.segments.plugin [-] Segment f9adf5cb-b43e-4dfd-bd1b-24674d840fa0 resource provider aggregate not found
2026-07-15 06:07:52.655 10 INFO neutron.services.segments.plugin [-] Segment f9adf5cb-b43e-4dfd-bd1b-24674d840fa0 resource provider not found; error: Placement Client Error (4xx): {"errors": [{"status": 404, "title": "Not Found", "detail": "The resource could not be found.\n\n No resource provider with uuid f9adf5cb-b43e-4dfd-bd1b-24674d840fa0 found for delete ", "request_id": "req-73a184ba-65cd-45a3-81fd-86ba2ca5b559"}]}
2026-07-15 06:07:52.665 10 INFO neutron.services.segments.plugin [-] Segment f9adf5cb-b43e-4dfd-bd1b-24674d840fa0 resource provider not found; error: Placement Client Error (4xx): {"errors": [{"status": 404, "title": "Not Found", "detail": "The resource could not be found.\n\n No resource provider with uuid f9adf5cb-b43e-4dfd-bd1b-24674d840fa0 found for delete ", "request_id": "req-2b646cfc-6b76-434e-a3c9-98bce7bd29e2"}]}
2026-07-15 06:07:52.693 10 INFO neutron.wsgi [None req-91951be2-9712-4abe-8bbc-03899d444c2e b12c0261aabc4148a8d14edbab9a42f1 4faf39b8e0cd4b7f8a7fa5fe4a037441 - - default default] 10.0.0.193 "DELETE /v2.0/networks/ad68545e-866d-4d88-bfc9-f772cbe53fc7 HTTP/1.1" status: 204 len: 168 time: 0.3673620
2026-07-15 06:07:52.834 10 INFO neutron.wsgi [None req-f6fdf177-81fc-4b45-954c-cdcadab72b3a b12c0261aabc4148a8d14edbab9a42f1 4faf39b8e0cd4b7f8a7fa5fe4a037441 - - default default] 10.0.0.193 "GET /v2.0/security-groups?tenant_id=818d8d19f5ab4ef9b564e1b65cead789&name=default HTTP/1.1" status: 200 len: 2996 time: 0.0403383
2026-07-15 06:07:53.014 10 INFO neutron.wsgi [None req-4cef906c-bf34-431d-8506-21db995655f1 b12c0261aabc4148a8d14edbab9a42f1 4faf39b8e0cd4b7f8a7fa5fe4a037441 - - default default] 10.0.0.193 "DELETE /v2.0/security-groups/ea6019c1-06b3-46d2-b399-4e116a2be5dd HTTP/1.1" status: 204 len: 168 time: 0.1720397
2026-07-15 06:07:53.977 9 INFO neutron.wsgi [req-95ca1d2e-4952-456b-a0b9-e4c0fdfd9891 req-a59dd0a7-f938-491a-859c-925fb33d074e 6e804047cfd843ecb310531e10430430 f86012f3d9444bdcb1848b7214d0850f - - default default] 10.0.0.185 "GET /v2.0/ports?device_id=f364f005-1d11-428c-bde9-ff80cbe5581a HTTP/1.1" status: 200 len: 1214 time: 0.0440068
2026-07-15 06:07:53.994 10 INFO neutron.plugins.ml2.drivers.ovn.mech_driver.mech_driver [None req-075daebd-3661-410b-84e4-7c0e99986985 - - - - - -] OVN reports status down for port: be1831be-c737-4798-be59-a89730b2497c
2026-07-15 06:07:54.037 9 INFO neutron.wsgi [req-95ca1d2e-4952-456b-a0b9-e4c0fdfd9891 req-8b32a4f7-ecc3-45f9-be59-2c5316e8f576 6e804047cfd843ecb310531e10430430 f86012f3d9444bdcb1848b7214d0850f - - default default] 10.0.0.185 "GET /v2.0/security-groups?id=de16ec29-66a5-40ef-a095-7652ffb2449f&id=1834a443-f5f0-4208-ba14-ab04d075d9e9&fields=id&fields=name HTTP/1.1" status: 200 len: 404 time: 0.0511286
2026-07-15 06:07:54.166 10 INFO neutron.notifiers.nova [-] Nova event matching ['req-6d95eb9c-a387-4ee8-baa3-2e4cbe587afa'] response: {'server_uuid': 'f364f005-1d11-428c-bde9-ff80cbe5581a', 'name': 'network-vif-unplugged', 'status': 'completed', 'tag': 'be1831be-c737-4798-be59-a89730b2497c', 'code': 200}
2026-07-15 06:07:54.383 10 INFO neutron.db.ovn_revision_numbers_db [None req-075daebd-3661-410b-84e4-7c0e99986985 - - - - - -] Successfully bumped revision number for resource be1831be-c737-4798-be59-a89730b2497c (type: ports) to 5
2026-07-15 06:07:54.416 10 INFO neutron.wsgi [req-407544b8-dc52-460d-b6f5-1cacf7aae042 req-401617f8-2aeb-40ce-97fb-c2a4a05d7b4b 6e804047cfd843ecb310531e10430430 f86012f3d9444bdcb1848b7214d0850f - - default default] 199.204.45.153 "GET /v2.0/ports?device_id=f364f005-1d11-428c-bde9-ff80cbe5581a HTTP/1.1" status: 200 len: 1212 time: 0.1447520
2026-07-15 06:07:54.492 9 INFO neutron.wsgi [None req-690ef6c4-07dd-4aa1-a001-22d026c107de e5e0fb10bdde483893f47ba5c54a845b 8c2bde455c544a4cb6567d72e6b7a011 - - default default] 10.0.0.193 "GET /v2.0/ports?project_id=cca1ba5c55d74768b3f4315d60fa5952&network_id=09711e01-864e-446b-a0e0-06dc7d11a52c HTTP/1.1" status: 200 len: 3510 time: 0.0502894
2026-07-15 06:07:54.782 9 INFO neutron.wsgi [None req-10bdddb7-5580-43c2-8a89-a707d0e1c398 e5e0fb10bdde483893f47ba5c54a845b 8c2bde455c544a4cb6567d72e6b7a011 - - default default] 10.0.0.193 "GET /v2.0/subnets?network_id=bb37d091-3fbb-434e-9180-8c3496af7ade HTTP/1.1" status: 200 len: 838 time: 0.0413487
2026-07-15 06:07:54.802 10 INFO neutron.db.l3_db [req-407544b8-dc52-460d-b6f5-1cacf7aae042 req-9657140f-da7f-45f9-86b5-ae677862b400 6e804047cfd843ecb310531e10430430 f86012f3d9444bdcb1848b7214d0850f - - default default] Floating IP a3cb5d13-bdcd-456e-9ded-ba50b13b8810 disassociated. External IP: 10.96.250.204, port: be1831be-c737-4798-be59-a89730b2497c.
2026-07-15 06:07:55.102 10 INFO neutron.wsgi [req-407544b8-dc52-460d-b6f5-1cacf7aae042 req-9657140f-da7f-45f9-86b5-ae677862b400 6e804047cfd843ecb310531e10430430 f86012f3d9444bdcb1848b7214d0850f - - default default] 199.204.45.153 "DELETE /v2.0/ports/be1831be-c737-4798-be59-a89730b2497c HTTP/1.1" status: 204 len: 173 time: 0.6792669
2026-07-15 06:07:55.107 9 INFO neutron.db.l3_db [None req-7dd6577f-f4f7-4994-8470-9150c2bb608c 6373aa55fe2e48d78ece068c1200a8aa cca1ba5c55d74768b3f4315d60fa5952 - - default default] Floating IP 9f5257f3-6b72-4675-b19d-115ff8845312 disassociated. External IP: 10.96.250.214, port: f3ed9219-bd9a-4bfa-a904-c66756411d1b.
2026-07-15 06:07:55.119 9 INFO neutron.wsgi [req-48b20805-9d70-4590-8c7d-40c90c551637 req-162cce69-c9e1-4c15-8058-78c452562fef 6e804047cfd843ecb310531e10430430 f86012f3d9444bdcb1848b7214d0850f - - default default] 10.0.0.185 "GET /v2.0/ports?device_id=f364f005-1d11-428c-bde9-ff80cbe5581a HTTP/1.1" status: 200 len: 210 time: 0.0241699
2026-07-15 06:07:55.193 9 INFO neutron.db.ovn_revision_numbers_db [None req-7dd6577f-f4f7-4994-8470-9150c2bb608c 6373aa55fe2e48d78ece068c1200a8aa cca1ba5c55d74768b3f4315d60fa5952 - - default default] Successfully bumped revision number for resource 9f5257f3-6b72-4675-b19d-115ff8845312 (type: floatingips) to 2
2026-07-15 06:07:55.286 9 INFO neutron.wsgi [None req-7dd6577f-f4f7-4994-8470-9150c2bb608c 6373aa55fe2e48d78ece068c1200a8aa cca1ba5c55d74768b3f4315d60fa5952 - - default default] 10.0.0.193 "PUT /v2.0/floatingips/9f5257f3-6b72-4675-b19d-115ff8845312 HTTP/1.1" status: 200 len: 748 time: 0.3293338 /var/lib/openstack/lib/python3.10/site-packages/pycadf/identifier.py:71: UserWarning: Invalid uuid: neutron. To ensure interoperability, identifiers should be a valid uuid. warnings.warn(('Invalid uuid: %s. To ensure interoperability, '
2026-07-15 06:07:55.329 9 INFO neutron.notifiers.nova [-] Nova event matching ['req-c62c1cf7-9488-4ca0-aa94-405ea20a90ed'] response: {'name': 'network-changed', 'server_uuid': 'ead5e4bb-b5a4-4b16-84d6-289adedee71f', 'tag': 'f3ed9219-bd9a-4bfa-a904-c66756411d1b', 'status': 'completed', 'code': 200}
2026-07-15 06:07:55.339 10 INFO neutron.wsgi [None req-1263c111-9b1b-44b5-935f-354e17311979 6373aa55fe2e48d78ece068c1200a8aa cca1ba5c55d74768b3f4315d60fa5952 - - default default] 10.0.0.193 "GET /v2.0/floatingips/9f5257f3-6b72-4675-b19d-115ff8845312 HTTP/1.1" status: 200 len: 746 time: 0.0460329
2026-07-15 06:07:55.407 10 INFO neutron.wsgi [req-e5007b10-dadc-44d8-948e-b067cf84ea02 req-d9ec6b4e-7e68-4918-97f4-2eeb4d8b8dae 5ddb7c26a91f4aee83815da130d7fc8c 642a17d38a284a24b594effabaf0fd35 - - 2d0863a0ba5346be999fbb03d6fa654f 2d0863a0ba5346be999fbb03d6fa654f] 199.204.45.153 "GET /v2.0/ports?tenant_id=cca1ba5c55d74768b3f4315d60fa5952&device_id=ead5e4bb-b5a4-4b16-84d6-289adedee71f HTTP/1.1" status: 200 len: 1409 time: 0.0484097
2026-07-15 06:07:55.476 10 INFO neutron.wsgi [req-e5007b10-dadc-44d8-948e-b067cf84ea02 req-79a45974-b4cb-4e89-9b6c-a7a3b45a87a7 5ddb7c26a91f4aee83815da130d7fc8c 642a17d38a284a24b594effabaf0fd35 - - 2d0863a0ba5346be999fbb03d6fa654f 2d0863a0ba5346be999fbb03d6fa654f] 199.204.45.153 "GET /v2.0/networks?id=09711e01-864e-446b-a0e0-06dc7d11a52c HTTP/1.1" status: 200 len: 959 time: 0.0642281
2026-07-15 06:07:55.507 10 INFO neutron.wsgi [req-e5007b10-dadc-44d8-948e-b067cf84ea02 req-c95ab059-6625-477a-982e-2d83b2e488a0 5ddb7c26a91f4aee83815da130d7fc8c 642a17d38a284a24b594effabaf0fd35 - - 2d0863a0ba5346be999fbb03d6fa654f 2d0863a0ba5346be999fbb03d6fa654f] 199.204.45.153 "GET /v2.0/floatingips?fixed_ip_address=10.100.0.4&port_id=f3ed9219-bd9a-4bfa-a904-c66756411d1b HTTP/1.1" status: 200 len: 217 time: 0.0244520
2026-07-15 06:07:55.555 10 INFO neutron.wsgi [req-e5007b10-dadc-44d8-948e-b067cf84ea02 req-305b1832-bd41-4760-8b91-93df87238670 5ddb7c26a91f4aee83815da130d7fc8c 642a17d38a284a24b594effabaf0fd35 - - 2d0863a0ba5346be999fbb03d6fa654f 2d0863a0ba5346be999fbb03d6fa654f] 199.204.45.153 "GET /v2.0/subnets?id=2b5f4103-be54-465e-afda-13c9383b90a0 HTTP/1.1" status: 200 len: 852 time: 0.0406265
2026-07-15 06:07:55.578 10 INFO neutron.wsgi [req-e5007b10-dadc-44d8-948e-b067cf84ea02 req-e98abc02-d9b2-4809-ad08-6b1f472ea5dc 5ddb7c26a91f4aee83815da130d7fc8c 642a17d38a284a24b594effabaf0fd35 - - 2d0863a0ba5346be999fbb03d6fa654f 2d0863a0ba5346be999fbb03d6fa654f] 199.204.45.153 "GET /v2.0/ports?network_id=09711e01-864e-446b-a0e0-06dc7d11a52c&device_owner=network%3Adhcp HTTP/1.1" status: 200 len: 210 time: 0.0181370
2026-07-15 06:07:55.656 10 INFO neutron.wsgi [req-e5007b10-dadc-44d8-948e-b067cf84ea02 req-65e49293-86b0-4cfe-8299-6d12f69ce183 5ddb7c26a91f4aee83815da130d7fc8c 642a17d38a284a24b594effabaf0fd35 - - 2d0863a0ba5346be999fbb03d6fa654f 2d0863a0ba5346be999fbb03d6fa654f] 199.204.45.153 "GET /v2.0/networks/09711e01-864e-446b-a0e0-06dc7d11a52c?fields=segments HTTP/1.1" status: 200 len: 212 time: 0.0688124
2026-07-15 06:07:55.729 10 INFO neutron.wsgi [req-e5007b10-dadc-44d8-948e-b067cf84ea02 req-fdbc61fb-c933-47ae-aadd-5576ffa02009 5ddb7c26a91f4aee83815da130d7fc8c 642a17d38a284a24b594effabaf0fd35 - - 2d0863a0ba5346be999fbb03d6fa654f 2d0863a0ba5346be999fbb03d6fa654f] 199.204.45.153 "GET /v2.0/networks/09711e01-864e-446b-a0e0-06dc7d11a52c?fields=provider%3Aphysical_network&fields=provider%3Anetwork_type HTTP/1.1" status: 200 len: 277 time: 0.0662842
2026-07-15 06:07:56.212 10 INFO neutron.notifiers.nova [-] Nova event matching ['req-366c34d5-fc7c-4e7f-8f10-1569206fe51d'] response: {'server_uuid': 'f364f005-1d11-428c-bde9-ff80cbe5581a', 'name': 'network-vif-plugged', 'status': 'completed', 'tag': 'be1831be-c737-4798-be59-a89730b2497c', 'code': 200}
2026-07-15 06:07:56.212 10 INFO neutron.notifiers.nova [-] Nova event matching ['req-366c34d5-fc7c-4e7f-8f10-1569206fe51d'] response: {'server_uuid': 'f364f005-1d11-428c-bde9-ff80cbe5581a', 'name': 'network-vif-deleted', 'tag': 'be1831be-c737-4798-be59-a89730b2497c', 'status': 'completed', 'code': 200}
2026-07-15 06:07:56.397 10 INFO neutron.wsgi [None req-4feb7d3f-0f08-4783-b2ac-0d5761dc5d8a 6e804047cfd843ecb310531e10430430 f86012f3d9444bdcb1848b7214d0850f - - default default] 10.0.0.193 "DELETE /v2.0/security-groups/de16ec29-66a5-40ef-a095-7652ffb2449f HTTP/1.1" status: 204 len: 168 time: 0.1175191 /var/lib/openstack/lib/python3.10/site-packages/pycadf/identifier.py:71: UserWarning: Invalid uuid: neutron. To ensure interoperability, identifiers should be a valid uuid. warnings.warn(('Invalid uuid: %s. To ensure interoperability, '
2026-07-15 06:07:56.412 10 INFO neutron.api.v2.resource [None req-73af9bc8-0b14-4f25-8e02-69d3adcb8918 6e804047cfd843ecb310531e10430430 f86012f3d9444bdcb1848b7214d0850f - - default default] show failed (client error): The resource could not be found.
2026-07-15 06:07:56.414 10 INFO neutron.wsgi [None req-73af9bc8-0b14-4f25-8e02-69d3adcb8918 6e804047cfd843ecb310531e10430430 f86012f3d9444bdcb1848b7214d0850f - - default default] 10.0.0.193 "GET /v2.0/security-groups/de16ec29-66a5-40ef-a095-7652ffb2449f HTTP/1.1" status: 404 len: 347 time: 0.0120196
2026-07-15 06:07:56.559 9 INFO neutron.db.ovn_revision_numbers_db [None req-b9109716-e428-4c3e-9cb8-ed3fe2e02a55 6373aa55fe2e48d78ece068c1200a8aa cca1ba5c55d74768b3f4315d60fa5952 - - default default] Successfully bumped revision number for resource 9955f813-8999-44f2-8731-0aea95340ac5 (type: security_groups) to 1
2026-07-15 06:07:56.586 9 INFO neutron.db.ovn_revision_numbers_db [None req-b9109716-e428-4c3e-9cb8-ed3fe2e02a55 6373aa55fe2e48d78ece068c1200a8aa cca1ba5c55d74768b3f4315d60fa5952 - - default default] Successfully bumped revision number for resource 49d6632c-db9c-478e-9ce0-56245ca28a43 (type: security_group_rules) to 0
2026-07-15 06:07:56.834 9 INFO neutron.db.ovn_revision_numbers_db [None req-b9109716-e428-4c3e-9cb8-ed3fe2e02a55 6373aa55fe2e48d78ece068c1200a8aa cca1ba5c55d74768b3f4315d60fa5952 - - default default] Successfully bumped revision number for resource 866e6920-ceda-4194-ad71-c21d54259340 (type: security_group_rules) to 0
2026-07-15 06:07:56.863 9 INFO neutron.wsgi [None req-b9109716-e428-4c3e-9cb8-ed3fe2e02a55 6373aa55fe2e48d78ece068c1200a8aa cca1ba5c55d74768b3f4315d60fa5952 - - default default] 10.0.0.193 "POST /v2.0/security-groups HTTP/1.1" status: 201 len: 1811 time: 0.4670184
2026-07-15 06:07:56.977 10 INFO neutron.db.ovn_revision_numbers_db [None req-d98dbc2e-5bbe-430a-97f9-6f65e3e4a665 6373aa55fe2e48d78ece068c1200a8aa cca1ba5c55d74768b3f4315d60fa5952 - - default default] Successfully bumped revision number for resource 5b6199be-8591-4917-88bf-d64f3d5561d7 (type: security_group_rules) to 0
2026-07-15 06:07:56.989 9 INFO neutron.wsgi [None req-6afbc894-e8c1-45f9-ab56-eb6211a02068 6e804047cfd843ecb310531e10430430 f86012f3d9444bdcb1848b7214d0850f - - default default] 10.0.0.193 "DELETE /v2.0/floatingips/a3cb5d13-bdcd-456e-9ded-ba50b13b8810 HTTP/1.1" status: 204 len: 168 time: 0.5703106
2026-07-15 06:07:57.004 10 INFO neutron.wsgi [None req-d98dbc2e-5bbe-430a-97f9-6f65e3e4a665 6373aa55fe2e48d78ece068c1200a8aa cca1ba5c55d74768b3f4315d60fa5952 - - default default] 10.0.0.193 "POST /v2.0/security-group-rules HTTP/1.1" status: 201 len: 764 time: 0.1384382
2026-07-15 06:07:57.128 10 INFO neutron.db.ovn_revision_numbers_db [None req-efe84b35-a942-4aea-8927-1dfcb6cd4230 6373aa55fe2e48d78ece068c1200a8aa cca1ba5c55d74768b3f4315d60fa5952 - - default default] Successfully bumped revision number for resource 7117c406-00e2-40e4-a901-b002a79c5a94 (type: security_group_rules) to 0
2026-07-15 06:07:57.129 9 INFO neutron.wsgi [None req-9518a361-f8a4-419c-86eb-9b4c18bccf32 6e804047cfd843ecb310531e10430430 f86012f3d9444bdcb1848b7214d0850f - - default default] 10.0.0.193 "DELETE /v2.0/security-groups/1834a443-f5f0-4208-ba14-ab04d075d9e9 HTTP/1.1" status: 204 len: 168 time: 0.1339138
2026-07-15 06:07:57.150 10 INFO neutron.wsgi [None req-efe84b35-a942-4aea-8927-1dfcb6cd4230 6373aa55fe2e48d78ece068c1200a8aa cca1ba5c55d74768b3f4315d60fa5952 - - default default] 10.0.0.193 "POST /v2.0/security-group-rules HTTP/1.1" status: 201 len: 763 time: 0.1401491
2026-07-15 06:07:57.387 10 INFO neutron.db.ovn_revision_numbers_db [None req-6910a8f1-e24a-483b-b82f-ff63a44134c5 6373aa55fe2e48d78ece068c1200a8aa cca1ba5c55d74768b3f4315d60fa5952 - - default default] Successfully bumped revision number for resource 1a6627dc-9a99-49f1-b7e3-7182ddf3b733 (type: security_group_rules) to 0
2026-07-15 06:07:57.428 10 INFO neutron.wsgi [None req-6910a8f1-e24a-483b-b82f-ff63a44134c5 6373aa55fe2e48d78ece068c1200a8aa cca1ba5c55d74768b3f4315d60fa5952 - - default default] 10.0.0.193 "POST /v2.0/security-group-rules HTTP/1.1" status: 201 len: 769 time: 0.2728283
2026-07-15 06:07:57.547 9 INFO neutron.db.ovn_revision_numbers_db [None req-2ad2b14b-9f4b-47c1-9d4f-f33136323c25 6373aa55fe2e48d78ece068c1200a8aa cca1ba5c55d74768b3f4315d60fa5952 - - default default] Successfully bumped revision number for resource 87bf2510-a31d-4b18-9ca5-25cfc7a57f36 (type: security_group_rules) to 0
2026-07-15 06:07:57.569 9 INFO neutron.wsgi [None req-2ad2b14b-9f4b-47c1-9d4f-f33136323c25 6373aa55fe2e48d78ece068c1200a8aa cca1ba5c55d74768b3f4315d60fa5952 - - default default] 10.0.0.193 "POST /v2.0/security-group-rules HTTP/1.1" status: 201 len: 768 time: 0.1338573
2026-07-15 06:07:57.614 9 INFO neutron.db.securitygroups_db [None req-e3bbad32-171b-4c4a-be25-5f23751fc98e 6373aa55fe2e48d78ece068c1200a8aa cca1ba5c55d74768b3f4315d60fa5952 - - default default] Project cca1ba5c55d74768b3f4315d60fa5952 added a security group rule with legacy IPv6 ICMP protocol name icmp, ipv6-icmp should be used instead. It was automatically converted.
2026-07-15 06:07:57.694 9 INFO neutron.db.ovn_revision_numbers_db [None req-e3bbad32-171b-4c4a-be25-5f23751fc98e 6373aa55fe2e48d78ece068c1200a8aa cca1ba5c55d74768b3f4315d60fa5952 - - default default] Successfully bumped revision number for resource 640498ff-76ca-44a9-97cd-bcc40f4b0aec (type: security_group_rules) to 0
2026-07-15 06:07:57.719 9 INFO neutron.wsgi [None req-e3bbad32-171b-4c4a-be25-5f23751fc98e 6373aa55fe2e48d78ece068c1200a8aa cca1ba5c55d74768b3f4315d60fa5952 - - default default] 10.0.0.193 "POST /v2.0/security-group-rules HTTP/1.1" status: 201 len: 774 time: 0.1433959
2026-07-15 06:07:57.743 9 INFO neutron.db.securitygroups_db [None req-4f7aa9de-5f26-47cc-89ad-0ad037636c22 6373aa55fe2e48d78ece068c1200a8aa cca1ba5c55d74768b3f4315d60fa5952 - - default default] Project cca1ba5c55d74768b3f4315d60fa5952 added a security group rule with legacy IPv6 ICMP protocol name icmp, ipv6-icmp should be used instead. It was automatically converted.
2026-07-15 06:07:57.840 9 INFO neutron.db.ovn_revision_numbers_db [None req-4f7aa9de-5f26-47cc-89ad-0ad037636c22 6373aa55fe2e48d78ece068c1200a8aa cca1ba5c55d74768b3f4315d60fa5952 - - default default] Successfully bumped revision number for resource f6f666ce-cca9-4e1d-ad37-24f3e7915842 (type: security_group_rules) to 0
2026-07-15 06:07:57.866 9 INFO neutron.wsgi [None req-4f7aa9de-5f26-47cc-89ad-0ad037636c22 6373aa55fe2e48d78ece068c1200a8aa cca1ba5c55d74768b3f4315d60fa5952 - - default default] 10.0.0.193 "POST /v2.0/security-group-rules HTTP/1.1" status: 201 len: 773 time: 0.1419313
2026-07-15 06:07:57.925 10 WARNING neutron.scheduler.dhcp_agent_scheduler [None req-601dc685-276e-46df-b82f-7e173b7cc104 38ae035cf99c4874ba6b1662b8fd4f56 289c529eb416447687826771af8771f4 - - default default] No more DHCP agents
2026-07-15 06:07:57.930 10 WARNING neutron.api.rpc.agentnotifiers.dhcp_rpc_agent_api [None req-601dc685-276e-46df-b82f-7e173b7cc104 38ae035cf99c4874ba6b1662b8fd4f56 289c529eb416447687826771af8771f4 - - default default] Unable to schedule network bb37d091-3fbb-434e-9180-8c3496af7ade: no agents available; will retry on subsequent port and subnet creation events.
2026-07-15 06:07:58.312 10 INFO neutron.db.ovn_revision_numbers_db [None req-601dc685-276e-46df-b82f-7e173b7cc104 38ae035cf99c4874ba6b1662b8fd4f56 289c529eb416447687826771af8771f4 - - default default] Successfully bumped revision number for resource 2ad2e260-8a8d-4ffc-8fd2-08bb8284d973 (type: floatingips) to 0
2026-07-15 06:07:58.329 10 INFO neutron.wsgi [None req-601dc685-276e-46df-b82f-7e173b7cc104 38ae035cf99c4874ba6b1662b8fd4f56 289c529eb416447687826771af8771f4 - - default default] 10.0.0.193 "POST /v2.0/floatingips HTTP/1.1" status: 201 len: 751 time: 1.1863010
2026-07-15 06:07:58.382 9 INFO neutron.wsgi [None req-c8d3a8bf-b4d8-415d-8561-d25d3e97c01f 6373aa55fe2e48d78ece068c1200a8aa cca1ba5c55d74768b3f4315d60fa5952 - - default default] 10.0.0.193 "GET /v2.0/networks HTTP/1.1" status: 200 len: 1493 time: 0.1387348
2026-07-15 06:07:58.483 9 INFO neutron.wsgi [req-5ab4dd5e-db40-4bc9-95aa-c40326f349d0 req-c66e3131-adb5-4263-ad85-feb198210e06 6373aa55fe2e48d78ece068c1200a8aa cca1ba5c55d74768b3f4315d60fa5952 - - default default] 10.0.0.185 "GET /v2.0/security-groups?name=tempest-secgroup-smoke-1107059323&fields=id&tenant_id=cca1ba5c55d74768b3f4315d60fa5952 HTTP/1.1" status: 200 len: 267 time: 0.0406046
2026-07-15 06:07:58.550 9 INFO neutron.wsgi [req-5ab4dd5e-db40-4bc9-95aa-c40326f349d0 req-974e18b2-c36b-4511-8407-3c922ac06a48 6373aa55fe2e48d78ece068c1200a8aa cca1ba5c55d74768b3f4315d60fa5952 - - default default] 10.0.0.185 "GET /v2.0/networks?id=09711e01-864e-446b-a0e0-06dc7d11a52c HTTP/1.1" status: 200 len: 860 time: 0.0610504
2026-07-15 06:07:58.563 9 INFO neutron.wsgi [req-5ab4dd5e-db40-4bc9-95aa-c40326f349d0 req-a411db05-74cc-43d7-8dc2-81f1e702ab17 6373aa55fe2e48d78ece068c1200a8aa cca1ba5c55d74768b3f4315d60fa5952 - - default default] 10.0.0.185 "GET /v2.0/quotas/cca1ba5c55d74768b3f4315d60fa5952 HTTP/1.1" status: 200 len: 386 time: 0.0086923
2026-07-15 06:07:58.669 9 INFO neutron.wsgi [req-5ab4dd5e-db40-4bc9-95aa-c40326f349d0 req-74744264-cadf-4959-a101-a05a08c184c1 6373aa55fe2e48d78ece068c1200a8aa cca1ba5c55d74768b3f4315d60fa5952 - - default default] 10.0.0.185 "GET /v2.0/ports?tenant_id=cca1ba5c55d74768b3f4315d60fa5952&fields=id HTTP/1.1" status: 200 len: 348 time: 0.1007793
2026-07-15 06:07:58.690 10 WARNING neutron.scheduler.dhcp_agent_scheduler [None req-0ccc5baf-1538-4e2e-ba86-907eafde4e11 38ae035cf99c4874ba6b1662b8fd4f56 289c529eb416447687826771af8771f4 - - default default] No more DHCP agents
2026-07-15 06:07:58.695 10 WARNING neutron.api.rpc.agentnotifiers.dhcp_rpc_agent_api [None req-0ccc5baf-1538-4e2e-ba86-907eafde4e11 38ae035cf99c4874ba6b1662b8fd4f56 289c529eb416447687826771af8771f4 - - default default] Unable to schedule network bb37d091-3fbb-434e-9180-8c3496af7ade: no agents available; will retry on subsequent port and subnet creation events.
2026-07-15 06:07:58.766 9 INFO neutron.wsgi [req-5ab4dd5e-db40-4bc9-95aa-c40326f349d0 req-ec765c3a-b915-48cb-b879-e626f8c8b60d 5ddb7c26a91f4aee83815da130d7fc8c 642a17d38a284a24b594effabaf0fd35 - - 2d0863a0ba5346be999fbb03d6fa654f 2d0863a0ba5346be999fbb03d6fa654f] 10.0.0.185 "GET /v2.0/networks/09711e01-864e-446b-a0e0-06dc7d11a52c?fields=segments HTTP/1.1" status: 200 len: 212 time: 0.0839820
2026-07-15 06:07:58.829 9 INFO neutron.wsgi [req-5ab4dd5e-db40-4bc9-95aa-c40326f349d0 req-4a87f39d-1117-474b-9161-6ac0088d63e8 5ddb7c26a91f4aee83815da130d7fc8c 642a17d38a284a24b594effabaf0fd35 - - 2d0863a0ba5346be999fbb03d6fa654f 2d0863a0ba5346be999fbb03d6fa654f] 10.0.0.185 "GET /v2.0/networks/09711e01-864e-446b-a0e0-06dc7d11a52c?fields=provider%3Aphysical_network&fields=provider%3Anetwork_type HTTP/1.1" status: 200 len: 277 time: 0.0549948
2026-07-15 06:07:58.839 10 INFO neutron.wsgi [None req-3c29022e-d7e0-45bd-854c-b7fea9c2438d b12c0261aabc4148a8d14edbab9a42f1 4faf39b8e0cd4b7f8a7fa5fe4a037441 - - default default] 10.0.0.193 "PUT /v2.0/routers/469d082f-2772-466f-80a1-2f11819431f8/remove_router_interface HTTP/1.1" status: 200 len: 503 time: 1.6761203
2026-07-15 06:07:58.961 9 INFO neutron.wsgi [req-7abd735c-c88c-44b8-bcb4-88efd859a799 req-7caa755c-278f-44d4-bf8c-3eb116549646 6373aa55fe2e48d78ece068c1200a8aa cca1ba5c55d74768b3f4315d60fa5952 - - default default] 10.0.0.185 "GET /v2.0/ports?device_id=e637c4e1-278c-4fb3-905b-bea50ec0756a HTTP/1.1" status: 200 len: 210 time: 0.0197053
2026-07-15 06:07:59.055 10 INFO neutron.db.ovn_revision_numbers_db [None req-0ccc5baf-1538-4e2e-ba86-907eafde4e11 38ae035cf99c4874ba6b1662b8fd4f56 289c529eb416447687826771af8771f4 - - default default] Successfully bumped revision number for resource d981aa2d-c941-4efc-8b98-4a7802cb736c (type: floatingips) to 0
2026-07-15 06:07:59.070 10 INFO neutron.wsgi [None req-0ccc5baf-1538-4e2e-ba86-907eafde4e11 38ae035cf99c4874ba6b1662b8fd4f56 289c529eb416447687826771af8771f4 - - default default] 10.0.0.193 "POST /v2.0/floatingips HTTP/1.1" status: 201 len: 751 time: 0.7306633 /var/lib/openstack/lib/python3.10/site-packages/pycadf/identifier.py:71: UserWarning: Invalid uuid: neutron. To ensure interoperability, identifiers should be a valid uuid. warnings.warn(('Invalid uuid: %s. To ensure interoperability, '
2026-07-15 06:07:59.352 10 WARNING neutron.scheduler.dhcp_agent_scheduler [None req-3876befd-2917-4e54-a1e3-9d15ee1ab403 38ae035cf99c4874ba6b1662b8fd4f56 289c529eb416447687826771af8771f4 - - default default] No more DHCP agents
2026-07-15 06:07:59.355 10 WARNING neutron.api.rpc.agentnotifiers.dhcp_rpc_agent_api [None req-3876befd-2917-4e54-a1e3-9d15ee1ab403 38ae035cf99c4874ba6b1662b8fd4f56 289c529eb416447687826771af8771f4 - - default default] Unable to schedule network bb37d091-3fbb-434e-9180-8c3496af7ade: no agents available; will retry on subsequent port and subnet creation events.
2026-07-15 06:07:59.439 9 INFO neutron.wsgi [None req-8cdd198b-26cf-4529-ac62-9e831db6b034 b12c0261aabc4148a8d14edbab9a42f1 4faf39b8e0cd4b7f8a7fa5fe4a037441 - - default default] 10.0.0.193 "DELETE /v2.0/routers/469d082f-2772-466f-80a1-2f11819431f8 HTTP/1.1" status: 204 len: 168 time: 0.5927715
2026-07-15 06:07:59.636 9 INFO neutron.wsgi [None req-b9bfc0dc-8b93-4734-a5c3-6d2c8913a57e b12c0261aabc4148a8d14edbab9a42f1 4faf39b8e0cd4b7f8a7fa5fe4a037441 - - default default] 10.0.0.193 "DELETE /v2.0/subnets/adc82eb7-2935-4bee-88a1-453937fd7a23 HTTP/1.1" status: 204 len: 168 time: 0.1927550
2026-07-15 06:07:59.658 10 INFO neutron.wsgi [req-5ab4dd5e-db40-4bc9-95aa-c40326f349d0 req-48da86e7-95cf-44e6-89e8-9e73a6d01fd1 6373aa55fe2e48d78ece068c1200a8aa cca1ba5c55d74768b3f4315d60fa5952 - - default default] 199.204.45.153 "GET /v2.0/networks?id=09711e01-864e-446b-a0e0-06dc7d11a52c HTTP/1.1" status: 200 len: 860 time: 0.0931926
2026-07-15 06:07:59.703 10 INFO neutron.db.ovn_revision_numbers_db [None req-3876befd-2917-4e54-a1e3-9d15ee1ab403 38ae035cf99c4874ba6b1662b8fd4f56 289c529eb416447687826771af8771f4 - - default default] Successfully bumped revision number for resource a3427323-2030-4fb1-bf6a-8c034f47fa9d (type: floatingips) to 0
2026-07-15 06:07:59.720 10 INFO neutron.wsgi [req-5ab4dd5e-db40-4bc9-95aa-c40326f349d0 req-55437a3e-1669-45e7-8d04-3afd502f7971 6373aa55fe2e48d78ece068c1200a8aa cca1ba5c55d74768b3f4315d60fa5952 - - default default] 199.204.45.153 "GET /v2.0/security-groups?fields=id&fields=name&tenant_id=cca1ba5c55d74768b3f4315d60fa5952 HTTP/1.1" status: 200 len: 472 time: 0.0574117
2026-07-15 06:07:59.722 10 INFO neutron.wsgi [None req-3876befd-2917-4e54-a1e3-9d15ee1ab403 38ae035cf99c4874ba6b1662b8fd4f56 289c529eb416447687826771af8771f4 - - default default] 10.0.0.193 "POST /v2.0/floatingips HTTP/1.1" status: 201 len: 751 time: 0.6476994
2026-07-15 06:07:59.999 9 INFO neutron.services.segments.plugin [-] Segment d189ab01-b471-4b42-bf65-0f17074c7fd0 resource provider aggregate not found
2026-07-15 06:08:00.011 9 INFO neutron.services.segments.plugin [-] Segment d189ab01-b471-4b42-bf65-0f17074c7fd0 resource provider aggregate not found
2026-07-15 06:08:00.036 9 INFO neutron.services.segments.plugin [-] Segment d189ab01-b471-4b42-bf65-0f17074c7fd0 resource provider not found; error: Placement Client Error (4xx): {"errors": [{"status": 404, "title": "Not Found", "detail": "The resource could not be found.\n\n No resource provider with uuid d189ab01-b471-4b42-bf65-0f17074c7fd0 found for delete ", "request_id": "req-4083a094-0ff0-45d2-aca9-79347830c620"}]}
2026-07-15 06:08:00.037 9 INFO neutron.services.segments.plugin [-] Segment d189ab01-b471-4b42-bf65-0f17074c7fd0 resource provider not found; error: Placement Client Error (4xx): {"errors": [{"status": 404, "title": "Not Found", "detail": "The resource could not be found.\n\n No resource provider with uuid d189ab01-b471-4b42-bf65-0f17074c7fd0 found for delete ", "request_id": "req-89afbbb9-c7a3-40e7-a06e-2c339b8b974d"}]}
2026-07-15 06:08:00.048 9 INFO neutron.wsgi [req-ad3b8d6f-53b4-4591-a60b-453787d6c0a9 req-ccfef255-936a-48bd-a58c-bbc5e651898b 6373aa55fe2e48d78ece068c1200a8aa cca1ba5c55d74768b3f4315d60fa5952 - - default default] 10.0.0.185 "GET /v2.0/ports?device_id=e637c4e1-278c-4fb3-905b-bea50ec0756a HTTP/1.1" status: 200 len: 210 time: 0.0267069
2026-07-15 06:08:00.051 10 WARNING neutron.scheduler.dhcp_agent_scheduler [None req-3fe73561-0015-471f-886b-8ae998d3428d 38ae035cf99c4874ba6b1662b8fd4f56 289c529eb416447687826771af8771f4 - - default default] No more DHCP agents
2026-07-15 06:08:00.058 10 WARNING neutron.api.rpc.agentnotifiers.dhcp_rpc_agent_api [None req-3fe73561-0015-471f-886b-8ae998d3428d 38ae035cf99c4874ba6b1662b8fd4f56 289c529eb416447687826771af8771f4 - - default default] Unable to schedule network bb37d091-3fbb-434e-9180-8c3496af7ade: no agents available; will retry on subsequent port and subnet creation events.
2026-07-15 06:08:00.075 9 INFO neutron.wsgi [None req-7595b548-74fd-41c0-8d89-08125ded9471 b12c0261aabc4148a8d14edbab9a42f1 4faf39b8e0cd4b7f8a7fa5fe4a037441 - - default default] 10.0.0.193 "DELETE /v2.0/networks/c164c26e-19da-4ec2-bc28-26ad129981e4 HTTP/1.1" status: 204 len: 168 time: 0.4338937
2026-07-15 06:08:00.120 10 WARNING neutron.scheduler.dhcp_agent_scheduler [req-5ab4dd5e-db40-4bc9-95aa-c40326f349d0 req-96f9dfc8-cb39-4a59-b71b-106965cb638f 6373aa55fe2e48d78ece068c1200a8aa cca1ba5c55d74768b3f4315d60fa5952 - - default default] No more DHCP agents
2026-07-15 06:08:00.122 10 WARNING neutron.api.rpc.agentnotifiers.dhcp_rpc_agent_api [req-5ab4dd5e-db40-4bc9-95aa-c40326f349d0 req-96f9dfc8-cb39-4a59-b71b-106965cb638f 6373aa55fe2e48d78ece068c1200a8aa cca1ba5c55d74768b3f4315d60fa5952 - - default default] Unable to schedule network 09711e01-864e-446b-a0e0-06dc7d11a52c: no agents available; will retry on subsequent port and subnet creation events.
