2026-07-15 06:05:52.182 10 INFO neutron.wsgi [req-be93bb15-954e-4903-bf2c-969d487c9b4c req-ea942250-ab5e-44c9-941a-41c7fcebc545 5ddb7c26a91f4aee83815da130d7fc8c 642a17d38a284a24b594effabaf0fd35 - - 2d0863a0ba5346be999fbb03d6fa654f 2d0863a0ba5346be999fbb03d6fa654f] 199.204.45.153 "GET /v2.0/networks/f700deb6-477b-4da4-8ad7-62f116a61843?fields=segments HTTP/1.1" status: 200 len: 212 time: 0.0567887
2026-07-15 06:05:52.281 10 INFO neutron.wsgi [req-be93bb15-954e-4903-bf2c-969d487c9b4c req-88b80838-3d42-4e80-9c74-40d16545967d 5ddb7c26a91f4aee83815da130d7fc8c 642a17d38a284a24b594effabaf0fd35 - - 2d0863a0ba5346be999fbb03d6fa654f 2d0863a0ba5346be999fbb03d6fa654f] 199.204.45.153 "GET /v2.0/networks/f700deb6-477b-4da4-8ad7-62f116a61843?fields=provider%3Aphysical_network&fields=provider%3Anetwork_type HTTP/1.1" status: 200 len: 277 time: 0.0931308
2026-07-15 06:05:52.359 10 INFO neutron.wsgi [req-bd30bc80-9c54-448a-8798-868d0fee9f7b req-d53dd47e-d57d-41ca-a146-9df964c80a59 5ddb7c26a91f4aee83815da130d7fc8c 642a17d38a284a24b594effabaf0fd35 - - 2d0863a0ba5346be999fbb03d6fa654f 2d0863a0ba5346be999fbb03d6fa654f] 199.204.45.153 "GET /v2.0/ports?tenant_id=63c86a0857f2498a9e7d03bcfb5e414a&device_id=9c14f1bf-5b61-4316-a94b-03070fd75055 HTTP/1.1" status: 200 len: 1409 time: 0.0381765
2026-07-15 06:05:52.422 10 INFO neutron.wsgi [req-bd30bc80-9c54-448a-8798-868d0fee9f7b req-77901f97-babb-4d03-aee1-aade53dfa301 5ddb7c26a91f4aee83815da130d7fc8c 642a17d38a284a24b594effabaf0fd35 - - 2d0863a0ba5346be999fbb03d6fa654f 2d0863a0ba5346be999fbb03d6fa654f] 199.204.45.153 "GET /v2.0/networks?id=f700deb6-477b-4da4-8ad7-62f116a61843 HTTP/1.1" status: 200 len: 982 time: 0.0587783
2026-07-15 06:05:52.471 10 INFO neutron.wsgi [req-bd30bc80-9c54-448a-8798-868d0fee9f7b req-5ac97f8f-046d-4074-8b4b-f238f4f48e72 5ddb7c26a91f4aee83815da130d7fc8c 642a17d38a284a24b594effabaf0fd35 - - 2d0863a0ba5346be999fbb03d6fa654f 2d0863a0ba5346be999fbb03d6fa654f] 199.204.45.153 "GET /v2.0/floatingips?fixed_ip_address=10.100.0.6&port_id=e6767251-3488-49a3-bb9a-87402b63b0eb HTTP/1.1" status: 200 len: 1059 time: 0.0420363
2026-07-15 06:05:52.507 10 INFO neutron.wsgi [req-bd30bc80-9c54-448a-8798-868d0fee9f7b req-b3d03910-a0e0-447d-962d-a58f0e4617f3 5ddb7c26a91f4aee83815da130d7fc8c 642a17d38a284a24b594effabaf0fd35 - - 2d0863a0ba5346be999fbb03d6fa654f 2d0863a0ba5346be999fbb03d6fa654f] 199.204.45.153 "GET /v2.0/subnets?id=eba45576-22f0-4aba-818b-5d227fdd4caf HTTP/1.1" status: 200 len: 877 time: 0.0320663
2026-07-15 06:05:52.531 10 INFO neutron.wsgi [req-bd30bc80-9c54-448a-8798-868d0fee9f7b req-4f2aa6be-4bb2-40b6-9f1c-6c7c28530380 5ddb7c26a91f4aee83815da130d7fc8c 642a17d38a284a24b594effabaf0fd35 - - 2d0863a0ba5346be999fbb03d6fa654f 2d0863a0ba5346be999fbb03d6fa654f] 199.204.45.153 "GET /v2.0/ports?network_id=f700deb6-477b-4da4-8ad7-62f116a61843&device_owner=network%3Adhcp HTTP/1.1" status: 200 len: 210 time: 0.0184774
2026-07-15 06:05:52.595 10 INFO neutron.wsgi [req-bd30bc80-9c54-448a-8798-868d0fee9f7b req-6d543b76-28b9-476d-9cef-aa17e003c93f 5ddb7c26a91f4aee83815da130d7fc8c 642a17d38a284a24b594effabaf0fd35 - - 2d0863a0ba5346be999fbb03d6fa654f 2d0863a0ba5346be999fbb03d6fa654f] 199.204.45.153 "GET /v2.0/networks/f700deb6-477b-4da4-8ad7-62f116a61843?fields=segments HTTP/1.1" status: 200 len: 212 time: 0.0562844
2026-07-15 06:05:52.653 9 INFO neutron.wsgi [None req-599c84c0-90b3-4333-b53c-d6b2144e68ed b12c0261aabc4148a8d14edbab9a42f1 4faf39b8e0cd4b7f8a7fa5fe4a037441 - - default default] 10.0.0.193 "PUT /v2.0/routers/9bb04a6a-21de-4d58-8015-fabc86e5fba4/remove_router_interface HTTP/1.1" status: 200 len: 503 time: 1.0334644 /var/lib/openstack/lib/python3.10/site-packages/pycadf/identifier.py:71: UserWarning: Invalid uuid: neutron. To ensure interoperability, identifiers should be a valid uuid. warnings.warn(('Invalid uuid: %s. To ensure interoperability, '
2026-07-15 06:05:52.676 10 INFO neutron.wsgi [req-bd30bc80-9c54-448a-8798-868d0fee9f7b req-ee6f84da-5078-490a-b5d3-9886c6f12ff0 5ddb7c26a91f4aee83815da130d7fc8c 642a17d38a284a24b594effabaf0fd35 - - 2d0863a0ba5346be999fbb03d6fa654f 2d0863a0ba5346be999fbb03d6fa654f] 199.204.45.153 "GET /v2.0/networks/f700deb6-477b-4da4-8ad7-62f116a61843?fields=provider%3Aphysical_network&fields=provider%3Anetwork_type HTTP/1.1" status: 200 len: 277 time: 0.0740957
2026-07-15 06:05:53.245 9 INFO neutron.wsgi [None req-42b67dcf-1b39-4db2-b25f-c3811bef2171 b12c0261aabc4148a8d14edbab9a42f1 4faf39b8e0cd4b7f8a7fa5fe4a037441 - - default default] 10.0.0.193 "DELETE /v2.0/routers/9bb04a6a-21de-4d58-8015-fabc86e5fba4 HTTP/1.1" status: 204 len: 168 time: 0.5859878
2026-07-15 06:05:53.306 9 INFO neutron.plugins.ml2.drivers.ovn.mech_driver.mech_driver [None req-2052610e-e2e3-4021-9f7b-abd298d398dc - - - - - -] OVN reports status down for port: e6767251-3488-49a3-bb9a-87402b63b0eb
2026-07-15 06:05:53.333 9 INFO neutron.wsgi [req-24caf892-c43b-449b-b8d2-a6a68148270e req-bfde29fd-530b-42a1-b2f8-fc4cd6875e35 9a82ac1da5754bbdb697e9cca54f76ce 63c86a0857f2498a9e7d03bcfb5e414a - - default default] 10.0.0.185 "GET /v2.0/ports?device_id=9c14f1bf-5b61-4316-a94b-03070fd75055 HTTP/1.1" status: 200 len: 1170 time: 0.0635207
2026-07-15 06:05:53.387 9 INFO neutron.wsgi [req-24caf892-c43b-449b-b8d2-a6a68148270e req-bd94c76a-88f0-42aa-b04a-c19dfc350441 9a82ac1da5754bbdb697e9cca54f76ce 63c86a0857f2498a9e7d03bcfb5e414a - - default default] 10.0.0.185 "GET /v2.0/security-groups?id=205cf142-12b1-475f-9317-452d813d1806&fields=id&fields=name HTTP/1.1" status: 200 len: 312 time: 0.0466995
2026-07-15 06:05:53.483 10 INFO neutron.wsgi [None req-f74ac376-bcd8-43a5-92d4-0fa8a30afb1e b12c0261aabc4148a8d14edbab9a42f1 4faf39b8e0cd4b7f8a7fa5fe4a037441 - - default default] 10.0.0.193 "DELETE /v2.0/subnets/84168f17-84f7-4849-86b5-9359da1fc752 HTTP/1.1" status: 204 len: 168 time: 0.2265632
2026-07-15 06:05:53.483 9 INFO neutron.notifiers.nova [-] Nova event matching ['req-971a3090-1329-4713-bdf5-30a868e52b5c'] response: {'server_uuid': '9c14f1bf-5b61-4316-a94b-03070fd75055', 'name': 'network-vif-unplugged', 'status': 'completed', 'tag': 'e6767251-3488-49a3-bb9a-87402b63b0eb', 'code': 200}
2026-07-15 06:05:53.524 10 INFO neutron.db.ovn_revision_numbers_db [None req-6e9a2623-a681-4da9-90c1-2999c1bd9fe5 b12c0261aabc4148a8d14edbab9a42f1 4faf39b8e0cd4b7f8a7fa5fe4a037441 - - default default] Successfully bumped revision number for resource f49d69fb-5ff4-4b36-b337-30ee5a6227b3 (type: security_groups) to 1
2026-07-15 06:05:53.540 10 INFO neutron.db.ovn_revision_numbers_db [None req-6e9a2623-a681-4da9-90c1-2999c1bd9fe5 b12c0261aabc4148a8d14edbab9a42f1 4faf39b8e0cd4b7f8a7fa5fe4a037441 - - default default] Successfully bumped revision number for resource 6a3282e9-6b7b-4953-b5fc-943f829e67c9 (type: security_group_rules) to 0
2026-07-15 06:05:53.556 10 INFO neutron.db.ovn_revision_numbers_db [None req-6e9a2623-a681-4da9-90c1-2999c1bd9fe5 b12c0261aabc4148a8d14edbab9a42f1 4faf39b8e0cd4b7f8a7fa5fe4a037441 - - default default] Successfully bumped revision number for resource a2243895-5243-4c2a-9ec5-2ab701c7e392 (type: security_group_rules) to 0
2026-07-15 06:05:53.567 10 INFO neutron.db.ovn_revision_numbers_db [None req-6e9a2623-a681-4da9-90c1-2999c1bd9fe5 b12c0261aabc4148a8d14edbab9a42f1 4faf39b8e0cd4b7f8a7fa5fe4a037441 - - default default] Successfully bumped revision number for resource d4b354e3-69d2-4277-95f0-9e97d6f5add0 (type: security_group_rules) to 0
2026-07-15 06:05:53.580 10 INFO neutron.db.ovn_revision_numbers_db [None req-6e9a2623-a681-4da9-90c1-2999c1bd9fe5 b12c0261aabc4148a8d14edbab9a42f1 4faf39b8e0cd4b7f8a7fa5fe4a037441 - - default default] Successfully bumped revision number for resource dbd14dad-17c6-4e14-97fe-0e10373f06a8 (type: security_group_rules) to 0
2026-07-15 06:05:53.616 10 INFO neutron.wsgi [None req-6e9a2623-a681-4da9-90c1-2999c1bd9fe5 b12c0261aabc4148a8d14edbab9a42f1 4faf39b8e0cd4b7f8a7fa5fe4a037441 - - default default] 10.0.0.193 "GET /v2.0/security-groups?tenant_id=d4456e4c56a442da9ba4454dd02cd510&name=default HTTP/1.1" status: 200 len: 2996 time: 0.4561274
2026-07-15 06:05:53.636 10 INFO neutron.wsgi [req-c15f8f42-b7a1-4555-83d0-6ffdd60f16da req-dd88f9ea-f35c-46d1-9df8-51c25cf9728a 9a82ac1da5754bbdb697e9cca54f76ce 63c86a0857f2498a9e7d03bcfb5e414a - - default default] 199.204.45.153 "GET /v2.0/ports?device_id=9c14f1bf-5b61-4316-a94b-03070fd75055 HTTP/1.1" status: 200 len: 1168 time: 0.0455863
2026-07-15 06:05:53.709 9 INFO neutron.db.ovn_revision_numbers_db [None req-2052610e-e2e3-4021-9f7b-abd298d398dc - - - - - -] Successfully bumped revision number for resource e6767251-3488-49a3-bb9a-87402b63b0eb (type: ports) to 7
2026-07-15 06:05:53.873 9 INFO neutron.services.segments.plugin [-] Segment e6713c9d-c302-4b46-9c31-3c5dfc092512 resource provider aggregate not found
2026-07-15 06:05:53.878 9 INFO neutron.services.segments.plugin [-] Segment e6713c9d-c302-4b46-9c31-3c5dfc092512 resource provider aggregate not found
2026-07-15 06:05:53.897 9 INFO neutron.services.segments.plugin [-] Segment e6713c9d-c302-4b46-9c31-3c5dfc092512 resource provider not found; error: Placement Client Error (4xx): {"errors": [{"status": 404, "title": "Not Found", "detail": "The resource could not be found.\n\n No resource provider with uuid e6713c9d-c302-4b46-9c31-3c5dfc092512 found for delete ", "request_id": "req-bf0b4ebb-1745-4e1b-a955-fe8457aaca33"}]}
2026-07-15 06:05:53.899 9 INFO neutron.services.segments.plugin [-] Segment e6713c9d-c302-4b46-9c31-3c5dfc092512 resource provider not found; error: Placement Client Error (4xx): {"errors": [{"status": 404, "title": "Not Found", "detail": "The resource could not be found.\n\n No resource provider with uuid e6713c9d-c302-4b46-9c31-3c5dfc092512 found for delete ", "request_id": "req-1634c083-c2a2-4a85-b6c6-71ea059d150e"}]}
2026-07-15 06:05:53.912 10 INFO neutron.wsgi [None req-c45d9a01-05dd-4c3b-bd37-1843332ec601 b12c0261aabc4148a8d14edbab9a42f1 4faf39b8e0cd4b7f8a7fa5fe4a037441 - - default default] 10.0.0.193 "DELETE /v2.0/security-groups/f49d69fb-5ff4-4b36-b337-30ee5a6227b3 HTTP/1.1" status: 204 len: 168 time: 0.2899601
2026-07-15 06:05:53.914 9 INFO neutron.wsgi [None req-57f0dde0-a481-425b-a326-bb2b66eca851 b12c0261aabc4148a8d14edbab9a42f1 4faf39b8e0cd4b7f8a7fa5fe4a037441 - - default default] 10.0.0.193 "DELETE /v2.0/networks/dcd278e9-286e-4f1b-b0e5-f021718709b3 HTTP/1.1" status: 204 len: 168 time: 0.4251471
2026-07-15 06:05:53.950 10 INFO neutron.db.l3_db [req-c15f8f42-b7a1-4555-83d0-6ffdd60f16da req-c004a557-68d9-4003-8ca5-fd8c147b4729 9a82ac1da5754bbdb697e9cca54f76ce 63c86a0857f2498a9e7d03bcfb5e414a - - default default] Floating IP f7324680-8dd8-4232-9691-0ceb253e0cd7 disassociated. External IP: 10.96.250.201, port: e6767251-3488-49a3-bb9a-87402b63b0eb.
2026-07-15 06:05:54.080 10 INFO neutron.wsgi [None req-6496df49-b991-4922-848a-ed5c9675f44e b12c0261aabc4148a8d14edbab9a42f1 4faf39b8e0cd4b7f8a7fa5fe4a037441 - - default default] 10.0.0.193 "GET /v2.0/security-groups?tenant_id=53e448edf30e4e32b754ded8bbc34655&name=default HTTP/1.1" status: 200 len: 2992 time: 0.0556681 /var/lib/openstack/lib/python3.10/site-packages/pycadf/identifier.py:71: UserWarning: Invalid uuid: neutron. To ensure interoperability, identifiers should be a valid uuid. warnings.warn(('Invalid uuid: %s. To ensure interoperability, '
2026-07-15 06:05:54.173 10 INFO neutron.wsgi [req-c15f8f42-b7a1-4555-83d0-6ffdd60f16da req-c004a557-68d9-4003-8ca5-fd8c147b4729 9a82ac1da5754bbdb697e9cca54f76ce 63c86a0857f2498a9e7d03bcfb5e414a - - default default] 199.204.45.153 "DELETE /v2.0/ports/e6767251-3488-49a3-bb9a-87402b63b0eb HTTP/1.1" status: 204 len: 173 time: 0.5313261
2026-07-15 06:05:54.206 10 INFO neutron.notifiers.nova [-] Nova event matching ['req-64951566-6c2f-4d6b-ac36-99df62309d97'] response: {'server_uuid': '9c14f1bf-5b61-4316-a94b-03070fd75055', 'name': 'network-vif-deleted', 'tag': 'e6767251-3488-49a3-bb9a-87402b63b0eb', 'status': 'completed', 'code': 200}
2026-07-15 06:05:54.243 9 INFO neutron.db.ovn_revision_numbers_db [None req-8c793f64-21d5-4861-929f-c2d19e1bdf6b b12c0261aabc4148a8d14edbab9a42f1 4faf39b8e0cd4b7f8a7fa5fe4a037441 - - default default] Successfully bumped revision number for resource 85174ea7-db5f-41f2-aab9-736867bcebb9 (type: security_groups) to 1
2026-07-15 06:05:54.263 9 INFO neutron.db.ovn_revision_numbers_db [None req-8c793f64-21d5-4861-929f-c2d19e1bdf6b b12c0261aabc4148a8d14edbab9a42f1 4faf39b8e0cd4b7f8a7fa5fe4a037441 - - default default] Successfully bumped revision number for resource 3c3f2707-c1ca-41a8-ac61-6f835fcc4259 (type: security_group_rules) to 0
2026-07-15 06:05:54.279 9 INFO neutron.db.ovn_revision_numbers_db [None req-8c793f64-21d5-4861-929f-c2d19e1bdf6b b12c0261aabc4148a8d14edbab9a42f1 4faf39b8e0cd4b7f8a7fa5fe4a037441 - - default default] Successfully bumped revision number for resource 4b2a05fe-77fd-47e1-9b70-2268c78216c8 (type: security_group_rules) to 0
2026-07-15 06:05:54.299 9 INFO neutron.db.ovn_revision_numbers_db [None req-8c793f64-21d5-4861-929f-c2d19e1bdf6b b12c0261aabc4148a8d14edbab9a42f1 4faf39b8e0cd4b7f8a7fa5fe4a037441 - - default default] Successfully bumped revision number for resource c8257ca4-83a1-4500-bff8-9ac5a7359333 (type: security_group_rules) to 0
2026-07-15 06:05:54.315 9 INFO neutron.db.ovn_revision_numbers_db [None req-8c793f64-21d5-4861-929f-c2d19e1bdf6b b12c0261aabc4148a8d14edbab9a42f1 4faf39b8e0cd4b7f8a7fa5fe4a037441 - - default default] Successfully bumped revision number for resource fbdfc347-2ac3-482d-a3bf-b4e5a91e6c6c (type: security_group_rules) to 0
2026-07-15 06:05:54.347 9 INFO neutron.wsgi [None req-8c793f64-21d5-4861-929f-c2d19e1bdf6b b12c0261aabc4148a8d14edbab9a42f1 4faf39b8e0cd4b7f8a7fa5fe4a037441 - - default default] 10.0.0.193 "GET /v2.0/security-groups?tenant_id=8feffe5af5df4a95beb8b9212048c240&name=default HTTP/1.1" status: 200 len: 2996 time: 0.2337756
2026-07-15 06:05:54.353 10 INFO neutron.wsgi [None req-77bc3328-2484-4812-af18-374b5e524df0 b12c0261aabc4148a8d14edbab9a42f1 4faf39b8e0cd4b7f8a7fa5fe4a037441 - - default default] 10.0.0.193 "DELETE /v2.0/security-groups/12a0ea1b-cb11-43a9-850d-33f8c1005d8d HTTP/1.1" status: 204 len: 168 time: 0.2686682
2026-07-15 06:05:54.607 9 INFO neutron.wsgi [req-460cae8a-0266-42f0-b1ee-89aecf7e8e8e req-b9ed31a2-48ed-47ca-9db4-6af0a1634b9f 9a82ac1da5754bbdb697e9cca54f76ce 63c86a0857f2498a9e7d03bcfb5e414a - - default default] 10.0.0.185 "GET /v2.0/ports?device_id=9c14f1bf-5b61-4316-a94b-03070fd75055 HTTP/1.1" status: 200 len: 210 time: 0.0184216
2026-07-15 06:05:54.713 9 INFO neutron.wsgi [None req-5c991860-04c9-4535-81d9-67ab9f6fd98d b12c0261aabc4148a8d14edbab9a42f1 4faf39b8e0cd4b7f8a7fa5fe4a037441 - - default default] 10.0.0.193 "DELETE /v2.0/security-groups/85174ea7-db5f-41f2-aab9-736867bcebb9 HTTP/1.1" status: 204 len: 168 time: 0.3608515
2026-07-15 06:05:55.517 9 INFO neutron.notifiers.nova [-] Nova event matching ['req-afba8ad9-50d2-42c9-918a-1a7940254467'] response: {'server_uuid': '9c14f1bf-5b61-4316-a94b-03070fd75055', 'name': 'network-vif-plugged', 'status': 'completed', 'tag': 'e6767251-3488-49a3-bb9a-87402b63b0eb', 'code': 200}
2026-07-15 06:05:55.817 9 INFO neutron.wsgi [None req-6a8e3d9b-5df3-4627-b4d3-575a6841cc07 9a82ac1da5754bbdb697e9cca54f76ce 63c86a0857f2498a9e7d03bcfb5e414a - - default default] 10.0.0.193 "DELETE /v2.0/security-groups/205cf142-12b1-475f-9317-452d813d1806 HTTP/1.1" status: 204 len: 168 time: 0.1331670
2026-07-15 06:05:55.834 10 INFO neutron.api.v2.resource [None req-8c56008b-6b6d-4842-9b72-325b6d0b464d 9a82ac1da5754bbdb697e9cca54f76ce 63c86a0857f2498a9e7d03bcfb5e414a - - default default] show failed (client error): The resource could not be found.
2026-07-15 06:05:55.835 10 INFO neutron.wsgi [None req-8c56008b-6b6d-4842-9b72-325b6d0b464d 9a82ac1da5754bbdb697e9cca54f76ce 63c86a0857f2498a9e7d03bcfb5e414a - - default default] 10.0.0.193 "GET /v2.0/security-groups/205cf142-12b1-475f-9317-452d813d1806 HTTP/1.1" status: 404 len: 347 time: 0.0121939
2026-07-15 06:05:56.067 10 INFO neutron.db.ovn_revision_numbers_db [None req-33ff86eb-2b6e-43cf-a3fc-034a3ad62665 b12c0261aabc4148a8d14edbab9a42f1 4faf39b8e0cd4b7f8a7fa5fe4a037441 - - default default] Successfully bumped revision number for resource 22824e38-e4b5-4957-a56b-3f2eb23b7515 (type: security_groups) to 1
2026-07-15 06:05:56.086 10 INFO neutron.db.ovn_revision_numbers_db [None req-33ff86eb-2b6e-43cf-a3fc-034a3ad62665 b12c0261aabc4148a8d14edbab9a42f1 4faf39b8e0cd4b7f8a7fa5fe4a037441 - - default default] Successfully bumped revision number for resource 57ca33d6-bd62-48fa-a6bc-582d9fa92449 (type: security_group_rules) to 0
2026-07-15 06:05:56.110 10 INFO neutron.db.ovn_revision_numbers_db [None req-33ff86eb-2b6e-43cf-a3fc-034a3ad62665 b12c0261aabc4148a8d14edbab9a42f1 4faf39b8e0cd4b7f8a7fa5fe4a037441 - - default default] Successfully bumped revision number for resource 8a9bdde4-2ba2-4848-920b-dd654e135a48 (type: security_group_rules) to 0
2026-07-15 06:05:56.131 10 INFO neutron.db.ovn_revision_numbers_db [None req-33ff86eb-2b6e-43cf-a3fc-034a3ad62665 b12c0261aabc4148a8d14edbab9a42f1 4faf39b8e0cd4b7f8a7fa5fe4a037441 - - default default] Successfully bumped revision number for resource e531287a-a382-4007-bd51-22914f2f2530 (type: security_group_rules) to 0
2026-07-15 06:05:56.146 10 INFO neutron.db.ovn_revision_numbers_db [None req-33ff86eb-2b6e-43cf-a3fc-034a3ad62665 b12c0261aabc4148a8d14edbab9a42f1 4faf39b8e0cd4b7f8a7fa5fe4a037441 - - default default] Successfully bumped revision number for resource ee96d6d5-72e9-4247-8726-07c578a9a3ea (type: security_group_rules) to 0
2026-07-15 06:05:56.170 10 INFO neutron.wsgi [None req-33ff86eb-2b6e-43cf-a3fc-034a3ad62665 b12c0261aabc4148a8d14edbab9a42f1 4faf39b8e0cd4b7f8a7fa5fe4a037441 - - default default] 10.0.0.193 "GET /v2.0/security-groups?tenant_id=1ea95e8bea0742d8919dcf28faba5291&name=default HTTP/1.1" status: 200 len: 2996 time: 0.4273851
2026-07-15 06:05:56.173 10 INFO neutron.wsgi [None req-90f2dfa0-a019-4318-bac7-2301571e7e67 9a82ac1da5754bbdb697e9cca54f76ce 63c86a0857f2498a9e7d03bcfb5e414a - - default default] 10.0.0.193 "DELETE /v2.0/floatingips/f7324680-8dd8-4232-9691-0ceb253e0cd7 HTTP/1.1" status: 204 len: 168 time: 0.3337667
2026-07-15 06:05:56.398 10 INFO neutron.wsgi [None req-4daf9f65-6e67-4d6c-aef7-a27d1911ddd9 b12c0261aabc4148a8d14edbab9a42f1 4faf39b8e0cd4b7f8a7fa5fe4a037441 - - default default] 10.0.0.193 "DELETE /v2.0/security-groups/22824e38-e4b5-4957-a56b-3f2eb23b7515 HTTP/1.1" status: 204 len: 168 time: 0.2176781
2026-07-15 06:05:56.603 10 INFO neutron.db.ovn_revision_numbers_db [None req-0e67650e-864c-42b4-bfab-5c633a306796 b12c0261aabc4148a8d14edbab9a42f1 4faf39b8e0cd4b7f8a7fa5fe4a037441 - - default default] Successfully bumped revision number for resource ab713dba-c3c3-4b24-bb21-eefa013b05f5 (type: security_groups) to 1
2026-07-15 06:05:56.617 10 INFO neutron.db.ovn_revision_numbers_db [None req-0e67650e-864c-42b4-bfab-5c633a306796 b12c0261aabc4148a8d14edbab9a42f1 4faf39b8e0cd4b7f8a7fa5fe4a037441 - - default default] Successfully bumped revision number for resource 44ae80e1-bc9e-4b8a-b1d9-993d049af209 (type: security_group_rules) to 0
2026-07-15 06:05:56.640 10 INFO neutron.db.ovn_revision_numbers_db [None req-0e67650e-864c-42b4-bfab-5c633a306796 b12c0261aabc4148a8d14edbab9a42f1 4faf39b8e0cd4b7f8a7fa5fe4a037441 - - default default] Successfully bumped revision number for resource 6b00b786-9eb1-4ca7-a81c-7b5085eb4908 (type: security_group_rules) to 0
2026-07-15 06:05:56.658 10 INFO neutron.db.ovn_revision_numbers_db [None req-0e67650e-864c-42b4-bfab-5c633a306796 b12c0261aabc4148a8d14edbab9a42f1 4faf39b8e0cd4b7f8a7fa5fe4a037441 - - default default] Successfully bumped revision number for resource 8988a027-f9a0-4a1e-b8fe-0bde1e5a9c88 (type: security_group_rules) to 0
2026-07-15 06:05:56.671 10 INFO neutron.db.ovn_revision_numbers_db [None req-0e67650e-864c-42b4-bfab-5c633a306796 b12c0261aabc4148a8d14edbab9a42f1 4faf39b8e0cd4b7f8a7fa5fe4a037441 - - default default] Successfully bumped revision number for resource c516de16-267f-41e0-84d9-f340c42ddf31 (type: security_group_rules) to 0
2026-07-15 06:05:56.688 10 INFO neutron.wsgi [None req-0e67650e-864c-42b4-bfab-5c633a306796 b12c0261aabc4148a8d14edbab9a42f1 4faf39b8e0cd4b7f8a7fa5fe4a037441 - - default default] 10.0.0.193 "GET /v2.0/security-groups?tenant_id=13f23b57170d48dea85f1c58bda0813c&name=default HTTP/1.1" status: 200 len: 2996 time: 0.1680720
2026-07-15 06:05:56.895 10 INFO neutron.wsgi [None req-3a6b921a-2f48-4520-845a-524665125751 b12c0261aabc4148a8d14edbab9a42f1 4faf39b8e0cd4b7f8a7fa5fe4a037441 - - default default] 10.0.0.193 "DELETE /v2.0/security-groups/ab713dba-c3c3-4b24-bb21-eefa013b05f5 HTTP/1.1" status: 204 len: 168 time: 0.2035470
2026-07-15 06:05:57.198 9 INFO neutron.wsgi [None req-179f79a0-5b58-4449-8d27-4b22a937c308 b12c0261aabc4148a8d14edbab9a42f1 4faf39b8e0cd4b7f8a7fa5fe4a037441 - - default default] 10.0.0.193 "PUT /v2.0/routers/6899e90f-ad84-4915-beff-8160078ee56e/remove_router_interface HTTP/1.1" status: 200 len: 503 time: 0.9614589 /var/lib/openstack/lib/python3.10/site-packages/pycadf/identifier.py:71: UserWarning: Invalid uuid: neutron. To ensure interoperability, identifiers should be a valid uuid. warnings.warn(('Invalid uuid: %s. To ensure interoperability, '
2026-07-15 06:05:57.801 9 INFO neutron.wsgi [None req-7b580228-0812-4724-9f05-e4bf8b162843 b12c0261aabc4148a8d14edbab9a42f1 4faf39b8e0cd4b7f8a7fa5fe4a037441 - - default default] 10.0.0.193 "DELETE /v2.0/routers/6899e90f-ad84-4915-beff-8160078ee56e HTTP/1.1" status: 204 len: 168 time: 0.5983970
2026-07-15 06:05:58.003 10 INFO neutron.wsgi [None req-b3dfc3de-ad93-4f2b-b68b-aece556df1d6 b12c0261aabc4148a8d14edbab9a42f1 4faf39b8e0cd4b7f8a7fa5fe4a037441 - - default default] 10.0.0.193 "DELETE /v2.0/subnets/eba45576-22f0-4aba-818b-5d227fdd4caf HTTP/1.1" status: 204 len: 168 time: 0.1981006
2026-07-15 06:05:58.354 9 INFO neutron.services.segments.plugin [-] Segment 4221b1eb-343a-43bc-b73c-64cdc9fabab2 resource provider aggregate not found
2026-07-15 06:05:58.359 9 INFO neutron.services.segments.plugin [-] Segment 4221b1eb-343a-43bc-b73c-64cdc9fabab2 resource provider aggregate not found
2026-07-15 06:05:58.377 9 INFO neutron.services.segments.plugin [-] Segment 4221b1eb-343a-43bc-b73c-64cdc9fabab2 resource provider not found; error: Placement Client Error (4xx): {"errors": [{"status": 404, "title": "Not Found", "detail": "The resource could not be found.\n\n No resource provider with uuid 4221b1eb-343a-43bc-b73c-64cdc9fabab2 found for delete ", "request_id": "req-27fa6197-a502-4012-a042-b4ab60fef2b2"}]}
2026-07-15 06:05:58.379 9 INFO neutron.services.segments.plugin [-] Segment 4221b1eb-343a-43bc-b73c-64cdc9fabab2 resource provider not found; error: Placement Client Error (4xx): {"errors": [{"status": 404, "title": "Not Found", "detail": "The resource could not be found.\n\n No resource provider with uuid 4221b1eb-343a-43bc-b73c-64cdc9fabab2 found for delete ", "request_id": "req-b6a5d6b2-eac5-47b7-80bf-7ec7372e7370"}]}
2026-07-15 06:05:58.396 9 INFO neutron.wsgi [None req-54c7af5d-b6b9-4642-bd1a-4d7a6e379b00 b12c0261aabc4148a8d14edbab9a42f1 4faf39b8e0cd4b7f8a7fa5fe4a037441 - - default default] 10.0.0.193 "DELETE /v2.0/networks/f700deb6-477b-4da4-8ad7-62f116a61843 HTTP/1.1" status: 204 len: 168 time: 0.3871429
2026-07-15 06:05:58.545 9 INFO neutron.wsgi [None req-14f9bd7a-8bb1-41c8-9b49-a5c26959e1b9 b12c0261aabc4148a8d14edbab9a42f1 4faf39b8e0cd4b7f8a7fa5fe4a037441 - - default default] 10.0.0.193 "GET /v2.0/security-groups?tenant_id=63c86a0857f2498a9e7d03bcfb5e414a&name=default HTTP/1.1" status: 200 len: 2996 time: 0.0321474
2026-07-15 06:05:58.740 9 INFO neutron.wsgi [None req-8799c65b-6f3a-47b8-afae-cd7aaa282d91 b12c0261aabc4148a8d14edbab9a42f1 4faf39b8e0cd4b7f8a7fa5fe4a037441 - - default default] 10.0.0.193 "DELETE /v2.0/security-groups/57a89a42-c503-4acc-b965-4dae2f365507 HTTP/1.1" status: 204 len: 168 time: 0.1893280
2026-07-15 06:05:59.207 9 INFO neutron.db.ovn_revision_numbers_db [None req-f5dd9248-79c4-4eae-a12b-30cca0181e2e 0759e81edf4147739e34492da7b33ab0 d4aec8a0402f42f297507e18b0137212 - - default default] Successfully bumped revision number for resource ad9601d2-bed2-419d-a120-4e5182df2d9e (type: security_groups) to 1
2026-07-15 06:05:59.220 9 INFO neutron.db.ovn_revision_numbers_db [None req-f5dd9248-79c4-4eae-a12b-30cca0181e2e 0759e81edf4147739e34492da7b33ab0 d4aec8a0402f42f297507e18b0137212 - - default default] Successfully bumped revision number for resource 29830cde-02ba-4a59-b9cc-fd22f6a22f8f (type: security_group_rules) to 0
2026-07-15 06:05:59.235 9 INFO neutron.db.ovn_revision_numbers_db [None req-f5dd9248-79c4-4eae-a12b-30cca0181e2e 0759e81edf4147739e34492da7b33ab0 d4aec8a0402f42f297507e18b0137212 - - default default] Successfully bumped revision number for resource 801cf48d-69d7-4e79-99f0-02a3c20aad97 (type: security_group_rules) to 0
2026-07-15 06:05:59.258 9 INFO neutron.db.ovn_revision_numbers_db [None req-f5dd9248-79c4-4eae-a12b-30cca0181e2e 0759e81edf4147739e34492da7b33ab0 d4aec8a0402f42f297507e18b0137212 - - default default] Successfully bumped revision number for resource 8d791602-18a7-4dd2-bb14-1a21649c72ff (type: security_group_rules) to 0
2026-07-15 06:05:59.281 9 INFO neutron.db.ovn_revision_numbers_db [None req-f5dd9248-79c4-4eae-a12b-30cca0181e2e 0759e81edf4147739e34492da7b33ab0 d4aec8a0402f42f297507e18b0137212 - - default default] Successfully bumped revision number for resource 9fcb366a-c8b5-418d-85ce-88fc29fb7152 (type: security_group_rules) to 0
2026-07-15 06:05:59.333 9 INFO neutron.db.segments_db [None req-f5dd9248-79c4-4eae-a12b-30cca0181e2e 0759e81edf4147739e34492da7b33ab0 d4aec8a0402f42f297507e18b0137212 - - default default] Added segment 8e879122-0889-451b-a3e9-59a809510921 of type geneve for network cee9e7ec-a1f6-4465-83ad-509058ad9a04
2026-07-15 06:05:59.483 9 INFO neutron.db.ovn_revision_numbers_db [None req-f5dd9248-79c4-4eae-a12b-30cca0181e2e 0759e81edf4147739e34492da7b33ab0 d4aec8a0402f42f297507e18b0137212 - - default default] Successfully bumped revision number for resource cee9e7ec-a1f6-4465-83ad-509058ad9a04 (type: networks) to 1
2026-07-15 06:05:59.651 9 WARNING neutron.scheduler.dhcp_agent_scheduler [None req-f5dd9248-79c4-4eae-a12b-30cca0181e2e 0759e81edf4147739e34492da7b33ab0 d4aec8a0402f42f297507e18b0137212 - - default default] No more DHCP agents
2026-07-15 06:05:59.653 9 WARNING neutron.api.rpc.agentnotifiers.dhcp_rpc_agent_api [None req-f5dd9248-79c4-4eae-a12b-30cca0181e2e 0759e81edf4147739e34492da7b33ab0 d4aec8a0402f42f297507e18b0137212 - - default default] Unable to schedule network cee9e7ec-a1f6-4465-83ad-509058ad9a04: no agents available; will retry on subsequent port and subnet creation events.
2026-07-15 06:05:59.734 9 INFO neutron.db.ovn_revision_numbers_db [None req-f5dd9248-79c4-4eae-a12b-30cca0181e2e 0759e81edf4147739e34492da7b33ab0 d4aec8a0402f42f297507e18b0137212 - - default default] Successfully bumped revision number for resource 697dd43b-bfed-4675-a9ae-3b5a8b151b06 (type: ports) to 1
2026-07-15 06:05:59.753 9 INFO neutron.wsgi [None req-f5dd9248-79c4-4eae-a12b-30cca0181e2e 0759e81edf4147739e34492da7b33ab0 d4aec8a0402f42f297507e18b0137212 - - default default] 10.0.0.193 "POST /v2.0/networks HTTP/1.1" status: 201 len: 846 time: 0.7550657
2026-07-15 06:06:00.138 9 INFO neutron.db.ovn_revision_numbers_db [None req-27655746-5522-4012-b940-3ce95f3668ab b12c0261aabc4148a8d14edbab9a42f1 4faf39b8e0cd4b7f8a7fa5fe4a037441 - - default default] Successfully bumped revision number for resource 8aa9eae1-5d8c-4472-a041-f226180c3b68 (type: security_groups) to 1
2026-07-15 06:06:00.151 9 INFO neutron.db.ovn_revision_numbers_db [None req-27655746-5522-4012-b940-3ce95f3668ab b12c0261aabc4148a8d14edbab9a42f1 4faf39b8e0cd4b7f8a7fa5fe4a037441 - - default default] Successfully bumped revision number for resource 5dc1d12a-dd5f-4ab7-9821-b995e1b1eb2c (type: security_group_rules) to 0
2026-07-15 06:06:00.166 9 INFO neutron.db.ovn_revision_numbers_db [None req-27655746-5522-4012-b940-3ce95f3668ab b12c0261aabc4148a8d14edbab9a42f1 4faf39b8e0cd4b7f8a7fa5fe4a037441 - - default default] Successfully bumped revision number for resource 69ae1014-7901-469e-aaa9-8c940d47cd0a (type: security_group_rules) to 0
2026-07-15 06:06:00.186 9 INFO neutron.db.ovn_revision_numbers_db [None req-27655746-5522-4012-b940-3ce95f3668ab b12c0261aabc4148a8d14edbab9a42f1 4faf39b8e0cd4b7f8a7fa5fe4a037441 - - default default] Successfully bumped revision number for resource 7ac55193-fe65-48f7-ab55-ac8d08ed4d64 (type: security_group_rules) to 0
2026-07-15 06:06:00.198 9 INFO neutron.db.ovn_revision_numbers_db [None req-27655746-5522-4012-b940-3ce95f3668ab b12c0261aabc4148a8d14edbab9a42f1 4faf39b8e0cd4b7f8a7fa5fe4a037441 - - default default] Successfully bumped revision number for resource f0ec1d1d-b71a-4eba-b48c-631198ab7730 (type: security_group_rules) to 0
2026-07-15 06:06:00.227 9 INFO neutron.wsgi [None req-27655746-5522-4012-b940-3ce95f3668ab b12c0261aabc4148a8d14edbab9a42f1 4faf39b8e0cd4b7f8a7fa5fe4a037441 - - default default] 10.0.0.193 "GET /v2.0/security-groups?tenant_id=373ecfeccbbf4ff0a92ef208e5bff55a&name=default HTTP/1.1" status: 200 len: 2996 time: 0.3454552
2026-07-15 06:06:00.452 10 INFO neutron.wsgi [None req-89306108-63ec-4169-aecc-ee5f09e9446d b12c0261aabc4148a8d14edbab9a42f1 4faf39b8e0cd4b7f8a7fa5fe4a037441 - - default default] 10.0.0.193 "DELETE /v2.0/security-groups/8aa9eae1-5d8c-4472-a041-f226180c3b68 HTTP/1.1" status: 204 len: 168 time: 0.2196219
2026-07-15 06:06:00.496 9 WARNING neutron.scheduler.dhcp_agent_scheduler [None req-caa082b1-477f-44ca-99a0-961e2053ae72 0759e81edf4147739e34492da7b33ab0 d4aec8a0402f42f297507e18b0137212 - - default default] No more DHCP agents
2026-07-15 06:06:00.502 9 WARNING neutron.api.rpc.agentnotifiers.dhcp_rpc_agent_api [None req-caa082b1-477f-44ca-99a0-961e2053ae72 0759e81edf4147739e34492da7b33ab0 d4aec8a0402f42f297507e18b0137212 - - default default] Unable to schedule network cee9e7ec-a1f6-4465-83ad-509058ad9a04: no agents available; will retry on subsequent port and subnet creation events.
2026-07-15 06:06:00.553 9 INFO neutron.db.ovn_revision_numbers_db [None req-caa082b1-477f-44ca-99a0-961e2053ae72 0759e81edf4147739e34492da7b33ab0 d4aec8a0402f42f297507e18b0137212 - - default default] Successfully bumped revision number for resource 206c564b-aecd-4ea7-bc6b-7ebb07a8ab67 (type: subnets) to 0
2026-07-15 06:06:00.569 9 INFO neutron.wsgi [None req-caa082b1-477f-44ca-99a0-961e2053ae72 0759e81edf4147739e34492da7b33ab0 d4aec8a0402f42f297507e18b0137212 - - default default] 10.0.0.193 "POST /v2.0/subnets HTTP/1.1" status: 201 len: 848 time: 0.3365541
2026-07-15 06:06:00.651 9 INFO neutron.db.segments_db [None req-dba28635-921c-4b54-b713-508460e15e1f 0759e81edf4147739e34492da7b33ab0 d4aec8a0402f42f297507e18b0137212 - - default default] Added segment 2e5c4c89-9872-480a-a64f-90a97b3a60a8 of type geneve for network 4b96342a-3c5c-4c6a-8d2f-b08796495240
2026-07-15 06:06:00.696 10 INFO neutron.db.ovn_revision_numbers_db [None req-c5fd8d3f-2ab8-48a2-a11d-a3ba56305f57 b12c0261aabc4148a8d14edbab9a42f1 4faf39b8e0cd4b7f8a7fa5fe4a037441 - - default default] Successfully bumped revision number for resource 918aa897-267a-4f08-b4b8-e0a2ea4442e3 (type: security_groups) to 1
2026-07-15 06:06:00.711 10 INFO neutron.db.ovn_revision_numbers_db [None req-c5fd8d3f-2ab8-48a2-a11d-a3ba56305f57 b12c0261aabc4148a8d14edbab9a42f1 4faf39b8e0cd4b7f8a7fa5fe4a037441 - - default default] Successfully bumped revision number for resource 01748a95-4cd5-4c07-8d26-e256118a985c (type: security_group_rules) to 0
2026-07-15 06:06:00.728 10 INFO neutron.db.ovn_revision_numbers_db [None req-c5fd8d3f-2ab8-48a2-a11d-a3ba56305f57 b12c0261aabc4148a8d14edbab9a42f1 4faf39b8e0cd4b7f8a7fa5fe4a037441 - - default default] Successfully bumped revision number for resource 64310e5d-9858-4e1b-821a-f3016cba7f3d (type: security_group_rules) to 0
2026-07-15 06:06:00.743 10 INFO neutron.db.ovn_revision_numbers_db [None req-c5fd8d3f-2ab8-48a2-a11d-a3ba56305f57 b12c0261aabc4148a8d14edbab9a42f1 4faf39b8e0cd4b7f8a7fa5fe4a037441 - - default default] Successfully bumped revision number for resource 8844a30b-75d7-4131-b5ec-48937c8b02a8 (type: security_group_rules) to 0
2026-07-15 06:06:00.758 10 INFO neutron.db.ovn_revision_numbers_db [None req-c5fd8d3f-2ab8-48a2-a11d-a3ba56305f57 b12c0261aabc4148a8d14edbab9a42f1 4faf39b8e0cd4b7f8a7fa5fe4a037441 - - default default] Successfully bumped revision number for resource b6542ad6-fc83-4523-8ee0-71bf7249681f (type: security_group_rules) to 0
2026-07-15 06:06:00.784 10 INFO neutron.wsgi [None req-c5fd8d3f-2ab8-48a2-a11d-a3ba56305f57 b12c0261aabc4148a8d14edbab9a42f1 4faf39b8e0cd4b7f8a7fa5fe4a037441 - - default default] 10.0.0.193 "GET /v2.0/security-groups?tenant_id=ef85e7aa294448acaf55af8404e9338e&name=default HTTP/1.1" status: 200 len: 2996 time: 0.2223134
2026-07-15 06:06:00.811 9 INFO neutron.db.ovn_revision_numbers_db [None req-dba28635-921c-4b54-b713-508460e15e1f 0759e81edf4147739e34492da7b33ab0 d4aec8a0402f42f297507e18b0137212 - - default default] Successfully bumped revision number for resource 4b96342a-3c5c-4c6a-8d2f-b08796495240 (type: networks) to 1
2026-07-15 06:06:00.966 10 INFO neutron.db.ovn_revision_numbers_db [None req-82c16d0d-9000-41dc-853a-564ef55107b3 b12c0261aabc4148a8d14edbab9a42f1 4faf39b8e0cd4b7f8a7fa5fe4a037441 - - default default] Successfully bumped revision number for resource f3f22482-4520-4cb3-a861-fcd3e73bc8a4 (type: security_groups) to 1
2026-07-15 06:06:00.968 10 INFO neutron.db.ovn_revision_numbers_db [None req-cccd7b70-172c-40d3-a305-483b06425b78 b12c0261aabc4148a8d14edbab9a42f1 4faf39b8e0cd4b7f8a7fa5fe4a037441 - - default default] Successfully bumped revision number for resource dfdc2898-9225-4161-962a-caa5be0b8e83 (type: security_groups) to 1
2026-07-15 06:06:00.979 10 INFO neutron.db.ovn_revision_numbers_db [None req-82c16d0d-9000-41dc-853a-564ef55107b3 b12c0261aabc4148a8d14edbab9a42f1 4faf39b8e0cd4b7f8a7fa5fe4a037441 - - default default] Successfully bumped revision number for resource 03f9ba8e-899f-43bf-a6b2-f40c6467f134 (type: security_group_rules) to 0
2026-07-15 06:06:00.981 10 INFO neutron.db.ovn_revision_numbers_db [None req-cccd7b70-172c-40d3-a305-483b06425b78 b12c0261aabc4148a8d14edbab9a42f1 4faf39b8e0cd4b7f8a7fa5fe4a037441 - - default default] Successfully bumped revision number for resource 10a82c47-9244-4c2b-a975-76b25f345912 (type: security_group_rules) to 0
2026-07-15 06:06:00.991 10 INFO neutron.db.ovn_revision_numbers_db [None req-82c16d0d-9000-41dc-853a-564ef55107b3 b12c0261aabc4148a8d14edbab9a42f1 4faf39b8e0cd4b7f8a7fa5fe4a037441 - - default default] Successfully bumped revision number for resource aa750486-73b6-4a6a-88b0-7c16c21145c1 (type: security_group_rules) to 0
2026-07-15 06:06:00.993 10 INFO neutron.db.ovn_revision_numbers_db [None req-cccd7b70-172c-40d3-a305-483b06425b78 b12c0261aabc4148a8d14edbab9a42f1 4faf39b8e0cd4b7f8a7fa5fe4a037441 - - default default] Successfully bumped revision number for resource 829a2988-0e2d-48c5-9561-de6adb62f5f2 (type: security_group_rules) to 0
2026-07-15 06:06:01.001 9 WARNING neutron.scheduler.dhcp_agent_scheduler [None req-dba28635-921c-4b54-b713-508460e15e1f 0759e81edf4147739e34492da7b33ab0 d4aec8a0402f42f297507e18b0137212 - - default default] No more DHCP agents
2026-07-15 06:06:01.002 9 WARNING neutron.api.rpc.agentnotifiers.dhcp_rpc_agent_api [None req-dba28635-921c-4b54-b713-508460e15e1f 0759e81edf4147739e34492da7b33ab0 d4aec8a0402f42f297507e18b0137212 - - default default] Unable to schedule network 4b96342a-3c5c-4c6a-8d2f-b08796495240: no agents available; will retry on subsequent port and subnet creation events.
2026-07-15 06:06:01.005 10 INFO neutron.db.ovn_revision_numbers_db [None req-82c16d0d-9000-41dc-853a-564ef55107b3 b12c0261aabc4148a8d14edbab9a42f1 4faf39b8e0cd4b7f8a7fa5fe4a037441 - - default default] Successfully bumped revision number for resource d71853df-52d0-4015-8c95-c3f8c0e6e34c (type: security_group_rules) to 0
2026-07-15 06:06:01.008 10 INFO neutron.db.ovn_revision_numbers_db [None req-cccd7b70-172c-40d3-a305-483b06425b78 b12c0261aabc4148a8d14edbab9a42f1 4faf39b8e0cd4b7f8a7fa5fe4a037441 - - default default] Successfully bumped revision number for resource bd3084d5-44a1-47ae-b180-0c3ffc52a596 (type: security_group_rules) to 0
2026-07-15 06:06:01.024 10 INFO neutron.db.ovn_revision_numbers_db [None req-82c16d0d-9000-41dc-853a-564ef55107b3 b12c0261aabc4148a8d14edbab9a42f1 4faf39b8e0cd4b7f8a7fa5fe4a037441 - - default default] Successfully bumped revision number for resource e666b8ed-2b18-49dc-9d84-f23d6d003bcd (type: security_group_rules) to 0
2026-07-15 06:06:01.026 10 INFO neutron.db.ovn_revision_numbers_db [None req-cccd7b70-172c-40d3-a305-483b06425b78 b12c0261aabc4148a8d14edbab9a42f1 4faf39b8e0cd4b7f8a7fa5fe4a037441 - - default default] Successfully bumped revision number for resource eb61eff0-08cd-42e7-b77b-73e1ec459059 (type: security_group_rules) to 0
2026-07-15 06:06:01.057 10 INFO neutron.wsgi [None req-cccd7b70-172c-40d3-a305-483b06425b78 b12c0261aabc4148a8d14edbab9a42f1 4faf39b8e0cd4b7f8a7fa5fe4a037441 - - default default] 10.0.0.193 "GET /v2.0/security-groups?tenant_id=fcdf99c2cc3549baba175fa8ec20e41c&name=default HTTP/1.1" status: 200 len: 2996 time: 0.2660663
2026-07-15 06:06:01.089 10 INFO neutron.db.segments_db [None req-82c16d0d-9000-41dc-853a-564ef55107b3 b12c0261aabc4148a8d14edbab9a42f1 4faf39b8e0cd4b7f8a7fa5fe4a037441 - - default default] Added segment 2f5f2d0a-b7a4-4ddf-912b-65c538d5a6a8 of type geneve for network 65ff35c0-f598-46f7-8e7b-1943b343b70d
2026-07-15 06:06:01.092 9 INFO neutron.db.ovn_revision_numbers_db [None req-dba28635-921c-4b54-b713-508460e15e1f 0759e81edf4147739e34492da7b33ab0 d4aec8a0402f42f297507e18b0137212 - - default default] Successfully bumped revision number for resource 652755d7-5a26-4b16-8b20-6358d123bb4c (type: ports) to 1
2026-07-15 06:06:01.110 9 INFO neutron.wsgi [None req-2c97972d-1715-4654-9c50-92305ae3505f b12c0261aabc4148a8d14edbab9a42f1 4faf39b8e0cd4b7f8a7fa5fe4a037441 - - default default] 10.0.0.193 "DELETE /v2.0/security-groups/918aa897-267a-4f08-b4b8-e0a2ea4442e3 HTTP/1.1" status: 204 len: 168 time: 0.3158329
2026-07-15 06:06:01.120 9 INFO neutron.wsgi [None req-dba28635-921c-4b54-b713-508460e15e1f 0759e81edf4147739e34492da7b33ab0 d4aec8a0402f42f297507e18b0137212 - - default default] 10.0.0.193 "POST /v2.0/networks HTTP/1.1" status: 201 len: 846 time: 0.5453537
2026-07-15 06:06:01.247 9 INFO neutron.wsgi [None req-7d5264dd-1e03-47c7-927e-d5b665477261 b12c0261aabc4148a8d14edbab9a42f1 4faf39b8e0cd4b7f8a7fa5fe4a037441 - - default default] 10.0.0.193 "DELETE /v2.0/security-groups/dfdc2898-9225-4161-962a-caa5be0b8e83 HTTP/1.1" status: 204 len: 168 time: 0.1839960
2026-07-15 06:06:01.280 10 INFO neutron.db.ovn_revision_numbers_db [None req-82c16d0d-9000-41dc-853a-564ef55107b3 b12c0261aabc4148a8d14edbab9a42f1 4faf39b8e0cd4b7f8a7fa5fe4a037441 - - default default] Successfully bumped revision number for resource 65ff35c0-f598-46f7-8e7b-1943b343b70d (type: networks) to 1
2026-07-15 06:06:01.393 10 INFO neutron.db.ovn_revision_numbers_db [None req-850a27f8-d5b4-43ae-aad3-aab5dacff2ab 0759e81edf4147739e34492da7b33ab0 d4aec8a0402f42f297507e18b0137212 - - default default] Successfully bumped revision number for resource 4b96342a-3c5c-4c6a-8d2f-b08796495240 (type: networks) to 2
2026-07-15 06:06:01.397 10 INFO neutron.wsgi [None req-850a27f8-d5b4-43ae-aad3-aab5dacff2ab 0759e81edf4147739e34492da7b33ab0 d4aec8a0402f42f297507e18b0137212 - - default default] 10.0.0.193 "PUT /v2.0/networks/4b96342a-3c5c-4c6a-8d2f-b08796495240 HTTP/1.1" status: 200 len: 792 time: 0.2727144
2026-07-15 06:06:01.479 10 WARNING neutron.scheduler.dhcp_agent_scheduler [None req-82c16d0d-9000-41dc-853a-564ef55107b3 b12c0261aabc4148a8d14edbab9a42f1 4faf39b8e0cd4b7f8a7fa5fe4a037441 - - default default] No more DHCP agents
2026-07-15 06:06:01.482 10 WARNING neutron.api.rpc.agentnotifiers.dhcp_rpc_agent_api [None req-82c16d0d-9000-41dc-853a-564ef55107b3 b12c0261aabc4148a8d14edbab9a42f1 4faf39b8e0cd4b7f8a7fa5fe4a037441 - - default default] Unable to schedule network 65ff35c0-f598-46f7-8e7b-1943b343b70d: no agents available; will retry on subsequent port and subnet creation events.
2026-07-15 06:06:01.576 9 INFO neutron.db.ovn_revision_numbers_db [None req-0f9599ae-abdf-4c4d-b3e9-de712d9987a1 b12c0261aabc4148a8d14edbab9a42f1 4faf39b8e0cd4b7f8a7fa5fe4a037441 - - default default] Successfully bumped revision number for resource c7fcf381-5229-4865-968e-722a37f866e3 (type: security_groups) to 1
2026-07-15 06:06:01.613 9 INFO neutron.db.ovn_revision_numbers_db [None req-0f9599ae-abdf-4c4d-b3e9-de712d9987a1 b12c0261aabc4148a8d14edbab9a42f1 4faf39b8e0cd4b7f8a7fa5fe4a037441 - - default default] Successfully bumped revision number for resource 2af8959a-cb69-479e-9d5b-d27cce471224 (type: security_group_rules) to 0
2026-07-15 06:06:01.653 9 WARNING neutron.scheduler.dhcp_agent_scheduler [None req-5af5d868-c290-484f-937c-f7c97fc830ae 0759e81edf4147739e34492da7b33ab0 d4aec8a0402f42f297507e18b0137212 - - default default] No more DHCP agents
2026-07-15 06:06:01.655 9 WARNING neutron.api.rpc.agentnotifiers.dhcp_rpc_agent_api [None req-5af5d868-c290-484f-937c-f7c97fc830ae 0759e81edf4147739e34492da7b33ab0 d4aec8a0402f42f297507e18b0137212 - - default default] Unable to schedule network 4b96342a-3c5c-4c6a-8d2f-b08796495240: no agents available; will retry on subsequent port and subnet creation events.
2026-07-15 06:06:01.659 9 INFO neutron.db.ovn_revision_numbers_db [None req-0f9599ae-abdf-4c4d-b3e9-de712d9987a1 b12c0261aabc4148a8d14edbab9a42f1 4faf39b8e0cd4b7f8a7fa5fe4a037441 - - default default] Successfully bumped revision number for resource 786e1116-b519-4de2-a08c-6224ef319cbc (type: security_group_rules) to 0
2026-07-15 06:06:01.679 9 INFO neutron.db.ovn_revision_numbers_db [None req-0f9599ae-abdf-4c4d-b3e9-de712d9987a1 b12c0261aabc4148a8d14edbab9a42f1 4faf39b8e0cd4b7f8a7fa5fe4a037441 - - default default] Successfully bumped revision number for resource 8b6b37ed-eb6f-450a-8ae0-aee45aefad89 (type: security_group_rules) to 0
2026-07-15 06:06:01.695 9 INFO neutron.db.ovn_revision_numbers_db [None req-5af5d868-c290-484f-937c-f7c97fc830ae 0759e81edf4147739e34492da7b33ab0 d4aec8a0402f42f297507e18b0137212 - - default default] Successfully bumped revision number for resource e821517d-08fe-443e-9b79-cf75e05d97e0 (type: subnets) to 0
2026-07-15 06:06:01.700 9 INFO neutron.db.ovn_revision_numbers_db [None req-0f9599ae-abdf-4c4d-b3e9-de712d9987a1 b12c0261aabc4148a8d14edbab9a42f1 4faf39b8e0cd4b7f8a7fa5fe4a037441 - - default default] Successfully bumped revision number for resource 92de80f3-b3a1-4a6a-a3e1-8db25ffe975b (type: security_group_rules) to 0
2026-07-15 06:06:01.719 9 INFO neutron.wsgi [None req-5af5d868-c290-484f-937c-f7c97fc830ae 0759e81edf4147739e34492da7b33ab0 d4aec8a0402f42f297507e18b0137212 - - default default] 10.0.0.193 "POST /v2.0/subnets HTTP/1.1" status: 201 len: 821 time: 0.3163188
2026-07-15 06:06:01.725 9 INFO neutron.wsgi [None req-0f9599ae-abdf-4c4d-b3e9-de712d9987a1 b12c0261aabc4148a8d14edbab9a42f1 4faf39b8e0cd4b7f8a7fa5fe4a037441 - - default default] 10.0.0.193 "GET /v2.0/security-groups?tenant_id=ab1f39f1d12d470ea2c1759a9ebb1a8a&name=default HTTP/1.1" status: 200 len: 2996 time: 0.3110285
2026-07-15 06:06:01.731 10 INFO neutron.db.ovn_revision_numbers_db [None req-82c16d0d-9000-41dc-853a-564ef55107b3 b12c0261aabc4148a8d14edbab9a42f1 4faf39b8e0cd4b7f8a7fa5fe4a037441 - - default default] Successfully bumped revision number for resource 46db365e-3704-4135-89dd-00c830a0b3fc (type: ports) to 1
2026-07-15 06:06:01.778 10 INFO neutron.wsgi [None req-82c16d0d-9000-41dc-853a-564ef55107b3 b12c0261aabc4148a8d14edbab9a42f1 4faf39b8e0cd4b7f8a7fa5fe4a037441 - - default default] 10.0.0.193 "POST /v2.0/networks HTTP/1.1" status: 201 len: 950 time: 1.0945711
2026-07-15 06:06:01.938 9 INFO neutron.wsgi [None req-06a1ce24-a03a-4193-bb2c-0459c69c9b15 b12c0261aabc4148a8d14edbab9a42f1 4faf39b8e0cd4b7f8a7fa5fe4a037441 - - default default] 10.0.0.193 "DELETE /v2.0/security-groups/c7fcf381-5229-4865-968e-722a37f866e3 HTTP/1.1" status: 204 len: 168 time: 0.2077999
2026-07-15 06:06:02.007 10 WARNING neutron.scheduler.dhcp_agent_scheduler [None req-199dd21c-8039-4003-8c5d-f251d9f54db0 b12c0261aabc4148a8d14edbab9a42f1 4faf39b8e0cd4b7f8a7fa5fe4a037441 - - default default] No more DHCP agents
2026-07-15 06:06:02.019 10 WARNING neutron.api.rpc.agentnotifiers.dhcp_rpc_agent_api [None req-199dd21c-8039-4003-8c5d-f251d9f54db0 b12c0261aabc4148a8d14edbab9a42f1 4faf39b8e0cd4b7f8a7fa5fe4a037441 - - default default] Unable to schedule network 65ff35c0-f598-46f7-8e7b-1943b343b70d: no agents available; will retry on subsequent port and subnet creation events.
2026-07-15 06:06:02.610 10 INFO neutron.db.ovn_revision_numbers_db [None req-4ef8a640-69b6-42fc-af12-650b0e72ff47 0759e81edf4147739e34492da7b33ab0 d4aec8a0402f42f297507e18b0137212 - - default default] Successfully bumped revision number for resource 652755d7-5a26-4b16-8b20-6358d123bb4c (type: ports) to 2
2026-07-15 06:06:02.615 10 INFO neutron.db.ovn_revision_numbers_db [None req-199dd21c-8039-4003-8c5d-f251d9f54db0 b12c0261aabc4148a8d14edbab9a42f1 4faf39b8e0cd4b7f8a7fa5fe4a037441 - - default default] Successfully bumped revision number for resource 46db365e-3704-4135-89dd-00c830a0b3fc (type: ports) to 2
2026-07-15 06:06:02.649 10 INFO neutron.db.ovn_revision_numbers_db [None req-199dd21c-8039-4003-8c5d-f251d9f54db0 b12c0261aabc4148a8d14edbab9a42f1 4faf39b8e0cd4b7f8a7fa5fe4a037441 - - default default] Successfully bumped revision number for resource 43f392e3-f681-4689-9d18-e7789db58eda (type: subnets) to 0
2026-07-15 06:06:02.651 10 INFO neutron.db.ovn_revision_numbers_db [None req-4ef8a640-69b6-42fc-af12-650b0e72ff47 0759e81edf4147739e34492da7b33ab0 d4aec8a0402f42f297507e18b0137212 - - default default] Successfully bumped revision number for resource e821517d-08fe-443e-9b79-cf75e05d97e0 (type: subnets) to 1
2026-07-15 06:06:02.653 10 INFO neutron.wsgi [None req-4ef8a640-69b6-42fc-af12-650b0e72ff47 0759e81edf4147739e34492da7b33ab0 d4aec8a0402f42f297507e18b0137212 - - default default] 10.0.0.193 "PUT /v2.0/subnets/e821517d-08fe-443e-9b79-cf75e05d97e0 HTTP/1.1" status: 200 len: 826 time: 0.9276135
2026-07-15 06:06:02.666 10 INFO neutron.wsgi [None req-199dd21c-8039-4003-8c5d-f251d9f54db0 b12c0261aabc4148a8d14edbab9a42f1 4faf39b8e0cd4b7f8a7fa5fe4a037441 - - default default] 10.0.0.193 "POST /v2.0/subnets HTTP/1.1" status: 201 len: 870 time: 0.8829005
2026-07-15 06:06:03.102 10 INFO neutron.wsgi [None req-ef9e94b8-68dd-4967-9809-a0625de2fd33 6c6c1f7dd0064a24ac16e36aec4b0e94 417b099676d145218bef3d740bd3fd96 - - default default] 10.0.0.193 "GET /v2.0/extensions HTTP/1.1" status: 200 len: 16520 time: 0.2272344
2026-07-15 06:06:03.129 9 INFO neutron.wsgi [None req-e4f1876c-0745-4454-adbc-543db864f688 6c6c1f7dd0064a24ac16e36aec4b0e94 417b099676d145218bef3d740bd3fd96 - - default default] 10.0.0.193 "GET /v2.0/extensions/address-group HTTP/1.1" status: 200 len: 353 time: 0.0100074
2026-07-15 06:06:03.147 10 INFO neutron.services.segments.plugin [-] Segment 2e5c4c89-9872-480a-a64f-90a97b3a60a8 resource provider aggregate not found
2026-07-15 06:06:03.152 9 INFO neutron.wsgi [None req-50d9170b-7a0c-4be6-87dd-5157def047a1 6c6c1f7dd0064a24ac16e36aec4b0e94 417b099676d145218bef3d740bd3fd96 - - default default] 10.0.0.193 "GET /v2.0/extensions/address-scope HTTP/1.1" status: 200 len: 357 time: 0.0054426
2026-07-15 06:06:03.155 10 INFO neutron.services.segments.plugin [-] Segment 2e5c4c89-9872-480a-a64f-90a97b3a60a8 resource provider aggregate not found
2026-07-15 06:06:03.170 10 INFO neutron.services.segments.plugin [-] Segment 2e5c4c89-9872-480a-a64f-90a97b3a60a8 resource provider not found; error: Placement Client Error (4xx): {"errors": [{"status": 404, "title": "Not Found", "detail": "The resource could not be found.\n\n No resource provider with uuid 2e5c4c89-9872-480a-a64f-90a97b3a60a8 found for delete ", "request_id": "req-5ce71ea8-604b-4512-80c1-2473573fb78a"}]}
2026-07-15 06:06:03.173 10 INFO neutron.services.segments.plugin [-] Segment 2e5c4c89-9872-480a-a64f-90a97b3a60a8 resource provider not found; error: Placement Client Error (4xx): {"errors": [{"status": 404, "title": "Not Found", "detail": "The resource could not be found.\n\n No resource provider with uuid 2e5c4c89-9872-480a-a64f-90a97b3a60a8 found for delete ", "request_id": "req-9ad67adb-f303-4065-9a42-24ba88cc4e53"}]}
2026-07-15 06:06:03.175 9 INFO neutron.wsgi [None req-d0520a1e-bd7d-45b2-a085-cac67710c282 6c6c1f7dd0064a24ac16e36aec4b0e94 417b099676d145218bef3d740bd3fd96 - - default default] 10.0.0.193 "GET /v2.0/extensions/agent HTTP/1.1" status: 200 len: 347 time: 0.0161257
2026-07-15 06:06:03.183 9 INFO neutron.wsgi [None req-bfd7340d-c79d-4e38-98c0-9769d5d13947 6c6c1f7dd0064a24ac16e36aec4b0e94 417b099676d145218bef3d740bd3fd96 - - default default] 10.0.0.193 "GET /v2.0/extensions/allowed-address-pairs HTTP/1.1" status: 200 len: 378 time: 0.0046291
2026-07-15 06:06:03.195 9 INFO neutron.wsgi [None req-bfb08703-fb42-4373-a91b-e77b8aa1a201 6c6c1f7dd0064a24ac16e36aec4b0e94 417b099676d145218bef3d740bd3fd96 - - default default] 10.0.0.193 "GET /v2.0/extensions/auto-allocated-topology HTTP/1.1" status: 200 len: 394 time: 0.0041497
2026-07-15 06:06:03.203 10 INFO neutron.wsgi [None req-21070824-b315-423d-b2c3-5a12f8c7d64f 6c6c1f7dd0064a24ac16e36aec4b0e94 417b099676d145218bef3d740bd3fd96 - - default default] 10.0.0.193 "GET /v2.0/extensions/availability_zone HTTP/1.1" status: 200 len: 372 time: 0.0045192
2026-07-15 06:06:03.213 10 INFO neutron.wsgi [None req-419ceed8-7983-44b3-87e3-29b2772e4ced 0759e81edf4147739e34492da7b33ab0 d4aec8a0402f42f297507e18b0137212 - - default default] 10.0.0.193 "DELETE /v2.0/networks/4b96342a-3c5c-4c6a-8d2f-b08796495240 HTTP/1.1" status: 204 len: 168 time: 0.5556927
