2026-07-15 06:07:34.258 10 INFO neutron.db.ovn_revision_numbers_db [None req-1bc7bca5-4077-4690-9624-0e7e4eaf3bc0 b12c0261aabc4148a8d14edbab9a42f1 4faf39b8e0cd4b7f8a7fa5fe4a037441 - - default default] Successfully bumped revision number for resource c8cd106e-53cc-4a86-9003-bc462f40f291 (type: subnets) to 0
2026-07-15 06:07:34.263 10 INFO neutron.wsgi [None req-ab41560f-a18f-4181-bda7-d149df32461a 363ffefd64e3452f9a4d261d03e267ae 4859c4cb4ab64222b97f5cb257c9c5db - - default default] 10.0.0.193 "PUT /v2.0/trunks/235f052b-507d-4737-956f-f6b47fc5569b/tags HTTP/1.1" status: 200 len: 218 time: 0.0339315
2026-07-15 06:07:34.279 10 INFO neutron.wsgi [None req-1bc7bca5-4077-4690-9624-0e7e4eaf3bc0 b12c0261aabc4148a8d14edbab9a42f1 4faf39b8e0cd4b7f8a7fa5fe4a037441 - - default default] 10.0.0.193 "POST /v2.0/subnets HTTP/1.1" status: 201 len: 862 time: 0.8222153
2026-07-15 06:07:34.288 9 INFO neutron.wsgi [req-fe63b21f-50aa-4ad8-9eb7-0d5b7a7cb437 req-caf006ba-febc-47f6-9632-8e64f24a96e1 6e804047cfd843ecb310531e10430430 f86012f3d9444bdcb1848b7214d0850f - - default default] 10.0.0.185 "GET /v2.0/security-groups?id=de16ec29-66a5-40ef-a095-7652ffb2449f&id=1834a443-f5f0-4208-ba14-ab04d075d9e9&fields=id&fields=name HTTP/1.1" status: 200 len: 404 time: 0.0597081
2026-07-15 06:07:34.293 10 INFO neutron.wsgi [None req-acf67966-0327-46c8-ac22-56b870988efd 363ffefd64e3452f9a4d261d03e267ae 4859c4cb4ab64222b97f5cb257c9c5db - - default default] 10.0.0.193 "GET /v2.0/trunks/235f052b-507d-4737-956f-f6b47fc5569b/tags HTTP/1.1" status: 200 len: 218 time: 0.0249255
2026-07-15 06:07:34.344 10 INFO neutron.wsgi [None req-42633343-67ca-42f0-854d-bd27b5d7c0a3 363ffefd64e3452f9a4d261d03e267ae 4859c4cb4ab64222b97f5cb257c9c5db - - default default] 10.0.0.193 "PUT /v2.0/trunks/235f052b-507d-4737-956f-f6b47fc5569b/tags/green HTTP/1.1" status: 201 len: 201 time: 0.0469825 /var/lib/openstack/lib/python3.10/site-packages/pycadf/identifier.py:71: UserWarning: Invalid uuid: neutron. To ensure interoperability, identifiers should be a valid uuid. warnings.warn(('Invalid uuid: %s. To ensure interoperability, '
2026-07-15 06:07:34.370 10 INFO neutron.wsgi [None req-1cf157ff-3ee7-4087-acc8-a37a8634bf8b 363ffefd64e3452f9a4d261d03e267ae 4859c4cb4ab64222b97f5cb257c9c5db - - default default] 10.0.0.193 "GET /v2.0/trunks/235f052b-507d-4737-956f-f6b47fc5569b/tags HTTP/1.1" status: 200 len: 227 time: 0.0215559
2026-07-15 06:07:34.393 9 WARNING neutron.scheduler.dhcp_agent_scheduler [req-8bc575b1-28ba-4d39-b9bf-a9012473e757 req-f2733666-6a6e-4384-8a74-a69ed8bf1f64 6373aa55fe2e48d78ece068c1200a8aa cca1ba5c55d74768b3f4315d60fa5952 - - default default] No more DHCP agents
2026-07-15 06:07:34.400 9 WARNING neutron.api.rpc.agentnotifiers.dhcp_rpc_agent_api [req-8bc575b1-28ba-4d39-b9bf-a9012473e757 req-f2733666-6a6e-4384-8a74-a69ed8bf1f64 6373aa55fe2e48d78ece068c1200a8aa cca1ba5c55d74768b3f4315d60fa5952 - - default default] Unable to schedule network 09711e01-864e-446b-a0e0-06dc7d11a52c: no agents available; will retry on subsequent port and subnet creation events.
2026-07-15 06:07:34.408 9 INFO neutron.wsgi [req-fc1d3f73-a981-4035-b244-e6f63a117b69 req-e31c0b36-2535-45ee-a0a6-1400a6800285 6e804047cfd843ecb310531e10430430 f86012f3d9444bdcb1848b7214d0850f - - default default] 10.0.0.185 "GET /v2.0/ports?device_id=f364f005-1d11-428c-bde9-ff80cbe5581a HTTP/1.1" status: 200 len: 1214 time: 0.0457559
2026-07-15 06:07:34.411 9 INFO neutron.wsgi [None req-4b418c52-ad5a-4267-982a-d47ed93ff6b3 363ffefd64e3452f9a4d261d03e267ae 4859c4cb4ab64222b97f5cb257c9c5db - - default default] 10.0.0.193 "PUT /v2.0/trunks/235f052b-507d-4737-956f-f6b47fc5569b/tags/red HTTP/1.1" status: 201 len: 201 time: 0.0310695 /var/lib/openstack/lib/python3.10/site-packages/pycadf/identifier.py:71: UserWarning: Invalid uuid: neutron. To ensure interoperability, identifiers should be a valid uuid. warnings.warn(('Invalid uuid: %s. To ensure interoperability, '
2026-07-15 06:07:34.451 9 INFO neutron.wsgi [None req-d9697a8d-c3fa-48cc-ae12-cc22ff982d3a 363ffefd64e3452f9a4d261d03e267ae 4859c4cb4ab64222b97f5cb257c9c5db - - default default] 10.0.0.193 "GET /v2.0/trunks/235f052b-507d-4737-956f-f6b47fc5569b/tags HTTP/1.1" status: 200 len: 227 time: 0.0337837
2026-07-15 06:07:34.521 9 INFO neutron.wsgi [None req-28b915c8-3d4f-4704-9dcd-0c24123e1dd3 363ffefd64e3452f9a4d261d03e267ae 4859c4cb4ab64222b97f5cb257c9c5db - - default default] 10.0.0.193 "PUT /v2.0/trunks/235f052b-507d-4737-956f-f6b47fc5569b/tags/black.or.white HTTP/1.1" status: 201 len: 201 time: 0.0601265
2026-07-15 06:07:34.565 9 INFO neutron.wsgi [None req-6a63a882-8079-4ea4-8243-a1b882895858 363ffefd64e3452f9a4d261d03e267ae 4859c4cb4ab64222b97f5cb257c9c5db - - default default] 10.0.0.193 "GET /v2.0/trunks/235f052b-507d-4737-956f-f6b47fc5569b/tags HTTP/1.1" status: 200 len: 245 time: 0.0348637
2026-07-15 06:07:34.656 9 INFO neutron.wsgi [None req-3f44c887-c79c-40ac-ac16-1c303c7323d0 363ffefd64e3452f9a4d261d03e267ae 4859c4cb4ab64222b97f5cb257c9c5db - - default default] 10.0.0.193 "PUT /v2.0/trunks/235f052b-507d-4737-956f-f6b47fc5569b/tags HTTP/1.1" status: 200 len: 230 time: 0.0849342
2026-07-15 06:07:34.660 10 INFO neutron.notifiers.nova [-] Nova event matching ['req-2cebcc9a-f561-42c2-82aa-db00603c8203'] response: {'server_uuid': 'f364f005-1d11-428c-bde9-ff80cbe5581a', 'name': 'network-vif-plugged', 'status': 'completed', 'tag': 'be1831be-c737-4798-be59-a89730b2497c', 'code': 200}
2026-07-15 06:07:34.680 10 INFO neutron.wsgi [None req-f853c131-1ae9-42b1-a30e-bc235c8af719 363ffefd64e3452f9a4d261d03e267ae 4859c4cb4ab64222b97f5cb257c9c5db - - default default] 10.0.0.193 "GET /v2.0/trunks/235f052b-507d-4737-956f-f6b47fc5569b/tags HTTP/1.1" status: 200 len: 230 time: 0.0165453
2026-07-15 06:07:34.696 9 INFO neutron.db.ovn_revision_numbers_db [req-8bc575b1-28ba-4d39-b9bf-a9012473e757 req-f2733666-6a6e-4384-8a74-a69ed8bf1f64 6373aa55fe2e48d78ece068c1200a8aa cca1ba5c55d74768b3f4315d60fa5952 - - default default] Successfully bumped revision number for resource f3ed9219-bd9a-4bfa-a904-c66756411d1b (type: ports) to 1
2026-07-15 06:07:34.706 9 INFO neutron.db.l3_db [None req-7d3b804e-3f85-4e8f-b982-ab9b530903b5 6e804047cfd843ecb310531e10430430 f86012f3d9444bdcb1848b7214d0850f - - default default] Floating IP a3cb5d13-bdcd-456e-9ded-ba50b13b8810 associated. External IP: 10.96.250.204, port: be1831be-c737-4798-be59-a89730b2497c.
2026-07-15 06:07:34.707 10 INFO neutron.wsgi [None req-dbbb763d-0994-4cdd-90e1-a66fddeb62f1 363ffefd64e3452f9a4d261d03e267ae 4859c4cb4ab64222b97f5cb257c9c5db - - default default] 10.0.0.193 "GET /v2.0/trunks/235f052b-507d-4737-956f-f6b47fc5569b/tags/red HTTP/1.1" status: 204 len: 168 time: 0.0220368
2026-07-15 06:07:34.734 9 INFO neutron.wsgi [req-8bc575b1-28ba-4d39-b9bf-a9012473e757 req-f2733666-6a6e-4384-8a74-a69ed8bf1f64 6373aa55fe2e48d78ece068c1200a8aa cca1ba5c55d74768b3f4315d60fa5952 - - default default] 199.204.45.153 "POST /v2.0/ports HTTP/1.1" status: 201 len: 1158 time: 0.8121037
2026-07-15 06:07:34.736 10 INFO neutron.api.v2.resource [None req-862f14e5-e94a-4f9a-95c8-226aec7ef316 363ffefd64e3452f9a4d261d03e267ae 4859c4cb4ab64222b97f5cb257c9c5db - - default default] show failed (client error): The resource could not be found.
2026-07-15 06:07:34.737 10 INFO neutron.wsgi [None req-862f14e5-e94a-4f9a-95c8-226aec7ef316 363ffefd64e3452f9a4d261d03e267ae 4859c4cb4ab64222b97f5cb257c9c5db - - default default] 10.0.0.193 "GET /v2.0/trunks/235f052b-507d-4737-956f-f6b47fc5569b/tags/green HTTP/1.1" status: 404 len: 299 time: 0.0235264
2026-07-15 06:07:34.794 10 INFO neutron.wsgi [None req-c9a1b897-b4e1-4f1a-86ba-5168be6f153c 363ffefd64e3452f9a4d261d03e267ae 4859c4cb4ab64222b97f5cb257c9c5db - - default default] 10.0.0.193 "DELETE /v2.0/trunks/235f052b-507d-4737-956f-f6b47fc5569b/tags/red HTTP/1.1" status: 204 len: 168 time: 0.0510793
2026-07-15 06:07:34.829 9 INFO neutron.wsgi [None req-7064183e-cdc9-4868-a7e1-37960907a5b7 363ffefd64e3452f9a4d261d03e267ae 4859c4cb4ab64222b97f5cb257c9c5db - - default default] 10.0.0.193 "GET /v2.0/trunks/235f052b-507d-4737-956f-f6b47fc5569b/tags HTTP/1.1" status: 200 len: 223 time: 0.0299165
2026-07-15 06:07:34.861 9 INFO neutron.api.v2.resource [None req-3753be00-3e99-430c-b366-ae6c90715e07 363ffefd64e3452f9a4d261d03e267ae 4859c4cb4ab64222b97f5cb257c9c5db - - default default] delete failed (client error): The resource could not be found.
2026-07-15 06:07:34.863 9 INFO neutron.wsgi [None req-3753be00-3e99-430c-b366-ae6c90715e07 363ffefd64e3452f9a4d261d03e267ae 4859c4cb4ab64222b97f5cb257c9c5db - - default default] 10.0.0.193 "DELETE /v2.0/trunks/235f052b-507d-4737-956f-f6b47fc5569b/tags/green HTTP/1.1" status: 404 len: 299 time: 0.0290816
2026-07-15 06:07:34.912 10 INFO neutron.wsgi [None req-ef2f781a-3be8-4b5a-825a-1a54940a926f 363ffefd64e3452f9a4d261d03e267ae 4859c4cb4ab64222b97f5cb257c9c5db - - default default] 10.0.0.193 "DELETE /v2.0/trunks/235f052b-507d-4737-956f-f6b47fc5569b/tags HTTP/1.1" status: 204 len: 168 time: 0.0452216
2026-07-15 06:07:34.938 10 INFO neutron.wsgi [None req-b1aa5da6-1eda-46d1-bfcd-9dc480de749d 363ffefd64e3452f9a4d261d03e267ae 4859c4cb4ab64222b97f5cb257c9c5db - - default default] 10.0.0.193 "GET /v2.0/trunks/235f052b-507d-4737-956f-f6b47fc5569b/tags HTTP/1.1" status: 200 len: 205 time: 0.0175455
2026-07-15 06:07:34.975 10 INFO neutron.wsgi [None req-328fc4cc-d2c8-4b8f-8d7b-e3795d3d64e7 363ffefd64e3452f9a4d261d03e267ae 4859c4cb4ab64222b97f5cb257c9c5db - - default default] 10.0.0.193 "GET /v2.0/trunks/235f052b-507d-4737-956f-f6b47fc5569b HTTP/1.1" status: 200 len: 603 time: 0.0171936
2026-07-15 06:07:35.016 10 WARNING neutron.scheduler.dhcp_agent_scheduler [None req-909a526e-bd70-4764-9c4c-6f1c6c6f4051 b12c0261aabc4148a8d14edbab9a42f1 4faf39b8e0cd4b7f8a7fa5fe4a037441 - - default default] No more DHCP agents
2026-07-15 06:07:35.020 10 WARNING neutron.api.rpc.agentnotifiers.dhcp_rpc_agent_api [None req-909a526e-bd70-4764-9c4c-6f1c6c6f4051 b12c0261aabc4148a8d14edbab9a42f1 4faf39b8e0cd4b7f8a7fa5fe4a037441 - - default default] Unable to schedule network bb37d091-3fbb-434e-9180-8c3496af7ade: no agents available; will retry on subsequent port and subnet creation events.
2026-07-15 06:07:35.136 10 INFO neutron.wsgi [None req-bee6d16e-2cf7-4ea5-9223-4f44bfaff02a 363ffefd64e3452f9a4d261d03e267ae 4859c4cb4ab64222b97f5cb257c9c5db - - default default] 10.0.0.193 "GET /v2.0/ports/c744051f-cb40-43b0-bf76-a3dedbc8fea5 HTTP/1.1" status: 200 len: 1020 time: 0.1546679
2026-07-15 06:07:35.244 10 INFO neutron.wsgi [None req-e08de350-e6ba-4c5e-a054-5067d7cc8198 363ffefd64e3452f9a4d261d03e267ae 4859c4cb4ab64222b97f5cb257c9c5db - - default default] 10.0.0.193 "DELETE /v2.0/trunks/235f052b-507d-4737-956f-f6b47fc5569b HTTP/1.1" status: 204 len: 168 time: 0.1043546
2026-07-15 06:07:35.245 10 INFO neutron.db.ovn_revision_numbers_db [None req-909a526e-bd70-4764-9c4c-6f1c6c6f4051 b12c0261aabc4148a8d14edbab9a42f1 4faf39b8e0cd4b7f8a7fa5fe4a037441 - - default default] Successfully bumped revision number for resource 0a0a62f6-ddfb-49e7-b7a8-9291721f6b24 (type: ports) to 1
2026-07-15 06:07:35.346 9 INFO neutron.wsgi [req-97d061b9-6dde-469b-a00e-723d7d603028 req-3fc5bdb4-aa45-41a8-8027-dbd85afeeb3d 6373aa55fe2e48d78ece068c1200a8aa cca1ba5c55d74768b3f4315d60fa5952 - - default default] 10.0.0.185 "GET /v2.0/ports?device_id=ead5e4bb-b5a4-4b16-84d6-289adedee71f HTTP/1.1" status: 200 len: 1156 time: 0.0976691
2026-07-15 06:07:35.417 9 INFO neutron.db.ovn_revision_numbers_db [None req-7d3b804e-3f85-4e8f-b982-ab9b530903b5 6e804047cfd843ecb310531e10430430 f86012f3d9444bdcb1848b7214d0850f - - default default] Successfully bumped revision number for resource a3cb5d13-bdcd-456e-9ded-ba50b13b8810 (type: floatingips) to 1
2026-07-15 06:07:35.455 9 WARNING neutron.plugins.ml2.drivers.ovn.mech_driver.ovsdb.ovn_client [None req-2052610e-e2e3-4021-9f7b-abd298d398dc - - - - - -] No hosting information found for port 1325e093-b337-49c0-8951-1378e5ad9aa7: RuntimeError: No hosting information found for port 1325e093-b337-49c0-8951-1378e5ad9aa7
2026-07-15 06:07:35.460 9 INFO neutron.wsgi [req-97d061b9-6dde-469b-a00e-723d7d603028 req-8a0c3f8e-1469-4f5b-ab47-3284a33e0357 6373aa55fe2e48d78ece068c1200a8aa cca1ba5c55d74768b3f4315d60fa5952 - - default default] 10.0.0.185 "GET /v2.0/security-groups?id=471cb338-4b49-4373-a09c-17946bfdcd84&fields=id&fields=name HTTP/1.1" status: 200 len: 312 time: 0.1068091
2026-07-15 06:07:35.593 10 INFO neutron.wsgi [None req-ea3a7fa8-f219-4036-be54-16866a545d57 363ffefd64e3452f9a4d261d03e267ae 4859c4cb4ab64222b97f5cb257c9c5db - - default default] 10.0.0.193 "DELETE /v2.0/ports/c744051f-cb40-43b0-bf76-a3dedbc8fea5 HTTP/1.1" status: 204 len: 168 time: 0.3451686 /var/lib/openstack/lib/python3.10/site-packages/pycadf/identifier.py:71: UserWarning: Invalid uuid: neutron. To ensure interoperability, identifiers should be a valid uuid. warnings.warn(('Invalid uuid: %s. To ensure interoperability, '
2026-07-15 06:07:35.622 9 INFO neutron.db.ovn_revision_numbers_db [None req-7d3b804e-3f85-4e8f-b982-ab9b530903b5 6e804047cfd843ecb310531e10430430 f86012f3d9444bdcb1848b7214d0850f - - default default] Successfully bumped revision number for resource a3cb5d13-bdcd-456e-9ded-ba50b13b8810 (type: floatingips) to 2
2026-07-15 06:07:35.655 9 INFO neutron.wsgi [None req-7d3b804e-3f85-4e8f-b982-ab9b530903b5 6e804047cfd843ecb310531e10430430 f86012f3d9444bdcb1848b7214d0850f - - default default] 10.0.0.193 "PUT /v2.0/floatingips/a3cb5d13-bdcd-456e-9ded-ba50b13b8810 HTTP/1.1" status: 200 len: 1050 time: 1.2317832
2026-07-15 06:07:35.690 9 INFO neutron.notifiers.nova [-] Nova event matching ['req-2385678e-fdc5-4d37-bcc6-e0611acead33'] response: {'name': 'network-changed', 'server_uuid': 'f364f005-1d11-428c-bde9-ff80cbe5581a', 'tag': 'be1831be-c737-4798-be59-a89730b2497c', 'status': 'completed', 'code': 200}
2026-07-15 06:07:35.770 9 INFO neutron.db.ovn_revision_numbers_db [req-8bc575b1-28ba-4d39-b9bf-a9012473e757 req-54db2fb2-e197-4427-bc52-0d612a570407 5ddb7c26a91f4aee83815da130d7fc8c 642a17d38a284a24b594effabaf0fd35 - - 2d0863a0ba5346be999fbb03d6fa654f 2d0863a0ba5346be999fbb03d6fa654f] Successfully bumped revision number for resource f3ed9219-bd9a-4bfa-a904-c66756411d1b (type: ports) to 2
2026-07-15 06:07:35.801 10 INFO neutron.wsgi [req-5f4a7164-7a57-4d7a-a760-902aa2f53ced req-db92cf4e-68ed-4791-b611-7799b53a1519 5ddb7c26a91f4aee83815da130d7fc8c 642a17d38a284a24b594effabaf0fd35 - - 2d0863a0ba5346be999fbb03d6fa654f 2d0863a0ba5346be999fbb03d6fa654f] 199.204.45.153 "GET /v2.0/ports?tenant_id=f86012f3d9444bdcb1848b7214d0850f&device_id=f364f005-1d11-428c-bde9-ff80cbe5581a HTTP/1.1" status: 200 len: 1452 time: 0.0807641
2026-07-15 06:07:35.915 10 INFO neutron.wsgi [req-5f4a7164-7a57-4d7a-a760-902aa2f53ced req-9cf26c14-0ade-4d40-88b2-aa2bbfc7e41a 5ddb7c26a91f4aee83815da130d7fc8c 642a17d38a284a24b594effabaf0fd35 - - 2d0863a0ba5346be999fbb03d6fa654f 2d0863a0ba5346be999fbb03d6fa654f] 199.204.45.153 "GET /v2.0/networks?id=c164c26e-19da-4ec2-bc28-26ad129981e4 HTTP/1.1" status: 200 len: 971 time: 0.1089835
2026-07-15 06:07:35.991 10 INFO neutron.wsgi [req-5f4a7164-7a57-4d7a-a760-902aa2f53ced req-5dfc28ac-2563-45e4-869a-34d296353dc8 5ddb7c26a91f4aee83815da130d7fc8c 642a17d38a284a24b594effabaf0fd35 - - 2d0863a0ba5346be999fbb03d6fa654f 2d0863a0ba5346be999fbb03d6fa654f] 199.204.45.153 "GET /v2.0/floatingips?fixed_ip_address=10.100.0.13&port_id=be1831be-c737-4798-be59-a89730b2497c HTTP/1.1" status: 200 len: 1060 time: 0.0689790
2026-07-15 06:07:36.019 9 INFO neutron.db.ovn_revision_numbers_db [req-8bc575b1-28ba-4d39-b9bf-a9012473e757 req-54db2fb2-e197-4427-bc52-0d612a570407 5ddb7c26a91f4aee83815da130d7fc8c 642a17d38a284a24b594effabaf0fd35 - - 2d0863a0ba5346be999fbb03d6fa654f 2d0863a0ba5346be999fbb03d6fa654f] Successfully bumped revision number for resource f3ed9219-bd9a-4bfa-a904-c66756411d1b (type: ports) to 2
2026-07-15 06:07:36.035 9 INFO neutron.wsgi [req-8bc575b1-28ba-4d39-b9bf-a9012473e757 req-54db2fb2-e197-4427-bc52-0d612a570407 5ddb7c26a91f4aee83815da130d7fc8c 642a17d38a284a24b594effabaf0fd35 - - 2d0863a0ba5346be999fbb03d6fa654f 2d0863a0ba5346be999fbb03d6fa654f] 199.204.45.153 "PUT /v2.0/ports/f3ed9219-bd9a-4bfa-a904-c66756411d1b HTTP/1.1" status: 200 len: 1376 time: 1.2923098
2026-07-15 06:07:36.055 10 INFO neutron.wsgi [req-5f4a7164-7a57-4d7a-a760-902aa2f53ced req-15802e6d-2a3e-4758-b1b5-9c3930422812 5ddb7c26a91f4aee83815da130d7fc8c 642a17d38a284a24b594effabaf0fd35 - - 2d0863a0ba5346be999fbb03d6fa654f 2d0863a0ba5346be999fbb03d6fa654f] 199.204.45.153 "GET /v2.0/subnets?id=adc82eb7-2935-4bee-88a1-453937fd7a23 HTTP/1.1" status: 200 len: 866 time: 0.0507731 /var/lib/openstack/lib/python3.10/site-packages/pycadf/identifier.py:71: UserWarning: Invalid uuid: neutron. To ensure interoperability, identifiers should be a valid uuid. warnings.warn(('Invalid uuid: %s. To ensure interoperability, '
2026-07-15 06:07:36.089 9 INFO neutron.wsgi [-] 10.0.0.240 "GET / HTTP/1.1" status: 200 len: 246 time: 0.0013967
2026-07-15 06:07:36.092 9 INFO neutron.wsgi [-] 10.0.0.240 "GET / HTTP/1.1" status: 200 len: 246 time: 0.0010157
2026-07-15 06:07:36.103 10 INFO neutron.wsgi [req-5f4a7164-7a57-4d7a-a760-902aa2f53ced req-3d902ea6-3403-4893-8ac9-9af5316e476c 5ddb7c26a91f4aee83815da130d7fc8c 642a17d38a284a24b594effabaf0fd35 - - 2d0863a0ba5346be999fbb03d6fa654f 2d0863a0ba5346be999fbb03d6fa654f] 199.204.45.153 "GET /v2.0/ports?network_id=c164c26e-19da-4ec2-bc28-26ad129981e4&device_owner=network%3Adhcp HTTP/1.1" status: 200 len: 210 time: 0.0358448
2026-07-15 06:07:36.104 9 INFO neutron.wsgi [req-8bc575b1-28ba-4d39-b9bf-a9012473e757 req-12fd94ed-eeb7-4303-92d3-eeb0293d3189 5ddb7c26a91f4aee83815da130d7fc8c 642a17d38a284a24b594effabaf0fd35 - - 2d0863a0ba5346be999fbb03d6fa654f 2d0863a0ba5346be999fbb03d6fa654f] 199.204.45.153 "GET /v2.0/ports?tenant_id=cca1ba5c55d74768b3f4315d60fa5952&device_id=ead5e4bb-b5a4-4b16-84d6-289adedee71f HTTP/1.1" status: 200 len: 1407 time: 0.0355158
2026-07-15 06:07:36.137 9 INFO neutron.wsgi [req-8bc575b1-28ba-4d39-b9bf-a9012473e757 req-8e10600e-2f3a-45fa-8486-2fcb3f973bc8 5ddb7c26a91f4aee83815da130d7fc8c 642a17d38a284a24b594effabaf0fd35 - - 2d0863a0ba5346be999fbb03d6fa654f 2d0863a0ba5346be999fbb03d6fa654f] 199.204.45.153 "GET /v2.0/floatingips?fixed_ip_address=10.100.0.4&port_id=f3ed9219-bd9a-4bfa-a904-c66756411d1b HTTP/1.1" status: 200 len: 217 time: 0.0207481
2026-07-15 06:07:36.163 9 INFO neutron.plugins.ml2.drivers.ovn.mech_driver.mech_driver [None req-2052610e-e2e3-4021-9f7b-abd298d398dc - - - - - -] OVN reports status up for port: 0a0a62f6-ddfb-49e7-b7a8-9291721f6b24
2026-07-15 06:07:36.183 10 INFO neutron.plugins.ml2.drivers.ovn.mech_driver.ovsdb.ovsdb_monitor [None req-bd080fbb-af7d-4256-98ed-a2aa9d0725dc - - - - - -] Router 8ddad014-c782-4850-9bd1-917a41a68e2f is bound to host instance
2026-07-15 06:07:36.185 9 INFO neutron.plugins.ml2.plugin [None req-2052610e-e2e3-4021-9f7b-abd298d398dc - - - - - -] Attempt 1 to provision port 0a0a62f6-ddfb-49e7-b7a8-9291721f6b24
2026-07-15 06:07:36.211 9 INFO neutron.wsgi [req-8bc575b1-28ba-4d39-b9bf-a9012473e757 req-ad352fc5-8e40-477d-a9b4-03b2257884a6 5ddb7c26a91f4aee83815da130d7fc8c 642a17d38a284a24b594effabaf0fd35 - - 2d0863a0ba5346be999fbb03d6fa654f 2d0863a0ba5346be999fbb03d6fa654f] 199.204.45.153 "GET /v2.0/subnets?id=2b5f4103-be54-465e-afda-13c9383b90a0 HTTP/1.1" status: 200 len: 852 time: 0.0594864
2026-07-15 06:07:36.252 9 INFO neutron.wsgi [req-8bc575b1-28ba-4d39-b9bf-a9012473e757 req-e028f4db-3557-4a38-a642-9a7022ada38f 5ddb7c26a91f4aee83815da130d7fc8c 642a17d38a284a24b594effabaf0fd35 - - 2d0863a0ba5346be999fbb03d6fa654f 2d0863a0ba5346be999fbb03d6fa654f] 199.204.45.153 "GET /v2.0/ports?network_id=09711e01-864e-446b-a0e0-06dc7d11a52c&device_owner=network%3Adhcp HTTP/1.1" status: 200 len: 210 time: 0.0238335
2026-07-15 06:07:36.346 9 INFO neutron.wsgi [req-8bc575b1-28ba-4d39-b9bf-a9012473e757 req-889d526d-1171-499e-85d5-a559049ae4cc 5ddb7c26a91f4aee83815da130d7fc8c 642a17d38a284a24b594effabaf0fd35 - - 2d0863a0ba5346be999fbb03d6fa654f 2d0863a0ba5346be999fbb03d6fa654f] 199.204.45.153 "GET /v2.0/networks/09711e01-864e-446b-a0e0-06dc7d11a52c?fields=segments HTTP/1.1" status: 200 len: 212 time: 0.0783901
2026-07-15 06:07:36.403 9 INFO neutron.wsgi [req-8bc575b1-28ba-4d39-b9bf-a9012473e757 req-aac81146-3541-41f9-915d-e36de3f47fcb 5ddb7c26a91f4aee83815da130d7fc8c 642a17d38a284a24b594effabaf0fd35 - - 2d0863a0ba5346be999fbb03d6fa654f 2d0863a0ba5346be999fbb03d6fa654f] 199.204.45.153 "GET /v2.0/networks/09711e01-864e-446b-a0e0-06dc7d11a52c?fields=provider%3Aphysical_network&fields=provider%3Anetwork_type HTTP/1.1" status: 200 len: 277 time: 0.0504806
2026-07-15 06:07:36.460 10 INFO neutron.services.segments.plugin [-] Segment 70d2205c-3b20-440b-b3ce-4ba79fb5431b resource provider aggregate not found
2026-07-15 06:07:36.465 10 INFO neutron.services.segments.plugin [-] Segment 70d2205c-3b20-440b-b3ce-4ba79fb5431b resource provider aggregate not found
2026-07-15 06:07:36.483 10 INFO neutron.services.segments.plugin [-] Segment 70d2205c-3b20-440b-b3ce-4ba79fb5431b resource provider not found; error: Placement Client Error (4xx): {"errors": [{"status": 404, "title": "Not Found", "detail": "The resource could not be found.\n\n No resource provider with uuid 70d2205c-3b20-440b-b3ce-4ba79fb5431b found for delete ", "request_id": "req-55ede39c-99a6-4617-9884-94fe58f1558f"}]}
2026-07-15 06:07:36.495 10 INFO neutron.services.segments.plugin [-] Segment 70d2205c-3b20-440b-b3ce-4ba79fb5431b resource provider not found; error: Placement Client Error (4xx): {"errors": [{"status": 404, "title": "Not Found", "detail": "The resource could not be found.\n\n No resource provider with uuid 70d2205c-3b20-440b-b3ce-4ba79fb5431b found for delete ", "request_id": "req-a3ed18cb-b4c5-4730-91c0-ec2887d756c2"}]}
2026-07-15 06:07:36.501 10 INFO neutron.wsgi [req-5f4a7164-7a57-4d7a-a760-902aa2f53ced req-ba9b8d2d-8e58-476d-bde2-79577181e8ea 5ddb7c26a91f4aee83815da130d7fc8c 642a17d38a284a24b594effabaf0fd35 - - 2d0863a0ba5346be999fbb03d6fa654f 2d0863a0ba5346be999fbb03d6fa654f] 199.204.45.153 "GET /v2.0/networks/c164c26e-19da-4ec2-bc28-26ad129981e4?fields=segments HTTP/1.1" status: 200 len: 212 time: 0.3828464
2026-07-15 06:07:36.521 10 INFO neutron.db.ovn_revision_numbers_db [None req-909a526e-bd70-4764-9c4c-6f1c6c6f4051 b12c0261aabc4148a8d14edbab9a42f1 4faf39b8e0cd4b7f8a7fa5fe4a037441 - - default default] Successfully bumped revision number for resource 0a0a62f6-ddfb-49e7-b7a8-9291721f6b24 (type: router_ports) to 1
2026-07-15 06:07:36.591 10 INFO neutron.wsgi [None req-ff4d6dd2-871b-451d-9462-92e2cdf9b9a7 363ffefd64e3452f9a4d261d03e267ae 4859c4cb4ab64222b97f5cb257c9c5db - - default default] 10.0.0.193 "DELETE /v2.0/networks/46dc5b23-68a3-47e8-9c24-1b03e77b38a3 HTTP/1.1" status: 204 len: 168 time: 0.9921899
2026-07-15 06:07:36.605 9 INFO neutron.wsgi [req-a58d8f86-b24d-43a2-907c-0a84f6ead6ff req-e3ff33bc-dafa-4bdd-8986-8da6449184c5 6373aa55fe2e48d78ece068c1200a8aa cca1ba5c55d74768b3f4315d60fa5952 - - default default] 10.0.0.185 "GET /v2.0/ports?device_id=ead5e4bb-b5a4-4b16-84d6-289adedee71f HTTP/1.1" status: 200 len: 1168 time: 0.0588057
2026-07-15 06:07:36.660 10 INFO neutron.wsgi [req-5f4a7164-7a57-4d7a-a760-902aa2f53ced req-ca54f04e-9e4d-470b-8a5d-65f460b29ee1 5ddb7c26a91f4aee83815da130d7fc8c 642a17d38a284a24b594effabaf0fd35 - - 2d0863a0ba5346be999fbb03d6fa654f 2d0863a0ba5346be999fbb03d6fa654f] 199.204.45.153 "GET /v2.0/networks/c164c26e-19da-4ec2-bc28-26ad129981e4?fields=provider%3Aphysical_network&fields=provider%3Anetwork_type HTTP/1.1" status: 200 len: 277 time: 0.1511638
2026-07-15 06:07:36.679 10 INFO neutron.db.ovn_revision_numbers_db [None req-909a526e-bd70-4764-9c4c-6f1c6c6f4051 b12c0261aabc4148a8d14edbab9a42f1 4faf39b8e0cd4b7f8a7fa5fe4a037441 - - default default] Successfully bumped revision number for resource 8ddad014-c782-4850-9bd1-917a41a68e2f (type: routers) to 2
2026-07-15 06:07:36.688 9 INFO neutron.wsgi [req-a58d8f86-b24d-43a2-907c-0a84f6ead6ff req-64a3397f-fd84-471c-94d1-ec4a5a4ac834 6373aa55fe2e48d78ece068c1200a8aa cca1ba5c55d74768b3f4315d60fa5952 - - default default] 10.0.0.185 "GET /v2.0/security-groups?id=471cb338-4b49-4373-a09c-17946bfdcd84&fields=id&fields=name HTTP/1.1" status: 200 len: 312 time: 0.0630691
2026-07-15 06:07:36.717 10 INFO neutron.wsgi [None req-909a526e-bd70-4764-9c4c-6f1c6c6f4051 b12c0261aabc4148a8d14edbab9a42f1 4faf39b8e0cd4b7f8a7fa5fe4a037441 - - default default] 10.0.0.193 "POST /v2.0/routers HTTP/1.1" status: 201 len: 873 time: 2.4326804
2026-07-15 06:07:37.379 10 WARNING neutron.scheduler.dhcp_agent_scheduler [None req-e231014f-3e58-49ba-ba0e-30a522a0337e b12c0261aabc4148a8d14edbab9a42f1 4faf39b8e0cd4b7f8a7fa5fe4a037441 - - default default] No more DHCP agents
2026-07-15 06:07:37.383 10 INFO neutron.db.ovn_revision_numbers_db [None req-bd080fbb-af7d-4256-98ed-a2aa9d0725dc - - - - - -] Successfully bumped revision number for resource 0a0a62f6-ddfb-49e7-b7a8-9291721f6b24 (type: ports) to 1
2026-07-15 06:07:37.385 10 WARNING neutron.api.rpc.agentnotifiers.dhcp_rpc_agent_api [None req-e231014f-3e58-49ba-ba0e-30a522a0337e b12c0261aabc4148a8d14edbab9a42f1 4faf39b8e0cd4b7f8a7fa5fe4a037441 - - default default] Unable to schedule network ad68545e-866d-4d88-bfc9-f772cbe53fc7: no agents available; will retry on subsequent port and subnet creation events.
2026-07-15 06:07:37.549 9 INFO neutron.wsgi [None req-a80a9bee-1595-4f4b-9119-a6e4e0bebcff b12c0261aabc4148a8d14edbab9a42f1 4faf39b8e0cd4b7f8a7fa5fe4a037441 - - default default] 10.0.0.193 "GET /v2.0/security-groups?tenant_id=4859c4cb4ab64222b97f5cb257c9c5db&name=default HTTP/1.1" status: 200 len: 2996 time: 0.1652703
2026-07-15 06:07:37.628 10 INFO neutron.db.ovn_revision_numbers_db [None req-e231014f-3e58-49ba-ba0e-30a522a0337e b12c0261aabc4148a8d14edbab9a42f1 4faf39b8e0cd4b7f8a7fa5fe4a037441 - - default default] Successfully bumped revision number for resource 8f7317a2-5fbb-43ec-bc9e-2617815e7693 (type: ports) to 1
2026-07-15 06:07:37.733 10 INFO neutron.db.ovn_revision_numbers_db [None req-bd080fbb-af7d-4256-98ed-a2aa9d0725dc - - - - - -] Successfully bumped revision number for resource 0a0a62f6-ddfb-49e7-b7a8-9291721f6b24 (type: router_ports) to 3
2026-07-15 06:07:37.756 9 INFO neutron.notifiers.nova [-] Nova event matching ['req-84bb970f-f68c-4c46-9f3a-8d92a364cff5'] response: {'name': 'network-changed', 'server_uuid': 'ead5e4bb-b5a4-4b16-84d6-289adedee71f', 'tag': 'f3ed9219-bd9a-4bfa-a904-c66756411d1b', 'status': 'completed', 'code': 200}
2026-07-15 06:07:37.816 10 INFO neutron.wsgi [req-9c4970c9-5936-467a-8053-87bbbcb6ecc6 req-9518da72-d74b-4d0f-9902-c3fd38c77244 5ddb7c26a91f4aee83815da130d7fc8c 642a17d38a284a24b594effabaf0fd35 - - 2d0863a0ba5346be999fbb03d6fa654f 2d0863a0ba5346be999fbb03d6fa654f] 199.204.45.153 "GET /v2.0/ports?tenant_id=cca1ba5c55d74768b3f4315d60fa5952&device_id=ead5e4bb-b5a4-4b16-84d6-289adedee71f HTTP/1.1" status: 200 len: 1407 time: 0.0413997
2026-07-15 06:07:37.833 9 INFO neutron.wsgi [None req-2a72cca5-0777-4942-8b90-092ed4607bef b12c0261aabc4148a8d14edbab9a42f1 4faf39b8e0cd4b7f8a7fa5fe4a037441 - - default default] 10.0.0.193 "DELETE /v2.0/security-groups/cf7f26de-7865-4e5c-a91c-64b1cb8b170e HTTP/1.1" status: 204 len: 168 time: 0.2804270
2026-07-15 06:07:37.855 9 INFO neutron.wsgi [req-df379c46-b910-4a2d-a9cc-a5973f6fa54b req-62caca0b-c318-4882-97f7-52ad6abf6e58 6373aa55fe2e48d78ece068c1200a8aa cca1ba5c55d74768b3f4315d60fa5952 - - default default] 10.0.0.185 "GET /v2.0/ports?device_id=ead5e4bb-b5a4-4b16-84d6-289adedee71f HTTP/1.1" status: 200 len: 1168 time: 0.0983627
2026-07-15 06:07:37.904 9 INFO neutron.wsgi [req-df379c46-b910-4a2d-a9cc-a5973f6fa54b req-9ea7700e-0d53-48c9-8bed-139e361d7314 6373aa55fe2e48d78ece068c1200a8aa cca1ba5c55d74768b3f4315d60fa5952 - - default default] 10.0.0.185 "GET /v2.0/security-groups?id=471cb338-4b49-4373-a09c-17946bfdcd84&fields=id&fields=name HTTP/1.1" status: 200 len: 312 time: 0.0418730
2026-07-15 06:07:37.925 10 INFO neutron.wsgi [req-9c4970c9-5936-467a-8053-87bbbcb6ecc6 req-5a375019-fc1b-4789-9833-9ea6778344e2 5ddb7c26a91f4aee83815da130d7fc8c 642a17d38a284a24b594effabaf0fd35 - - 2d0863a0ba5346be999fbb03d6fa654f 2d0863a0ba5346be999fbb03d6fa654f] 199.204.45.153 "GET /v2.0/networks?id=09711e01-864e-446b-a0e0-06dc7d11a52c HTTP/1.1" status: 200 len: 959 time: 0.0989439
2026-07-15 06:07:37.964 10 INFO neutron.wsgi [req-9c4970c9-5936-467a-8053-87bbbcb6ecc6 req-ff14bce1-dde6-427f-8caa-5e25b15bb1eb 5ddb7c26a91f4aee83815da130d7fc8c 642a17d38a284a24b594effabaf0fd35 - - 2d0863a0ba5346be999fbb03d6fa654f 2d0863a0ba5346be999fbb03d6fa654f] 199.204.45.153 "GET /v2.0/floatingips?fixed_ip_address=10.100.0.4&port_id=f3ed9219-bd9a-4bfa-a904-c66756411d1b HTTP/1.1" status: 200 len: 217 time: 0.0309129
2026-07-15 06:07:38.026 10 INFO neutron.db.ovn_revision_numbers_db [None req-bd080fbb-af7d-4256-98ed-a2aa9d0725dc - - - - - -] Successfully bumped revision number for resource 0a0a62f6-ddfb-49e7-b7a8-9291721f6b24 (type: ports) to 2
2026-07-15 06:07:38.031 10 INFO neutron.wsgi [req-9c4970c9-5936-467a-8053-87bbbcb6ecc6 req-1618b5f8-4ebb-4205-89e8-f200b6394c79 5ddb7c26a91f4aee83815da130d7fc8c 642a17d38a284a24b594effabaf0fd35 - - 2d0863a0ba5346be999fbb03d6fa654f 2d0863a0ba5346be999fbb03d6fa654f] 199.204.45.153 "GET /v2.0/subnets?id=2b5f4103-be54-465e-afda-13c9383b90a0 HTTP/1.1" status: 200 len: 852 time: 0.0561712
2026-07-15 06:07:38.043 9 INFO neutron.db.ovn_revision_numbers_db [None req-886ea3c9-fed6-45ed-bb01-744c0498faac b12c0261aabc4148a8d14edbab9a42f1 4faf39b8e0cd4b7f8a7fa5fe4a037441 - - default default] Successfully bumped revision number for resource 3143d81d-c08b-4888-a66f-7f66c43ad0c9 (type: security_groups) to 1
2026-07-15 06:07:38.056 9 INFO neutron.db.ovn_revision_numbers_db [None req-886ea3c9-fed6-45ed-bb01-744c0498faac b12c0261aabc4148a8d14edbab9a42f1 4faf39b8e0cd4b7f8a7fa5fe4a037441 - - default default] Successfully bumped revision number for resource 4639b5e3-cc11-48b6-99fb-53e7ddc66a9c (type: security_group_rules) to 0
2026-07-15 06:07:38.066 10 INFO neutron.wsgi [req-9c4970c9-5936-467a-8053-87bbbcb6ecc6 req-1816dc8a-728e-45cd-88dd-e5e4ba667b33 5ddb7c26a91f4aee83815da130d7fc8c 642a17d38a284a24b594effabaf0fd35 - - 2d0863a0ba5346be999fbb03d6fa654f 2d0863a0ba5346be999fbb03d6fa654f] 199.204.45.153 "GET /v2.0/ports?network_id=09711e01-864e-446b-a0e0-06dc7d11a52c&device_owner=network%3Adhcp HTTP/1.1" status: 200 len: 210 time: 0.0273061
2026-07-15 06:07:38.071 9 INFO neutron.db.ovn_revision_numbers_db [None req-886ea3c9-fed6-45ed-bb01-744c0498faac b12c0261aabc4148a8d14edbab9a42f1 4faf39b8e0cd4b7f8a7fa5fe4a037441 - - default default] Successfully bumped revision number for resource 792b38a1-e493-4354-9704-782e27e9632f (type: security_group_rules) to 0
2026-07-15 06:07:38.084 9 INFO neutron.db.ovn_revision_numbers_db [None req-886ea3c9-fed6-45ed-bb01-744c0498faac b12c0261aabc4148a8d14edbab9a42f1 4faf39b8e0cd4b7f8a7fa5fe4a037441 - - default default] Successfully bumped revision number for resource abf57d1e-98fd-42d6-b104-0291edc2bd5e (type: security_group_rules) to 0
2026-07-15 06:07:38.108 9 INFO neutron.db.ovn_revision_numbers_db [None req-886ea3c9-fed6-45ed-bb01-744c0498faac b12c0261aabc4148a8d14edbab9a42f1 4faf39b8e0cd4b7f8a7fa5fe4a037441 - - default default] Successfully bumped revision number for resource c819a766-1ee1-42ad-9a30-8db908de75fd (type: security_group_rules) to 0
2026-07-15 06:07:38.135 9 INFO neutron.wsgi [None req-886ea3c9-fed6-45ed-bb01-744c0498faac b12c0261aabc4148a8d14edbab9a42f1 4faf39b8e0cd4b7f8a7fa5fe4a037441 - - default default] 10.0.0.193 "GET /v2.0/security-groups?tenant_id=38a48791df344ae8aa371c2a3ef3dc98&name=default HTTP/1.1" status: 200 len: 2996 time: 0.2073629
2026-07-15 06:07:38.170 10 INFO neutron.wsgi [req-9c4970c9-5936-467a-8053-87bbbcb6ecc6 req-80b9bd45-ee4c-4ccf-b0a9-b94febb4a4c5 5ddb7c26a91f4aee83815da130d7fc8c 642a17d38a284a24b594effabaf0fd35 - - 2d0863a0ba5346be999fbb03d6fa654f 2d0863a0ba5346be999fbb03d6fa654f] 199.204.45.153 "GET /v2.0/networks/09711e01-864e-446b-a0e0-06dc7d11a52c?fields=segments HTTP/1.1" status: 200 len: 212 time: 0.0973473
2026-07-15 06:07:38.316 10 INFO neutron.wsgi [req-9c4970c9-5936-467a-8053-87bbbcb6ecc6 req-dd8ae6c5-9e47-4211-bf58-9deb5e250489 5ddb7c26a91f4aee83815da130d7fc8c 642a17d38a284a24b594effabaf0fd35 - - 2d0863a0ba5346be999fbb03d6fa654f 2d0863a0ba5346be999fbb03d6fa654f] 199.204.45.153 "GET /v2.0/networks/09711e01-864e-446b-a0e0-06dc7d11a52c?fields=provider%3Aphysical_network&fields=provider%3Anetwork_type HTTP/1.1" status: 200 len: 277 time: 0.1320467
2026-07-15 06:07:38.381 9 INFO neutron.wsgi [None req-e109fba0-5a63-40da-9cb8-4a6276806f08 b12c0261aabc4148a8d14edbab9a42f1 4faf39b8e0cd4b7f8a7fa5fe4a037441 - - default default] 10.0.0.193 "DELETE /v2.0/security-groups/3143d81d-c08b-4888-a66f-7f66c43ad0c9 HTTP/1.1" status: 204 len: 168 time: 0.2360024
2026-07-15 06:07:38.644 10 INFO neutron.db.ovn_revision_numbers_db [None req-e231014f-3e58-49ba-ba0e-30a522a0337e b12c0261aabc4148a8d14edbab9a42f1 4faf39b8e0cd4b7f8a7fa5fe4a037441 - - default default] Successfully bumped revision number for resource 8f7317a2-5fbb-43ec-bc9e-2617815e7693 (type: router_ports) to 1
2026-07-15 06:07:38.704 10 INFO neutron.db.ovn_revision_numbers_db [None req-bd080fbb-af7d-4256-98ed-a2aa9d0725dc - - - - - -] Successfully bumped revision number for resource 0a0a62f6-ddfb-49e7-b7a8-9291721f6b24 (type: ports) to 4
2026-07-15 06:07:38.853 10 INFO neutron.db.ovn_revision_numbers_db [None req-e231014f-3e58-49ba-ba0e-30a522a0337e b12c0261aabc4148a8d14edbab9a42f1 4faf39b8e0cd4b7f8a7fa5fe4a037441 - - default default] Successfully bumped revision number for resource 8f7317a2-5fbb-43ec-bc9e-2617815e7693 (type: ports) to 1
2026-07-15 06:07:38.855 9 INFO neutron.plugins.ml2.drivers.ovn.mech_driver.mech_driver [None req-2052610e-e2e3-4021-9f7b-abd298d398dc - - - - - -] OVN reports status up for port: f3ed9219-bd9a-4bfa-a904-c66756411d1b
2026-07-15 06:07:38.865 9 INFO neutron.plugins.ml2.plugin [None req-2052610e-e2e3-4021-9f7b-abd298d398dc - - - - - -] Attempt 1 to provision port f3ed9219-bd9a-4bfa-a904-c66756411d1b
2026-07-15 06:07:38.954 10 WARNING neutron.scheduler.dhcp_agent_scheduler [None req-e231014f-3e58-49ba-ba0e-30a522a0337e b12c0261aabc4148a8d14edbab9a42f1 4faf39b8e0cd4b7f8a7fa5fe4a037441 - - default default] No more DHCP agents
2026-07-15 06:07:38.962 10 WARNING neutron.api.rpc.agentnotifiers.dhcp_rpc_agent_api [None req-e231014f-3e58-49ba-ba0e-30a522a0337e b12c0261aabc4148a8d14edbab9a42f1 4faf39b8e0cd4b7f8a7fa5fe4a037441 - - default default] Unable to schedule network ad68545e-866d-4d88-bfc9-f772cbe53fc7: no agents available; will retry on subsequent port and subnet creation events.
2026-07-15 06:07:39.009 9 INFO neutron.wsgi [req-192d445d-53c8-4ebd-a7ab-f6f0301a2072 req-a5de5a0d-207d-4d75-ab2c-6df0f22d4603 6373aa55fe2e48d78ece068c1200a8aa cca1ba5c55d74768b3f4315d60fa5952 - - default default] 10.0.0.185 "GET /v2.0/ports?device_id=ead5e4bb-b5a4-4b16-84d6-289adedee71f HTTP/1.1" status: 200 len: 1170 time: 0.0451827
2026-07-15 06:07:39.025 10 INFO neutron.db.ovn_revision_numbers_db [None req-bd080fbb-af7d-4256-98ed-a2aa9d0725dc - - - - - -] Successfully bumped revision number for resource 0a0a62f6-ddfb-49e7-b7a8-9291721f6b24 (type: router_ports) to 4
2026-07-15 06:07:39.077 9 INFO neutron.wsgi [req-192d445d-53c8-4ebd-a7ab-f6f0301a2072 req-bc20640a-5646-4a0f-b7be-b2d3a93c0fba 6373aa55fe2e48d78ece068c1200a8aa cca1ba5c55d74768b3f4315d60fa5952 - - default default] 10.0.0.185 "GET /v2.0/security-groups?id=471cb338-4b49-4373-a09c-17946bfdcd84&fields=id&fields=name HTTP/1.1" status: 200 len: 312 time: 0.0602117
2026-07-15 06:07:39.180 9 INFO neutron.db.ovn_revision_numbers_db [None req-2052610e-e2e3-4021-9f7b-abd298d398dc - - - - - -] Successfully bumped revision number for resource f3ed9219-bd9a-4bfa-a904-c66756411d1b (type: ports) to 4
2026-07-15 06:07:39.229 9 INFO neutron.plugins.ml2.drivers.ovn.mech_driver.mech_driver [None req-2052610e-e2e3-4021-9f7b-abd298d398dc - - - - - -] OVN reports status up for port: 8f7317a2-5fbb-43ec-bc9e-2617815e7693
2026-07-15 06:07:39.237 9 INFO neutron.plugins.ml2.plugin [None req-2052610e-e2e3-4021-9f7b-abd298d398dc - - - - - -] Attempt 1 to provision port 8f7317a2-5fbb-43ec-bc9e-2617815e7693
2026-07-15 06:07:39.496 9 INFO neutron.db.ovn_revision_numbers_db [None req-2052610e-e2e3-4021-9f7b-abd298d398dc - - - - - -] Successfully bumped revision number for resource 8f7317a2-5fbb-43ec-bc9e-2617815e7693 (type: ports) to 2
2026-07-15 06:07:39.611 9 INFO neutron.db.ovn_revision_numbers_db [None req-2052610e-e2e3-4021-9f7b-abd298d398dc - - - - - -] Successfully bumped revision number for resource 8f7317a2-5fbb-43ec-bc9e-2617815e7693 (type: router_ports) to 2
2026-07-15 06:07:39.801 10 INFO neutron.wsgi [None req-e231014f-3e58-49ba-ba0e-30a522a0337e b12c0261aabc4148a8d14edbab9a42f1 4faf39b8e0cd4b7f8a7fa5fe4a037441 - - default default] 10.0.0.193 "PUT /v2.0/routers/8ddad014-c782-4850-9bd1-917a41a68e2f/add_router_interface HTTP/1.1" status: 200 len: 503 time: 3.0788956
2026-07-15 06:07:39.802 9 INFO neutron.notifiers.nova [-] Nova event matching ['req-234a0689-8266-40a3-b849-13d22d90bcd3'] response: {'server_uuid': 'ead5e4bb-b5a4-4b16-84d6-289adedee71f', 'name': 'network-vif-plugged', 'status': 'completed', 'tag': 'f3ed9219-bd9a-4bfa-a904-c66756411d1b', 'code': 200}
2026-07-15 06:07:39.803 9 INFO neutron.notifiers.nova [-] Nova event matching ['req-234a0689-8266-40a3-b849-13d22d90bcd3'] response: {'server_uuid': 'ead5e4bb-b5a4-4b16-84d6-289adedee71f', 'name': 'network-vif-plugged', 'status': 'completed', 'tag': 'f3ed9219-bd9a-4bfa-a904-c66756411d1b', 'code': 200} /var/lib/openstack/lib/python3.10/site-packages/pycadf/identifier.py:71: UserWarning: Invalid uuid: neutron. To ensure interoperability, identifiers should be a valid uuid. warnings.warn(('Invalid uuid: %s. To ensure interoperability, '
2026-07-15 06:07:40.210 9 INFO neutron.wsgi [req-1192a88b-4e1b-4ba0-8e4b-2a2b14415a82 req-2047b295-5856-4cc0-986a-50e73f0eeb08 6373aa55fe2e48d78ece068c1200a8aa cca1ba5c55d74768b3f4315d60fa5952 - - default default] 10.0.0.185 "GET /v2.0/ports?device_id=ead5e4bb-b5a4-4b16-84d6-289adedee71f HTTP/1.1" status: 200 len: 1170 time: 0.0551755
2026-07-15 06:07:40.261 9 INFO neutron.wsgi [req-1192a88b-4e1b-4ba0-8e4b-2a2b14415a82 req-14bb01f0-0b33-430a-bfb8-611a08666ec9 6373aa55fe2e48d78ece068c1200a8aa cca1ba5c55d74768b3f4315d60fa5952 - - default default] 10.0.0.185 "GET /v2.0/security-groups?id=471cb338-4b49-4373-a09c-17946bfdcd84&fields=id&fields=name HTTP/1.1" status: 200 len: 312 time: 0.0442302
2026-07-15 06:07:40.371 9 INFO neutron.wsgi [req-cc50e9bb-55e5-45e5-92d9-8ed54251a54e req-6f94c79e-d4a0-47ad-a9e1-3016aa2ccc6f 6373aa55fe2e48d78ece068c1200a8aa cca1ba5c55d74768b3f4315d60fa5952 - - default default] 10.0.0.185 "GET /v2.0/ports?device_id=ead5e4bb-b5a4-4b16-84d6-289adedee71f HTTP/1.1" status: 200 len: 1170 time: 0.0390139
2026-07-15 06:07:40.416 9 INFO neutron.wsgi [req-cc50e9bb-55e5-45e5-92d9-8ed54251a54e req-b84d0750-1d5e-4c75-ad41-25cabb6fac7a 6373aa55fe2e48d78ece068c1200a8aa cca1ba5c55d74768b3f4315d60fa5952 - - default default] 10.0.0.185 "GET /v2.0/security-groups?id=471cb338-4b49-4373-a09c-17946bfdcd84&fields=id&fields=name HTTP/1.1" status: 200 len: 312 time: 0.0375767
2026-07-15 06:07:40.472 10 INFO neutron.wsgi [None req-390af28a-38eb-4878-8fe2-7ff90725b869 e5e0fb10bdde483893f47ba5c54a845b 8c2bde455c544a4cb6567d72e6b7a011 - - default default] 10.0.0.193 "GET /v2.0/ports?device_id=ead5e4bb-b5a4-4b16-84d6-289adedee71f HTTP/1.1" status: 200 len: 1404 time: 0.0335608
2026-07-15 06:07:40.774 10 WARNING neutron.scheduler.dhcp_agent_scheduler [None req-ef315efd-db01-4d90-8c26-cb5e8fce1d03 6373aa55fe2e48d78ece068c1200a8aa cca1ba5c55d74768b3f4315d60fa5952 - - default default] No more DHCP agents
2026-07-15 06:07:40.776 10 WARNING neutron.api.rpc.agentnotifiers.dhcp_rpc_agent_api [None req-ef315efd-db01-4d90-8c26-cb5e8fce1d03 6373aa55fe2e48d78ece068c1200a8aa cca1ba5c55d74768b3f4315d60fa5952 - - default default] Unable to schedule network bb37d091-3fbb-434e-9180-8c3496af7ade: no agents available; will retry on subsequent port and subnet creation events.
2026-07-15 06:07:41.182 10 INFO neutron.db.l3_db [None req-ef315efd-db01-4d90-8c26-cb5e8fce1d03 6373aa55fe2e48d78ece068c1200a8aa cca1ba5c55d74768b3f4315d60fa5952 - - default default] Floating IP 9f5257f3-6b72-4675-b19d-115ff8845312 associated. External IP: 10.96.250.214, port: f3ed9219-bd9a-4bfa-a904-c66756411d1b.
2026-07-15 06:07:41.409 10 INFO neutron.db.ovn_revision_numbers_db [None req-ef315efd-db01-4d90-8c26-cb5e8fce1d03 6373aa55fe2e48d78ece068c1200a8aa cca1ba5c55d74768b3f4315d60fa5952 - - default default] Successfully bumped revision number for resource 9f5257f3-6b72-4675-b19d-115ff8845312 (type: floatingips) to 0
2026-07-15 06:07:41.517 10 INFO neutron.db.ovn_revision_numbers_db [None req-ef315efd-db01-4d90-8c26-cb5e8fce1d03 6373aa55fe2e48d78ece068c1200a8aa cca1ba5c55d74768b3f4315d60fa5952 - - default default] Successfully bumped revision number for resource 9f5257f3-6b72-4675-b19d-115ff8845312 (type: floatingips) to 1
2026-07-15 06:07:41.564 10 INFO neutron.wsgi [None req-ef315efd-db01-4d90-8c26-cb5e8fce1d03 6373aa55fe2e48d78ece068c1200a8aa cca1ba5c55d74768b3f4315d60fa5952 - - default default] 10.0.0.193 "POST /v2.0/floatingips HTTP/1.1" status: 201 len: 1054 time: 1.0872667
2026-07-15 06:07:41.609 10 INFO neutron.notifiers.nova [-] Nova event matching ['req-5206506e-3984-4ff0-9d51-16b58f5dd7e8'] response: {'name': 'network-changed', 'server_uuid': 'ead5e4bb-b5a4-4b16-84d6-289adedee71f', 'tag': 'f3ed9219-bd9a-4bfa-a904-c66756411d1b', 'status': 'completed', 'code': 200}
2026-07-15 06:07:41.635 10 INFO neutron.wsgi [None req-53ff17c1-84b2-4590-8240-2326bcd3b193 6373aa55fe2e48d78ece068c1200a8aa cca1ba5c55d74768b3f4315d60fa5952 - - default default] 10.0.0.193 "GET /v2.0/floatingips/9f5257f3-6b72-4675-b19d-115ff8845312 HTTP/1.1" status: 200 len: 1051 time: 0.0587521
2026-07-15 06:07:41.897 10 INFO neutron.wsgi [req-374fc89f-1db2-4452-9ae5-5f635ae54a21 req-240b8b5e-e95c-4cfb-a316-a07743ca94bb 5ddb7c26a91f4aee83815da130d7fc8c 642a17d38a284a24b594effabaf0fd35 - - 2d0863a0ba5346be999fbb03d6fa654f 2d0863a0ba5346be999fbb03d6fa654f] 199.204.45.153 "GET /v2.0/ports?tenant_id=cca1ba5c55d74768b3f4315d60fa5952&device_id=ead5e4bb-b5a4-4b16-84d6-289adedee71f HTTP/1.1" status: 200 len: 1409 time: 0.2718151
2026-07-15 06:07:41.964 10 INFO neutron.wsgi [None req-4fd1754a-a2b8-4d2c-94fa-919f677f2c91 b12c0261aabc4148a8d14edbab9a42f1 4faf39b8e0cd4b7f8a7fa5fe4a037441 - - default default] 10.0.0.89 "GET /v2.0/security-groups HTTP/1.1" status: 200 len: 40847 time: 0.4533148
2026-07-15 06:07:42.011 10 INFO neutron.wsgi [req-374fc89f-1db2-4452-9ae5-5f635ae54a21 req-e236ee18-1da3-46b4-a20c-b1eceec4cbc3 5ddb7c26a91f4aee83815da130d7fc8c 642a17d38a284a24b594effabaf0fd35 - - 2d0863a0ba5346be999fbb03d6fa654f 2d0863a0ba5346be999fbb03d6fa654f] 199.204.45.153 "GET /v2.0/networks?id=09711e01-864e-446b-a0e0-06dc7d11a52c HTTP/1.1" status: 200 len: 959 time: 0.1078296
2026-07-15 06:07:42.046 10 INFO neutron.wsgi [None req-68c6f770-dd0e-43f9-b1a3-c824dc3d797b b12c0261aabc4148a8d14edbab9a42f1 4faf39b8e0cd4b7f8a7fa5fe4a037441 - - default default] 10.0.0.89 "GET /v2.0/floatingips HTTP/1.1" status: 200 len: 1880 time: 0.0694907
2026-07-15 06:07:42.094 10 INFO neutron.wsgi [req-374fc89f-1db2-4452-9ae5-5f635ae54a21 req-23351367-4acd-4a93-83f5-9492cac03e99 5ddb7c26a91f4aee83815da130d7fc8c 642a17d38a284a24b594effabaf0fd35 - - 2d0863a0ba5346be999fbb03d6fa654f 2d0863a0ba5346be999fbb03d6fa654f] 199.204.45.153 "GET /v2.0/floatingips?fixed_ip_address=10.100.0.4&port_id=f3ed9219-bd9a-4bfa-a904-c66756411d1b HTTP/1.1" status: 200 len: 1059 time: 0.0786560
2026-07-15 06:07:42.137 10 INFO neutron.wsgi [None req-b438423b-191b-4f06-9646-1f909e6b4969 b12c0261aabc4148a8d14edbab9a42f1 4faf39b8e0cd4b7f8a7fa5fe4a037441 - - default default] 10.0.0.89 "GET /v2.0/routers HTTP/1.1" status: 200 len: 2872 time: 0.0889680
2026-07-15 06:07:42.146 10 INFO neutron.wsgi [req-374fc89f-1db2-4452-9ae5-5f635ae54a21 req-642d9217-5f46-4355-863c-22da68f23a24 5ddb7c26a91f4aee83815da130d7fc8c 642a17d38a284a24b594effabaf0fd35 - - 2d0863a0ba5346be999fbb03d6fa654f 2d0863a0ba5346be999fbb03d6fa654f] 199.204.45.153 "GET /v2.0/subnets?id=2b5f4103-be54-465e-afda-13c9383b90a0 HTTP/1.1" status: 200 len: 852 time: 0.0455565
2026-07-15 06:07:42.169 10 INFO neutron.wsgi [req-374fc89f-1db2-4452-9ae5-5f635ae54a21 req-563b5115-1888-4025-8ad4-55da6f90c11f 5ddb7c26a91f4aee83815da130d7fc8c 642a17d38a284a24b594effabaf0fd35 - - 2d0863a0ba5346be999fbb03d6fa654f 2d0863a0ba5346be999fbb03d6fa654f] 199.204.45.153 "GET /v2.0/ports?network_id=09711e01-864e-446b-a0e0-06dc7d11a52c&device_owner=network%3Adhcp HTTP/1.1" status: 200 len: 210 time: 0.0175681
2026-07-15 06:07:42.190 10 INFO neutron.wsgi [None req-940b9b7a-2066-4293-b02e-450bb586cfef b12c0261aabc4148a8d14edbab9a42f1 4faf39b8e0cd4b7f8a7fa5fe4a037441 - - default default] 10.0.0.89 "GET /v2.0/agents?binary=ovn-controller HTTP/1.1" status: 200 len: 591 time: 0.0518708
2026-07-15 06:07:42.217 9 INFO neutron.wsgi [req-febcd319-e912-4da0-980d-6e05220b8c5c req-2a384d21-e5c0-4166-a477-471d15e0d06b ad9edbd11ff845e1a4b64b3f098c85a9 818d8d19f5ab4ef9b564e1b65cead789 - - default default] 10.0.0.185 "GET /v2.0/networks?id=ad68545e-866d-4d88-bfc9-f772cbe53fc7 HTTP/1.1" status: 200 len: 871 time: 0.0764787
2026-07-15 06:07:42.224 10 INFO neutron.wsgi [None req-6e8090f1-c72a-4d3b-8a8d-7aa2c5f6ec22 b12c0261aabc4148a8d14edbab9a42f1 4faf39b8e0cd4b7f8a7fa5fe4a037441 - - default default] 10.0.0.89 "GET /v2.0/network-ip-availabilities HTTP/1.1" status: 200 len: 3138 time: 0.0312479
2026-07-15 06:07:42.240 9 INFO neutron.wsgi [req-febcd319-e912-4da0-980d-6e05220b8c5c req-158382ae-77c7-4a94-8ee2-164b35347eda ad9edbd11ff845e1a4b64b3f098c85a9 818d8d19f5ab4ef9b564e1b65cead789 - - default default] 10.0.0.185 "GET /v2.0/quotas/818d8d19f5ab4ef9b564e1b65cead789 HTTP/1.1" status: 200 len: 386 time: 0.0116539
2026-07-15 06:07:42.267 10 INFO neutron.wsgi [None req-1a547a56-a7b0-4629-8809-d6f40c1af3c0 b12c0261aabc4148a8d14edbab9a42f1 4faf39b8e0cd4b7f8a7fa5fe4a037441 - - default default] 10.0.0.89 "GET /v2.0/subnets HTTP/1.1" status: 200 len: 4037 time: 0.0413306
2026-07-15 06:07:42.283 10 INFO neutron.wsgi [req-374fc89f-1db2-4452-9ae5-5f635ae54a21 req-da5838f5-5b76-45fd-a9fc-13c6b042fd2f 5ddb7c26a91f4aee83815da130d7fc8c 642a17d38a284a24b594effabaf0fd35 - - 2d0863a0ba5346be999fbb03d6fa654f 2d0863a0ba5346be999fbb03d6fa654f] 199.204.45.153 "GET /v2.0/networks/09711e01-864e-446b-a0e0-06dc7d11a52c?fields=segments HTTP/1.1" status: 200 len: 212 time: 0.1098714
2026-07-15 06:07:42.290 10 INFO neutron.wsgi [None req-e73d92a4-bf0f-4af4-bbde-cbb1f33b4d4e b12c0261aabc4148a8d14edbab9a42f1 4faf39b8e0cd4b7f8a7fa5fe4a037441 - - default default] 10.0.0.89 "GET /v2.0/agents HTTP/1.1" status: 200 len: 997 time: 0.0205660
2026-07-15 06:07:42.352 9 INFO neutron.wsgi [req-febcd319-e912-4da0-980d-6e05220b8c5c req-ee9a2459-990b-4db7-a019-496e28289c8a ad9edbd11ff845e1a4b64b3f098c85a9 818d8d19f5ab4ef9b564e1b65cead789 - - default default] 10.0.0.185 "GET /v2.0/ports?tenant_id=818d8d19f5ab4ef9b564e1b65cead789&fields=id HTTP/1.1" status: 200 len: 302 time: 0.1037405
2026-07-15 06:07:42.359 10 INFO neutron.wsgi [None req-2480154f-071f-4075-b887-0471c3eeabe3 b12c0261aabc4148a8d14edbab9a42f1 4faf39b8e0cd4b7f8a7fa5fe4a037441 - - default default] 10.0.0.89 "GET /v2.0/subnets HTTP/1.1" status: 200 len: 4037 time: 0.0678554
2026-07-15 06:07:42.373 10 INFO neutron.wsgi [None req-2c9fe4be-bfbf-41e8-a72e-a7dbfa89d974 b12c0261aabc4148a8d14edbab9a42f1 4faf39b8e0cd4b7f8a7fa5fe4a037441 - - default default] 10.0.0.89 "GET /v2.0/subnetpools HTTP/1.1" status: 200 len: 193 time: 0.0126629
2026-07-15 06:07:42.394 10 INFO neutron.wsgi [req-374fc89f-1db2-4452-9ae5-5f635ae54a21 req-1007b5e7-9a2c-4a5f-8fcd-9776d418128e 5ddb7c26a91f4aee83815da130d7fc8c 642a17d38a284a24b594effabaf0fd35 - - 2d0863a0ba5346be999fbb03d6fa654f 2d0863a0ba5346be999fbb03d6fa654f] 199.204.45.153 "GET /v2.0/networks/09711e01-864e-446b-a0e0-06dc7d11a52c?fields=provider%3Aphysical_network&fields=provider%3Anetwork_type HTTP/1.1" status: 200 len: 277 time: 0.1033292
2026-07-15 06:07:42.418 9 INFO neutron.wsgi [req-febcd319-e912-4da0-980d-6e05220b8c5c req-244d8606-44f9-470a-908e-b09b9a19fb71 5ddb7c26a91f4aee83815da130d7fc8c 642a17d38a284a24b594effabaf0fd35 - - 2d0863a0ba5346be999fbb03d6fa654f 2d0863a0ba5346be999fbb03d6fa654f] 10.0.0.185 "GET /v2.0/networks/ad68545e-866d-4d88-bfc9-f772cbe53fc7?fields=segments HTTP/1.1" status: 200 len: 212 time: 0.0556800
2026-07-15 06:07:42.457 10 INFO neutron.wsgi [None req-1684eed9-8512-48cd-a879-aa8ad8d21682 b12c0261aabc4148a8d14edbab9a42f1 4faf39b8e0cd4b7f8a7fa5fe4a037441 - - default default] 10.0.0.89 "GET /v2.0/networks HTTP/1.1" status: 200 len: 5368 time: 0.0815434
2026-07-15 06:07:42.485 9 INFO neutron.wsgi [req-febcd319-e912-4da0-980d-6e05220b8c5c req-6636b1cc-1a02-4a7c-b426-1452ad21ea19 5ddb7c26a91f4aee83815da130d7fc8c 642a17d38a284a24b594effabaf0fd35 - - 2d0863a0ba5346be999fbb03d6fa654f 2d0863a0ba5346be999fbb03d6fa654f] 10.0.0.185 "GET /v2.0/networks/ad68545e-866d-4d88-bfc9-f772cbe53fc7?fields=provider%3Aphysical_network&fields=provider%3Anetwork_type HTTP/1.1" status: 200 len: 277 time: 0.0574167
2026-07-15 06:07:42.505 10 INFO neutron.wsgi [None req-b1cdfe6c-c013-4430-9c16-d6b97ccbc1be b12c0261aabc4148a8d14edbab9a42f1 4faf39b8e0cd4b7f8a7fa5fe4a037441 - - default default] 10.0.0.89 "GET /v2.0/ports HTTP/1.1" status: 200 len: 22679 time: 0.0450687
2026-07-15 06:07:42.629 9 INFO neutron.wsgi [req-4e82caad-ef08-456a-bcd8-835aa96cb6e7 req-d11e19c4-e535-4a97-a5bd-af89e8fa5ab3 ad9edbd11ff845e1a4b64b3f098c85a9 818d8d19f5ab4ef9b564e1b65cead789 - - default default] 10.0.0.185 "GET /v2.0/ports?device_id=6f0a2bea-3de9-40f7-b7f0-f2caf12c280f HTTP/1.1" status: 200 len: 210 time: 0.0252943
