2026-07-15 06:08:00.326 10 INFO neutron.db.ovn_revision_numbers_db [req-5ab4dd5e-db40-4bc9-95aa-c40326f349d0 req-96f9dfc8-cb39-4a59-b71b-106965cb638f 6373aa55fe2e48d78ece068c1200a8aa cca1ba5c55d74768b3f4315d60fa5952 - - default default] Successfully bumped revision number for resource 65e9b3ba-c6b9-4662-ae2a-097b6315f05f (type: ports) to 1
2026-07-15 06:08:00.354 10 INFO neutron.wsgi [req-5ab4dd5e-db40-4bc9-95aa-c40326f349d0 req-96f9dfc8-cb39-4a59-b71b-106965cb638f 6373aa55fe2e48d78ece068c1200a8aa cca1ba5c55d74768b3f4315d60fa5952 - - default default] 199.204.45.153 "POST /v2.0/ports HTTP/1.1" status: 201 len: 1162 time: 0.6236558 /var/lib/openstack/lib/python3.10/site-packages/pycadf/identifier.py:71: UserWarning: Invalid uuid: neutron. To ensure interoperability, identifiers should be a valid uuid. warnings.warn(('Invalid uuid: %s. To ensure interoperability, '
2026-07-15 06:08:00.472 10 INFO neutron.db.ovn_revision_numbers_db [None req-3fe73561-0015-471f-886b-8ae998d3428d 38ae035cf99c4874ba6b1662b8fd4f56 289c529eb416447687826771af8771f4 - - default default] Successfully bumped revision number for resource d5354946-2969-4bb4-847c-0e34060b5485 (type: floatingips) to 0
2026-07-15 06:08:00.494 10 INFO neutron.wsgi [None req-3fe73561-0015-471f-886b-8ae998d3428d 38ae035cf99c4874ba6b1662b8fd4f56 289c529eb416447687826771af8771f4 - - default default] 10.0.0.193 "POST /v2.0/floatingips HTTP/1.1" status: 201 len: 751 time: 0.7645309
2026-07-15 06:08:00.862 9 WARNING neutron.scheduler.dhcp_agent_scheduler [None req-26e65cda-3cc1-49f4-a7ff-b9d529b48ecf 38ae035cf99c4874ba6b1662b8fd4f56 289c529eb416447687826771af8771f4 - - default default] No more DHCP agents
2026-07-15 06:08:00.867 9 WARNING neutron.api.rpc.agentnotifiers.dhcp_rpc_agent_api [None req-26e65cda-3cc1-49f4-a7ff-b9d529b48ecf 38ae035cf99c4874ba6b1662b8fd4f56 289c529eb416447687826771af8771f4 - - default default] Unable to schedule network bb37d091-3fbb-434e-9180-8c3496af7ade: no agents available; will retry on subsequent port and subnet creation events.
2026-07-15 06:08:01.027 10 INFO neutron.db.ovn_revision_numbers_db [req-5ab4dd5e-db40-4bc9-95aa-c40326f349d0 req-2524edba-0412-45e8-a26d-a65580a222c3 5ddb7c26a91f4aee83815da130d7fc8c 642a17d38a284a24b594effabaf0fd35 - - 2d0863a0ba5346be999fbb03d6fa654f 2d0863a0ba5346be999fbb03d6fa654f] Successfully bumped revision number for resource 65e9b3ba-c6b9-4662-ae2a-097b6315f05f (type: ports) to 2
2026-07-15 06:08:01.181 9 INFO neutron.wsgi [req-864f8c3a-2671-4bce-a1b1-89642bb48a78 req-dc845f50-db5d-4c62-a6eb-c17d6ab4e6bb 6373aa55fe2e48d78ece068c1200a8aa cca1ba5c55d74768b3f4315d60fa5952 - - default default] 10.0.0.185 "GET /v2.0/ports?device_id=e637c4e1-278c-4fb3-905b-bea50ec0756a HTTP/1.1" status: 200 len: 1172 time: 0.0536504
2026-07-15 06:08:01.206 10 INFO neutron.db.ovn_revision_numbers_db [req-5ab4dd5e-db40-4bc9-95aa-c40326f349d0 req-2524edba-0412-45e8-a26d-a65580a222c3 5ddb7c26a91f4aee83815da130d7fc8c 642a17d38a284a24b594effabaf0fd35 - - 2d0863a0ba5346be999fbb03d6fa654f 2d0863a0ba5346be999fbb03d6fa654f] Successfully bumped revision number for resource 65e9b3ba-c6b9-4662-ae2a-097b6315f05f (type: ports) to 2
2026-07-15 06:08:01.223 10 INFO neutron.wsgi [req-5ab4dd5e-db40-4bc9-95aa-c40326f349d0 req-2524edba-0412-45e8-a26d-a65580a222c3 5ddb7c26a91f4aee83815da130d7fc8c 642a17d38a284a24b594effabaf0fd35 - - 2d0863a0ba5346be999fbb03d6fa654f 2d0863a0ba5346be999fbb03d6fa654f] 199.204.45.153 "PUT /v2.0/ports/65e9b3ba-c6b9-4662-ae2a-097b6315f05f HTTP/1.1" status: 200 len: 1380 time: 0.8540382
2026-07-15 06:08:01.258 9 INFO neutron.wsgi [req-864f8c3a-2671-4bce-a1b1-89642bb48a78 req-8ad791ac-8d09-4608-8592-fa609bff5074 6373aa55fe2e48d78ece068c1200a8aa cca1ba5c55d74768b3f4315d60fa5952 - - default default] 10.0.0.185 "GET /v2.0/security-groups?id=9955f813-8999-44f2-8731-0aea95340ac5&fields=id&fields=name HTTP/1.1" status: 200 len: 313 time: 0.0662687
2026-07-15 06:08:01.260 10 INFO neutron.notifiers.nova [-] Nova event matching ['req-3d9197e9-766e-4f26-a366-a6f9cfdc6cb4'] response: {'name': 'network-changed', 'server_uuid': 'e637c4e1-278c-4fb3-905b-bea50ec0756a', 'tag': '65e9b3ba-c6b9-4662-ae2a-097b6315f05f', 'status': 'completed', 'code': 200} /var/lib/openstack/lib/python3.10/site-packages/pycadf/identifier.py:71: UserWarning: Invalid uuid: neutron. To ensure interoperability, identifiers should be a valid uuid. warnings.warn(('Invalid uuid: %s. To ensure interoperability, '
2026-07-15 06:08:01.297 10 INFO neutron.wsgi [req-5ab4dd5e-db40-4bc9-95aa-c40326f349d0 req-b4c10dfe-5514-46d3-bd94-31e9b000a979 5ddb7c26a91f4aee83815da130d7fc8c 642a17d38a284a24b594effabaf0fd35 - - 2d0863a0ba5346be999fbb03d6fa654f 2d0863a0ba5346be999fbb03d6fa654f] 199.204.45.153 "GET /v2.0/ports?tenant_id=cca1ba5c55d74768b3f4315d60fa5952&device_id=e637c4e1-278c-4fb3-905b-bea50ec0756a HTTP/1.1" status: 200 len: 1411 time: 0.0334351
2026-07-15 06:08:01.306 9 INFO neutron.wsgi [None req-af05802e-eeee-41e3-9be6-b031425424e3 b12c0261aabc4148a8d14edbab9a42f1 4faf39b8e0cd4b7f8a7fa5fe4a037441 - - default default] 10.0.0.193 "PUT /v2.0/routers/4523a7fd-8d1f-4bc7-acac-f0112f3ae953/remove_router_interface HTTP/1.1" status: 200 len: 503 time: 1.2249537
2026-07-15 06:08:01.307 9 INFO neutron.db.ovn_revision_numbers_db [None req-26e65cda-3cc1-49f4-a7ff-b9d529b48ecf 38ae035cf99c4874ba6b1662b8fd4f56 289c529eb416447687826771af8771f4 - - default default] Successfully bumped revision number for resource b89cdaf6-3713-4363-a1b5-fd1aa28bc2ce (type: floatingips) to 0
2026-07-15 06:08:01.329 9 INFO neutron.wsgi [None req-26e65cda-3cc1-49f4-a7ff-b9d529b48ecf 38ae035cf99c4874ba6b1662b8fd4f56 289c529eb416447687826771af8771f4 - - default default] 10.0.0.193 "POST /v2.0/floatingips HTTP/1.1" status: 201 len: 751 time: 0.8305027 /var/lib/openstack/lib/python3.10/site-packages/pycadf/identifier.py:71: UserWarning: Invalid uuid: neutron. To ensure interoperability, identifiers should be a valid uuid. warnings.warn(('Invalid uuid: %s. To ensure interoperability, '
2026-07-15 06:08:01.343 10 INFO neutron.wsgi [req-5ab4dd5e-db40-4bc9-95aa-c40326f349d0 req-a9d1e4f3-f972-4aaa-aace-695e8c441669 5ddb7c26a91f4aee83815da130d7fc8c 642a17d38a284a24b594effabaf0fd35 - - 2d0863a0ba5346be999fbb03d6fa654f 2d0863a0ba5346be999fbb03d6fa654f] 199.204.45.153 "GET /v2.0/floatingips?fixed_ip_address=10.100.0.10&port_id=65e9b3ba-c6b9-4662-ae2a-097b6315f05f HTTP/1.1" status: 200 len: 217 time: 0.0385103
2026-07-15 06:08:01.387 9 INFO neutron.wsgi [None req-aeca4dee-9189-46ec-ba07-d4cc7b6db4be 38ae035cf99c4874ba6b1662b8fd4f56 289c529eb416447687826771af8771f4 - - default default] 10.0.0.193 "PUT /v2.0/floatingips/2ad2e260-8a8d-4ffc-8fd2-08bb8284d973/tags HTTP/1.1" status: 200 len: 210 time: 0.0500064
2026-07-15 06:08:01.388 10 INFO neutron.wsgi [req-5ab4dd5e-db40-4bc9-95aa-c40326f349d0 req-eb28467e-2df0-4fb1-a878-db32bb5fe46d 5ddb7c26a91f4aee83815da130d7fc8c 642a17d38a284a24b594effabaf0fd35 - - 2d0863a0ba5346be999fbb03d6fa654f 2d0863a0ba5346be999fbb03d6fa654f] 199.204.45.153 "GET /v2.0/subnets?id=2b5f4103-be54-465e-afda-13c9383b90a0 HTTP/1.1" status: 200 len: 852 time: 0.0404816
2026-07-15 06:08:01.446 10 INFO neutron.wsgi [req-5ab4dd5e-db40-4bc9-95aa-c40326f349d0 req-f19bc858-aa58-4112-ae62-03f18afb1386 5ddb7c26a91f4aee83815da130d7fc8c 642a17d38a284a24b594effabaf0fd35 - - 2d0863a0ba5346be999fbb03d6fa654f 2d0863a0ba5346be999fbb03d6fa654f] 199.204.45.153 "GET /v2.0/ports?network_id=09711e01-864e-446b-a0e0-06dc7d11a52c&device_owner=network%3Adhcp HTTP/1.1" status: 200 len: 210 time: 0.0480123
2026-07-15 06:08:01.465 10 INFO neutron.wsgi [None req-052f4554-314a-426d-ae95-87fda49681b5 38ae035cf99c4874ba6b1662b8fd4f56 289c529eb416447687826771af8771f4 - - default default] 10.0.0.193 "PUT /v2.0/floatingips/d981aa2d-c941-4efc-8b98-4a7802cb736c/tags HTTP/1.1" status: 200 len: 218 time: 0.0728106
2026-07-15 06:08:01.519 9 INFO neutron.wsgi [None req-e42ed9f0-c46c-4032-b29c-563ef6014fde 38ae035cf99c4874ba6b1662b8fd4f56 289c529eb416447687826771af8771f4 - - default default] 10.0.0.193 "PUT /v2.0/floatingips/a3427323-2030-4fb1-bf6a-8c034f47fa9d/tags HTTP/1.1" status: 200 len: 227 time: 0.0458446
2026-07-15 06:08:01.540 10 INFO neutron.wsgi [req-5ab4dd5e-db40-4bc9-95aa-c40326f349d0 req-24623a96-cd0a-4611-8ef4-2502e8845265 5ddb7c26a91f4aee83815da130d7fc8c 642a17d38a284a24b594effabaf0fd35 - - 2d0863a0ba5346be999fbb03d6fa654f 2d0863a0ba5346be999fbb03d6fa654f] 199.204.45.153 "GET /v2.0/networks/09711e01-864e-446b-a0e0-06dc7d11a52c?fields=segments HTTP/1.1" status: 200 len: 212 time: 0.0773897
2026-07-15 06:08:01.556 9 INFO neutron.wsgi [None req-9d2f9dda-70ad-4ad2-8898-e849c70c5f41 38ae035cf99c4874ba6b1662b8fd4f56 289c529eb416447687826771af8771f4 - - default default] 10.0.0.193 "PUT /v2.0/floatingips/d5354946-2969-4bb4-847c-0e34060b5485/tags HTTP/1.1" status: 200 len: 212 time: 0.0324502
2026-07-15 06:08:01.609 9 INFO neutron.wsgi [None req-4157ca8b-3838-40e8-95bb-4d42fd2894ec 38ae035cf99c4874ba6b1662b8fd4f56 289c529eb416447687826771af8771f4 - - default default] 10.0.0.193 "GET /v2.0/floatingips?tags=red HTTP/1.1" status: 200 len: 1866 time: 0.0479541
2026-07-15 06:08:01.612 10 INFO neutron.wsgi [req-5ab4dd5e-db40-4bc9-95aa-c40326f349d0 req-cba70cec-e906-4732-86f0-920fccec3984 5ddb7c26a91f4aee83815da130d7fc8c 642a17d38a284a24b594effabaf0fd35 - - 2d0863a0ba5346be999fbb03d6fa654f 2d0863a0ba5346be999fbb03d6fa654f] 199.204.45.153 "GET /v2.0/networks/09711e01-864e-446b-a0e0-06dc7d11a52c?fields=provider%3Aphysical_network&fields=provider%3Anetwork_type HTTP/1.1" status: 200 len: 277 time: 0.0647533
2026-07-15 06:08:01.649 10 INFO neutron.wsgi [None req-a364e86d-bc3f-4ea0-8fcc-c7a3df94dc72 38ae035cf99c4874ba6b1662b8fd4f56 289c529eb416447687826771af8771f4 - - default default] 10.0.0.193 "GET /v2.0/floatingips?tags=red%2Cblue HTTP/1.1" status: 200 len: 1323 time: 0.0350640
2026-07-15 06:08:01.688 10 INFO neutron.wsgi [req-ece502f9-1289-4e12-9d22-ce96c0aef91e req-f37f32f0-c22a-4203-a553-ee9076996003 5ddb7c26a91f4aee83815da130d7fc8c 642a17d38a284a24b594effabaf0fd35 - - 2d0863a0ba5346be999fbb03d6fa654f 2d0863a0ba5346be999fbb03d6fa654f] 199.204.45.153 "GET /v2.0/ports?tenant_id=cca1ba5c55d74768b3f4315d60fa5952&device_id=e637c4e1-278c-4fb3-905b-bea50ec0756a HTTP/1.1" status: 200 len: 1411 time: 0.0358849
2026-07-15 06:08:01.692 9 INFO neutron.wsgi [None req-41c3bcb7-8bc3-438a-a5bd-bbbc22f103e7 38ae035cf99c4874ba6b1662b8fd4f56 289c529eb416447687826771af8771f4 - - default default] 10.0.0.193 "GET /v2.0/floatingips?tags-any=blue HTTP/1.1" status: 200 len: 1323 time: 0.0390909
2026-07-15 06:08:01.735 9 INFO neutron.wsgi [None req-9e89535d-9376-4737-84a3-9d7b1748d802 38ae035cf99c4874ba6b1662b8fd4f56 289c529eb416447687826771af8771f4 - - default default] 10.0.0.193 "GET /v2.0/floatingips?tags-any=red%2Cblue HTTP/1.1" status: 200 len: 1866 time: 0.0285640
2026-07-15 06:08:01.799 10 INFO neutron.wsgi [req-ece502f9-1289-4e12-9d22-ce96c0aef91e req-fd854d59-1559-467c-b562-d7c5c6309f7f 5ddb7c26a91f4aee83815da130d7fc8c 642a17d38a284a24b594effabaf0fd35 - - 2d0863a0ba5346be999fbb03d6fa654f 2d0863a0ba5346be999fbb03d6fa654f] 199.204.45.153 "GET /v2.0/networks?id=09711e01-864e-446b-a0e0-06dc7d11a52c HTTP/1.1" status: 200 len: 959 time: 0.1046236
2026-07-15 06:08:01.855 10 INFO neutron.wsgi [req-ece502f9-1289-4e12-9d22-ce96c0aef91e req-d899df67-8bf5-44e2-bd06-2f9c25c2b0de 5ddb7c26a91f4aee83815da130d7fc8c 642a17d38a284a24b594effabaf0fd35 - - 2d0863a0ba5346be999fbb03d6fa654f 2d0863a0ba5346be999fbb03d6fa654f] 199.204.45.153 "GET /v2.0/floatingips?fixed_ip_address=10.100.0.10&port_id=65e9b3ba-c6b9-4662-ae2a-097b6315f05f HTTP/1.1" status: 200 len: 217 time: 0.0484560
2026-07-15 06:08:01.898 10 INFO neutron.wsgi [req-ece502f9-1289-4e12-9d22-ce96c0aef91e req-1c02bea1-b5c3-4ee4-9b93-af9935d54fd0 5ddb7c26a91f4aee83815da130d7fc8c 642a17d38a284a24b594effabaf0fd35 - - 2d0863a0ba5346be999fbb03d6fa654f 2d0863a0ba5346be999fbb03d6fa654f] 199.204.45.153 "GET /v2.0/subnets?id=2b5f4103-be54-465e-afda-13c9383b90a0 HTTP/1.1" status: 200 len: 852 time: 0.0346670
2026-07-15 06:08:01.929 10 INFO neutron.wsgi [req-ece502f9-1289-4e12-9d22-ce96c0aef91e req-3402598d-5936-4a1c-b6f9-23e3a66cb5d8 5ddb7c26a91f4aee83815da130d7fc8c 642a17d38a284a24b594effabaf0fd35 - - 2d0863a0ba5346be999fbb03d6fa654f 2d0863a0ba5346be999fbb03d6fa654f] 199.204.45.153 "GET /v2.0/ports?network_id=09711e01-864e-446b-a0e0-06dc7d11a52c&device_owner=network%3Adhcp HTTP/1.1" status: 200 len: 210 time: 0.0269613
2026-07-15 06:08:02.003 10 INFO neutron.wsgi [req-ece502f9-1289-4e12-9d22-ce96c0aef91e req-2cd78c83-9fb7-4702-86ff-d56f2f1fd476 5ddb7c26a91f4aee83815da130d7fc8c 642a17d38a284a24b594effabaf0fd35 - - 2d0863a0ba5346be999fbb03d6fa654f 2d0863a0ba5346be999fbb03d6fa654f] 199.204.45.153 "GET /v2.0/networks/09711e01-864e-446b-a0e0-06dc7d11a52c?fields=segments HTTP/1.1" status: 200 len: 212 time: 0.0673244
2026-07-15 06:08:02.006 9 INFO neutron.plugins.ml2.drivers.ovn.mech_driver.mech_driver [None req-2052610e-e2e3-4021-9f7b-abd298d398dc - - - - - -] OVN reports status up for port: 65e9b3ba-c6b9-4662-ae2a-097b6315f05f
2026-07-15 06:08:02.018 9 INFO neutron.wsgi [None req-101a5484-4f9e-4e42-ba81-11206fab2d51 38ae035cf99c4874ba6b1662b8fd4f56 289c529eb416447687826771af8771f4 - - default default] 10.0.0.193 "GET /v2.0/floatingips?not-tags=red HTTP/1.1" status: 200 len: 1295 time: 0.2760625
2026-07-15 06:08:02.019 9 INFO neutron.plugins.ml2.plugin [None req-2052610e-e2e3-4021-9f7b-abd298d398dc - - - - - -] Attempt 1 to provision port 65e9b3ba-c6b9-4662-ae2a-097b6315f05f
2026-07-15 06:08:02.074 10 INFO neutron.wsgi [None req-a2b92ec5-72c7-485d-a083-1bb4be0c0576 38ae035cf99c4874ba6b1662b8fd4f56 289c529eb416447687826771af8771f4 - - default default] 10.0.0.193 "GET /v2.0/floatingips?not-tags=red%2Cblue HTTP/1.1" status: 200 len: 1838 time: 0.0483520
2026-07-15 06:08:02.214 10 INFO neutron.wsgi [None req-c78fe285-0339-43ac-9465-68b8a8bd68e6 38ae035cf99c4874ba6b1662b8fd4f56 289c529eb416447687826771af8771f4 - - default default] 10.0.0.193 "GET /v2.0/floatingips?not-tags-any=blue HTTP/1.1" status: 200 len: 1838 time: 0.1178033
2026-07-15 06:08:02.215 9 INFO neutron.notifiers.nova [-] Nova event matching ['req-7716447f-0dbf-4101-af8b-5e09e2e555b8'] response: {'server_uuid': 'e637c4e1-278c-4fb3-905b-bea50ec0756a', 'name': 'network-vif-plugged', 'status': 'completed', 'tag': '65e9b3ba-c6b9-4662-ae2a-097b6315f05f', 'code': 200}
2026-07-15 06:08:02.238 10 INFO neutron.wsgi [req-ece502f9-1289-4e12-9d22-ce96c0aef91e req-2d5dfd07-633a-42df-8bad-ffe5eba228c4 5ddb7c26a91f4aee83815da130d7fc8c 642a17d38a284a24b594effabaf0fd35 - - 2d0863a0ba5346be999fbb03d6fa654f 2d0863a0ba5346be999fbb03d6fa654f] 199.204.45.153 "GET /v2.0/networks/09711e01-864e-446b-a0e0-06dc7d11a52c?fields=provider%3Aphysical_network&fields=provider%3Anetwork_type HTTP/1.1" status: 200 len: 277 time: 0.2288320
2026-07-15 06:08:02.261 10 INFO neutron.wsgi [None req-2755d76a-af38-4326-ac6d-41d5380cead7 b12c0261aabc4148a8d14edbab9a42f1 4faf39b8e0cd4b7f8a7fa5fe4a037441 - - default default] 10.0.0.193 "DELETE /v2.0/routers/4523a7fd-8d1f-4bc7-acac-f0112f3ae953 HTTP/1.1" status: 204 len: 168 time: 0.9482551
2026-07-15 06:08:02.299 9 INFO neutron.wsgi [None req-12d9ff49-382e-4e2f-839e-00f0a98a1a00 38ae035cf99c4874ba6b1662b8fd4f56 289c529eb416447687826771af8771f4 - - default default] 10.0.0.193 "GET /v2.0/floatingips?not-tags-any=red%2Cblue HTTP/1.1" status: 200 len: 1295 time: 0.0788772
2026-07-15 06:08:02.365 9 INFO neutron.wsgi [req-fb833214-3abe-4df9-b59b-147ae606667b req-54bc50d2-2760-40e4-a1a8-374c9f3cc6ee 6373aa55fe2e48d78ece068c1200a8aa cca1ba5c55d74768b3f4315d60fa5952 - - default default] 10.0.0.185 "GET /v2.0/ports?device_id=e637c4e1-278c-4fb3-905b-bea50ec0756a HTTP/1.1" status: 200 len: 1174 time: 0.0392740
2026-07-15 06:08:02.425 9 INFO neutron.wsgi [req-fb833214-3abe-4df9-b59b-147ae606667b req-835a7af9-8344-41b1-b2e1-a9f79be58f3c 6373aa55fe2e48d78ece068c1200a8aa cca1ba5c55d74768b3f4315d60fa5952 - - default default] 10.0.0.185 "GET /v2.0/security-groups?id=9955f813-8999-44f2-8731-0aea95340ac5&fields=id&fields=name HTTP/1.1" status: 200 len: 313 time: 0.0471315
2026-07-15 06:08:02.454 9 INFO neutron.db.ovn_revision_numbers_db [None req-2052610e-e2e3-4021-9f7b-abd298d398dc - - - - - -] Successfully bumped revision number for resource 65e9b3ba-c6b9-4662-ae2a-097b6315f05f (type: ports) to 4
2026-07-15 06:08:02.555 10 INFO neutron.wsgi [None req-8bd3109d-a977-4860-a6c2-8dd24c555b6a b12c0261aabc4148a8d14edbab9a42f1 4faf39b8e0cd4b7f8a7fa5fe4a037441 - - default default] 10.0.0.193 "DELETE /v2.0/subnets/8fdb5724-ae8b-4e86-8a6c-bd846267576f HTTP/1.1" status: 204 len: 168 time: 0.2895072 /var/lib/openstack/lib/python3.10/site-packages/pycadf/identifier.py:71: UserWarning: Invalid uuid: neutron. To ensure interoperability, identifiers should be a valid uuid. warnings.warn(('Invalid uuid: %s. To ensure interoperability, '
2026-07-15 06:08:02.675 10 INFO neutron.wsgi [None req-e8cea6b2-a5e0-4e4a-8366-ed8f2f75b300 38ae035cf99c4874ba6b1662b8fd4f56 289c529eb416447687826771af8771f4 - - default default] 10.0.0.193 "DELETE /v2.0/floatingips/2ad2e260-8a8d-4ffc-8fd2-08bb8284d973 HTTP/1.1" status: 204 len: 168 time: 0.3717990
2026-07-15 06:08:02.886 9 INFO neutron.services.segments.plugin [-] Segment fb3e3eed-15e2-43f0-bc40-bcd2005434c5 resource provider aggregate not found
2026-07-15 06:08:02.892 9 INFO neutron.services.segments.plugin [-] Segment fb3e3eed-15e2-43f0-bc40-bcd2005434c5 resource provider aggregate not found
2026-07-15 06:08:02.909 9 INFO neutron.services.segments.plugin [-] Segment fb3e3eed-15e2-43f0-bc40-bcd2005434c5 resource provider not found; error: Placement Client Error (4xx): {"errors": [{"status": 404, "title": "Not Found", "detail": "The resource could not be found.\n\n No resource provider with uuid fb3e3eed-15e2-43f0-bc40-bcd2005434c5 found for delete ", "request_id": "req-bef8d1a7-5143-4f6c-8d0e-e5d142a3dd19"}]}
2026-07-15 06:08:02.915 9 INFO neutron.services.segments.plugin [-] Segment fb3e3eed-15e2-43f0-bc40-bcd2005434c5 resource provider not found; error: Placement Client Error (4xx): {"errors": [{"status": 404, "title": "Not Found", "detail": "The resource could not be found.\n\n No resource provider with uuid fb3e3eed-15e2-43f0-bc40-bcd2005434c5 found for delete ", "request_id": "req-b171fbfb-2bc0-4e8d-9cfa-bf3ddf35979e"}]}
2026-07-15 06:08:02.938 9 INFO neutron.wsgi [None req-f97348e7-11e5-484d-89ec-556f91f90e8b b12c0261aabc4148a8d14edbab9a42f1 4faf39b8e0cd4b7f8a7fa5fe4a037441 - - default default] 10.0.0.193 "DELETE /v2.0/networks/e6643443-7e1a-4339-8cb8-a38db584aeac HTTP/1.1" status: 204 len: 168 time: 0.3787923
2026-07-15 06:08:02.954 10 INFO neutron.wsgi [None req-cd8d630a-b928-4e9e-9c1c-04847d458270 38ae035cf99c4874ba6b1662b8fd4f56 289c529eb416447687826771af8771f4 - - default default] 10.0.0.193 "DELETE /v2.0/floatingips/d981aa2d-c941-4efc-8b98-4a7802cb736c HTTP/1.1" status: 204 len: 168 time: 0.2707582
2026-07-15 06:08:03.241 10 INFO neutron.wsgi [None req-41b244d0-b2ce-48db-aaf2-28a1e6021e5b 38ae035cf99c4874ba6b1662b8fd4f56 289c529eb416447687826771af8771f4 - - default default] 10.0.0.193 "DELETE /v2.0/floatingips/a3427323-2030-4fb1-bf6a-8c034f47fa9d HTTP/1.1" status: 204 len: 168 time: 0.2835588
2026-07-15 06:08:03.338 10 INFO neutron.wsgi [None req-41ec7ae5-6507-4976-a108-b2f83fe979d9 b12c0261aabc4148a8d14edbab9a42f1 4faf39b8e0cd4b7f8a7fa5fe4a037441 - - default default] 10.0.0.193 "GET /v2.0/security-groups?tenant_id=2ae45c80f39d469f957c02e97ccc9b74&name=default HTTP/1.1" status: 200 len: 2996 time: 0.0567625
2026-07-15 06:08:03.523 9 INFO neutron.wsgi [req-5688da78-01dd-46eb-b636-8c6391d04f32 req-83f2c061-e6d7-4b45-870c-43df38777d86 6373aa55fe2e48d78ece068c1200a8aa cca1ba5c55d74768b3f4315d60fa5952 - - default default] 10.0.0.185 "GET /v2.0/ports?device_id=e637c4e1-278c-4fb3-905b-bea50ec0756a HTTP/1.1" status: 200 len: 1174 time: 0.0426931
2026-07-15 06:08:03.573 9 INFO neutron.wsgi [None req-a28276c6-14a2-4f9f-a42d-f3c5a90124ac b12c0261aabc4148a8d14edbab9a42f1 4faf39b8e0cd4b7f8a7fa5fe4a037441 - - default default] 10.0.0.193 "DELETE /v2.0/security-groups/e0c7ad83-17b2-4a34-9889-076c7fbdf46a HTTP/1.1" status: 204 len: 168 time: 0.2297528
2026-07-15 06:08:03.578 9 INFO neutron.wsgi [req-5688da78-01dd-46eb-b636-8c6391d04f32 req-37f60947-8ff2-4433-9728-3e9b933a3fdd 6373aa55fe2e48d78ece068c1200a8aa cca1ba5c55d74768b3f4315d60fa5952 - - default default] 10.0.0.185 "GET /v2.0/security-groups?id=9955f813-8999-44f2-8731-0aea95340ac5&fields=id&fields=name HTTP/1.1" status: 200 len: 313 time: 0.0478868
2026-07-15 06:08:03.606 10 INFO neutron.wsgi [None req-8a8e8010-b0a7-4661-9f46-656f48670cbb 38ae035cf99c4874ba6b1662b8fd4f56 289c529eb416447687826771af8771f4 - - default default] 10.0.0.193 "DELETE /v2.0/floatingips/d5354946-2969-4bb4-847c-0e34060b5485 HTTP/1.1" status: 204 len: 168 time: 0.3608129
2026-07-15 06:08:03.756 9 INFO neutron.wsgi [req-b64e5bc1-628f-4230-a6a1-88fb98dc5cd8 req-10784434-46b1-48c9-a9bc-2b306211038e 6373aa55fe2e48d78ece068c1200a8aa cca1ba5c55d74768b3f4315d60fa5952 - - default default] 10.0.0.185 "GET /v2.0/ports?device_id=e637c4e1-278c-4fb3-905b-bea50ec0756a HTTP/1.1" status: 200 len: 1174 time: 0.1090834
2026-07-15 06:08:03.804 10 INFO neutron.wsgi [None req-eb47a285-bb5a-4135-b1d1-85ac8a6af0ed b12c0261aabc4148a8d14edbab9a42f1 4faf39b8e0cd4b7f8a7fa5fe4a037441 - - default default] 10.0.0.193 "GET /v2.0/security-groups?tenant_id=f86012f3d9444bdcb1848b7214d0850f&name=default HTTP/1.1" status: 200 len: 2996 time: 0.0467427
2026-07-15 06:08:03.823 9 INFO neutron.wsgi [req-b64e5bc1-628f-4230-a6a1-88fb98dc5cd8 req-cc245289-6005-44a8-b43b-550931867f5b 6373aa55fe2e48d78ece068c1200a8aa cca1ba5c55d74768b3f4315d60fa5952 - - default default] 10.0.0.185 "GET /v2.0/security-groups?id=9955f813-8999-44f2-8731-0aea95340ac5&fields=id&fields=name HTTP/1.1" status: 200 len: 313 time: 0.0518546
2026-07-15 06:08:03.882 9 INFO neutron.wsgi [None req-44b2d9b1-d448-4ee6-acf7-a49c99646c8a e5e0fb10bdde483893f47ba5c54a845b 8c2bde455c544a4cb6567d72e6b7a011 - - default default] 10.0.0.193 "GET /v2.0/ports?device_id=e637c4e1-278c-4fb3-905b-bea50ec0756a HTTP/1.1" status: 200 len: 1408 time: 0.0326235
2026-07-15 06:08:04.005 9 INFO neutron.wsgi [None req-082fb862-87f6-41a6-bb9f-fc95c1b6cdd0 38ae035cf99c4874ba6b1662b8fd4f56 289c529eb416447687826771af8771f4 - - default default] 10.0.0.193 "DELETE /v2.0/floatingips/b89cdaf6-3713-4363-a1b5-fd1aa28bc2ce HTTP/1.1" status: 204 len: 168 time: 0.3944449
2026-07-15 06:08:04.264 9 INFO neutron.notifiers.nova [-] Nova event matching ['req-d5e4c098-bed1-4a08-be61-1f4af9e25f00'] response: {'server_uuid': 'e637c4e1-278c-4fb3-905b-bea50ec0756a', 'name': 'network-vif-plugged', 'status': 'completed', 'tag': '65e9b3ba-c6b9-4662-ae2a-097b6315f05f', 'code': 200}
2026-07-15 06:08:04.324 10 INFO neutron.wsgi [None req-0da5c292-e55d-433f-8231-69c080f1636e b12c0261aabc4148a8d14edbab9a42f1 4faf39b8e0cd4b7f8a7fa5fe4a037441 - - default default] 10.0.0.193 "DELETE /v2.0/security-groups/a53eb534-0b4a-4d78-9748-7cc691e06235 HTTP/1.1" status: 204 len: 168 time: 0.5150511
2026-07-15 06:08:04.379 10 INFO neutron.db.l3_db [None req-5a779231-538a-4cf7-a52f-d8b5fc916980 6373aa55fe2e48d78ece068c1200a8aa cca1ba5c55d74768b3f4315d60fa5952 - - default default] Floating IP 9f5257f3-6b72-4675-b19d-115ff8845312 associated. External IP: 10.96.250.214, port: 65e9b3ba-c6b9-4662-ae2a-097b6315f05f.
2026-07-15 06:08:04.571 10 INFO neutron.db.ovn_revision_numbers_db [None req-5a779231-538a-4cf7-a52f-d8b5fc916980 6373aa55fe2e48d78ece068c1200a8aa cca1ba5c55d74768b3f4315d60fa5952 - - default default] Successfully bumped revision number for resource 9f5257f3-6b72-4675-b19d-115ff8845312 (type: floatingips) to 4
2026-07-15 06:08:04.673 10 INFO neutron.db.ovn_revision_numbers_db [None req-5a779231-538a-4cf7-a52f-d8b5fc916980 6373aa55fe2e48d78ece068c1200a8aa cca1ba5c55d74768b3f4315d60fa5952 - - default default] Successfully bumped revision number for resource 9f5257f3-6b72-4675-b19d-115ff8845312 (type: floatingips) to 5
2026-07-15 06:08:04.702 10 INFO neutron.wsgi [None req-5a779231-538a-4cf7-a52f-d8b5fc916980 6373aa55fe2e48d78ece068c1200a8aa cca1ba5c55d74768b3f4315d60fa5952 - - default default] 10.0.0.193 "PUT /v2.0/floatingips/9f5257f3-6b72-4675-b19d-115ff8845312 HTTP/1.1" status: 200 len: 1050 time: 0.8136618 /var/lib/openstack/lib/python3.10/site-packages/pycadf/identifier.py:71: UserWarning: Invalid uuid: neutron. To ensure interoperability, identifiers should be a valid uuid. warnings.warn(('Invalid uuid: %s. To ensure interoperability, '
2026-07-15 06:08:04.731 10 INFO neutron.notifiers.nova [-] Nova event matching ['req-388e9ca4-4568-4264-84cb-3cd332ecc3a8'] response: {'name': 'network-changed', 'server_uuid': 'e637c4e1-278c-4fb3-905b-bea50ec0756a', 'tag': '65e9b3ba-c6b9-4662-ae2a-097b6315f05f', 'status': 'completed', 'code': 200}
2026-07-15 06:08:04.759 9 INFO neutron.wsgi [None req-fd136442-3e83-4ea4-9a66-c16a1efd2fb4 6373aa55fe2e48d78ece068c1200a8aa cca1ba5c55d74768b3f4315d60fa5952 - - default default] 10.0.0.193 "GET /v2.0/floatingips/9f5257f3-6b72-4675-b19d-115ff8845312 HTTP/1.1" status: 200 len: 1052 time: 0.0505035
2026-07-15 06:08:04.778 10 INFO neutron.wsgi [req-d4756857-a4c3-47af-90d3-d25654ac342a req-4aaa3823-50af-45a1-ada0-6e2038cdc85f 5ddb7c26a91f4aee83815da130d7fc8c 642a17d38a284a24b594effabaf0fd35 - - 2d0863a0ba5346be999fbb03d6fa654f 2d0863a0ba5346be999fbb03d6fa654f] 199.204.45.153 "GET /v2.0/ports?tenant_id=cca1ba5c55d74768b3f4315d60fa5952&device_id=e637c4e1-278c-4fb3-905b-bea50ec0756a HTTP/1.1" status: 200 len: 1413 time: 0.0299768
2026-07-15 06:08:04.839 10 INFO neutron.wsgi [req-d4756857-a4c3-47af-90d3-d25654ac342a req-22e8db9f-6c38-401a-b18e-6792567bb86e 5ddb7c26a91f4aee83815da130d7fc8c 642a17d38a284a24b594effabaf0fd35 - - 2d0863a0ba5346be999fbb03d6fa654f 2d0863a0ba5346be999fbb03d6fa654f] 199.204.45.153 "GET /v2.0/networks?id=09711e01-864e-446b-a0e0-06dc7d11a52c HTTP/1.1" status: 200 len: 959 time: 0.0535731
2026-07-15 06:08:04.887 10 INFO neutron.wsgi [req-d4756857-a4c3-47af-90d3-d25654ac342a req-8cc430f7-742b-4bca-ace2-04a0682adb20 5ddb7c26a91f4aee83815da130d7fc8c 642a17d38a284a24b594effabaf0fd35 - - 2d0863a0ba5346be999fbb03d6fa654f 2d0863a0ba5346be999fbb03d6fa654f] 199.204.45.153 "GET /v2.0/floatingips?fixed_ip_address=10.100.0.10&port_id=65e9b3ba-c6b9-4662-ae2a-097b6315f05f HTTP/1.1" status: 200 len: 1060 time: 0.0388587
2026-07-15 06:08:04.919 10 INFO neutron.wsgi [req-d4756857-a4c3-47af-90d3-d25654ac342a req-03635d4f-2ff3-40f1-8f99-f6e24d3a9c39 5ddb7c26a91f4aee83815da130d7fc8c 642a17d38a284a24b594effabaf0fd35 - - 2d0863a0ba5346be999fbb03d6fa654f 2d0863a0ba5346be999fbb03d6fa654f] 199.204.45.153 "GET /v2.0/subnets?id=2b5f4103-be54-465e-afda-13c9383b90a0 HTTP/1.1" status: 200 len: 852 time: 0.0256450
2026-07-15 06:08:04.945 10 INFO neutron.wsgi [req-d4756857-a4c3-47af-90d3-d25654ac342a req-ec6e884d-f47c-4041-9a4a-502021a57bac 5ddb7c26a91f4aee83815da130d7fc8c 642a17d38a284a24b594effabaf0fd35 - - 2d0863a0ba5346be999fbb03d6fa654f 2d0863a0ba5346be999fbb03d6fa654f] 199.204.45.153 "GET /v2.0/ports?network_id=09711e01-864e-446b-a0e0-06dc7d11a52c&device_owner=network%3Adhcp HTTP/1.1" status: 200 len: 210 time: 0.0181980
2026-07-15 06:08:05.000 10 INFO neutron.wsgi [req-d4756857-a4c3-47af-90d3-d25654ac342a req-723586b7-5472-4fd7-8d0c-9a456d817e6b 5ddb7c26a91f4aee83815da130d7fc8c 642a17d38a284a24b594effabaf0fd35 - - 2d0863a0ba5346be999fbb03d6fa654f 2d0863a0ba5346be999fbb03d6fa654f] 199.204.45.153 "GET /v2.0/networks/09711e01-864e-446b-a0e0-06dc7d11a52c?fields=segments HTTP/1.1" status: 200 len: 212 time: 0.0499554
2026-07-15 06:08:05.061 10 INFO neutron.wsgi [req-d4756857-a4c3-47af-90d3-d25654ac342a req-ffd96685-4acc-44d4-ac02-440e2b490983 5ddb7c26a91f4aee83815da130d7fc8c 642a17d38a284a24b594effabaf0fd35 - - 2d0863a0ba5346be999fbb03d6fa654f 2d0863a0ba5346be999fbb03d6fa654f] 199.204.45.153 "GET /v2.0/networks/09711e01-864e-446b-a0e0-06dc7d11a52c?fields=provider%3Aphysical_network&fields=provider%3Anetwork_type HTTP/1.1" status: 200 len: 277 time: 0.0529904
2026-07-15 06:08:05.087 9 INFO neutron.db.ovn_revision_numbers_db [None req-fdab7ab0-accb-4837-8794-fe03d9c7aa77 b12c0261aabc4148a8d14edbab9a42f1 4faf39b8e0cd4b7f8a7fa5fe4a037441 - - default default] Successfully bumped revision number for resource f8d883a3-71c0-45a9-9106-6776be21ef86 (type: security_groups) to 1
2026-07-15 06:08:05.101 9 INFO neutron.db.ovn_revision_numbers_db [None req-fdab7ab0-accb-4837-8794-fe03d9c7aa77 b12c0261aabc4148a8d14edbab9a42f1 4faf39b8e0cd4b7f8a7fa5fe4a037441 - - default default] Successfully bumped revision number for resource 15af0832-34c7-4a8c-8c60-59ac72b22405 (type: security_group_rules) to 0
2026-07-15 06:08:05.114 9 INFO neutron.db.ovn_revision_numbers_db [None req-fdab7ab0-accb-4837-8794-fe03d9c7aa77 b12c0261aabc4148a8d14edbab9a42f1 4faf39b8e0cd4b7f8a7fa5fe4a037441 - - default default] Successfully bumped revision number for resource 1e93a08e-27bf-418b-84c8-9baf93b8467a (type: security_group_rules) to 0
2026-07-15 06:08:05.128 9 INFO neutron.db.ovn_revision_numbers_db [None req-fdab7ab0-accb-4837-8794-fe03d9c7aa77 b12c0261aabc4148a8d14edbab9a42f1 4faf39b8e0cd4b7f8a7fa5fe4a037441 - - default default] Successfully bumped revision number for resource d0539b39-42c6-48d8-8f4e-cb9cc25bfcd9 (type: security_group_rules) to 0
2026-07-15 06:08:05.142 9 INFO neutron.db.ovn_revision_numbers_db [None req-fdab7ab0-accb-4837-8794-fe03d9c7aa77 b12c0261aabc4148a8d14edbab9a42f1 4faf39b8e0cd4b7f8a7fa5fe4a037441 - - default default] Successfully bumped revision number for resource fe178b20-514c-45f7-a26b-2bc6c26d0669 (type: security_group_rules) to 0
2026-07-15 06:08:05.165 9 INFO neutron.wsgi [None req-fdab7ab0-accb-4837-8794-fe03d9c7aa77 b12c0261aabc4148a8d14edbab9a42f1 4faf39b8e0cd4b7f8a7fa5fe4a037441 - - default default] 10.0.0.193 "GET /v2.0/security-groups?tenant_id=3709e7774e4549889ebda6a0025ca069&name=default HTTP/1.1" status: 200 len: 2996 time: 0.3029933
2026-07-15 06:08:05.401 9 INFO neutron.wsgi [None req-8cf32e6e-98f6-4f01-93b2-c27038c711d0 b12c0261aabc4148a8d14edbab9a42f1 4faf39b8e0cd4b7f8a7fa5fe4a037441 - - default default] 10.0.0.193 "DELETE /v2.0/security-groups/f8d883a3-71c0-45a9-9106-6776be21ef86 HTTP/1.1" status: 204 len: 168 time: 0.2306819
2026-07-15 06:08:05.613 10 INFO neutron.db.ovn_revision_numbers_db [None req-00e299f5-237b-48e2-a537-88b441297c70 b12c0261aabc4148a8d14edbab9a42f1 4faf39b8e0cd4b7f8a7fa5fe4a037441 - - default default] Successfully bumped revision number for resource 1407c72a-eae1-4892-aa1b-ba771fb1d298 (type: security_groups) to 1
2026-07-15 06:08:05.627 10 INFO neutron.db.ovn_revision_numbers_db [None req-00e299f5-237b-48e2-a537-88b441297c70 b12c0261aabc4148a8d14edbab9a42f1 4faf39b8e0cd4b7f8a7fa5fe4a037441 - - default default] Successfully bumped revision number for resource 3883ace3-2656-4e42-8f7e-aac62aac4ebc (type: security_group_rules) to 0
2026-07-15 06:08:05.642 10 INFO neutron.db.ovn_revision_numbers_db [None req-00e299f5-237b-48e2-a537-88b441297c70 b12c0261aabc4148a8d14edbab9a42f1 4faf39b8e0cd4b7f8a7fa5fe4a037441 - - default default] Successfully bumped revision number for resource 54f0c9ee-8dbb-4301-ba69-28cb11c5f29e (type: security_group_rules) to 0
2026-07-15 06:08:05.656 10 INFO neutron.db.ovn_revision_numbers_db [None req-00e299f5-237b-48e2-a537-88b441297c70 b12c0261aabc4148a8d14edbab9a42f1 4faf39b8e0cd4b7f8a7fa5fe4a037441 - - default default] Successfully bumped revision number for resource 5ddd1da9-36b8-4707-a1d9-949e22a2e007 (type: security_group_rules) to 0
2026-07-15 06:08:05.672 10 INFO neutron.db.ovn_revision_numbers_db [None req-00e299f5-237b-48e2-a537-88b441297c70 b12c0261aabc4148a8d14edbab9a42f1 4faf39b8e0cd4b7f8a7fa5fe4a037441 - - default default] Successfully bumped revision number for resource 6cde19e9-3666-47ee-a165-954df16b3f92 (type: security_group_rules) to 0
2026-07-15 06:08:05.697 10 INFO neutron.wsgi [None req-00e299f5-237b-48e2-a537-88b441297c70 b12c0261aabc4148a8d14edbab9a42f1 4faf39b8e0cd4b7f8a7fa5fe4a037441 - - default default] 10.0.0.193 "GET /v2.0/security-groups?tenant_id=69108f4e3e10424ab1867431ab334cc5&name=default HTTP/1.1" status: 200 len: 2996 time: 0.2076168
2026-07-15 06:08:06.004 10 INFO neutron.wsgi [None req-e8ce1a11-6d87-4811-ac94-bdf661b5e3d5 b12c0261aabc4148a8d14edbab9a42f1 4faf39b8e0cd4b7f8a7fa5fe4a037441 - - default default] 10.0.0.193 "DELETE /v2.0/security-groups/1407c72a-eae1-4892-aa1b-ba771fb1d298 HTTP/1.1" status: 204 len: 168 time: 0.3022680
2026-07-15 06:08:06.090 10 INFO neutron.wsgi [-] 10.0.0.240 "GET / HTTP/1.1" status: 200 len: 246 time: 0.0018201
2026-07-15 06:08:06.092 9 INFO neutron.wsgi [-] 10.0.0.240 "GET / HTTP/1.1" status: 200 len: 246 time: 0.0032110
2026-07-15 06:08:06.270 10 INFO neutron.db.ovn_revision_numbers_db [None req-60348d3d-4e8b-433c-8d5c-3219b4a5f87d b12c0261aabc4148a8d14edbab9a42f1 4faf39b8e0cd4b7f8a7fa5fe4a037441 - - default default] Successfully bumped revision number for resource 83fc94b0-27c1-4141-8df4-ab04f5569751 (type: security_groups) to 1
2026-07-15 06:08:06.293 10 INFO neutron.db.ovn_revision_numbers_db [None req-60348d3d-4e8b-433c-8d5c-3219b4a5f87d b12c0261aabc4148a8d14edbab9a42f1 4faf39b8e0cd4b7f8a7fa5fe4a037441 - - default default] Successfully bumped revision number for resource 3624e0f7-9f82-456f-b763-28832acc6a7d (type: security_group_rules) to 0
2026-07-15 06:08:06.313 10 INFO neutron.db.ovn_revision_numbers_db [None req-60348d3d-4e8b-433c-8d5c-3219b4a5f87d b12c0261aabc4148a8d14edbab9a42f1 4faf39b8e0cd4b7f8a7fa5fe4a037441 - - default default] Successfully bumped revision number for resource 418bf72e-6d2b-4bde-b6f3-331d9e263ccb (type: security_group_rules) to 0
2026-07-15 06:08:06.328 10 INFO neutron.db.ovn_revision_numbers_db [None req-60348d3d-4e8b-433c-8d5c-3219b4a5f87d b12c0261aabc4148a8d14edbab9a42f1 4faf39b8e0cd4b7f8a7fa5fe4a037441 - - default default] Successfully bumped revision number for resource b92b89c2-848d-4199-b6ff-b315c430777a (type: security_group_rules) to 0
2026-07-15 06:08:06.341 10 INFO neutron.db.ovn_revision_numbers_db [None req-60348d3d-4e8b-433c-8d5c-3219b4a5f87d b12c0261aabc4148a8d14edbab9a42f1 4faf39b8e0cd4b7f8a7fa5fe4a037441 - - default default] Successfully bumped revision number for resource be35c7ac-7da2-439f-8758-45388d3ed241 (type: security_group_rules) to 0
2026-07-15 06:08:06.363 10 INFO neutron.wsgi [None req-60348d3d-4e8b-433c-8d5c-3219b4a5f87d b12c0261aabc4148a8d14edbab9a42f1 4faf39b8e0cd4b7f8a7fa5fe4a037441 - - default default] 10.0.0.193 "GET /v2.0/security-groups?tenant_id=289c529eb416447687826771af8771f4&name=default HTTP/1.1" status: 200 len: 2996 time: 0.2070000
2026-07-15 06:08:06.551 10 INFO neutron.wsgi [None req-4a100ba0-9607-44f3-9936-02291a5aa5a9 b12c0261aabc4148a8d14edbab9a42f1 4faf39b8e0cd4b7f8a7fa5fe4a037441 - - default default] 10.0.0.193 "DELETE /v2.0/security-groups/83fc94b0-27c1-4141-8df4-ab04f5569751 HTTP/1.1" status: 204 len: 168 time: 0.1805165
2026-07-15 06:08:08.949 9 INFO neutron.db.ovn_revision_numbers_db [None req-94fea402-3183-4712-a1cd-37d8d9af041d 942d7f1e4a4443288fa0b05a7bb1b2b5 e1ba813005e54a9594a294788154cb87 - - default default] Successfully bumped revision number for resource a6b59f08-bd8b-41cf-bc81-d4f7e4c1660c (type: security_groups) to 1
2026-07-15 06:08:08.964 9 INFO neutron.db.ovn_revision_numbers_db [None req-94fea402-3183-4712-a1cd-37d8d9af041d 942d7f1e4a4443288fa0b05a7bb1b2b5 e1ba813005e54a9594a294788154cb87 - - default default] Successfully bumped revision number for resource 0e018fc4-b531-4f5b-a989-a6d8b8ca829b (type: security_group_rules) to 0
2026-07-15 06:08:08.978 9 INFO neutron.db.ovn_revision_numbers_db [None req-94fea402-3183-4712-a1cd-37d8d9af041d 942d7f1e4a4443288fa0b05a7bb1b2b5 e1ba813005e54a9594a294788154cb87 - - default default] Successfully bumped revision number for resource 1a4de722-8152-4fac-9a4b-a0a54e347b60 (type: security_group_rules) to 0
2026-07-15 06:08:08.993 9 INFO neutron.db.ovn_revision_numbers_db [None req-94fea402-3183-4712-a1cd-37d8d9af041d 942d7f1e4a4443288fa0b05a7bb1b2b5 e1ba813005e54a9594a294788154cb87 - - default default] Successfully bumped revision number for resource 66ba3a0e-58ae-49c6-8fb2-2e016557870a (type: security_group_rules) to 0
2026-07-15 06:08:09.007 9 INFO neutron.db.ovn_revision_numbers_db [None req-94fea402-3183-4712-a1cd-37d8d9af041d 942d7f1e4a4443288fa0b05a7bb1b2b5 e1ba813005e54a9594a294788154cb87 - - default default] Successfully bumped revision number for resource 86f5915d-1da7-4fbd-882f-113babbe1dc7 (type: security_group_rules) to 0
2026-07-15 06:08:09.061 9 INFO neutron.db.segments_db [None req-94fea402-3183-4712-a1cd-37d8d9af041d 942d7f1e4a4443288fa0b05a7bb1b2b5 e1ba813005e54a9594a294788154cb87 - - default default] Added segment dcac361a-1257-4c7a-bbac-0acb6129a8a6 of type geneve for network 50f8812b-6a6b-45f5-88cc-46eba1d7cb08
2026-07-15 06:08:09.224 9 INFO neutron.db.ovn_revision_numbers_db [None req-94fea402-3183-4712-a1cd-37d8d9af041d 942d7f1e4a4443288fa0b05a7bb1b2b5 e1ba813005e54a9594a294788154cb87 - - default default] Successfully bumped revision number for resource 50f8812b-6a6b-45f5-88cc-46eba1d7cb08 (type: networks) to 1
2026-07-15 06:08:09.418 9 WARNING neutron.scheduler.dhcp_agent_scheduler [None req-94fea402-3183-4712-a1cd-37d8d9af041d 942d7f1e4a4443288fa0b05a7bb1b2b5 e1ba813005e54a9594a294788154cb87 - - default default] No more DHCP agents
2026-07-15 06:08:09.421 9 WARNING neutron.api.rpc.agentnotifiers.dhcp_rpc_agent_api [None req-94fea402-3183-4712-a1cd-37d8d9af041d 942d7f1e4a4443288fa0b05a7bb1b2b5 e1ba813005e54a9594a294788154cb87 - - default default] Unable to schedule network 50f8812b-6a6b-45f5-88cc-46eba1d7cb08: no agents available; will retry on subsequent port and subnet creation events.
2026-07-15 06:08:09.526 9 INFO neutron.db.ovn_revision_numbers_db [None req-94fea402-3183-4712-a1cd-37d8d9af041d 942d7f1e4a4443288fa0b05a7bb1b2b5 e1ba813005e54a9594a294788154cb87 - - default default] Successfully bumped revision number for resource d9bf7eed-5a1d-4fbe-bb1d-2e2f9b0d85f7 (type: ports) to 1
2026-07-15 06:08:09.561 9 INFO neutron.wsgi [None req-94fea402-3183-4712-a1cd-37d8d9af041d 942d7f1e4a4443288fa0b05a7bb1b2b5 e1ba813005e54a9594a294788154cb87 - - default default] 10.0.0.193 "POST /v2.0/networks HTTP/1.1" status: 201 len: 830 time: 0.9010484
2026-07-15 06:08:09.660 9 INFO neutron.db.segments_db [None req-ab4cd49b-6a07-46dd-bb57-d85e52d6e1f8 942d7f1e4a4443288fa0b05a7bb1b2b5 e1ba813005e54a9594a294788154cb87 - - default default] Added segment 4bd674f3-875a-41e1-a8be-db83a1f4c28e of type geneve for network 29a07815-0178-4519-aec5-93f4f39f13a3
2026-07-15 06:08:09.809 9 INFO neutron.db.ovn_revision_numbers_db [None req-ab4cd49b-6a07-46dd-bb57-d85e52d6e1f8 942d7f1e4a4443288fa0b05a7bb1b2b5 e1ba813005e54a9594a294788154cb87 - - default default] Successfully bumped revision number for resource 29a07815-0178-4519-aec5-93f4f39f13a3 (type: networks) to 1
2026-07-15 06:08:10.012 9 WARNING neutron.scheduler.dhcp_agent_scheduler [None req-ab4cd49b-6a07-46dd-bb57-d85e52d6e1f8 942d7f1e4a4443288fa0b05a7bb1b2b5 e1ba813005e54a9594a294788154cb87 - - default default] No more DHCP agents
2026-07-15 06:08:10.015 9 WARNING neutron.api.rpc.agentnotifiers.dhcp_rpc_agent_api [None req-ab4cd49b-6a07-46dd-bb57-d85e52d6e1f8 942d7f1e4a4443288fa0b05a7bb1b2b5 e1ba813005e54a9594a294788154cb87 - - default default] Unable to schedule network 29a07815-0178-4519-aec5-93f4f39f13a3: no agents available; will retry on subsequent port and subnet creation events.
2026-07-15 06:08:10.095 9 INFO neutron.db.ovn_revision_numbers_db [None req-ab4cd49b-6a07-46dd-bb57-d85e52d6e1f8 942d7f1e4a4443288fa0b05a7bb1b2b5 e1ba813005e54a9594a294788154cb87 - - default default] Successfully bumped revision number for resource a53b0a69-ea97-40eb-a723-10157859e64e (type: ports) to 1
2026-07-15 06:08:10.115 9 INFO neutron.wsgi [None req-ab4cd49b-6a07-46dd-bb57-d85e52d6e1f8 942d7f1e4a4443288fa0b05a7bb1b2b5 e1ba813005e54a9594a294788154cb87 - - default default] 10.0.0.193 "POST /v2.0/networks HTTP/1.1" status: 201 len: 831 time: 0.5510852
2026-07-15 06:08:10.217 9 INFO neutron.db.segments_db [None req-5e032b6d-7b01-45bb-80ff-458442cde7a3 942d7f1e4a4443288fa0b05a7bb1b2b5 e1ba813005e54a9594a294788154cb87 - - default default] Added segment 127ef283-4236-4bb2-8c7e-aeaa6d05babf of type geneve for network 001c5f25-8d52-45e9-af52-dfc81f0c6d68
2026-07-15 06:08:10.379 9 INFO neutron.db.ovn_revision_numbers_db [None req-5e032b6d-7b01-45bb-80ff-458442cde7a3 942d7f1e4a4443288fa0b05a7bb1b2b5 e1ba813005e54a9594a294788154cb87 - - default default] Successfully bumped revision number for resource 001c5f25-8d52-45e9-af52-dfc81f0c6d68 (type: networks) to 1
2026-07-15 06:08:10.532 9 WARNING neutron.scheduler.dhcp_agent_scheduler [None req-5e032b6d-7b01-45bb-80ff-458442cde7a3 942d7f1e4a4443288fa0b05a7bb1b2b5 e1ba813005e54a9594a294788154cb87 - - default default] No more DHCP agents
2026-07-15 06:08:10.535 9 WARNING neutron.api.rpc.agentnotifiers.dhcp_rpc_agent_api [None req-5e032b6d-7b01-45bb-80ff-458442cde7a3 942d7f1e4a4443288fa0b05a7bb1b2b5 e1ba813005e54a9594a294788154cb87 - - default default] Unable to schedule network 001c5f25-8d52-45e9-af52-dfc81f0c6d68: no agents available; will retry on subsequent port and subnet creation events.
2026-07-15 06:08:10.599 9 INFO neutron.db.ovn_revision_numbers_db [None req-5e032b6d-7b01-45bb-80ff-458442cde7a3 942d7f1e4a4443288fa0b05a7bb1b2b5 e1ba813005e54a9594a294788154cb87 - - default default] Successfully bumped revision number for resource 31f3b86c-9b54-41a5-bb14-54c06c9410dd (type: ports) to 1
2026-07-15 06:08:10.615 9 INFO neutron.wsgi [None req-5e032b6d-7b01-45bb-80ff-458442cde7a3 942d7f1e4a4443288fa0b05a7bb1b2b5 e1ba813005e54a9594a294788154cb87 - - default default] 10.0.0.193 "POST /v2.0/networks HTTP/1.1" status: 201 len: 831 time: 0.4887645
2026-07-15 06:08:10.694 9 INFO neutron.db.segments_db [None req-62a3a8a7-fcab-4346-aa44-2f36acb5ade9 942d7f1e4a4443288fa0b05a7bb1b2b5 e1ba813005e54a9594a294788154cb87 - - default default] Added segment 0e518db1-c7f0-4d3f-8672-20930faa0c6a of type geneve for network 04881838-5b56-4d2a-aa47-528009560b5f
2026-07-15 06:08:10.847 9 INFO neutron.db.ovn_revision_numbers_db [None req-62a3a8a7-fcab-4346-aa44-2f36acb5ade9 942d7f1e4a4443288fa0b05a7bb1b2b5 e1ba813005e54a9594a294788154cb87 - - default default] Successfully bumped revision number for resource 04881838-5b56-4d2a-aa47-528009560b5f (type: networks) to 1
2026-07-15 06:08:11.058 9 WARNING neutron.scheduler.dhcp_agent_scheduler [None req-62a3a8a7-fcab-4346-aa44-2f36acb5ade9 942d7f1e4a4443288fa0b05a7bb1b2b5 e1ba813005e54a9594a294788154cb87 - - default default] No more DHCP agents
2026-07-15 06:08:11.059 9 WARNING neutron.api.rpc.agentnotifiers.dhcp_rpc_agent_api [None req-62a3a8a7-fcab-4346-aa44-2f36acb5ade9 942d7f1e4a4443288fa0b05a7bb1b2b5 e1ba813005e54a9594a294788154cb87 - - default default] Unable to schedule network 04881838-5b56-4d2a-aa47-528009560b5f: no agents available; will retry on subsequent port and subnet creation events.
2026-07-15 06:08:11.116 10 INFO neutron.db.ovn_revision_numbers_db [None req-fbd648f8-68fc-4e47-b444-a4db99589027 7a2041dd31b04d8c8fb5646f69244849 ba9d13f94000435f81c4536de30a05e7 - - default default] Successfully bumped revision number for resource da748aa7-578d-475e-8df7-14ea6b85ebe7 (type: routers) to 1
2026-07-15 06:08:11.129 10 INFO neutron.wsgi [None req-fbd648f8-68fc-4e47-b444-a4db99589027 7a2041dd31b04d8c8fb5646f69244849 ba9d13f94000435f81c4536de30a05e7 - - default default] 10.0.0.193 "POST /v2.0/routers HTTP/1.1" status: 201 len: 654 time: 0.4195583
2026-07-15 06:08:11.130 9 INFO neutron.db.ovn_revision_numbers_db [None req-62a3a8a7-fcab-4346-aa44-2f36acb5ade9 942d7f1e4a4443288fa0b05a7bb1b2b5 e1ba813005e54a9594a294788154cb87 - - default default] Successfully bumped revision number for resource 01691870-2cea-4b35-9a93-b9ce74e7d6e6 (type: ports) to 1
2026-07-15 06:08:11.148 9 INFO neutron.wsgi [None req-62a3a8a7-fcab-4346-aa44-2f36acb5ade9 942d7f1e4a4443288fa0b05a7bb1b2b5 e1ba813005e54a9594a294788154cb87 - - default default] 10.0.0.193 "POST /v2.0/networks HTTP/1.1" status: 201 len: 830 time: 0.5248005
2026-07-15 06:08:11.235 9 INFO neutron.db.segments_db [None req-9b87528e-b321-481b-9496-6170132cc0f3 942d7f1e4a4443288fa0b05a7bb1b2b5 e1ba813005e54a9594a294788154cb87 - - default default] Added segment 7ebe2a00-76cf-4596-8648-93628c2fbe05 of type geneve for network 130a0f8c-d440-41f3-b255-5ca91d6046ab
2026-07-15 06:08:11.273 10 INFO neutron.db.ovn_revision_numbers_db [None req-86709d08-e354-420f-b22c-7a42cfd3ee76 7a2041dd31b04d8c8fb5646f69244849 ba9d13f94000435f81c4536de30a05e7 - - default default] Successfully bumped revision number for resource 5e8537e0-6fc4-4b11-ab1c-f9b16e44e432 (type: routers) to 1
2026-07-15 06:08:11.295 10 INFO neutron.wsgi [None req-86709d08-e354-420f-b22c-7a42cfd3ee76 7a2041dd31b04d8c8fb5646f69244849 ba9d13f94000435f81c4536de30a05e7 - - default default] 10.0.0.193 "POST /v2.0/routers HTTP/1.1" status: 201 len: 654 time: 0.1607482
2026-07-15 06:08:11.391 9 INFO neutron.db.ovn_revision_numbers_db [None req-9b87528e-b321-481b-9496-6170132cc0f3 942d7f1e4a4443288fa0b05a7bb1b2b5 e1ba813005e54a9594a294788154cb87 - - default default] Successfully bumped revision number for resource 130a0f8c-d440-41f3-b255-5ca91d6046ab (type: networks) to 1
2026-07-15 06:08:11.452 10 INFO neutron.db.ovn_revision_numbers_db [None req-234904ee-8b02-496d-9c0b-f60e0d70ce35 7a2041dd31b04d8c8fb5646f69244849 ba9d13f94000435f81c4536de30a05e7 - - default default] Successfully bumped revision number for resource 8de5a040-9b2e-47eb-b63b-1e886aa15cd8 (type: routers) to 1
2026-07-15 06:08:11.466 10 INFO neutron.wsgi [None req-234904ee-8b02-496d-9c0b-f60e0d70ce35 7a2041dd31b04d8c8fb5646f69244849 ba9d13f94000435f81c4536de30a05e7 - - default default] 10.0.0.193 "POST /v2.0/routers HTTP/1.1" status: 201 len: 654 time: 0.1659598
2026-07-15 06:08:11.556 9 WARNING neutron.scheduler.dhcp_agent_scheduler [None req-9b87528e-b321-481b-9496-6170132cc0f3 942d7f1e4a4443288fa0b05a7bb1b2b5 e1ba813005e54a9594a294788154cb87 - - default default] No more DHCP agents
2026-07-15 06:08:11.558 9 WARNING neutron.api.rpc.agentnotifiers.dhcp_rpc_agent_api [None req-9b87528e-b321-481b-9496-6170132cc0f3 942d7f1e4a4443288fa0b05a7bb1b2b5 e1ba813005e54a9594a294788154cb87 - - default default] Unable to schedule network 130a0f8c-d440-41f3-b255-5ca91d6046ab: no agents available; will retry on subsequent port and subnet creation events.
2026-07-15 06:08:11.626 9 INFO neutron.db.ovn_revision_numbers_db [None req-9b87528e-b321-481b-9496-6170132cc0f3 942d7f1e4a4443288fa0b05a7bb1b2b5 e1ba813005e54a9594a294788154cb87 - - default default] Successfully bumped revision number for resource 1db2e75c-fd9d-4c5e-8422-ec8ea0fad366 (type: ports) to 1
2026-07-15 06:08:11.632 10 INFO neutron.db.ovn_revision_numbers_db [None req-1e4603b8-e5b5-452d-bc45-207bfb5191e7 7a2041dd31b04d8c8fb5646f69244849 ba9d13f94000435f81c4536de30a05e7 - - default default] Successfully bumped revision number for resource f2438c3a-48ba-4ac2-bb12-f554c1215f1e (type: routers) to 1
2026-07-15 06:08:11.645 10 INFO neutron.wsgi [None req-1e4603b8-e5b5-452d-bc45-207bfb5191e7 7a2041dd31b04d8c8fb5646f69244849 ba9d13f94000435f81c4536de30a05e7 - - default default] 10.0.0.193 "POST /v2.0/routers HTTP/1.1" status: 201 len: 654 time: 0.1729493
2026-07-15 06:08:11.650 9 INFO neutron.wsgi [None req-9b87528e-b321-481b-9496-6170132cc0f3 942d7f1e4a4443288fa0b05a7bb1b2b5 e1ba813005e54a9594a294788154cb87 - - default default] 10.0.0.193 "POST /v2.0/networks HTTP/1.1" status: 201 len: 830 time: 0.4963524
2026-07-15 06:08:11.696 9 INFO neutron.wsgi [None req-227b872a-ae03-4726-813b-374ebad491ea 942d7f1e4a4443288fa0b05a7bb1b2b5 e1ba813005e54a9594a294788154cb87 - - default default] 10.0.0.193 "PUT /v2.0/networks/50f8812b-6a6b-45f5-88cc-46eba1d7cb08/tags HTTP/1.1" status: 200 len: 210 time: 0.0408506
2026-07-15 06:08:11.749 9 INFO neutron.wsgi [None req-fd1fdf2f-d517-4310-b22e-2c41bf4016d5 942d7f1e4a4443288fa0b05a7bb1b2b5 e1ba813005e54a9594a294788154cb87 - - default default] 10.0.0.193 "PUT /v2.0/networks/29a07815-0178-4519-aec5-93f4f39f13a3/tags HTTP/1.1" status: 200 len: 218 time: 0.0484068
2026-07-15 06:08:11.818 10 INFO neutron.db.ovn_revision_numbers_db [None req-27ab8f36-900f-4b9c-bcd6-e3afd7e01f3b 7a2041dd31b04d8c8fb5646f69244849 ba9d13f94000435f81c4536de30a05e7 - - default default] Successfully bumped revision number for resource 17987acc-da99-489e-82aa-3f792228f6ad (type: routers) to 1
2026-07-15 06:08:11.823 10 INFO neutron.wsgi [None req-8441c760-713d-4215-b669-02154ae38efa 942d7f1e4a4443288fa0b05a7bb1b2b5 e1ba813005e54a9594a294788154cb87 - - default default] 10.0.0.193 "PUT /v2.0/networks/001c5f25-8d52-45e9-af52-dfc81f0c6d68/tags HTTP/1.1" status: 200 len: 227 time: 0.0682359
2026-07-15 06:08:11.834 10 INFO neutron.wsgi [None req-27ab8f36-900f-4b9c-bcd6-e3afd7e01f3b 7a2041dd31b04d8c8fb5646f69244849 ba9d13f94000435f81c4536de30a05e7 - - default default] 10.0.0.193 "POST /v2.0/routers HTTP/1.1" status: 201 len: 654 time: 0.1834743
2026-07-15 06:08:11.872 10 INFO neutron.wsgi [None req-1edaec29-3012-41b6-a369-8f26c494685f 942d7f1e4a4443288fa0b05a7bb1b2b5 e1ba813005e54a9594a294788154cb87 - - default default] 10.0.0.193 "PUT /v2.0/networks/04881838-5b56-4d2a-aa47-528009560b5f/tags HTTP/1.1" status: 200 len: 212 time: 0.0451584
2026-07-15 06:08:11.914 9 INFO neutron.wsgi [None req-f1a47172-78c7-498f-9ab1-b4e23e46eab4 7a2041dd31b04d8c8fb5646f69244849 ba9d13f94000435f81c4536de30a05e7 - - default default] 10.0.0.193 "PUT /v2.0/routers/da748aa7-578d-475e-8df7-14ea6b85ebe7/tags HTTP/1.1" status: 200 len: 210 time: 0.0729790
2026-07-15 06:08:11.961 10 INFO neutron.wsgi [None req-9766859f-7737-4037-bdd8-604d11425e26 942d7f1e4a4443288fa0b05a7bb1b2b5 e1ba813005e54a9594a294788154cb87 - - default default] 10.0.0.193 "GET /v2.0/networks?tags=red HTTP/1.1" status: 200 len: 2069 time: 0.0838659
