2026-07-15 06:06:31.261 9 WARNING neutron.plugins.ml2.drivers.ovn.mech_driver.ovsdb.ovn_client [None req-2052610e-e2e3-4021-9f7b-abd298d398dc - - - - - -] No port found with ID 75280952-21dd-4c51-84bf-5a98f76f50d8: RuntimeError: No port found with ID 75280952-21dd-4c51-84bf-5a98f76f50d8
2026-07-15 06:06:31.265 9 INFO neutron.db.ovn_revision_numbers_db [None req-b145cc4b-0cad-4c3e-aa1f-e83bed810097 ec01fbb1ff604c51b40cdac707587ddb 0ffea061b8e54a3ab49f942312b09fb0 - - default default] Successfully bumped revision number for resource 81160c6a-7190-4bf7-8e4e-af7ecc3d40d3 (type: ports) to 1
2026-07-15 06:06:31.283 10 WARNING neutron.scheduler.dhcp_agent_scheduler [None req-8e08faf2-a4a8-410d-9b70-393d68e7c10d 310ddb59c619482c84a3a98daa464733 a466c1261cd246e4b0f362a4f749508e - - default default] No more DHCP agents
2026-07-15 06:06:31.288 10 WARNING neutron.api.rpc.agentnotifiers.dhcp_rpc_agent_api [None req-8e08faf2-a4a8-410d-9b70-393d68e7c10d 310ddb59c619482c84a3a98daa464733 a466c1261cd246e4b0f362a4f749508e - - default default] Unable to schedule network 93016235-7840-4405-a641-1d6888f148cc: no agents available; will retry on subsequent port and subnet creation events.
2026-07-15 06:06:31.288 9 INFO neutron.wsgi [None req-1ec76b47-e18a-4f76-a047-857f7fca71ef 5a6f147a0d7f4eb1939fdf2139829aaf ad5b1b4cddb4400fa4e77f16fe7c21dc - - default default] 10.0.0.193 "DELETE /v2.0/security-group-rules/88b414dd-9102-4953-bfc5-fc2d0912a910 HTTP/1.1" status: 204 len: 168 time: 0.1604922
2026-07-15 06:06:31.292 9 INFO neutron.wsgi [None req-b145cc4b-0cad-4c3e-aa1f-e83bed810097 ec01fbb1ff604c51b40cdac707587ddb 0ffea061b8e54a3ab49f942312b09fb0 - - default default] 10.0.0.193 "POST /v2.0/networks HTTP/1.1" status: 201 len: 847 time: 0.7169917
2026-07-15 06:06:31.324 10 INFO neutron.db.ovn_revision_numbers_db [None req-8e08faf2-a4a8-410d-9b70-393d68e7c10d 310ddb59c619482c84a3a98daa464733 a466c1261cd246e4b0f362a4f749508e - - default default] Successfully bumped revision number for resource 150e18ed-7141-42ac-928b-5aaba885ffa0 (type: subnets) to 0
2026-07-15 06:06:31.338 10 INFO neutron.wsgi [None req-8e08faf2-a4a8-410d-9b70-393d68e7c10d 310ddb59c619482c84a3a98daa464733 a466c1261cd246e4b0f362a4f749508e - - default default] 10.0.0.193 "POST /v2.0/subnets HTTP/1.1" status: 201 len: 821 time: 0.3189313
2026-07-15 06:06:31.344 9 INFO neutron.wsgi [None req-ee36ce5b-2754-458d-9eea-9b55706de79c 5a6f147a0d7f4eb1939fdf2139829aaf ad5b1b4cddb4400fa4e77f16fe7c21dc - - default default] 10.0.0.193 "GET /v2.0/security-group-rules HTTP/1.1" status: 200 len: 3567 time: 0.0478008
2026-07-15 06:06:31.491 10 INFO neutron.db.ovn_revision_numbers_db [None req-07845ebd-55d9-4123-98a8-ba0a6093f4e6 310ddb59c619482c84a3a98daa464733 a466c1261cd246e4b0f362a4f749508e - - default default] Successfully bumped revision number for resource 49411347-2d46-48e3-8305-6d679605db88 (type: routers) to 1
2026-07-15 06:06:31.507 10 INFO neutron.wsgi [None req-07845ebd-55d9-4123-98a8-ba0a6093f4e6 310ddb59c619482c84a3a98daa464733 a466c1261cd246e4b0f362a4f749508e - - default default] 10.0.0.193 "POST /v2.0/routers HTTP/1.1" status: 201 len: 691 time: 0.1652167
2026-07-15 06:06:31.520 9 INFO neutron.db.ovn_revision_numbers_db [None req-a86bc2ae-febc-45e1-a0a1-02de0d40d485 5a6f147a0d7f4eb1939fdf2139829aaf ad5b1b4cddb4400fa4e77f16fe7c21dc - - default default] Successfully bumped revision number for resource 3b38cfd0-9715-4354-9db7-095d36d3dbb3 (type: security_group_rules) to 0
2026-07-15 06:06:31.576 9 INFO neutron.wsgi [None req-a86bc2ae-febc-45e1-a0a1-02de0d40d485 5a6f147a0d7f4eb1939fdf2139829aaf ad5b1b4cddb4400fa4e77f16fe7c21dc - - default default] 10.0.0.193 "POST /v2.0/security-group-rules HTTP/1.1" status: 201 len: 768 time: 0.2274301
2026-07-15 06:06:31.598 10 INFO neutron.wsgi [None req-152aa56c-c3b2-420a-a83b-58b9f97285e0 5a6f147a0d7f4eb1939fdf2139829aaf ad5b1b4cddb4400fa4e77f16fe7c21dc - - default default] 10.0.0.193 "GET /v2.0/security-group-rules/3b38cfd0-9715-4354-9db7-095d36d3dbb3 HTTP/1.1" status: 200 len: 763 time: 0.0172846
2026-07-15 06:06:31.640 10 INFO neutron.wsgi [None req-9c629c9f-c3e4-41a3-b5ac-36aceff5988a 5a6f147a0d7f4eb1939fdf2139829aaf ad5b1b4cddb4400fa4e77f16fe7c21dc - - default default] 10.0.0.193 "GET /v2.0/security-group-rules HTTP/1.1" status: 200 len: 4113 time: 0.0368693
2026-07-15 06:06:31.748 10 INFO neutron.wsgi [None req-bf16f498-1d8a-47c3-a1d7-77da4460c280 5a6f147a0d7f4eb1939fdf2139829aaf ad5b1b4cddb4400fa4e77f16fe7c21dc - - default default] 10.0.0.193 "DELETE /v2.0/security-group-rules/3b38cfd0-9715-4354-9db7-095d36d3dbb3 HTTP/1.1" status: 204 len: 168 time: 0.1032956
2026-07-15 06:06:31.792 10 INFO neutron.wsgi [None req-593c3ab3-afd8-4c66-86c5-4a05be5b3b95 5a6f147a0d7f4eb1939fdf2139829aaf ad5b1b4cddb4400fa4e77f16fe7c21dc - - default default] 10.0.0.193 "GET /v2.0/security-group-rules HTTP/1.1" status: 200 len: 3567 time: 0.0393786
2026-07-15 06:06:31.873 9 WARNING neutron.scheduler.dhcp_agent_scheduler [None req-83da060c-d143-4272-a2eb-8d95bfd2519a ec01fbb1ff604c51b40cdac707587ddb 0ffea061b8e54a3ab49f942312b09fb0 - - default default] No more DHCP agents
2026-07-15 06:06:31.875 9 WARNING neutron.api.rpc.agentnotifiers.dhcp_rpc_agent_api [None req-83da060c-d143-4272-a2eb-8d95bfd2519a ec01fbb1ff604c51b40cdac707587ddb 0ffea061b8e54a3ab49f942312b09fb0 - - default default] Unable to schedule network 02ee1491-4de5-4299-98dd-be9904399d68: no agents available; will retry on subsequent port and subnet creation events.
2026-07-15 06:06:31.906 9 WARNING neutron.scheduler.dhcp_agent_scheduler [None req-2fa37c6a-3681-4893-b2f9-782c9a16de00 310ddb59c619482c84a3a98daa464733 a466c1261cd246e4b0f362a4f749508e - - default default] No more DHCP agents
2026-07-15 06:06:31.908 9 WARNING neutron.api.rpc.agentnotifiers.dhcp_rpc_agent_api [None req-2fa37c6a-3681-4893-b2f9-782c9a16de00 310ddb59c619482c84a3a98daa464733 a466c1261cd246e4b0f362a4f749508e - - default default] Unable to schedule network 93016235-7840-4405-a641-1d6888f148cc: no agents available; will retry on subsequent port and subnet creation events.
2026-07-15 06:06:31.927 10 INFO neutron.db.ovn_revision_numbers_db [None req-c5312e0d-1b64-4f0d-a119-63ff0ca6e0b4 5a6f147a0d7f4eb1939fdf2139829aaf ad5b1b4cddb4400fa4e77f16fe7c21dc - - default default] Successfully bumped revision number for resource 5813ea0b-b2d9-4234-b1f9-13f22dd12ca8 (type: security_group_rules) to 0
2026-07-15 06:06:31.968 10 INFO neutron.wsgi [None req-c5312e0d-1b64-4f0d-a119-63ff0ca6e0b4 5a6f147a0d7f4eb1939fdf2139829aaf ad5b1b4cddb4400fa4e77f16fe7c21dc - - default default] 10.0.0.193 "POST /v2.0/security-group-rules HTTP/1.1" status: 201 len: 769 time: 0.1701250
2026-07-15 06:06:31.988 10 INFO neutron.wsgi [None req-7d24fd4c-d05a-4456-a9b8-04453c7d15d7 5a6f147a0d7f4eb1939fdf2139829aaf ad5b1b4cddb4400fa4e77f16fe7c21dc - - default default] 10.0.0.193 "GET /v2.0/security-group-rules/5813ea0b-b2d9-4234-b1f9-13f22dd12ca8 HTTP/1.1" status: 200 len: 764 time: 0.0145652
2026-07-15 06:06:32.031 10 INFO neutron.wsgi [None req-3ead1bd6-d3b7-4a42-8db9-4cdc04a2a469 5a6f147a0d7f4eb1939fdf2139829aaf ad5b1b4cddb4400fa4e77f16fe7c21dc - - default default] 10.0.0.193 "GET /v2.0/security-group-rules HTTP/1.1" status: 200 len: 4114 time: 0.0386648
2026-07-15 06:06:32.068 9 INFO neutron.db.ovn_revision_numbers_db [None req-2fa37c6a-3681-4893-b2f9-782c9a16de00 310ddb59c619482c84a3a98daa464733 a466c1261cd246e4b0f362a4f749508e - - default default] Successfully bumped revision number for resource c6d339a2-9a16-4c51-9e8a-fbefe831acfc (type: ports) to 1
2026-07-15 06:06:32.094 9 INFO neutron.wsgi [None req-2fa37c6a-3681-4893-b2f9-782c9a16de00 310ddb59c619482c84a3a98daa464733 a466c1261cd246e4b0f362a4f749508e - - default default] 10.0.0.193 "POST /v2.0/ports HTTP/1.1" status: 201 len: 1158 time: 0.5817609
2026-07-15 06:06:32.183 10 INFO neutron.wsgi [None req-09deabbe-5ffa-465d-a79d-ca2d104d255b 5a6f147a0d7f4eb1939fdf2139829aaf ad5b1b4cddb4400fa4e77f16fe7c21dc - - default default] 10.0.0.193 "DELETE /v2.0/security-group-rules/5813ea0b-b2d9-4234-b1f9-13f22dd12ca8 HTTP/1.1" status: 204 len: 168 time: 0.1486568 /var/lib/openstack/lib/python3.10/site-packages/pycadf/identifier.py:71: UserWarning: Invalid uuid: neutron. To ensure interoperability, identifiers should be a valid uuid. warnings.warn(('Invalid uuid: %s. To ensure interoperability, '
2026-07-15 06:06:32.226 9 INFO neutron.services.segments.plugin [-] Segment 2700cc5c-4182-4ffc-9b0a-e3623fd22f38 resource provider aggregate not found
2026-07-15 06:06:32.231 9 INFO neutron.services.segments.plugin [-] Segment 2700cc5c-4182-4ffc-9b0a-e3623fd22f38 resource provider aggregate not found
2026-07-15 06:06:32.249 9 INFO neutron.services.segments.plugin [-] Segment 2700cc5c-4182-4ffc-9b0a-e3623fd22f38 resource provider not found; error: Placement Client Error (4xx): {"errors": [{"status": 404, "title": "Not Found", "detail": "The resource could not be found.\n\n No resource provider with uuid 2700cc5c-4182-4ffc-9b0a-e3623fd22f38 found for delete ", "request_id": "req-0c3271bc-ea88-4940-8b08-03bdba5082b2"}]}
2026-07-15 06:06:32.255 9 INFO neutron.services.segments.plugin [-] Segment 2700cc5c-4182-4ffc-9b0a-e3623fd22f38 resource provider not found; error: Placement Client Error (4xx): {"errors": [{"status": 404, "title": "Not Found", "detail": "The resource could not be found.\n\n No resource provider with uuid 2700cc5c-4182-4ffc-9b0a-e3623fd22f38 found for delete ", "request_id": "req-4fed30c8-b55a-4536-8a89-770e42835009"}]}
2026-07-15 06:06:32.278 9 INFO neutron.wsgi [None req-bc70d047-59e1-4bd2-a197-1db90cb68116 5a6f147a0d7f4eb1939fdf2139829aaf ad5b1b4cddb4400fa4e77f16fe7c21dc - - default default] 10.0.0.193 "GET /v2.0/security-group-rules HTTP/1.1" status: 200 len: 3567 time: 0.0891593
2026-07-15 06:06:32.451 9 INFO neutron.db.ovn_revision_numbers_db [None req-83da060c-d143-4272-a2eb-8d95bfd2519a ec01fbb1ff604c51b40cdac707587ddb 0ffea061b8e54a3ab49f942312b09fb0 - - default default] Successfully bumped revision number for resource fb2b4365-e11d-46f6-8c76-d38753cd42cd (type: ports) to 2
2026-07-15 06:06:32.467 10 INFO neutron.wsgi [None req-7f86c9e3-e849-44d6-a4e1-af4375c53180 5a6f147a0d7f4eb1939fdf2139829aaf ad5b1b4cddb4400fa4e77f16fe7c21dc - - default default] 10.0.0.193 "DELETE /v2.0/security-groups/d4ca389e-910a-4433-8999-6115cda99856 HTTP/1.1" status: 204 len: 168 time: 0.1843796
2026-07-15 06:06:32.492 9 INFO neutron.db.ovn_revision_numbers_db [None req-83da060c-d143-4272-a2eb-8d95bfd2519a ec01fbb1ff604c51b40cdac707587ddb 0ffea061b8e54a3ab49f942312b09fb0 - - default default] Successfully bumped revision number for resource bf1a670f-3a7b-477f-a538-979000ef1d27 (type: subnets) to 0
2026-07-15 06:06:32.512 9 INFO neutron.plugins.ml2.drivers.ovn.mech_driver.mech_driver [None req-2052610e-e2e3-4021-9f7b-abd298d398dc - - - - - -] OVN reports status up for port: c6d339a2-9a16-4c51-9e8a-fbefe831acfc
2026-07-15 06:06:32.518 9 INFO neutron.wsgi [None req-e64ef706-bc97-4ca5-a342-89d55a8372c2 5a6f147a0d7f4eb1939fdf2139829aaf ad5b1b4cddb4400fa4e77f16fe7c21dc - - default default] 10.0.0.193 "GET /v2.0/security-groups HTTP/1.1" status: 200 len: 2996 time: 0.0459838
2026-07-15 06:06:32.525 9 INFO neutron.plugins.ml2.plugin [None req-2052610e-e2e3-4021-9f7b-abd298d398dc - - - - - -] Attempt 1 to provision port c6d339a2-9a16-4c51-9e8a-fbefe831acfc /var/lib/openstack/lib/python3.10/site-packages/pycadf/identifier.py:71: UserWarning: Invalid uuid: neutron. To ensure interoperability, identifiers should be a valid uuid. warnings.warn(('Invalid uuid: %s. To ensure interoperability, '
2026-07-15 06:06:32.528 9 WARNING neutron.scheduler.dhcp_agent_scheduler [None req-83da060c-d143-4272-a2eb-8d95bfd2519a ec01fbb1ff604c51b40cdac707587ddb 0ffea061b8e54a3ab49f942312b09fb0 - - default default] No more DHCP agents
2026-07-15 06:06:32.530 10 INFO neutron.db.ovn_revision_numbers_db [None req-d56bf9dd-1cd1-47e5-8aad-378855954970 310ddb59c619482c84a3a98daa464733 a466c1261cd246e4b0f362a4f749508e - - default default] Successfully bumped revision number for resource c6d339a2-9a16-4c51-9e8a-fbefe831acfc (type: router_ports) to 2
2026-07-15 06:06:32.537 9 WARNING neutron.api.rpc.agentnotifiers.dhcp_rpc_agent_api [None req-83da060c-d143-4272-a2eb-8d95bfd2519a ec01fbb1ff604c51b40cdac707587ddb 0ffea061b8e54a3ab49f942312b09fb0 - - default default] Unable to schedule network e925b96d-2b40-464f-86e8-cc891e502cfb: no agents available; will retry on subsequent port and subnet creation events.
2026-07-15 06:06:32.568 10 INFO neutron.wsgi [None req-aa5a22c3-45a9-4753-a051-e5a324d0159e 5a6f147a0d7f4eb1939fdf2139829aaf ad5b1b4cddb4400fa4e77f16fe7c21dc - - default default] 10.0.0.193 "GET /v2.0/security-groups HTTP/1.1" status: 200 len: 2996 time: 0.0427306
2026-07-15 06:06:32.688 10 INFO neutron.db.ovn_revision_numbers_db [None req-d56bf9dd-1cd1-47e5-8aad-378855954970 310ddb59c619482c84a3a98daa464733 a466c1261cd246e4b0f362a4f749508e - - default default] Successfully bumped revision number for resource c6d339a2-9a16-4c51-9e8a-fbefe831acfc (type: ports) to 2
2026-07-15 06:06:32.866 9 INFO neutron.db.ovn_revision_numbers_db [None req-2052610e-e2e3-4021-9f7b-abd298d398dc - - - - - -] Successfully bumped revision number for resource c6d339a2-9a16-4c51-9e8a-fbefe831acfc (type: ports) to 3
2026-07-15 06:06:33.028 9 INFO neutron.db.ovn_revision_numbers_db [None req-2052610e-e2e3-4021-9f7b-abd298d398dc - - - - - -] Successfully bumped revision number for resource c6d339a2-9a16-4c51-9e8a-fbefe831acfc (type: router_ports) to 3
2026-07-15 06:06:33.085 9 INFO neutron.db.ovn_revision_numbers_db [None req-83da060c-d143-4272-a2eb-8d95bfd2519a ec01fbb1ff604c51b40cdac707587ddb 0ffea061b8e54a3ab49f942312b09fb0 - - default default] Successfully bumped revision number for resource 81160c6a-7190-4bf7-8e4e-af7ecc3d40d3 (type: ports) to 2
2026-07-15 06:06:33.129 9 INFO neutron.db.ovn_revision_numbers_db [None req-83da060c-d143-4272-a2eb-8d95bfd2519a ec01fbb1ff604c51b40cdac707587ddb 0ffea061b8e54a3ab49f942312b09fb0 - - default default] Successfully bumped revision number for resource 20f5abb4-d1ac-483b-88bb-993f285eec91 (type: subnets) to 0
2026-07-15 06:06:33.147 9 INFO neutron.wsgi [None req-83da060c-d143-4272-a2eb-8d95bfd2519a ec01fbb1ff604c51b40cdac707587ddb 0ffea061b8e54a3ab49f942312b09fb0 - - default default] 10.0.0.193 "POST /v2.0/subnets HTTP/1.1" status: 201 len: 1426 time: 1.8228168 /var/lib/openstack/lib/python3.10/site-packages/pycadf/identifier.py:71: UserWarning: Invalid uuid: neutron. To ensure interoperability, identifiers should be a valid uuid. warnings.warn(('Invalid uuid: %s. To ensure interoperability, '
2026-07-15 06:06:33.211 10 INFO neutron.wsgi [None req-a3dd5a04-2371-464d-ab00-3d8dd05f7916 ec01fbb1ff604c51b40cdac707587ddb 0ffea061b8e54a3ab49f942312b09fb0 - - default default] 10.0.0.193 "GET /v2.0/subnets HTTP/1.1" status: 200 len: 2034 time: 0.0569398
2026-07-15 06:06:33.264 10 INFO neutron.db.ovn_revision_numbers_db [None req-d56bf9dd-1cd1-47e5-8aad-378855954970 310ddb59c619482c84a3a98daa464733 a466c1261cd246e4b0f362a4f749508e - - default default] Successfully bumped revision number for resource c6d339a2-9a16-4c51-9e8a-fbefe831acfc (type: ports) to 3
2026-07-15 06:06:33.372 10 WARNING neutron.scheduler.dhcp_agent_scheduler [None req-d56bf9dd-1cd1-47e5-8aad-378855954970 310ddb59c619482c84a3a98daa464733 a466c1261cd246e4b0f362a4f749508e - - default default] No more DHCP agents
2026-07-15 06:06:33.373 10 WARNING neutron.api.rpc.agentnotifiers.dhcp_rpc_agent_api [None req-d56bf9dd-1cd1-47e5-8aad-378855954970 310ddb59c619482c84a3a98daa464733 a466c1261cd246e4b0f362a4f749508e - - default default] Unable to schedule network 93016235-7840-4405-a641-1d6888f148cc: no agents available; will retry on subsequent port and subnet creation events. /var/lib/openstack/lib/python3.10/site-packages/pycadf/identifier.py:71: UserWarning: Invalid uuid: neutron. To ensure interoperability, identifiers should be a valid uuid. warnings.warn(('Invalid uuid: %s. To ensure interoperability, '
2026-07-15 06:06:33.476 9 INFO neutron.wsgi [None req-58609d38-2b22-4ee5-b026-bff9971b56c3 b12c0261aabc4148a8d14edbab9a42f1 4faf39b8e0cd4b7f8a7fa5fe4a037441 - - default default] 10.0.0.193 "GET /v2.0/security-groups?tenant_id=ad5b1b4cddb4400fa4e77f16fe7c21dc&name=default HTTP/1.1" status: 200 len: 2996 time: 0.2606847
2026-07-15 06:06:33.663 9 INFO neutron.wsgi [None req-f9c3e179-8c60-4750-8260-7c72c55a45a6 b12c0261aabc4148a8d14edbab9a42f1 4faf39b8e0cd4b7f8a7fa5fe4a037441 - - default default] 10.0.0.193 "DELETE /v2.0/security-groups/c9809f33-4be2-44ab-8a59-6e5f3fabd686 HTTP/1.1" status: 204 len: 168 time: 0.1812313
2026-07-15 06:06:33.749 10 INFO neutron.wsgi [None req-c155f8af-4a64-48f8-886b-f0b06560425e ec01fbb1ff604c51b40cdac707587ddb 0ffea061b8e54a3ab49f942312b09fb0 - - default default] 10.0.0.193 "DELETE /v2.0/subnets/bf1a670f-3a7b-477f-a538-979000ef1d27 HTTP/1.1" status: 204 len: 168 time: 0.5338655
2026-07-15 06:06:33.862 10 INFO neutron.db.ovn_revision_numbers_db [None req-d56bf9dd-1cd1-47e5-8aad-378855954970 310ddb59c619482c84a3a98daa464733 a466c1261cd246e4b0f362a4f749508e - - default default] Successfully bumped revision number for resource c6d339a2-9a16-4c51-9e8a-fbefe831acfc (type: router_ports) to 3
2026-07-15 06:06:33.865 10 INFO neutron.wsgi [None req-d56bf9dd-1cd1-47e5-8aad-378855954970 310ddb59c619482c84a3a98daa464733 a466c1261cd246e4b0f362a4f749508e - - default default] 10.0.0.193 "PUT /v2.0/routers/49411347-2d46-48e3-8305-6d679605db88/add_router_interface HTTP/1.1" status: 200 len: 503 time: 1.7639103
2026-07-15 06:06:33.899 10 INFO neutron.wsgi [None req-5dc46c87-23ad-48de-9bd2-396c39f7b7cf 310ddb59c619482c84a3a98daa464733 a466c1261cd246e4b0f362a4f749508e - - default default] 10.0.0.193 "GET /v2.0/ports/c6d339a2-9a16-4c51-9e8a-fbefe831acfc HTTP/1.1" status: 200 len: 1216 time: 0.0296206
2026-07-15 06:06:33.975 9 INFO neutron.wsgi [None req-c2a79fe9-1498-4a25-8078-33a8eb7e50b1 ec01fbb1ff604c51b40cdac707587ddb 0ffea061b8e54a3ab49f942312b09fb0 - - default default] 10.0.0.193 "DELETE /v2.0/subnets/20f5abb4-d1ac-483b-88bb-993f285eec91 HTTP/1.1" status: 204 len: 168 time: 0.2208607
2026-07-15 06:06:34.015 9 INFO neutron.wsgi [None req-3f95027e-03be-4ba7-943c-2b246f27f5dd ec01fbb1ff604c51b40cdac707587ddb 0ffea061b8e54a3ab49f942312b09fb0 - - default default] 10.0.0.193 "GET /v2.0/subnets HTTP/1.1" status: 200 len: 820 time: 0.0354359
2026-07-15 06:06:34.130 9 INFO neutron.db.ovn_revision_numbers_db [None req-1a97be53-c20f-481e-bc7e-265edf91bd72 b12c0261aabc4148a8d14edbab9a42f1 4faf39b8e0cd4b7f8a7fa5fe4a037441 - - default default] Successfully bumped revision number for resource 8ed000a6-9478-4ac3-8ace-e4af9349f5b8 (type: security_groups) to 1
2026-07-15 06:06:34.156 9 INFO neutron.db.ovn_revision_numbers_db [None req-1a97be53-c20f-481e-bc7e-265edf91bd72 b12c0261aabc4148a8d14edbab9a42f1 4faf39b8e0cd4b7f8a7fa5fe4a037441 - - default default] Successfully bumped revision number for resource 2955f5c4-4e92-4993-8715-d9d890dd6659 (type: security_group_rules) to 0
2026-07-15 06:06:34.184 9 INFO neutron.db.ovn_revision_numbers_db [None req-1a97be53-c20f-481e-bc7e-265edf91bd72 b12c0261aabc4148a8d14edbab9a42f1 4faf39b8e0cd4b7f8a7fa5fe4a037441 - - default default] Successfully bumped revision number for resource 43693637-258a-4de6-a1dc-bf795d0ab3cd (type: security_group_rules) to 0
2026-07-15 06:06:34.209 9 INFO neutron.db.ovn_revision_numbers_db [None req-1a97be53-c20f-481e-bc7e-265edf91bd72 b12c0261aabc4148a8d14edbab9a42f1 4faf39b8e0cd4b7f8a7fa5fe4a037441 - - default default] Successfully bumped revision number for resource a30e0b69-d751-4529-ab69-9dcf3baededa (type: security_group_rules) to 0
2026-07-15 06:06:34.225 9 INFO neutron.db.ovn_revision_numbers_db [None req-1a97be53-c20f-481e-bc7e-265edf91bd72 b12c0261aabc4148a8d14edbab9a42f1 4faf39b8e0cd4b7f8a7fa5fe4a037441 - - default default] Successfully bumped revision number for resource a39dad03-4eb8-497d-84e9-9ed843f9532e (type: security_group_rules) to 0
2026-07-15 06:06:34.248 9 INFO neutron.wsgi [None req-1a97be53-c20f-481e-bc7e-265edf91bd72 b12c0261aabc4148a8d14edbab9a42f1 4faf39b8e0cd4b7f8a7fa5fe4a037441 - - default default] 10.0.0.193 "GET /v2.0/security-groups?tenant_id=8dce2b9e618b45a6a9a33ada54cfa43e&name=default HTTP/1.1" status: 200 len: 2996 time: 0.5383737
2026-07-15 06:06:34.458 10 INFO neutron.wsgi [None req-d637649d-a34c-42ae-bf42-e14230b4bf7b 310ddb59c619482c84a3a98daa464733 a466c1261cd246e4b0f362a4f749508e - - default default] 10.0.0.193 "PUT /v2.0/routers/49411347-2d46-48e3-8305-6d679605db88/remove_router_interface HTTP/1.1" status: 200 len: 503 time: 0.5533326 /var/lib/openstack/lib/python3.10/site-packages/pycadf/identifier.py:71: UserWarning: Invalid uuid: neutron. To ensure interoperability, identifiers should be a valid uuid. warnings.warn(('Invalid uuid: %s. To ensure interoperability, '
2026-07-15 06:06:34.518 10 INFO neutron.api.v2.resource [None req-3cf18497-2117-4534-ab4f-25aee03e0a16 310ddb59c619482c84a3a98daa464733 a466c1261cd246e4b0f362a4f749508e - - default default] remove_router_interface failed (client error): The resource could not be found.
2026-07-15 06:06:34.519 10 INFO neutron.wsgi [None req-3cf18497-2117-4534-ab4f-25aee03e0a16 310ddb59c619482c84a3a98daa464733 a466c1261cd246e4b0f362a4f749508e - - default default] 10.0.0.193 "PUT /v2.0/routers/49411347-2d46-48e3-8305-6d679605db88/remove_router_interface HTTP/1.1" status: 404 len: 398 time: 0.0550668
2026-07-15 06:06:34.546 10 INFO neutron.wsgi [None req-42d86572-de98-4f4e-9012-f0a62025c7b2 310ddb59c619482c84a3a98daa464733 a466c1261cd246e4b0f362a4f749508e - - default default] 10.0.0.193 "GET /v2.0/ports?device_id=49411347-2d46-48e3-8305-6d679605db88 HTTP/1.1" status: 200 len: 205 time: 0.0204070
2026-07-15 06:06:34.638 9 INFO neutron.services.segments.plugin [-] Segment 5762b899-aeda-423b-9a7e-e9690c57ff0e resource provider aggregate not found
2026-07-15 06:06:34.642 9 INFO neutron.services.segments.plugin [-] Segment 5762b899-aeda-423b-9a7e-e9690c57ff0e resource provider aggregate not found
2026-07-15 06:06:34.658 9 INFO neutron.services.segments.plugin [-] Segment 5762b899-aeda-423b-9a7e-e9690c57ff0e resource provider not found; error: Placement Client Error (4xx): {"errors": [{"status": 404, "title": "Not Found", "detail": "The resource could not be found.\n\n No resource provider with uuid 5762b899-aeda-423b-9a7e-e9690c57ff0e found for delete ", "request_id": "req-8eed8f8d-777b-497f-bb5f-b55baa566171"}]}
2026-07-15 06:06:34.660 9 INFO neutron.services.segments.plugin [-] Segment 5762b899-aeda-423b-9a7e-e9690c57ff0e resource provider not found; error: Placement Client Error (4xx): {"errors": [{"status": 404, "title": "Not Found", "detail": "The resource could not be found.\n\n No resource provider with uuid 5762b899-aeda-423b-9a7e-e9690c57ff0e found for delete ", "request_id": "req-edd64918-1235-4efe-b30d-7796c06aa3a1"}]}
2026-07-15 06:06:34.687 9 INFO neutron.wsgi [None req-e77579d5-ecdb-4041-aae1-552636825e78 ec01fbb1ff604c51b40cdac707587ddb 0ffea061b8e54a3ab49f942312b09fb0 - - default default] 10.0.0.193 "DELETE /v2.0/networks/e925b96d-2b40-464f-86e8-cc891e502cfb HTTP/1.1" status: 204 len: 168 time: 0.6629379
2026-07-15 06:06:34.744 9 INFO neutron.wsgi [None req-55e23f2e-f5ec-45ec-8b0c-f45b17f0100a b12c0261aabc4148a8d14edbab9a42f1 4faf39b8e0cd4b7f8a7fa5fe4a037441 - - default default] 10.0.0.193 "DELETE /v2.0/security-groups/8ed000a6-9478-4ac3-8ace-e4af9349f5b8 HTTP/1.1" status: 204 len: 168 time: 0.4917219
2026-07-15 06:06:34.748 10 INFO neutron.wsgi [None req-fb6d00f2-e98b-4e9e-ba73-abb82e260bd5 310ddb59c619482c84a3a98daa464733 a466c1261cd246e4b0f362a4f749508e - - default default] 10.0.0.193 "DELETE /v2.0/routers/49411347-2d46-48e3-8305-6d679605db88 HTTP/1.1" status: 204 len: 168 time: 0.1954124
2026-07-15 06:06:34.927 9 INFO neutron.wsgi [None req-30c5b3ff-76d1-4735-88eb-4a0a82b59ba8 310ddb59c619482c84a3a98daa464733 a466c1261cd246e4b0f362a4f749508e - - default default] 10.0.0.193 "DELETE /v2.0/subnets/150e18ed-7141-42ac-928b-5aaba885ffa0 HTTP/1.1" status: 204 len: 168 time: 0.1734302
2026-07-15 06:06:35.043 10 INFO neutron.services.segments.plugin [-] Segment 685b136d-cdc0-44b9-b676-ea460aa748b5 resource provider aggregate not found
2026-07-15 06:06:35.047 10 INFO neutron.services.segments.plugin [-] Segment 685b136d-cdc0-44b9-b676-ea460aa748b5 resource provider aggregate not found
2026-07-15 06:06:35.063 10 INFO neutron.services.segments.plugin [-] Segment 685b136d-cdc0-44b9-b676-ea460aa748b5 resource provider not found; error: Placement Client Error (4xx): {"errors": [{"status": 404, "title": "Not Found", "detail": "The resource could not be found.\n\n No resource provider with uuid 685b136d-cdc0-44b9-b676-ea460aa748b5 found for delete ", "request_id": "req-13570a96-da73-41af-bd57-f002d3244252"}]}
2026-07-15 06:06:35.064 10 INFO neutron.services.segments.plugin [-] Segment 685b136d-cdc0-44b9-b676-ea460aa748b5 resource provider not found; error: Placement Client Error (4xx): {"errors": [{"status": 404, "title": "Not Found", "detail": "The resource could not be found.\n\n No resource provider with uuid 685b136d-cdc0-44b9-b676-ea460aa748b5 found for delete ", "request_id": "req-4afb41f1-7d04-4fd8-a659-ef22c54a9ed7"}]}
2026-07-15 06:06:35.080 10 INFO neutron.wsgi [None req-faabcffe-4627-4ec9-a534-a61bed8bc01d ec01fbb1ff604c51b40cdac707587ddb 0ffea061b8e54a3ab49f942312b09fb0 - - default default] 10.0.0.193 "DELETE /v2.0/networks/02ee1491-4de5-4299-98dd-be9904399d68 HTTP/1.1" status: 204 len: 168 time: 0.3866067
2026-07-15 06:06:35.304 9 INFO neutron.wsgi [None req-475a79c9-e1a1-45f4-ba83-480aeffb9d3a 310ddb59c619482c84a3a98daa464733 a466c1261cd246e4b0f362a4f749508e - - default default] 10.0.0.193 "DELETE /v2.0/networks/93016235-7840-4405-a641-1d6888f148cc HTTP/1.1" status: 204 len: 168 time: 0.3719368
2026-07-15 06:06:35.431 10 INFO neutron.db.segments_db [None req-6cf27e93-7959-41e3-a805-69a6c1274ed4 310ddb59c619482c84a3a98daa464733 a466c1261cd246e4b0f362a4f749508e - - default default] Added segment 60ac55f6-0813-4999-aa5d-6a744f14cd95 of type geneve for network 375def86-0fdc-4c3f-ac41-2e61995f9550
2026-07-15 06:06:35.459 10 INFO neutron.wsgi [None req-704161db-abab-4393-aa1d-7c32c7c31221 ec01fbb1ff604c51b40cdac707587ddb 0ffea061b8e54a3ab49f942312b09fb0 - - default default] 10.0.0.193 "DELETE /v2.0/networks/8e6a83a5-817f-490b-b8c0-626f17561c50 HTTP/1.1" status: 204 len: 168 time: 0.3722408
2026-07-15 06:06:35.578 10 INFO neutron.db.ovn_revision_numbers_db [None req-6cf27e93-7959-41e3-a805-69a6c1274ed4 310ddb59c619482c84a3a98daa464733 a466c1261cd246e4b0f362a4f749508e - - default default] Successfully bumped revision number for resource 375def86-0fdc-4c3f-ac41-2e61995f9550 (type: networks) to 1
2026-07-15 06:06:35.766 10 WARNING neutron.scheduler.dhcp_agent_scheduler [None req-6cf27e93-7959-41e3-a805-69a6c1274ed4 310ddb59c619482c84a3a98daa464733 a466c1261cd246e4b0f362a4f749508e - - default default] No more DHCP agents
2026-07-15 06:06:35.771 10 WARNING neutron.api.rpc.agentnotifiers.dhcp_rpc_agent_api [None req-6cf27e93-7959-41e3-a805-69a6c1274ed4 310ddb59c619482c84a3a98daa464733 a466c1261cd246e4b0f362a4f749508e - - default default] Unable to schedule network 375def86-0fdc-4c3f-ac41-2e61995f9550: no agents available; will retry on subsequent port and subnet creation events.
2026-07-15 06:06:35.817 9 INFO neutron.wsgi [None req-70155e1c-9f60-4edf-b0e6-083c144e89c2 ec01fbb1ff604c51b40cdac707587ddb 0ffea061b8e54a3ab49f942312b09fb0 - - default default] 10.0.0.193 "DELETE /v2.0/networks/549463e1-5180-40ac-95c8-b9c6e60c9591 HTTP/1.1" status: 204 len: 168 time: 0.3495760
2026-07-15 06:06:35.849 10 INFO neutron.db.ovn_revision_numbers_db [None req-6cf27e93-7959-41e3-a805-69a6c1274ed4 310ddb59c619482c84a3a98daa464733 a466c1261cd246e4b0f362a4f749508e - - default default] Successfully bumped revision number for resource 2d30e10b-dcb6-4cdd-95c0-21453dc441bf (type: ports) to 1
2026-07-15 06:06:35.894 10 INFO neutron.wsgi [None req-6cf27e93-7959-41e3-a805-69a6c1274ed4 310ddb59c619482c84a3a98daa464733 a466c1261cd246e4b0f362a4f749508e - - default default] 10.0.0.193 "POST /v2.0/networks HTTP/1.1" status: 201 len: 830 time: 0.5803154
2026-07-15 06:06:36.089 9 INFO neutron.wsgi [-] 10.0.0.240 "GET / HTTP/1.1" status: 200 len: 246 time: 0.0013912
2026-07-15 06:06:36.091 9 INFO neutron.wsgi [-] 10.0.0.240 "GET / HTTP/1.1" status: 200 len: 246 time: 0.0009305
2026-07-15 06:06:36.143 10 WARNING neutron.scheduler.dhcp_agent_scheduler [None req-3ebda439-ebc3-4fb3-8cdc-ce857473dc94 310ddb59c619482c84a3a98daa464733 a466c1261cd246e4b0f362a4f749508e - - default default] No more DHCP agents
2026-07-15 06:06:36.144 10 WARNING neutron.api.rpc.agentnotifiers.dhcp_rpc_agent_api [None req-3ebda439-ebc3-4fb3-8cdc-ce857473dc94 310ddb59c619482c84a3a98daa464733 a466c1261cd246e4b0f362a4f749508e - - default default] Unable to schedule network 375def86-0fdc-4c3f-ac41-2e61995f9550: no agents available; will retry on subsequent port and subnet creation events.
2026-07-15 06:06:36.178 10 INFO neutron.db.ovn_revision_numbers_db [None req-3ebda439-ebc3-4fb3-8cdc-ce857473dc94 310ddb59c619482c84a3a98daa464733 a466c1261cd246e4b0f362a4f749508e - - default default] Successfully bumped revision number for resource b2bf1966-b3ab-4562-9f8c-3aa06451f8e2 (type: subnets) to 0
2026-07-15 06:06:36.195 10 INFO neutron.wsgi [None req-3ebda439-ebc3-4fb3-8cdc-ce857473dc94 310ddb59c619482c84a3a98daa464733 a466c1261cd246e4b0f362a4f749508e - - default default] 10.0.0.193 "POST /v2.0/subnets HTTP/1.1" status: 201 len: 821 time: 0.2956710
2026-07-15 06:06:36.369 10 INFO neutron.db.ovn_revision_numbers_db [None req-9664eddc-b111-4fd0-b5bc-a905c0e45b58 310ddb59c619482c84a3a98daa464733 a466c1261cd246e4b0f362a4f749508e - - default default] Successfully bumped revision number for resource 7cc140fb-3c8a-4550-a238-e776dc0b16b3 (type: routers) to 1
2026-07-15 06:06:36.381 10 INFO neutron.wsgi [None req-9664eddc-b111-4fd0-b5bc-a905c0e45b58 310ddb59c619482c84a3a98daa464733 a466c1261cd246e4b0f362a4f749508e - - default default] 10.0.0.193 "POST /v2.0/routers HTTP/1.1" status: 201 len: 691 time: 0.1769538
2026-07-15 06:06:36.416 9 INFO neutron.wsgi [None req-1be20084-5f47-4e9f-be32-572307d1878d b12c0261aabc4148a8d14edbab9a42f1 4faf39b8e0cd4b7f8a7fa5fe4a037441 - - default default] 10.0.0.193 "GET /v2.0/security-groups?tenant_id=0ffea061b8e54a3ab49f942312b09fb0&name=default HTTP/1.1" status: 200 len: 2996 time: 0.1449168
2026-07-15 06:06:36.626 9 INFO neutron.wsgi [None req-27933ea7-1807-4857-aa83-243508913387 b12c0261aabc4148a8d14edbab9a42f1 4faf39b8e0cd4b7f8a7fa5fe4a037441 - - default default] 10.0.0.193 "DELETE /v2.0/security-groups/c7ae8e3b-57db-4dca-9c5c-3b24adc289c5 HTTP/1.1" status: 204 len: 168 time: 0.2033379
2026-07-15 06:06:36.677 9 INFO neutron.services.segments.plugin [-] Segment 8d4f00e7-7f47-46ba-add8-396145d7273a resource provider aggregate not found
2026-07-15 06:06:36.686 9 INFO neutron.services.segments.plugin [-] Segment 8d4f00e7-7f47-46ba-add8-396145d7273a resource provider aggregate not found
2026-07-15 06:06:36.698 9 INFO neutron.services.segments.plugin [-] Segment 8d4f00e7-7f47-46ba-add8-396145d7273a resource provider not found; error: Placement Client Error (4xx): {"errors": [{"status": 404, "title": "Not Found", "detail": "The resource could not be found.\n\n No resource provider with uuid 8d4f00e7-7f47-46ba-add8-396145d7273a found for delete ", "request_id": "req-0e57e712-721e-4648-ba45-2cea6c8bd61e"}]}
2026-07-15 06:06:36.710 9 INFO neutron.services.segments.plugin [-] Segment 8d4f00e7-7f47-46ba-add8-396145d7273a resource provider not found; error: Placement Client Error (4xx): {"errors": [{"status": 404, "title": "Not Found", "detail": "The resource could not be found.\n\n No resource provider with uuid 8d4f00e7-7f47-46ba-add8-396145d7273a found for delete ", "request_id": "req-95867952-0a45-4053-ad43-7c8a6b23588f"}]}
2026-07-15 06:06:36.716 9 INFO neutron.services.segments.plugin [-] Segment c0c28e22-c6d6-4a6e-86e9-676f20850830 resource provider aggregate not found
2026-07-15 06:06:36.729 9 INFO neutron.services.segments.plugin [-] Segment c0c28e22-c6d6-4a6e-86e9-676f20850830 resource provider aggregate not found
2026-07-15 06:06:36.733 9 INFO neutron.services.segments.plugin [-] Segment c0c28e22-c6d6-4a6e-86e9-676f20850830 resource provider not found; error: Placement Client Error (4xx): {"errors": [{"status": 404, "title": "Not Found", "detail": "The resource could not be found.\n\n No resource provider with uuid c0c28e22-c6d6-4a6e-86e9-676f20850830 found for delete ", "request_id": "req-23bcb833-75c6-473a-a881-704f7444b713"}]}
2026-07-15 06:06:36.772 10 WARNING neutron.scheduler.dhcp_agent_scheduler [None req-0ddcf4b6-92d7-4f16-8354-16837b21f5d3 310ddb59c619482c84a3a98daa464733 a466c1261cd246e4b0f362a4f749508e - - default default] No more DHCP agents
2026-07-15 06:06:36.773 10 WARNING neutron.api.rpc.agentnotifiers.dhcp_rpc_agent_api [None req-0ddcf4b6-92d7-4f16-8354-16837b21f5d3 310ddb59c619482c84a3a98daa464733 a466c1261cd246e4b0f362a4f749508e - - default default] Unable to schedule network 375def86-0fdc-4c3f-ac41-2e61995f9550: no agents available; will retry on subsequent port and subnet creation events.
2026-07-15 06:06:36.801 9 INFO neutron.services.segments.plugin [-] Segment c0c28e22-c6d6-4a6e-86e9-676f20850830 resource provider not found; error: Placement Client Error (4xx): {"errors": [{"status": 404, "title": "Not Found", "detail": "The resource could not be found.\n\n No resource provider with uuid c0c28e22-c6d6-4a6e-86e9-676f20850830 found for delete ", "request_id": "req-b1aa8b6c-363f-4ec9-91d5-f31491aee385"}]}
2026-07-15 06:06:36.896 10 INFO neutron.db.ovn_revision_numbers_db [None req-0ddcf4b6-92d7-4f16-8354-16837b21f5d3 310ddb59c619482c84a3a98daa464733 a466c1261cd246e4b0f362a4f749508e - - default default] Successfully bumped revision number for resource 1096d101-58ad-4dcd-9ca0-195d7588e864 (type: ports) to 1
2026-07-15 06:06:37.087 10 INFO neutron.services.segments.plugin [-] Segment b56a0353-7ef6-4ada-99e9-0b86caecd162 resource provider aggregate not found
2026-07-15 06:06:37.092 10 INFO neutron.services.segments.plugin [-] Segment b56a0353-7ef6-4ada-99e9-0b86caecd162 resource provider aggregate not found
2026-07-15 06:06:37.103 10 INFO neutron.services.segments.plugin [-] Segment b56a0353-7ef6-4ada-99e9-0b86caecd162 resource provider not found; error: Placement Client Error (4xx): {"errors": [{"status": 404, "title": "Not Found", "detail": "The resource could not be found.\n\n No resource provider with uuid b56a0353-7ef6-4ada-99e9-0b86caecd162 found for delete ", "request_id": "req-b0b987d3-bff6-4f6d-88b3-f02a15a391bd"}]}
2026-07-15 06:06:37.105 10 INFO neutron.services.segments.plugin [-] Segment b56a0353-7ef6-4ada-99e9-0b86caecd162 resource provider not found; error: Placement Client Error (4xx): {"errors": [{"status": 404, "title": "Not Found", "detail": "The resource could not be found.\n\n No resource provider with uuid b56a0353-7ef6-4ada-99e9-0b86caecd162 found for delete ", "request_id": "req-17c4912d-c2a1-4a8a-8d0d-7839ef46fd9b"}]}
2026-07-15 06:06:37.278 10 INFO neutron.db.ovn_revision_numbers_db [None req-0ddcf4b6-92d7-4f16-8354-16837b21f5d3 310ddb59c619482c84a3a98daa464733 a466c1261cd246e4b0f362a4f749508e - - default default] Successfully bumped revision number for resource 1096d101-58ad-4dcd-9ca0-195d7588e864 (type: router_ports) to 1
2026-07-15 06:06:37.379 10 INFO neutron.db.ovn_revision_numbers_db [None req-0ddcf4b6-92d7-4f16-8354-16837b21f5d3 310ddb59c619482c84a3a98daa464733 a466c1261cd246e4b0f362a4f749508e - - default default] Successfully bumped revision number for resource 1096d101-58ad-4dcd-9ca0-195d7588e864 (type: ports) to 1
2026-07-15 06:06:37.436 10 WARNING neutron.scheduler.dhcp_agent_scheduler [None req-0ddcf4b6-92d7-4f16-8354-16837b21f5d3 310ddb59c619482c84a3a98daa464733 a466c1261cd246e4b0f362a4f749508e - - default default] No more DHCP agents
2026-07-15 06:06:37.438 10 WARNING neutron.api.rpc.agentnotifiers.dhcp_rpc_agent_api [None req-0ddcf4b6-92d7-4f16-8354-16837b21f5d3 310ddb59c619482c84a3a98daa464733 a466c1261cd246e4b0f362a4f749508e - - default default] Unable to schedule network 375def86-0fdc-4c3f-ac41-2e61995f9550: no agents available; will retry on subsequent port and subnet creation events.
2026-07-15 06:06:37.635 10 INFO neutron.db.ovn_revision_numbers_db [None req-0ddcf4b6-92d7-4f16-8354-16837b21f5d3 310ddb59c619482c84a3a98daa464733 a466c1261cd246e4b0f362a4f749508e - - default default] Successfully bumped revision number for resource 1096d101-58ad-4dcd-9ca0-195d7588e864 (type: router_ports) to 1
2026-07-15 06:06:37.638 10 INFO neutron.wsgi [None req-0ddcf4b6-92d7-4f16-8354-16837b21f5d3 310ddb59c619482c84a3a98daa464733 a466c1261cd246e4b0f362a4f749508e - - default default] 10.0.0.193 "PUT /v2.0/routers/7cc140fb-3c8a-4550-a238-e776dc0b16b3/add_router_interface HTTP/1.1" status: 200 len: 503 time: 1.2533417
2026-07-15 06:06:37.673 10 INFO neutron.wsgi [None req-95ae373e-1a65-45b4-bbe8-4867c66b17eb 310ddb59c619482c84a3a98daa464733 a466c1261cd246e4b0f362a4f749508e - - default default] 10.0.0.193 "GET /v2.0/ports/1096d101-58ad-4dcd-9ca0-195d7588e864 HTTP/1.1" status: 200 len: 1139 time: 0.0307539
2026-07-15 06:06:37.708 10 INFO neutron.wsgi [None req-3cae87c6-a3cd-48f7-9fa6-3e55540596be 310ddb59c619482c84a3a98daa464733 a466c1261cd246e4b0f362a4f749508e - - default default] 10.0.0.193 "GET /v2.0/ports/1096d101-58ad-4dcd-9ca0-195d7588e864 HTTP/1.1" status: 200 len: 1139 time: 0.0302739
2026-07-15 06:06:38.352 9 WARNING neutron.plugins.ml2.drivers.ovn.mech_driver.ovsdb.ovn_client [None req-2052610e-e2e3-4021-9f7b-abd298d398dc - - - - - -] No port found with ID c6d339a2-9a16-4c51-9e8a-fbefe831acfc: RuntimeError: No port found with ID c6d339a2-9a16-4c51-9e8a-fbefe831acfc
2026-07-15 06:06:38.352 9 INFO neutron.plugins.ml2.drivers.ovn.mech_driver.mech_driver [None req-2052610e-e2e3-4021-9f7b-abd298d398dc - - - - - -] OVN reports status up for port: 1096d101-58ad-4dcd-9ca0-195d7588e864
2026-07-15 06:06:38.362 9 INFO neutron.plugins.ml2.plugin [None req-2052610e-e2e3-4021-9f7b-abd298d398dc - - - - - -] Attempt 1 to provision port 1096d101-58ad-4dcd-9ca0-195d7588e864
2026-07-15 06:06:38.706 9 INFO neutron.db.ovn_revision_numbers_db [None req-2052610e-e2e3-4021-9f7b-abd298d398dc - - - - - -] Successfully bumped revision number for resource 1096d101-58ad-4dcd-9ca0-195d7588e864 (type: ports) to 2
2026-07-15 06:06:38.758 10 INFO neutron.wsgi [None req-d9db4610-5887-4902-b2fe-f5dce1c08148 310ddb59c619482c84a3a98daa464733 a466c1261cd246e4b0f362a4f749508e - - default default] 10.0.0.193 "GET /v2.0/ports/1096d101-58ad-4dcd-9ca0-195d7588e864 HTTP/1.1" status: 200 len: 1141 time: 0.0416422
2026-07-15 06:06:38.764 10 INFO neutron.db.ovn_revision_numbers_db [None req-cf7242c2-5788-4c96-b210-0444cd4d7b4e 1c13845ddeae4addabdb4005fbf389a6 d924baa34c7d44aebf9db90b5e2b3594 - - default default] Successfully bumped revision number for resource b6d58f60-b860-4dae-b97b-b499bfee78c7 (type: security_groups) to 1
2026-07-15 06:06:38.805 10 INFO neutron.db.ovn_revision_numbers_db [None req-cf7242c2-5788-4c96-b210-0444cd4d7b4e 1c13845ddeae4addabdb4005fbf389a6 d924baa34c7d44aebf9db90b5e2b3594 - - default default] Successfully bumped revision number for resource 29b3ab2b-1a1d-45e3-91a0-b2982b76fd7e (type: security_group_rules) to 0
2026-07-15 06:06:38.848 9 INFO neutron.db.ovn_revision_numbers_db [None req-2052610e-e2e3-4021-9f7b-abd298d398dc - - - - - -] Successfully bumped revision number for resource 1096d101-58ad-4dcd-9ca0-195d7588e864 (type: router_ports) to 2
2026-07-15 06:06:39.087 10 INFO neutron.db.ovn_revision_numbers_db [None req-cf7242c2-5788-4c96-b210-0444cd4d7b4e 1c13845ddeae4addabdb4005fbf389a6 d924baa34c7d44aebf9db90b5e2b3594 - - default default] Successfully bumped revision number for resource 712734e8-8cc7-485f-9d11-25b6edbd9921 (type: security_group_rules) to 0
2026-07-15 06:06:39.106 10 INFO neutron.db.ovn_revision_numbers_db [None req-cf7242c2-5788-4c96-b210-0444cd4d7b4e 1c13845ddeae4addabdb4005fbf389a6 d924baa34c7d44aebf9db90b5e2b3594 - - default default] Successfully bumped revision number for resource 80a8bd06-16c9-4fa3-9851-e5da8ed0611d (type: security_group_rules) to 0
2026-07-15 06:06:39.128 10 INFO neutron.db.ovn_revision_numbers_db [None req-cf7242c2-5788-4c96-b210-0444cd4d7b4e 1c13845ddeae4addabdb4005fbf389a6 d924baa34c7d44aebf9db90b5e2b3594 - - default default] Successfully bumped revision number for resource f0a379d1-e3fe-4fc6-a2f0-084a63488cd1 (type: security_group_rules) to 0
2026-07-15 06:06:39.208 10 INFO neutron.db.segments_db [None req-cf7242c2-5788-4c96-b210-0444cd4d7b4e 1c13845ddeae4addabdb4005fbf389a6 d924baa34c7d44aebf9db90b5e2b3594 - - default default] Added segment bdaabffb-d810-49ac-a158-4935b8f53e4e of type geneve for network 0293285a-63c3-4ba5-a6a4-07362f14ade8
2026-07-15 06:06:39.389 10 INFO neutron.db.ovn_revision_numbers_db [None req-cf7242c2-5788-4c96-b210-0444cd4d7b4e 1c13845ddeae4addabdb4005fbf389a6 d924baa34c7d44aebf9db90b5e2b3594 - - default default] Successfully bumped revision number for resource 0293285a-63c3-4ba5-a6a4-07362f14ade8 (type: networks) to 1
2026-07-15 06:06:39.579 10 WARNING neutron.scheduler.dhcp_agent_scheduler [None req-cf7242c2-5788-4c96-b210-0444cd4d7b4e 1c13845ddeae4addabdb4005fbf389a6 d924baa34c7d44aebf9db90b5e2b3594 - - default default] No more DHCP agents
2026-07-15 06:06:39.587 10 WARNING neutron.api.rpc.agentnotifiers.dhcp_rpc_agent_api [None req-cf7242c2-5788-4c96-b210-0444cd4d7b4e 1c13845ddeae4addabdb4005fbf389a6 d924baa34c7d44aebf9db90b5e2b3594 - - default default] Unable to schedule network 0293285a-63c3-4ba5-a6a4-07362f14ade8: no agents available; will retry on subsequent port and subnet creation events.
2026-07-15 06:06:39.691 9 INFO neutron.db.ovn_revision_numbers_db [None req-e522120d-74ef-4a9b-8d6d-a6aa3f942ab7 b12c0261aabc4148a8d14edbab9a42f1 4faf39b8e0cd4b7f8a7fa5fe4a037441 - - default default] Successfully bumped revision number for resource 8750138b-bdd5-4c16-9609-d8a4093d03ae (type: security_groups) to 1
2026-07-15 06:06:39.712 9 INFO neutron.db.ovn_revision_numbers_db [None req-e522120d-74ef-4a9b-8d6d-a6aa3f942ab7 b12c0261aabc4148a8d14edbab9a42f1 4faf39b8e0cd4b7f8a7fa5fe4a037441 - - default default] Successfully bumped revision number for resource 03607ace-7644-498b-956b-3f82c4a2f229 (type: security_group_rules) to 0
2026-07-15 06:06:39.729 9 INFO neutron.db.ovn_revision_numbers_db [None req-e522120d-74ef-4a9b-8d6d-a6aa3f942ab7 b12c0261aabc4148a8d14edbab9a42f1 4faf39b8e0cd4b7f8a7fa5fe4a037441 - - default default] Successfully bumped revision number for resource 0fc5c44a-c267-4605-9538-3f7df758e3a9 (type: security_group_rules) to 0
2026-07-15 06:06:39.738 10 INFO neutron.db.ovn_revision_numbers_db [None req-cf7242c2-5788-4c96-b210-0444cd4d7b4e 1c13845ddeae4addabdb4005fbf389a6 d924baa34c7d44aebf9db90b5e2b3594 - - default default] Successfully bumped revision number for resource 6a62f3bb-66c5-4515-9130-37ce095d6d64 (type: ports) to 1
2026-07-15 06:06:39.750 9 INFO neutron.db.ovn_revision_numbers_db [None req-e522120d-74ef-4a9b-8d6d-a6aa3f942ab7 b12c0261aabc4148a8d14edbab9a42f1 4faf39b8e0cd4b7f8a7fa5fe4a037441 - - default default] Successfully bumped revision number for resource 101b7973-9670-4ff0-b101-1723d097e2dd (type: security_group_rules) to 0
2026-07-15 06:06:39.764 9 INFO neutron.db.ovn_revision_numbers_db [None req-e522120d-74ef-4a9b-8d6d-a6aa3f942ab7 b12c0261aabc4148a8d14edbab9a42f1 4faf39b8e0cd4b7f8a7fa5fe4a037441 - - default default] Successfully bumped revision number for resource 2722e5a2-041d-41fe-9205-eb53807636d1 (type: security_group_rules) to 0
2026-07-15 06:06:39.782 10 INFO neutron.wsgi [None req-baeb79d8-c32b-455a-8c74-1b2b097bac09 310ddb59c619482c84a3a98daa464733 a466c1261cd246e4b0f362a4f749508e - - default default] 10.0.0.193 "PUT /v2.0/routers/7cc140fb-3c8a-4550-a238-e776dc0b16b3/remove_router_interface HTTP/1.1" status: 200 len: 503 time: 1.0200486
2026-07-15 06:06:39.786 9 INFO neutron.wsgi [None req-e522120d-74ef-4a9b-8d6d-a6aa3f942ab7 b12c0261aabc4148a8d14edbab9a42f1 4faf39b8e0cd4b7f8a7fa5fe4a037441 - - default default] 10.0.0.193 "GET /v2.0/security-groups?tenant_id=9cb4d95a9daf44448cdd7f3c20da8bcb&name=default HTTP/1.1" status: 200 len: 2996 time: 0.4711387
2026-07-15 06:06:39.788 10 INFO neutron.wsgi [None req-cf7242c2-5788-4c96-b210-0444cd4d7b4e 1c13845ddeae4addabdb4005fbf389a6 d924baa34c7d44aebf9db90b5e2b3594 - - default default] 10.0.0.193 "POST /v2.0/networks HTTP/1.1" status: 201 len: 847 time: 1.3760777 /var/lib/openstack/lib/python3.10/site-packages/pycadf/identifier.py:71: UserWarning: Invalid uuid: neutron. To ensure interoperability, identifiers should be a valid uuid. warnings.warn(('Invalid uuid: %s. To ensure interoperability, '
2026-07-15 06:06:39.807 9 INFO neutron.wsgi [None req-00a939a9-81f5-45ea-9b1f-2503ea181be7 310ddb59c619482c84a3a98daa464733 a466c1261cd246e4b0f362a4f749508e - - default default] 10.0.0.193 "GET /v2.0/ports?device_id=7cc140fb-3c8a-4550-a238-e776dc0b16b3 HTTP/1.1" status: 200 len: 205 time: 0.0179932
2026-07-15 06:06:39.974 10 INFO neutron.wsgi [None req-43a49b74-42d4-4121-b7df-b8945aaaa411 b12c0261aabc4148a8d14edbab9a42f1 4faf39b8e0cd4b7f8a7fa5fe4a037441 - - default default] 10.0.0.193 "DELETE /v2.0/security-groups/8750138b-bdd5-4c16-9609-d8a4093d03ae HTTP/1.1" status: 204 len: 168 time: 0.1819091
2026-07-15 06:06:40.058 9 INFO neutron.wsgi [None req-fb45ea85-8cdf-4158-aca7-01f94a8aea94 310ddb59c619482c84a3a98daa464733 a466c1261cd246e4b0f362a4f749508e - - default default] 10.0.0.193 "DELETE /v2.0/routers/7cc140fb-3c8a-4550-a238-e776dc0b16b3 HTTP/1.1" status: 204 len: 168 time: 0.2455871
2026-07-15 06:06:40.175 9 WARNING neutron.scheduler.dhcp_agent_scheduler [None req-95af6348-d463-48fc-8b04-ab9113acec3f 1c13845ddeae4addabdb4005fbf389a6 d924baa34c7d44aebf9db90b5e2b3594 - - default default] No more DHCP agents
2026-07-15 06:06:40.181 9 WARNING neutron.api.rpc.agentnotifiers.dhcp_rpc_agent_api [None req-95af6348-d463-48fc-8b04-ab9113acec3f 1c13845ddeae4addabdb4005fbf389a6 d924baa34c7d44aebf9db90b5e2b3594 - - default default] Unable to schedule network 0293285a-63c3-4ba5-a6a4-07362f14ade8: no agents available; will retry on subsequent port and subnet creation events.
2026-07-15 06:06:40.307 10 INFO neutron.db.ovn_revision_numbers_db [None req-47c9a52c-6a80-402c-be5f-7744fe631005 b12c0261aabc4148a8d14edbab9a42f1 4faf39b8e0cd4b7f8a7fa5fe4a037441 - - default default] Successfully bumped revision number for resource fea788aa-b31d-4ac0-9674-48f066e078ed (type: security_groups) to 1
2026-07-15 06:06:40.307 9 INFO neutron.db.ovn_revision_numbers_db [None req-95af6348-d463-48fc-8b04-ab9113acec3f 1c13845ddeae4addabdb4005fbf389a6 d924baa34c7d44aebf9db90b5e2b3594 - - default default] Successfully bumped revision number for resource 52c45c5d-42f7-478d-9522-a9f3d1c196b7 (type: ports) to 1
2026-07-15 06:06:40.320 10 INFO neutron.db.ovn_revision_numbers_db [None req-47c9a52c-6a80-402c-be5f-7744fe631005 b12c0261aabc4148a8d14edbab9a42f1 4faf39b8e0cd4b7f8a7fa5fe4a037441 - - default default] Successfully bumped revision number for resource 0fe270dd-782a-4417-939d-01b5ac02307e (type: security_group_rules) to 0
2026-07-15 06:06:40.332 9 INFO neutron.wsgi [None req-95af6348-d463-48fc-8b04-ab9113acec3f 1c13845ddeae4addabdb4005fbf389a6 d924baa34c7d44aebf9db90b5e2b3594 - - default default] 10.0.0.193 "POST /v2.0/ports HTTP/1.1" status: 201 len: 977 time: 0.5371869
2026-07-15 06:06:40.344 9 INFO neutron.wsgi [None req-fb0c2b5d-be83-48ed-9bf5-765098f91e3b 310ddb59c619482c84a3a98daa464733 a466c1261cd246e4b0f362a4f749508e - - default default] 10.0.0.193 "DELETE /v2.0/subnets/b2bf1966-b3ab-4562-9f8c-3aa06451f8e2 HTTP/1.1" status: 204 len: 168 time: 0.2808430
2026-07-15 06:06:40.345 10 INFO neutron.db.ovn_revision_numbers_db [None req-47c9a52c-6a80-402c-be5f-7744fe631005 b12c0261aabc4148a8d14edbab9a42f1 4faf39b8e0cd4b7f8a7fa5fe4a037441 - - default default] Successfully bumped revision number for resource 89319890-de04-4afc-a381-40a150dffbcb (type: security_group_rules) to 0 /var/lib/openstack/lib/python3.10/site-packages/pycadf/identifier.py:71: UserWarning: Invalid uuid: neutron. To ensure interoperability, identifiers should be a valid uuid. warnings.warn(('Invalid uuid: %s. To ensure interoperability, '
2026-07-15 06:06:40.363 10 INFO neutron.db.ovn_revision_numbers_db [None req-47c9a52c-6a80-402c-be5f-7744fe631005 b12c0261aabc4148a8d14edbab9a42f1 4faf39b8e0cd4b7f8a7fa5fe4a037441 - - default default] Successfully bumped revision number for resource 91cc10dc-c9cd-478d-81c9-cc154ccce9ef (type: security_group_rules) to 0
2026-07-15 06:06:40.381 10 INFO neutron.db.ovn_revision_numbers_db [None req-47c9a52c-6a80-402c-be5f-7744fe631005 b12c0261aabc4148a8d14edbab9a42f1 4faf39b8e0cd4b7f8a7fa5fe4a037441 - - default default] Successfully bumped revision number for resource bab898d5-8e7a-4370-a55d-f1ee90903996 (type: security_group_rules) to 0
2026-07-15 06:06:40.398 10 INFO neutron.wsgi [None req-47c9a52c-6a80-402c-be5f-7744fe631005 b12c0261aabc4148a8d14edbab9a42f1 4faf39b8e0cd4b7f8a7fa5fe4a037441 - - default default] 10.0.0.193 "GET /v2.0/security-groups?tenant_id=5ba1c321836a4ed79fa3ef9971b3216e&name=default HTTP/1.1" status: 200 len: 2996 time: 0.2201729
2026-07-15 06:06:40.423 10 INFO neutron.db.segments_db [None req-688cf942-c5a4-4bdf-a751-3fefc5be398c 1c13845ddeae4addabdb4005fbf389a6 d924baa34c7d44aebf9db90b5e2b3594 - - default default] Added segment 4802b4cd-44a9-49db-b65b-87f975a070a0 of type geneve for network d3da0d0e-d6b0-416a-bd0c-c90139075481
2026-07-15 06:06:40.565 10 INFO neutron.db.ovn_revision_numbers_db [None req-688cf942-c5a4-4bdf-a751-3fefc5be398c 1c13845ddeae4addabdb4005fbf389a6 d924baa34c7d44aebf9db90b5e2b3594 - - default default] Successfully bumped revision number for resource d3da0d0e-d6b0-416a-bd0c-c90139075481 (type: networks) to 1
