2026-07-15 06:06:23.498 9 INFO neutron.db.ovn_revision_numbers_db [None req-aaa5ac04-c30a-44ed-8317-5c746458e027 ec01fbb1ff604c51b40cdac707587ddb 0ffea061b8e54a3ab49f942312b09fb0 - - default default] Successfully bumped revision number for resource b4b467ce-f887-4fce-9d15-fd19fe5b9242 (type: networks) to 1
2026-07-15 06:06:23.507 9 INFO neutron.wsgi [req-b564c0c3-2027-4a60-b42c-9bfad1d3222b req-5ca47c6b-dbbd-4cf8-bb12-8627cd83390b 433fc69e25394f2098f4ad681f099f43 7a12ee3054c946599065086e3da85397 - - default default] 199.204.45.153 "GET /v2.0/ports?device_id=412a9bd1-8899-4c9a-a298-c39934f792e0 HTTP/1.1" status: 200 len: 1170 time: 0.0403745
2026-07-15 06:06:23.780 9 WARNING neutron.scheduler.dhcp_agent_scheduler [None req-aaa5ac04-c30a-44ed-8317-5c746458e027 ec01fbb1ff604c51b40cdac707587ddb 0ffea061b8e54a3ab49f942312b09fb0 - - default default] No more DHCP agents
2026-07-15 06:06:23.783 9 WARNING neutron.api.rpc.agentnotifiers.dhcp_rpc_agent_api [None req-aaa5ac04-c30a-44ed-8317-5c746458e027 ec01fbb1ff604c51b40cdac707587ddb 0ffea061b8e54a3ab49f942312b09fb0 - - default default] Unable to schedule network b4b467ce-f887-4fce-9d15-fd19fe5b9242: no agents available; will retry on subsequent port and subnet creation events.
2026-07-15 06:06:23.811 10 INFO neutron.wsgi [req-aa55c4e7-bef4-4949-ae66-f430d9d5debf req-64f2e459-8fd7-4b25-b64b-060d1d7b6bd1 5ddb7c26a91f4aee83815da130d7fc8c 642a17d38a284a24b594effabaf0fd35 - - 2d0863a0ba5346be999fbb03d6fa654f 2d0863a0ba5346be999fbb03d6fa654f] 199.204.45.153 "GET /v2.0/networks/65ff35c0-f598-46f7-8e7b-1943b343b70d?fields=provider%3Aphysical_network&fields=provider%3Anetwork_type HTTP/1.1" status: 200 len: 277 time: 0.5142813
2026-07-15 06:06:23.921 9 INFO neutron.db.ovn_revision_numbers_db [None req-aaa5ac04-c30a-44ed-8317-5c746458e027 ec01fbb1ff604c51b40cdac707587ddb 0ffea061b8e54a3ab49f942312b09fb0 - - default default] Successfully bumped revision number for resource fbeb3e3f-eaa9-444b-83a1-71825d1a637d (type: ports) to 1
2026-07-15 06:06:23.939 9 INFO neutron.db.l3_db [req-b564c0c3-2027-4a60-b42c-9bfad1d3222b req-de7b41c4-05fa-46f9-bbe0-7bb8065709c0 433fc69e25394f2098f4ad681f099f43 7a12ee3054c946599065086e3da85397 - - default default] Floating IP 987d7ba1-7262-4b76-8b71-03328cc78d29 disassociated. External IP: 10.96.250.202, port: 3ddb72f7-6ec5-4222-b327-b33a0cb32b0d.
2026-07-15 06:06:23.959 9 INFO neutron.wsgi [None req-aaa5ac04-c30a-44ed-8317-5c746458e027 ec01fbb1ff604c51b40cdac707587ddb 0ffea061b8e54a3ab49f942312b09fb0 - - default default] 10.0.0.193 "POST /v2.0/networks HTTP/1.1" status: 201 len: 1443 time: 2.2834175 /var/lib/openstack/lib/python3.10/site-packages/pycadf/identifier.py:71: UserWarning: Invalid uuid: neutron. To ensure interoperability, identifiers should be a valid uuid. warnings.warn(('Invalid uuid: %s. To ensure interoperability, '
2026-07-15 06:06:24.010 10 INFO neutron.wsgi [None req-ef535904-3552-465e-841d-3bc2fd755bae 3e3a9eb92178438a8edbe46f1fbe5860 44c227ab03b541e7887d7736432c0334 - - default default] 10.0.0.193 "PUT /v2.0/routers/de1c9b6f-5ea8-4382-8c5a-bcc0acd3b22f/remove_router_interface HTTP/1.1" status: 200 len: 503 time: 1.7955563
2026-07-15 06:06:24.099 10 INFO neutron.wsgi [None req-dac5e691-923d-4c29-a139-b82271247918 ec01fbb1ff604c51b40cdac707587ddb 0ffea061b8e54a3ab49f942312b09fb0 - - default default] 10.0.0.193 "GET /v2.0/networks HTTP/1.1" status: 200 len: 2049 time: 0.1165988
2026-07-15 06:06:24.236 9 INFO neutron.wsgi [req-b564c0c3-2027-4a60-b42c-9bfad1d3222b req-de7b41c4-05fa-46f9-bbe0-7bb8065709c0 433fc69e25394f2098f4ad681f099f43 7a12ee3054c946599065086e3da85397 - - default default] 199.204.45.153 "DELETE /v2.0/ports/3ddb72f7-6ec5-4222-b327-b33a0cb32b0d HTTP/1.1" status: 204 len: 173 time: 0.7253537
2026-07-15 06:06:24.364 9 INFO neutron.wsgi [req-07be4e68-afcf-4d4e-a239-79faa893cd22 req-d090ba6b-f3d6-4f7d-a0b5-5327b6b268dd 433fc69e25394f2098f4ad681f099f43 7a12ee3054c946599065086e3da85397 - - default default] 10.0.0.185 "GET /v2.0/ports?device_id=412a9bd1-8899-4c9a-a298-c39934f792e0 HTTP/1.1" status: 200 len: 210 time: 0.0223303
2026-07-15 06:06:24.534 10 WARNING neutron.scheduler.dhcp_agent_scheduler [None req-47625726-e044-49ff-8ea2-b7acf43dda91 310ddb59c619482c84a3a98daa464733 a466c1261cd246e4b0f362a4f749508e - - default default] No more DHCP agents
2026-07-15 06:06:24.536 10 WARNING neutron.api.rpc.agentnotifiers.dhcp_rpc_agent_api [None req-47625726-e044-49ff-8ea2-b7acf43dda91 310ddb59c619482c84a3a98daa464733 a466c1261cd246e4b0f362a4f749508e - - default default] Unable to schedule network b728b61b-0eda-4ca5-846c-c489615e9397: no agents available; will retry on subsequent port and subnet creation events.
2026-07-15 06:06:24.676 10 INFO neutron.db.ovn_revision_numbers_db [None req-47625726-e044-49ff-8ea2-b7acf43dda91 310ddb59c619482c84a3a98daa464733 a466c1261cd246e4b0f362a4f749508e - - default default] Successfully bumped revision number for resource 75280952-21dd-4c51-84bf-5a98f76f50d8 (type: ports) to 1
2026-07-15 06:06:24.743 10 INFO neutron.services.segments.plugin [-] Segment 09d1c1b4-d2d3-4206-bc7e-da826c126483 resource provider aggregate not found
2026-07-15 06:06:24.749 10 INFO neutron.services.segments.plugin [-] Segment 09d1c1b4-d2d3-4206-bc7e-da826c126483 resource provider aggregate not found
2026-07-15 06:06:24.755 9 INFO neutron.notifiers.nova [-] Nova event matching ['req-d4e61ad5-66d8-4950-a121-53fbca426b07'] response: {'server_uuid': '412a9bd1-8899-4c9a-a298-c39934f792e0', 'name': 'network-vif-deleted', 'tag': '3ddb72f7-6ec5-4222-b327-b33a0cb32b0d', 'status': 'completed', 'code': 200}
2026-07-15 06:06:24.760 10 INFO neutron.services.segments.plugin [-] Segment 09d1c1b4-d2d3-4206-bc7e-da826c126483 resource provider not found; error: Placement Client Error (4xx): {"errors": [{"status": 404, "title": "Not Found", "detail": "The resource could not be found.\n\n No resource provider with uuid 09d1c1b4-d2d3-4206-bc7e-da826c126483 found for delete ", "request_id": "req-3afafdda-1238-47f5-b435-9d304a10bd85"}]}
2026-07-15 06:06:24.774 9 INFO neutron.wsgi [None req-52e9a215-a5ea-422a-9130-92a34af69aae 3e3a9eb92178438a8edbe46f1fbe5860 44c227ab03b541e7887d7736432c0334 - - default default] 10.0.0.193 "DELETE /v2.0/routers/de1c9b6f-5ea8-4382-8c5a-bcc0acd3b22f HTTP/1.1" status: 204 len: 168 time: 0.7586648
2026-07-15 06:06:24.783 10 INFO neutron.services.segments.plugin [-] Segment 09d1c1b4-d2d3-4206-bc7e-da826c126483 resource provider not found; error: Placement Client Error (4xx): {"errors": [{"status": 404, "title": "Not Found", "detail": "The resource could not be found.\n\n No resource provider with uuid 09d1c1b4-d2d3-4206-bc7e-da826c126483 found for delete ", "request_id": "req-34437fe8-5ac9-4833-8c07-3985cf556ead"}]}
2026-07-15 06:06:24.800 10 INFO neutron.wsgi [None req-5cc0fd59-b615-40c4-aff7-311a00ea2ef0 ec01fbb1ff604c51b40cdac707587ddb 0ffea061b8e54a3ab49f942312b09fb0 - - default default] 10.0.0.193 "DELETE /v2.0/networks/fc37a8c3-783e-4787-aacc-f92f88ea6a7e HTTP/1.1" status: 204 len: 168 time: 0.6934547
2026-07-15 06:06:25.030 9 INFO neutron.wsgi [None req-2dbd7e96-847e-4fbc-ac7f-32755891d8a3 3e3a9eb92178438a8edbe46f1fbe5860 44c227ab03b541e7887d7736432c0334 - - default default] 10.0.0.193 "DELETE /v2.0/subnets/9a87ffdb-f58e-4ba8-b308-ac3f93b03771 HTTP/1.1" status: 204 len: 168 time: 0.2486880
2026-07-15 06:06:25.162 10 INFO neutron.db.ovn_revision_numbers_db [None req-47625726-e044-49ff-8ea2-b7acf43dda91 310ddb59c619482c84a3a98daa464733 a466c1261cd246e4b0f362a4f749508e - - default default] Successfully bumped revision number for resource 75280952-21dd-4c51-84bf-5a98f76f50d8 (type: router_ports) to 1
2026-07-15 06:06:25.264 10 INFO neutron.db.ovn_revision_numbers_db [None req-47625726-e044-49ff-8ea2-b7acf43dda91 310ddb59c619482c84a3a98daa464733 a466c1261cd246e4b0f362a4f749508e - - default default] Successfully bumped revision number for resource 75280952-21dd-4c51-84bf-5a98f76f50d8 (type: ports) to 1
2026-07-15 06:06:25.269 9 INFO neutron.plugins.ml2.drivers.ovn.mech_driver.mech_driver [None req-2052610e-e2e3-4021-9f7b-abd298d398dc - - - - - -] OVN reports status up for port: 75280952-21dd-4c51-84bf-5a98f76f50d8
2026-07-15 06:06:25.289 9 INFO neutron.plugins.ml2.plugin [None req-2052610e-e2e3-4021-9f7b-abd298d398dc - - - - - -] Attempt 1 to provision port 75280952-21dd-4c51-84bf-5a98f76f50d8
2026-07-15 06:06:25.340 10 WARNING neutron.scheduler.dhcp_agent_scheduler [None req-47625726-e044-49ff-8ea2-b7acf43dda91 310ddb59c619482c84a3a98daa464733 a466c1261cd246e4b0f362a4f749508e - - default default] No more DHCP agents
2026-07-15 06:06:25.341 10 WARNING neutron.api.rpc.agentnotifiers.dhcp_rpc_agent_api [None req-47625726-e044-49ff-8ea2-b7acf43dda91 310ddb59c619482c84a3a98daa464733 a466c1261cd246e4b0f362a4f749508e - - default default] Unable to schedule network b728b61b-0eda-4ca5-846c-c489615e9397: no agents available; will retry on subsequent port and subnet creation events.
2026-07-15 06:06:25.538 10 INFO neutron.db.ovn_revision_numbers_db [None req-47625726-e044-49ff-8ea2-b7acf43dda91 310ddb59c619482c84a3a98daa464733 a466c1261cd246e4b0f362a4f749508e - - default default] Successfully bumped revision number for resource 75280952-21dd-4c51-84bf-5a98f76f50d8 (type: router_ports) to 1
2026-07-15 06:06:25.540 10 INFO neutron.wsgi [None req-47625726-e044-49ff-8ea2-b7acf43dda91 310ddb59c619482c84a3a98daa464733 a466c1261cd246e4b0f362a4f749508e - - default default] 10.0.0.193 "PUT /v2.0/routers/a556151a-17a9-43bd-bc41-428734e8f1bf/add_router_interface HTTP/1.1" status: 200 len: 503 time: 2.2544622
2026-07-15 06:06:25.573 9 INFO neutron.services.segments.plugin [-] Segment 2834f3d1-337c-4cd3-88ac-21ac27b5c8ae resource provider aggregate not found
2026-07-15 06:06:25.577 10 INFO neutron.wsgi [None req-12ead8f1-f1cc-4a6e-809d-cfc2741e07aa 310ddb59c619482c84a3a98daa464733 a466c1261cd246e4b0f362a4f749508e - - default default] 10.0.0.193 "GET /v2.0/ports/75280952-21dd-4c51-84bf-5a98f76f50d8 HTTP/1.1" status: 200 len: 1149 time: 0.0313027
2026-07-15 06:06:25.582 9 INFO neutron.services.segments.plugin [-] Segment 2834f3d1-337c-4cd3-88ac-21ac27b5c8ae resource provider aggregate not found
2026-07-15 06:06:25.603 9 INFO neutron.services.segments.plugin [-] Segment 2834f3d1-337c-4cd3-88ac-21ac27b5c8ae resource provider not found; error: Placement Client Error (4xx): {"errors": [{"status": 404, "title": "Not Found", "detail": "The resource could not be found.\n\n No resource provider with uuid 2834f3d1-337c-4cd3-88ac-21ac27b5c8ae found for delete ", "request_id": "req-d561395b-778a-4463-be8a-bfa65d35d33b"}]}
2026-07-15 06:06:25.606 9 INFO neutron.services.segments.plugin [-] Segment 2834f3d1-337c-4cd3-88ac-21ac27b5c8ae resource provider not found; error: Placement Client Error (4xx): {"errors": [{"status": 404, "title": "Not Found", "detail": "The resource could not be found.\n\n No resource provider with uuid 2834f3d1-337c-4cd3-88ac-21ac27b5c8ae found for delete ", "request_id": "req-ad547c08-7237-4929-98b3-3c8e7bb693fa"}]}
2026-07-15 06:06:25.610 10 INFO neutron.wsgi [None req-7c25df68-ea15-4f3b-b067-96f4b74fd135 310ddb59c619482c84a3a98daa464733 a466c1261cd246e4b0f362a4f749508e - - default default] 10.0.0.193 "GET /v2.0/ports/75280952-21dd-4c51-84bf-5a98f76f50d8 HTTP/1.1" status: 200 len: 1149 time: 0.0286708
2026-07-15 06:06:25.639 10 INFO neutron.wsgi [None req-1ff47544-765d-42df-87a5-2a9ea9542828 433fc69e25394f2098f4ad681f099f43 7a12ee3054c946599065086e3da85397 - - default default] 10.0.0.193 "DELETE /v2.0/security-groups/86ffec33-7036-42ff-83af-de5c2101dc91 HTTP/1.1" status: 204 len: 168 time: 0.1878026
2026-07-15 06:06:25.659 9 INFO neutron.wsgi [None req-8a3d7e47-4dc9-4669-ac56-44e1b92442a8 ec01fbb1ff604c51b40cdac707587ddb 0ffea061b8e54a3ab49f942312b09fb0 - - default default] 10.0.0.193 "DELETE /v2.0/networks/b4b467ce-f887-4fce-9d15-fd19fe5b9242 HTTP/1.1" status: 204 len: 168 time: 0.8523600
2026-07-15 06:06:25.662 9 INFO neutron.api.v2.resource [None req-5cc70784-0610-4a71-b7ee-6b32d1092368 433fc69e25394f2098f4ad681f099f43 7a12ee3054c946599065086e3da85397 - - default default] show failed (client error): The resource could not be found.
2026-07-15 06:06:25.663 9 INFO neutron.wsgi [None req-5cc70784-0610-4a71-b7ee-6b32d1092368 433fc69e25394f2098f4ad681f099f43 7a12ee3054c946599065086e3da85397 - - default default] 10.0.0.193 "GET /v2.0/security-groups/86ffec33-7036-42ff-83af-de5c2101dc91 HTTP/1.1" status: 404 len: 347 time: 0.0188937
2026-07-15 06:06:25.745 10 INFO neutron.wsgi [None req-2900bebf-7d64-455d-9eb6-6ff7960fd8df ec01fbb1ff604c51b40cdac707587ddb 0ffea061b8e54a3ab49f942312b09fb0 - - default default] 10.0.0.193 "GET /v2.0/networks HTTP/1.1" status: 200 len: 845 time: 0.0793428
2026-07-15 06:06:25.868 9 INFO neutron.db.ovn_revision_numbers_db [None req-2052610e-e2e3-4021-9f7b-abd298d398dc - - - - - -] Successfully bumped revision number for resource 75280952-21dd-4c51-84bf-5a98f76f50d8 (type: ports) to 2
2026-07-15 06:06:25.927 9 INFO neutron.db.segments_db [None req-b0d9a12e-98cd-4a22-afe9-e809fca6e0a5 ec01fbb1ff604c51b40cdac707587ddb 0ffea061b8e54a3ab49f942312b09fb0 - - default default] Added segment c0c28e22-c6d6-4a6e-86e9-676f20850830 of type geneve for network 549463e1-5180-40ac-95c8-b9c6e60c9591
2026-07-15 06:06:26.056 9 INFO neutron.wsgi [None req-443d2220-4e42-49c2-a67f-88e5c5779257 3e3a9eb92178438a8edbe46f1fbe5860 44c227ab03b541e7887d7736432c0334 - - default default] 10.0.0.193 "DELETE /v2.0/networks/199fc109-7c27-412a-bc84-ca4a614d33a5 HTTP/1.1" status: 204 len: 168 time: 1.0201714
2026-07-15 06:06:26.087 9 ERROR neutron_lib.callbacks.manager [None req-2052610e-e2e3-4021-9f7b-abd298d398dc - - - - - -] Error during notification for neutron.services.ovn_l3.plugin.OVNL3RouterPlugin._port_update-8771848987213 port, after_update: neutron.db.ovn_revision_numbers_db.StandardAttributeIDNotFound: Standard attribute ID not found for 75280952-21dd-4c51-84bf-5a98f76f50d8
2026-07-15 06:06:26.087 9 ERROR neutron_lib.callbacks.manager
Traceback (most recent call last):
2026-07-15 06:06:26.087 9 ERROR neutron_lib.callbacks.manager
File "/var/lib/openstack/lib/python3.10/site-packages/neutron/db/ovn_revision_numbers_db.py", line 100, in _get_standard_attr_id
2026-07-15 06:06:26.087 9 ERROR neutron_lib.callbacks.manager id=resource_uuid).one()
2026-07-15 06:06:26.087 9 ERROR neutron_lib.callbacks.manager
File "/var/lib/openstack/lib/python3.10/site-packages/sqlalchemy/orm/query.py", line 2869, in one
2026-07-15 06:06:26.087 9 ERROR neutron_lib.callbacks.manager return self._iter().one()
2026-07-15 06:06:26.087 9 ERROR neutron_lib.callbacks.manager
File "/var/lib/openstack/lib/python3.10/site-packages/sqlalchemy/engine/result.py", line 1476, in one
2026-07-15 06:06:26.087 9 ERROR neutron_lib.callbacks.manager return self._only_one_row(
2026-07-15 06:06:26.087 9 ERROR neutron_lib.callbacks.manager
File "/var/lib/openstack/lib/python3.10/site-packages/sqlalchemy/engine/result.py", line 562, in _only_one_row
2026-07-15 06:06:26.087 9 ERROR neutron_lib.callbacks.manager raise exc.NoResultFound(
2026-07-15 06:06:26.087 9 ERROR neutron_lib.callbacks.manager sqlalchemy.exc.NoResultFound: No row was found when one was required
2026-07-15 06:06:26.087 9 ERROR neutron_lib.callbacks.manager
2026-07-15 06:06:26.087 9 ERROR neutron_lib.callbacks.manager During handling of the above exception, another exception occurred:
2026-07-15 06:06:26.087 9 ERROR neutron_lib.callbacks.manager
2026-07-15 06:06:26.087 9 ERROR neutron_lib.callbacks.manager
Traceback (most recent call last):
2026-07-15 06:06:26.087 9 ERROR neutron_lib.callbacks.manager
File "/var/lib/openstack/lib/python3.10/site-packages/neutron_lib/callbacks/manager.py", line 189, in _notify_loop
2026-07-15 06:06:26.087 9 ERROR neutron_lib.callbacks.manager callback.method(resource, event, trigger, payload=payload)
2026-07-15 06:06:26.087 9 ERROR neutron_lib.callbacks.manager
File "/var/lib/openstack/lib/python3.10/site-packages/neutron/services/ovn_l3/plugin.py", line 533, in _port_update
2026-07-15 06:06:26.087 9 ERROR neutron_lib.callbacks.manager l3plugin._ovn_client.update_router_port(context,
2026-07-15 06:06:26.087 9 ERROR neutron_lib.callbacks.manager
File "/var/lib/openstack/lib/python3.10/site-packages/neutron/plugins/ml2/drivers/ovn/mech_driver/ovsdb/ovn_client.py", line 1796, in update_router_port
2026-07-15 06:06:26.087 9 ERROR neutron_lib.callbacks.manager db_rev.bump_revision(
2026-07-15 06:06:26.087 9 ERROR neutron_lib.callbacks.manager
File "/var/lib/openstack/lib/python3.10/site-packages/neutron_lib/db/api.py", line 226, in wrapped
2026-07-15 06:06:26.087 9 ERROR neutron_lib.callbacks.manager return f_with_retry(*args, **kwargs,
2026-07-15 06:06:26.087 9 ERROR neutron_lib.callbacks.manager
File "/var/lib/openstack/lib/python3.10/site-packages/neutron_lib/db/api.py", line 140, in wrapped
2026-07-15 06:06:26.087 9 ERROR neutron_lib.callbacks.manager with excutils.save_and_reraise_exception():
2026-07-15 06:06:26.087 9 ERROR neutron_lib.callbacks.manager
File "/var/lib/openstack/lib/python3.10/site-packages/oslo_utils/excutils.py", line 227, in __exit__
2026-07-15 06:06:26.087 9 ERROR neutron_lib.callbacks.manager self.force_reraise()
2026-07-15 06:06:26.087 9 ERROR neutron_lib.callbacks.manager
File "/var/lib/openstack/lib/python3.10/site-packages/oslo_utils/excutils.py", line 200, in force_reraise
2026-07-15 06:06:26.087 9 ERROR neutron_lib.callbacks.manager raise self.value
2026-07-15 06:06:26.087 9 ERROR neutron_lib.callbacks.manager
File "/var/lib/openstack/lib/python3.10/site-packages/neutron_lib/db/api.py", line 138, in wrapped
2026-07-15 06:06:26.087 9 ERROR neutron_lib.callbacks.manager return f(*args, **kwargs)
2026-07-15 06:06:26.087 9 ERROR neutron_lib.callbacks.manager
File "/var/lib/openstack/lib/python3.10/site-packages/oslo_db/api.py", line 144, in wrapper
2026-07-15 06:06:26.087 9 ERROR neutron_lib.callbacks.manager with excutils.save_and_reraise_exception() as ectxt:
2026-07-15 06:06:26.087 9 ERROR neutron_lib.callbacks.manager
File "/var/lib/openstack/lib/python3.10/site-packages/oslo_utils/excutils.py", line 227, in __exit__
2026-07-15 06:06:26.087 9 ERROR neutron_lib.callbacks.manager self.force_reraise()
2026-07-15 06:06:26.087 9 ERROR neutron_lib.callbacks.manager
File "/var/lib/openstack/lib/python3.10/site-packages/oslo_utils/excutils.py", line 200, in force_reraise
2026-07-15 06:06:26.087 9 ERROR neutron_lib.callbacks.manager raise self.value
2026-07-15 06:06:26.087 9 ERROR neutron_lib.callbacks.manager
File "/var/lib/openstack/lib/python3.10/site-packages/oslo_db/api.py", line 142, in wrapper
2026-07-15 06:06:26.087 9 ERROR neutron_lib.callbacks.manager return f(*args, **kwargs)
2026-07-15 06:06:26.087 9 ERROR neutron_lib.callbacks.manager
File "/var/lib/openstack/lib/python3.10/site-packages/neutron_lib/db/api.py", line 186, in wrapped
2026-07-15 06:06:26.087 9 ERROR neutron_lib.callbacks.manager with excutils.save_and_reraise_exception():
2026-07-15 06:06:26.087 9 ERROR neutron_lib.callbacks.manager
File "/var/lib/openstack/lib/python3.10/site-packages/oslo_utils/excutils.py", line 227, in __exit__
2026-07-15 06:06:26.087 9 ERROR neutron_lib.callbacks.manager self.force_reraise()
2026-07-15 06:06:26.087 9 ERROR neutron_lib.callbacks.manager
File "/var/lib/openstack/lib/python3.10/site-packages/oslo_utils/excutils.py", line 200, in force_reraise
2026-07-15 06:06:26.087 9 ERROR neutron_lib.callbacks.manager raise self.value
2026-07-15 06:06:26.087 9 ERROR neutron_lib.callbacks.manager
File "/var/lib/openstack/lib/python3.10/site-packages/neutron_lib/db/api.py", line 184, in wrapped
2026-07-15 06:06:26.087 9 ERROR neutron_lib.callbacks.manager return f(*dup_args, **dup_kwargs)
2026-07-15 06:06:26.087 9 ERROR neutron_lib.callbacks.manager
File "/var/lib/openstack/lib/python3.10/site-packages/neutron/db/ovn_revision_numbers_db.py", line 186, in bump_revision
2026-07-15 06:06:26.087 9 ERROR neutron_lib.callbacks.manager std_attr_id = _get_standard_attr_id(context, resource['id'],
2026-07-15 06:06:26.087 9 ERROR neutron_lib.callbacks.manager
File "/var/lib/openstack/lib/python3.10/site-packages/neutron/db/ovn_revision_numbers_db.py", line 103, in _get_standard_attr_id
2026-07-15 06:06:26.087 9 ERROR neutron_lib.callbacks.manager raise StandardAttributeIDNotFound(resource_uuid=resource_uuid)
2026-07-15 06:06:26.087 9 ERROR neutron_lib.callbacks.manager neutron.db.ovn_revision_numbers_db.StandardAttributeIDNotFound: Standard attribute ID not found for 75280952-21dd-4c51-84bf-5a98f76f50d8
2026-07-15 06:06:26.087 9 ERROR neutron_lib.callbacks.manager 
2026-07-15 06:06:26.209 9 INFO neutron.db.ovn_revision_numbers_db [None req-b0d9a12e-98cd-4a22-afe9-e809fca6e0a5 ec01fbb1ff604c51b40cdac707587ddb 0ffea061b8e54a3ab49f942312b09fb0 - - default default] Successfully bumped revision number for resource 549463e1-5180-40ac-95c8-b9c6e60c9591 (type: networks) to 1
2026-07-15 06:06:26.361 9 INFO neutron.wsgi [None req-fd095e82-74b8-4d68-a419-3ba6828b0cbd 433fc69e25394f2098f4ad681f099f43 7a12ee3054c946599065086e3da85397 - - default default] 10.0.0.193 "DELETE /v2.0/floatingips/987d7ba1-7262-4b76-8b71-03328cc78d29 HTTP/1.1" status: 204 len: 168 time: 0.6869020
2026-07-15 06:06:26.434 9 WARNING neutron.scheduler.dhcp_agent_scheduler [None req-b0d9a12e-98cd-4a22-afe9-e809fca6e0a5 ec01fbb1ff604c51b40cdac707587ddb 0ffea061b8e54a3ab49f942312b09fb0 - - default default] No more DHCP agents
2026-07-15 06:06:26.438 9 WARNING neutron.api.rpc.agentnotifiers.dhcp_rpc_agent_api [None req-b0d9a12e-98cd-4a22-afe9-e809fca6e0a5 ec01fbb1ff604c51b40cdac707587ddb 0ffea061b8e54a3ab49f942312b09fb0 - - default default] Unable to schedule network 549463e1-5180-40ac-95c8-b9c6e60c9591: no agents available; will retry on subsequent port and subnet creation events.
2026-07-15 06:06:26.538 9 INFO neutron.db.ovn_revision_numbers_db [None req-b0d9a12e-98cd-4a22-afe9-e809fca6e0a5 ec01fbb1ff604c51b40cdac707587ddb 0ffea061b8e54a3ab49f942312b09fb0 - - default default] Successfully bumped revision number for resource df15b88f-00bb-4f0c-99df-f02b11a68cc9 (type: ports) to 1
2026-07-15 06:06:26.570 9 INFO neutron.wsgi [None req-b0d9a12e-98cd-4a22-afe9-e809fca6e0a5 ec01fbb1ff604c51b40cdac707587ddb 0ffea061b8e54a3ab49f942312b09fb0 - - default default] 10.0.0.193 "POST /v2.0/networks HTTP/1.1" status: 201 len: 849 time: 0.8157191
2026-07-15 06:06:26.614 10 INFO neutron.wsgi [None req-4cb21202-8185-4bfb-b908-9228e65ff073 310ddb59c619482c84a3a98daa464733 a466c1261cd246e4b0f362a4f749508e - - default default] 10.0.0.193 "PUT /v2.0/routers/a556151a-17a9-43bd-bc41-428734e8f1bf/remove_router_interface HTTP/1.1" status: 200 len: 503 time: 0.9847496 /var/lib/openstack/lib/python3.10/site-packages/pycadf/identifier.py:71: UserWarning: Invalid uuid: neutron. To ensure interoperability, identifiers should be a valid uuid. warnings.warn(('Invalid uuid: %s. To ensure interoperability, '
2026-07-15 06:06:26.683 9 INFO neutron.db.segments_db [None req-d1e0367a-cb94-4def-9a52-b91e51469178 ec01fbb1ff604c51b40cdac707587ddb 0ffea061b8e54a3ab49f942312b09fb0 - - default default] Added segment b56a0353-7ef6-4ada-99e9-0b86caecd162 of type geneve for network 8e6a83a5-817f-490b-b8c0-626f17561c50
2026-07-15 06:06:26.725 10 INFO neutron.wsgi [None req-8c332651-d052-467c-82d7-81046e1435f4 310ddb59c619482c84a3a98daa464733 a466c1261cd246e4b0f362a4f749508e - - default default] 10.0.0.193 "GET /v2.0/ports/4de990b6-228c-4169-afae-ad570c30e055 HTTP/1.1" status: 200 len: 1141 time: 0.1006634
2026-07-15 06:06:26.901 10 INFO neutron.wsgi [None req-57fd7cad-3b1e-4eb8-aa4b-4b93c2841f8b b12c0261aabc4148a8d14edbab9a42f1 4faf39b8e0cd4b7f8a7fa5fe4a037441 - - default default] 10.0.0.193 "GET /v2.0/security-groups?tenant_id=44c227ab03b541e7887d7736432c0334&name=default HTTP/1.1" status: 200 len: 2996 time: 0.1496131
2026-07-15 06:06:26.932 9 INFO neutron.db.ovn_revision_numbers_db [None req-d1e0367a-cb94-4def-9a52-b91e51469178 ec01fbb1ff604c51b40cdac707587ddb 0ffea061b8e54a3ab49f942312b09fb0 - - default default] Successfully bumped revision number for resource 8e6a83a5-817f-490b-b8c0-626f17561c50 (type: networks) to 1
2026-07-15 06:06:27.105 10 INFO neutron.wsgi [None req-c5d8ed17-ba09-49c3-9978-6203b34de79b b12c0261aabc4148a8d14edbab9a42f1 4faf39b8e0cd4b7f8a7fa5fe4a037441 - - default default] 10.0.0.193 "DELETE /v2.0/security-groups/362a7632-9d1c-413d-bdd7-e8ebec758d9a HTTP/1.1" status: 204 len: 168 time: 0.1987147
2026-07-15 06:06:27.237 9 WARNING neutron.scheduler.dhcp_agent_scheduler [None req-d1e0367a-cb94-4def-9a52-b91e51469178 ec01fbb1ff604c51b40cdac707587ddb 0ffea061b8e54a3ab49f942312b09fb0 - - default default] No more DHCP agents
2026-07-15 06:06:27.242 9 WARNING neutron.api.rpc.agentnotifiers.dhcp_rpc_agent_api [None req-d1e0367a-cb94-4def-9a52-b91e51469178 ec01fbb1ff604c51b40cdac707587ddb 0ffea061b8e54a3ab49f942312b09fb0 - - default default] Unable to schedule network 8e6a83a5-817f-490b-b8c0-626f17561c50: no agents available; will retry on subsequent port and subnet creation events.
2026-07-15 06:06:27.652 9 INFO neutron.services.segments.plugin [-] Segment abccb900-f46e-4190-9520-67c83b3ba518 resource provider aggregate not found
2026-07-15 06:06:27.656 9 INFO neutron.services.segments.plugin [-] Segment abccb900-f46e-4190-9520-67c83b3ba518 resource provider aggregate not found
2026-07-15 06:06:27.692 9 INFO neutron.services.segments.plugin [-] Segment abccb900-f46e-4190-9520-67c83b3ba518 resource provider not found; error: Placement Client Error (4xx): {"errors": [{"status": 404, "title": "Not Found", "detail": "The resource could not be found.\n\n No resource provider with uuid abccb900-f46e-4190-9520-67c83b3ba518 found for delete ", "request_id": "req-a248ee31-caaa-4299-a0b7-74ec35756387"}]}
2026-07-15 06:06:27.694 9 INFO neutron.services.segments.plugin [-] Segment abccb900-f46e-4190-9520-67c83b3ba518 resource provider not found; error: Placement Client Error (4xx): {"errors": [{"status": 404, "title": "Not Found", "detail": "The resource could not be found.\n\n No resource provider with uuid abccb900-f46e-4190-9520-67c83b3ba518 found for delete ", "request_id": "req-71ba0b06-e562-4e0d-8548-4e728b8177ed"}]}
2026-07-15 06:06:27.722 9 INFO neutron.db.ovn_revision_numbers_db [None req-d1e0367a-cb94-4def-9a52-b91e51469178 ec01fbb1ff604c51b40cdac707587ddb 0ffea061b8e54a3ab49f942312b09fb0 - - default default] Successfully bumped revision number for resource fce40f63-8fb5-4295-b0bb-8e801b0ca38f (type: ports) to 1
2026-07-15 06:06:27.768 9 INFO neutron.wsgi [None req-d1e0367a-cb94-4def-9a52-b91e51469178 ec01fbb1ff604c51b40cdac707587ddb 0ffea061b8e54a3ab49f942312b09fb0 - - default default] 10.0.0.193 "POST /v2.0/networks HTTP/1.1" status: 201 len: 848 time: 1.1890032
2026-07-15 06:06:28.060 9 INFO neutron.wsgi [None req-48aca0b5-533d-48cf-857b-de14106ddb58 310ddb59c619482c84a3a98daa464733 a466c1261cd246e4b0f362a4f749508e - - default default] 10.0.0.193 "PUT /v2.0/routers/a556151a-17a9-43bd-bc41-428734e8f1bf/remove_router_interface HTTP/1.1" status: 200 len: 503 time: 1.3279490 /var/lib/openstack/lib/python3.10/site-packages/pycadf/identifier.py:71: UserWarning: Invalid uuid: neutron. To ensure interoperability, identifiers should be a valid uuid. warnings.warn(('Invalid uuid: %s. To ensure interoperability, '
2026-07-15 06:06:28.090 9 INFO neutron.wsgi [None req-8a4f7dfe-713b-4739-a3fc-3a99bf071b0f 310ddb59c619482c84a3a98daa464733 a466c1261cd246e4b0f362a4f749508e - - default default] 10.0.0.193 "GET /v2.0/ports?device_id=a556151a-17a9-43bd-bc41-428734e8f1bf HTTP/1.1" status: 200 len: 205 time: 0.0236979
2026-07-15 06:06:28.138 9 INFO neutron.wsgi [None req-f9d4a26d-b057-4119-a76d-f71da9d2c7fc b12c0261aabc4148a8d14edbab9a42f1 4faf39b8e0cd4b7f8a7fa5fe4a037441 - - default default] 10.0.0.193 "PUT /v2.0/routers/7f88cb8f-7981-4c0d-85af-bc2d3f9a439d/remove_router_interface HTTP/1.1" status: 200 len: 503 time: 1.7649224 /var/lib/openstack/lib/python3.10/site-packages/pycadf/identifier.py:71: UserWarning: Invalid uuid: neutron. To ensure interoperability, identifiers should be a valid uuid. warnings.warn(('Invalid uuid: %s. To ensure interoperability, '
2026-07-15 06:06:28.321 10 INFO neutron.wsgi [None req-134f0cbe-94d3-4902-9264-41f36c418c3b 310ddb59c619482c84a3a98daa464733 a466c1261cd246e4b0f362a4f749508e - - default default] 10.0.0.193 "DELETE /v2.0/routers/a556151a-17a9-43bd-bc41-428734e8f1bf HTTP/1.1" status: 204 len: 168 time: 0.2254872
2026-07-15 06:06:28.556 10 INFO neutron.wsgi [None req-28e357ad-8f6c-402a-abe3-39cdf7d296b6 310ddb59c619482c84a3a98daa464733 a466c1261cd246e4b0f362a4f749508e - - default default] 10.0.0.193 "DELETE /v2.0/subnets/c7b07cbe-13f4-4ed3-af99-a9a776ff0cdd HTTP/1.1" status: 204 len: 168 time: 0.2305095
2026-07-15 06:06:28.596 9 WARNING neutron.scheduler.dhcp_agent_scheduler [None req-3bd721fa-fb48-431e-8f44-15cfb32fcef0 ec01fbb1ff604c51b40cdac707587ddb 0ffea061b8e54a3ab49f942312b09fb0 - - default default] No more DHCP agents
2026-07-15 06:06:28.600 9 WARNING neutron.api.rpc.agentnotifiers.dhcp_rpc_agent_api [None req-3bd721fa-fb48-431e-8f44-15cfb32fcef0 ec01fbb1ff604c51b40cdac707587ddb 0ffea061b8e54a3ab49f942312b09fb0 - - default default] Unable to schedule network 549463e1-5180-40ac-95c8-b9c6e60c9591: no agents available; will retry on subsequent port and subnet creation events.
2026-07-15 06:06:28.740 9 INFO neutron.db.ovn_revision_numbers_db [None req-3bd721fa-fb48-431e-8f44-15cfb32fcef0 ec01fbb1ff604c51b40cdac707587ddb 0ffea061b8e54a3ab49f942312b09fb0 - - default default] Successfully bumped revision number for resource cf0074ec-e599-44b1-accd-7032fde33893 (type: ports) to 1
2026-07-15 06:06:28.775 10 INFO neutron.wsgi [None req-a25a76e6-ec7b-46e3-8867-e6ee02eb9c1d 310ddb59c619482c84a3a98daa464733 a466c1261cd246e4b0f362a4f749508e - - default default] 10.0.0.193 "DELETE /v2.0/subnets/0243ffa6-0632-4d3c-8784-c9be1697c63a HTTP/1.1" status: 204 len: 168 time: 0.2148404
2026-07-15 06:06:28.781 9 WARNING neutron.scheduler.dhcp_agent_scheduler [None req-3bd721fa-fb48-431e-8f44-15cfb32fcef0 ec01fbb1ff604c51b40cdac707587ddb 0ffea061b8e54a3ab49f942312b09fb0 - - default default] No more DHCP agents
2026-07-15 06:06:28.784 9 WARNING neutron.api.rpc.agentnotifiers.dhcp_rpc_agent_api [None req-3bd721fa-fb48-431e-8f44-15cfb32fcef0 ec01fbb1ff604c51b40cdac707587ddb 0ffea061b8e54a3ab49f942312b09fb0 - - default default] Unable to schedule network 8e6a83a5-817f-490b-b8c0-626f17561c50: no agents available; will retry on subsequent port and subnet creation events.
2026-07-15 06:06:28.902 9 INFO neutron.db.ovn_revision_numbers_db [None req-3bd721fa-fb48-431e-8f44-15cfb32fcef0 ec01fbb1ff604c51b40cdac707587ddb 0ffea061b8e54a3ab49f942312b09fb0 - - default default] Successfully bumped revision number for resource a38658c2-4a98-41eb-b915-da37877682e8 (type: ports) to 1
2026-07-15 06:06:28.986 9 INFO neutron.wsgi [None req-3bd721fa-fb48-431e-8f44-15cfb32fcef0 ec01fbb1ff604c51b40cdac707587ddb 0ffea061b8e54a3ab49f942312b09fb0 - - default default] 10.0.0.193 "POST /v2.0/ports HTTP/1.1" status: 201 len: 1706 time: 1.2109284 /var/lib/openstack/lib/python3.10/site-packages/pycadf/identifier.py:71: UserWarning: Invalid uuid: neutron. To ensure interoperability, identifiers should be a valid uuid. warnings.warn(('Invalid uuid: %s. To ensure interoperability, '
2026-07-15 06:06:29.045 9 INFO neutron.wsgi [None req-a221cd53-25bd-4e0c-a083-221bad0e31a2 b12c0261aabc4148a8d14edbab9a42f1 4faf39b8e0cd4b7f8a7fa5fe4a037441 - - default default] 10.0.0.193 "DELETE /v2.0/routers/7f88cb8f-7981-4c0d-85af-bc2d3f9a439d HTTP/1.1" status: 204 len: 168 time: 0.8991458
2026-07-15 06:06:29.074 10 WARNING neutron.plugins.ml2.drivers.ovn.mech_driver.ovsdb.ovn_client [None req-075daebd-3661-410b-84e4-7c0e99986985 - - - - - -] No port found with ID 4de990b6-228c-4169-afae-ad570c30e055: RuntimeError: No port found with ID 4de990b6-228c-4169-afae-ad570c30e055
2026-07-15 06:06:29.075 10 INFO neutron.plugins.ml2.drivers.ovn.mech_driver.mech_driver [None req-075daebd-3661-410b-84e4-7c0e99986985 - - - - - -] OVN reports status down for port: 3ddb72f7-6ec5-4222-b327-b33a0cb32b0d
2026-07-15 06:06:29.186 9 INFO neutron.wsgi [None req-63d0e9ee-0718-44ea-806a-b472ea3da22b ec01fbb1ff604c51b40cdac707587ddb 0ffea061b8e54a3ab49f942312b09fb0 - - default default] 10.0.0.193 "GET /v2.0/ports HTTP/1.1" status: 200 len: 3213 time: 0.1922464 /var/lib/openstack/lib/python3.10/site-packages/pycadf/identifier.py:71: UserWarning: Invalid uuid: neutron. To ensure interoperability, identifiers should be a valid uuid. warnings.warn(('Invalid uuid: %s. To ensure interoperability, '
2026-07-15 06:06:29.256 10 INFO neutron.services.segments.plugin [-] Segment 92338b06-dbe5-487b-ae1f-081d10942d44 resource provider aggregate not found
2026-07-15 06:06:29.272 10 INFO neutron.services.segments.plugin [-] Segment 92338b06-dbe5-487b-ae1f-081d10942d44 resource provider aggregate not found
2026-07-15 06:06:29.299 9 INFO neutron.db.ovn_revision_numbers_db [None req-d063ca1f-8fd6-481b-a429-d4590d62a64d 5a6f147a0d7f4eb1939fdf2139829aaf ad5b1b4cddb4400fa4e77f16fe7c21dc - - default default] Successfully bumped revision number for resource c9809f33-4be2-44ab-8a59-6e5f3fabd686 (type: security_groups) to 1
2026-07-15 06:06:29.301 10 INFO neutron.services.segments.plugin [-] Segment 92338b06-dbe5-487b-ae1f-081d10942d44 resource provider not found; error: Placement Client Error (4xx): {"errors": [{"status": 404, "title": "Not Found", "detail": "The resource could not be found.\n\n No resource provider with uuid 92338b06-dbe5-487b-ae1f-081d10942d44 found for delete ", "request_id": "req-d3523921-4901-4637-94df-be52499e550d"}]}
2026-07-15 06:06:29.309 10 INFO neutron.services.segments.plugin [-] Segment 92338b06-dbe5-487b-ae1f-081d10942d44 resource provider not found; error: Placement Client Error (4xx): {"errors": [{"status": 404, "title": "Not Found", "detail": "The resource could not be found.\n\n No resource provider with uuid 92338b06-dbe5-487b-ae1f-081d10942d44 found for delete ", "request_id": "req-b4218ea7-b8bf-47cf-a4c0-f65e4919d92e"}]}
2026-07-15 06:06:29.322 9 INFO neutron.db.ovn_revision_numbers_db [None req-d063ca1f-8fd6-481b-a429-d4590d62a64d 5a6f147a0d7f4eb1939fdf2139829aaf ad5b1b4cddb4400fa4e77f16fe7c21dc - - default default] Successfully bumped revision number for resource 18f9b340-f343-4bed-b447-a13ff887a14f (type: security_group_rules) to 0
2026-07-15 06:06:29.339 9 INFO neutron.db.ovn_revision_numbers_db [None req-d063ca1f-8fd6-481b-a429-d4590d62a64d 5a6f147a0d7f4eb1939fdf2139829aaf ad5b1b4cddb4400fa4e77f16fe7c21dc - - default default] Successfully bumped revision number for resource 1dc2855a-5355-4f3d-993f-b45ea962c445 (type: security_group_rules) to 0
2026-07-15 06:06:29.361 9 INFO neutron.wsgi [None req-6db262c0-c611-4fe6-8e2a-b6c350d58792 b12c0261aabc4148a8d14edbab9a42f1 4faf39b8e0cd4b7f8a7fa5fe4a037441 - - default default] 10.0.0.193 "DELETE /v2.0/subnets/43f392e3-f681-4689-9d18-e7789db58eda HTTP/1.1" status: 204 len: 168 time: 0.3080075
2026-07-15 06:06:29.365 9 INFO neutron.db.ovn_revision_numbers_db [None req-d063ca1f-8fd6-481b-a429-d4590d62a64d 5a6f147a0d7f4eb1939fdf2139829aaf ad5b1b4cddb4400fa4e77f16fe7c21dc - - default default] Successfully bumped revision number for resource 87de10a4-385c-40bf-9854-93801a498309 (type: security_group_rules) to 0
2026-07-15 06:06:29.377 10 INFO neutron.wsgi [None req-79a89307-1b10-4a72-b743-58a858720b45 310ddb59c619482c84a3a98daa464733 a466c1261cd246e4b0f362a4f749508e - - default default] 10.0.0.193 "DELETE /v2.0/networks/b728b61b-0eda-4ca5-846c-c489615e9397 HTTP/1.1" status: 204 len: 168 time: 0.5955837
2026-07-15 06:06:29.386 9 INFO neutron.db.ovn_revision_numbers_db [None req-d063ca1f-8fd6-481b-a429-d4590d62a64d 5a6f147a0d7f4eb1939fdf2139829aaf ad5b1b4cddb4400fa4e77f16fe7c21dc - - default default] Successfully bumped revision number for resource eedc7fbd-2169-49e1-9a6b-8a9056bec501 (type: security_group_rules) to 0
2026-07-15 06:06:29.534 9 INFO neutron.db.ovn_revision_numbers_db [None req-d063ca1f-8fd6-481b-a429-d4590d62a64d 5a6f147a0d7f4eb1939fdf2139829aaf ad5b1b4cddb4400fa4e77f16fe7c21dc - - default default] Successfully bumped revision number for resource c53a62a1-bca1-4648-9b15-e8609153f067 (type: security_groups) to 1
2026-07-15 06:06:29.562 10 INFO neutron.wsgi [None req-37a5e28a-dee7-4816-acf4-ab6a14c7af2e ec01fbb1ff604c51b40cdac707587ddb 0ffea061b8e54a3ab49f942312b09fb0 - - default default] 10.0.0.193 "DELETE /v2.0/ports/cf0074ec-e599-44b1-accd-7032fde33893 HTTP/1.1" status: 204 len: 168 time: 0.3659768
2026-07-15 06:06:29.576 9 INFO neutron.db.ovn_revision_numbers_db [None req-d063ca1f-8fd6-481b-a429-d4590d62a64d 5a6f147a0d7f4eb1939fdf2139829aaf ad5b1b4cddb4400fa4e77f16fe7c21dc - - default default] Successfully bumped revision number for resource 615bb915-fa30-412f-b8dc-929a04a1810f (type: security_group_rules) to 0
2026-07-15 06:06:29.611 9 INFO neutron.db.ovn_revision_numbers_db [None req-d063ca1f-8fd6-481b-a429-d4590d62a64d 5a6f147a0d7f4eb1939fdf2139829aaf ad5b1b4cddb4400fa4e77f16fe7c21dc - - default default] Successfully bumped revision number for resource b9b04205-6162-4287-ae34-b024d07aeb9a (type: security_group_rules) to 0
2026-07-15 06:06:29.652 9 INFO neutron.wsgi [None req-d063ca1f-8fd6-481b-a429-d4590d62a64d 5a6f147a0d7f4eb1939fdf2139829aaf ad5b1b4cddb4400fa4e77f16fe7c21dc - - default default] 10.0.0.193 "POST /v2.0/security-groups HTTP/1.1" status: 201 len: 1761 time: 0.7682970
2026-07-15 06:06:29.728 10 INFO neutron.wsgi [None req-fe9fa6cb-3fba-40ac-b444-aad6c556904f 5a6f147a0d7f4eb1939fdf2139829aaf ad5b1b4cddb4400fa4e77f16fe7c21dc - - default default] 10.0.0.193 "GET /v2.0/security-groups HTTP/1.1" status: 200 len: 4539 time: 0.0691655
2026-07-15 06:06:29.829 10 INFO neutron.wsgi [None req-cf3c88c9-d65c-4543-a6c7-251884226118 ec01fbb1ff604c51b40cdac707587ddb 0ffea061b8e54a3ab49f942312b09fb0 - - default default] 10.0.0.193 "DELETE /v2.0/ports/a38658c2-4a98-41eb-b915-da37877682e8 HTTP/1.1" status: 204 len: 168 time: 0.2626514
2026-07-15 06:06:29.892 9 INFO neutron.services.segments.plugin [-] Segment 2f5f2d0a-b7a4-4ddf-912b-65c538d5a6a8 resource provider aggregate not found
2026-07-15 06:06:29.902 9 INFO neutron.services.segments.plugin [-] Segment 2f5f2d0a-b7a4-4ddf-912b-65c538d5a6a8 resource provider aggregate not found
2026-07-15 06:06:29.977 10 INFO neutron.wsgi [None req-a3236dcc-04a9-489e-a0b9-0f2bebb3de29 ec01fbb1ff604c51b40cdac707587ddb 0ffea061b8e54a3ab49f942312b09fb0 - - default default] 10.0.0.193 "GET /v2.0/ports HTTP/1.1" status: 200 len: 1718 time: 0.1424878
2026-07-15 06:06:30.073 10 INFO neutron.db.segments_db [None req-6b01e529-133c-4125-b363-fbb070cbfe6d ec01fbb1ff604c51b40cdac707587ddb 0ffea061b8e54a3ab49f942312b09fb0 - - default default] Added segment 685b136d-cdc0-44b9-b676-ea460aa748b5 of type geneve for network 02ee1491-4de5-4299-98dd-be9904399d68
2026-07-15 06:06:30.196 9 INFO neutron.services.segments.plugin [-] Segment 2f5f2d0a-b7a4-4ddf-912b-65c538d5a6a8 resource provider not found; error: Placement Client Error (4xx): {"errors": [{"status": 404, "title": "Not Found", "detail": "The resource could not be found.\n\n No resource provider with uuid 2f5f2d0a-b7a4-4ddf-912b-65c538d5a6a8 found for delete ", "request_id": "req-b9b77bb4-fb1f-4ad1-893e-bcb78e6fb749"}]}
2026-07-15 06:06:30.198 9 INFO neutron.services.segments.plugin [-] Segment 2f5f2d0a-b7a4-4ddf-912b-65c538d5a6a8 resource provider not found; error: Placement Client Error (4xx): {"errors": [{"status": 404, "title": "Not Found", "detail": "The resource could not be found.\n\n No resource provider with uuid 2f5f2d0a-b7a4-4ddf-912b-65c538d5a6a8 found for delete ", "request_id": "req-7c7b58b7-3e1d-40a5-baba-046c99d9b5b1"}]}
2026-07-15 06:06:30.200 9 INFO neutron.db.ovn_revision_numbers_db [None req-c333a690-0342-43a4-9d76-179f3e050445 5a6f147a0d7f4eb1939fdf2139829aaf ad5b1b4cddb4400fa4e77f16fe7c21dc - - default default] Successfully bumped revision number for resource c53a62a1-bca1-4648-9b15-e8609153f067 (type: security_groups) to 2
2026-07-15 06:06:30.203 9 INFO neutron.wsgi [None req-c333a690-0342-43a4-9d76-179f3e050445 5a6f147a0d7f4eb1939fdf2139829aaf ad5b1b4cddb4400fa4e77f16fe7c21dc - - default default] 10.0.0.193 "PUT /v2.0/security-groups/c53a62a1-bca1-4648-9b15-e8609153f067 HTTP/1.1" status: 200 len: 1794 time: 0.4669478
2026-07-15 06:06:30.231 10 INFO neutron.db.ovn_revision_numbers_db [None req-6b01e529-133c-4125-b363-fbb070cbfe6d ec01fbb1ff604c51b40cdac707587ddb 0ffea061b8e54a3ab49f942312b09fb0 - - default default] Successfully bumped revision number for resource 02ee1491-4de5-4299-98dd-be9904399d68 (type: networks) to 1
2026-07-15 06:06:30.244 9 INFO neutron.wsgi [None req-6b38712d-3b7a-4545-b1f5-73e06f31452f 310ddb59c619482c84a3a98daa464733 a466c1261cd246e4b0f362a4f749508e - - default default] 10.0.0.193 "DELETE /v2.0/networks/766dba2c-8a3b-4fd2-afec-da91530cd322 HTTP/1.1" status: 204 len: 168 time: 0.8602757
2026-07-15 06:06:30.247 9 INFO neutron.wsgi [None req-4c19b5ef-1056-450d-acd5-48ad0abfb215 b12c0261aabc4148a8d14edbab9a42f1 4faf39b8e0cd4b7f8a7fa5fe4a037441 - - default default] 10.0.0.193 "DELETE /v2.0/networks/65ff35c0-f598-46f7-8e7b-1943b343b70d HTTP/1.1" status: 204 len: 168 time: 0.8799548
2026-07-15 06:06:30.254 9 INFO neutron.wsgi [None req-d201a9f6-da76-423f-bcd9-e841d93e28f9 5a6f147a0d7f4eb1939fdf2139829aaf ad5b1b4cddb4400fa4e77f16fe7c21dc - - default default] 10.0.0.193 "GET /v2.0/security-groups/c53a62a1-bca1-4648-9b15-e8609153f067 HTTP/1.1" status: 200 len: 1794 time: 0.0442436
2026-07-15 06:06:30.362 9 INFO neutron.db.segments_db [None req-fa2a85ad-f8d1-4187-aff8-1155740774e1 310ddb59c619482c84a3a98daa464733 a466c1261cd246e4b0f362a4f749508e - - default default] Added segment 8d4f00e7-7f47-46ba-add8-396145d7273a of type geneve for network 93016235-7840-4405-a641-1d6888f148cc
2026-07-15 06:06:30.417 9 INFO neutron.wsgi [None req-007dc5fa-14f7-4daa-acc5-3367d51ec2f3 5a6f147a0d7f4eb1939fdf2139829aaf ad5b1b4cddb4400fa4e77f16fe7c21dc - - default default] 10.0.0.193 "DELETE /v2.0/security-groups/c53a62a1-bca1-4648-9b15-e8609153f067 HTTP/1.1" status: 204 len: 168 time: 0.1490409
2026-07-15 06:06:30.439 10 WARNING neutron.scheduler.dhcp_agent_scheduler [None req-6b01e529-133c-4125-b363-fbb070cbfe6d ec01fbb1ff604c51b40cdac707587ddb 0ffea061b8e54a3ab49f942312b09fb0 - - default default] No more DHCP agents
2026-07-15 06:06:30.441 10 WARNING neutron.api.rpc.agentnotifiers.dhcp_rpc_agent_api [None req-6b01e529-133c-4125-b363-fbb070cbfe6d ec01fbb1ff604c51b40cdac707587ddb 0ffea061b8e54a3ab49f942312b09fb0 - - default default] Unable to schedule network 02ee1491-4de5-4299-98dd-be9904399d68: no agents available; will retry on subsequent port and subnet creation events.
2026-07-15 06:06:30.486 9 INFO neutron.wsgi [None req-1927a664-b06e-4cf6-b9cb-4d1c011e2b95 5a6f147a0d7f4eb1939fdf2139829aaf ad5b1b4cddb4400fa4e77f16fe7c21dc - - default default] 10.0.0.193 "GET /v2.0/security-groups HTTP/1.1" status: 200 len: 2996 time: 0.0645080
2026-07-15 06:06:30.501 9 INFO neutron.wsgi [None req-32243e5d-b9e7-4e12-8a35-e43141b6aded b12c0261aabc4148a8d14edbab9a42f1 4faf39b8e0cd4b7f8a7fa5fe4a037441 - - default default] 10.0.0.193 "GET /v2.0/security-groups?tenant_id=7a12ee3054c946599065086e3da85397&name=default HTTP/1.1" status: 200 len: 2996 time: 0.0703623
2026-07-15 06:06:30.520 10 INFO neutron.api.v2.resource [None req-83887a6a-3b06-4cfd-a974-4a1810372795 5a6f147a0d7f4eb1939fdf2139829aaf ad5b1b4cddb4400fa4e77f16fe7c21dc - - default default] delete failed (client error): The resource could not be found.
2026-07-15 06:06:30.521 10 INFO neutron.wsgi [None req-83887a6a-3b06-4cfd-a974-4a1810372795 5a6f147a0d7f4eb1939fdf2139829aaf ad5b1b4cddb4400fa4e77f16fe7c21dc - - default default] 10.0.0.193 "DELETE /v2.0/security-groups/c53a62a1-bca1-4648-9b15-e8609153f067 HTTP/1.1" status: 404 len: 347 time: 0.0246830
2026-07-15 06:06:30.542 10 INFO neutron.db.ovn_revision_numbers_db [None req-6b01e529-133c-4125-b363-fbb070cbfe6d ec01fbb1ff604c51b40cdac707587ddb 0ffea061b8e54a3ab49f942312b09fb0 - - default default] Successfully bumped revision number for resource fb2b4365-e11d-46f6-8c76-d38753cd42cd (type: ports) to 1
2026-07-15 06:06:30.545 9 INFO neutron.db.ovn_revision_numbers_db [None req-fa2a85ad-f8d1-4187-aff8-1155740774e1 310ddb59c619482c84a3a98daa464733 a466c1261cd246e4b0f362a4f749508e - - default default] Successfully bumped revision number for resource 93016235-7840-4405-a641-1d6888f148cc (type: networks) to 1
2026-07-15 06:06:30.568 10 INFO neutron.wsgi [None req-6b01e529-133c-4125-b363-fbb070cbfe6d ec01fbb1ff604c51b40cdac707587ddb 0ffea061b8e54a3ab49f942312b09fb0 - - default default] 10.0.0.193 "POST /v2.0/networks HTTP/1.1" status: 201 len: 848 time: 0.5851450
2026-07-15 06:06:30.637 10 INFO neutron.db.ovn_revision_numbers_db [None req-afd666f2-81f2-4f39-8981-28f0d561e2e2 5a6f147a0d7f4eb1939fdf2139829aaf ad5b1b4cddb4400fa4e77f16fe7c21dc - - default default] Successfully bumped revision number for resource d4ca389e-910a-4433-8999-6115cda99856 (type: security_groups) to 1
2026-07-15 06:06:30.653 10 INFO neutron.db.ovn_revision_numbers_db [None req-afd666f2-81f2-4f39-8981-28f0d561e2e2 5a6f147a0d7f4eb1939fdf2139829aaf ad5b1b4cddb4400fa4e77f16fe7c21dc - - default default] Successfully bumped revision number for resource 4bdd1d38-4b35-4947-b7e2-aa86ed19cd09 (type: security_group_rules) to 0
2026-07-15 06:06:30.665 10 INFO neutron.db.ovn_revision_numbers_db [None req-afd666f2-81f2-4f39-8981-28f0d561e2e2 5a6f147a0d7f4eb1939fdf2139829aaf ad5b1b4cddb4400fa4e77f16fe7c21dc - - default default] Successfully bumped revision number for resource 58b37bd6-57c9-4bce-8e58-ddf875efae96 (type: security_group_rules) to 0
2026-07-15 06:06:30.682 10 INFO neutron.wsgi [None req-afd666f2-81f2-4f39-8981-28f0d561e2e2 5a6f147a0d7f4eb1939fdf2139829aaf ad5b1b4cddb4400fa4e77f16fe7c21dc - - default default] 10.0.0.193 "POST /v2.0/security-groups HTTP/1.1" status: 201 len: 1761 time: 0.1539574
2026-07-15 06:06:30.716 9 INFO neutron.db.segments_db [None req-b145cc4b-0cad-4c3e-aa1f-e83bed810097 ec01fbb1ff604c51b40cdac707587ddb 0ffea061b8e54a3ab49f942312b09fb0 - - default default] Added segment 5762b899-aeda-423b-9a7e-e9690c57ff0e of type geneve for network e925b96d-2b40-464f-86e8-cc891e502cfb
2026-07-15 06:06:30.792 9 WARNING neutron.scheduler.dhcp_agent_scheduler [None req-fa2a85ad-f8d1-4187-aff8-1155740774e1 310ddb59c619482c84a3a98daa464733 a466c1261cd246e4b0f362a4f749508e - - default default] No more DHCP agents
2026-07-15 06:06:30.807 9 WARNING neutron.api.rpc.agentnotifiers.dhcp_rpc_agent_api [None req-fa2a85ad-f8d1-4187-aff8-1155740774e1 310ddb59c619482c84a3a98daa464733 a466c1261cd246e4b0f362a4f749508e - - default default] Unable to schedule network 93016235-7840-4405-a641-1d6888f148cc: no agents available; will retry on subsequent port and subnet creation events.
2026-07-15 06:06:30.901 9 INFO neutron.wsgi [None req-b1160189-a554-489d-b92d-d9af931ded5e b12c0261aabc4148a8d14edbab9a42f1 4faf39b8e0cd4b7f8a7fa5fe4a037441 - - default default] 10.0.0.193 "DELETE /v2.0/security-groups/f3f22482-4520-4cb3-a861-fcd3e73bc8a4 HTTP/1.1" status: 204 len: 168 time: 0.3954322
2026-07-15 06:06:30.969 9 INFO neutron.db.ovn_revision_numbers_db [None req-b145cc4b-0cad-4c3e-aa1f-e83bed810097 ec01fbb1ff604c51b40cdac707587ddb 0ffea061b8e54a3ab49f942312b09fb0 - - default default] Successfully bumped revision number for resource e925b96d-2b40-464f-86e8-cc891e502cfb (type: networks) to 1
2026-07-15 06:06:30.978 9 INFO neutron.db.ovn_revision_numbers_db [None req-fa2a85ad-f8d1-4187-aff8-1155740774e1 310ddb59c619482c84a3a98daa464733 a466c1261cd246e4b0f362a4f749508e - - default default] Successfully bumped revision number for resource ae1c171e-d509-440a-9ca4-a62fcabbf480 (type: ports) to 1
2026-07-15 06:06:31.001 9 INFO neutron.db.ovn_revision_numbers_db [None req-784df187-1c22-4eff-9562-24002836c337 5a6f147a0d7f4eb1939fdf2139829aaf ad5b1b4cddb4400fa4e77f16fe7c21dc - - default default] Successfully bumped revision number for resource 88b414dd-9102-4953-bfc5-fc2d0912a910 (type: security_group_rules) to 0
2026-07-15 06:06:31.012 9 INFO neutron.wsgi [None req-fa2a85ad-f8d1-4187-aff8-1155740774e1 310ddb59c619482c84a3a98daa464733 a466c1261cd246e4b0f362a4f749508e - - default default] 10.0.0.193 "POST /v2.0/networks HTTP/1.1" status: 201 len: 832 time: 0.7599969
2026-07-15 06:06:31.034 9 INFO neutron.wsgi [None req-784df187-1c22-4eff-9562-24002836c337 5a6f147a0d7f4eb1939fdf2139829aaf ad5b1b4cddb4400fa4e77f16fe7c21dc - - default default] 10.0.0.193 "POST /v2.0/security-group-rules HTTP/1.1" status: 201 len: 768 time: 0.3452811
2026-07-15 06:06:31.066 10 INFO neutron.wsgi [None req-29f73634-f587-48c1-82db-810ec6e9a349 5a6f147a0d7f4eb1939fdf2139829aaf ad5b1b4cddb4400fa4e77f16fe7c21dc - - default default] 10.0.0.193 "GET /v2.0/security-group-rules/88b414dd-9102-4953-bfc5-fc2d0912a910 HTTP/1.1" status: 200 len: 763 time: 0.0259297
2026-07-15 06:06:31.120 10 INFO neutron.wsgi [None req-d6e607ec-118c-4f4a-b184-12d877ae3d7f 5a6f147a0d7f4eb1939fdf2139829aaf ad5b1b4cddb4400fa4e77f16fe7c21dc - - default default] 10.0.0.193 "GET /v2.0/security-group-rules HTTP/1.1" status: 200 len: 4113 time: 0.0471199
2026-07-15 06:06:31.166 9 WARNING neutron.scheduler.dhcp_agent_scheduler [None req-b145cc4b-0cad-4c3e-aa1f-e83bed810097 ec01fbb1ff604c51b40cdac707587ddb 0ffea061b8e54a3ab49f942312b09fb0 - - default default] No more DHCP agents
2026-07-15 06:06:31.169 9 WARNING neutron.api.rpc.agentnotifiers.dhcp_rpc_agent_api [None req-b145cc4b-0cad-4c3e-aa1f-e83bed810097 ec01fbb1ff604c51b40cdac707587ddb 0ffea061b8e54a3ab49f942312b09fb0 - - default default] Unable to schedule network e925b96d-2b40-464f-86e8-cc891e502cfb: no agents available; will retry on subsequent port and subnet creation events.
