2026-07-15 06:07:27.672 9 INFO neutron.db.ovn_revision_numbers_db [None req-89bdbca1-fe6a-4733-abd9-b697b4375d1f b12c0261aabc4148a8d14edbab9a42f1 4faf39b8e0cd4b7f8a7fa5fe4a037441 - - default default] Successfully bumped revision number for resource 39265cbb-cdce-4e58-b50f-bed62c94f254 (type: security_group_rules) to 0
2026-07-15 06:07:27.695 9 INFO neutron.db.ovn_revision_numbers_db [None req-89bdbca1-fe6a-4733-abd9-b697b4375d1f b12c0261aabc4148a8d14edbab9a42f1 4faf39b8e0cd4b7f8a7fa5fe4a037441 - - default default] Successfully bumped revision number for resource 3ecefddf-baed-4009-960a-8bc666916c9d (type: security_group_rules) to 0
2026-07-15 06:07:27.716 9 INFO neutron.db.ovn_revision_numbers_db [None req-89bdbca1-fe6a-4733-abd9-b697b4375d1f b12c0261aabc4148a8d14edbab9a42f1 4faf39b8e0cd4b7f8a7fa5fe4a037441 - - default default] Successfully bumped revision number for resource 86ef9a2e-b58f-4372-9fea-cec252e32598 (type: security_group_rules) to 0
2026-07-15 06:07:27.734 9 INFO neutron.db.ovn_revision_numbers_db [None req-89bdbca1-fe6a-4733-abd9-b697b4375d1f b12c0261aabc4148a8d14edbab9a42f1 4faf39b8e0cd4b7f8a7fa5fe4a037441 - - default default] Successfully bumped revision number for resource e4106ca0-94d4-4332-bc2d-04d9e3b1e4f1 (type: security_group_rules) to 0
2026-07-15 06:07:27.767 9 INFO neutron.wsgi [None req-89bdbca1-fe6a-4733-abd9-b697b4375d1f b12c0261aabc4148a8d14edbab9a42f1 4faf39b8e0cd4b7f8a7fa5fe4a037441 - - default default] 10.0.0.193 "GET /v2.0/security-groups?tenant_id=23898a6fa7b44c6ea8a26005550453a5&name=default HTTP/1.1" status: 200 len: 2996 time: 0.6039972
2026-07-15 06:07:27.837 10 WARNING neutron.plugins.ml2.drivers.ovn.mech_driver.ovsdb.ovn_client [None req-075daebd-3661-410b-84e4-7c0e99986985 - - - - - -] No hosting information found for port 3062d76f-ebfc-4bf9-816b-2f0cb44fdb44: RuntimeError: No hosting information found for port 3062d76f-ebfc-4bf9-816b-2f0cb44fdb44
2026-07-15 06:07:27.970 10 WARNING neutron.scheduler.dhcp_agent_scheduler [None req-758eed3c-dff4-41ff-bff1-b4403e0b29b3 6e804047cfd843ecb310531e10430430 f86012f3d9444bdcb1848b7214d0850f - - default default] No more DHCP agents
2026-07-15 06:07:27.976 10 WARNING neutron.api.rpc.agentnotifiers.dhcp_rpc_agent_api [None req-758eed3c-dff4-41ff-bff1-b4403e0b29b3 6e804047cfd843ecb310531e10430430 f86012f3d9444bdcb1848b7214d0850f - - default default] Unable to schedule network bb37d091-3fbb-434e-9180-8c3496af7ade: no agents available; will retry on subsequent port and subnet creation events.
2026-07-15 06:07:28.056 10 INFO neutron.db.ovn_revision_numbers_db [None req-bd080fbb-af7d-4256-98ed-a2aa9d0725dc - - - - - -] Successfully bumped revision number for resource 983ec93f-d8d3-4899-8501-9f1e384700f5 (type: ports) to 4
2026-07-15 06:07:28.081 9 INFO neutron.db.ovn_revision_numbers_db [None req-83ebf279-1ad3-40ae-bde2-41266a58f647 6373aa55fe2e48d78ece068c1200a8aa cca1ba5c55d74768b3f4315d60fa5952 - - default default] Successfully bumped revision number for resource 4f24c327-2108-4f97-bd41-12df05f94d3f (type: ports) to 2
2026-07-15 06:07:28.113 9 INFO neutron.db.ovn_revision_numbers_db [None req-83ebf279-1ad3-40ae-bde2-41266a58f647 6373aa55fe2e48d78ece068c1200a8aa cca1ba5c55d74768b3f4315d60fa5952 - - default default] Successfully bumped revision number for resource 2b5f4103-be54-465e-afda-13c9383b90a0 (type: subnets) to 0
2026-07-15 06:07:28.127 9 INFO neutron.wsgi [None req-83ebf279-1ad3-40ae-bde2-41266a58f647 6373aa55fe2e48d78ece068c1200a8aa cca1ba5c55d74768b3f4315d60fa5952 - - default default] 10.0.0.193 "POST /v2.0/subnets HTTP/1.1" status: 201 len: 831 time: 1.1078761
2026-07-15 06:07:28.391 10 INFO neutron.wsgi [None req-0e9b39f1-0785-43e0-8a55-9a915a6a67ae b12c0261aabc4148a8d14edbab9a42f1 4faf39b8e0cd4b7f8a7fa5fe4a037441 - - default default] 10.0.0.193 "DELETE /v2.0/security-groups/bccc7bd3-89c8-42ca-bb00-2ad86379d9af HTTP/1.1" status: 204 len: 168 time: 0.6171653
2026-07-15 06:07:28.544 10 INFO neutron.db.ovn_revision_numbers_db [None req-bd080fbb-af7d-4256-98ed-a2aa9d0725dc - - - - - -] Successfully bumped revision number for resource 983ec93f-d8d3-4899-8501-9f1e384700f5 (type: router_ports) to 4
2026-07-15 06:07:28.606 10 INFO neutron.db.ovn_revision_numbers_db [None req-758eed3c-dff4-41ff-bff1-b4403e0b29b3 6e804047cfd843ecb310531e10430430 f86012f3d9444bdcb1848b7214d0850f - - default default] Successfully bumped revision number for resource a3cb5d13-bdcd-456e-9ded-ba50b13b8810 (type: floatingips) to 0
2026-07-15 06:07:28.620 10 INFO neutron.wsgi [None req-758eed3c-dff4-41ff-bff1-b4403e0b29b3 6e804047cfd843ecb310531e10430430 f86012f3d9444bdcb1848b7214d0850f - - default default] 10.0.0.193 "POST /v2.0/floatingips HTTP/1.1" status: 201 len: 751 time: 1.0306439
2026-07-15 06:07:28.640 9 WARNING neutron.scheduler.dhcp_agent_scheduler [None req-7ac67565-0658-4782-b376-c6e4a212e348 6373aa55fe2e48d78ece068c1200a8aa cca1ba5c55d74768b3f4315d60fa5952 - - default default] No more DHCP agents
2026-07-15 06:07:28.641 9 WARNING neutron.api.rpc.agentnotifiers.dhcp_rpc_agent_api [None req-7ac67565-0658-4782-b376-c6e4a212e348 6373aa55fe2e48d78ece068c1200a8aa cca1ba5c55d74768b3f4315d60fa5952 - - default default] Unable to schedule network 09711e01-864e-446b-a0e0-06dc7d11a52c: no agents available; will retry on subsequent port and subnet creation events.
2026-07-15 06:07:28.643 9 INFO neutron.db.ovn_revision_numbers_db [None req-9a2f23e2-da33-4ecb-a6f8-c7d9c58bd185 b12c0261aabc4148a8d14edbab9a42f1 4faf39b8e0cd4b7f8a7fa5fe4a037441 - - default default] Successfully bumped revision number for resource 83dbe4c4-710a-4540-b7fb-9bb8553ac8ec (type: security_groups) to 1
2026-07-15 06:07:28.662 9 INFO neutron.db.ovn_revision_numbers_db [None req-9a2f23e2-da33-4ecb-a6f8-c7d9c58bd185 b12c0261aabc4148a8d14edbab9a42f1 4faf39b8e0cd4b7f8a7fa5fe4a037441 - - default default] Successfully bumped revision number for resource 364b2308-3c15-484a-8f54-8f0df8201f55 (type: security_group_rules) to 0
2026-07-15 06:07:28.680 9 INFO neutron.db.ovn_revision_numbers_db [None req-9a2f23e2-da33-4ecb-a6f8-c7d9c58bd185 b12c0261aabc4148a8d14edbab9a42f1 4faf39b8e0cd4b7f8a7fa5fe4a037441 - - default default] Successfully bumped revision number for resource 3a1800fd-bf4e-43e4-b3ef-0d99b5df485e (type: security_group_rules) to 0
2026-07-15 06:07:28.701 9 INFO neutron.db.ovn_revision_numbers_db [None req-9a2f23e2-da33-4ecb-a6f8-c7d9c58bd185 b12c0261aabc4148a8d14edbab9a42f1 4faf39b8e0cd4b7f8a7fa5fe4a037441 - - default default] Successfully bumped revision number for resource 65546ebd-653f-4893-98ba-24ce4692fe12 (type: security_group_rules) to 0
2026-07-15 06:07:28.726 9 INFO neutron.db.ovn_revision_numbers_db [None req-9a2f23e2-da33-4ecb-a6f8-c7d9c58bd185 b12c0261aabc4148a8d14edbab9a42f1 4faf39b8e0cd4b7f8a7fa5fe4a037441 - - default default] Successfully bumped revision number for resource fa757536-aa31-4439-87e7-a8b6fb621858 (type: security_group_rules) to 0
2026-07-15 06:07:28.754 9 INFO neutron.wsgi [req-838e092f-1599-4845-82c4-e1a9c678d0c4 req-f60dd1e0-53f9-4a81-a684-36a6dfd7c2d5 6e804047cfd843ecb310531e10430430 f86012f3d9444bdcb1848b7214d0850f - - default default] 10.0.0.185 "GET /v2.0/security-groups?name=tempest-securitygroup--910706314&fields=id&tenant_id=f86012f3d9444bdcb1848b7214d0850f HTTP/1.1" status: 200 len: 267 time: 0.0612712
2026-07-15 06:07:28.766 9 INFO neutron.wsgi [None req-9a2f23e2-da33-4ecb-a6f8-c7d9c58bd185 b12c0261aabc4148a8d14edbab9a42f1 4faf39b8e0cd4b7f8a7fa5fe4a037441 - - default default] 10.0.0.193 "GET /v2.0/security-groups?tenant_id=58e38358e89744b281569ea97031c8da&name=default HTTP/1.1" status: 200 len: 2996 time: 0.2690659
2026-07-15 06:07:28.803 9 INFO neutron.wsgi [req-838e092f-1599-4845-82c4-e1a9c678d0c4 req-4578a720-3a0e-4b3d-a423-7779ea4e7ae8 6e804047cfd843ecb310531e10430430 f86012f3d9444bdcb1848b7214d0850f - - default default] 10.0.0.185 "GET /v2.0/security-groups?name=tempest-secgroup-smoke-603075260&fields=id&tenant_id=f86012f3d9444bdcb1848b7214d0850f HTTP/1.1" status: 200 len: 267 time: 0.0412045
2026-07-15 06:07:28.849 9 INFO neutron.db.ovn_revision_numbers_db [None req-7ac67565-0658-4782-b376-c6e4a212e348 6373aa55fe2e48d78ece068c1200a8aa cca1ba5c55d74768b3f4315d60fa5952 - - default default] Successfully bumped revision number for resource 1325e093-b337-49c0-8951-1378e5ad9aa7 (type: ports) to 1
2026-07-15 06:07:28.888 9 INFO neutron.wsgi [req-838e092f-1599-4845-82c4-e1a9c678d0c4 req-5a8f7aa5-f2f7-447b-b5af-05f296dab986 6e804047cfd843ecb310531e10430430 f86012f3d9444bdcb1848b7214d0850f - - default default] 10.0.0.185 "GET /v2.0/networks?id=c164c26e-19da-4ec2-bc28-26ad129981e4 HTTP/1.1" status: 200 len: 872 time: 0.0759058
2026-07-15 06:07:28.912 9 INFO neutron.wsgi [req-838e092f-1599-4845-82c4-e1a9c678d0c4 req-17c57468-639f-4e9c-9c5e-f3588824ef3d 6e804047cfd843ecb310531e10430430 f86012f3d9444bdcb1848b7214d0850f - - default default] 10.0.0.185 "GET /v2.0/quotas/f86012f3d9444bdcb1848b7214d0850f HTTP/1.1" status: 200 len: 386 time: 0.0167441
2026-07-15 06:07:28.971 10 INFO neutron.wsgi [None req-1f7e8bf1-66f8-4d6b-b0fc-c3b8cd57b850 b12c0261aabc4148a8d14edbab9a42f1 4faf39b8e0cd4b7f8a7fa5fe4a037441 - - default default] 10.0.0.193 "DELETE /v2.0/security-groups/83dbe4c4-710a-4540-b7fb-9bb8553ac8ec HTTP/1.1" status: 204 len: 168 time: 0.1989563
2026-07-15 06:07:29.038 9 INFO neutron.wsgi [req-838e092f-1599-4845-82c4-e1a9c678d0c4 req-289b8314-f080-4303-a1f1-240a68f9d611 6e804047cfd843ecb310531e10430430 f86012f3d9444bdcb1848b7214d0850f - - default default] 10.0.0.185 "GET /v2.0/ports?tenant_id=f86012f3d9444bdcb1848b7214d0850f&fields=id HTTP/1.1" status: 200 len: 302 time: 0.1174686
2026-07-15 06:07:29.125 9 INFO neutron.wsgi [req-838e092f-1599-4845-82c4-e1a9c678d0c4 req-7ba3427b-134e-4cd7-952f-b79a5b82cd6f 5ddb7c26a91f4aee83815da130d7fc8c 642a17d38a284a24b594effabaf0fd35 - - 2d0863a0ba5346be999fbb03d6fa654f 2d0863a0ba5346be999fbb03d6fa654f] 10.0.0.185 "GET /v2.0/networks/c164c26e-19da-4ec2-bc28-26ad129981e4?fields=segments HTTP/1.1" status: 200 len: 212 time: 0.0659893
2026-07-15 06:07:29.217 9 INFO neutron.wsgi [req-838e092f-1599-4845-82c4-e1a9c678d0c4 req-d204df1f-4f13-4b83-8b69-90bfee3066ea 5ddb7c26a91f4aee83815da130d7fc8c 642a17d38a284a24b594effabaf0fd35 - - 2d0863a0ba5346be999fbb03d6fa654f 2d0863a0ba5346be999fbb03d6fa654f] 10.0.0.185 "GET /v2.0/networks/c164c26e-19da-4ec2-bc28-26ad129981e4?fields=provider%3Aphysical_network&fields=provider%3Anetwork_type HTTP/1.1" status: 200 len: 277 time: 0.0821860
2026-07-15 06:07:29.309 9 WARNING neutron.plugins.ml2.drivers.ovn.mech_driver.ovsdb.ovn_client [None req-2052610e-e2e3-4021-9f7b-abd298d398dc - - - - - -] No port found with ID 18eb2f3d-3786-45fc-b1b8-9b2617afe1b3: RuntimeError: No port found with ID 18eb2f3d-3786-45fc-b1b8-9b2617afe1b3
2026-07-15 06:07:29.310 9 INFO neutron.plugins.ml2.drivers.ovn.mech_driver.mech_driver [None req-2052610e-e2e3-4021-9f7b-abd298d398dc - - - - - -] OVN reports status up for port: 983ec93f-d8d3-4899-8501-9f1e384700f5
2026-07-15 06:07:29.328 9 INFO neutron.plugins.ml2.plugin [None req-2052610e-e2e3-4021-9f7b-abd298d398dc - - - - - -] Attempt 1 to provision port 983ec93f-d8d3-4899-8501-9f1e384700f5
2026-07-15 06:07:29.386 10 INFO neutron.wsgi [-] 10.0.0.193 "GET / HTTP/1.1" status: 200 len: 279 time: 0.0027893
2026-07-15 06:07:29.418 9 INFO neutron.wsgi [req-829cf16c-b769-42df-b804-6d46c2ea0434 req-592943a5-28a2-43eb-b3cb-66086a129704 6e804047cfd843ecb310531e10430430 f86012f3d9444bdcb1848b7214d0850f - - default default] 10.0.0.185 "GET /v2.0/ports?device_id=f364f005-1d11-428c-bde9-ff80cbe5581a HTTP/1.1" status: 200 len: 210 time: 0.0494463
2026-07-15 06:07:29.481 9 INFO neutron.plugins.ml2.drivers.ovn.mech_driver.mech_driver [None req-2052610e-e2e3-4021-9f7b-abd298d398dc - - - - - -] OVN reports status up for port: 1325e093-b337-49c0-8951-1378e5ad9aa7
2026-07-15 06:07:29.499 9 INFO neutron.plugins.ml2.plugin [None req-2052610e-e2e3-4021-9f7b-abd298d398dc - - - - - -] Attempt 1 to provision port 1325e093-b337-49c0-8951-1378e5ad9aa7
2026-07-15 06:07:29.522 9 INFO neutron.db.ovn_revision_numbers_db [None req-7ac67565-0658-4782-b376-c6e4a212e348 6373aa55fe2e48d78ece068c1200a8aa cca1ba5c55d74768b3f4315d60fa5952 - - default default] Successfully bumped revision number for resource 1325e093-b337-49c0-8951-1378e5ad9aa7 (type: router_ports) to 1
2026-07-15 06:07:29.625 10 INFO neutron.wsgi [None req-642221fd-5138-46a9-ad52-7141241e7af5 3a7c20f964cb45fc84bdfcfbe4dbcd76 b82a9769ac094346b455741048faad3d - - default default] 10.0.0.193 "GET /v2.0/ HTTP/1.1" status: 200 len: 826 time: 0.2278080
2026-07-15 06:07:29.706 9 INFO neutron.db.ovn_revision_numbers_db [None req-7ac67565-0658-4782-b376-c6e4a212e348 6373aa55fe2e48d78ece068c1200a8aa cca1ba5c55d74768b3f4315d60fa5952 - - default default] Successfully bumped revision number for resource 1325e093-b337-49c0-8951-1378e5ad9aa7 (type: ports) to 1
2026-07-15 06:07:29.792 9 WARNING neutron.scheduler.dhcp_agent_scheduler [None req-7ac67565-0658-4782-b376-c6e4a212e348 6373aa55fe2e48d78ece068c1200a8aa cca1ba5c55d74768b3f4315d60fa5952 - - default default] No more DHCP agents
2026-07-15 06:07:29.795 9 WARNING neutron.api.rpc.agentnotifiers.dhcp_rpc_agent_api [None req-7ac67565-0658-4782-b376-c6e4a212e348 6373aa55fe2e48d78ece068c1200a8aa cca1ba5c55d74768b3f4315d60fa5952 - - default default] Unable to schedule network 09711e01-864e-446b-a0e0-06dc7d11a52c: no agents available; will retry on subsequent port and subnet creation events.
2026-07-15 06:07:29.817 9 INFO neutron.db.ovn_revision_numbers_db [None req-2052610e-e2e3-4021-9f7b-abd298d398dc - - - - - -] Successfully bumped revision number for resource 1325e093-b337-49c0-8951-1378e5ad9aa7 (type: ports) to 2
2026-07-15 06:07:30.017 9 INFO neutron.db.ovn_revision_numbers_db [None req-2052610e-e2e3-4021-9f7b-abd298d398dc - - - - - -] Successfully bumped revision number for resource 1325e093-b337-49c0-8951-1378e5ad9aa7 (type: router_ports) to 2
2026-07-15 06:07:30.152 9 INFO neutron.wsgi [req-838e092f-1599-4845-82c4-e1a9c678d0c4 req-9970ec8b-e99d-491a-b96d-d9ab1d4a89af 6e804047cfd843ecb310531e10430430 f86012f3d9444bdcb1848b7214d0850f - - default default] 199.204.45.153 "GET /v2.0/networks?id=c164c26e-19da-4ec2-bc28-26ad129981e4 HTTP/1.1" status: 200 len: 872 time: 0.1212542
2026-07-15 06:07:30.212 9 INFO neutron.wsgi [req-838e092f-1599-4845-82c4-e1a9c678d0c4 req-572ba552-3d08-4e5d-8e70-a52a0e828e33 6e804047cfd843ecb310531e10430430 f86012f3d9444bdcb1848b7214d0850f - - default default] 199.204.45.153 "GET /v2.0/security-groups?fields=id&fields=name&tenant_id=f86012f3d9444bdcb1848b7214d0850f HTTP/1.1" status: 200 len: 471 time: 0.0537305
2026-07-15 06:07:30.306 9 INFO neutron.db.ovn_revision_numbers_db [None req-7ac67565-0658-4782-b376-c6e4a212e348 6373aa55fe2e48d78ece068c1200a8aa cca1ba5c55d74768b3f4315d60fa5952 - - default default] Successfully bumped revision number for resource 1325e093-b337-49c0-8951-1378e5ad9aa7 (type: router_ports) to 2
2026-07-15 06:07:30.308 9 INFO neutron.wsgi [None req-7ac67565-0658-4782-b376-c6e4a212e348 6373aa55fe2e48d78ece068c1200a8aa cca1ba5c55d74768b3f4315d60fa5952 - - default default] 10.0.0.193 "PUT /v2.0/routers/7bab0793-29fd-4640-9e3c-8bc8c3706fe9/add_router_interface HTTP/1.1" status: 200 len: 503 time: 2.1697640
2026-07-15 06:07:30.414 10 INFO neutron.wsgi [None req-21fe8e21-d47f-4891-88fb-30ccbf78d318 e5e0fb10bdde483893f47ba5c54a845b 8c2bde455c544a4cb6567d72e6b7a011 - - default default] 10.0.0.193 "GET /v2.0/networks HTTP/1.1" status: 200 len: 4630 time: 0.0937049
2026-07-15 06:07:30.452 10 INFO neutron.wsgi [None req-386930a1-a5a1-4f97-8d6a-52f782559939 e5e0fb10bdde483893f47ba5c54a845b 8c2bde455c544a4cb6567d72e6b7a011 - - default default] 10.0.0.193 "GET /v2.0/subnets HTTP/1.1" status: 200 len: 3403 time: 0.0330601
2026-07-15 06:07:30.453 10 INFO neutron.db.ovn_revision_numbers_db [None req-93f99e3c-3abb-4e40-9e6b-54707160ceb3 b12c0261aabc4148a8d14edbab9a42f1 4faf39b8e0cd4b7f8a7fa5fe4a037441 - - default default] Successfully bumped revision number for resource 0cf487a9-9203-47f5-89ba-1ed215d24c24 (type: security_groups) to 1
2026-07-15 06:07:30.500 10 INFO neutron.db.ovn_revision_numbers_db [None req-93f99e3c-3abb-4e40-9e6b-54707160ceb3 b12c0261aabc4148a8d14edbab9a42f1 4faf39b8e0cd4b7f8a7fa5fe4a037441 - - default default] Successfully bumped revision number for resource 57d2fa40-bbd9-4f4f-bb52-3fd2b18415a3 (type: security_group_rules) to 0
2026-07-15 06:07:30.520 10 INFO neutron.db.ovn_revision_numbers_db [None req-93f99e3c-3abb-4e40-9e6b-54707160ceb3 b12c0261aabc4148a8d14edbab9a42f1 4faf39b8e0cd4b7f8a7fa5fe4a037441 - - default default] Successfully bumped revision number for resource 5d644e02-d97c-43e6-a598-8268d0b5d430 (type: security_group_rules) to 0
2026-07-15 06:07:30.537 10 INFO neutron.wsgi [None req-37775561-26a6-46e9-8cc9-c0765747a30f e5e0fb10bdde483893f47ba5c54a845b 8c2bde455c544a4cb6567d72e6b7a011 - - default default] 10.0.0.193 "GET /v2.0/routers HTTP/1.1" status: 200 len: 2221 time: 0.0811901
2026-07-15 06:07:30.540 10 INFO neutron.db.ovn_revision_numbers_db [None req-93f99e3c-3abb-4e40-9e6b-54707160ceb3 b12c0261aabc4148a8d14edbab9a42f1 4faf39b8e0cd4b7f8a7fa5fe4a037441 - - default default] Successfully bumped revision number for resource beb31f2a-564b-4483-8005-b4f44c05af42 (type: security_group_rules) to 0
2026-07-15 06:07:30.556 10 INFO neutron.db.ovn_revision_numbers_db [None req-93f99e3c-3abb-4e40-9e6b-54707160ceb3 b12c0261aabc4148a8d14edbab9a42f1 4faf39b8e0cd4b7f8a7fa5fe4a037441 - - default default] Successfully bumped revision number for resource ddc417c5-8028-4c65-9ec6-a1b44ea981b3 (type: security_group_rules) to 0
2026-07-15 06:07:30.586 10 INFO neutron.wsgi [None req-93f99e3c-3abb-4e40-9e6b-54707160ceb3 b12c0261aabc4148a8d14edbab9a42f1 4faf39b8e0cd4b7f8a7fa5fe4a037441 - - default default] 10.0.0.193 "GET /v2.0/security-groups?tenant_id=b82a9769ac094346b455741048faad3d&name=default HTTP/1.1" status: 200 len: 2996 time: 0.5148251
2026-07-15 06:07:30.677 9 INFO neutron.wsgi [req-5494d571-0d81-4eba-9900-ed3df630301b req-dd18bc0b-94de-4c9d-9f8a-d31d91af7e4e 6e804047cfd843ecb310531e10430430 f86012f3d9444bdcb1848b7214d0850f - - default default] 10.0.0.185 "GET /v2.0/ports?device_id=f364f005-1d11-428c-bde9-ff80cbe5581a HTTP/1.1" status: 200 len: 210 time: 0.0196846
2026-07-15 06:07:30.746 10 INFO neutron.db.ovn_revision_numbers_db [None req-3907be5c-611a-43a1-9459-efe37c55f1b7 6373aa55fe2e48d78ece068c1200a8aa cca1ba5c55d74768b3f4315d60fa5952 - - default default] Successfully bumped revision number for resource 471cb338-4b49-4373-a09c-17946bfdcd84 (type: security_groups) to 1
2026-07-15 06:07:30.763 10 INFO neutron.db.ovn_revision_numbers_db [None req-3907be5c-611a-43a1-9459-efe37c55f1b7 6373aa55fe2e48d78ece068c1200a8aa cca1ba5c55d74768b3f4315d60fa5952 - - default default] Successfully bumped revision number for resource 61070863-2503-4153-a5af-206bfd5935fe (type: security_group_rules) to 0
2026-07-15 06:07:30.776 10 INFO neutron.db.ovn_revision_numbers_db [None req-3907be5c-611a-43a1-9459-efe37c55f1b7 6373aa55fe2e48d78ece068c1200a8aa cca1ba5c55d74768b3f4315d60fa5952 - - default default] Successfully bumped revision number for resource d8a00cf9-e94e-4f4a-9da0-7f67d8bc7111 (type: security_group_rules) to 0
2026-07-15 06:07:30.796 10 INFO neutron.wsgi [None req-3907be5c-611a-43a1-9459-efe37c55f1b7 6373aa55fe2e48d78ece068c1200a8aa cca1ba5c55d74768b3f4315d60fa5952 - - default default] 10.0.0.193 "POST /v2.0/security-groups HTTP/1.1" status: 201 len: 1809 time: 0.1952574
2026-07-15 06:07:30.833 10 INFO neutron.wsgi [None req-86909cd0-9837-42c7-be53-1ec2bc44eb0e b12c0261aabc4148a8d14edbab9a42f1 4faf39b8e0cd4b7f8a7fa5fe4a037441 - - default default] 10.0.0.193 "DELETE /v2.0/security-groups/0cf487a9-9203-47f5-89ba-1ed215d24c24 HTTP/1.1" status: 204 len: 168 time: 0.2397983
2026-07-15 06:07:30.841 9 WARNING neutron.scheduler.dhcp_agent_scheduler [req-838e092f-1599-4845-82c4-e1a9c678d0c4 req-304bc559-98b3-46fb-bffa-938cc29930c5 6e804047cfd843ecb310531e10430430 f86012f3d9444bdcb1848b7214d0850f - - default default] No more DHCP agents
2026-07-15 06:07:30.843 9 WARNING neutron.api.rpc.agentnotifiers.dhcp_rpc_agent_api [req-838e092f-1599-4845-82c4-e1a9c678d0c4 req-304bc559-98b3-46fb-bffa-938cc29930c5 6e804047cfd843ecb310531e10430430 f86012f3d9444bdcb1848b7214d0850f - - default default] Unable to schedule network c164c26e-19da-4ec2-bc28-26ad129981e4: no agents available; will retry on subsequent port and subnet creation events.
2026-07-15 06:07:30.926 10 INFO neutron.db.ovn_revision_numbers_db [None req-d86860c5-0de7-4d0b-bba1-934af5a900cf 6373aa55fe2e48d78ece068c1200a8aa cca1ba5c55d74768b3f4315d60fa5952 - - default default] Successfully bumped revision number for resource 3f57ca33-6830-4c54-a811-8f76d7e6d663 (type: security_group_rules) to 0
2026-07-15 06:07:30.948 10 INFO neutron.wsgi [None req-d86860c5-0de7-4d0b-bba1-934af5a900cf 6373aa55fe2e48d78ece068c1200a8aa cca1ba5c55d74768b3f4315d60fa5952 - - default default] 10.0.0.193 "POST /v2.0/security-group-rules HTTP/1.1" status: 201 len: 764 time: 0.1476877
2026-07-15 06:07:31.015 9 INFO neutron.db.ovn_revision_numbers_db [req-838e092f-1599-4845-82c4-e1a9c678d0c4 req-304bc559-98b3-46fb-bffa-938cc29930c5 6e804047cfd843ecb310531e10430430 f86012f3d9444bdcb1848b7214d0850f - - default default] Successfully bumped revision number for resource be1831be-c737-4798-be59-a89730b2497c (type: ports) to 1
2026-07-15 06:07:31.037 9 INFO neutron.wsgi [req-838e092f-1599-4845-82c4-e1a9c678d0c4 req-304bc559-98b3-46fb-bffa-938cc29930c5 6e804047cfd843ecb310531e10430430 f86012f3d9444bdcb1848b7214d0850f - - default default] 199.204.45.153 "POST /v2.0/ports HTTP/1.1" status: 201 len: 1201 time: 0.8152659 /var/lib/openstack/lib/python3.10/site-packages/pycadf/identifier.py:71: UserWarning: Invalid uuid: neutron. To ensure interoperability, identifiers should be a valid uuid. warnings.warn(('Invalid uuid: %s. To ensure interoperability, '
2026-07-15 06:07:31.075 10 INFO neutron.db.ovn_revision_numbers_db [None req-d57970f1-3597-456a-ab74-3058888491ae 6373aa55fe2e48d78ece068c1200a8aa cca1ba5c55d74768b3f4315d60fa5952 - - default default] Successfully bumped revision number for resource fe4787b6-8ab2-4e68-b1e1-8376d8f00a72 (type: security_group_rules) to 0
2026-07-15 06:07:31.098 10 INFO neutron.wsgi [None req-d57970f1-3597-456a-ab74-3058888491ae 6373aa55fe2e48d78ece068c1200a8aa cca1ba5c55d74768b3f4315d60fa5952 - - default default] 10.0.0.193 "POST /v2.0/security-group-rules HTTP/1.1" status: 201 len: 763 time: 0.1436191
2026-07-15 06:07:31.245 10 INFO neutron.db.ovn_revision_numbers_db [None req-3f774a88-aee1-4c63-8077-53a674f3d867 6373aa55fe2e48d78ece068c1200a8aa cca1ba5c55d74768b3f4315d60fa5952 - - default default] Successfully bumped revision number for resource 69928123-573f-408a-b9bc-4c5d8b711185 (type: security_group_rules) to 0
2026-07-15 06:07:31.272 10 INFO neutron.wsgi [None req-3f774a88-aee1-4c63-8077-53a674f3d867 6373aa55fe2e48d78ece068c1200a8aa cca1ba5c55d74768b3f4315d60fa5952 - - default default] 10.0.0.193 "POST /v2.0/security-group-rules HTTP/1.1" status: 201 len: 769 time: 0.1693084
2026-07-15 06:07:31.402 10 INFO neutron.db.ovn_revision_numbers_db [None req-8ffbc347-4781-480f-aa56-e39192686196 6373aa55fe2e48d78ece068c1200a8aa cca1ba5c55d74768b3f4315d60fa5952 - - default default] Successfully bumped revision number for resource 05e1ba5b-14ae-4b02-8963-972bca912d06 (type: security_group_rules) to 0
2026-07-15 06:07:31.429 10 INFO neutron.wsgi [None req-8ffbc347-4781-480f-aa56-e39192686196 6373aa55fe2e48d78ece068c1200a8aa cca1ba5c55d74768b3f4315d60fa5952 - - default default] 10.0.0.193 "POST /v2.0/security-group-rules HTTP/1.1" status: 201 len: 768 time: 0.1529667
2026-07-15 06:07:31.443 9 INFO neutron.db.ovn_revision_numbers_db [req-838e092f-1599-4845-82c4-e1a9c678d0c4 req-94744fe8-3760-4d25-a97b-c3845f528259 5ddb7c26a91f4aee83815da130d7fc8c 642a17d38a284a24b594effabaf0fd35 - - 2d0863a0ba5346be999fbb03d6fa654f 2d0863a0ba5346be999fbb03d6fa654f] Successfully bumped revision number for resource be1831be-c737-4798-be59-a89730b2497c (type: ports) to 2
2026-07-15 06:07:31.456 10 INFO neutron.db.securitygroups_db [None req-b6d5f9c9-e175-44a6-8635-70dcee77bd90 6373aa55fe2e48d78ece068c1200a8aa cca1ba5c55d74768b3f4315d60fa5952 - - default default] Project cca1ba5c55d74768b3f4315d60fa5952 added a security group rule with legacy IPv6 ICMP protocol name icmp, ipv6-icmp should be used instead. It was automatically converted.
2026-07-15 06:07:31.539 10 INFO neutron.db.ovn_revision_numbers_db [None req-b6d5f9c9-e175-44a6-8635-70dcee77bd90 6373aa55fe2e48d78ece068c1200a8aa cca1ba5c55d74768b3f4315d60fa5952 - - default default] Successfully bumped revision number for resource 42e45040-ecb8-4ccc-b85e-9ae6d68ada22 (type: security_group_rules) to 0
2026-07-15 06:07:31.563 10 INFO neutron.wsgi [None req-b6d5f9c9-e175-44a6-8635-70dcee77bd90 6373aa55fe2e48d78ece068c1200a8aa cca1ba5c55d74768b3f4315d60fa5952 - - default default] 10.0.0.193 "POST /v2.0/security-group-rules HTTP/1.1" status: 201 len: 774 time: 0.1290030
2026-07-15 06:07:31.589 10 INFO neutron.db.securitygroups_db [None req-66f308dc-ddfe-4361-a24c-098ecab98505 6373aa55fe2e48d78ece068c1200a8aa cca1ba5c55d74768b3f4315d60fa5952 - - default default] Project cca1ba5c55d74768b3f4315d60fa5952 added a security group rule with legacy IPv6 ICMP protocol name icmp, ipv6-icmp should be used instead. It was automatically converted.
2026-07-15 06:07:31.614 9 INFO neutron.db.ovn_revision_numbers_db [req-838e092f-1599-4845-82c4-e1a9c678d0c4 req-94744fe8-3760-4d25-a97b-c3845f528259 5ddb7c26a91f4aee83815da130d7fc8c 642a17d38a284a24b594effabaf0fd35 - - 2d0863a0ba5346be999fbb03d6fa654f 2d0863a0ba5346be999fbb03d6fa654f] Successfully bumped revision number for resource be1831be-c737-4798-be59-a89730b2497c (type: ports) to 2
2026-07-15 06:07:31.628 9 INFO neutron.wsgi [req-838e092f-1599-4845-82c4-e1a9c678d0c4 req-94744fe8-3760-4d25-a97b-c3845f528259 5ddb7c26a91f4aee83815da130d7fc8c 642a17d38a284a24b594effabaf0fd35 - - 2d0863a0ba5346be999fbb03d6fa654f 2d0863a0ba5346be999fbb03d6fa654f] 199.204.45.153 "PUT /v2.0/ports/be1831be-c737-4798-be59-a89730b2497c HTTP/1.1" status: 200 len: 1419 time: 0.5840285
2026-07-15 06:07:31.666 9 INFO neutron.notifiers.nova [-] Nova event matching ['req-9a70c59d-506f-465d-957f-303a3075209c'] response: {'name': 'network-changed', 'server_uuid': 'f364f005-1d11-428c-bde9-ff80cbe5581a', 'tag': 'be1831be-c737-4798-be59-a89730b2497c', 'status': 'completed', 'code': 200} /var/lib/openstack/lib/python3.10/site-packages/pycadf/identifier.py:71: UserWarning: Invalid uuid: neutron. To ensure interoperability, identifiers should be a valid uuid. warnings.warn(('Invalid uuid: %s. To ensure interoperability, '
2026-07-15 06:07:31.699 10 INFO neutron.db.ovn_revision_numbers_db [None req-66f308dc-ddfe-4361-a24c-098ecab98505 6373aa55fe2e48d78ece068c1200a8aa cca1ba5c55d74768b3f4315d60fa5952 - - default default] Successfully bumped revision number for resource 6fb1ea0d-121a-4fa3-89bf-17f5aa7eae86 (type: security_group_rules) to 0
2026-07-15 06:07:31.707 9 INFO neutron.wsgi [req-838e092f-1599-4845-82c4-e1a9c678d0c4 req-612eb1ec-0bf1-4427-ba02-65d247c98e1b 5ddb7c26a91f4aee83815da130d7fc8c 642a17d38a284a24b594effabaf0fd35 - - 2d0863a0ba5346be999fbb03d6fa654f 2d0863a0ba5346be999fbb03d6fa654f] 199.204.45.153 "GET /v2.0/ports?tenant_id=f86012f3d9444bdcb1848b7214d0850f&device_id=f364f005-1d11-428c-bde9-ff80cbe5581a HTTP/1.1" status: 200 len: 1450 time: 0.0357313
2026-07-15 06:07:31.723 10 INFO neutron.wsgi [None req-66f308dc-ddfe-4361-a24c-098ecab98505 6373aa55fe2e48d78ece068c1200a8aa cca1ba5c55d74768b3f4315d60fa5952 - - default default] 10.0.0.193 "POST /v2.0/security-group-rules HTTP/1.1" status: 201 len: 773 time: 0.1550558
2026-07-15 06:07:31.738 9 INFO neutron.wsgi [req-838e092f-1599-4845-82c4-e1a9c678d0c4 req-f458b745-ee32-4cba-aaae-2586c6870209 5ddb7c26a91f4aee83815da130d7fc8c 642a17d38a284a24b594effabaf0fd35 - - 2d0863a0ba5346be999fbb03d6fa654f 2d0863a0ba5346be999fbb03d6fa654f] 199.204.45.153 "GET /v2.0/floatingips?fixed_ip_address=10.100.0.13&port_id=be1831be-c737-4798-be59-a89730b2497c HTTP/1.1" status: 200 len: 217 time: 0.0235262
2026-07-15 06:07:31.776 9 INFO neutron.wsgi [req-59812a5f-db79-4c8d-b69f-b1de81a2b38b req-bbec34bf-3e64-4d9c-8ab5-751c23fdac57 6e804047cfd843ecb310531e10430430 f86012f3d9444bdcb1848b7214d0850f - - default default] 10.0.0.185 "GET /v2.0/ports?device_id=f364f005-1d11-428c-bde9-ff80cbe5581a HTTP/1.1" status: 200 len: 1212 time: 0.0377288
2026-07-15 06:07:31.782 9 INFO neutron.wsgi [req-838e092f-1599-4845-82c4-e1a9c678d0c4 req-41d11a6c-4dfa-4a85-9bf9-9fd1861e98e4 5ddb7c26a91f4aee83815da130d7fc8c 642a17d38a284a24b594effabaf0fd35 - - 2d0863a0ba5346be999fbb03d6fa654f 2d0863a0ba5346be999fbb03d6fa654f] 199.204.45.153 "GET /v2.0/subnets?id=adc82eb7-2935-4bee-88a1-453937fd7a23 HTTP/1.1" status: 200 len: 866 time: 0.0378613
2026-07-15 06:07:31.811 9 INFO neutron.wsgi [req-838e092f-1599-4845-82c4-e1a9c678d0c4 req-2f48255b-302a-45b4-98fc-e83ef0af5c30 5ddb7c26a91f4aee83815da130d7fc8c 642a17d38a284a24b594effabaf0fd35 - - 2d0863a0ba5346be999fbb03d6fa654f 2d0863a0ba5346be999fbb03d6fa654f] 199.204.45.153 "GET /v2.0/ports?network_id=c164c26e-19da-4ec2-bc28-26ad129981e4&device_owner=network%3Adhcp HTTP/1.1" status: 200 len: 210 time: 0.0198574
2026-07-15 06:07:31.842 9 INFO neutron.wsgi [req-59812a5f-db79-4c8d-b69f-b1de81a2b38b req-ae38c203-0b44-48ad-aa19-9509da5b50b4 6e804047cfd843ecb310531e10430430 f86012f3d9444bdcb1848b7214d0850f - - default default] 10.0.0.185 "GET /v2.0/security-groups?id=de16ec29-66a5-40ef-a095-7652ffb2449f&id=1834a443-f5f0-4208-ba14-ab04d075d9e9&fields=id&fields=name HTTP/1.1" status: 200 len: 404 time: 0.0588398
2026-07-15 06:07:31.883 9 INFO neutron.wsgi [req-838e092f-1599-4845-82c4-e1a9c678d0c4 req-3309e602-b709-433c-a74a-41b2965773ff 5ddb7c26a91f4aee83815da130d7fc8c 642a17d38a284a24b594effabaf0fd35 - - 2d0863a0ba5346be999fbb03d6fa654f 2d0863a0ba5346be999fbb03d6fa654f] 199.204.45.153 "GET /v2.0/networks/c164c26e-19da-4ec2-bc28-26ad129981e4?fields=segments HTTP/1.1" status: 200 len: 212 time: 0.0620353
2026-07-15 06:07:31.949 9 INFO neutron.wsgi [req-838e092f-1599-4845-82c4-e1a9c678d0c4 req-afd0e2b7-9cd3-4b14-bfb2-1570d40350c6 5ddb7c26a91f4aee83815da130d7fc8c 642a17d38a284a24b594effabaf0fd35 - - 2d0863a0ba5346be999fbb03d6fa654f 2d0863a0ba5346be999fbb03d6fa654f] 199.204.45.153 "GET /v2.0/networks/c164c26e-19da-4ec2-bc28-26ad129981e4?fields=provider%3Aphysical_network&fields=provider%3Anetwork_type HTTP/1.1" status: 200 len: 277 time: 0.0594373
2026-07-15 06:07:32.023 9 INFO neutron.wsgi [req-f4d95a39-422f-4261-aebf-77498242edf3 req-bd50d077-d040-43c7-ad5e-6ba15fbf416a 5ddb7c26a91f4aee83815da130d7fc8c 642a17d38a284a24b594effabaf0fd35 - - 2d0863a0ba5346be999fbb03d6fa654f 2d0863a0ba5346be999fbb03d6fa654f] 199.204.45.153 "GET /v2.0/ports?tenant_id=f86012f3d9444bdcb1848b7214d0850f&device_id=f364f005-1d11-428c-bde9-ff80cbe5581a HTTP/1.1" status: 200 len: 1450 time: 0.0349336
2026-07-15 06:07:32.083 9 INFO neutron.wsgi [req-f4d95a39-422f-4261-aebf-77498242edf3 req-bb5bdcde-e35a-41b0-9357-a1ffcb524c76 5ddb7c26a91f4aee83815da130d7fc8c 642a17d38a284a24b594effabaf0fd35 - - 2d0863a0ba5346be999fbb03d6fa654f 2d0863a0ba5346be999fbb03d6fa654f] 199.204.45.153 "GET /v2.0/networks?id=c164c26e-19da-4ec2-bc28-26ad129981e4 HTTP/1.1" status: 200 len: 971 time: 0.0544662
2026-07-15 06:07:32.123 9 INFO neutron.wsgi [req-f4d95a39-422f-4261-aebf-77498242edf3 req-6a7a6577-0bd0-45cb-840d-5ea10938926a 5ddb7c26a91f4aee83815da130d7fc8c 642a17d38a284a24b594effabaf0fd35 - - 2d0863a0ba5346be999fbb03d6fa654f 2d0863a0ba5346be999fbb03d6fa654f] 199.204.45.153 "GET /v2.0/floatingips?fixed_ip_address=10.100.0.13&port_id=be1831be-c737-4798-be59-a89730b2497c HTTP/1.1" status: 200 len: 217 time: 0.0361743
2026-07-15 06:07:32.149 10 INFO neutron.wsgi [req-0abc3320-77fe-45a7-aef3-0dfa8423bb49 req-af601c8e-6071-40c2-8f63-20af4a71d91b 5ddb7c26a91f4aee83815da130d7fc8c 642a17d38a284a24b594effabaf0fd35 - - 2d0863a0ba5346be999fbb03d6fa654f 2d0863a0ba5346be999fbb03d6fa654f] 199.204.45.153 "GET /v2.0/ports?device_id=f364f005-1d11-428c-bde9-ff80cbe5581a HTTP/1.1" status: 200 len: 1450 time: 0.0541775
2026-07-15 06:07:32.159 9 INFO neutron.wsgi [req-f4d95a39-422f-4261-aebf-77498242edf3 req-37e85b2c-404c-47e7-a72b-5513c65ef91b 5ddb7c26a91f4aee83815da130d7fc8c 642a17d38a284a24b594effabaf0fd35 - - 2d0863a0ba5346be999fbb03d6fa654f 2d0863a0ba5346be999fbb03d6fa654f] 199.204.45.153 "GET /v2.0/subnets?id=adc82eb7-2935-4bee-88a1-453937fd7a23 HTTP/1.1" status: 200 len: 866 time: 0.0280352
2026-07-15 06:07:32.185 9 INFO neutron.wsgi [req-f4d95a39-422f-4261-aebf-77498242edf3 req-9829ec83-c148-411f-bab8-c2f25728c9e8 5ddb7c26a91f4aee83815da130d7fc8c 642a17d38a284a24b594effabaf0fd35 - - 2d0863a0ba5346be999fbb03d6fa654f 2d0863a0ba5346be999fbb03d6fa654f] 199.204.45.153 "GET /v2.0/ports?network_id=c164c26e-19da-4ec2-bc28-26ad129981e4&device_owner=network%3Adhcp HTTP/1.1" status: 200 len: 210 time: 0.0199277
2026-07-15 06:07:32.188 10 INFO neutron.wsgi [req-0abc3320-77fe-45a7-aef3-0dfa8423bb49 req-a4d5a454-949e-41da-89f7-54a2531ff823 5ddb7c26a91f4aee83815da130d7fc8c 642a17d38a284a24b594effabaf0fd35 - - 2d0863a0ba5346be999fbb03d6fa654f 2d0863a0ba5346be999fbb03d6fa654f] 199.204.45.153 "GET /v2.0/security-groups?id=de16ec29-66a5-40ef-a095-7652ffb2449f&id=1834a443-f5f0-4208-ba14-ab04d075d9e9&fields=id&fields=name HTTP/1.1" status: 200 len: 404 time: 0.0349598
2026-07-15 06:07:32.293 10 INFO neutron.plugins.ml2.drivers.ovn.mech_driver.mech_driver [None req-075daebd-3661-410b-84e4-7c0e99986985 - - - - - -] OVN reports status up for port: be1831be-c737-4798-be59-a89730b2497c
2026-07-15 06:07:32.323 10 INFO neutron.plugins.ml2.plugin [None req-075daebd-3661-410b-84e4-7c0e99986985 - - - - - -] Attempt 1 to provision port be1831be-c737-4798-be59-a89730b2497c
2026-07-15 06:07:32.329 9 INFO neutron.wsgi [req-f4d95a39-422f-4261-aebf-77498242edf3 req-5167485e-5425-4c0e-b9fd-4921d17ecee4 5ddb7c26a91f4aee83815da130d7fc8c 642a17d38a284a24b594effabaf0fd35 - - 2d0863a0ba5346be999fbb03d6fa654f 2d0863a0ba5346be999fbb03d6fa654f] 199.204.45.153 "GET /v2.0/networks/c164c26e-19da-4ec2-bc28-26ad129981e4?fields=segments HTTP/1.1" status: 200 len: 212 time: 0.1102028
2026-07-15 06:07:32.354 9 INFO neutron.wsgi [None req-9ba00c34-26d9-40a4-b91f-0c54cc9c1cea 6373aa55fe2e48d78ece068c1200a8aa cca1ba5c55d74768b3f4315d60fa5952 - - default default] 10.0.0.193 "GET /v2.0/networks HTTP/1.1" status: 200 len: 1493 time: 0.2455306
2026-07-15 06:07:32.443 9 INFO neutron.wsgi [req-f4d95a39-422f-4261-aebf-77498242edf3 req-6a299471-8016-40d5-a0a1-623bde1cc7d7 5ddb7c26a91f4aee83815da130d7fc8c 642a17d38a284a24b594effabaf0fd35 - - 2d0863a0ba5346be999fbb03d6fa654f 2d0863a0ba5346be999fbb03d6fa654f] 199.204.45.153 "GET /v2.0/networks/c164c26e-19da-4ec2-bc28-26ad129981e4?fields=provider%3Aphysical_network&fields=provider%3Anetwork_type HTTP/1.1" status: 200 len: 277 time: 0.1084685
2026-07-15 06:07:32.483 9 INFO neutron.wsgi [req-8bc575b1-28ba-4d39-b9bf-a9012473e757 req-e0f62991-3800-4200-867f-12ec8af076ab 6373aa55fe2e48d78ece068c1200a8aa cca1ba5c55d74768b3f4315d60fa5952 - - default default] 10.0.0.185 "GET /v2.0/security-groups?name=tempest-secgroup-smoke-859129551&fields=id&tenant_id=cca1ba5c55d74768b3f4315d60fa5952 HTTP/1.1" status: 200 len: 267 time: 0.0482988
2026-07-15 06:07:32.505 10 INFO neutron.notifiers.nova [-] Nova event matching ['req-96103536-4bc4-4bf8-87a9-576473ec6b75'] response: {'server_uuid': 'f364f005-1d11-428c-bde9-ff80cbe5581a', 'name': 'network-vif-plugged', 'status': 'completed', 'tag': 'be1831be-c737-4798-be59-a89730b2497c', 'code': 200}
2026-07-15 06:07:32.584 9 INFO neutron.wsgi [req-8bc575b1-28ba-4d39-b9bf-a9012473e757 req-ad22d613-2178-46b7-a063-54313102d806 6373aa55fe2e48d78ece068c1200a8aa cca1ba5c55d74768b3f4315d60fa5952 - - default default] 10.0.0.185 "GET /v2.0/networks?id=09711e01-864e-446b-a0e0-06dc7d11a52c HTTP/1.1" status: 200 len: 860 time: 0.0933402
2026-07-15 06:07:32.606 9 INFO neutron.wsgi [req-8bc575b1-28ba-4d39-b9bf-a9012473e757 req-da566fbc-395a-41f4-9079-c147d6e28bbd 6373aa55fe2e48d78ece068c1200a8aa cca1ba5c55d74768b3f4315d60fa5952 - - default default] 10.0.0.185 "GET /v2.0/quotas/cca1ba5c55d74768b3f4315d60fa5952 HTTP/1.1" status: 200 len: 386 time: 0.0135295
2026-07-15 06:07:32.648 10 INFO neutron.db.ovn_revision_numbers_db [None req-075daebd-3661-410b-84e4-7c0e99986985 - - - - - -] Successfully bumped revision number for resource be1831be-c737-4798-be59-a89730b2497c (type: ports) to 4
2026-07-15 06:07:32.719 9 INFO neutron.wsgi [req-8bc575b1-28ba-4d39-b9bf-a9012473e757 req-23ae33bb-037b-46d0-b4d4-3386c3411568 6373aa55fe2e48d78ece068c1200a8aa cca1ba5c55d74768b3f4315d60fa5952 - - default default] 10.0.0.185 "GET /v2.0/ports?tenant_id=cca1ba5c55d74768b3f4315d60fa5952&fields=id HTTP/1.1" status: 200 len: 302 time: 0.1029248 /var/lib/openstack/lib/python3.10/site-packages/pycadf/identifier.py:71: UserWarning: Invalid uuid: neutron. To ensure interoperability, identifiers should be a valid uuid. warnings.warn(('Invalid uuid: %s. To ensure interoperability, '
2026-07-15 06:07:32.809 9 INFO neutron.wsgi [req-8bc575b1-28ba-4d39-b9bf-a9012473e757 req-a4aae57c-0c04-4051-af9b-3e28c6a21548 5ddb7c26a91f4aee83815da130d7fc8c 642a17d38a284a24b594effabaf0fd35 - - 2d0863a0ba5346be999fbb03d6fa654f 2d0863a0ba5346be999fbb03d6fa654f] 10.0.0.185 "GET /v2.0/networks/09711e01-864e-446b-a0e0-06dc7d11a52c?fields=segments HTTP/1.1" status: 200 len: 212 time: 0.0791118
2026-07-15 06:07:32.821 9 INFO neutron.db.ovn_revision_numbers_db [None req-79633aff-a0f8-4c49-bb1e-787809c2167b 363ffefd64e3452f9a4d261d03e267ae 4859c4cb4ab64222b97f5cb257c9c5db - - default default] Successfully bumped revision number for resource cf7f26de-7865-4e5c-a91c-64b1cb8b170e (type: security_groups) to 1
2026-07-15 06:07:32.846 9 INFO neutron.db.ovn_revision_numbers_db [None req-79633aff-a0f8-4c49-bb1e-787809c2167b 363ffefd64e3452f9a4d261d03e267ae 4859c4cb4ab64222b97f5cb257c9c5db - - default default] Successfully bumped revision number for resource 3b24478f-81d7-4df8-b1ef-a2fd242ee15d (type: security_group_rules) to 0
2026-07-15 06:07:32.867 9 INFO neutron.db.ovn_revision_numbers_db [None req-79633aff-a0f8-4c49-bb1e-787809c2167b 363ffefd64e3452f9a4d261d03e267ae 4859c4cb4ab64222b97f5cb257c9c5db - - default default] Successfully bumped revision number for resource 96392030-d95e-4645-91a9-abed715a5ffc (type: security_group_rules) to 0
2026-07-15 06:07:32.889 9 INFO neutron.wsgi [req-8bc575b1-28ba-4d39-b9bf-a9012473e757 req-b1409b5b-1512-4134-8912-8f9731286d19 5ddb7c26a91f4aee83815da130d7fc8c 642a17d38a284a24b594effabaf0fd35 - - 2d0863a0ba5346be999fbb03d6fa654f 2d0863a0ba5346be999fbb03d6fa654f] 10.0.0.185 "GET /v2.0/networks/09711e01-864e-446b-a0e0-06dc7d11a52c?fields=provider%3Aphysical_network&fields=provider%3Anetwork_type HTTP/1.1" status: 200 len: 277 time: 0.0739832
2026-07-15 06:07:32.891 9 INFO neutron.db.ovn_revision_numbers_db [None req-79633aff-a0f8-4c49-bb1e-787809c2167b 363ffefd64e3452f9a4d261d03e267ae 4859c4cb4ab64222b97f5cb257c9c5db - - default default] Successfully bumped revision number for resource d11a6349-20b1-4b60-a615-8de5917396d4 (type: security_group_rules) to 0
2026-07-15 06:07:32.898 10 INFO neutron.db.ovn_revision_numbers_db [None req-f69b6944-91d5-4313-9696-d0f077ddda09 b12c0261aabc4148a8d14edbab9a42f1 4faf39b8e0cd4b7f8a7fa5fe4a037441 - - default default] Successfully bumped revision number for resource ea6019c1-06b3-46d2-b399-4e116a2be5dd (type: security_groups) to 1
2026-07-15 06:07:32.904 9 INFO neutron.db.ovn_revision_numbers_db [None req-79633aff-a0f8-4c49-bb1e-787809c2167b 363ffefd64e3452f9a4d261d03e267ae 4859c4cb4ab64222b97f5cb257c9c5db - - default default] Successfully bumped revision number for resource e298e4cd-edad-438d-9a31-4daf74fe866f (type: security_group_rules) to 0
2026-07-15 06:07:32.911 10 INFO neutron.db.ovn_revision_numbers_db [None req-f69b6944-91d5-4313-9696-d0f077ddda09 b12c0261aabc4148a8d14edbab9a42f1 4faf39b8e0cd4b7f8a7fa5fe4a037441 - - default default] Successfully bumped revision number for resource 53209f88-b973-4704-a42e-96b006bf963c (type: security_group_rules) to 0
2026-07-15 06:07:32.925 10 INFO neutron.db.ovn_revision_numbers_db [None req-f69b6944-91d5-4313-9696-d0f077ddda09 b12c0261aabc4148a8d14edbab9a42f1 4faf39b8e0cd4b7f8a7fa5fe4a037441 - - default default] Successfully bumped revision number for resource cf238fcc-35e0-4197-af5d-6a75691761dc (type: security_group_rules) to 0
2026-07-15 06:07:32.939 10 INFO neutron.db.ovn_revision_numbers_db [None req-f69b6944-91d5-4313-9696-d0f077ddda09 b12c0261aabc4148a8d14edbab9a42f1 4faf39b8e0cd4b7f8a7fa5fe4a037441 - - default default] Successfully bumped revision number for resource db853ec3-b929-4f2a-9ee0-259feb6349de (type: security_group_rules) to 0
2026-07-15 06:07:32.950 9 INFO neutron.wsgi [req-6fbb6343-1e1f-4373-ad21-b94d16ae80e0 req-3712d313-9fec-456c-b329-f1b8da6f114e 6e804047cfd843ecb310531e10430430 f86012f3d9444bdcb1848b7214d0850f - - default default] 10.0.0.185 "GET /v2.0/ports?device_id=f364f005-1d11-428c-bde9-ff80cbe5581a HTTP/1.1" status: 200 len: 1214 time: 0.0304296
2026-07-15 06:07:32.953 10 INFO neutron.db.ovn_revision_numbers_db [None req-f69b6944-91d5-4313-9696-d0f077ddda09 b12c0261aabc4148a8d14edbab9a42f1 4faf39b8e0cd4b7f8a7fa5fe4a037441 - - default default] Successfully bumped revision number for resource fafa0e75-d864-4a5b-b2a8-8ab7b6a67d9c (type: security_group_rules) to 0
2026-07-15 06:07:32.962 9 INFO neutron.db.segments_db [None req-79633aff-a0f8-4c49-bb1e-787809c2167b 363ffefd64e3452f9a4d261d03e267ae 4859c4cb4ab64222b97f5cb257c9c5db - - default default] Added segment 70d2205c-3b20-440b-b3ce-4ba79fb5431b of type geneve for network 46dc5b23-68a3-47e8-9c24-1b03e77b38a3
2026-07-15 06:07:33.007 9 INFO neutron.wsgi [req-6fbb6343-1e1f-4373-ad21-b94d16ae80e0 req-2592075d-4350-475b-ace3-5c0da1c7bd56 6e804047cfd843ecb310531e10430430 f86012f3d9444bdcb1848b7214d0850f - - default default] 10.0.0.185 "GET /v2.0/security-groups?id=de16ec29-66a5-40ef-a095-7652ffb2449f&id=1834a443-f5f0-4208-ba14-ab04d075d9e9&fields=id&fields=name HTTP/1.1" status: 200 len: 404 time: 0.0511379
2026-07-15 06:07:33.010 10 INFO neutron.db.segments_db [None req-f69b6944-91d5-4313-9696-d0f077ddda09 b12c0261aabc4148a8d14edbab9a42f1 4faf39b8e0cd4b7f8a7fa5fe4a037441 - - default default] Added segment f9adf5cb-b43e-4dfd-bd1b-24674d840fa0 of type geneve for network ad68545e-866d-4d88-bfc9-f772cbe53fc7
2026-07-15 06:07:33.048 9 INFO neutron.wsgi [req-278d99dc-e747-47dc-8aa1-67f0fd5b0d11 req-07edeff8-77c1-446f-9b7f-ac2834e8cd78 6373aa55fe2e48d78ece068c1200a8aa cca1ba5c55d74768b3f4315d60fa5952 - - default default] 10.0.0.185 "GET /v2.0/ports?device_id=ead5e4bb-b5a4-4b16-84d6-289adedee71f HTTP/1.1" status: 200 len: 210 time: 0.0328104
2026-07-15 06:07:33.175 9 INFO neutron.db.ovn_revision_numbers_db [None req-79633aff-a0f8-4c49-bb1e-787809c2167b 363ffefd64e3452f9a4d261d03e267ae 4859c4cb4ab64222b97f5cb257c9c5db - - default default] Successfully bumped revision number for resource 46dc5b23-68a3-47e8-9c24-1b03e77b38a3 (type: networks) to 1
2026-07-15 06:07:33.186 10 INFO neutron.db.ovn_revision_numbers_db [None req-f69b6944-91d5-4313-9696-d0f077ddda09 b12c0261aabc4148a8d14edbab9a42f1 4faf39b8e0cd4b7f8a7fa5fe4a037441 - - default default] Successfully bumped revision number for resource ad68545e-866d-4d88-bfc9-f772cbe53fc7 (type: networks) to 1
2026-07-15 06:07:33.360 10 WARNING neutron.scheduler.dhcp_agent_scheduler [None req-f69b6944-91d5-4313-9696-d0f077ddda09 b12c0261aabc4148a8d14edbab9a42f1 4faf39b8e0cd4b7f8a7fa5fe4a037441 - - default default] No more DHCP agents
2026-07-15 06:07:33.362 10 WARNING neutron.api.rpc.agentnotifiers.dhcp_rpc_agent_api [None req-f69b6944-91d5-4313-9696-d0f077ddda09 b12c0261aabc4148a8d14edbab9a42f1 4faf39b8e0cd4b7f8a7fa5fe4a037441 - - default default] Unable to schedule network ad68545e-866d-4d88-bfc9-f772cbe53fc7: no agents available; will retry on subsequent port and subnet creation events.
2026-07-15 06:07:33.380 9 WARNING neutron.scheduler.dhcp_agent_scheduler [None req-79633aff-a0f8-4c49-bb1e-787809c2167b 363ffefd64e3452f9a4d261d03e267ae 4859c4cb4ab64222b97f5cb257c9c5db - - default default] No more DHCP agents
2026-07-15 06:07:33.383 9 WARNING neutron.api.rpc.agentnotifiers.dhcp_rpc_agent_api [None req-79633aff-a0f8-4c49-bb1e-787809c2167b 363ffefd64e3452f9a4d261d03e267ae 4859c4cb4ab64222b97f5cb257c9c5db - - default default] Unable to schedule network 46dc5b23-68a3-47e8-9c24-1b03e77b38a3: no agents available; will retry on subsequent port and subnet creation events.
2026-07-15 06:07:33.434 10 INFO neutron.db.ovn_revision_numbers_db [None req-f69b6944-91d5-4313-9696-d0f077ddda09 b12c0261aabc4148a8d14edbab9a42f1 4faf39b8e0cd4b7f8a7fa5fe4a037441 - - default default] Successfully bumped revision number for resource 847803af-3193-4610-ad54-4de6a888512f (type: ports) to 1
2026-07-15 06:07:33.451 10 INFO neutron.wsgi [None req-f69b6944-91d5-4313-9696-d0f077ddda09 b12c0261aabc4148a8d14edbab9a42f1 4faf39b8e0cd4b7f8a7fa5fe4a037441 - - default default] 10.0.0.193 "POST /v2.0/networks HTTP/1.1" status: 201 len: 942 time: 0.7466910
2026-07-15 06:07:33.489 9 INFO neutron.db.ovn_revision_numbers_db [None req-79633aff-a0f8-4c49-bb1e-787809c2167b 363ffefd64e3452f9a4d261d03e267ae 4859c4cb4ab64222b97f5cb257c9c5db - - default default] Successfully bumped revision number for resource 2a837227-d5c6-44f4-95ba-dee34b86cda4 (type: ports) to 1
2026-07-15 06:07:33.521 9 INFO neutron.wsgi [None req-79633aff-a0f8-4c49-bb1e-787809c2167b 363ffefd64e3452f9a4d261d03e267ae 4859c4cb4ab64222b97f5cb257c9c5db - - default default] 10.0.0.193 "POST /v2.0/networks HTTP/1.1" status: 201 len: 831 time: 1.0049193
2026-07-15 06:07:33.615 10 WARNING neutron.scheduler.dhcp_agent_scheduler [None req-1bc7bca5-4077-4690-9624-0e7e4eaf3bc0 b12c0261aabc4148a8d14edbab9a42f1 4faf39b8e0cd4b7f8a7fa5fe4a037441 - - default default] No more DHCP agents
2026-07-15 06:07:33.618 10 WARNING neutron.api.rpc.agentnotifiers.dhcp_rpc_agent_api [None req-1bc7bca5-4077-4690-9624-0e7e4eaf3bc0 b12c0261aabc4148a8d14edbab9a42f1 4faf39b8e0cd4b7f8a7fa5fe4a037441 - - default default] Unable to schedule network ad68545e-866d-4d88-bfc9-f772cbe53fc7: no agents available; will retry on subsequent port and subnet creation events. /var/lib/openstack/lib/python3.10/site-packages/pycadf/identifier.py:71: UserWarning: Invalid uuid: neutron. To ensure interoperability, identifiers should be a valid uuid. warnings.warn(('Invalid uuid: %s. To ensure interoperability, '
2026-07-15 06:07:33.786 9 WARNING neutron.scheduler.dhcp_agent_scheduler [None req-95a2bd5a-2f3d-430a-b971-bc59d955c8b6 363ffefd64e3452f9a4d261d03e267ae 4859c4cb4ab64222b97f5cb257c9c5db - - default default] No more DHCP agents
2026-07-15 06:07:33.789 9 WARNING neutron.api.rpc.agentnotifiers.dhcp_rpc_agent_api [None req-95a2bd5a-2f3d-430a-b971-bc59d955c8b6 363ffefd64e3452f9a4d261d03e267ae 4859c4cb4ab64222b97f5cb257c9c5db - - default default] Unable to schedule network 46dc5b23-68a3-47e8-9c24-1b03e77b38a3: no agents available; will retry on subsequent port and subnet creation events.
2026-07-15 06:07:33.845 9 INFO neutron.wsgi [req-8bc575b1-28ba-4d39-b9bf-a9012473e757 req-b66f8ca2-726a-490b-8657-a13e4d39e515 6373aa55fe2e48d78ece068c1200a8aa cca1ba5c55d74768b3f4315d60fa5952 - - default default] 199.204.45.153 "GET /v2.0/networks?id=09711e01-864e-446b-a0e0-06dc7d11a52c HTTP/1.1" status: 200 len: 860 time: 0.1076987 /var/lib/openstack/lib/python3.10/site-packages/pycadf/identifier.py:71: UserWarning: Invalid uuid: neutron. To ensure interoperability, identifiers should be a valid uuid. warnings.warn(('Invalid uuid: %s. To ensure interoperability, '
2026-07-15 06:07:33.904 9 INFO neutron.db.ovn_revision_numbers_db [None req-95a2bd5a-2f3d-430a-b971-bc59d955c8b6 363ffefd64e3452f9a4d261d03e267ae 4859c4cb4ab64222b97f5cb257c9c5db - - default default] Successfully bumped revision number for resource c744051f-cb40-43b0-bf76-a3dedbc8fea5 (type: ports) to 1
2026-07-15 06:07:33.908 9 INFO neutron.wsgi [req-8bc575b1-28ba-4d39-b9bf-a9012473e757 req-41675215-f6b3-4b48-9d41-5300396bcd53 6373aa55fe2e48d78ece068c1200a8aa cca1ba5c55d74768b3f4315d60fa5952 - - default default] 199.204.45.153 "GET /v2.0/security-groups?fields=id&fields=name&tenant_id=cca1ba5c55d74768b3f4315d60fa5952 HTTP/1.1" status: 200 len: 379 time: 0.0566094
2026-07-15 06:07:33.925 9 INFO neutron.wsgi [None req-95a2bd5a-2f3d-430a-b971-bc59d955c8b6 363ffefd64e3452f9a4d261d03e267ae 4859c4cb4ab64222b97f5cb257c9c5db - - default default] 10.0.0.193 "POST /v2.0/ports HTTP/1.1" status: 201 len: 942 time: 0.3991838
2026-07-15 06:07:34.179 9 INFO neutron.wsgi [req-eaea9ac8-019f-446b-b234-e07127c332d3 req-66fc5f2e-119c-4777-b445-e029cdcf3b55 6373aa55fe2e48d78ece068c1200a8aa cca1ba5c55d74768b3f4315d60fa5952 - - default default] 10.0.0.185 "GET /v2.0/ports?device_id=ead5e4bb-b5a4-4b16-84d6-289adedee71f HTTP/1.1" status: 200 len: 210 time: 0.0351095
2026-07-15 06:07:34.192 10 INFO neutron.db.ovn_revision_numbers_db [None req-1bc7bca5-4077-4690-9624-0e7e4eaf3bc0 b12c0261aabc4148a8d14edbab9a42f1 4faf39b8e0cd4b7f8a7fa5fe4a037441 - - default default] Successfully bumped revision number for resource 847803af-3193-4610-ad54-4de6a888512f (type: ports) to 2
2026-07-15 06:07:34.219 9 INFO neutron.wsgi [req-fe63b21f-50aa-4ad8-9eb7-0d5b7a7cb437 req-71bd8129-4865-4d32-9f8b-c0108a6996bd 6e804047cfd843ecb310531e10430430 f86012f3d9444bdcb1848b7214d0850f - - default default] 10.0.0.185 "GET /v2.0/ports?device_id=f364f005-1d11-428c-bde9-ff80cbe5581a HTTP/1.1" status: 200 len: 1214 time: 0.1506650
2026-07-15 06:07:34.223 10 INFO neutron.wsgi [None req-a48c12ca-8d49-471b-8f46-d291a1695ec3 363ffefd64e3452f9a4d261d03e267ae 4859c4cb4ab64222b97f5cb257c9c5db - - default default] 10.0.0.193 "POST /v2.0/trunks HTTP/1.1" status: 201 len: 608 time: 0.2915637
