Sep 23 05:10:09.961363 np0000193756 systemd[1]: Starting devstack@n-api-meta.service - Devstack devstack@n-api-meta.service...
Sep 23 05:10:09.971232 np0000193756 devstack@n-api-meta.service[107335]: [uWSGI] getting INI configuration from /etc/nova/nova-metadata-uwsgi.ini
Sep 23 05:10:09.975685 np0000193756 devstack@n-api-meta.service[107335]: *** Starting uWSGI 2.0.24-debian (64bit) on [Wed Sep 23 05:10:09 2026] ***
Sep 23 05:10:09.975685 np0000193756 devstack@n-api-meta.service[107335]: compiled with version: 13.2.0 on 17 April 2024 16:23:48
Sep 23 05:10:09.975685 np0000193756 devstack@n-api-meta.service[107335]: os: Linux-6.8.0-139-generic #139-Ubuntu SMP PREEMPT_DYNAMIC Sat Aug 1 03:52:05 UTC 2026
Sep 23 05:10:09.975685 np0000193756 devstack@n-api-meta.service[107335]: nodename: np0000193756
Sep 23 05:10:09.975893 np0000193756 devstack@n-api-meta.service[107335]: machine: x86_64
Sep 23 05:10:09.975893 np0000193756 devstack@n-api-meta.service[107335]: clock source: unix
Sep 23 05:10:09.975893 np0000193756 devstack@n-api-meta.service[107335]: pcre jit disabled
Sep 23 05:10:09.975893 np0000193756 devstack@n-api-meta.service[107335]: detected number of CPU cores: 16
Sep 23 05:10:09.975893 np0000193756 devstack@n-api-meta.service[107335]: current working directory: /
Sep 23 05:10:09.975893 np0000193756 devstack@n-api-meta.service[107335]: detected binary path: /usr/bin/uwsgi-core
Sep 23 05:10:09.975893 np0000193756 devstack@n-api-meta.service[107335]: your processes number limit is 256916
Sep 23 05:10:09.975893 np0000193756 devstack@n-api-meta.service[107335]: your memory page size is 4096 bytes
Sep 23 05:10:09.975893 np0000193756 devstack@n-api-meta.service[107335]: detected max file descriptor number: 2048
Sep 23 05:10:09.975893 np0000193756 devstack@n-api-meta.service[107335]: lock engine: pthread robust mutexes
Sep 23 05:10:09.976207 np0000193756 devstack@n-api-meta.service[107335]: thunder lock: enabled
Sep 23 05:10:09.976695 np0000193756 devstack@n-api-meta.service[107335]: uWSGI http bound on 0.0.0.0:8775 fd 5
Sep 23 05:10:09.976777 np0000193756 devstack@n-api-meta.service[107335]: uwsgi socket 0 bound to TCP address 127.0.0.1:37409 (port auto-assigned) fd 4
Sep 23 05:10:09.976777 np0000193756 devstack@n-api-meta.service[107335]: Python version: 3.12.3 (main, Aug 31 2026, 10:18:26) [GCC 13.3.0]
Sep 23 05:10:09.976851 np0000193756 devstack@n-api-meta.service[107335]: PEP 405 virtualenv detected: /opt/stack/data/venv
Sep 23 05:10:09.976851 np0000193756 devstack@n-api-meta.service[107335]: Set PythonHome to /opt/stack/data/venv
Sep 23 05:10:10.027921 np0000193756 devstack@n-api-meta.service[107335]: Python main interpreter initialized at 0x782897aa4668
Sep 23 05:10:10.027959 np0000193756 devstack@n-api-meta.service[107335]: python threads support enabled
Sep 23 05:10:10.027959 np0000193756 devstack@n-api-meta.service[107335]: your server socket listen backlog is limited to 100 connections
Sep 23 05:10:10.027959 np0000193756 devstack@n-api-meta.service[107335]: your mercy for graceful operations on workers is 80 seconds
Sep 23 05:10:10.028476 np0000193756 devstack@n-api-meta.service[107335]: mapped 671795 bytes (656 KB) for 4 cores
Sep 23 05:10:10.028623 np0000193756 devstack@n-api-meta.service[107335]: *** Operational MODE: preforking ***
Sep 23 05:10:10.028802 np0000193756 devstack@n-api-meta.service[107335]: *** uWSGI is running in multiple interpreter mode ***
Sep 23 05:10:10.028802 np0000193756 devstack@n-api-meta.service[107335]: spawned uWSGI master process (pid: 107335)
Sep 23 05:10:10.029012 np0000193756 systemd[1]: Started devstack@n-api-meta.service - Devstack devstack@n-api-meta.service.
Sep 23 05:10:10.029563 np0000193756 devstack@n-api-meta.service[107335]: spawned uWSGI worker 1 (pid: 107336, cores: 1)
Sep 23 05:10:10.030113 np0000193756 devstack@n-api-meta.service[107335]: spawned uWSGI worker 2 (pid: 107337, cores: 1)
Sep 23 05:10:10.030582 np0000193756 devstack@n-api-meta.service[107335]: spawned uWSGI worker 3 (pid: 107338, cores: 1)
Sep 23 05:10:10.031080 np0000193756 devstack@n-api-meta.service[107335]: spawned uWSGI worker 4 (pid: 107339, cores: 1)
Sep 23 05:10:10.031793 np0000193756 devstack@n-api-meta.service[107335]: spawned uWSGI http 1 (pid: 107340)
Sep 23 05:10:10.031793 np0000193756 devstack@n-api-meta.service[107335]: running "unix_signal:15 gracefully_kill_them_all" (master-start)...
Sep 23 05:10:11.615920 np0000193756 devstack@n-api-meta.service[107337]: INFO dbcounter [None req-836b5a0c-f5ac-4774-8b83-5f8355b49e49 None None] Registered counter for database nova_api
Sep 23 05:10:11.661674 np0000193756 devstack@n-api-meta.service[107337]: DEBUG oslo_db.sqlalchemy.engines [None req-836b5a0c-f5ac-4774-8b83-5f8355b49e49 None None] MySQL server mode set to STRICT_TRANS_TABLES,STRICT_ALL_TABLES,NO_ZERO_IN_DATE,NO_ZERO_DATE,ERROR_FOR_DIVISION_BY_ZERO,TRADITIONAL,NO_ENGINE_SUBSTITUTION {{(pid=107337) _check_effective_sql_mode /opt/stack/data/venv/lib/python3.12/site-packages/oslo_db/sqlalchemy/engines.py:325}}
Sep 23 05:10:11.671752 np0000193756 devstack@n-api-meta.service[107339]: INFO dbcounter [None req-73496fc1-e4dd-4a39-853e-4b2b29080638 None None] Registered counter for database nova_api
Sep 23 05:10:11.690395 np0000193756 devstack@n-api-meta.service[107337]: DEBUG dbcounter [-] [107337] Writer thread running {{(pid=107337) stat_writer /opt/stack/data/venv/lib/python3.12/site-packages/dbcounter.py:102}}
Sep 23 05:10:11.692793 np0000193756 devstack@n-api-meta.service[107337]: DEBUG nova.context [None req-836b5a0c-f5ac-4774-8b83-5f8355b49e49 None None] Found 2 cells: 00000000-0000-0000-0000-000000000000(cell0),1e1e504b-2a65-45dd-8c94-0b2184cba212(cell1) {{(pid=107337) load_cells /opt/stack/nova/nova/context.py:532}}
Sep 23 05:10:11.695102 np0000193756 devstack@n-api-meta.service[107337]: DEBUG oslo_concurrency.lockutils [None req-836b5a0c-f5ac-4774-8b83-5f8355b49e49 None None] Acquiring lock "00000000-0000-0000-0000-000000000000" by "nova.context.set_target_cell..get_or_set_cached_cell_and_set_connections" {{(pid=107337) inner /opt/stack/data/venv/lib/python3.12/site-packages/oslo_concurrency/lockutils.py:512}}
Sep 23 05:10:11.695102 np0000193756 devstack@n-api-meta.service[107337]: DEBUG oslo_concurrency.lockutils [None req-836b5a0c-f5ac-4774-8b83-5f8355b49e49 None None] Lock "00000000-0000-0000-0000-000000000000" acquired by "nova.context.set_target_cell..get_or_set_cached_cell_and_set_connections" :: waited 0.000s {{(pid=107337) inner /opt/stack/data/venv/lib/python3.12/site-packages/oslo_concurrency/lockutils.py:525}}
Sep 23 05:10:11.695102 np0000193756 devstack@n-api-meta.service[107337]: DEBUG oslo_concurrency.lockutils [None req-836b5a0c-f5ac-4774-8b83-5f8355b49e49 None None] Lock "00000000-0000-0000-0000-000000000000" "released" by "nova.context.set_target_cell..get_or_set_cached_cell_and_set_connections" :: held 0.000s {{(pid=107337) inner /opt/stack/data/venv/lib/python3.12/site-packages/oslo_concurrency/lockutils.py:544}}
Sep 23 05:10:11.695366 np0000193756 devstack@n-api-meta.service[107337]: INFO nova.thread_pool_factory [None req-836b5a0c-f5ac-4774-8b83-5f8355b49e49 None None] The cell_worker thread pool MainProcess.cell_worker is initialized
Sep 23 05:10:11.696059 np0000193756 devstack@n-api-meta.service[107337]: DEBUG oslo_concurrency.lockutils [None req-836b5a0c-f5ac-4774-8b83-5f8355b49e49 None None] Acquiring lock "1e1e504b-2a65-45dd-8c94-0b2184cba212" by "nova.context.set_target_cell..get_or_set_cached_cell_and_set_connections" {{(pid=107337) inner /opt/stack/data/venv/lib/python3.12/site-packages/oslo_concurrency/lockutils.py:512}}
Sep 23 05:10:11.696167 np0000193756 devstack@n-api-meta.service[107337]: DEBUG oslo_concurrency.lockutils [None req-836b5a0c-f5ac-4774-8b83-5f8355b49e49 None None] Lock "1e1e504b-2a65-45dd-8c94-0b2184cba212" acquired by "nova.context.set_target_cell..get_or_set_cached_cell_and_set_connections" :: waited 0.000s {{(pid=107337) inner /opt/stack/data/venv/lib/python3.12/site-packages/oslo_concurrency/lockutils.py:525}}
Sep 23 05:10:11.697009 np0000193756 devstack@n-api-meta.service[107337]: DEBUG oslo_concurrency.lockutils [None req-836b5a0c-f5ac-4774-8b83-5f8355b49e49 None None] Lock "1e1e504b-2a65-45dd-8c94-0b2184cba212" "released" by "nova.context.set_target_cell..get_or_set_cached_cell_and_set_connections" :: held 0.001s {{(pid=107337) inner /opt/stack/data/venv/lib/python3.12/site-packages/oslo_concurrency/lockutils.py:544}}
Sep 23 05:10:11.700135 np0000193756 devstack@n-api-meta.service[107338]: INFO dbcounter [None req-754626b6-bd9b-49fc-a87a-31f84937ec73 None None] Registered counter for database nova_api
Sep 23 05:10:11.700643 np0000193756 devstack@n-api-meta.service[107337]: INFO dbcounter [None req-836b5a0c-f5ac-4774-8b83-5f8355b49e49 None None] Registered counter for database nova_cell0
Sep 23 05:10:11.705663 np0000193756 devstack@n-api-meta.service[107337]: INFO dbcounter [None req-836b5a0c-f5ac-4774-8b83-5f8355b49e49 None None] Registered counter for database nova_cell1
Sep 23 05:10:11.717494 np0000193756 devstack@n-api-meta.service[107339]: DEBUG oslo_db.sqlalchemy.engines [None req-73496fc1-e4dd-4a39-853e-4b2b29080638 None None] MySQL server mode set to STRICT_TRANS_TABLES,STRICT_ALL_TABLES,NO_ZERO_IN_DATE,NO_ZERO_DATE,ERROR_FOR_DIVISION_BY_ZERO,TRADITIONAL,NO_ENGINE_SUBSTITUTION {{(pid=107339) _check_effective_sql_mode /opt/stack/data/venv/lib/python3.12/site-packages/oslo_db/sqlalchemy/engines.py:325}}
Sep 23 05:10:11.746918 np0000193756 devstack@n-api-meta.service[107339]: DEBUG dbcounter [-] [107339] Writer thread running {{(pid=107339) stat_writer /opt/stack/data/venv/lib/python3.12/site-packages/dbcounter.py:102}}
Sep 23 05:10:11.748988 np0000193756 devstack@n-api-meta.service[107339]: DEBUG nova.context [None req-73496fc1-e4dd-4a39-853e-4b2b29080638 None None] Found 2 cells: 00000000-0000-0000-0000-000000000000(cell0),1e1e504b-2a65-45dd-8c94-0b2184cba212(cell1) {{(pid=107339) load_cells /opt/stack/nova/nova/context.py:532}}
Sep 23 05:10:11.750706 np0000193756 devstack@n-api-meta.service[107339]: DEBUG oslo_concurrency.lockutils [None req-73496fc1-e4dd-4a39-853e-4b2b29080638 None None] Acquiring lock "00000000-0000-0000-0000-000000000000" by "nova.context.set_target_cell..get_or_set_cached_cell_and_set_connections" {{(pid=107339) inner /opt/stack/data/venv/lib/python3.12/site-packages/oslo_concurrency/lockutils.py:512}}
Sep 23 05:10:11.750856 np0000193756 devstack@n-api-meta.service[107339]: DEBUG oslo_concurrency.lockutils [None req-73496fc1-e4dd-4a39-853e-4b2b29080638 None None] Lock "00000000-0000-0000-0000-000000000000" acquired by "nova.context.set_target_cell..get_or_set_cached_cell_and_set_connections" :: waited 0.000s {{(pid=107339) inner /opt/stack/data/venv/lib/python3.12/site-packages/oslo_concurrency/lockutils.py:525}}
Sep 23 05:10:11.751168 np0000193756 devstack@n-api-meta.service[107339]: DEBUG oslo_concurrency.lockutils [None req-73496fc1-e4dd-4a39-853e-4b2b29080638 None None] Lock "00000000-0000-0000-0000-000000000000" "released" by "nova.context.set_target_cell..get_or_set_cached_cell_and_set_connections" :: held 0.000s {{(pid=107339) inner /opt/stack/data/venv/lib/python3.12/site-packages/oslo_concurrency/lockutils.py:544}}
Sep 23 05:10:11.751517 np0000193756 devstack@n-api-meta.service[107339]: INFO nova.thread_pool_factory [None req-73496fc1-e4dd-4a39-853e-4b2b29080638 None None] The cell_worker thread pool MainProcess.cell_worker is initialized
Sep 23 05:10:11.752162 np0000193756 devstack@n-api-meta.service[107339]: DEBUG oslo_concurrency.lockutils [None req-73496fc1-e4dd-4a39-853e-4b2b29080638 None None] Acquiring lock "1e1e504b-2a65-45dd-8c94-0b2184cba212" by "nova.context.set_target_cell..get_or_set_cached_cell_and_set_connections" {{(pid=107339) inner /opt/stack/data/venv/lib/python3.12/site-packages/oslo_concurrency/lockutils.py:512}}
Sep 23 05:10:11.754457 np0000193756 devstack@n-api-meta.service[107338]: DEBUG oslo_db.sqlalchemy.engines [None req-754626b6-bd9b-49fc-a87a-31f84937ec73 None None] MySQL server mode set to STRICT_TRANS_TABLES,STRICT_ALL_TABLES,NO_ZERO_IN_DATE,NO_ZERO_DATE,ERROR_FOR_DIVISION_BY_ZERO,TRADITIONAL,NO_ENGINE_SUBSTITUTION {{(pid=107338) _check_effective_sql_mode /opt/stack/data/venv/lib/python3.12/site-packages/oslo_db/sqlalchemy/engines.py:325}}
Sep 23 05:10:11.755480 np0000193756 devstack@n-api-meta.service[107339]: INFO dbcounter [None req-73496fc1-e4dd-4a39-853e-4b2b29080638 None None] Registered counter for database nova_cell0
Sep 23 05:10:11.757819 np0000193756 devstack@n-api-meta.service[107339]: DEBUG oslo_concurrency.lockutils [None req-73496fc1-e4dd-4a39-853e-4b2b29080638 None None] Lock "1e1e504b-2a65-45dd-8c94-0b2184cba212" acquired by "nova.context.set_target_cell..get_or_set_cached_cell_and_set_connections" :: waited 0.003s {{(pid=107339) inner /opt/stack/data/venv/lib/python3.12/site-packages/oslo_concurrency/lockutils.py:525}}
Sep 23 05:10:11.758952 np0000193756 devstack@n-api-meta.service[107339]: DEBUG oslo_concurrency.lockutils [None req-73496fc1-e4dd-4a39-853e-4b2b29080638 None None] Lock "1e1e504b-2a65-45dd-8c94-0b2184cba212" "released" by "nova.context.set_target_cell..get_or_set_cached_cell_and_set_connections" :: held 0.004s {{(pid=107339) inner /opt/stack/data/venv/lib/python3.12/site-packages/oslo_concurrency/lockutils.py:544}}
Sep 23 05:10:11.762718 np0000193756 devstack@n-api-meta.service[107339]: INFO dbcounter [None req-73496fc1-e4dd-4a39-853e-4b2b29080638 None None] Registered counter for database nova_cell1
Sep 23 05:10:11.782574 np0000193756 devstack@n-api-meta.service[107337]: DEBUG oslo_db.sqlalchemy.engines [None req-836b5a0c-f5ac-4774-8b83-5f8355b49e49 None None] MySQL server mode set to STRICT_TRANS_TABLES,STRICT_ALL_TABLES,NO_ZERO_IN_DATE,NO_ZERO_DATE,ERROR_FOR_DIVISION_BY_ZERO,TRADITIONAL,NO_ENGINE_SUBSTITUTION {{(pid=107337) _check_effective_sql_mode /opt/stack/data/venv/lib/python3.12/site-packages/oslo_db/sqlalchemy/engines.py:325}}
Sep 23 05:10:11.785881 np0000193756 devstack@n-api-meta.service[107338]: DEBUG dbcounter [-] [107338] Writer thread running {{(pid=107338) stat_writer /opt/stack/data/venv/lib/python3.12/site-packages/dbcounter.py:102}}
Sep 23 05:10:11.788719 np0000193756 devstack@n-api-meta.service[107338]: DEBUG nova.context [None req-754626b6-bd9b-49fc-a87a-31f84937ec73 None None] Found 2 cells: 00000000-0000-0000-0000-000000000000(cell0),1e1e504b-2a65-45dd-8c94-0b2184cba212(cell1) {{(pid=107338) load_cells /opt/stack/nova/nova/context.py:532}}
Sep 23 05:10:11.790733 np0000193756 devstack@n-api-meta.service[107338]: DEBUG oslo_concurrency.lockutils [None req-754626b6-bd9b-49fc-a87a-31f84937ec73 None None] Acquiring lock "00000000-0000-0000-0000-000000000000" by "nova.context.set_target_cell..get_or_set_cached_cell_and_set_connections" {{(pid=107338) inner /opt/stack/data/venv/lib/python3.12/site-packages/oslo_concurrency/lockutils.py:512}}
Sep 23 05:10:11.790733 np0000193756 devstack@n-api-meta.service[107338]: DEBUG oslo_concurrency.lockutils [None req-754626b6-bd9b-49fc-a87a-31f84937ec73 None None] Lock "00000000-0000-0000-0000-000000000000" acquired by "nova.context.set_target_cell..get_or_set_cached_cell_and_set_connections" :: waited 0.000s {{(pid=107338) inner /opt/stack/data/venv/lib/python3.12/site-packages/oslo_concurrency/lockutils.py:525}}
Sep 23 05:10:11.791151 np0000193756 devstack@n-api-meta.service[107338]: DEBUG oslo_concurrency.lockutils [None req-754626b6-bd9b-49fc-a87a-31f84937ec73 None None] Lock "00000000-0000-0000-0000-000000000000" "released" by "nova.context.set_target_cell..get_or_set_cached_cell_and_set_connections" :: held 0.000s {{(pid=107338) inner /opt/stack/data/venv/lib/python3.12/site-packages/oslo_concurrency/lockutils.py:544}}
Sep 23 05:10:11.791413 np0000193756 devstack@n-api-meta.service[107338]: INFO nova.thread_pool_factory [None req-754626b6-bd9b-49fc-a87a-31f84937ec73 None None] The cell_worker thread pool MainProcess.cell_worker is initialized
Sep 23 05:10:11.792167 np0000193756 devstack@n-api-meta.service[107338]: DEBUG oslo_concurrency.lockutils [None req-754626b6-bd9b-49fc-a87a-31f84937ec73 None None] Acquiring lock "1e1e504b-2a65-45dd-8c94-0b2184cba212" by "nova.context.set_target_cell..get_or_set_cached_cell_and_set_connections" {{(pid=107338) inner /opt/stack/data/venv/lib/python3.12/site-packages/oslo_concurrency/lockutils.py:512}}
Sep 23 05:10:11.792342 np0000193756 devstack@n-api-meta.service[107338]: DEBUG oslo_concurrency.lockutils [None req-754626b6-bd9b-49fc-a87a-31f84937ec73 None None] Lock "1e1e504b-2a65-45dd-8c94-0b2184cba212" acquired by "nova.context.set_target_cell..get_or_set_cached_cell_and_set_connections" :: waited 0.000s {{(pid=107338) inner /opt/stack/data/venv/lib/python3.12/site-packages/oslo_concurrency/lockutils.py:525}}
Sep 23 05:10:11.793153 np0000193756 devstack@n-api-meta.service[107338]: DEBUG oslo_concurrency.lockutils [None req-754626b6-bd9b-49fc-a87a-31f84937ec73 None None] Lock "1e1e504b-2a65-45dd-8c94-0b2184cba212" "released" by "nova.context.set_target_cell..get_or_set_cached_cell_and_set_connections" :: held 0.001s {{(pid=107338) inner /opt/stack/data/venv/lib/python3.12/site-packages/oslo_concurrency/lockutils.py:544}}
Sep 23 05:10:11.795141 np0000193756 devstack@n-api-meta.service[107337]: DEBUG oslo_db.sqlalchemy.engines [None req-836b5a0c-f5ac-4774-8b83-5f8355b49e49 None None] MySQL server mode set to STRICT_TRANS_TABLES,STRICT_ALL_TABLES,NO_ZERO_IN_DATE,NO_ZERO_DATE,ERROR_FOR_DIVISION_BY_ZERO,TRADITIONAL,NO_ENGINE_SUBSTITUTION {{(pid=107337) _check_effective_sql_mode /opt/stack/data/venv/lib/python3.12/site-packages/oslo_db/sqlalchemy/engines.py:325}}
Sep 23 05:10:11.796208 np0000193756 devstack@n-api-meta.service[107338]: INFO dbcounter [None req-754626b6-bd9b-49fc-a87a-31f84937ec73 None None] Registered counter for database nova_cell0
Sep 23 05:10:11.800990 np0000193756 devstack@n-api-meta.service[107338]: INFO dbcounter [None req-754626b6-bd9b-49fc-a87a-31f84937ec73 None None] Registered counter for database nova_cell1
Sep 23 05:10:11.807537 np0000193756 devstack@n-api-meta.service[107336]: INFO dbcounter [None req-06f4eefb-4100-4035-b653-085773e8b5aa None None] Registered counter for database nova_api
Sep 23 05:10:11.840466 np0000193756 devstack@n-api-meta.service[107339]: DEBUG oslo_db.sqlalchemy.engines [None req-73496fc1-e4dd-4a39-853e-4b2b29080638 None None] MySQL server mode set to STRICT_TRANS_TABLES,STRICT_ALL_TABLES,NO_ZERO_IN_DATE,NO_ZERO_DATE,ERROR_FOR_DIVISION_BY_ZERO,TRADITIONAL,NO_ENGINE_SUBSTITUTION {{(pid=107339) _check_effective_sql_mode /opt/stack/data/venv/lib/python3.12/site-packages/oslo_db/sqlalchemy/engines.py:325}}
Sep 23 05:10:11.846540 np0000193756 devstack@n-api-meta.service[107339]: DEBUG oslo_db.sqlalchemy.engines [None req-73496fc1-e4dd-4a39-853e-4b2b29080638 None None] MySQL server mode set to STRICT_TRANS_TABLES,STRICT_ALL_TABLES,NO_ZERO_IN_DATE,NO_ZERO_DATE,ERROR_FOR_DIVISION_BY_ZERO,TRADITIONAL,NO_ENGINE_SUBSTITUTION {{(pid=107339) _check_effective_sql_mode /opt/stack/data/venv/lib/python3.12/site-packages/oslo_db/sqlalchemy/engines.py:325}}
Sep 23 05:10:11.861263 np0000193756 devstack@n-api-meta.service[107336]: DEBUG oslo_db.sqlalchemy.engines [None req-06f4eefb-4100-4035-b653-085773e8b5aa None None] MySQL server mode set to STRICT_TRANS_TABLES,STRICT_ALL_TABLES,NO_ZERO_IN_DATE,NO_ZERO_DATE,ERROR_FOR_DIVISION_BY_ZERO,TRADITIONAL,NO_ENGINE_SUBSTITUTION {{(pid=107336) _check_effective_sql_mode /opt/stack/data/venv/lib/python3.12/site-packages/oslo_db/sqlalchemy/engines.py:325}}
Sep 23 05:10:11.869563 np0000193756 devstack@n-api-meta.service[107338]: DEBUG oslo_db.sqlalchemy.engines [None req-754626b6-bd9b-49fc-a87a-31f84937ec73 None None] MySQL server mode set to STRICT_TRANS_TABLES,STRICT_ALL_TABLES,NO_ZERO_IN_DATE,NO_ZERO_DATE,ERROR_FOR_DIVISION_BY_ZERO,TRADITIONAL,NO_ENGINE_SUBSTITUTION {{(pid=107338) _check_effective_sql_mode /opt/stack/data/venv/lib/python3.12/site-packages/oslo_db/sqlalchemy/engines.py:325}}
Sep 23 05:10:11.872650 np0000193756 devstack@n-api-meta.service[107337]: DEBUG dbcounter [-] [107337] Writer thread running {{(pid=107337) stat_writer /opt/stack/data/venv/lib/python3.12/site-packages/dbcounter.py:102}}
Sep 23 05:10:11.882316 np0000193756 devstack@n-api-meta.service[107337]: DEBUG dbcounter [-] [107337] Writer thread running {{(pid=107337) stat_writer /opt/stack/data/venv/lib/python3.12/site-packages/dbcounter.py:102}}
Sep 23 05:10:11.885850 np0000193756 devstack@n-api-meta.service[107338]: DEBUG oslo_db.sqlalchemy.engines [None req-754626b6-bd9b-49fc-a87a-31f84937ec73 None None] MySQL server mode set to STRICT_TRANS_TABLES,STRICT_ALL_TABLES,NO_ZERO_IN_DATE,NO_ZERO_DATE,ERROR_FOR_DIVISION_BY_ZERO,TRADITIONAL,NO_ENGINE_SUBSTITUTION {{(pid=107338) _check_effective_sql_mode /opt/stack/data/venv/lib/python3.12/site-packages/oslo_db/sqlalchemy/engines.py:325}}
Sep 23 05:10:11.887905 np0000193756 devstack@n-api-meta.service[107337]: INFO dbcounter [None req-836b5a0c-f5ac-4774-8b83-5f8355b49e49 None None] Registered counter for database nova_cell0
Sep 23 05:10:11.897571 np0000193756 devstack@n-api-meta.service[107336]: DEBUG dbcounter [-] [107336] Writer thread running {{(pid=107336) stat_writer /opt/stack/data/venv/lib/python3.12/site-packages/dbcounter.py:102}}
Sep 23 05:10:11.901113 np0000193756 devstack@n-api-meta.service[107336]: DEBUG nova.context [None req-06f4eefb-4100-4035-b653-085773e8b5aa None None] Found 2 cells: 00000000-0000-0000-0000-000000000000(cell0),1e1e504b-2a65-45dd-8c94-0b2184cba212(cell1) {{(pid=107336) load_cells /opt/stack/nova/nova/context.py:532}}
Sep 23 05:10:11.903300 np0000193756 devstack@n-api-meta.service[107336]: DEBUG oslo_concurrency.lockutils [None req-06f4eefb-4100-4035-b653-085773e8b5aa None None] Acquiring lock "00000000-0000-0000-0000-000000000000" by "nova.context.set_target_cell..get_or_set_cached_cell_and_set_connections" {{(pid=107336) inner /opt/stack/data/venv/lib/python3.12/site-packages/oslo_concurrency/lockutils.py:512}}
Sep 23 05:10:11.904742 np0000193756 devstack@n-api-meta.service[107336]: DEBUG oslo_concurrency.lockutils [None req-06f4eefb-4100-4035-b653-085773e8b5aa None None] Lock "00000000-0000-0000-0000-000000000000" acquired by "nova.context.set_target_cell..get_or_set_cached_cell_and_set_connections" :: waited 0.000s {{(pid=107336) inner /opt/stack/data/venv/lib/python3.12/site-packages/oslo_concurrency/lockutils.py:525}}
Sep 23 05:10:11.904742 np0000193756 devstack@n-api-meta.service[107336]: DEBUG oslo_concurrency.lockutils [None req-06f4eefb-4100-4035-b653-085773e8b5aa None None] Lock "00000000-0000-0000-0000-000000000000" "released" by "nova.context.set_target_cell..get_or_set_cached_cell_and_set_connections" :: held 0.000s {{(pid=107336) inner /opt/stack/data/venv/lib/python3.12/site-packages/oslo_concurrency/lockutils.py:544}}
Sep 23 05:10:11.904742 np0000193756 devstack@n-api-meta.service[107336]: INFO nova.thread_pool_factory [None req-06f4eefb-4100-4035-b653-085773e8b5aa None None] The cell_worker thread pool MainProcess.cell_worker is initialized
Sep 23 05:10:11.905001 np0000193756 devstack@n-api-meta.service[107336]: DEBUG oslo_concurrency.lockutils [None req-06f4eefb-4100-4035-b653-085773e8b5aa None None] Acquiring lock "1e1e504b-2a65-45dd-8c94-0b2184cba212" by "nova.context.set_target_cell..get_or_set_cached_cell_and_set_connections" {{(pid=107336) inner /opt/stack/data/venv/lib/python3.12/site-packages/oslo_concurrency/lockutils.py:512}}
Sep 23 05:10:11.905157 np0000193756 devstack@n-api-meta.service[107336]: DEBUG oslo_concurrency.lockutils [None req-06f4eefb-4100-4035-b653-085773e8b5aa None None] Lock "1e1e504b-2a65-45dd-8c94-0b2184cba212" acquired by "nova.context.set_target_cell..get_or_set_cached_cell_and_set_connections" :: waited 0.000s {{(pid=107336) inner /opt/stack/data/venv/lib/python3.12/site-packages/oslo_concurrency/lockutils.py:525}}
Sep 23 05:10:11.906189 np0000193756 devstack@n-api-meta.service[107336]: DEBUG oslo_concurrency.lockutils [None req-06f4eefb-4100-4035-b653-085773e8b5aa None None] Lock "1e1e504b-2a65-45dd-8c94-0b2184cba212" "released" by "nova.context.set_target_cell..get_or_set_cached_cell_and_set_connections" :: held 0.001s {{(pid=107336) inner /opt/stack/data/venv/lib/python3.12/site-packages/oslo_concurrency/lockutils.py:544}}
Sep 23 05:10:11.909896 np0000193756 devstack@n-api-meta.service[107336]: INFO dbcounter [None req-06f4eefb-4100-4035-b653-085773e8b5aa None None] Registered counter for database nova_cell0
Sep 23 05:10:11.916242 np0000193756 devstack@n-api-meta.service[107336]: INFO dbcounter [None req-06f4eefb-4100-4035-b653-085773e8b5aa None None] Registered counter for database nova_cell1
Sep 23 05:10:11.937436 np0000193756 devstack@n-api-meta.service[107339]: DEBUG dbcounter [-] [107339] Writer thread running {{(pid=107339) stat_writer /opt/stack/data/venv/lib/python3.12/site-packages/dbcounter.py:102}}
Sep 23 05:10:11.944253 np0000193756 devstack@n-api-meta.service[107339]: DEBUG dbcounter [-] [107339] Writer thread running {{(pid=107339) stat_writer /opt/stack/data/venv/lib/python3.12/site-packages/dbcounter.py:102}}
Sep 23 05:10:11.947364 np0000193756 devstack@n-api-meta.service[107337]: DEBUG oslo_db.sqlalchemy.engines [None req-836b5a0c-f5ac-4774-8b83-5f8355b49e49 None None] MySQL server mode set to STRICT_TRANS_TABLES,STRICT_ALL_TABLES,NO_ZERO_IN_DATE,NO_ZERO_DATE,ERROR_FOR_DIVISION_BY_ZERO,TRADITIONAL,NO_ENGINE_SUBSTITUTION {{(pid=107337) _check_effective_sql_mode /opt/stack/data/venv/lib/python3.12/site-packages/oslo_db/sqlalchemy/engines.py:325}}
Sep 23 05:10:11.951219 np0000193756 devstack@n-api-meta.service[107339]: INFO dbcounter [None req-73496fc1-e4dd-4a39-853e-4b2b29080638 None None] Registered counter for database nova_cell0
Sep 23 05:10:11.958288 np0000193756 devstack@n-api-meta.service[107337]: DEBUG dbcounter [-] [107337] Writer thread running {{(pid=107337) stat_writer /opt/stack/data/venv/lib/python3.12/site-packages/dbcounter.py:102}}
Sep 23 05:10:11.967837 np0000193756 devstack@n-api-meta.service[107338]: DEBUG dbcounter [-] [107338] Writer thread running {{(pid=107338) stat_writer /opt/stack/data/venv/lib/python3.12/site-packages/dbcounter.py:102}}
Sep 23 05:10:11.974994 np0000193756 devstack@n-api-meta.service[107338]: DEBUG dbcounter [-] [107338] Writer thread running {{(pid=107338) stat_writer /opt/stack/data/venv/lib/python3.12/site-packages/dbcounter.py:102}}
Sep 23 05:10:11.978695 np0000193756 devstack@n-api-meta.service[107338]: INFO dbcounter [None req-754626b6-bd9b-49fc-a87a-31f84937ec73 None None] Registered counter for database nova_cell0
Sep 23 05:10:11.994747 np0000193756 devstack@n-api-meta.service[107336]: DEBUG oslo_db.sqlalchemy.engines [None req-06f4eefb-4100-4035-b653-085773e8b5aa None None] MySQL server mode set to STRICT_TRANS_TABLES,STRICT_ALL_TABLES,NO_ZERO_IN_DATE,NO_ZERO_DATE,ERROR_FOR_DIVISION_BY_ZERO,TRADITIONAL,NO_ENGINE_SUBSTITUTION {{(pid=107336) _check_effective_sql_mode /opt/stack/data/venv/lib/python3.12/site-packages/oslo_db/sqlalchemy/engines.py:325}}
Sep 23 05:10:12.003099 np0000193756 devstack@n-api-meta.service[107336]: DEBUG oslo_db.sqlalchemy.engines [None req-06f4eefb-4100-4035-b653-085773e8b5aa None None] MySQL server mode set to STRICT_TRANS_TABLES,STRICT_ALL_TABLES,NO_ZERO_IN_DATE,NO_ZERO_DATE,ERROR_FOR_DIVISION_BY_ZERO,TRADITIONAL,NO_ENGINE_SUBSTITUTION {{(pid=107336) _check_effective_sql_mode /opt/stack/data/venv/lib/python3.12/site-packages/oslo_db/sqlalchemy/engines.py:325}}
Sep 23 05:10:12.008136 np0000193756 devstack@n-api-meta.service[107337]: WARNING nova.api.metadata.handler [None req-836b5a0c-f5ac-4774-8b83-5f8355b49e49 None None] metadata_proxy_shared_secret is not configured, the metadata information returned by the proxy cannot be trusted
Sep 23 05:10:12.011289 np0000193756 devstack@n-api-meta.service[107337]: DEBUG nova.api.openstack.wsgi_app [None req-836b5a0c-f5ac-4774-8b83-5f8355b49e49 None None] ******************************************************************************** {{(pid=107337) log_opt_values /opt/stack/data/venv/lib/python3.12/site-packages/oslo_config/cfg.py:3533}}
Sep 23 05:10:12.011406 np0000193756 devstack@n-api-meta.service[107337]: DEBUG nova.api.openstack.wsgi_app [None req-836b5a0c-f5ac-4774-8b83-5f8355b49e49 None None] Configuration options gathered from: {{(pid=107337) log_opt_values /opt/stack/data/venv/lib/python3.12/site-packages/oslo_config/cfg.py:3534}}
Sep 23 05:10:12.011524 np0000193756 devstack@n-api-meta.service[107337]: DEBUG nova.api.openstack.wsgi_app [None req-836b5a0c-f5ac-4774-8b83-5f8355b49e49 None None] command line args: [] {{(pid=107337) log_opt_values /opt/stack/data/venv/lib/python3.12/site-packages/oslo_config/cfg.py:3535}}
Sep 23 05:10:12.011695 np0000193756 devstack@n-api-meta.service[107337]: DEBUG nova.api.openstack.wsgi_app [None req-836b5a0c-f5ac-4774-8b83-5f8355b49e49 None None] config files: ['/etc/nova/api-paste.ini', '/etc/nova/nova.conf'] {{(pid=107337) log_opt_values /opt/stack/data/venv/lib/python3.12/site-packages/oslo_config/cfg.py:3536}}
Sep 23 05:10:12.011836 np0000193756 devstack@n-api-meta.service[107337]: DEBUG nova.api.openstack.wsgi_app [None req-836b5a0c-f5ac-4774-8b83-5f8355b49e49 None None] ================================================================================ {{(pid=107337) log_opt_values /opt/stack/data/venv/lib/python3.12/site-packages/oslo_config/cfg.py:3541}}
Sep 23 05:10:12.012095 np0000193756 devstack@n-api-meta.service[107337]: DEBUG nova.api.openstack.wsgi_app [None req-836b5a0c-f5ac-4774-8b83-5f8355b49e49 None None] allow_resize_to_same_host = True {{(pid=107337) log_opt_values /opt/stack/data/venv/lib/python3.12/site-packages/oslo_config/cfg.py:3549}}
Sep 23 05:10:12.012213 np0000193756 devstack@n-api-meta.service[107337]: DEBUG nova.api.openstack.wsgi_app [None req-836b5a0c-f5ac-4774-8b83-5f8355b49e49 None None] arq_binding_timeout = 300 {{(pid=107337) log_opt_values /opt/stack/data/venv/lib/python3.12/site-packages/oslo_config/cfg.py:3549}}
Sep 23 05:10:12.012427 np0000193756 devstack@n-api-meta.service[107337]: DEBUG nova.api.openstack.wsgi_app [None req-836b5a0c-f5ac-4774-8b83-5f8355b49e49 None None] block_device_allocate_retries = 60 {{(pid=107337) log_opt_values /opt/stack/data/venv/lib/python3.12/site-packages/oslo_config/cfg.py:3549}}
Sep 23 05:10:12.012615 np0000193756 devstack@n-api-meta.service[107337]: DEBUG nova.api.openstack.wsgi_app [None req-836b5a0c-f5ac-4774-8b83-5f8355b49e49 None None] block_device_allocate_retries_interval = 3 {{(pid=107337) log_opt_values /opt/stack/data/venv/lib/python3.12/site-packages/oslo_config/cfg.py:3549}}
Sep 23 05:10:12.012839 np0000193756 devstack@n-api-meta.service[107337]: DEBUG nova.api.openstack.wsgi_app [None req-836b5a0c-f5ac-4774-8b83-5f8355b49e49 None None] cell_worker_thread_pool_size = 5 {{(pid=107337) log_opt_values /opt/stack/data/venv/lib/python3.12/site-packages/oslo_config/cfg.py:3549}}
Sep 23 05:10:12.013055 np0000193756 devstack@n-api-meta.service[107337]: DEBUG nova.api.openstack.wsgi_app [None req-836b5a0c-f5ac-4774-8b83-5f8355b49e49 None None] cert = self.pem {{(pid=107337) log_opt_values /opt/stack/data/venv/lib/python3.12/site-packages/oslo_config/cfg.py:3549}}
Sep 23 05:10:12.013249 np0000193756 devstack@n-api-meta.service[107337]: DEBUG nova.api.openstack.wsgi_app [None req-836b5a0c-f5ac-4774-8b83-5f8355b49e49 None None] compute_driver = libvirt.LibvirtDriver {{(pid=107337) log_opt_values /opt/stack/data/venv/lib/python3.12/site-packages/oslo_config/cfg.py:3549}}
Sep 23 05:10:12.013441 np0000193756 devstack@n-api-meta.service[107337]: DEBUG nova.api.openstack.wsgi_app [None req-836b5a0c-f5ac-4774-8b83-5f8355b49e49 None None] compute_monitors = [] {{(pid=107337) log_opt_values /opt/stack/data/venv/lib/python3.12/site-packages/oslo_config/cfg.py:3549}}
Sep 23 05:10:12.013828 np0000193756 devstack@n-api-meta.service[107337]: DEBUG nova.api.openstack.wsgi_app [None req-836b5a0c-f5ac-4774-8b83-5f8355b49e49 None None] concurrency_backend = auto {{(pid=107337) log_opt_values /opt/stack/data/venv/lib/python3.12/site-packages/oslo_config/cfg.py:3549}}
Sep 23 05:10:12.013983 np0000193756 devstack@n-api-meta.service[107337]: DEBUG nova.api.openstack.wsgi_app [None req-836b5a0c-f5ac-4774-8b83-5f8355b49e49 None None] config_dir = [] {{(pid=107337) log_opt_values /opt/stack/data/venv/lib/python3.12/site-packages/oslo_config/cfg.py:3549}}
Sep 23 05:10:12.014171 np0000193756 devstack@n-api-meta.service[107337]: DEBUG nova.api.openstack.wsgi_app [None req-836b5a0c-f5ac-4774-8b83-5f8355b49e49 None None] config_drive_format = iso9660 {{(pid=107337) log_opt_values /opt/stack/data/venv/lib/python3.12/site-packages/oslo_config/cfg.py:3549}}
Sep 23 05:10:12.014308 np0000193756 devstack@n-api-meta.service[107337]: DEBUG nova.api.openstack.wsgi_app [None req-836b5a0c-f5ac-4774-8b83-5f8355b49e49 None None] config_file = ['/etc/nova/api-paste.ini', '/etc/nova/nova.conf'] {{(pid=107337) log_opt_values /opt/stack/data/venv/lib/python3.12/site-packages/oslo_config/cfg.py:3549}}
Sep 23 05:10:12.014401 np0000193756 devstack@n-api-meta.service[107337]: DEBUG nova.api.openstack.wsgi_app [None req-836b5a0c-f5ac-4774-8b83-5f8355b49e49 None None] config_source = [] {{(pid=107337) log_opt_values /opt/stack/data/venv/lib/python3.12/site-packages/oslo_config/cfg.py:3549}}
Sep 23 05:10:12.014526 np0000193756 devstack@n-api-meta.service[107337]: DEBUG nova.api.openstack.wsgi_app [None req-836b5a0c-f5ac-4774-8b83-5f8355b49e49 None None] console_host = np0000193756 {{(pid=107337) log_opt_values /opt/stack/data/venv/lib/python3.12/site-packages/oslo_config/cfg.py:3549}}
Sep 23 05:10:12.014654 np0000193756 devstack@n-api-meta.service[107337]: DEBUG nova.api.openstack.wsgi_app [None req-836b5a0c-f5ac-4774-8b83-5f8355b49e49 None None] control_exchange = nova {{(pid=107337) log_opt_values /opt/stack/data/venv/lib/python3.12/site-packages/oslo_config/cfg.py:3549}}
Sep 23 05:10:12.014823 np0000193756 devstack@n-api-meta.service[107337]: DEBUG nova.api.openstack.wsgi_app [None req-836b5a0c-f5ac-4774-8b83-5f8355b49e49 None None] cpu_allocation_ratio = None {{(pid=107337) log_opt_values /opt/stack/data/venv/lib/python3.12/site-packages/oslo_config/cfg.py:3549}}
Sep 23 05:10:12.014929 np0000193756 devstack@n-api-meta.service[107337]: DEBUG nova.api.openstack.wsgi_app [None req-836b5a0c-f5ac-4774-8b83-5f8355b49e49 None None] daemon = False {{(pid=107337) log_opt_values /opt/stack/data/venv/lib/python3.12/site-packages/oslo_config/cfg.py:3549}}
Sep 23 05:10:12.015152 np0000193756 devstack@n-api-meta.service[107337]: DEBUG nova.api.openstack.wsgi_app [None req-836b5a0c-f5ac-4774-8b83-5f8355b49e49 None None] debug = True {{(pid=107337) log_opt_values /opt/stack/data/venv/lib/python3.12/site-packages/oslo_config/cfg.py:3549}}
Sep 23 05:10:12.015333 np0000193756 devstack@n-api-meta.service[107337]: DEBUG nova.api.openstack.wsgi_app [None req-836b5a0c-f5ac-4774-8b83-5f8355b49e49 None None] default_access_ip_network_name = None {{(pid=107337) log_opt_values /opt/stack/data/venv/lib/python3.12/site-packages/oslo_config/cfg.py:3549}}
Sep 23 05:10:12.015465 np0000193756 devstack@n-api-meta.service[107337]: DEBUG nova.api.openstack.wsgi_app [None req-836b5a0c-f5ac-4774-8b83-5f8355b49e49 None None] default_availability_zone = nova {{(pid=107337) log_opt_values /opt/stack/data/venv/lib/python3.12/site-packages/oslo_config/cfg.py:3549}}
Sep 23 05:10:12.015638 np0000193756 devstack@n-api-meta.service[107337]: DEBUG nova.api.openstack.wsgi_app [None req-836b5a0c-f5ac-4774-8b83-5f8355b49e49 None None] default_ephemeral_format = ext4 {{(pid=107337) log_opt_values /opt/stack/data/venv/lib/python3.12/site-packages/oslo_config/cfg.py:3549}}
Sep 23 05:10:12.015759 np0000193756 devstack@n-api-meta.service[107337]: DEBUG nova.api.openstack.wsgi_app [None req-836b5a0c-f5ac-4774-8b83-5f8355b49e49 None None] default_green_pool_size = 1000 {{(pid=107337) log_opt_values /opt/stack/data/venv/lib/python3.12/site-packages/oslo_config/cfg.py:3549}}
Sep 23 05:10:12.016119 np0000193756 devstack@n-api-meta.service[107337]: DEBUG nova.api.openstack.wsgi_app [None req-836b5a0c-f5ac-4774-8b83-5f8355b49e49 None None] default_log_levels = ['amqp=WARN', 'boto=WARN', 'sqlalchemy=WARN', 'suds=INFO', 'oslo.messaging=INFO', 'oslo_messaging=INFO', 'iso8601=WARN', 'requests.packages.urllib3.connectionpool=WARN', 'urllib3.connectionpool=WARN', 'websocket=WARN', 'requests.packages.urllib3.util.retry=WARN', 'urllib3.util.retry=WARN', 'keystonemiddleware=WARN', 'routes.middleware=WARN', 'stevedore=WARN', 'taskflow=WARN', 'keystoneauth=WARN', 'oslo.cache=INFO', 'oslo_policy=INFO', 'dogpile.core.dogpile=INFO', 'glanceclient=WARN', 'oslo.privsep.daemon=INFO'] {{(pid=107337) log_opt_values /opt/stack/data/venv/lib/python3.12/site-packages/oslo_config/cfg.py:3549}}
Sep 23 05:10:12.016331 np0000193756 devstack@n-api-meta.service[107337]: DEBUG nova.api.openstack.wsgi_app [None req-836b5a0c-f5ac-4774-8b83-5f8355b49e49 None None] default_schedule_zone = None {{(pid=107337) log_opt_values /opt/stack/data/venv/lib/python3.12/site-packages/oslo_config/cfg.py:3549}}
Sep 23 05:10:12.016424 np0000193756 devstack@n-api-meta.service[107337]: DEBUG nova.api.openstack.wsgi_app [None req-836b5a0c-f5ac-4774-8b83-5f8355b49e49 None None] default_thread_pool_size = 10 {{(pid=107337) log_opt_values /opt/stack/data/venv/lib/python3.12/site-packages/oslo_config/cfg.py:3549}}
Sep 23 05:10:12.016541 np0000193756 devstack@n-api-meta.service[107337]: DEBUG nova.api.openstack.wsgi_app [None req-836b5a0c-f5ac-4774-8b83-5f8355b49e49 None None] disk_allocation_ratio = None {{(pid=107337) log_opt_values /opt/stack/data/venv/lib/python3.12/site-packages/oslo_config/cfg.py:3549}}
Sep 23 05:10:12.016654 np0000193756 devstack@n-api-meta.service[107337]: DEBUG nova.api.openstack.wsgi_app [None req-836b5a0c-f5ac-4774-8b83-5f8355b49e49 None None] enable_new_services = True {{(pid=107337) log_opt_values /opt/stack/data/venv/lib/python3.12/site-packages/oslo_config/cfg.py:3549}}
Sep 23 05:10:12.016819 np0000193756 devstack@n-api-meta.service[107337]: DEBUG nova.api.openstack.wsgi_app [None req-836b5a0c-f5ac-4774-8b83-5f8355b49e49 None None] flat_injected = False {{(pid=107337) log_opt_values /opt/stack/data/venv/lib/python3.12/site-packages/oslo_config/cfg.py:3549}}
Sep 23 05:10:12.016923 np0000193756 devstack@n-api-meta.service[107337]: DEBUG nova.api.openstack.wsgi_app [None req-836b5a0c-f5ac-4774-8b83-5f8355b49e49 None None] force_config_drive = False {{(pid=107337) log_opt_values /opt/stack/data/venv/lib/python3.12/site-packages/oslo_config/cfg.py:3549}}
Sep 23 05:10:12.017120 np0000193756 devstack@n-api-meta.service[107337]: DEBUG nova.api.openstack.wsgi_app [None req-836b5a0c-f5ac-4774-8b83-5f8355b49e49 None None] force_raw_images = True {{(pid=107337) log_opt_values /opt/stack/data/venv/lib/python3.12/site-packages/oslo_config/cfg.py:3549}}
Sep 23 05:10:12.017255 np0000193756 devstack@n-api-meta.service[107337]: DEBUG nova.api.openstack.wsgi_app [None req-836b5a0c-f5ac-4774-8b83-5f8355b49e49 None None] graceful_shutdown_timeout = 5 {{(pid=107337) log_opt_values /opt/stack/data/venv/lib/python3.12/site-packages/oslo_config/cfg.py:3549}}
Sep 23 05:10:12.017445 np0000193756 devstack@n-api-meta.service[107337]: DEBUG nova.api.openstack.wsgi_app [None req-836b5a0c-f5ac-4774-8b83-5f8355b49e49 None None] heal_instance_info_cache_interval = -1 {{(pid=107337) log_opt_values /opt/stack/data/venv/lib/python3.12/site-packages/oslo_config/cfg.py:3549}}
Sep 23 05:10:12.017605 np0000193756 devstack@n-api-meta.service[107337]: DEBUG nova.api.openstack.wsgi_app [None req-836b5a0c-f5ac-4774-8b83-5f8355b49e49 None None] host = np0000193756 {{(pid=107337) log_opt_values /opt/stack/data/venv/lib/python3.12/site-packages/oslo_config/cfg.py:3549}}
Sep 23 05:10:12.017781 np0000193756 devstack@n-api-meta.service[107337]: DEBUG nova.api.openstack.wsgi_app [None req-836b5a0c-f5ac-4774-8b83-5f8355b49e49 None None] initial_cpu_allocation_ratio = 4.0 {{(pid=107337) log_opt_values /opt/stack/data/venv/lib/python3.12/site-packages/oslo_config/cfg.py:3549}}
Sep 23 05:10:12.017946 np0000193756 devstack@n-api-meta.service[107337]: DEBUG nova.api.openstack.wsgi_app [None req-836b5a0c-f5ac-4774-8b83-5f8355b49e49 None None] initial_disk_allocation_ratio = 1.0 {{(pid=107337) log_opt_values /opt/stack/data/venv/lib/python3.12/site-packages/oslo_config/cfg.py:3549}}
Sep 23 05:10:12.018095 np0000193756 devstack@n-api-meta.service[107337]: DEBUG nova.api.openstack.wsgi_app [None req-836b5a0c-f5ac-4774-8b83-5f8355b49e49 None None] initial_ram_allocation_ratio = 1.0 {{(pid=107337) log_opt_values /opt/stack/data/venv/lib/python3.12/site-packages/oslo_config/cfg.py:3549}}
Sep 23 05:10:12.018325 np0000193756 devstack@n-api-meta.service[107337]: DEBUG nova.api.openstack.wsgi_app [None req-836b5a0c-f5ac-4774-8b83-5f8355b49e49 None None] injected_network_template = /opt/stack/nova/nova/virt/interfaces.template {{(pid=107337) log_opt_values /opt/stack/data/venv/lib/python3.12/site-packages/oslo_config/cfg.py:3549}}
Sep 23 05:10:12.018442 np0000193756 devstack@n-api-meta.service[107337]: DEBUG nova.api.openstack.wsgi_app [None req-836b5a0c-f5ac-4774-8b83-5f8355b49e49 None None] instance_build_timeout = 0 {{(pid=107337) log_opt_values /opt/stack/data/venv/lib/python3.12/site-packages/oslo_config/cfg.py:3549}}
Sep 23 05:10:12.018562 np0000193756 devstack@n-api-meta.service[107337]: DEBUG nova.api.openstack.wsgi_app [None req-836b5a0c-f5ac-4774-8b83-5f8355b49e49 None None] instance_delete_interval = 300 {{(pid=107337) log_opt_values /opt/stack/data/venv/lib/python3.12/site-packages/oslo_config/cfg.py:3549}}
Sep 23 05:10:12.018683 np0000193756 devstack@n-api-meta.service[107337]: DEBUG nova.api.openstack.wsgi_app [None req-836b5a0c-f5ac-4774-8b83-5f8355b49e49 None None] instance_format = [instance: %(uuid)s] {{(pid=107337) log_opt_values /opt/stack/data/venv/lib/python3.12/site-packages/oslo_config/cfg.py:3549}}
Sep 23 05:10:12.018821 np0000193756 devstack@n-api-meta.service[107337]: DEBUG nova.api.openstack.wsgi_app [None req-836b5a0c-f5ac-4774-8b83-5f8355b49e49 None None] instance_name_template = instance-%08x {{(pid=107337) log_opt_values /opt/stack/data/venv/lib/python3.12/site-packages/oslo_config/cfg.py:3549}}
Sep 23 05:10:12.018915 np0000193756 devstack@n-api-meta.service[107337]: DEBUG nova.api.openstack.wsgi_app [None req-836b5a0c-f5ac-4774-8b83-5f8355b49e49 None None] instance_usage_audit = False {{(pid=107337) log_opt_values /opt/stack/data/venv/lib/python3.12/site-packages/oslo_config/cfg.py:3549}}
Sep 23 05:10:12.019074 np0000193756 devstack@n-api-meta.service[107337]: DEBUG nova.api.openstack.wsgi_app [None req-836b5a0c-f5ac-4774-8b83-5f8355b49e49 None None] instance_usage_audit_period = month {{(pid=107337) log_opt_values /opt/stack/data/venv/lib/python3.12/site-packages/oslo_config/cfg.py:3549}}
Sep 23 05:10:12.019230 np0000193756 devstack@n-api-meta.service[107337]: DEBUG nova.api.openstack.wsgi_app [None req-836b5a0c-f5ac-4774-8b83-5f8355b49e49 None None] instance_uuid_format = [instance: %(uuid)s] {{(pid=107337) log_opt_values /opt/stack/data/venv/lib/python3.12/site-packages/oslo_config/cfg.py:3549}}
Sep 23 05:10:12.019368 np0000193756 devstack@n-api-meta.service[107337]: DEBUG nova.api.openstack.wsgi_app [None req-836b5a0c-f5ac-4774-8b83-5f8355b49e49 None None] instances_path = /opt/stack/data/nova/instances {{(pid=107337) log_opt_values /opt/stack/data/venv/lib/python3.12/site-packages/oslo_config/cfg.py:3549}}
Sep 23 05:10:12.019498 np0000193756 devstack@n-api-meta.service[107337]: DEBUG nova.api.openstack.wsgi_app [None req-836b5a0c-f5ac-4774-8b83-5f8355b49e49 None None] internal_service_availability_zone = internal {{(pid=107337) log_opt_values /opt/stack/data/venv/lib/python3.12/site-packages/oslo_config/cfg.py:3549}}
Sep 23 05:10:12.019661 np0000193756 devstack@n-api-meta.service[107337]: DEBUG nova.api.openstack.wsgi_app [None req-836b5a0c-f5ac-4774-8b83-5f8355b49e49 None None] key = None {{(pid=107337) log_opt_values /opt/stack/data/venv/lib/python3.12/site-packages/oslo_config/cfg.py:3549}}
Sep 23 05:10:12.019784 np0000193756 devstack@n-api-meta.service[107337]: DEBUG nova.api.openstack.wsgi_app [None req-836b5a0c-f5ac-4774-8b83-5f8355b49e49 None None] live_migration_retry_count = 30 {{(pid=107337) log_opt_values /opt/stack/data/venv/lib/python3.12/site-packages/oslo_config/cfg.py:3549}}
Sep 23 05:10:12.019997 np0000193756 devstack@n-api-meta.service[107337]: DEBUG nova.api.openstack.wsgi_app [None req-836b5a0c-f5ac-4774-8b83-5f8355b49e49 None None] log_color = False {{(pid=107337) log_opt_values /opt/stack/data/venv/lib/python3.12/site-packages/oslo_config/cfg.py:3549}}
Sep 23 05:10:12.020221 np0000193756 devstack@n-api-meta.service[107337]: DEBUG nova.api.openstack.wsgi_app [None req-836b5a0c-f5ac-4774-8b83-5f8355b49e49 None None] log_config_append = None {{(pid=107337) log_opt_values /opt/stack/data/venv/lib/python3.12/site-packages/oslo_config/cfg.py:3549}}
Sep 23 05:10:12.020409 np0000193756 devstack@n-api-meta.service[107337]: DEBUG nova.api.openstack.wsgi_app [None req-836b5a0c-f5ac-4774-8b83-5f8355b49e49 None None] log_date_format = %Y-%m-%d %H:%M:%S {{(pid=107337) log_opt_values /opt/stack/data/venv/lib/python3.12/site-packages/oslo_config/cfg.py:3549}}
Sep 23 05:10:12.020617 np0000193756 devstack@n-api-meta.service[107337]: DEBUG nova.api.openstack.wsgi_app [None req-836b5a0c-f5ac-4774-8b83-5f8355b49e49 None None] log_dir = None {{(pid=107337) log_opt_values /opt/stack/data/venv/lib/python3.12/site-packages/oslo_config/cfg.py:3549}}
Sep 23 05:10:12.020817 np0000193756 devstack@n-api-meta.service[107337]: DEBUG nova.api.openstack.wsgi_app [None req-836b5a0c-f5ac-4774-8b83-5f8355b49e49 None None] log_file = None {{(pid=107337) log_opt_values /opt/stack/data/venv/lib/python3.12/site-packages/oslo_config/cfg.py:3549}}
Sep 23 05:10:12.020960 np0000193756 devstack@n-api-meta.service[107337]: DEBUG nova.api.openstack.wsgi_app [None req-836b5a0c-f5ac-4774-8b83-5f8355b49e49 None None] log_options = True {{(pid=107337) log_opt_values /opt/stack/data/venv/lib/python3.12/site-packages/oslo_config/cfg.py:3549}}
Sep 23 05:10:12.021143 np0000193756 devstack@n-api-meta.service[107337]: DEBUG nova.api.openstack.wsgi_app [None req-836b5a0c-f5ac-4774-8b83-5f8355b49e49 None None] log_rotate_interval = 1 {{(pid=107337) log_opt_values /opt/stack/data/venv/lib/python3.12/site-packages/oslo_config/cfg.py:3549}}
Sep 23 05:10:12.021289 np0000193756 devstack@n-api-meta.service[107337]: DEBUG nova.api.openstack.wsgi_app [None req-836b5a0c-f5ac-4774-8b83-5f8355b49e49 None None] log_rotate_interval_type = days {{(pid=107337) log_opt_values /opt/stack/data/venv/lib/python3.12/site-packages/oslo_config/cfg.py:3549}}
Sep 23 05:10:12.021410 np0000193756 devstack@n-api-meta.service[107337]: DEBUG nova.api.openstack.wsgi_app [None req-836b5a0c-f5ac-4774-8b83-5f8355b49e49 None None] log_rotation_type = none {{(pid=107337) log_opt_values /opt/stack/data/venv/lib/python3.12/site-packages/oslo_config/cfg.py:3549}}
Sep 23 05:10:12.021497 np0000193756 devstack@n-api-meta.service[107338]: DEBUG oslo_db.sqlalchemy.engines [None req-754626b6-bd9b-49fc-a87a-31f84937ec73 None None] MySQL server mode set to STRICT_TRANS_TABLES,STRICT_ALL_TABLES,NO_ZERO_IN_DATE,NO_ZERO_DATE,ERROR_FOR_DIVISION_BY_ZERO,TRADITIONAL,NO_ENGINE_SUBSTITUTION {{(pid=107338) _check_effective_sql_mode /opt/stack/data/venv/lib/python3.12/site-packages/oslo_db/sqlalchemy/engines.py:325}}
Sep 23 05:10:12.021608 np0000193756 devstack@n-api-meta.service[107337]: DEBUG nova.api.openstack.wsgi_app [None req-836b5a0c-f5ac-4774-8b83-5f8355b49e49 None None] logging_context_format_string = %(color)s%(levelname)s %(name)s [%(global_request_id)s %(request_id)s %(project_name)s %(user_name)s%(color)s] %(instance)s%(color)s%(message)s {{(pid=107337) log_opt_values /opt/stack/data/venv/lib/python3.12/site-packages/oslo_config/cfg.py:3549}}
Sep 23 05:10:12.021703 np0000193756 devstack@n-api-meta.service[107337]: DEBUG nova.api.openstack.wsgi_app [None req-836b5a0c-f5ac-4774-8b83-5f8355b49e49 None None] logging_debug_format_suffix = {{(pid=%(process)d) %(funcName)s %(pathname)s:%(lineno)d}} {{(pid=107337) log_opt_values /opt/stack/data/venv/lib/python3.12/site-packages/oslo_config/cfg.py:3549}}
Sep 23 05:10:12.021784 np0000193756 devstack@n-api-meta.service[107337]: DEBUG nova.api.openstack.wsgi_app [None req-836b5a0c-f5ac-4774-8b83-5f8355b49e49 None None] logging_default_format_string = %(color)s%(levelname)s %(name)s [-%(color)s] %(instance)s%(color)s%(message)s {{(pid=107337) log_opt_values /opt/stack/data/venv/lib/python3.12/site-packages/oslo_config/cfg.py:3549}}
Sep 23 05:10:12.021870 np0000193756 devstack@n-api-meta.service[107337]: DEBUG nova.api.openstack.wsgi_app [None req-836b5a0c-f5ac-4774-8b83-5f8355b49e49 None None] logging_exception_prefix = ERROR %(name)s %(instance)s {{(pid=107337) log_opt_values /opt/stack/data/venv/lib/python3.12/site-packages/oslo_config/cfg.py:3549}}
Sep 23 05:10:12.021960 np0000193756 devstack@n-api-meta.service[107337]: DEBUG nova.api.openstack.wsgi_app [None req-836b5a0c-f5ac-4774-8b83-5f8355b49e49 None None] logging_user_identity_format = %(user)s %(project)s %(domain)s %(system_scope)s %(user_domain)s %(project_domain)s {{(pid=107337) log_opt_values /opt/stack/data/venv/lib/python3.12/site-packages/oslo_config/cfg.py:3549}}
Sep 23 05:10:12.022265 np0000193756 devstack@n-api-meta.service[107337]: DEBUG nova.api.openstack.wsgi_app [None req-836b5a0c-f5ac-4774-8b83-5f8355b49e49 None None] long_rpc_timeout = 1800 {{(pid=107337) log_opt_values /opt/stack/data/venv/lib/python3.12/site-packages/oslo_config/cfg.py:3549}}
