Sep 23 05:14:16.479271 np0000193756 devstack@n-api.service[98882]: [pid: 98882|app: 0|req: 19/70] 162.253.55.115 () {62 vars in 1066 bytes} [Wed Sep 23 05:14:16 2026] GET /compute/v2.1/ => generated 393 bytes in 9 msecs (HTTP/1.1 200) 9 headers in 357 bytes (1 switches on core 0)
Sep 23 05:14:16.513324 np0000193756 devstack@n-api.service[98880]: DEBUG nova.api.openstack.wsgi [None req-e57369b4-28cb-4b3c-94e3-e667deef26a2 demo demo] Calling method '>' {{(pid=98880) _process_stack /opt/stack/nova/nova/api/openstack/wsgi.py:551}}
Sep 23 05:14:16.547053 np0000193756 devstack@n-api.service[98880]: INFO nova.api.openstack.requestlog [None req-e57369b4-28cb-4b3c-94e3-e667deef26a2 demo demo] 162.253.55.115 "GET /compute/v2.1/flavors/detail?is_public=None" status: 200 len: 5262 microversion: 2.61 time: 0.037088
Sep 23 05:14:16.547575 np0000193756 devstack@n-api.service[98880]: [pid: 98880|app: 0|req: 18/71] 162.253.55.115 () {68 vars in 1424 bytes} [Wed Sep 23 05:14:16 2026] GET /compute/v2.1/flavors/detail?is_public=None => generated 5262 bytes in 38 msecs (HTTP/1.1 200) 9 headers in 360 bytes (1 switches on core 0)
Sep 23 05:14:16.596126 np0000193756 devstack@n-api.service[98881]: DEBUG nova.api.openstack.wsgi [None req-f9456b3d-46ff-4204-9d1e-3c5779584387 demo demo] Calling method '>' {{(pid=98881) _process_stack /opt/stack/nova/nova/api/openstack/wsgi.py:551}}
Sep 23 05:14:16.615366 np0000193756 devstack@n-api.service[98881]: INFO nova.api.openstack.requestlog [None req-f9456b3d-46ff-4204-9d1e-3c5779584387 demo demo] 162.253.55.115 "GET /compute/v2.1/flavors/detail?is_public=None" status: 200 len: 5262 microversion: 2.61 time: 0.021872
Sep 23 05:14:16.615681 np0000193756 devstack@n-api.service[98881]: [pid: 98881|app: 0|req: 18/72] 162.253.55.115 () {68 vars in 1424 bytes} [Wed Sep 23 05:14:16 2026] GET /compute/v2.1/flavors/detail?is_public=None => generated 5262 bytes in 23 msecs (HTTP/1.1 200) 9 headers in 360 bytes (1 switches on core 0)
Sep 23 05:14:16.753268 np0000193756 devstack@n-api.service[98879]: DEBUG nova.api.openstack.wsgi [None req-42618147-7a45-4de9-adc2-a45a3a8d921f admin admin] Calling method '>' {{(pid=98879) _process_stack /opt/stack/nova/nova/api/openstack/wsgi.py:551}}
Sep 23 05:14:16.756735 np0000193756 devstack@n-api.service[98879]: INFO nova.api.openstack.requestlog [None req-42618147-7a45-4de9-adc2-a45a3a8d921f admin admin] 162.253.55.115 "GET /compute/v2.1" status: 200 len: 393 microversion: 2.1 time: 0.003887
Sep 23 05:14:16.756976 np0000193756 devstack@n-api.service[98879]: [pid: 98879|app: 0|req: 18/73] 162.253.55.115 () {62 vars in 1063 bytes} [Wed Sep 23 05:14:16 2026] GET /compute/v2.1 => generated 393 bytes in 4 msecs (HTTP/1.1 200) 9 headers in 357 bytes (1 switches on core 0)
Sep 23 05:14:16.789746 np0000193756 devstack@n-api.service[98882]: DEBUG nova.api.openstack.wsgi [None req-382f983b-aeb4-4c69-bad4-736c8e469c14 admin admin] Calling method '>' {{(pid=98882) _process_stack /opt/stack/nova/nova/api/openstack/wsgi.py:551}}
Sep 23 05:14:16.795836 np0000193756 devstack@n-api.service[98882]: INFO nova.api.openstack.requestlog [None req-382f983b-aeb4-4c69-bad4-736c8e469c14 admin admin] 162.253.55.115 "GET /compute/v2.1/" status: 200 len: 393 microversion: 2.1 time: 0.006676
Sep 23 05:14:16.796253 np0000193756 devstack@n-api.service[98882]: [pid: 98882|app: 0|req: 20/74] 162.253.55.115 () {62 vars in 1066 bytes} [Wed Sep 23 05:14:16 2026] GET /compute/v2.1/ => generated 393 bytes in 8 msecs (HTTP/1.1 200) 9 headers in 357 bytes (1 switches on core 0)
Sep 23 05:14:16.831796 np0000193756 devstack@n-api.service[98880]: DEBUG nova.api.openstack.wsgi [None req-c9210fab-b769-4647-ac83-68f9eec95433 demo demo] Calling method '>' {{(pid=98880) _process_stack /opt/stack/nova/nova/api/openstack/wsgi.py:551}}
Sep 23 05:14:16.865342 np0000193756 devstack@n-api.service[98880]: INFO nova.api.openstack.requestlog [None req-c9210fab-b769-4647-ac83-68f9eec95433 demo demo] 162.253.55.115 "GET /compute/v2.1/flavors/detail?is_public=None" status: 200 len: 5262 microversion: 2.61 time: 0.036990
Sep 23 05:14:16.865775 np0000193756 devstack@n-api.service[98880]: [pid: 98880|app: 0|req: 19/75] 162.253.55.115 () {68 vars in 1424 bytes} [Wed Sep 23 05:14:16 2026] GET /compute/v2.1/flavors/detail?is_public=None => generated 5262 bytes in 38 msecs (HTTP/1.1 200) 9 headers in 360 bytes (1 switches on core 0)
Sep 23 05:14:16.921553 np0000193756 devstack@n-api.service[98881]: DEBUG nova.api.openstack.wsgi [None req-3ecce301-1f61-420e-ab42-401f9def6372 demo demo] Calling method '>' {{(pid=98881) _process_stack /opt/stack/nova/nova/api/openstack/wsgi.py:551}}
Sep 23 05:14:16.956800 np0000193756 devstack@n-api.service[98881]: INFO nova.api.openstack.requestlog [None req-3ecce301-1f61-420e-ab42-401f9def6372 demo demo] 162.253.55.115 "GET /compute/v2.1/flavors/detail?is_public=None" status: 200 len: 5262 microversion: 2.61 time: 0.038601
Sep 23 05:14:16.957367 np0000193756 devstack@n-api.service[98881]: [pid: 98881|app: 0|req: 19/76] 162.253.55.115 () {68 vars in 1424 bytes} [Wed Sep 23 05:14:16 2026] GET /compute/v2.1/flavors/detail?is_public=None => generated 5262 bytes in 40 msecs (HTTP/1.1 200) 9 headers in 360 bytes (1 switches on core 0)
Sep 23 05:14:21.580333 np0000193756 devstack@n-api.service[98879]: DEBUG nova.api.openstack.wsgi [None req-42618147-7a45-4de9-adc2-a45a3a8d921f admin admin] Calling method '>' {{(pid=98879) _process_stack /opt/stack/nova/nova/api/openstack/wsgi.py:551}}
Sep 23 05:14:21.585713 np0000193756 devstack@n-api.service[98879]: INFO nova.api.openstack.requestlog [None req-42618147-7a45-4de9-adc2-a45a3a8d921f admin admin] 162.253.55.115 "GET /compute/v2.1" status: 200 len: 393 microversion: 2.1 time: 0.005771
Sep 23 05:14:21.586225 np0000193756 devstack@n-api.service[98879]: [pid: 98879|app: 0|req: 19/77] 162.253.55.115 () {62 vars in 1074 bytes} [Wed Sep 23 05:14:21 2026] GET /compute/v2.1 => generated 393 bytes in 7 msecs (HTTP/1.1 200) 9 headers in 357 bytes (1 switches on core 0)
Sep 23 05:14:21.618226 np0000193756 devstack@n-api.service[98882]: DEBUG nova.api.openstack.wsgi [None req-382f983b-aeb4-4c69-bad4-736c8e469c14 admin admin] Calling method '>' {{(pid=98882) _process_stack /opt/stack/nova/nova/api/openstack/wsgi.py:551}}
Sep 23 05:14:21.623606 np0000193756 devstack@n-api.service[98882]: INFO nova.api.openstack.requestlog [None req-382f983b-aeb4-4c69-bad4-736c8e469c14 admin admin] 162.253.55.115 "GET /compute/v2.1/" status: 200 len: 393 microversion: 2.1 time: 0.005720
Sep 23 05:14:21.624026 np0000193756 devstack@n-api.service[98882]: [pid: 98882|app: 0|req: 21/78] 162.253.55.115 () {62 vars in 1077 bytes} [Wed Sep 23 05:14:21 2026] GET /compute/v2.1/ => generated 393 bytes in 7 msecs (HTTP/1.1 200) 9 headers in 357 bytes (1 switches on core 0)
Sep 23 05:14:21.656881 np0000193756 devstack@n-api.service[98880]: DEBUG nova.api.openstack.wsgi [None req-87e0a061-17a0-48cc-80dc-0abf99ccb879 demo demo] Calling method '>' {{(pid=98880) _process_stack /opt/stack/nova/nova/api/openstack/wsgi.py:551}}
Sep 23 05:14:21.698654 np0000193756 devstack@n-api.service[98880]: INFO nova.api.openstack.requestlog [None req-87e0a061-17a0-48cc-80dc-0abf99ccb879 demo demo] 162.253.55.115 "GET /compute/v2.1/os-server-groups" status: 200 len: 21 microversion: 2.64 time: 0.045026
Sep 23 05:14:21.699269 np0000193756 devstack@n-api.service[98880]: [pid: 98880|app: 0|req: 20/79] 162.253.55.115 () {68 vars in 1412 bytes} [Wed Sep 23 05:14:21 2026] GET /compute/v2.1/os-server-groups => generated 21 bytes in 46 msecs (HTTP/1.1 200) 9 headers in 358 bytes (1 switches on core 0)
Sep 23 05:14:21.742983 np0000193756 devstack@n-api.service[98881]: DEBUG nova.api.openstack.wsgi [None req-3ecce301-1f61-420e-ab42-401f9def6372 demo demo] Calling method '>' {{(pid=98881) _process_stack /opt/stack/nova/nova/api/openstack/wsgi.py:551}}
Sep 23 05:14:21.748258 np0000193756 devstack@n-api.service[98881]: INFO nova.api.openstack.requestlog [None req-3ecce301-1f61-420e-ab42-401f9def6372 demo demo] 162.253.55.115 "GET /compute/v2.1" status: 200 len: 393 microversion: 2.1 time: 0.005584
Sep 23 05:14:21.748590 np0000193756 devstack@n-api.service[98881]: [pid: 98881|app: 0|req: 20/80] 162.253.55.115 () {62 vars in 1074 bytes} [Wed Sep 23 05:14:21 2026] GET /compute/v2.1 => generated 393 bytes in 6 msecs (HTTP/1.1 200) 9 headers in 357 bytes (1 switches on core 0)
Sep 23 05:14:21.787452 np0000193756 devstack@n-api.service[98879]: DEBUG nova.api.openstack.wsgi [None req-42618147-7a45-4de9-adc2-a45a3a8d921f admin admin] Calling method '>' {{(pid=98879) _process_stack /opt/stack/nova/nova/api/openstack/wsgi.py:551}}
Sep 23 05:14:21.792861 np0000193756 devstack@n-api.service[98879]: INFO nova.api.openstack.requestlog [None req-42618147-7a45-4de9-adc2-a45a3a8d921f admin admin] 162.253.55.115 "GET /compute/v2.1/" status: 200 len: 393 microversion: 2.1 time: 0.005745
Sep 23 05:14:21.793236 np0000193756 devstack@n-api.service[98879]: [pid: 98879|app: 0|req: 20/81] 162.253.55.115 () {62 vars in 1077 bytes} [Wed Sep 23 05:14:21 2026] GET /compute/v2.1/ => generated 393 bytes in 6 msecs (HTTP/1.1 200) 9 headers in 357 bytes (1 switches on core 0)
Sep 23 05:14:21.829927 np0000193756 devstack@n-api.service[98882]: DEBUG nova.api.openstack.wsgi [None req-b7bfc8eb-2baa-4537-94e0-03ba1dda6426 demo demo] Action: 'create', calling method: >, body: {"server_group": {"name": "kube-ey8o0", "policy": "soft-anti-affinity"}} {{(pid=98882) _process_stack /opt/stack/nova/nova/api/openstack/wsgi.py:549}}
Sep 23 05:14:21.867134 np0000193756 devstack@n-api.service[98882]: DEBUG nova.quota [None req-b7bfc8eb-2baa-4537-94e0-03ba1dda6426 demo demo] Getting quotas for project 03d55cbb22cd4e2b9cd81404bfc23bee. Resources: {'server_groups'} {{(pid=98882) _get_quotas /opt/stack/nova/nova/quota.py:389}}
Sep 23 05:14:21.873631 np0000193756 devstack@n-api.service[98882]: DEBUG nova.quota [None req-b7bfc8eb-2baa-4537-94e0-03ba1dda6426 demo demo] Getting quotas for user 487c5d00d2804708ba38d7150ddcf839 and project 03d55cbb22cd4e2b9cd81404bfc23bee. Resources: {'server_groups'} {{(pid=98882) _get_quotas /opt/stack/nova/nova/quota.py:379}}
Sep 23 05:14:22.060641 np0000193756 devstack@n-api.service[98882]: DEBUG nova.quota [None req-b7bfc8eb-2baa-4537-94e0-03ba1dda6426 demo demo] Getting quotas for project 03d55cbb22cd4e2b9cd81404bfc23bee. Resources: {'server_groups'} {{(pid=98882) _get_quotas /opt/stack/nova/nova/quota.py:389}}
Sep 23 05:14:22.064585 np0000193756 devstack@n-api.service[98882]: DEBUG nova.quota [None req-b7bfc8eb-2baa-4537-94e0-03ba1dda6426 demo demo] Getting quotas for user 487c5d00d2804708ba38d7150ddcf839 and project 03d55cbb22cd4e2b9cd81404bfc23bee. Resources: {'server_groups'} {{(pid=98882) _get_quotas /opt/stack/nova/nova/quota.py:379}}
Sep 23 05:14:22.082393 np0000193756 devstack@n-api.service[98882]: INFO nova.api.openstack.requestlog [None req-b7bfc8eb-2baa-4537-94e0-03ba1dda6426 demo demo] 162.253.55.115 "POST /compute/v2.1/os-server-groups" status: 200 len: 243 microversion: 2.64 time: 0.256209
Sep 23 05:14:22.082981 np0000193756 devstack@n-api.service[98882]: [pid: 98882|app: 0|req: 22/82] 162.253.55.115 () {72 vars in 1452 bytes} [Wed Sep 23 05:14:21 2026] POST /compute/v2.1/os-server-groups => generated 243 bytes in 257 msecs (HTTP/1.1 200) 9 headers in 359 bytes (1 switches on core 0)
Sep 23 05:14:22.189125 np0000193756 devstack@n-api.service[98880]: DEBUG nova.api.openstack.wsgi [None req-87e0a061-17a0-48cc-80dc-0abf99ccb879 demo demo] Calling method '>' {{(pid=98880) _process_stack /opt/stack/nova/nova/api/openstack/wsgi.py:551}}
Sep 23 05:14:22.194431 np0000193756 devstack@n-api.service[98880]: INFO nova.api.openstack.requestlog [None req-87e0a061-17a0-48cc-80dc-0abf99ccb879 demo demo] 162.253.55.115 "GET /compute/v2.1" status: 200 len: 393 microversion: 2.1 time: 0.005691
Sep 23 05:14:22.194761 np0000193756 devstack@n-api.service[98880]: [pid: 98880|app: 0|req: 21/83] 162.253.55.115 () {62 vars in 1074 bytes} [Wed Sep 23 05:14:22 2026] GET /compute/v2.1 => generated 393 bytes in 6 msecs (HTTP/1.1 200) 9 headers in 357 bytes (1 switches on core 0)
Sep 23 05:14:22.240169 np0000193756 devstack@n-api.service[98881]: DEBUG nova.api.openstack.wsgi [None req-3ecce301-1f61-420e-ab42-401f9def6372 demo demo] Calling method '>' {{(pid=98881) _process_stack /opt/stack/nova/nova/api/openstack/wsgi.py:551}}
Sep 23 05:14:22.245511 np0000193756 devstack@n-api.service[98881]: INFO nova.api.openstack.requestlog [None req-3ecce301-1f61-420e-ab42-401f9def6372 demo demo] 162.253.55.115 "GET /compute/v2.1/" status: 200 len: 393 microversion: 2.1 time: 0.005853
Sep 23 05:14:22.245862 np0000193756 devstack@n-api.service[98881]: [pid: 98881|app: 0|req: 21/84] 162.253.55.115 () {62 vars in 1077 bytes} [Wed Sep 23 05:14:22 2026] GET /compute/v2.1/ => generated 393 bytes in 7 msecs (HTTP/1.1 200) 9 headers in 357 bytes (1 switches on core 0)
Sep 23 05:14:22.285797 np0000193756 devstack@n-api.service[98879]: DEBUG nova.api.openstack.wsgi [None req-4a0fd3e3-4a19-41d9-8454-6f237a81edf5 demo demo] Calling method '>' {{(pid=98879) _process_stack /opt/stack/nova/nova/api/openstack/wsgi.py:551}}
Sep 23 05:14:22.325762 np0000193756 devstack@n-api.service[98879]: INFO nova.api.openstack.requestlog [None req-4a0fd3e3-4a19-41d9-8454-6f237a81edf5 demo demo] 162.253.55.115 "GET /compute/v2.1/os-server-groups" status: 200 len: 246 microversion: 2.64 time: 0.043903
Sep 23 05:14:22.326337 np0000193756 devstack@n-api.service[98879]: [pid: 98879|app: 0|req: 21/85] 162.253.55.115 () {68 vars in 1412 bytes} [Wed Sep 23 05:14:22 2026] GET /compute/v2.1/os-server-groups => generated 246 bytes in 45 msecs (HTTP/1.1 200) 9 headers in 359 bytes (1 switches on core 0)
Sep 23 05:14:22.370111 np0000193756 devstack@n-api.service[98882]: DEBUG nova.api.openstack.wsgi [None req-b7bfc8eb-2baa-4537-94e0-03ba1dda6426 demo demo] Calling method '>' {{(pid=98882) _process_stack /opt/stack/nova/nova/api/openstack/wsgi.py:551}}
Sep 23 05:14:22.375502 np0000193756 devstack@n-api.service[98882]: INFO nova.api.openstack.requestlog [None req-b7bfc8eb-2baa-4537-94e0-03ba1dda6426 demo demo] 162.253.55.115 "GET /compute/v2.1" status: 200 len: 393 microversion: 2.1 time: 0.006368
Sep 23 05:14:22.375847 np0000193756 devstack@n-api.service[98882]: [pid: 98882|app: 0|req: 23/86] 162.253.55.115 () {62 vars in 1074 bytes} [Wed Sep 23 05:14:22 2026] GET /compute/v2.1 => generated 393 bytes in 7 msecs (HTTP/1.1 200) 9 headers in 357 bytes (1 switches on core 0)
Sep 23 05:14:22.413965 np0000193756 devstack@n-api.service[98880]: DEBUG nova.api.openstack.wsgi [None req-87e0a061-17a0-48cc-80dc-0abf99ccb879 demo demo] Calling method '>' {{(pid=98880) _process_stack /opt/stack/nova/nova/api/openstack/wsgi.py:551}}
Sep 23 05:14:22.420178 np0000193756 devstack@n-api.service[98880]: INFO nova.api.openstack.requestlog [None req-87e0a061-17a0-48cc-80dc-0abf99ccb879 demo demo] 162.253.55.115 "GET /compute/v2.1/" status: 200 len: 393 microversion: 2.1 time: 0.006459
Sep 23 05:14:22.420525 np0000193756 devstack@n-api.service[98880]: [pid: 98880|app: 0|req: 22/87] 162.253.55.115 () {62 vars in 1077 bytes} [Wed Sep 23 05:14:22 2026] GET /compute/v2.1/ => generated 393 bytes in 7 msecs (HTTP/1.1 200) 9 headers in 357 bytes (1 switches on core 0)
Sep 23 05:14:22.457663 np0000193756 devstack@n-api.service[98881]: DEBUG nova.api.openstack.wsgi [None req-f2f594d9-bb73-46a6-91bf-8e9589348bd0 demo demo] Action: 'create', calling method: >, body: {"server_group": {"name": "kube-ey8o0-default-worker", "policy": "soft-anti-affinity"}} {{(pid=98881) _process_stack /opt/stack/nova/nova/api/openstack/wsgi.py:549}}
Sep 23 05:14:22.491475 np0000193756 devstack@n-api.service[98881]: DEBUG nova.quota [None req-f2f594d9-bb73-46a6-91bf-8e9589348bd0 demo demo] Getting quotas for project 03d55cbb22cd4e2b9cd81404bfc23bee. Resources: {'server_groups'} {{(pid=98881) _get_quotas /opt/stack/nova/nova/quota.py:389}}
Sep 23 05:14:22.497500 np0000193756 devstack@n-api.service[98881]: DEBUG nova.quota [None req-f2f594d9-bb73-46a6-91bf-8e9589348bd0 demo demo] Getting quotas for user 487c5d00d2804708ba38d7150ddcf839 and project 03d55cbb22cd4e2b9cd81404bfc23bee. Resources: {'server_groups'} {{(pid=98881) _get_quotas /opt/stack/nova/nova/quota.py:379}}
Sep 23 05:14:22.587082 np0000193756 devstack@n-api.service[98881]: DEBUG nova.quota [None req-f2f594d9-bb73-46a6-91bf-8e9589348bd0 demo demo] Getting quotas for project 03d55cbb22cd4e2b9cd81404bfc23bee. Resources: {'server_groups'} {{(pid=98881) _get_quotas /opt/stack/nova/nova/quota.py:389}}
Sep 23 05:14:22.590841 np0000193756 devstack@n-api.service[98881]: DEBUG nova.quota [None req-f2f594d9-bb73-46a6-91bf-8e9589348bd0 demo demo] Getting quotas for user 487c5d00d2804708ba38d7150ddcf839 and project 03d55cbb22cd4e2b9cd81404bfc23bee. Resources: {'server_groups'} {{(pid=98881) _get_quotas /opt/stack/nova/nova/quota.py:379}}
Sep 23 05:14:22.602313 np0000193756 devstack@n-api.service[98881]: INFO nova.api.openstack.requestlog [None req-f2f594d9-bb73-46a6-91bf-8e9589348bd0 demo demo] 162.253.55.115 "POST /compute/v2.1/os-server-groups" status: 200 len: 258 microversion: 2.64 time: 0.148063
Sep 23 05:14:22.602801 np0000193756 devstack@n-api.service[98881]: [pid: 98881|app: 0|req: 22/88] 162.253.55.115 () {72 vars in 1452 bytes} [Wed Sep 23 05:14:22 2026] POST /compute/v2.1/os-server-groups => generated 258 bytes in 149 msecs (HTTP/1.1 200) 9 headers in 359 bytes (1 switches on core 0)
Sep 23 05:14:25.968130 np0000193756 devstack@n-api.service[98879]: DEBUG nova.api.openstack.wsgi [None req-4a0fd3e3-4a19-41d9-8454-6f237a81edf5 demo demo] Calling method '>' {{(pid=98879) _process_stack /opt/stack/nova/nova/api/openstack/wsgi.py:551}}
Sep 23 05:14:25.973727 np0000193756 devstack@n-api.service[98879]: INFO nova.api.openstack.requestlog [None req-4a0fd3e3-4a19-41d9-8454-6f237a81edf5 demo demo] 162.253.55.115 "GET /compute/v2.1" status: 200 len: 393 microversion: 2.1 time: 0.006750
Sep 23 05:14:25.974126 np0000193756 devstack@n-api.service[98879]: [pid: 98879|app: 0|req: 22/89] 162.253.55.115 () {62 vars in 1074 bytes} [Wed Sep 23 05:14:25 2026] GET /compute/v2.1 => generated 393 bytes in 8 msecs (HTTP/1.1 200) 9 headers in 357 bytes (1 switches on core 0)
Sep 23 05:14:26.004058 np0000193756 devstack@n-api.service[98882]: DEBUG nova.api.openstack.wsgi [None req-b7bfc8eb-2baa-4537-94e0-03ba1dda6426 demo demo] Calling method '>' {{(pid=98882) _process_stack /opt/stack/nova/nova/api/openstack/wsgi.py:551}}
Sep 23 05:14:26.010006 np0000193756 devstack@n-api.service[98882]: INFO nova.api.openstack.requestlog [None req-b7bfc8eb-2baa-4537-94e0-03ba1dda6426 demo demo] 162.253.55.115 "GET /compute/v2.1/" status: 200 len: 393 microversion: 2.1 time: 0.006296
Sep 23 05:14:26.010442 np0000193756 devstack@n-api.service[98882]: [pid: 98882|app: 0|req: 24/90] 162.253.55.115 () {62 vars in 1077 bytes} [Wed Sep 23 05:14:26 2026] GET /compute/v2.1/ => generated 393 bytes in 7 msecs (HTTP/1.1 200) 9 headers in 357 bytes (1 switches on core 0)
Sep 23 05:14:26.043468 np0000193756 devstack@n-api.service[98880]: DEBUG nova.api.openstack.wsgi [None req-ea3882b4-7156-4410-ac13-691bda3281c3 demo demo] Calling method '>' {{(pid=98880) _process_stack /opt/stack/nova/nova/api/openstack/wsgi.py:551}}
Sep 23 05:14:26.082564 np0000193756 devstack@n-api.service[98880]: INFO nova.api.openstack.requestlog [None req-ea3882b4-7156-4410-ac13-691bda3281c3 demo demo] 162.253.55.115 "GET /compute/v2.1/flavors/detail?is_public=None" status: 200 len: 5262 microversion: 2.61 time: 0.042540
Sep 23 05:14:26.083162 np0000193756 devstack@n-api.service[98880]: [pid: 98880|app: 0|req: 23/91] 162.253.55.115 () {68 vars in 1435 bytes} [Wed Sep 23 05:14:26 2026] GET /compute/v2.1/flavors/detail?is_public=None => generated 5262 bytes in 44 msecs (HTTP/1.1 200) 9 headers in 360 bytes (1 switches on core 0)
Sep 23 05:14:26.121781 np0000193756 devstack@n-api.service[98881]: DEBUG nova.api.openstack.wsgi [None req-92b278b6-7e5c-4703-a22a-e7f4836b3d0c demo demo] Calling method '>' {{(pid=98881) _process_stack /opt/stack/nova/nova/api/openstack/wsgi.py:551}}
Sep 23 05:14:26.154259 np0000193756 devstack@n-api.service[98881]: INFO nova.api.openstack.requestlog [None req-92b278b6-7e5c-4703-a22a-e7f4836b3d0c demo demo] 162.253.55.115 "GET /compute/v2.1/flavors/detail?is_public=None" status: 200 len: 5262 microversion: 2.61 time: 0.035775
Sep 23 05:14:26.154783 np0000193756 devstack@n-api.service[98881]: [pid: 98881|app: 0|req: 23/92] 162.253.55.115 () {68 vars in 1435 bytes} [Wed Sep 23 05:14:26 2026] GET /compute/v2.1/flavors/detail?is_public=None => generated 5262 bytes in 37 msecs (HTTP/1.1 200) 9 headers in 360 bytes (1 switches on core 0)
Sep 23 05:14:26.306239 np0000193756 devstack@n-api.service[98879]: DEBUG nova.api.openstack.wsgi [None req-4a0fd3e3-4a19-41d9-8454-6f237a81edf5 demo demo] Calling method '>' {{(pid=98879) _process_stack /opt/stack/nova/nova/api/openstack/wsgi.py:551}}
Sep 23 05:14:26.312513 np0000193756 devstack@n-api.service[98879]: INFO nova.api.openstack.requestlog [None req-4a0fd3e3-4a19-41d9-8454-6f237a81edf5 demo demo] 162.253.55.115 "GET /compute/v2.1" status: 200 len: 393 microversion: 2.1 time: 0.006670
Sep 23 05:14:26.313255 np0000193756 devstack@n-api.service[98879]: [pid: 98879|app: 0|req: 23/93] 162.253.55.115 () {62 vars in 1074 bytes} [Wed Sep 23 05:14:26 2026] GET /compute/v2.1 => generated 393 bytes in 8 msecs (HTTP/1.1 200) 9 headers in 357 bytes (1 switches on core 0)
Sep 23 05:14:26.343061 np0000193756 devstack@n-api.service[98882]: DEBUG nova.api.openstack.wsgi [None req-b7bfc8eb-2baa-4537-94e0-03ba1dda6426 demo demo] Calling method '>' {{(pid=98882) _process_stack /opt/stack/nova/nova/api/openstack/wsgi.py:551}}
Sep 23 05:14:26.346169 np0000193756 devstack@n-api.service[98882]: INFO nova.api.openstack.requestlog [None req-b7bfc8eb-2baa-4537-94e0-03ba1dda6426 demo demo] 162.253.55.115 "GET /compute/v2.1/" status: 200 len: 393 microversion: 2.1 time: 0.003282
Sep 23 05:14:26.346377 np0000193756 devstack@n-api.service[98882]: [pid: 98882|app: 0|req: 25/94] 162.253.55.115 () {62 vars in 1077 bytes} [Wed Sep 23 05:14:26 2026] GET /compute/v2.1/ => generated 393 bytes in 4 msecs (HTTP/1.1 200) 9 headers in 357 bytes (1 switches on core 0)
Sep 23 05:14:26.375873 np0000193756 devstack@n-api.service[98880]: DEBUG nova.api.openstack.wsgi [None req-4775ce38-049c-4088-8d02-88a762d89ee3 demo demo] Calling method '>' {{(pid=98880) _process_stack /opt/stack/nova/nova/api/openstack/wsgi.py:551}}
Sep 23 05:14:26.396952 np0000193756 devstack@n-api.service[98880]: INFO nova.api.openstack.requestlog [None req-4775ce38-049c-4088-8d02-88a762d89ee3 demo demo] 162.253.55.115 "GET /compute/v2.1/flavors/detail?is_public=None" status: 200 len: 5262 microversion: 2.61 time: 0.023212
Sep 23 05:14:26.397366 np0000193756 devstack@n-api.service[98880]: [pid: 98880|app: 0|req: 24/95] 162.253.55.115 () {68 vars in 1435 bytes} [Wed Sep 23 05:14:26 2026] GET /compute/v2.1/flavors/detail?is_public=None => generated 5262 bytes in 24 msecs (HTTP/1.1 200) 9 headers in 360 bytes (1 switches on core 0)
Sep 23 05:14:32.072162 np0000193756 devstack@n-api.service[98882]: DEBUG dbcounter [-] [98882] Writing DB stats nova_cell0:SELECT=4 {{(pid=98882) stat_writer /opt/stack/data/venv/lib/python3.12/site-packages/dbcounter.py:115}}
Sep 23 05:14:32.075116 np0000193756 devstack@n-api.service[98882]: DEBUG dbcounter [-] [98882] Writing DB stats nova_api:SELECT=14,nova_api:INSERT=2 {{(pid=98882) stat_writer /opt/stack/data/venv/lib/python3.12/site-packages/dbcounter.py:115}}
Sep 23 05:14:32.319809 np0000193756 devstack@n-api.service[98879]: DEBUG dbcounter [-] [98879] Writing DB stats nova_api:SELECT=2 {{(pid=98879) stat_writer /opt/stack/data/venv/lib/python3.12/site-packages/dbcounter.py:115}}
Sep 23 05:14:32.596199 np0000193756 devstack@n-api.service[98881]: DEBUG dbcounter [-] [98881] Writing DB stats nova_cell0:SELECT=4 {{(pid=98881) stat_writer /opt/stack/data/venv/lib/python3.12/site-packages/dbcounter.py:115}}
Sep 23 05:14:36.128879 np0000193756 devstack@n-api.service[98881]: DEBUG dbcounter [-] [98881] Writing DB stats nova_api:SELECT=19,nova_api:INSERT=2 {{(pid=98881) stat_writer /opt/stack/data/venv/lib/python3.12/site-packages/dbcounter.py:115}}
Sep 23 05:14:36.384124 np0000193756 devstack@n-api.service[98880]: DEBUG dbcounter [-] [98880] Writing DB stats nova_api:SELECT=8 {{(pid=98880) stat_writer /opt/stack/data/venv/lib/python3.12/site-packages/dbcounter.py:115}}
Sep 23 05:14:49.658919 np0000193756 devstack@n-api.service[98881]: DEBUG nova.api.openstack.wsgi [None req-92b278b6-7e5c-4703-a22a-e7f4836b3d0c demo demo] Calling method '>' {{(pid=98881) _process_stack /opt/stack/nova/nova/api/openstack/wsgi.py:551}}
Sep 23 05:14:49.665415 np0000193756 devstack@n-api.service[98881]: INFO nova.api.openstack.requestlog [None req-92b278b6-7e5c-4703-a22a-e7f4836b3d0c demo demo] 172.18.0.2 "GET /compute/v2.1/" status: 200 len: 393 microversion: 2.1 time: 0.007142
Sep 23 05:14:49.665784 np0000193756 devstack@n-api.service[98881]: [pid: 98881|app: 0|req: 24/96] 162.253.55.115 () {64 vars in 1272 bytes} [Wed Sep 23 05:14:49 2026] GET /compute/v2.1/ => generated 393 bytes in 8 msecs (HTTP/1.1 200) 9 headers in 357 bytes (1 switches on core 0)
Sep 23 05:14:49.677399 np0000193756 devstack@n-api.service[98879]: DEBUG nova.api.openstack.wsgi [None req-19371ecb-b864-4635-bf61-0aec0291e397 demo demo] Calling method '>' {{(pid=98879) _process_stack /opt/stack/nova/nova/api/openstack/wsgi.py:551}}
Sep 23 05:14:49.681317 np0000193756 devstack@n-api.service[98879]: DEBUG oslo_concurrency.lockutils [None req-19371ecb-b864-4635-bf61-0aec0291e397 demo demo] Acquiring lock "00000000-0000-0000-0000-000000000000" by "nova.context.set_target_cell..get_or_set_cached_cell_and_set_connections" {{(pid=98879) inner /opt/stack/data/venv/lib/python3.12/site-packages/oslo_concurrency/lockutils.py:512}}
Sep 23 05:14:49.681644 np0000193756 devstack@n-api.service[98879]: DEBUG oslo_concurrency.lockutils [None req-19371ecb-b864-4635-bf61-0aec0291e397 demo demo] Lock "00000000-0000-0000-0000-000000000000" acquired by "nova.context.set_target_cell..get_or_set_cached_cell_and_set_connections" :: waited 0.000s {{(pid=98879) inner /opt/stack/data/venv/lib/python3.12/site-packages/oslo_concurrency/lockutils.py:525}}
Sep 23 05:14:49.681922 np0000193756 devstack@n-api.service[98879]: DEBUG oslo_concurrency.lockutils [None req-19371ecb-b864-4635-bf61-0aec0291e397 demo demo] Lock "00000000-0000-0000-0000-000000000000" "released" by "nova.context.set_target_cell..get_or_set_cached_cell_and_set_connections" :: held 0.000s {{(pid=98879) inner /opt/stack/data/venv/lib/python3.12/site-packages/oslo_concurrency/lockutils.py:544}}
Sep 23 05:14:49.683415 np0000193756 devstack@n-api.service[98879]: DEBUG oslo_concurrency.lockutils [None req-19371ecb-b864-4635-bf61-0aec0291e397 demo demo] Acquiring lock "1e1e504b-2a65-45dd-8c94-0b2184cba212" by "nova.context.set_target_cell..get_or_set_cached_cell_and_set_connections" {{(pid=98879) inner /opt/stack/data/venv/lib/python3.12/site-packages/oslo_concurrency/lockutils.py:512}}
Sep 23 05:14:49.683711 np0000193756 devstack@n-api.service[98879]: DEBUG oslo_concurrency.lockutils [None req-19371ecb-b864-4635-bf61-0aec0291e397 demo demo] Lock "1e1e504b-2a65-45dd-8c94-0b2184cba212" acquired by "nova.context.set_target_cell..get_or_set_cached_cell_and_set_connections" :: waited 0.000s {{(pid=98879) inner /opt/stack/data/venv/lib/python3.12/site-packages/oslo_concurrency/lockutils.py:525}}
Sep 23 05:14:49.684005 np0000193756 devstack@n-api.service[98879]: DEBUG oslo_concurrency.lockutils [None req-19371ecb-b864-4635-bf61-0aec0291e397 demo demo] Lock "1e1e504b-2a65-45dd-8c94-0b2184cba212" "released" by "nova.context.set_target_cell..get_or_set_cached_cell_and_set_connections" :: held 0.000s {{(pid=98879) inner /opt/stack/data/venv/lib/python3.12/site-packages/oslo_concurrency/lockutils.py:544}}
Sep 23 05:14:49.775998 np0000193756 devstack@n-api.service[98879]: INFO nova.api.openstack.requestlog [None req-19371ecb-b864-4635-bf61-0aec0291e397 demo demo] 172.18.0.2 "GET /compute/v2.1/os-availability-zone" status: 200 len: 97 microversion: 2.38 time: 0.102152
Sep 23 05:14:49.776700 np0000193756 devstack@n-api.service[98879]: [pid: 98879|app: 0|req: 24/97] 162.253.55.115 () {68 vars in 1415 bytes} [Wed Sep 23 05:14:49 2026] GET /compute/v2.1/os-availability-zone => generated 97 bytes in 104 msecs (HTTP/1.1 200) 9 headers in 358 bytes (1 switches on core 0)
Sep 23 05:14:51.120587 np0000193756 devstack@n-api.service[98882]: DEBUG nova.api.openstack.wsgi [None req-b7bfc8eb-2baa-4537-94e0-03ba1dda6426 demo demo] Calling method '>' {{(pid=98882) _process_stack /opt/stack/nova/nova/api/openstack/wsgi.py:551}}
Sep 23 05:14:51.127160 np0000193756 devstack@n-api.service[98882]: INFO nova.api.openstack.requestlog [None req-b7bfc8eb-2baa-4537-94e0-03ba1dda6426 demo demo] 172.18.0.2 "GET /compute/v2.1/" status: 200 len: 393 microversion: 2.1 time: 0.007200
Sep 23 05:14:51.127574 np0000193756 devstack@n-api.service[98882]: [pid: 98882|app: 0|req: 26/98] 162.253.55.115 () {64 vars in 1272 bytes} [Wed Sep 23 05:14:51 2026] GET /compute/v2.1/ => generated 393 bytes in 8 msecs (HTTP/1.1 200) 9 headers in 357 bytes (1 switches on core 0)
Sep 23 05:14:51.138268 np0000193756 devstack@n-api.service[98880]: DEBUG nova.api.openstack.wsgi [None req-9c3994b1-57d0-44d8-af8f-34997253cbc0 demo demo] Calling method '>' {{(pid=98880) _process_stack /opt/stack/nova/nova/api/openstack/wsgi.py:551}}
Sep 23 05:14:51.141743 np0000193756 devstack@n-api.service[98880]: DEBUG oslo_concurrency.lockutils [None req-9c3994b1-57d0-44d8-af8f-34997253cbc0 demo demo] Acquiring lock "00000000-0000-0000-0000-000000000000" by "nova.context.set_target_cell..get_or_set_cached_cell_and_set_connections" {{(pid=98880) inner /opt/stack/data/venv/lib/python3.12/site-packages/oslo_concurrency/lockutils.py:512}}
Sep 23 05:14:51.142076 np0000193756 devstack@n-api.service[98880]: DEBUG oslo_concurrency.lockutils [None req-9c3994b1-57d0-44d8-af8f-34997253cbc0 demo demo] Lock "00000000-0000-0000-0000-000000000000" acquired by "nova.context.set_target_cell..get_or_set_cached_cell_and_set_connections" :: waited 0.000s {{(pid=98880) inner /opt/stack/data/venv/lib/python3.12/site-packages/oslo_concurrency/lockutils.py:525}}
Sep 23 05:14:51.142348 np0000193756 devstack@n-api.service[98880]: DEBUG oslo_concurrency.lockutils [None req-9c3994b1-57d0-44d8-af8f-34997253cbc0 demo demo] Lock "00000000-0000-0000-0000-000000000000" "released" by "nova.context.set_target_cell..get_or_set_cached_cell_and_set_connections" :: held 0.000s {{(pid=98880) inner /opt/stack/data/venv/lib/python3.12/site-packages/oslo_concurrency/lockutils.py:544}}
Sep 23 05:14:51.143993 np0000193756 devstack@n-api.service[98880]: DEBUG oslo_concurrency.lockutils [None req-9c3994b1-57d0-44d8-af8f-34997253cbc0 demo demo] Acquiring lock "1e1e504b-2a65-45dd-8c94-0b2184cba212" by "nova.context.set_target_cell..get_or_set_cached_cell_and_set_connections" {{(pid=98880) inner /opt/stack/data/venv/lib/python3.12/site-packages/oslo_concurrency/lockutils.py:512}}
Sep 23 05:14:51.143993 np0000193756 devstack@n-api.service[98880]: DEBUG oslo_concurrency.lockutils [None req-9c3994b1-57d0-44d8-af8f-34997253cbc0 demo demo] Lock "1e1e504b-2a65-45dd-8c94-0b2184cba212" acquired by "nova.context.set_target_cell..get_or_set_cached_cell_and_set_connections" :: waited 0.000s {{(pid=98880) inner /opt/stack/data/venv/lib/python3.12/site-packages/oslo_concurrency/lockutils.py:525}}
Sep 23 05:14:51.144788 np0000193756 devstack@n-api.service[98880]: DEBUG oslo_concurrency.lockutils [None req-9c3994b1-57d0-44d8-af8f-34997253cbc0 demo demo] Lock "1e1e504b-2a65-45dd-8c94-0b2184cba212" "released" by "nova.context.set_target_cell..get_or_set_cached_cell_and_set_connections" :: held 0.000s {{(pid=98880) inner /opt/stack/data/venv/lib/python3.12/site-packages/oslo_concurrency/lockutils.py:544}}
Sep 23 05:14:51.245600 np0000193756 devstack@n-api.service[98880]: INFO nova.api.openstack.requestlog [None req-9c3994b1-57d0-44d8-af8f-34997253cbc0 demo demo] 172.18.0.2 "GET /compute/v2.1/os-availability-zone" status: 200 len: 97 microversion: 2.38 time: 0.110146
Sep 23 05:14:51.245600 np0000193756 devstack@n-api.service[98880]: [pid: 98880|app: 0|req: 25/99] 162.253.55.115 () {68 vars in 1415 bytes} [Wed Sep 23 05:14:51 2026] GET /compute/v2.1/os-availability-zone => generated 97 bytes in 111 msecs (HTTP/1.1 200) 9 headers in 358 bytes (1 switches on core 0)
Sep 23 05:14:52.098514 np0000193756 devstack@n-api.service[98881]: DEBUG nova.api.openstack.wsgi [None req-92b278b6-7e5c-4703-a22a-e7f4836b3d0c demo demo] Calling method '>' {{(pid=98881) _process_stack /opt/stack/nova/nova/api/openstack/wsgi.py:551}}
Sep 23 05:14:52.104105 np0000193756 devstack@n-api.service[98881]: INFO nova.api.openstack.requestlog [None req-92b278b6-7e5c-4703-a22a-e7f4836b3d0c demo demo] 172.18.0.2 "GET /compute/v2.1/" status: 200 len: 393 microversion: 2.1 time: 0.005571
Sep 23 05:14:52.104105 np0000193756 devstack@n-api.service[98881]: [pid: 98881|app: 0|req: 25/100] 162.253.55.115 () {64 vars in 1272 bytes} [Wed Sep 23 05:14:52 2026] GET /compute/v2.1/ => generated 393 bytes in 6 msecs (HTTP/1.1 200) 9 headers in 357 bytes (1 switches on core 0)
Sep 23 05:14:52.115797 np0000193756 devstack@n-api.service[98879]: DEBUG nova.api.openstack.wsgi [None req-19f42711-48db-408f-a031-bf02c5d5710d demo demo] Calling method '>' {{(pid=98879) _process_stack /opt/stack/nova/nova/api/openstack/wsgi.py:551}}
Sep 23 05:14:52.119843 np0000193756 devstack@n-api.service[98879]: DEBUG oslo_concurrency.lockutils [None req-19f42711-48db-408f-a031-bf02c5d5710d demo demo] Acquiring lock "00000000-0000-0000-0000-000000000000" by "nova.context.set_target_cell..get_or_set_cached_cell_and_set_connections" {{(pid=98879) inner /opt/stack/data/venv/lib/python3.12/site-packages/oslo_concurrency/lockutils.py:512}}
Sep 23 05:14:52.120245 np0000193756 devstack@n-api.service[98879]: DEBUG oslo_concurrency.lockutils [None req-19f42711-48db-408f-a031-bf02c5d5710d demo demo] Lock "00000000-0000-0000-0000-000000000000" acquired by "nova.context.set_target_cell..get_or_set_cached_cell_and_set_connections" :: waited 0.000s {{(pid=98879) inner /opt/stack/data/venv/lib/python3.12/site-packages/oslo_concurrency/lockutils.py:525}}
Sep 23 05:14:52.120508 np0000193756 devstack@n-api.service[98879]: DEBUG oslo_concurrency.lockutils [None req-19f42711-48db-408f-a031-bf02c5d5710d demo demo] Lock "00000000-0000-0000-0000-000000000000" "released" by "nova.context.set_target_cell..get_or_set_cached_cell_and_set_connections" :: held 0.000s {{(pid=98879) inner /opt/stack/data/venv/lib/python3.12/site-packages/oslo_concurrency/lockutils.py:544}}
Sep 23 05:14:52.122080 np0000193756 devstack@n-api.service[98879]: DEBUG oslo_concurrency.lockutils [None req-19f42711-48db-408f-a031-bf02c5d5710d demo demo] Acquiring lock "1e1e504b-2a65-45dd-8c94-0b2184cba212" by "nova.context.set_target_cell..get_or_set_cached_cell_and_set_connections" {{(pid=98879) inner /opt/stack/data/venv/lib/python3.12/site-packages/oslo_concurrency/lockutils.py:512}}
Sep 23 05:14:52.123361 np0000193756 devstack@n-api.service[98879]: DEBUG oslo_concurrency.lockutils [None req-19f42711-48db-408f-a031-bf02c5d5710d demo demo] Lock "1e1e504b-2a65-45dd-8c94-0b2184cba212" acquired by "nova.context.set_target_cell..get_or_set_cached_cell_and_set_connections" :: waited 0.001s {{(pid=98879) inner /opt/stack/data/venv/lib/python3.12/site-packages/oslo_concurrency/lockutils.py:525}}
Sep 23 05:14:52.123633 np0000193756 devstack@n-api.service[98879]: DEBUG oslo_concurrency.lockutils [None req-19f42711-48db-408f-a031-bf02c5d5710d demo demo] Lock "1e1e504b-2a65-45dd-8c94-0b2184cba212" "released" by "nova.context.set_target_cell..get_or_set_cached_cell_and_set_connections" :: held 0.000s {{(pid=98879) inner /opt/stack/data/venv/lib/python3.12/site-packages/oslo_concurrency/lockutils.py:544}}
Sep 23 05:14:52.149548 np0000193756 devstack@n-api.service[98879]: INFO nova.api.openstack.requestlog [None req-19f42711-48db-408f-a031-bf02c5d5710d demo demo] 172.18.0.2 "GET /compute/v2.1/os-availability-zone" status: 200 len: 97 microversion: 2.38 time: 0.037837
Sep 23 05:14:52.150145 np0000193756 devstack@n-api.service[98879]: [pid: 98879|app: 0|req: 25/101] 162.253.55.115 () {68 vars in 1415 bytes} [Wed Sep 23 05:14:52 2026] GET /compute/v2.1/os-availability-zone => generated 97 bytes in 39 msecs (HTTP/1.1 200) 9 headers in 358 bytes (1 switches on core 0)
Sep 23 05:14:56.663049 np0000193756 devstack@n-api.service[98882]: DEBUG nova.api.openstack.wsgi [None req-b7bfc8eb-2baa-4537-94e0-03ba1dda6426 demo demo] Calling method '>' {{(pid=98882) _process_stack /opt/stack/nova/nova/api/openstack/wsgi.py:551}}
Sep 23 05:14:56.670469 np0000193756 devstack@n-api.service[98882]: INFO nova.api.openstack.requestlog [None req-b7bfc8eb-2baa-4537-94e0-03ba1dda6426 demo demo] 172.18.0.2 "GET /compute/v2.1/" status: 200 len: 393 microversion: 2.1 time: 0.008180
Sep 23 05:14:56.670870 np0000193756 devstack@n-api.service[98882]: [pid: 98882|app: 0|req: 27/102] 162.253.55.115 () {64 vars in 1272 bytes} [Wed Sep 23 05:14:56 2026] GET /compute/v2.1/ => generated 393 bytes in 9 msecs (HTTP/1.1 200) 9 headers in 357 bytes (1 switches on core 0)
Sep 23 05:14:56.681340 np0000193756 devstack@n-api.service[98880]: DEBUG nova.api.openstack.wsgi [None req-7c854d27-b2ec-4ddc-afb4-e060cff62ffc demo demo] Calling method '>' {{(pid=98880) _process_stack /opt/stack/nova/nova/api/openstack/wsgi.py:551}}
Sep 23 05:14:56.712856 np0000193756 devstack@n-api.service[98880]: INFO nova.api.openstack.requestlog [None req-7c854d27-b2ec-4ddc-afb4-e060cff62ffc demo demo] 172.18.0.2 "GET /compute/v2.1/flavors/detail" status: 200 len: 4022 microversion: 2.38 time: 0.034784
Sep 23 05:14:56.713414 np0000193756 devstack@n-api.service[98880]: [pid: 98880|app: 0|req: 26/103] 162.253.55.115 () {68 vars in 1397 bytes} [Wed Sep 23 05:14:56 2026] GET /compute/v2.1/flavors/detail => generated 4022 bytes in 36 msecs (HTTP/1.1 200) 9 headers in 360 bytes (1 switches on core 0)
Sep 23 05:14:56.762235 np0000193756 devstack@n-api.service[98881]: DEBUG nova.api.openstack.wsgi [None req-92b278b6-7e5c-4703-a22a-e7f4836b3d0c demo demo] Calling method '>' {{(pid=98881) _process_stack /opt/stack/nova/nova/api/openstack/wsgi.py:551}}
Sep 23 05:14:56.769043 np0000193756 devstack@n-api.service[98881]: INFO nova.api.openstack.requestlog [None req-92b278b6-7e5c-4703-a22a-e7f4836b3d0c demo demo] 172.18.0.2 "GET /compute/v2.1/" status: 200 len: 393 microversion: 2.1 time: 0.008180
Sep 23 05:14:56.769825 np0000193756 devstack@n-api.service[98881]: [pid: 98881|app: 0|req: 26/104] 162.253.55.115 () {64 vars in 1272 bytes} [Wed Sep 23 05:14:56 2026] GET /compute/v2.1/ => generated 393 bytes in 10 msecs (HTTP/1.1 200) 9 headers in 357 bytes (1 switches on core 0)
Sep 23 05:14:56.776435 np0000193756 devstack@n-api.service[98879]: DEBUG nova.api.openstack.wsgi [None req-7b2b7ca4-2814-4ad8-a5b1-89d5d44f94a5 demo demo] Calling method '>' {{(pid=98879) _process_stack /opt/stack/nova/nova/api/openstack/wsgi.py:551}}
Sep 23 05:14:56.799818 np0000193756 devstack@n-api.service[98879]: INFO nova.api.openstack.requestlog [None req-7b2b7ca4-2814-4ad8-a5b1-89d5d44f94a5 demo demo] 172.18.0.2 "GET /compute/v2.1/flavors/detail" status: 200 len: 4022 microversion: 2.38 time: 0.025260
Sep 23 05:14:56.800215 np0000193756 devstack@n-api.service[98879]: [pid: 98879|app: 0|req: 26/105] 162.253.55.115 () {68 vars in 1397 bytes} [Wed Sep 23 05:14:56 2026] GET /compute/v2.1/flavors/detail => generated 4022 bytes in 26 msecs (HTTP/1.1 200) 9 headers in 360 bytes (1 switches on core 0)
Sep 23 05:14:57.483398 np0000193756 devstack@n-api.service[98882]: DEBUG nova.api.openstack.wsgi [None req-b7bfc8eb-2baa-4537-94e0-03ba1dda6426 demo demo] Calling method '>' {{(pid=98882) _process_stack /opt/stack/nova/nova/api/openstack/wsgi.py:551}}
Sep 23 05:14:57.490314 np0000193756 devstack@n-api.service[98882]: INFO nova.api.openstack.requestlog [None req-b7bfc8eb-2baa-4537-94e0-03ba1dda6426 demo demo] 172.18.0.2 "GET /compute/v2.1/" status: 200 len: 393 microversion: 2.1 time: 0.007440
Sep 23 05:14:57.490687 np0000193756 devstack@n-api.service[98882]: [pid: 98882|app: 0|req: 28/106] 162.253.55.115 () {64 vars in 1272 bytes} [Wed Sep 23 05:14:57 2026] GET /compute/v2.1/ => generated 393 bytes in 9 msecs (HTTP/1.1 200) 9 headers in 357 bytes (1 switches on core 0)
Sep 23 05:14:57.504068 np0000193756 devstack@n-api.service[98880]: DEBUG nova.api.openstack.wsgi [None req-df6bac41-012f-435f-ae78-8a7718e4d4a6 demo demo] Calling method '>' {{(pid=98880) _process_stack /opt/stack/nova/nova/api/openstack/wsgi.py:551}}
Sep 23 05:14:57.509529 np0000193756 devstack@n-api.service[98880]: DEBUG nova.policy [None req-df6bac41-012f-435f-ae78-8a7718e4d4a6 demo demo] Policy check for os_compute_api:servers:allow_all_filters failed with credentials {'is_admin': False, 'user_id': '487c5d00d2804708ba38d7150ddcf839', 'user_domain_id': 'default', 'system_scope': None, 'domain_id': None, 'project_id': '03d55cbb22cd4e2b9cd81404bfc23bee', 'project_domain_id': 'default', 'roles': ['reader', 'load-balancer_member', 'anotherrole', 'member'], 'is_admin_project': True, 'service_user_id': None, 'service_user_domain_id': None, 'service_project_id': None, 'service_project_domain_id': None, 'service_roles': []} {{(pid=98880) authorize /opt/stack/nova/nova/policy.py:202}}
Sep 23 05:14:57.512096 np0000193756 devstack@n-api.service[98880]: DEBUG nova.compute.api [None req-df6bac41-012f-435f-ae78-8a7718e4d4a6 demo demo] Searching by: {'name': '^kube-ey8o0-cpln2-l7cgx$', 'deleted': False, 'project_id': '03d55cbb22cd4e2b9cd81404bfc23bee'} {{(pid=98880) get_all /opt/stack/nova/nova/compute/api.py:3114}}
Sep 23 05:14:57.519903 np0000193756 devstack@n-api.service[98880]: DEBUG oslo_concurrency.lockutils [None req-df6bac41-012f-435f-ae78-8a7718e4d4a6 demo demo] Acquiring lock "00000000-0000-0000-0000-000000000000" by "nova.context.set_target_cell..get_or_set_cached_cell_and_set_connections" {{(pid=98880) inner /opt/stack/data/venv/lib/python3.12/site-packages/oslo_concurrency/lockutils.py:512}}
Sep 23 05:14:57.521609 np0000193756 devstack@n-api.service[98880]: DEBUG oslo_concurrency.lockutils [None req-df6bac41-012f-435f-ae78-8a7718e4d4a6 demo demo] Lock "00000000-0000-0000-0000-000000000000" acquired by "nova.context.set_target_cell..get_or_set_cached_cell_and_set_connections" :: waited 0.001s {{(pid=98880) inner /opt/stack/data/venv/lib/python3.12/site-packages/oslo_concurrency/lockutils.py:525}}
Sep 23 05:14:57.521609 np0000193756 devstack@n-api.service[98880]: DEBUG oslo_concurrency.lockutils [None req-df6bac41-012f-435f-ae78-8a7718e4d4a6 demo demo] Lock "00000000-0000-0000-0000-000000000000" "released" by "nova.context.set_target_cell..get_or_set_cached_cell_and_set_connections" :: held 0.000s {{(pid=98880) inner /opt/stack/data/venv/lib/python3.12/site-packages/oslo_concurrency/lockutils.py:544}}
Sep 23 05:14:57.522635 np0000193756 devstack@n-api.service[98880]: DEBUG oslo_concurrency.lockutils [None req-df6bac41-012f-435f-ae78-8a7718e4d4a6 demo demo] Acquiring lock "1e1e504b-2a65-45dd-8c94-0b2184cba212" by "nova.context.set_target_cell..get_or_set_cached_cell_and_set_connections" {{(pid=98880) inner /opt/stack/data/venv/lib/python3.12/site-packages/oslo_concurrency/lockutils.py:512}}
Sep 23 05:14:57.523333 np0000193756 devstack@n-api.service[98880]: DEBUG oslo_concurrency.lockutils [None req-df6bac41-012f-435f-ae78-8a7718e4d4a6 demo demo] Lock "1e1e504b-2a65-45dd-8c94-0b2184cba212" acquired by "nova.context.set_target_cell..get_or_set_cached_cell_and_set_connections" :: waited 0.001s {{(pid=98880) inner /opt/stack/data/venv/lib/python3.12/site-packages/oslo_concurrency/lockutils.py:525}}
Sep 23 05:14:57.523950 np0000193756 devstack@n-api.service[98880]: DEBUG oslo_concurrency.lockutils [None req-df6bac41-012f-435f-ae78-8a7718e4d4a6 demo demo] Lock "1e1e504b-2a65-45dd-8c94-0b2184cba212" "released" by "nova.context.set_target_cell..get_or_set_cached_cell_and_set_connections" :: held 0.001s {{(pid=98880) inner /opt/stack/data/venv/lib/python3.12/site-packages/oslo_concurrency/lockutils.py:544}}
Sep 23 05:14:57.611124 np0000193756 devstack@n-api.service[98880]: DEBUG oslo_concurrency.lockutils [None req-df6bac41-012f-435f-ae78-8a7718e4d4a6 demo demo] Acquiring lock "00000000-0000-0000-0000-000000000000" by "nova.context.set_target_cell..get_or_set_cached_cell_and_set_connections" {{(pid=98880) inner /opt/stack/data/venv/lib/python3.12/site-packages/oslo_concurrency/lockutils.py:512}}
Sep 23 05:14:57.611124 np0000193756 devstack@n-api.service[98880]: DEBUG oslo_concurrency.lockutils [None req-df6bac41-012f-435f-ae78-8a7718e4d4a6 demo demo] Lock "00000000-0000-0000-0000-000000000000" acquired by "nova.context.set_target_cell..get_or_set_cached_cell_and_set_connections" :: waited 0.000s {{(pid=98880) inner /opt/stack/data/venv/lib/python3.12/site-packages/oslo_concurrency/lockutils.py:525}}
Sep 23 05:14:57.611492 np0000193756 devstack@n-api.service[98880]: DEBUG oslo_concurrency.lockutils [None req-df6bac41-012f-435f-ae78-8a7718e4d4a6 demo demo] Lock "00000000-0000-0000-0000-000000000000" "released" by "nova.context.set_target_cell..get_or_set_cached_cell_and_set_connections" :: held 0.000s {{(pid=98880) inner /opt/stack/data/venv/lib/python3.12/site-packages/oslo_concurrency/lockutils.py:544}}
Sep 23 05:14:57.612115 np0000193756 devstack@n-api.service[98880]: DEBUG oslo_concurrency.lockutils [None req-df6bac41-012f-435f-ae78-8a7718e4d4a6 demo demo] Acquiring lock "1e1e504b-2a65-45dd-8c94-0b2184cba212" by "nova.context.set_target_cell..get_or_set_cached_cell_and_set_connections" {{(pid=98880) inner /opt/stack/data/venv/lib/python3.12/site-packages/oslo_concurrency/lockutils.py:512}}
Sep 23 05:14:57.612501 np0000193756 devstack@n-api.service[98880]: DEBUG oslo_concurrency.lockutils [None req-df6bac41-012f-435f-ae78-8a7718e4d4a6 demo demo] Lock "1e1e504b-2a65-45dd-8c94-0b2184cba212" acquired by "nova.context.set_target_cell..get_or_set_cached_cell_and_set_connections" :: waited 0.000s {{(pid=98880) inner /opt/stack/data/venv/lib/python3.12/site-packages/oslo_concurrency/lockutils.py:525}}
Sep 23 05:14:57.612878 np0000193756 devstack@n-api.service[98880]: DEBUG oslo_concurrency.lockutils [None req-df6bac41-012f-435f-ae78-8a7718e4d4a6 demo demo] Lock "1e1e504b-2a65-45dd-8c94-0b2184cba212" "released" by "nova.context.set_target_cell..get_or_set_cached_cell_and_set_connections" :: held 0.000s {{(pid=98880) inner /opt/stack/data/venv/lib/python3.12/site-packages/oslo_concurrency/lockutils.py:544}}
Sep 23 05:14:57.616021 np0000193756 devstack@n-api.service[98880]: DEBUG nova.policy [None req-df6bac41-012f-435f-ae78-8a7718e4d4a6 demo demo] Policy check for os_compute_api:os-extended-server-attributes failed with credentials {'is_admin': False, 'user_id': '487c5d00d2804708ba38d7150ddcf839', 'user_domain_id': 'default', 'system_scope': None, 'domain_id': None, 'project_id': '03d55cbb22cd4e2b9cd81404bfc23bee', 'project_domain_id': 'default', 'roles': ['reader', 'load-balancer_member', 'anotherrole', 'member'], 'is_admin_project': True, 'service_user_id': None, 'service_user_domain_id': None, 'service_project_id': None, 'service_project_domain_id': None, 'service_roles': []} {{(pid=98880) authorize /opt/stack/nova/nova/policy.py:202}}
Sep 23 05:14:57.620456 np0000193756 devstack@n-api.service[98880]: DEBUG nova.policy [None req-df6bac41-012f-435f-ae78-8a7718e4d4a6 demo demo] Policy check for os_compute_api:servers:show:host_status failed with credentials {'is_admin': False, 'user_id': '487c5d00d2804708ba38d7150ddcf839', 'user_domain_id': 'default', 'system_scope': None, 'domain_id': None, 'project_id': '03d55cbb22cd4e2b9cd81404bfc23bee', 'project_domain_id': 'default', 'roles': ['reader', 'load-balancer_member', 'anotherrole', 'member'], 'is_admin_project': True, 'service_user_id': None, 'service_user_domain_id': None, 'service_project_id': None, 'service_project_domain_id': None, 'service_roles': []} {{(pid=98880) authorize /opt/stack/nova/nova/policy.py:202}}
Sep 23 05:14:57.621300 np0000193756 devstack@n-api.service[98880]: DEBUG nova.policy [None req-df6bac41-012f-435f-ae78-8a7718e4d4a6 demo demo] Policy check for os_compute_api:servers:show:host_status:unknown-only failed with credentials {'is_admin': False, 'user_id': '487c5d00d2804708ba38d7150ddcf839', 'user_domain_id': 'default', 'system_scope': None, 'domain_id': None, 'project_id': '03d55cbb22cd4e2b9cd81404bfc23bee', 'project_domain_id': 'default', 'roles': ['reader', 'load-balancer_member', 'anotherrole', 'member'], 'is_admin_project': True, 'service_user_id': None, 'service_user_domain_id': None, 'service_project_id': None, 'service_project_domain_id': None, 'service_roles': []} {{(pid=98880) authorize /opt/stack/nova/nova/policy.py:202}}
Sep 23 05:14:57.623689 np0000193756 devstack@n-api.service[98880]: INFO nova.api.openstack.requestlog [None req-df6bac41-012f-435f-ae78-8a7718e4d4a6 demo demo] 172.18.0.2 "GET /compute/v2.1/servers/detail?name=%5Ekube-ey8o0-cpln2-l7cgx%24" status: 200 len: 15 microversion: 2.38 time: 0.122870
Sep 23 05:14:57.624002 np0000193756 devstack@n-api.service[98880]: [pid: 98880|app: 0|req: 27/107] 162.253.55.115 () {68 vars in 1464 bytes} [Wed Sep 23 05:14:57 2026] GET /compute/v2.1/servers/detail?name=%5Ekube-ey8o0-cpln2-l7cgx%24 => generated 15 bytes in 124 msecs (HTTP/1.1 200) 9 headers in 358 bytes (1 switches on core 0)
Sep 23 05:14:57.636859 np0000193756 devstack@n-api.service[98881]: DEBUG nova.api.openstack.wsgi [None req-92b278b6-7e5c-4703-a22a-e7f4836b3d0c demo demo] Calling method '>' {{(pid=98881) _process_stack /opt/stack/nova/nova/api/openstack/wsgi.py:551}}
