2026-07-16 01:36:50.159 8 INFO cinder.api.openstack.wsgi [None req-99f1dbf1-cd5f-49e8-9f67-c47d57f83ac6 d820dc69025e459489f1f963b7dcb981 6a2907b7dded4e32bb1f33dd1010ea75 - - default default] http://cinder-api.openstack.svc.cluster.local:8776/v3/6a2907b7dded4e32bb1f33dd1010ea75/os-quota-sets/ea5b15427f0e48d7a9552d5452e479c5?usage=true returned with HTTP 200 [pid: 8|app: 0|req: 455/908] 10.0.0.198 () {28 vars in 736 bytes} [Thu Jul 16 01:36:50 2026] GET /v3/6a2907b7dded4e32bb1f33dd1010ea75/os-quota-sets/ea5b15427f0e48d7a9552d5452e479c5?usage=true => generated 847 bytes in 37 msecs (HTTP/1.1 200) 7 headers in 285 bytes (1 switches on core 0)
2026-07-16 01:36:50.176 7 INFO cinder.api.openstack.wsgi [None req-4c6ad9a0-29db-4a92-9790-c86660a29353 d820dc69025e459489f1f963b7dcb981 6a2907b7dded4e32bb1f33dd1010ea75 - - default default] GET http://cinder-api.openstack.svc.cluster.local:8776/v3/6a2907b7dded4e32bb1f33dd1010ea75/os-quota-sets/f1abca7f872a4837898ad22c8fd44622?usage=true
2026-07-16 01:36:50.198 7 INFO cinder.api.openstack.wsgi [None req-4c6ad9a0-29db-4a92-9790-c86660a29353 d820dc69025e459489f1f963b7dcb981 6a2907b7dded4e32bb1f33dd1010ea75 - - default default] http://cinder-api.openstack.svc.cluster.local:8776/v3/6a2907b7dded4e32bb1f33dd1010ea75/os-quota-sets/f1abca7f872a4837898ad22c8fd44622?usage=true returned with HTTP 200 [pid: 7|app: 0|req: 454/909] 10.0.0.198 () {28 vars in 736 bytes} [Thu Jul 16 01:36:50 2026] GET /v3/6a2907b7dded4e32bb1f33dd1010ea75/os-quota-sets/f1abca7f872a4837898ad22c8fd44622?usage=true => generated 847 bytes in 32 msecs (HTTP/1.1 200) 7 headers in 285 bytes (1 switches on core 0)
2026-07-16 01:36:50.208 8 INFO cinder.api.openstack.wsgi [None req-9565a38b-65f5-4efc-b750-535468be803f d820dc69025e459489f1f963b7dcb981 6a2907b7dded4e32bb1f33dd1010ea75 - - default default] GET http://cinder-api.openstack.svc.cluster.local:8776/v3/6a2907b7dded4e32bb1f33dd1010ea75/snapshots?all_tenants=true
2026-07-16 01:36:50.218 8 INFO cinder.volume.api [None req-9565a38b-65f5-4efc-b750-535468be803f d820dc69025e459489f1f963b7dcb981 6a2907b7dded4e32bb1f33dd1010ea75 - - default default] Get all snapshots completed successfully.
2026-07-16 01:36:50.219 8 INFO cinder.api.openstack.wsgi [None req-9565a38b-65f5-4efc-b750-535468be803f d820dc69025e459489f1f963b7dcb981 6a2907b7dded4e32bb1f33dd1010ea75 - - default default] http://cinder-api.openstack.svc.cluster.local:8776/v3/6a2907b7dded4e32bb1f33dd1010ea75/snapshots?all_tenants=true returned with HTTP 200 [pid: 8|app: 0|req: 456/910] 10.0.0.198 () {28 vars in 674 bytes} [Thu Jul 16 01:36:50 2026] GET /v3/6a2907b7dded4e32bb1f33dd1010ea75/snapshots?all_tenants=true => generated 17 bytes in 18 msecs (HTTP/1.1 200) 7 headers in 284 bytes (1 switches on core 0)
2026-07-16 01:36:58.078 8 INFO cinder.api.openstack.wsgi [None req-9565a38b-65f5-4efc-b750-535468be803f d820dc69025e459489f1f963b7dcb981 6a2907b7dded4e32bb1f33dd1010ea75 - - default default] GET http://10.0.0.233:8776/
2026-07-16 01:36:58.078 7 INFO cinder.api.openstack.wsgi [None req-4c6ad9a0-29db-4a92-9790-c86660a29353 d820dc69025e459489f1f963b7dcb981 6a2907b7dded4e32bb1f33dd1010ea75 - - default default] GET http://10.0.0.233:8776/
2026-07-16 01:36:58.080 8 INFO cinder.api.openstack.wsgi [None req-9565a38b-65f5-4efc-b750-535468be803f d820dc69025e459489f1f963b7dcb981 6a2907b7dded4e32bb1f33dd1010ea75 - - default default] http://10.0.0.233:8776/ returned with HTTP 300
2026-07-16 01:36:58.081 7 INFO cinder.api.openstack.wsgi [None req-4c6ad9a0-29db-4a92-9790-c86660a29353 d820dc69025e459489f1f963b7dcb981 6a2907b7dded4e32bb1f33dd1010ea75 - - default default] http://10.0.0.233:8776/ returned with HTTP 300
2026-07-16 01:37:08.079 8 INFO cinder.api.openstack.wsgi [None req-9565a38b-65f5-4efc-b750-535468be803f d820dc69025e459489f1f963b7dcb981 6a2907b7dded4e32bb1f33dd1010ea75 - - default default] GET http://10.0.0.233:8776/
2026-07-16 01:37:08.079 7 INFO cinder.api.openstack.wsgi [None req-4c6ad9a0-29db-4a92-9790-c86660a29353 d820dc69025e459489f1f963b7dcb981 6a2907b7dded4e32bb1f33dd1010ea75 - - default default] GET http://10.0.0.233:8776/
2026-07-16 01:37:08.080 8 INFO cinder.api.openstack.wsgi [None req-9565a38b-65f5-4efc-b750-535468be803f d820dc69025e459489f1f963b7dcb981 6a2907b7dded4e32bb1f33dd1010ea75 - - default default] http://10.0.0.233:8776/ returned with HTTP 300
2026-07-16 01:37:08.081 7 INFO cinder.api.openstack.wsgi [None req-4c6ad9a0-29db-4a92-9790-c86660a29353 d820dc69025e459489f1f963b7dcb981 6a2907b7dded4e32bb1f33dd1010ea75 - - default default] http://10.0.0.233:8776/ returned with HTTP 300
2026-07-16 01:37:09.637 7 INFO cinder.api.openstack.wsgi [None req-4eb234ee-8b91-49da-aa3c-00762509cb51 d820dc69025e459489f1f963b7dcb981 6a2907b7dded4e32bb1f33dd1010ea75 - - default default] POST http://cinder-api.openstack.svc.cluster.local:8776/v3/6a2907b7dded4e32bb1f33dd1010ea75/volumes
2026-07-16 01:37:09.780 7 INFO cinder.api.v3.volumes [None req-4eb234ee-8b91-49da-aa3c-00762509cb51 d820dc69025e459489f1f963b7dcb981 6a2907b7dded4e32bb1f33dd1010ea75 - - default default] Create volume of 16 GB
2026-07-16 01:37:09.793 7 INFO cinder.volume.api [None req-4eb234ee-8b91-49da-aa3c-00762509cb51 d820dc69025e459489f1f963b7dcb981 6a2907b7dded4e32bb1f33dd1010ea75 - - default default] Availability Zones retrieved successfully.
2026-07-16 01:37:10.007 7 INFO cinder.volume.api [None req-4eb234ee-8b91-49da-aa3c-00762509cb51 d820dc69025e459489f1f963b7dcb981 6a2907b7dded4e32bb1f33dd1010ea75 - - default default] Create volume request issued successfully.
2026-07-16 01:37:10.009 7 INFO cinder.api.openstack.wsgi [None req-4eb234ee-8b91-49da-aa3c-00762509cb51 d820dc69025e459489f1f963b7dcb981 6a2907b7dded4e32bb1f33dd1010ea75 - - default default] http://cinder-api.openstack.svc.cluster.local:8776/v3/6a2907b7dded4e32bb1f33dd1010ea75/volumes returned with HTTP 202 [pid: 7|app: 0|req: 457/915] 199.204.45.53 () {34 vars in 733 bytes} [Thu Jul 16 01:37:09 2026] POST /v3/6a2907b7dded4e32bb1f33dd1010ea75/volumes => generated 846 bytes in 425 msecs (HTTP/1.1 202) 7 headers in 291 bytes (1 switches on core 0)
2026-07-16 01:37:10.025 8 INFO cinder.api.openstack.wsgi [req-4eb234ee-8b91-49da-aa3c-00762509cb51 req-0753e146-5468-4fc7-983b-c166e103dfcf d820dc69025e459489f1f963b7dcb981 6a2907b7dded4e32bb1f33dd1010ea75 - - default default] GET http://cinder-api.openstack.svc.cluster.local:8776/v3/6a2907b7dded4e32bb1f33dd1010ea75/volumes/813b43e3-2bc5-48fb-b9db-a3604307d8a3 /var/lib/openstack/lib/python3.10/site-packages/oslo_context/context.py:100: DeprecationWarning: Policy enforcement is depending on the value of is_admin. This key is deprecated. Please update your policy file to use the standard policy values. warnings.warn('Policy enforcement is depending on the value of '
2026-07-16 01:37:10.060 8 INFO cinder.volume.api [req-4eb234ee-8b91-49da-aa3c-00762509cb51 req-0753e146-5468-4fc7-983b-c166e103dfcf d820dc69025e459489f1f963b7dcb981 6a2907b7dded4e32bb1f33dd1010ea75 - - default default] Volume info retrieved successfully.
2026-07-16 01:37:10.066 8 INFO cinder.api.openstack.wsgi [req-4eb234ee-8b91-49da-aa3c-00762509cb51 req-0753e146-5468-4fc7-983b-c166e103dfcf d820dc69025e459489f1f963b7dcb981 6a2907b7dded4e32bb1f33dd1010ea75 - - default default] http://cinder-api.openstack.svc.cluster.local:8776/v3/6a2907b7dded4e32bb1f33dd1010ea75/volumes/813b43e3-2bc5-48fb-b9db-a3604307d8a3 returned with HTTP 200 [pid: 8|app: 0|req: 459/916] 199.204.45.53 () {32 vars in 824 bytes} [Thu Jul 16 01:37:10 2026] GET /v3/6a2907b7dded4e32bb1f33dd1010ea75/volumes/813b43e3-2bc5-48fb-b9db-a3604307d8a3 => generated 1025 bytes in 48 msecs (HTTP/1.1 200) 7 headers in 286 bytes (1 switches on core 0) /var/lib/openstack/lib/python3.10/site-packages/pycadf/identifier.py:71: UserWarning: Invalid uuid: cinderv3. To ensure interoperability, identifiers should be a valid uuid. warnings.warn(('Invalid uuid: %s. To ensure interoperability, '
2026-07-16 01:37:15.084 7 INFO cinder.api.openstack.wsgi [req-4eb234ee-8b91-49da-aa3c-00762509cb51 req-75b31387-a642-4b69-bbbe-f15620796ee4 d820dc69025e459489f1f963b7dcb981 6a2907b7dded4e32bb1f33dd1010ea75 - - default default] GET http://cinder-api.openstack.svc.cluster.local:8776/v3/6a2907b7dded4e32bb1f33dd1010ea75/volumes/813b43e3-2bc5-48fb-b9db-a3604307d8a3 /var/lib/openstack/lib/python3.10/site-packages/oslo_context/context.py:100: DeprecationWarning: Policy enforcement is depending on the value of is_admin. This key is deprecated. Please update your policy file to use the standard policy values. warnings.warn('Policy enforcement is depending on the value of '
2026-07-16 01:37:15.099 7 INFO cinder.volume.api [req-4eb234ee-8b91-49da-aa3c-00762509cb51 req-75b31387-a642-4b69-bbbe-f15620796ee4 d820dc69025e459489f1f963b7dcb981 6a2907b7dded4e32bb1f33dd1010ea75 - - default default] Volume info retrieved successfully.
2026-07-16 01:37:15.107 7 INFO cinder.api.openstack.wsgi [req-4eb234ee-8b91-49da-aa3c-00762509cb51 req-75b31387-a642-4b69-bbbe-f15620796ee4 d820dc69025e459489f1f963b7dcb981 6a2907b7dded4e32bb1f33dd1010ea75 - - default default] http://cinder-api.openstack.svc.cluster.local:8776/v3/6a2907b7dded4e32bb1f33dd1010ea75/volumes/813b43e3-2bc5-48fb-b9db-a3604307d8a3 returned with HTTP 200 [pid: 7|app: 0|req: 458/917] 199.204.45.53 () {32 vars in 824 bytes} [Thu Jul 16 01:37:15 2026] GET /v3/6a2907b7dded4e32bb1f33dd1010ea75/volumes/813b43e3-2bc5-48fb-b9db-a3604307d8a3 => generated 1489 bytes in 30 msecs (HTTP/1.1 200) 7 headers in 286 bytes (1 switches on core 0) /var/lib/openstack/lib/python3.10/site-packages/pycadf/identifier.py:71: UserWarning: Invalid uuid: cinderv3. To ensure interoperability, identifiers should be a valid uuid. warnings.warn(('Invalid uuid: %s. To ensure interoperability, '
2026-07-16 01:37:15.566 8 INFO cinder.api.openstack.wsgi [req-ec157fdd-fd2c-4927-a394-e97bad5b5a47 req-d6ff4d0b-84a5-490f-83bc-574a5465b1c2 d820dc69025e459489f1f963b7dcb981 6a2907b7dded4e32bb1f33dd1010ea75 - - default default] GET http://cinder-api.openstack.svc.cluster.local:8776/v3/6a2907b7dded4e32bb1f33dd1010ea75/volumes/813b43e3-2bc5-48fb-b9db-a3604307d8a3 /var/lib/openstack/lib/python3.10/site-packages/oslo_context/context.py:100: DeprecationWarning: Policy enforcement is depending on the value of is_admin. This key is deprecated. Please update your policy file to use the standard policy values. warnings.warn('Policy enforcement is depending on the value of '
2026-07-16 01:37:15.581 8 INFO cinder.volume.api [req-ec157fdd-fd2c-4927-a394-e97bad5b5a47 req-d6ff4d0b-84a5-490f-83bc-574a5465b1c2 d820dc69025e459489f1f963b7dcb981 6a2907b7dded4e32bb1f33dd1010ea75 - - default default] Volume info retrieved successfully.
2026-07-16 01:37:15.591 8 INFO cinder.api.openstack.wsgi [req-ec157fdd-fd2c-4927-a394-e97bad5b5a47 req-d6ff4d0b-84a5-490f-83bc-574a5465b1c2 d820dc69025e459489f1f963b7dcb981 6a2907b7dded4e32bb1f33dd1010ea75 - - default default] http://cinder-api.openstack.svc.cluster.local:8776/v3/6a2907b7dded4e32bb1f33dd1010ea75/volumes/813b43e3-2bc5-48fb-b9db-a3604307d8a3 returned with HTTP 200 [pid: 8|app: 0|req: 460/918] 10.0.0.253 () {34 vars in 1028 bytes} [Thu Jul 16 01:37:15 2026] GET /v3/6a2907b7dded4e32bb1f33dd1010ea75/volumes/813b43e3-2bc5-48fb-b9db-a3604307d8a3 => generated 1489 bytes in 32 msecs (HTTP/1.1 200) 7 headers in 286 bytes (1 switches on core 0) /var/lib/openstack/lib/python3.10/site-packages/pycadf/identifier.py:71: UserWarning: Invalid uuid: cinderv3. To ensure interoperability, identifiers should be a valid uuid. warnings.warn(('Invalid uuid: %s. To ensure interoperability, '
2026-07-16 01:37:16.048 7 INFO cinder.api.openstack.wsgi [req-ec157fdd-fd2c-4927-a394-e97bad5b5a47 req-6d77bea1-5045-4155-bc85-6107e7107ea6 d820dc69025e459489f1f963b7dcb981 6a2907b7dded4e32bb1f33dd1010ea75 - - default default] GET http://cinder-api.openstack.svc.cluster.local:8776/v3/6a2907b7dded4e32bb1f33dd1010ea75/volumes/813b43e3-2bc5-48fb-b9db-a3604307d8a3 /var/lib/openstack/lib/python3.10/site-packages/oslo_context/context.py:100: DeprecationWarning: Policy enforcement is depending on the value of is_admin. This key is deprecated. Please update your policy file to use the standard policy values. warnings.warn('Policy enforcement is depending on the value of '
2026-07-16 01:37:16.064 7 INFO cinder.volume.api [req-ec157fdd-fd2c-4927-a394-e97bad5b5a47 req-6d77bea1-5045-4155-bc85-6107e7107ea6 d820dc69025e459489f1f963b7dcb981 6a2907b7dded4e32bb1f33dd1010ea75 - - default default] Volume info retrieved successfully.
2026-07-16 01:37:16.072 7 INFO cinder.api.openstack.wsgi [req-ec157fdd-fd2c-4927-a394-e97bad5b5a47 req-6d77bea1-5045-4155-bc85-6107e7107ea6 d820dc69025e459489f1f963b7dcb981 6a2907b7dded4e32bb1f33dd1010ea75 - - default default] http://cinder-api.openstack.svc.cluster.local:8776/v3/6a2907b7dded4e32bb1f33dd1010ea75/volumes/813b43e3-2bc5-48fb-b9db-a3604307d8a3 returned with HTTP 200 [pid: 7|app: 0|req: 459/919] 10.0.0.253 () {34 vars in 1028 bytes} [Thu Jul 16 01:37:16 2026] GET /v3/6a2907b7dded4e32bb1f33dd1010ea75/volumes/813b43e3-2bc5-48fb-b9db-a3604307d8a3 => generated 1489 bytes in 31 msecs (HTTP/1.1 200) 7 headers in 286 bytes (1 switches on core 0)
2026-07-16 01:37:16.082 8 INFO cinder.api.openstack.wsgi [req-ec157fdd-fd2c-4927-a394-e97bad5b5a47 req-d6ff4d0b-84a5-490f-83bc-574a5465b1c2 d820dc69025e459489f1f963b7dcb981 6a2907b7dded4e32bb1f33dd1010ea75 - - default default] GET http://cinder-api.openstack.svc.cluster.local:8776/
2026-07-16 01:37:16.083 8 INFO cinder.api.openstack.wsgi [req-ec157fdd-fd2c-4927-a394-e97bad5b5a47 req-d6ff4d0b-84a5-490f-83bc-574a5465b1c2 d820dc69025e459489f1f963b7dcb981 6a2907b7dded4e32bb1f33dd1010ea75 - - default default] http://cinder-api.openstack.svc.cluster.local:8776/ returned with HTTP 300 [pid: 8|app: 0|req: 461/920] 10.0.0.253 () {32 vars in 829 bytes} [Thu Jul 16 01:37:16 2026] GET / => generated 411 bytes in 1 msecs (HTTP/1.1 300) 5 headers in 169 bytes (1 switches on core 0) /var/lib/openstack/lib/python3.10/site-packages/pycadf/identifier.py:71: UserWarning: Invalid uuid: cinderv3. To ensure interoperability, identifiers should be a valid uuid. warnings.warn(('Invalid uuid: %s. To ensure interoperability, '
2026-07-16 01:37:16.098 7 INFO cinder.api.openstack.wsgi [req-ec157fdd-fd2c-4927-a394-e97bad5b5a47 req-10faccaa-3df3-428b-beee-8f76aa60be7b d820dc69025e459489f1f963b7dcb981 6a2907b7dded4e32bb1f33dd1010ea75 - - default default] POST http://cinder-api.openstack.svc.cluster.local:8776/v3/6a2907b7dded4e32bb1f33dd1010ea75/attachments /var/lib/openstack/lib/python3.10/site-packages/oslo_context/context.py:100: DeprecationWarning: Policy enforcement is depending on the value of is_admin. This key is deprecated. Please update your policy file to use the standard policy values. warnings.warn('Policy enforcement is depending on the value of '
2026-07-16 01:37:16.146 7 INFO cinder.api.openstack.wsgi [req-ec157fdd-fd2c-4927-a394-e97bad5b5a47 req-10faccaa-3df3-428b-beee-8f76aa60be7b d820dc69025e459489f1f963b7dcb981 6a2907b7dded4e32bb1f33dd1010ea75 - - default default] http://cinder-api.openstack.svc.cluster.local:8776/v3/6a2907b7dded4e32bb1f33dd1010ea75/attachments returned with HTTP 200 [pid: 7|app: 0|req: 460/921] 10.0.0.253 () {40 vars in 1057 bytes} [Thu Jul 16 01:37:16 2026] POST /v3/6a2907b7dded4e32bb1f33dd1010ea75/attachments => generated 273 bytes in 60 msecs (HTTP/1.1 200) 7 headers in 286 bytes (1 switches on core 0)
2026-07-16 01:37:17.064 8 INFO cinder.api.openstack.wsgi [req-ec157fdd-fd2c-4927-a394-e97bad5b5a47 req-d6ff4d0b-84a5-490f-83bc-574a5465b1c2 d820dc69025e459489f1f963b7dcb981 6a2907b7dded4e32bb1f33dd1010ea75 - - default default] GET http://cinder-api.openstack.svc.cluster.local:8776/
2026-07-16 01:37:17.065 8 INFO cinder.api.openstack.wsgi [req-ec157fdd-fd2c-4927-a394-e97bad5b5a47 req-d6ff4d0b-84a5-490f-83bc-574a5465b1c2 d820dc69025e459489f1f963b7dcb981 6a2907b7dded4e32bb1f33dd1010ea75 - - default default] http://cinder-api.openstack.svc.cluster.local:8776/ returned with HTTP 300 [pid: 8|app: 0|req: 462/922] 199.204.45.53 () {32 vars in 839 bytes} [Thu Jul 16 01:37:17 2026] GET / => generated 411 bytes in 2 msecs (HTTP/1.1 300) 5 headers in 169 bytes (1 switches on core 0) /var/lib/openstack/lib/python3.10/site-packages/pycadf/identifier.py:71: UserWarning: Invalid uuid: cinderv3. To ensure interoperability, identifiers should be a valid uuid. warnings.warn(('Invalid uuid: %s. To ensure interoperability, '
2026-07-16 01:37:17.077 7 INFO cinder.api.openstack.wsgi [req-ec157fdd-fd2c-4927-a394-e97bad5b5a47 req-28decc4c-b34e-4c48-abc2-896f9139e140 d820dc69025e459489f1f963b7dcb981 6a2907b7dded4e32bb1f33dd1010ea75 - - default default] GET http://cinder-api.openstack.svc.cluster.local:8776/v3/6a2907b7dded4e32bb1f33dd1010ea75/volumes/813b43e3-2bc5-48fb-b9db-a3604307d8a3 /var/lib/openstack/lib/python3.10/site-packages/oslo_context/context.py:100: DeprecationWarning: Policy enforcement is depending on the value of is_admin. This key is deprecated. Please update your policy file to use the standard policy values. warnings.warn('Policy enforcement is depending on the value of '
2026-07-16 01:37:17.094 7 INFO cinder.volume.api [req-ec157fdd-fd2c-4927-a394-e97bad5b5a47 req-28decc4c-b34e-4c48-abc2-896f9139e140 d820dc69025e459489f1f963b7dcb981 6a2907b7dded4e32bb1f33dd1010ea75 - - default default] Volume info retrieved successfully.
2026-07-16 01:37:17.099 7 INFO cinder.api.openstack.wsgi [req-ec157fdd-fd2c-4927-a394-e97bad5b5a47 req-28decc4c-b34e-4c48-abc2-896f9139e140 d820dc69025e459489f1f963b7dcb981 6a2907b7dded4e32bb1f33dd1010ea75 - - default default] http://cinder-api.openstack.svc.cluster.local:8776/v3/6a2907b7dded4e32bb1f33dd1010ea75/volumes/813b43e3-2bc5-48fb-b9db-a3604307d8a3 returned with HTTP 200 [pid: 7|app: 0|req: 461/923] 199.204.45.53 () {36 vars in 1072 bytes} [Thu Jul 16 01:37:17 2026] GET /v3/6a2907b7dded4e32bb1f33dd1010ea75/volumes/813b43e3-2bc5-48fb-b9db-a3604307d8a3 => generated 1608 bytes in 30 msecs (HTTP/1.1 200) 7 headers in 287 bytes (1 switches on core 0) /var/lib/openstack/lib/python3.10/site-packages/pycadf/identifier.py:71: UserWarning: Invalid uuid: cinderv3. To ensure interoperability, identifiers should be a valid uuid. warnings.warn(('Invalid uuid: %s. To ensure interoperability, '
2026-07-16 01:37:17.163 8 INFO cinder.api.openstack.wsgi [req-ec157fdd-fd2c-4927-a394-e97bad5b5a47 req-1a6a1110-4486-48b5-8e80-d8a1f62e2a73 d820dc69025e459489f1f963b7dcb981 6a2907b7dded4e32bb1f33dd1010ea75 - - default default] PUT http://cinder-api.openstack.svc.cluster.local:8776/v3/6a2907b7dded4e32bb1f33dd1010ea75/attachments/ec27ff22-6581-4849-9c16-0e652e345367 /var/lib/openstack/lib/python3.10/site-packages/oslo_context/context.py:100: DeprecationWarning: Policy enforcement is depending on the value of is_admin. This key is deprecated. Please update your policy file to use the standard policy values. warnings.warn('Policy enforcement is depending on the value of '
2026-07-16 01:37:17.763 8 INFO cinder.api.openstack.wsgi [req-ec157fdd-fd2c-4927-a394-e97bad5b5a47 req-1a6a1110-4486-48b5-8e80-d8a1f62e2a73 d820dc69025e459489f1f963b7dcb981 6a2907b7dded4e32bb1f33dd1010ea75 - - default default] http://cinder-api.openstack.svc.cluster.local:8776/v3/6a2907b7dded4e32bb1f33dd1010ea75/attachments/ec27ff22-6581-4849-9c16-0e652e345367 returned with HTTP 200 [pid: 8|app: 0|req: 463/924] 199.204.45.53 () {40 vars in 1133 bytes} [Thu Jul 16 01:37:17 2026] PUT /v3/6a2907b7dded4e32bb1f33dd1010ea75/attachments/ec27ff22-6581-4849-9c16-0e652e345367 => generated 775 bytes in 612 msecs (HTTP/1.1 200) 7 headers in 286 bytes (1 switches on core 0) /var/lib/openstack/lib/python3.10/site-packages/pycadf/identifier.py:71: UserWarning: Invalid uuid: cinderv3. To ensure interoperability, identifiers should be a valid uuid. warnings.warn(('Invalid uuid: %s. To ensure interoperability, '
2026-07-16 01:37:17.803 7 INFO cinder.api.openstack.wsgi [req-ec157fdd-fd2c-4927-a394-e97bad5b5a47 req-95abbcd8-dc50-4022-81e8-87b7cbabf498 d820dc69025e459489f1f963b7dcb981 6a2907b7dded4e32bb1f33dd1010ea75 - - default default] POST http://cinder-api.openstack.svc.cluster.local:8776/v3/6a2907b7dded4e32bb1f33dd1010ea75/attachments/ec27ff22-6581-4849-9c16-0e652e345367/action /var/lib/openstack/lib/python3.10/site-packages/oslo_context/context.py:100: DeprecationWarning: Policy enforcement is depending on the value of is_admin. This key is deprecated. Please update your policy file to use the standard policy values. warnings.warn('Policy enforcement is depending on the value of '
2026-07-16 01:37:17.829 7 INFO cinder.api.openstack.wsgi [req-ec157fdd-fd2c-4927-a394-e97bad5b5a47 req-95abbcd8-dc50-4022-81e8-87b7cbabf498 d820dc69025e459489f1f963b7dcb981 6a2907b7dded4e32bb1f33dd1010ea75 - - default default] http://cinder-api.openstack.svc.cluster.local:8776/v3/6a2907b7dded4e32bb1f33dd1010ea75/attachments/ec27ff22-6581-4849-9c16-0e652e345367/action returned with HTTP 204 [pid: 7|app: 0|req: 462/925] 199.204.45.53 () {40 vars in 1147 bytes} [Thu Jul 16 01:37:17 2026] POST /v3/6a2907b7dded4e32bb1f33dd1010ea75/attachments/ec27ff22-6581-4849-9c16-0e652e345367/action => generated 0 bytes in 34 msecs (HTTP/1.1 204) 7 headers in 292 bytes (1 switches on core 0)
2026-07-16 01:37:18.078 7 INFO cinder.api.openstack.wsgi [req-ec157fdd-fd2c-4927-a394-e97bad5b5a47 req-95abbcd8-dc50-4022-81e8-87b7cbabf498 d820dc69025e459489f1f963b7dcb981 6a2907b7dded4e32bb1f33dd1010ea75 - - default default] GET http://10.0.0.233:8776/
2026-07-16 01:37:18.079 8 INFO cinder.api.openstack.wsgi [req-ec157fdd-fd2c-4927-a394-e97bad5b5a47 req-1a6a1110-4486-48b5-8e80-d8a1f62e2a73 d820dc69025e459489f1f963b7dcb981 6a2907b7dded4e32bb1f33dd1010ea75 - - default default] GET http://10.0.0.233:8776/
2026-07-16 01:37:18.080 7 INFO cinder.api.openstack.wsgi [req-ec157fdd-fd2c-4927-a394-e97bad5b5a47 req-95abbcd8-dc50-4022-81e8-87b7cbabf498 d820dc69025e459489f1f963b7dcb981 6a2907b7dded4e32bb1f33dd1010ea75 - - default default] http://10.0.0.233:8776/ returned with HTTP 300
2026-07-16 01:37:18.080 8 INFO cinder.api.openstack.wsgi [req-ec157fdd-fd2c-4927-a394-e97bad5b5a47 req-1a6a1110-4486-48b5-8e80-d8a1f62e2a73 d820dc69025e459489f1f963b7dcb981 6a2907b7dded4e32bb1f33dd1010ea75 - - default default] http://10.0.0.233:8776/ returned with HTTP 300 /var/lib/openstack/lib/python3.10/site-packages/pycadf/identifier.py:71: UserWarning: Invalid uuid: cinderv3. To ensure interoperability, identifiers should be a valid uuid. warnings.warn(('Invalid uuid: %s. To ensure interoperability, '
2026-07-16 01:37:18.801 7 INFO cinder.api.openstack.wsgi [req-4eb234ee-8b91-49da-aa3c-00762509cb51 req-c8b7b9ca-0e82-4eb0-a1bd-1dca4e8b0476 d820dc69025e459489f1f963b7dcb981 6a2907b7dded4e32bb1f33dd1010ea75 - - default default] GET http://cinder-api.openstack.svc.cluster.local:8776/v3/6a2907b7dded4e32bb1f33dd1010ea75/volumes/813b43e3-2bc5-48fb-b9db-a3604307d8a3 /var/lib/openstack/lib/python3.10/site-packages/oslo_context/context.py:100: DeprecationWarning: Policy enforcement is depending on the value of is_admin. This key is deprecated. Please update your policy file to use the standard policy values. warnings.warn('Policy enforcement is depending on the value of '
2026-07-16 01:37:18.866 7 INFO cinder.volume.api [req-4eb234ee-8b91-49da-aa3c-00762509cb51 req-c8b7b9ca-0e82-4eb0-a1bd-1dca4e8b0476 d820dc69025e459489f1f963b7dcb981 6a2907b7dded4e32bb1f33dd1010ea75 - - default default] Volume info retrieved successfully.
2026-07-16 01:37:18.879 7 INFO cinder.api.openstack.wsgi [req-4eb234ee-8b91-49da-aa3c-00762509cb51 req-c8b7b9ca-0e82-4eb0-a1bd-1dca4e8b0476 d820dc69025e459489f1f963b7dcb981 6a2907b7dded4e32bb1f33dd1010ea75 - - default default] http://cinder-api.openstack.svc.cluster.local:8776/v3/6a2907b7dded4e32bb1f33dd1010ea75/volumes/813b43e3-2bc5-48fb-b9db-a3604307d8a3 returned with HTTP 200 [pid: 7|app: 0|req: 464/928] 199.204.45.53 () {32 vars in 824 bytes} [Thu Jul 16 01:37:18 2026] GET /v3/6a2907b7dded4e32bb1f33dd1010ea75/volumes/813b43e3-2bc5-48fb-b9db-a3604307d8a3 => generated 1787 bytes in 84 msecs (HTTP/1.1 200) 7 headers in 286 bytes (1 switches on core 0) /var/lib/openstack/lib/python3.10/site-packages/pycadf/identifier.py:71: UserWarning: Invalid uuid: cinderv3. To ensure interoperability, identifiers should be a valid uuid. warnings.warn(('Invalid uuid: %s. To ensure interoperability, '
2026-07-16 01:37:21.186 8 INFO cinder.api.openstack.wsgi [req-4eb234ee-8b91-49da-aa3c-00762509cb51 req-533f9232-1e70-4938-8ed8-ec98dd844889 d820dc69025e459489f1f963b7dcb981 6a2907b7dded4e32bb1f33dd1010ea75 - - default default] GET http://cinder-api.openstack.svc.cluster.local:8776/v3/6a2907b7dded4e32bb1f33dd1010ea75/volumes/813b43e3-2bc5-48fb-b9db-a3604307d8a3 /var/lib/openstack/lib/python3.10/site-packages/oslo_context/context.py:100: DeprecationWarning: Policy enforcement is depending on the value of is_admin. This key is deprecated. Please update your policy file to use the standard policy values. warnings.warn('Policy enforcement is depending on the value of '
2026-07-16 01:37:21.205 8 INFO cinder.volume.api [req-4eb234ee-8b91-49da-aa3c-00762509cb51 req-533f9232-1e70-4938-8ed8-ec98dd844889 d820dc69025e459489f1f963b7dcb981 6a2907b7dded4e32bb1f33dd1010ea75 - - default default] Volume info retrieved successfully.
2026-07-16 01:37:21.211 8 INFO cinder.api.openstack.wsgi [req-4eb234ee-8b91-49da-aa3c-00762509cb51 req-533f9232-1e70-4938-8ed8-ec98dd844889 d820dc69025e459489f1f963b7dcb981 6a2907b7dded4e32bb1f33dd1010ea75 - - default default] http://cinder-api.openstack.svc.cluster.local:8776/v3/6a2907b7dded4e32bb1f33dd1010ea75/volumes/813b43e3-2bc5-48fb-b9db-a3604307d8a3 returned with HTTP 200 [pid: 8|app: 0|req: 465/929] 199.204.45.53 () {32 vars in 824 bytes} [Thu Jul 16 01:37:21 2026] GET /v3/6a2907b7dded4e32bb1f33dd1010ea75/volumes/813b43e3-2bc5-48fb-b9db-a3604307d8a3 => generated 1787 bytes in 31 msecs (HTTP/1.1 200) 7 headers in 286 bytes (1 switches on core 0)
2026-07-16 01:37:28.078 7 INFO cinder.api.openstack.wsgi [req-4eb234ee-8b91-49da-aa3c-00762509cb51 req-c8b7b9ca-0e82-4eb0-a1bd-1dca4e8b0476 d820dc69025e459489f1f963b7dcb981 6a2907b7dded4e32bb1f33dd1010ea75 - - default default] GET http://10.0.0.233:8776/
2026-07-16 01:37:28.078 8 INFO cinder.api.openstack.wsgi [req-4eb234ee-8b91-49da-aa3c-00762509cb51 req-533f9232-1e70-4938-8ed8-ec98dd844889 d820dc69025e459489f1f963b7dcb981 6a2907b7dded4e32bb1f33dd1010ea75 - - default default] GET http://10.0.0.233:8776/
2026-07-16 01:37:28.079 7 INFO cinder.api.openstack.wsgi [req-4eb234ee-8b91-49da-aa3c-00762509cb51 req-c8b7b9ca-0e82-4eb0-a1bd-1dca4e8b0476 d820dc69025e459489f1f963b7dcb981 6a2907b7dded4e32bb1f33dd1010ea75 - - default default] http://10.0.0.233:8776/ returned with HTTP 300
2026-07-16 01:37:28.080 8 INFO cinder.api.openstack.wsgi [req-4eb234ee-8b91-49da-aa3c-00762509cb51 req-533f9232-1e70-4938-8ed8-ec98dd844889 d820dc69025e459489f1f963b7dcb981 6a2907b7dded4e32bb1f33dd1010ea75 - - default default] http://10.0.0.233:8776/ returned with HTTP 300
2026-07-16 01:37:38.079 8 INFO cinder.api.openstack.wsgi [req-4eb234ee-8b91-49da-aa3c-00762509cb51 req-533f9232-1e70-4938-8ed8-ec98dd844889 d820dc69025e459489f1f963b7dcb981 6a2907b7dded4e32bb1f33dd1010ea75 - - default default] GET http://10.0.0.233:8776/
2026-07-16 01:37:38.079 7 INFO cinder.api.openstack.wsgi [req-4eb234ee-8b91-49da-aa3c-00762509cb51 req-c8b7b9ca-0e82-4eb0-a1bd-1dca4e8b0476 d820dc69025e459489f1f963b7dcb981 6a2907b7dded4e32bb1f33dd1010ea75 - - default default] GET http://10.0.0.233:8776/
2026-07-16 01:37:38.080 8 INFO cinder.api.openstack.wsgi [req-4eb234ee-8b91-49da-aa3c-00762509cb51 req-533f9232-1e70-4938-8ed8-ec98dd844889 d820dc69025e459489f1f963b7dcb981 6a2907b7dded4e32bb1f33dd1010ea75 - - default default] http://10.0.0.233:8776/ returned with HTTP 300
2026-07-16 01:37:38.080 7 INFO cinder.api.openstack.wsgi [req-4eb234ee-8b91-49da-aa3c-00762509cb51 req-c8b7b9ca-0e82-4eb0-a1bd-1dca4e8b0476 d820dc69025e459489f1f963b7dcb981 6a2907b7dded4e32bb1f33dd1010ea75 - - default default] http://10.0.0.233:8776/ returned with HTTP 300
2026-07-16 01:37:48.078 8 INFO cinder.api.openstack.wsgi [req-4eb234ee-8b91-49da-aa3c-00762509cb51 req-533f9232-1e70-4938-8ed8-ec98dd844889 d820dc69025e459489f1f963b7dcb981 6a2907b7dded4e32bb1f33dd1010ea75 - - default default] GET http://10.0.0.233:8776/
2026-07-16 01:37:48.079 7 INFO cinder.api.openstack.wsgi [req-4eb234ee-8b91-49da-aa3c-00762509cb51 req-c8b7b9ca-0e82-4eb0-a1bd-1dca4e8b0476 d820dc69025e459489f1f963b7dcb981 6a2907b7dded4e32bb1f33dd1010ea75 - - default default] GET http://10.0.0.233:8776/
2026-07-16 01:37:48.080 7 INFO cinder.api.openstack.wsgi [req-4eb234ee-8b91-49da-aa3c-00762509cb51 req-c8b7b9ca-0e82-4eb0-a1bd-1dca4e8b0476 d820dc69025e459489f1f963b7dcb981 6a2907b7dded4e32bb1f33dd1010ea75 - - default default] http://10.0.0.233:8776/ returned with HTTP 300
2026-07-16 01:37:48.080 8 INFO cinder.api.openstack.wsgi [req-4eb234ee-8b91-49da-aa3c-00762509cb51 req-533f9232-1e70-4938-8ed8-ec98dd844889 d820dc69025e459489f1f963b7dcb981 6a2907b7dded4e32bb1f33dd1010ea75 - - default default] http://10.0.0.233:8776/ returned with HTTP 300 /var/lib/openstack/lib/python3.10/site-packages/pycadf/identifier.py:71: UserWarning: Invalid uuid: cinderv3. To ensure interoperability, identifiers should be a valid uuid. warnings.warn(('Invalid uuid: %s. To ensure interoperability, '
2026-07-16 01:37:49.365 7 INFO cinder.api.openstack.wsgi [None req-98054e56-96d6-4b18-8f20-8e307884c670 d820dc69025e459489f1f963b7dcb981 6a2907b7dded4e32bb1f33dd1010ea75 - - default default] GET http://cinder-api.openstack.svc.cluster.local:8776/v3/6a2907b7dded4e32bb1f33dd1010ea75/volumes/detail?all_tenants=true
2026-07-16 01:37:49.389 7 INFO cinder.volume.api [None req-98054e56-96d6-4b18-8f20-8e307884c670 d820dc69025e459489f1f963b7dcb981 6a2907b7dded4e32bb1f33dd1010ea75 - - default default] Get all volumes completed successfully. /var/lib/openstack/lib/python3.10/site-packages/oslo_context/context.py:100: DeprecationWarning: Policy enforcement is depending on the value of is_admin. This key is deprecated. Please update your policy file to use the standard policy values. warnings.warn('Policy enforcement is depending on the value of '
2026-07-16 01:37:49.396 7 INFO cinder.api.openstack.wsgi [None req-98054e56-96d6-4b18-8f20-8e307884c670 d820dc69025e459489f1f963b7dcb981 6a2907b7dded4e32bb1f33dd1010ea75 - - default default] http://cinder-api.openstack.svc.cluster.local:8776/v3/6a2907b7dded4e32bb1f33dd1010ea75/volumes/detail?all_tenants=true returned with HTTP 200 [pid: 7|app: 0|req: 468/936] 10.0.0.198 () {28 vars in 684 bytes} [Thu Jul 16 01:37:49 2026] GET /v3/6a2907b7dded4e32bb1f33dd1010ea75/volumes/detail?all_tenants=true => generated 1790 bytes in 270 msecs (HTTP/1.1 200) 7 headers in 286 bytes (1 switches on core 0) /var/lib/openstack/lib/python3.10/site-packages/pycadf/identifier.py:71: UserWarning: Invalid uuid: cinderv3. To ensure interoperability, identifiers should be a valid uuid. warnings.warn(('Invalid uuid: %s. To ensure interoperability, '
2026-07-16 01:37:49.410 8 INFO cinder.api.openstack.wsgi [None req-3ed3c009-5b77-4244-97a9-24a9a98f5c63 d820dc69025e459489f1f963b7dcb981 6a2907b7dded4e32bb1f33dd1010ea75 - - default default] GET http://cinder-api.openstack.svc.cluster.local:8776/v3/6a2907b7dded4e32bb1f33dd1010ea75/scheduler-stats/get_pools?detail=true
2026-07-16 01:37:49.426 8 INFO cinder.api.openstack.wsgi [None req-3ed3c009-5b77-4244-97a9-24a9a98f5c63 d820dc69025e459489f1f963b7dcb981 6a2907b7dded4e32bb1f33dd1010ea75 - - default default] http://cinder-api.openstack.svc.cluster.local:8776/v3/6a2907b7dded4e32bb1f33dd1010ea75/scheduler-stats/get_pools?detail=true returned with HTTP 200 [pid: 8|app: 0|req: 469/937] 10.0.0.198 () {28 vars in 696 bytes} [Thu Jul 16 01:37:49 2026] GET /v3/6a2907b7dded4e32bb1f33dd1010ea75/scheduler-stats/get_pools?detail=true => generated 671 bytes in 26 msecs (HTTP/1.1 200) 7 headers in 285 bytes (1 switches on core 0) /var/lib/openstack/lib/python3.10/site-packages/pycadf/identifier.py:71: UserWarning: Invalid uuid: cinderv3. To ensure interoperability, identifiers should be a valid uuid. warnings.warn(('Invalid uuid: %s. To ensure interoperability, '
2026-07-16 01:37:49.437 7 INFO cinder.api.openstack.wsgi [None req-a589c1b0-dfe7-48c5-83d7-e9c0cedb0124 d820dc69025e459489f1f963b7dcb981 6a2907b7dded4e32bb1f33dd1010ea75 - - default default] GET http://cinder-api.openstack.svc.cluster.local:8776/v3/6a2907b7dded4e32bb1f33dd1010ea75/volumes/detail?all_tenants=true
2026-07-16 01:37:49.455 7 INFO cinder.volume.api [None req-a589c1b0-dfe7-48c5-83d7-e9c0cedb0124 d820dc69025e459489f1f963b7dcb981 6a2907b7dded4e32bb1f33dd1010ea75 - - default default] Get all volumes completed successfully. /var/lib/openstack/lib/python3.10/site-packages/oslo_context/context.py:100: DeprecationWarning: Policy enforcement is depending on the value of is_admin. This key is deprecated. Please update your policy file to use the standard policy values. warnings.warn('Policy enforcement is depending on the value of '
2026-07-16 01:37:49.461 7 INFO cinder.api.openstack.wsgi [None req-a589c1b0-dfe7-48c5-83d7-e9c0cedb0124 d820dc69025e459489f1f963b7dcb981 6a2907b7dded4e32bb1f33dd1010ea75 - - default default] http://cinder-api.openstack.svc.cluster.local:8776/v3/6a2907b7dded4e32bb1f33dd1010ea75/volumes/detail?all_tenants=true returned with HTTP 200 [pid: 7|app: 0|req: 469/938] 10.0.0.198 () {28 vars in 684 bytes} [Thu Jul 16 01:37:49 2026] GET /v3/6a2907b7dded4e32bb1f33dd1010ea75/volumes/detail?all_tenants=true => generated 1790 bytes in 30 msecs (HTTP/1.1 200) 7 headers in 286 bytes (1 switches on core 0)
2026-07-16 01:37:49.571 8 INFO cinder.api.openstack.wsgi [None req-1edb27bb-decc-463b-a595-5b4c8ebbdcba d820dc69025e459489f1f963b7dcb981 6a2907b7dded4e32bb1f33dd1010ea75 - - default default] GET http://cinder-api.openstack.svc.cluster.local:8776/v3/6a2907b7dded4e32bb1f33dd1010ea75/os-quota-sets/00d0712fd9944d848da6592467c31e34?usage=true
2026-07-16 01:37:49.602 8 INFO cinder.api.openstack.wsgi [None req-1edb27bb-decc-463b-a595-5b4c8ebbdcba d820dc69025e459489f1f963b7dcb981 6a2907b7dded4e32bb1f33dd1010ea75 - - default default] http://cinder-api.openstack.svc.cluster.local:8776/v3/6a2907b7dded4e32bb1f33dd1010ea75/os-quota-sets/00d0712fd9944d848da6592467c31e34?usage=true returned with HTTP 200 [pid: 8|app: 0|req: 470/939] 10.0.0.198 () {28 vars in 736 bytes} [Thu Jul 16 01:37:49 2026] GET /v3/6a2907b7dded4e32bb1f33dd1010ea75/os-quota-sets/00d0712fd9944d848da6592467c31e34?usage=true => generated 847 bytes in 38 msecs (HTTP/1.1 200) 7 headers in 285 bytes (1 switches on core 0) /var/lib/openstack/lib/python3.10/site-packages/pycadf/identifier.py:71: UserWarning: Invalid uuid: cinderv3. To ensure interoperability, identifiers should be a valid uuid. warnings.warn(('Invalid uuid: %s. To ensure interoperability, '
2026-07-16 01:37:49.619 7 INFO cinder.api.openstack.wsgi [None req-35b82ead-53cb-4bf9-821f-c68615e1e1c9 d820dc69025e459489f1f963b7dcb981 6a2907b7dded4e32bb1f33dd1010ea75 - - default default] GET http://cinder-api.openstack.svc.cluster.local:8776/v3/6a2907b7dded4e32bb1f33dd1010ea75/os-quota-sets/05c4612a87a44378a127df544cd108f9?usage=true
2026-07-16 01:37:49.646 7 INFO cinder.api.openstack.wsgi [None req-35b82ead-53cb-4bf9-821f-c68615e1e1c9 d820dc69025e459489f1f963b7dcb981 6a2907b7dded4e32bb1f33dd1010ea75 - - default default] http://cinder-api.openstack.svc.cluster.local:8776/v3/6a2907b7dded4e32bb1f33dd1010ea75/os-quota-sets/05c4612a87a44378a127df544cd108f9?usage=true returned with HTTP 200 [pid: 7|app: 0|req: 470/940] 10.0.0.198 () {28 vars in 736 bytes} [Thu Jul 16 01:37:49 2026] GET /v3/6a2907b7dded4e32bb1f33dd1010ea75/os-quota-sets/05c4612a87a44378a127df544cd108f9?usage=true => generated 847 bytes in 37 msecs (HTTP/1.1 200) 7 headers in 285 bytes (1 switches on core 0)
2026-07-16 01:37:49.660 8 INFO cinder.api.openstack.wsgi [None req-f0fad610-904c-49aa-964b-f0f813325821 d820dc69025e459489f1f963b7dcb981 6a2907b7dded4e32bb1f33dd1010ea75 - - default default] GET http://cinder-api.openstack.svc.cluster.local:8776/v3/6a2907b7dded4e32bb1f33dd1010ea75/os-quota-sets/2efe9337cca445cd946eac12ceda5f41?usage=true
2026-07-16 01:37:49.698 8 INFO cinder.api.openstack.wsgi [None req-f0fad610-904c-49aa-964b-f0f813325821 d820dc69025e459489f1f963b7dcb981 6a2907b7dded4e32bb1f33dd1010ea75 - - default default] http://cinder-api.openstack.svc.cluster.local:8776/v3/6a2907b7dded4e32bb1f33dd1010ea75/os-quota-sets/2efe9337cca445cd946eac12ceda5f41?usage=true returned with HTTP 200 [pid: 8|app: 0|req: 471/941] 10.0.0.198 () {28 vars in 736 bytes} [Thu Jul 16 01:37:49 2026] GET /v3/6a2907b7dded4e32bb1f33dd1010ea75/os-quota-sets/2efe9337cca445cd946eac12ceda5f41?usage=true => generated 847 bytes in 49 msecs (HTTP/1.1 200) 7 headers in 285 bytes (1 switches on core 0)
2026-07-16 01:37:49.714 7 INFO cinder.api.openstack.wsgi [None req-7db5133c-8429-4147-a49b-7f218ed3b4ad d820dc69025e459489f1f963b7dcb981 6a2907b7dded4e32bb1f33dd1010ea75 - - default default] GET http://cinder-api.openstack.svc.cluster.local:8776/v3/6a2907b7dded4e32bb1f33dd1010ea75/os-quota-sets/6a2907b7dded4e32bb1f33dd1010ea75?usage=true
2026-07-16 01:37:49.741 7 INFO cinder.api.openstack.wsgi [None req-7db5133c-8429-4147-a49b-7f218ed3b4ad d820dc69025e459489f1f963b7dcb981 6a2907b7dded4e32bb1f33dd1010ea75 - - default default] http://cinder-api.openstack.svc.cluster.local:8776/v3/6a2907b7dded4e32bb1f33dd1010ea75/os-quota-sets/6a2907b7dded4e32bb1f33dd1010ea75?usage=true returned with HTTP 200 [pid: 7|app: 0|req: 471/942] 10.0.0.198 () {28 vars in 736 bytes} [Thu Jul 16 01:37:49 2026] GET /v3/6a2907b7dded4e32bb1f33dd1010ea75/os-quota-sets/6a2907b7dded4e32bb1f33dd1010ea75?usage=true => generated 847 bytes in 34 msecs (HTTP/1.1 200) 7 headers in 285 bytes (1 switches on core 0)
2026-07-16 01:37:49.756 8 INFO cinder.api.openstack.wsgi [None req-6f36fec1-52f4-402d-ba25-96f8c64fa4f8 d820dc69025e459489f1f963b7dcb981 6a2907b7dded4e32bb1f33dd1010ea75 - - default default] GET http://cinder-api.openstack.svc.cluster.local:8776/v3/6a2907b7dded4e32bb1f33dd1010ea75/os-quota-sets/80b3cbf551f74233afb70fd3dc27f2e2?usage=true
2026-07-16 01:37:49.794 8 INFO cinder.api.openstack.wsgi [None req-6f36fec1-52f4-402d-ba25-96f8c64fa4f8 d820dc69025e459489f1f963b7dcb981 6a2907b7dded4e32bb1f33dd1010ea75 - - default default] http://cinder-api.openstack.svc.cluster.local:8776/v3/6a2907b7dded4e32bb1f33dd1010ea75/os-quota-sets/80b3cbf551f74233afb70fd3dc27f2e2?usage=true returned with HTTP 200 [pid: 8|app: 0|req: 472/943] 10.0.0.198 () {28 vars in 736 bytes} [Thu Jul 16 01:37:49 2026] GET /v3/6a2907b7dded4e32bb1f33dd1010ea75/os-quota-sets/80b3cbf551f74233afb70fd3dc27f2e2?usage=true => generated 847 bytes in 53 msecs (HTTP/1.1 200) 7 headers in 285 bytes (1 switches on core 0)
2026-07-16 01:37:49.808 7 INFO cinder.api.openstack.wsgi [None req-a8a5fce9-3645-474a-b639-cb9c8741736a d820dc69025e459489f1f963b7dcb981 6a2907b7dded4e32bb1f33dd1010ea75 - - default default] GET http://cinder-api.openstack.svc.cluster.local:8776/v3/6a2907b7dded4e32bb1f33dd1010ea75/os-quota-sets/88e3f3c288374dd7b4ac4567cfc2568d?usage=true
2026-07-16 01:37:49.830 7 INFO cinder.api.openstack.wsgi [None req-a8a5fce9-3645-474a-b639-cb9c8741736a d820dc69025e459489f1f963b7dcb981 6a2907b7dded4e32bb1f33dd1010ea75 - - default default] http://cinder-api.openstack.svc.cluster.local:8776/v3/6a2907b7dded4e32bb1f33dd1010ea75/os-quota-sets/88e3f3c288374dd7b4ac4567cfc2568d?usage=true returned with HTTP 200 [pid: 7|app: 0|req: 472/944] 10.0.0.198 () {28 vars in 736 bytes} [Thu Jul 16 01:37:49 2026] GET /v3/6a2907b7dded4e32bb1f33dd1010ea75/os-quota-sets/88e3f3c288374dd7b4ac4567cfc2568d?usage=true => generated 847 bytes in 27 msecs (HTTP/1.1 200) 7 headers in 285 bytes (1 switches on core 0)
2026-07-16 01:37:49.844 8 INFO cinder.api.openstack.wsgi [None req-0322661a-7f67-43ba-aba1-5d133309d31c d820dc69025e459489f1f963b7dcb981 6a2907b7dded4e32bb1f33dd1010ea75 - - default default] GET http://cinder-api.openstack.svc.cluster.local:8776/v3/6a2907b7dded4e32bb1f33dd1010ea75/os-quota-sets/a36ee3e9eb50434c8ec94eb81ee851c9?usage=true
2026-07-16 01:37:49.870 8 INFO cinder.api.openstack.wsgi [None req-0322661a-7f67-43ba-aba1-5d133309d31c d820dc69025e459489f1f963b7dcb981 6a2907b7dded4e32bb1f33dd1010ea75 - - default default] http://cinder-api.openstack.svc.cluster.local:8776/v3/6a2907b7dded4e32bb1f33dd1010ea75/os-quota-sets/a36ee3e9eb50434c8ec94eb81ee851c9?usage=true returned with HTTP 200 [pid: 8|app: 0|req: 473/945] 10.0.0.198 () {28 vars in 736 bytes} [Thu Jul 16 01:37:49 2026] GET /v3/6a2907b7dded4e32bb1f33dd1010ea75/os-quota-sets/a36ee3e9eb50434c8ec94eb81ee851c9?usage=true => generated 847 bytes in 35 msecs (HTTP/1.1 200) 7 headers in 285 bytes (1 switches on core 0)
2026-07-16 01:37:49.880 7 INFO cinder.api.openstack.wsgi [None req-e40938d8-4320-44e8-97ee-33a2a73bae08 d820dc69025e459489f1f963b7dcb981 6a2907b7dded4e32bb1f33dd1010ea75 - - default default] GET http://cinder-api.openstack.svc.cluster.local:8776/v3/6a2907b7dded4e32bb1f33dd1010ea75/os-quota-sets/a3fbab6865fa4b2484296171ba35ac2b?usage=true
2026-07-16 01:37:49.902 7 INFO cinder.api.openstack.wsgi [None req-e40938d8-4320-44e8-97ee-33a2a73bae08 d820dc69025e459489f1f963b7dcb981 6a2907b7dded4e32bb1f33dd1010ea75 - - default default] http://cinder-api.openstack.svc.cluster.local:8776/v3/6a2907b7dded4e32bb1f33dd1010ea75/os-quota-sets/a3fbab6865fa4b2484296171ba35ac2b?usage=true returned with HTTP 200 [pid: 7|app: 0|req: 473/946] 10.0.0.198 () {28 vars in 736 bytes} [Thu Jul 16 01:37:49 2026] GET /v3/6a2907b7dded4e32bb1f33dd1010ea75/os-quota-sets/a3fbab6865fa4b2484296171ba35ac2b?usage=true => generated 847 bytes in 27 msecs (HTTP/1.1 200) 7 headers in 285 bytes (1 switches on core 0)
2026-07-16 01:37:49.914 8 INFO cinder.api.openstack.wsgi [None req-16192fa4-55d0-4753-9e82-5c1d809ac058 d820dc69025e459489f1f963b7dcb981 6a2907b7dded4e32bb1f33dd1010ea75 - - default default] GET http://cinder-api.openstack.svc.cluster.local:8776/v3/6a2907b7dded4e32bb1f33dd1010ea75/os-quota-sets/bddf8de969774b3bbb48bd698541de3e?usage=true
2026-07-16 01:37:49.937 8 INFO cinder.api.openstack.wsgi [None req-16192fa4-55d0-4753-9e82-5c1d809ac058 d820dc69025e459489f1f963b7dcb981 6a2907b7dded4e32bb1f33dd1010ea75 - - default default] http://cinder-api.openstack.svc.cluster.local:8776/v3/6a2907b7dded4e32bb1f33dd1010ea75/os-quota-sets/bddf8de969774b3bbb48bd698541de3e?usage=true returned with HTTP 200 [pid: 8|app: 0|req: 474/947] 10.0.0.198 () {28 vars in 736 bytes} [Thu Jul 16 01:37:49 2026] GET /v3/6a2907b7dded4e32bb1f33dd1010ea75/os-quota-sets/bddf8de969774b3bbb48bd698541de3e?usage=true => generated 845 bytes in 33 msecs (HTTP/1.1 200) 7 headers in 285 bytes (1 switches on core 0)
2026-07-16 01:37:49.946 7 INFO cinder.api.openstack.wsgi [None req-19e2d286-3581-4f95-9933-845c39624cb9 d820dc69025e459489f1f963b7dcb981 6a2907b7dded4e32bb1f33dd1010ea75 - - default default] GET http://cinder-api.openstack.svc.cluster.local:8776/v3/6a2907b7dded4e32bb1f33dd1010ea75/os-quota-sets/c184d98c4af542bf830f14b86e2efb99?usage=true
2026-07-16 01:37:49.969 7 INFO cinder.api.openstack.wsgi [None req-19e2d286-3581-4f95-9933-845c39624cb9 d820dc69025e459489f1f963b7dcb981 6a2907b7dded4e32bb1f33dd1010ea75 - - default default] http://cinder-api.openstack.svc.cluster.local:8776/v3/6a2907b7dded4e32bb1f33dd1010ea75/os-quota-sets/c184d98c4af542bf830f14b86e2efb99?usage=true returned with HTTP 200 [pid: 7|app: 0|req: 474/948] 10.0.0.198 () {28 vars in 736 bytes} [Thu Jul 16 01:37:49 2026] GET /v3/6a2907b7dded4e32bb1f33dd1010ea75/os-quota-sets/c184d98c4af542bf830f14b86e2efb99?usage=true => generated 847 bytes in 28 msecs (HTTP/1.1 200) 7 headers in 285 bytes (1 switches on core 0)
2026-07-16 01:37:49.982 8 INFO cinder.api.openstack.wsgi [None req-f030c240-6850-421e-8b55-e63b92ed3475 d820dc69025e459489f1f963b7dcb981 6a2907b7dded4e32bb1f33dd1010ea75 - - default default] GET http://cinder-api.openstack.svc.cluster.local:8776/v3/6a2907b7dded4e32bb1f33dd1010ea75/os-quota-sets/dbc8b68199004e0a96d8e93a15709265?usage=true
2026-07-16 01:37:50.008 8 INFO cinder.api.openstack.wsgi [None req-f030c240-6850-421e-8b55-e63b92ed3475 d820dc69025e459489f1f963b7dcb981 6a2907b7dded4e32bb1f33dd1010ea75 - - default default] http://cinder-api.openstack.svc.cluster.local:8776/v3/6a2907b7dded4e32bb1f33dd1010ea75/os-quota-sets/dbc8b68199004e0a96d8e93a15709265?usage=true returned with HTTP 200 [pid: 8|app: 0|req: 475/949] 10.0.0.198 () {28 vars in 736 bytes} [Thu Jul 16 01:37:49 2026] GET /v3/6a2907b7dded4e32bb1f33dd1010ea75/os-quota-sets/dbc8b68199004e0a96d8e93a15709265?usage=true => generated 847 bytes in 36 msecs (HTTP/1.1 200) 7 headers in 285 bytes (1 switches on core 0)
2026-07-16 01:37:50.018 7 INFO cinder.api.openstack.wsgi [None req-e6f07985-bbec-4a89-b0d6-cbfb97815a43 d820dc69025e459489f1f963b7dcb981 6a2907b7dded4e32bb1f33dd1010ea75 - - default default] GET http://cinder-api.openstack.svc.cluster.local:8776/v3/6a2907b7dded4e32bb1f33dd1010ea75/os-quota-sets/ea5b15427f0e48d7a9552d5452e479c5?usage=true
2026-07-16 01:37:50.047 7 INFO cinder.api.openstack.wsgi [None req-e6f07985-bbec-4a89-b0d6-cbfb97815a43 d820dc69025e459489f1f963b7dcb981 6a2907b7dded4e32bb1f33dd1010ea75 - - default default] http://cinder-api.openstack.svc.cluster.local:8776/v3/6a2907b7dded4e32bb1f33dd1010ea75/os-quota-sets/ea5b15427f0e48d7a9552d5452e479c5?usage=true returned with HTTP 200 [pid: 7|app: 0|req: 475/950] 10.0.0.198 () {28 vars in 736 bytes} [Thu Jul 16 01:37:50 2026] GET /v3/6a2907b7dded4e32bb1f33dd1010ea75/os-quota-sets/ea5b15427f0e48d7a9552d5452e479c5?usage=true => generated 847 bytes in 35 msecs (HTTP/1.1 200) 7 headers in 285 bytes (1 switches on core 0)
2026-07-16 01:37:50.061 8 INFO cinder.api.openstack.wsgi [None req-5f226b59-32da-458b-bf75-76a8c23b2cfc d820dc69025e459489f1f963b7dcb981 6a2907b7dded4e32bb1f33dd1010ea75 - - default default] GET http://cinder-api.openstack.svc.cluster.local:8776/v3/6a2907b7dded4e32bb1f33dd1010ea75/os-quota-sets/ee201262498647a0a1e34d74437746f2?usage=true
2026-07-16 01:37:50.086 8 INFO cinder.api.openstack.wsgi [None req-5f226b59-32da-458b-bf75-76a8c23b2cfc d820dc69025e459489f1f963b7dcb981 6a2907b7dded4e32bb1f33dd1010ea75 - - default default] http://cinder-api.openstack.svc.cluster.local:8776/v3/6a2907b7dded4e32bb1f33dd1010ea75/os-quota-sets/ee201262498647a0a1e34d74437746f2?usage=true returned with HTTP 200 [pid: 8|app: 0|req: 476/951] 10.0.0.198 () {28 vars in 736 bytes} [Thu Jul 16 01:37:50 2026] GET /v3/6a2907b7dded4e32bb1f33dd1010ea75/os-quota-sets/ee201262498647a0a1e34d74437746f2?usage=true => generated 847 bytes in 35 msecs (HTTP/1.1 200) 7 headers in 285 bytes (1 switches on core 0)
2026-07-16 01:37:50.100 7 INFO cinder.api.openstack.wsgi [None req-fe7c7a87-0bd7-46dd-b6de-57e68d1df582 d820dc69025e459489f1f963b7dcb981 6a2907b7dded4e32bb1f33dd1010ea75 - - default default] GET http://cinder-api.openstack.svc.cluster.local:8776/v3/6a2907b7dded4e32bb1f33dd1010ea75/snapshots?all_tenants=true
2026-07-16 01:37:50.107 7 INFO cinder.volume.api [None req-fe7c7a87-0bd7-46dd-b6de-57e68d1df582 d820dc69025e459489f1f963b7dcb981 6a2907b7dded4e32bb1f33dd1010ea75 - - default default] Get all snapshots completed successfully.
2026-07-16 01:37:50.108 7 INFO cinder.api.openstack.wsgi [None req-fe7c7a87-0bd7-46dd-b6de-57e68d1df582 d820dc69025e459489f1f963b7dcb981 6a2907b7dded4e32bb1f33dd1010ea75 - - default default] http://cinder-api.openstack.svc.cluster.local:8776/v3/6a2907b7dded4e32bb1f33dd1010ea75/snapshots?all_tenants=true returned with HTTP 200 [pid: 7|app: 0|req: 476/952] 10.0.0.198 () {28 vars in 674 bytes} [Thu Jul 16 01:37:50 2026] GET /v3/6a2907b7dded4e32bb1f33dd1010ea75/snapshots?all_tenants=true => generated 17 bytes in 17 msecs (HTTP/1.1 200) 7 headers in 284 bytes (1 switches on core 0)
2026-07-16 01:37:50.120 8 INFO cinder.api.openstack.wsgi [None req-dcbb1cf7-0c3f-43dd-a482-d0de2e10d9ef d820dc69025e459489f1f963b7dcb981 6a2907b7dded4e32bb1f33dd1010ea75 - - default default] GET http://cinder-api.openstack.svc.cluster.local:8776/v3/6a2907b7dded4e32bb1f33dd1010ea75/os-services
2026-07-16 01:37:50.126 8 INFO cinder.api.openstack.wsgi [None req-dcbb1cf7-0c3f-43dd-a482-d0de2e10d9ef d820dc69025e459489f1f963b7dcb981 6a2907b7dded4e32bb1f33dd1010ea75 - - default default] http://cinder-api.openstack.svc.cluster.local:8776/v3/6a2907b7dded4e32bb1f33dd1010ea75/os-services returned with HTTP 200 [pid: 8|app: 0|req: 477/953] 10.0.0.198 () {28 vars in 645 bytes} [Thu Jul 16 01:37:50 2026] GET /v3/6a2907b7dded4e32bb1f33dd1010ea75/os-services => generated 646 bytes in 14 msecs (HTTP/1.1 200) 7 headers in 285 bytes (1 switches on core 0)
2026-07-16 01:37:58.078 8 INFO cinder.api.openstack.wsgi [None req-dcbb1cf7-0c3f-43dd-a482-d0de2e10d9ef d820dc69025e459489f1f963b7dcb981 6a2907b7dded4e32bb1f33dd1010ea75 - - default default] GET http://10.0.0.233:8776/
2026-07-16 01:37:58.078 7 INFO cinder.api.openstack.wsgi [None req-fe7c7a87-0bd7-46dd-b6de-57e68d1df582 d820dc69025e459489f1f963b7dcb981 6a2907b7dded4e32bb1f33dd1010ea75 - - default default] GET http://10.0.0.233:8776/
2026-07-16 01:37:58.079 8 INFO cinder.api.openstack.wsgi [None req-dcbb1cf7-0c3f-43dd-a482-d0de2e10d9ef d820dc69025e459489f1f963b7dcb981 6a2907b7dded4e32bb1f33dd1010ea75 - - default default] http://10.0.0.233:8776/ returned with HTTP 300
2026-07-16 01:37:58.079 7 INFO cinder.api.openstack.wsgi [None req-fe7c7a87-0bd7-46dd-b6de-57e68d1df582 d820dc69025e459489f1f963b7dcb981 6a2907b7dded4e32bb1f33dd1010ea75 - - default default] http://10.0.0.233:8776/ returned with HTTP 300
2026-07-16 01:38:08.078 8 INFO cinder.api.openstack.wsgi [None req-dcbb1cf7-0c3f-43dd-a482-d0de2e10d9ef d820dc69025e459489f1f963b7dcb981 6a2907b7dded4e32bb1f33dd1010ea75 - - default default] GET http://10.0.0.233:8776/
